181.50.241.109 - - [24/Jan/2015:18:52:12 -0500] "POST /forms/lservlet;jsessionid=ac16012b30d5f4158fd8302e4190874cba71654cc2bf.e3iSbxaKaheRe38RbNmLa3mSc41ynknvrkLOlQzNp65In0 HTTP/1.1" 200 2
181.133.14.171 - - [24/Jan/2015:18:52:15 -0500] "GET /crossdomain.xml HTTP/1.1" 404 1280
181.133.14.171 - - [24/Jan/2015:18:52:15 -0500] "GET /arcgis/services/Calidad_del_Agua_WQI/MapServer/WMSServer?STYLES=&WIDTH=1024&LAYERS=3%2C4%2C5%2C6%2C7&BBOX=%2D74%2E08084419436499%2C4%2E591283787577811%2C%2D74%2E07962591033%2C4%2E5920773378232544&HEIGHT=667&SERVICE=WMS&FORMAT=image%2Fpng&SRS=EPSG%3A4686&REQUEST=GetMap&TRANSPARENT=TRUE&VERSION=1%2E1%2E1 HTTP/1.1" 200 4277
181.133.14.171 - - [24/Jan/2015:18:52:24 -0500] "GET /arcgis/services/Calidad_del_Agua_WQI/MapServer/WMSServer?STYLES=&WIDTH=1024&LAYERS=3%2C4%2C5%2C6%2C7&BBOX=%2D74%2E08055009522884%2C4%2E591027410698414%2C%2D74%2E07933181119385%2C4%2E591820960943858&HEIGHT=667&SERVICE=WMS&FORMAT=image%2Fpng&SRS=EPSG%3A4686&REQUEST=GetMap&TRANSPARENT=TRUE&VERSION=1%2E1%2E1 HTTP/1.1" 200 4277
181.133.14.171 - - [24/Jan/2015:18:52:26 -0500] "GET /crossdomain.xml HTTP/1.1" 404 1280
181.133.14.171 - - [24/Jan/2015:18:52:27 -0500] "GET /arcgis/services/Calidad_del_Agua_WQI/MapServer/WMSServer?STYLES=&WIDTH=1024&LAYERS=3%2C4%2C5%2C6%2C7&BBOX=%2D74%2E08027986784482%2C4%2E590930391036437%2C%2D74%2E07906158380983%2C4%2E591723941281881&HEIGHT=667&SERVICE=WMS&FORMAT=image%2Fpng&SRS=EPSG%3A4686&REQUEST=GetMap&TRANSPARENT=TRUE&VERSION=1%2E1%2E1 HTTP/1.1" 200 4277
181.133.14.171 - - [24/Jan/2015:18:52:34 -0500] "GET /arcgis/services/Calidad_del_Agua_WQI/MapServer/WMSServer?STYLES=&WIDTH=1024&LAYERS=3%2C4%2C5%2C6%2C7&BBOX=%2D74%2E0799857375464%2C4%2E590628090592713%2C%2D74%2E0787674535114%2C4%2E591421640838156&HEIGHT=667&SERVICE=WMS&FORMAT=image%2Fpng&SRS=EPSG%3A4686&REQUEST=GetMap&TRANSPARENT=TRUE&VERSION=1%2E1%2E1 HTTP/1.1" 200 4277
180.76.5.94 - - [24/Jan/2015:18:52:40 -0500] "GET /BLA/resoluciones/RESOLUCIONES%202007/RES%202007%20701%20AL%20800/RESOLUCION%200707%20DE%202007.pdf HTTP/1.1" 200 823141
181.133.14.171 - - [24/Jan/2015:18:52:41 -0500] "GET /crossdomain.xml HTTP/1.1" 404 1280
181.133.14.171 - - [24/Jan/2015:18:52:42 -0500] "GET /arcgis/services/Calidad_del_Agua_WQI/MapServer/WMSServer?STYLES=&WIDTH=1024&LAYERS=3%2C4%2C5%2C6%2C7&BBOX=%2D74%2E07971082262358%2C4%2E590525068971265%2C%2D74%2E07849253858859%2C4%2E591318619216708&HEIGHT=667&SERVICE=WMS&FORMAT=image%2Fpng&SRS=EPSG%3A4686&REQUEST=GetMap&TRANSPARENT=TRUE&VERSION=1%2E1%2E1 HTTP/1.1" 200 4277
198.252.44.5 - - [24/Jan/2015:18:52:49 -0500] "GET / HTTP/1.0" 302 -
198.252.44.71 - - [24/Jan/2015:18:52:55 -0500] "GET / HTTP/1.0" 302 -
181.133.14.171 - - [24/Jan/2015:18:53:12 -0500] "GET /crossdomain.xml HTTP/1.1" 404 1280
181.54.232.60 - - [24/Jan/2015:18:53:12 -0500] "POST /forms/lservlet;jsessionid=ac16012b30d5bdd70aafdce148629443f41b7eff01ca.e3iSbxaKaheRe38RbNmLa3mSc41ynknvrkLOlQzNp65In0 HTTP/1.1" 200 2
181.133.14.171 - - [24/Jan/2015:18:53:12 -0500] "GET /arcgis/services/Calidad_del_Agua_WQI/MapServer/WMSServer?STYLES=&WIDTH=1024&LAYERS=3%2C4%2C5%2C6%2C7&BBOX=%2D74%2E07934397076853%2C4%2E590201446519707%2C%2D74%2E07812568673354%2C4%2E590994996765151&HEIGHT=667&SERVICE=WMS&FORMAT=image%2Fpng&SRS=EPSG%3A4686&REQUEST=GetMap&TRANSPARENT=TRUE&VERSION=1%2E1%2E1 HTTP/1.1" 200 4277
181.133.14.171 - - [24/Jan/2015:18:53:17 -0500] "GET /arcgis/services/Calidad_del_Agua_WQI/MapServer/WMSServer?STYLES=&WIDTH=1024&LAYERS=3%2C4%2C5%2C6%2C7&BBOX=%2D74%2E07892140926202%2C4%2E589967746541323%2C%2D74%2E07770312522703%2C4%2E590761296786766&HEIGHT=667&SERVICE=WMS&FORMAT=image%2Fpng&SRS=EPSG%3A4686&REQUEST=GetMap&TRANSPARENT=TRUE&VERSION=1%2E1%2E1 HTTP/1.1" 200 4277
181.133.14.171 - - [24/Jan/2015:18:53:21 -0500] "GET /arcgis/services/Calidad_del_Agua_WQI/MapServer/WMSServer?STYLES=&WIDTH=1024&LAYERS=3%2C4%2C5%2C6%2C7&BBOX=%2D74%2E07860011081914%2C4%2E589841143842818%2C%2D74%2E07738182678415%2C4%2E590634694088262&HEIGHT=667&SERVICE=WMS&FORMAT=image%2Fpng&SRS=EPSG%3A4686&REQUEST=GetMap&TRANSPARENT=TRUE&VERSION=1%2E1%2E1 HTTP/1.1" 200 4277
181.133.14.171 - - [24/Jan/2015:18:53:25 -0500] "GET /crossdomain.xml HTTP/1.1" 404 1280
181.133.14.171 - - [24/Jan/2015:18:53:25 -0500] "GET /arcgis/services/Calidad_del_Agua_WQI/MapServer/WMSServer?STYLES=&WIDTH=1024&LAYERS=3%2C4%2C5%2C6%2C7&BBOX=%2D74%2E07827278956165%2C4%2E589722788242368%2C%2D74%2E07705450552666%2C4%2E590516338487812&HEIGHT=667&SERVICE=WMS&FORMAT=image%2Fpng&SRS=EPSG%3A4686&REQUEST=GetMap&TRANSPARENT=TRUE&VERSION=1%2E1%2E1 HTTP/1.1" 200 4277
181.133.14.171 - - [24/Jan/2015:18:53:28 -0500] "GET /arcgis/services/Calidad_del_Agua_WQI/MapServer/WMSServer?STYLES=&WIDTH=1024&LAYERS=3%2C4%2C5%2C6%2C7&BBOX=%2D74%2E07804789744526%2C4%2E5897134117314415%2C%2D74%2E07682961341027%2C4%2E590506961976885&HEIGHT=667&SERVICE=WMS&FORMAT=image%2Fpng&SRS=EPSG%3A4686&REQUEST=GetMap&TRANSPARENT=TRUE&VERSION=1%2E1%2E1 HTTP/1.1" 200 4277
181.133.14.171 - - [24/Jan/2015:18:53:31 -0500] "GET /arcgis/services/Calidad_del_Agua_WQI/MapServer/WMSServer?STYLES=&WIDTH=1024&LAYERS=3%2C4%2C5%2C6%2C7&BBOX=%2D74%2E07769676717282%2C4%2E5896470324736525%2C%2D74%2E07647848313783%2C4%2E590440582719096&HEIGHT=667&SERVICE=WMS&FORMAT=image%2Fpng&SRS=EPSG%3A4686&REQUEST=GetMap&TRANSPARENT=TRUE&VERSION=1%2E1%2E1 HTTP/1.1" 200 4277
181.133.14.171 - - [24/Jan/2015:18:53:34 -0500] "GET /arcgis/services/Calidad_del_Agua_WQI/MapServer/WMSServer?STYLES=&WIDTH=1024&LAYERS=3%2C4%2C5%2C6%2C7&BBOX=%2D74%2E07741464378537%2C4%2E5895083564991275%2C%2D74%2E07619635975038%2C4%2E590301906744571&HEIGHT=667&SERVICE=WMS&FORMAT=image%2Fpng&SRS=EPSG%3A4686&REQUEST=GetMap&TRANSPARENT=TRUE&VERSION=1%2E1%2E1 HTTP/1.1" 200 4277
181.133.14.171 - - [24/Jan/2015:18:53:36 -0500] "GET /crossdomain.xml HTTP/1.1" 404 1280
181.133.14.171 - - [24/Jan/2015:18:53:37 -0500] "GET /arcgis/services/Calidad_del_Agua_WQI/MapServer/WMSServer?STYLES=&WIDTH=1024&LAYERS=3%2C4%2C5%2C6%2C7&BBOX=%2D74%2E0772621541128%2C4%2E589452723024612%2C%2D74%2E07604387007781%2C4%2E590246273270056&HEIGHT=667&SERVICE=WMS&FORMAT=image%2Fpng&SRS=EPSG%3A4686&REQUEST=GetMap&TRANSPARENT=TRUE&VERSION=1%2E1%2E1 HTTP/1.1" 200 4277
74.86.158.107 - - [24/Jan/2015:18:53:41 -0500] "GET / HTTP/1.1" 302 -
181.133.14.171 - - [24/Jan/2015:18:53:41 -0500] "GET /arcgis/services/Calidad_del_Agua_WQI/MapServer/WMSServer?STYLES=&WIDTH=1024&LAYERS=3%2C4%2C5%2C6%2C7&BBOX=%2D74%2E07703128422752%2C4%2E5894679528866105%2C%2D74%2E07581300019253%2C4%2E590261503132054&HEIGHT=667&SERVICE=WMS&FORMAT=image%2Fpng&SRS=EPSG%3A4686&REQUEST=GetMap&TRANSPARENT=TRUE&VERSION=1%2E1%2E1 HTTP/1.1" 200 4277
181.133.14.171 - - [24/Jan/2015:18:53:45 -0500] "GET /arcgis/services/Calidad_del_Agua_WQI/MapServer/WMSServer?STYLES=&WIDTH=1024&LAYERS=3%2C4%2C5%2C6%2C7&BBOX=%2D74%2E07679078925615%2C4%2E589432403388267%2C%2D74%2E07557250522116%2C4%2E590225953633711&HEIGHT=667&SERVICE=WMS&FORMAT=image%2Fpng&SRS=EPSG%3A4686&REQUEST=GetMap&TRANSPARENT=TRUE&VERSION=1%2E1%2E1 HTTP/1.1" 200 4277
181.133.14.171 - - [24/Jan/2015:18:53:47 -0500] "GET /crossdomain.xml HTTP/1.1" 404 1280
181.133.14.171 - - [24/Jan/2015:18:53:48 -0500] "GET /arcgis/services/Calidad_del_Agua_WQI/MapServer/WMSServer?STYLES=&WIDTH=1024&LAYERS=3%2C4%2C5%2C6%2C7&BBOX=%2D74%2E07676590604578%2C4%2E589427662444955%2C%2D74%2E07554762201079%2C4%2E590221212690398&HEIGHT=667&SERVICE=WMS&FORMAT=image%2Fpng&SRS=EPSG%3A4686&REQUEST=GetMap&TRANSPARENT=TRUE&VERSION=1%2E1%2E1 HTTP/1.1" 200 4277
181.133.14.171 - - [24/Jan/2015:18:53:51 -0500] "GET /arcgis/services/Calidad_del_Agua_WQI/MapServer/WMSServer?STYLES=&WIDTH=1024&LAYERS=3%2C4%2C5%2C6%2C7&BBOX=%2D74%2E07656480602618%2C4%2E589373264367924%2C%2D74%2E0753465219912%2C4%2E590166814613368&HEIGHT=667&SERVICE=WMS&FORMAT=image%2Fpng&SRS=EPSG%3A4686&REQUEST=GetMap&TRANSPARENT=TRUE&VERSION=1%2E1%2E1 HTTP/1.1" 200 4277
181.133.14.171 - - [24/Jan/2015:18:53:54 -0500] "GET /arcgis/services/Calidad_del_Agua_WQI/MapServer/WMSServer?STYLES=&WIDTH=1024&LAYERS=3%2C4%2C5%2C6%2C7&BBOX=%2D74%2E07638853769357%2C4%2E589406191551204%2C%2D74%2E07517025365858%2C4%2E590199741796647&HEIGHT=667&SERVICE=WMS&FORMAT=image%2Fpng&SRS=EPSG%3A4686&REQUEST=GetMap&TRANSPARENT=TRUE&VERSION=1%2E1%2E1 HTTP/1.1" 200 4277
181.133.14.171 - - [24/Jan/2015:18:53:58 -0500] "GET /arcgis/services/Calidad_del_Agua_WQI/MapServer/WMSServer?STYLES=&WIDTH=1024&LAYERS=3%2C4%2C5%2C6%2C7&BBOX=%2D74%2E07618965279283%2C4%2E589406315246169%2C%2D74%2E07497136875784%2C4%2E590199865491613&HEIGHT=667&SERVICE=WMS&FORMAT=image%2Fpng&SRS=EPSG%3A4686&REQUEST=GetMap&TRANSPARENT=TRUE&VERSION=1%2E1%2E1 HTTP/1.1" 200 4277
181.133.14.171 - - [24/Jan/2015:18:54:01 -0500] "GET /crossdomain.xml HTTP/1.1" 404 1280
181.133.14.171 - - [24/Jan/2015:18:54:01 -0500] "GET /arcgis/services/Calidad_del_Agua_WQI/MapServer/WMSServer?STYLES=&WIDTH=1024&LAYERS=3%2C4%2C5%2C6%2C7&BBOX=%2D74%2E07625649397737%2C4%2E58941213551933%2C%2D74%2E07503820994238%2C4%2E590205685764774&HEIGHT=667&SERVICE=WMS&FORMAT=image%2Fpng&SRS=EPSG%3A4686&REQUEST=GetMap&TRANSPARENT=TRUE&VERSION=1%2E1%2E1 HTTP/1.1" 200 4277
181.133.14.171 - - [24/Jan/2015:18:54:09 -0500] "GET /arcgis/services/Calidad_del_Agua_WQI/MapServer/WMSServer?STYLES=&WIDTH=1024&LAYERS=3%2C4%2C5%2C6%2C7&BBOX=%2D74%2E07598512057443%2C4%2E589491367843839%2C%2D74%2E07476683653944%2C4%2E590284918089282&HEIGHT=667&SERVICE=WMS&FORMAT=image%2Fpng&SRS=EPSG%3A4686&REQUEST=GetMap&TRANSPARENT=TRUE&VERSION=1%2E1%2E1 HTTP/1.1" 200 4277
181.50.241.109 - - [24/Jan/2015:18:54:12 -0500] "POST /forms/lservlet;jsessionid=ac16012b30d5f4158fd8302e4190874cba71654cc2bf.e3iSbxaKaheRe38RbNmLa3mSc41ynknvrkLOlQzNp65In0 HTTP/1.1" 200 2
181.133.14.171 - - [24/Jan/2015:18:54:13 -0500] "GET /crossdomain.xml HTTP/1.1" 404 1280
181.133.14.171 - - [24/Jan/2015:18:54:13 -0500] "GET /arcgis/services/Calidad_del_Agua_WQI/MapServer/WMSServer?STYLES=&WIDTH=1024&LAYERS=3%2C4%2C5%2C6%2C7&BBOX=%2D74%2E07574597009828%2C4%2E589574719342938%2C%2D74%2E07452768606329%2C4%2E590368269588382&HEIGHT=667&SERVICE=WMS&FORMAT=image%2Fpng&SRS=EPSG%3A4686&REQUEST=GetMap&TRANSPARENT=TRUE&VERSION=1%2E1%2E1 HTTP/1.1" 200 4277
181.133.14.171 - - [24/Jan/2015:18:54:16 -0500] "GET /arcgis/services/Calidad_del_Agua_WQI/MapServer/WMSServer?STYLES=&WIDTH=1024&LAYERS=3%2C4%2C5%2C6%2C7&BBOX=%2D74%2E0756173822409%2C4%2E589686690591365%2C%2D74%2E07439909820592%2C4%2E590480240836809&HEIGHT=667&SERVICE=WMS&FORMAT=image%2Fpng&SRS=EPSG%3A4686&REQUEST=GetMap&TRANSPARENT=TRUE&VERSION=1%2E1%2E1 HTTP/1.1" 200 4277
181.133.14.171 - - [24/Jan/2015:18:54:18 -0500] "GET /arcgis/services/Calidad_del_Agua_WQI/MapServer/WMSServer?STYLES=&WIDTH=1024&LAYERS=3%2C4%2C5%2C6%2C7&BBOX=%2D74%2E07567100608165%2C4%2E589686722739784%2C%2D74%2E07445272204666%2C4%2E590480272985228&HEIGHT=667&SERVICE=WMS&FORMAT=image%2Fpng&SRS=EPSG%3A4686&REQUEST=GetMap&TRANSPARENT=TRUE&VERSION=1%2E1%2E1 HTTP/1.1" 200 4277
188.165.15.110 - - [24/Jan/2015:18:54:40 -0500] "GET /BLA/resoluciones/RESOLUCIONES%202005/RES%202005%201-50/00000007.tif HTTP/1.1" 200 253222
181.133.14.171 - - [24/Jan/2015:18:54:49 -0500] "GET /crossdomain.xml HTTP/1.1" 404 1280
181.133.14.171 - - [24/Jan/2015:18:54:49 -0500] "GET /arcgis/services/Calidad_del_Agua_WQI/MapServer/WMSServer?STYLES=&WIDTH=1024&LAYERS=3%2C4%2C5%2C6%2C7&BBOX=%2D74%2E07541741525444%2C4%2E589686654190484%2C%2D74%2E07419913121944%2C4%2E590480204435928&HEIGHT=667&SERVICE=WMS&FORMAT=image%2Fpng&SRS=EPSG%3A4686&REQUEST=GetMap&TRANSPARENT=TRUE&VERSION=1%2E1%2E1 HTTP/1.1" 200 4277
181.133.14.171 - - [24/Jan/2015:18:54:53 -0500] "GET /arcgis/services/Calidad_del_Agua_WQI/MapServer/WMSServer?STYLES=&WIDTH=1024&LAYERS=3%2C4%2C5%2C6%2C7&BBOX=%2D74%2E07521387789279%2C4%2E589604235501323%2C%2D74%2E0739955938578%2C4%2E590397785746767&HEIGHT=667&SERVICE=WMS&FORMAT=image%2Fpng&SRS=EPSG%3A4686&REQUEST=GetMap&TRANSPARENT=TRUE&VERSION=1%2E1%2E1 HTTP/1.1" 200 4277
188.165.15.110 - - [24/Jan/2015:18:54:57 -0500] "GET /BLA/resoluciones/index.php?dir=RESOLUCIONES%202005/RES%202005%201851-1900/&sort=size&order=asc HTTP/1.1" 200 12356
181.133.14.171 - - [24/Jan/2015:18:55:08 -0500] "GET /crossdomain.xml HTTP/1.1" 404 1280
181.133.14.171 - - [24/Jan/2015:18:55:08 -0500] "GET /arcgis/services/Calidad_del_Agua_WQI/MapServer/WMSServer?STYLES=&WIDTH=1024&LAYERS=3%2C4%2C5%2C6%2C7&BBOX=%2D74%2E07493059512504%2C4%2E5896800593104565%2C%2D74%2E07371231109005%2C4%2E5904736095559&HEIGHT=667&SERVICE=WMS&FORMAT=image%2Fpng&SRS=EPSG%3A4686&REQUEST=GetMap&TRANSPARENT=TRUE&VERSION=1%2E1%2E1 HTTP/1.1" 200 4277
181.54.232.60 - - [24/Jan/2015:18:55:12 -0500] "POST /forms/lservlet;jsessionid=ac16012b30d5bdd70aafdce148629443f41b7eff01ca.e3iSbxaKaheRe38RbNmLa3mSc41ynknvrkLOlQzNp65In0 HTTP/1.1" 200 2
181.133.14.171 - - [24/Jan/2015:18:55:13 -0500] "GET /arcgis/services/Calidad_del_Agua_WQI/MapServer/WMSServer?STYLES=&WIDTH=1024&LAYERS=3%2C4%2C5%2C6%2C7&BBOX=%2D74%2E07475140934567%2C4%2E5896943497854625%2C%2D74%2E07353312531068%2C4%2E590487900030906&HEIGHT=667&SERVICE=WMS&FORMAT=image%2Fpng&SRS=EPSG%3A4686&REQUEST=GetMap&TRANSPARENT=TRUE&VERSION=1%2E1%2E1 HTTP/1.1" 200 4277
181.130.94.94 - - [24/Jan/2015:18:55:16 -0500] "GET /BLA/resoluciones/AUTOS%202013/0219.pdf HTTP/1.1" 200 1312670
181.130.94.94 - - [24/Jan/2015:18:55:16 -0500] "GET /favicon.ico HTTP/1.1" 200 7782
181.130.94.94 - - [24/Jan/2015:18:55:16 -0500] "GET /BLA/resoluciones/AUTOS%202013/0219.pdf HTTP/1.1" 206 1950
181.130.94.94 - - [24/Jan/2015:18:55:16 -0500] "GET /BLA/resoluciones/AUTOS%202013/0219.pdf HTTP/1.1" 206 65536
181.130.94.94 - - [24/Jan/2015:18:55:17 -0500] "GET /BLA/resoluciones/AUTOS%202013/0219.pdf HTTP/1.1" 206 65536
181.130.94.94 - - [24/Jan/2015:18:55:17 -0500] "GET /BLA/resoluciones/AUTOS%202013/0219.pdf HTTP/1.1" 206 65536
181.130.94.94 - - [24/Jan/2015:18:55:17 -0500] "GET /BLA/resoluciones/AUTOS%202013/0219.pdf HTTP/1.1" 206 65536
181.130.94.94 - - [24/Jan/2015:18:55:17 -0500] "GET /BLA/resoluciones/AUTOS%202013/0219.pdf HTTP/1.1" 206 65536
181.130.94.94 - - [24/Jan/2015:18:55:17 -0500] "GET /BLA/resoluciones/AUTOS%202013/0219.pdf HTTP/1.1" 206 65536
181.130.94.94 - - [24/Jan/2015:18:55:17 -0500] "GET /BLA/resoluciones/AUTOS%202013/0219.pdf HTTP/1.1" 206 65536
181.130.94.94 - - [24/Jan/2015:18:55:17 -0500] "GET /BLA/resoluciones/AUTOS%202013/0219.pdf HTTP/1.1" 206 65536
181.130.94.94 - - [24/Jan/2015:18:55:17 -0500] "GET /BLA/resoluciones/AUTOS%202013/0219.pdf HTTP/1.1" 206 65536
181.130.94.94 - - [24/Jan/2015:18:55:17 -0500] "GET /BLA/resoluciones/AUTOS%202013/0219.pdf HTTP/1.1" 206 65536
181.130.94.94 - - [24/Jan/2015:18:55:17 -0500] "GET /BLA/resoluciones/AUTOS%202013/0219.pdf HTTP/1.1" 206 65536
181.130.94.94 - - [24/Jan/2015:18:55:18 -0500] "GET /BLA/resoluciones/AUTOS%202013/0219.pdf HTTP/1.1" 206 65536
181.130.94.94 - - [24/Jan/2015:18:55:18 -0500] "GET /BLA/resoluciones/AUTOS%202013/0219.pdf HTTP/1.1" 206 65536
181.130.94.94 - - [24/Jan/2015:18:55:18 -0500] "GET /BLA/resoluciones/AUTOS%202013/0219.pdf HTTP/1.1" 206 65536
181.133.14.171 - - [24/Jan/2015:18:55:21 -0500] "GET /crossdomain.xml HTTP/1.1" 404 1280
181.133.14.171 - - [24/Jan/2015:18:55:21 -0500] "GET /arcgis/services/Calidad_del_Agua_WQI/MapServer/WMSServer?STYLES=&WIDTH=1024&LAYERS=3%2C4%2C5%2C6%2C7&BBOX=%2D74%2E07461030277659%2C4%2E589570264892889%2C%2D74%2E0733920187416%2C4%2E590363815138333&HEIGHT=667&SERVICE=WMS&FORMAT=image%2Fpng&SRS=EPSG%3A4686&REQUEST=GetMap&TRANSPARENT=TRUE&VERSION=1%2E1%2E1 HTTP/1.1" 200 4277
181.133.14.171 - - [24/Jan/2015:18:55:25 -0500] "GET /arcgis/services/Calidad_del_Agua_WQI/MapServer/WMSServer?STYLES=&WIDTH=1024&LAYERS=3%2C4%2C5%2C6%2C7&BBOX=%2D74%2E07430743275333%2C4%2E5895130824712655%2C%2D74%2E07308914871834%2C4%2E590306632716709&HEIGHT=667&SERVICE=WMS&FORMAT=image%2Fpng&SRS=EPSG%3A4686&REQUEST=GetMap&TRANSPARENT=TRUE&VERSION=1%2E1%2E1 HTTP/1.1" 200 4277
181.133.14.171 - - [24/Jan/2015:18:55:28 -0500] "GET /arcgis/services/Calidad_del_Agua_WQI/MapServer/WMSServer?STYLES=&WIDTH=1024&LAYERS=3%2C4%2C5%2C6%2C7&BBOX=%2D74%2E07406336802602%2C4%2E589463708531249%2C%2D74%2E07284508399103%2C4%2E590257258776693&HEIGHT=667&SERVICE=WMS&FORMAT=image%2Fpng&SRS=EPSG%3A4686&REQUEST=GetMap&TRANSPARENT=TRUE&VERSION=1%2E1%2E1 HTTP/1.1" 200 4277
181.133.14.171 - - [24/Jan/2015:18:55:35 -0500] "GET /crossdomain.xml HTTP/1.1" 404 1280
181.133.14.171 - - [24/Jan/2015:18:55:35 -0500] "GET /arcgis/services/Calidad_del_Agua_WQI/MapServer/WMSServer?STYLES=&WIDTH=1024&LAYERS=3%2C4%2C5%2C6%2C7&BBOX=%2D74%2E07350170240505%2C4%2E589236926051718%2C%2D74%2E07228341837006%2C4%2E590030476297161&HEIGHT=667&SERVICE=WMS&FORMAT=image%2Fpng&SRS=EPSG%3A4686&REQUEST=GetMap&TRANSPARENT=TRUE&VERSION=1%2E1%2E1 HTTP/1.1" 200 4277
181.133.14.171 - - [24/Jan/2015:18:55:38 -0500] "GET /arcgis/services/Calidad_del_Agua_WQI/MapServer/WMSServer?STYLES=&WIDTH=1024&LAYERS=3%2C4%2C5%2C6%2C7&BBOX=%2D74%2E07333967146747%2C4%2E589164780889728%2C%2D74%2E07212138743247%2C4%2E589958331135172&HEIGHT=667&SERVICE=WMS&FORMAT=image%2Fpng&SRS=EPSG%3A4686&REQUEST=GetMap&TRANSPARENT=TRUE&VERSION=1%2E1%2E1 HTTP/1.1" 200 4277
181.133.14.171 - - [24/Jan/2015:18:55:41 -0500] "GET /arcgis/services/Calidad_del_Agua_WQI/MapServer/WMSServer?STYLES=&WIDTH=1024&LAYERS=3%2C4%2C5%2C6%2C7&BBOX=%2D74%2E07324466471842%2C4%2E589129153140617%2C%2D74%2E07202638068343%2C4%2E589922703386061&HEIGHT=667&SERVICE=WMS&FORMAT=image%2Fpng&SRS=EPSG%3A4686&REQUEST=GetMap&TRANSPARENT=TRUE&VERSION=1%2E1%2E1 HTTP/1.1" 200 4277
181.50.241.109 - - [24/Jan/2015:18:56:13 -0500] "POST /forms/lservlet;jsessionid=ac16012b30d5f4158fd8302e4190874cba71654cc2bf.e3iSbxaKaheRe38RbNmLa3mSc41ynknvrkLOlQzNp65In0 HTTP/1.1" 200 2
181.133.14.171 - - [24/Jan/2015:18:56:44 -0500] "GET /crossdomain.xml HTTP/1.1" 404 1280
181.133.14.171 - - [24/Jan/2015:18:56:45 -0500] "GET /arcgis/services/Calidad_del_Agua_WQI/MapServer/WMSServer?STYLES=&WIDTH=1024&LAYERS=3%2C4%2C5%2C6%2C7&BBOX=%2D74%2E07312702836624%2C4%2E589060244890653%2C%2D74%2E07190874433125%2C4%2E589853795136096&HEIGHT=667&SERVICE=WMS&FORMAT=image%2Fpng&SRS=EPSG%3A4686&REQUEST=GetMap&TRANSPARENT=TRUE&VERSION=1%2E1%2E1 HTTP/1.1" 200 4277
188.165.15.201 - - [24/Jan/2015:18:56:53 -0500] "GET /BLA/resoluciones/index.php?dir=RESOLUCIONES%202005/RES%202005%20851-900/&sort=size&order=desc HTTP/1.1" 200 12241
181.133.14.171 - - [24/Jan/2015:18:56:57 -0500] "GET /crossdomain.xml HTTP/1.1" 404 1280
181.133.14.171 - - [24/Jan/2015:18:56:57 -0500] "GET /arcgis/services/Calidad_del_Agua_WQI/MapServer/WMSServer?STYLES=&WIDTH=1024&LAYERS=3%2C4%2C5%2C6%2C7&BBOX=%2D74%2E0730723476524%2C4%2E588573584689501%2C%2D74%2E07185406361741%2C4%2E589367134934944&HEIGHT=667&SERVICE=WMS&FORMAT=image%2Fpng&SRS=EPSG%3A4686&REQUEST=GetMap&TRANSPARENT=TRUE&VERSION=1%2E1%2E1 HTTP/1.1" 200 4277
181.133.14.171 - - [24/Jan/2015:18:57:01 -0500] "GET /arcgis/services/Calidad_del_Agua_WQI/MapServer/WMSServer?STYLES=&WIDTH=1024&LAYERS=3%2C4%2C5%2C6%2C7&BBOX=%2D74%2E0730711258987%2C4%2E588254507283784%2C%2D74%2E0718528418637%2C4%2E589048057529228&HEIGHT=667&SERVICE=WMS&FORMAT=image%2Fpng&SRS=EPSG%3A4686&REQUEST=GetMap&TRANSPARENT=TRUE&VERSION=1%2E1%2E1 HTTP/1.1" 200 4277
152.61.128.66 - - [24/Jan/2015:18:57:02 -0500] "HEAD / HTTP/1.1" 302 -
152.61.128.66 - - [24/Jan/2015:18:57:02 -0500] "GET /arcgis/services/Calidad_del_Agua_WQI/MapServer/WMSServer?request=GetCapabilities&service=WMS HTTP/1.1" 200 32135
152.61.128.66 - - [24/Jan/2015:18:57:03 -0500] "GET /arcgis/services/Calidad_del_Agua_WQI/MapServer/WMSServer?request=GetCapabilities&service=WMS HTTP/1.0" 200 32135
181.133.14.171 - - [24/Jan/2015:18:57:04 -0500] "GET /arcgis/services/Calidad_del_Agua_WQI/MapServer/WMSServer?STYLES=&WIDTH=1024&LAYERS=3%2C4%2C5%2C6%2C7&BBOX=%2D74%2E07309121148126%2C4%2E5880901253496384%2C%2D74%2E07187292744626%2C4%2E588883675595082&HEIGHT=667&SERVICE=WMS&FORMAT=image%2Fpng&SRS=EPSG%3A4686&REQUEST=GetMap&TRANSPARENT=TRUE&VERSION=1%2E1%2E1 HTTP/1.1" 200 4277
152.61.128.66 - - [24/Jan/2015:18:57:04 -0500] "GET /arcgis/services/Calidad_del_Agua_WQI/MapServer/WMSServer?request=GetCapabilities&service=WMS HTTP/1.0" 200 32135
152.61.128.66 - - [24/Jan/2015:18:57:05 -0500] "GET /arcgis/services/Calidad_del_Agua_WQI/MapServer/WMSServer?request=GetCapabilities&service=WMS HTTP/1.0" 200 32135
152.61.128.66 - - [24/Jan/2015:18:57:06 -0500] "GET /arcgis/services/Calidad_del_Agua_WQI/MapServer/WMSServer?VERSION=1.1.1&REQUEST=GetMap&LAYERS=0&SRS=EPSG:4326&BBOX=-74.473395,3.674381,-73.963300,4.920569&WIDTH=250&HEIGHT=250&FORMAT=image/bmp&STYLES=& HTTP/1.1" 200 188054
181.133.14.171 - - [24/Jan/2015:18:57:11 -0500] "GET /crossdomain.xml HTTP/1.1" 404 1280
181.54.232.60 - - [24/Jan/2015:18:57:12 -0500] "POST /forms/lservlet;jsessionid=ac16012b30d5bdd70aafdce148629443f41b7eff01ca.e3iSbxaKaheRe38RbNmLa3mSc41ynknvrkLOlQzNp65In0 HTTP/1.1" 200 2
181.133.14.171 - - [24/Jan/2015:18:57:12 -0500] "GET /arcgis/services/Calidad_del_Agua_WQI/MapServer/WMSServer?STYLES=&WIDTH=1024&LAYERS=3%2C4%2C5%2C6%2C7&BBOX=%2D74%2E07308887482277%2C4%2E588103223023474%2C%2D74%2E07187059078778%2C4%2E588896773268917&HEIGHT=667&SERVICE=WMS&FORMAT=image%2Fpng&SRS=EPSG%3A4686&REQUEST=GetMap&TRANSPARENT=TRUE&VERSION=1%2E1%2E1 HTTP/1.1" 200 4277
181.133.14.171 - - [24/Jan/2015:18:57:16 -0500] "GET /arcgis/services/Calidad_del_Agua_WQI/MapServer/WMSServer?STYLES=&WIDTH=1024&LAYERS=3%2C4%2C5%2C6%2C7&BBOX=%2D74%2E07314102992963%2C4%2E587502216700292%2C%2D74%2E07192274589464%2C4%2E588295766945736&HEIGHT=667&SERVICE=WMS&FORMAT=image%2Fpng&SRS=EPSG%3A4686&REQUEST=GetMap&TRANSPARENT=TRUE&VERSION=1%2E1%2E1 HTTP/1.1" 200 4277
181.133.14.171 - - [24/Jan/2015:18:57:23 -0500] "GET /crossdomain.xml HTTP/1.1" 404 1280
181.133.14.171 - - [24/Jan/2015:18:57:23 -0500] "GET /arcgis/services/Calidad_del_Agua_WQI/MapServer/WMSServer?STYLES=&WIDTH=1024&LAYERS=3%2C4%2C5%2C6%2C7&BBOX=%2D74%2E07323125091166%2C4%2E586988042379852%2C%2D74%2E07201296687667%2C4%2E587781592625296&HEIGHT=667&SERVICE=WMS&FORMAT=image%2Fpng&SRS=EPSG%3A4686&REQUEST=GetMap&TRANSPARENT=TRUE&VERSION=1%2E1%2E1 HTTP/1.1" 200 4277
152.61.128.66 - - [24/Jan/2015:18:57:25 -0500] "HEAD / HTTP/1.1" 302 -
152.61.128.66 - - [24/Jan/2015:18:57:25 -0500] "GET /arcgis/services/Calidad_del_Agua_WQI/MapServer/WMSServer?SERVICE=WMS&REQUEST=GetCapabilities HTTP/1.1" 200 32135
152.61.128.66 - - [24/Jan/2015:18:57:26 -0500] "GET /arcgis/services/Calidad_del_Agua_WQI/MapServer/WMSServer?SERVICE=WMS&REQUEST=GetCapabilities HTTP/1.0" 200 32135
152.61.128.66 - - [24/Jan/2015:18:57:27 -0500] "GET /arcgis/services/Calidad_del_Agua_WQI/MapServer/WMSServer?SERVICE=WMS&REQUEST=GetCapabilities HTTP/1.0" 200 32135
152.61.128.66 - - [24/Jan/2015:18:57:28 -0500] "GET /arcgis/services/Calidad_del_Agua_WQI/MapServer/WMSServer?SERVICE=WMS&REQUEST=GetCapabilities HTTP/1.0" 200 32135
152.61.128.66 - - [24/Jan/2015:18:57:29 -0500] "GET /arcgis/services/Calidad_del_Agua_WQI/MapServer/WMSServer?VERSION=1.1.1&REQUEST=GetMap&LAYERS=0&SRS=EPSG:4326&BBOX=-74.473395,3.674381,-73.963300,4.920569&WIDTH=250&HEIGHT=250&FORMAT=image/bmp&STYLES=& HTTP/1.1" 200 188054
188.165.15.177 - - [24/Jan/2015:18:58:02 -0500] "GET /BLA/resoluciones/RESOLUCIONES%202005/RES%202005%20601-650/00000637.tif HTTP/1.1" 200 364402
181.50.241.109 - - [24/Jan/2015:18:58:13 -0500] "POST /forms/lservlet;jsessionid=ac16012b30d5f4158fd8302e4190874cba71654cc2bf.e3iSbxaKaheRe38RbNmLa3mSc41ynknvrkLOlQzNp65In0 HTTP/1.1" 200 2
181.133.14.171 - - [24/Jan/2015:18:58:33 -0500] "GET /crossdomain.xml HTTP/1.1" 404 1280
181.133.14.171 - - [24/Jan/2015:18:58:34 -0500] "GET /arcgis/services/Calidad_del_Agua_WQI/MapServer/WMSServer?STYLES=&WIDTH=1024&LAYERS=3%2C4%2C5%2C6%2C7&BBOX=%2D74%2E07302117357492%2C4%2E58676180317861%2C%2D74%2E07180288953992%2C4%2E587555353424054&HEIGHT=667&SERVICE=WMS&FORMAT=image%2Fpng&SRS=EPSG%3A4686&REQUEST=GetMap&TRANSPARENT=TRUE&VERSION=1%2E1%2E1 HTTP/1.1" 200 4277
74.86.158.107 - - [24/Jan/2015:18:58:41 -0500] "GET / HTTP/1.1" 302 -
181.133.14.171 - - [24/Jan/2015:18:58:43 -0500] "GET /arcgis/services/Calidad_del_Agua_WQI/MapServer/WMSServer?STYLES=&WIDTH=1024&LAYERS=3%2C4%2C5%2C6%2C7&BBOX=%2D74%2E07337824264289%2C4%2E58719294868236%2C%2D74%2E0721599586079%2C4%2E587986498927804&HEIGHT=667&SERVICE=WMS&FORMAT=image%2Fpng&SRS=EPSG%3A4686&REQUEST=GetMap&TRANSPARENT=TRUE&VERSION=1%2E1%2E1 HTTP/1.1" 200 4277
181.133.14.171 - - [24/Jan/2015:18:58:46 -0500] "GET /crossdomain.xml HTTP/1.1" 404 1280
181.133.14.171 - - [24/Jan/2015:18:58:47 -0500] "GET /arcgis/services/Calidad_del_Agua_WQI/MapServer/WMSServer?STYLES=&WIDTH=1024&LAYERS=3%2C4%2C5%2C6%2C7&BBOX=%2D74%2E0737698516289%2C4%2E5873295316878195%2C%2D74%2E0725515675939%2C4%2E588123081933263&HEIGHT=667&SERVICE=WMS&FORMAT=image%2Fpng&SRS=EPSG%3A4686&REQUEST=GetMap&TRANSPARENT=TRUE&VERSION=1%2E1%2E1 HTTP/1.1" 200 4277
180.76.5.57 - - [24/Jan/2015:18:58:56 -0500] "GET /BLA/resoluciones/RESOLUCIONES%202010/3103.pdf HTTP/1.1" 200 346764
188.165.15.41 - - [24/Jan/2015:18:58:58 -0500] "GET /BLA/resoluciones/RESOLUCIONES%202006/RES%202006%202351-2400/00002369.tif HTTP/1.1" 200 176604
181.133.14.171 - - [24/Jan/2015:18:58:59 -0500] "GET /crossdomain.xml HTTP/1.1" 404 1280
181.133.14.171 - - [24/Jan/2015:18:59:00 -0500] "GET /arcgis/services/Calidad_del_Agua_WQI/MapServer/WMSServer?STYLES=&WIDTH=1024&LAYERS=3%2C4%2C5%2C6%2C7&BBOX=%2D74%2E07337187689913%2C4%2E587124745478065%2C%2D74%2E07215359286414%2C4%2E587918295723509&HEIGHT=667&SERVICE=WMS&FORMAT=image%2Fpng&SRS=EPSG%3A4686&REQUEST=GetMap&TRANSPARENT=TRUE&VERSION=1%2E1%2E1 HTTP/1.1" 200 4277
66.249.67.83 - - [24/Jan/2015:18:59:03 -0500] "GET /robots.txt HTTP/1.1" 404 1018
66.249.67.75 - - [24/Jan/2015:18:59:03 -0500] "GET /autoliquidacion/TR%C3%81MITES%20VERTIMIENTOS/PERMISOS%20DE%20VERTIMIENTOS/ANEXO3.%20LISTA%20DE%20CHEQUEO%20PERMISO%20VERT.%20ALCANTARILLADO%20-%20F.xls HTTP/1.1" 304 -
181.133.14.171 - - [24/Jan/2015:18:59:05 -0500] "GET /arcgis/services/Calidad_del_Agua_WQI/MapServer/WMSServer?STYLES=&WIDTH=1024&LAYERS=3%2C4%2C5%2C6%2C7&BBOX=%2D74%2E07286381148852%2C4%2E586487970024013%2C%2D74%2E07164552745353%2C4%2E587281520269457&HEIGHT=667&SERVICE=WMS&FORMAT=image%2Fpng&SRS=EPSG%3A4686&REQUEST=GetMap&TRANSPARENT=TRUE&VERSION=1%2E1%2E1 HTTP/1.1" 200 4277
66.249.67.111 - - [24/Jan/2015:18:59:11 -0500] "GET /pga/ HTTP/1.1" 404 1019
181.54.232.60 - - [24/Jan/2015:18:59:12 -0500] "POST /forms/lservlet;jsessionid=ac16012b30d5bdd70aafdce148629443f41b7eff01ca.e3iSbxaKaheRe38RbNmLa3mSc41ynknvrkLOlQzNp65In0 HTTP/1.1" 200 2
181.133.14.171 - - [24/Jan/2015:18:59:15 -0500] "GET /crossdomain.xml HTTP/1.1" 404 1280
181.133.14.171 - - [24/Jan/2015:18:59:16 -0500] "GET /arcgis/services/Calidad_del_Agua_WQI/MapServer/WMSServer?STYLES=&WIDTH=1024&LAYERS=3%2C4%2C5%2C6%2C7&BBOX=%2D74%2E0724791017714%2C4%2E58597856007385%2C%2D74%2E07126081773642%2C4%2E586772110319294&HEIGHT=667&SERVICE=WMS&FORMAT=image%2Fpng&SRS=EPSG%3A4686&REQUEST=GetMap&TRANSPARENT=TRUE&VERSION=1%2E1%2E1 HTTP/1.1" 200 4277
181.133.14.171 - - [24/Jan/2015:18:59:19 -0500] "GET /arcgis/services/Calidad_del_Agua_WQI/MapServer/WMSServer?STYLES=&WIDTH=1024&LAYERS=3%2C4%2C5%2C6%2C7&BBOX=%2D74%2E0724196466031%2C4%2E585462005483855%2C%2D74%2E0712013625681%2C4%2E5862555557292985&HEIGHT=667&SERVICE=WMS&FORMAT=image%2Fpng&SRS=EPSG%3A4686&REQUEST=GetMap&TRANSPARENT=TRUE&VERSION=1%2E1%2E1 HTTP/1.1" 200 4277
181.133.14.171 - - [24/Jan/2015:18:59:24 -0500] "GET /arcgis/services/Calidad_del_Agua_WQI/MapServer/WMSServer?STYLES=&WIDTH=1024&LAYERS=3%2C4%2C5%2C6%2C7&BBOX=%2D74%2E07265228173421%2C4%2E585043130568678%2C%2D74%2E07143399769922%2C4%2E585836680814122&HEIGHT=667&SERVICE=WMS&FORMAT=image%2Fpng&SRS=EPSG%3A4686&REQUEST=GetMap&TRANSPARENT=TRUE&VERSION=1%2E1%2E1 HTTP/1.1" 200 4277
181.133.14.171 - - [24/Jan/2015:18:59:31 -0500] "GET /crossdomain.xml HTTP/1.1" 404 1280
181.133.14.171 - - [24/Jan/2015:18:59:31 -0500] "GET /arcgis/services/Calidad_del_Agua_WQI/MapServer/WMSServer?STYLES=&WIDTH=1024&LAYERS=3%2C4%2C5%2C6%2C7&BBOX=%2D74%2E07324129472885%2C4%2E585636726167808%2C%2D74%2E07202301069385%2C4%2E586430276413251&HEIGHT=667&SERVICE=WMS&FORMAT=image%2Fpng&SRS=EPSG%3A4686&REQUEST=GetMap&TRANSPARENT=TRUE&VERSION=1%2E1%2E1 HTTP/1.1" 200 4277
181.133.14.171 - - [24/Jan/2015:18:59:38 -0500] "GET /arcgis/services/Calidad_del_Agua_WQI/MapServer/WMSServer?STYLES=&WIDTH=1024&LAYERS=3%2C4%2C5%2C6%2C7&BBOX=%2D74%2E07316859003025%2C4%2E586260133580411%2C%2D74%2E07195030599526%2C4%2E587053683825855&HEIGHT=667&SERVICE=WMS&FORMAT=image%2Fpng&SRS=EPSG%3A4686&REQUEST=GetMap&TRANSPARENT=TRUE&VERSION=1%2E1%2E1 HTTP/1.1" 200 4277
180.76.6.154 - - [24/Jan/2015:18:59:42 -0500] "GET /BLA/resoluciones/AUTOS%202009/1082.pdf HTTP/1.1" 200 103275
181.133.14.171 - - [24/Jan/2015:18:59:42 -0500] "GET /crossdomain.xml HTTP/1.1" 404 1280
181.133.14.171 - - [24/Jan/2015:18:59:42 -0500] "GET /arcgis/services/Calidad_del_Agua_WQI/MapServer/WMSServer?STYLES=&WIDTH=1024&LAYERS=3%2C4%2C5%2C6%2C7&BBOX=%2D74%2E07311695428278%2C4%2E586856391598803%2C%2D74%2E07189867024779%2C4%2E587649941844247&HEIGHT=667&SERVICE=WMS&FORMAT=image%2Fpng&SRS=EPSG%3A4686&REQUEST=GetMap&TRANSPARENT=TRUE&VERSION=1%2E1%2E1 HTTP/1.1" 200 4277
181.133.14.171 - - [24/Jan/2015:18:59:45 -0500] "GET /arcgis/services/Calidad_del_Agua_WQI/MapServer/WMSServer?STYLES=&WIDTH=1024&LAYERS=3%2C4%2C5%2C6%2C7&BBOX=%2D74%2E07310847160144%2C4%2E587203934160535%2C%2D74%2E07189018756645%2C4%2E587997484405979&HEIGHT=667&SERVICE=WMS&FORMAT=image%2Fpng&SRS=EPSG%3A4686&REQUEST=GetMap&TRANSPARENT=TRUE&VERSION=1%2E1%2E1 HTTP/1.1" 200 4277
66.249.67.75 - - [24/Jan/2015:19:00:11 -0500] "GET /BLA/resoluciones/RESOLUCIONES%202012/1230.pdf HTTP/1.1" 304 -
181.50.241.109 - - [24/Jan/2015:19:00:13 -0500] "POST /forms/lservlet;jsessionid=ac16012b30d5f4158fd8302e4190874cba71654cc2bf.e3iSbxaKaheRe38RbNmLa3mSc41ynknvrkLOlQzNp65In0 HTTP/1.1" 200 2
180.76.6.45 - - [24/Jan/2015:19:00:30 -0500] "GET /BLA/boletinlegal;jsessionid=E5BE446BD964506B264348953DFB42AF?/? HTTP/1.1" 404 1018
188.165.15.105 - - [24/Jan/2015:19:00:55 -0500] "GET /BLA/resoluciones/index.php?dir=RESOLUCIONES%202003/RES%202003%201851--1900/&sort=name&order=asc HTTP/1.1" 200 12206
181.54.232.60 - - [24/Jan/2015:19:01:16 -0500] "POST /forms/lservlet;jsessionid=ac16012b30d5bdd70aafdce148629443f41b7eff01ca.e3iSbxaKaheRe38RbNmLa3mSc41ynknvrkLOlQzNp65In0 HTTP/1.1" 200 2
66.249.67.75 - - [24/Jan/2015:19:01:19 -0500] "GET /BLA/resoluciones/RESOLUCIONES%202013/0355.pdf HTTP/1.1" 200 1570133
181.133.14.171 - - [24/Jan/2015:19:01:45 -0500] "GET /crossdomain.xml HTTP/1.1" 404 1280
181.133.14.171 - - [24/Jan/2015:19:01:46 -0500] "GET /arcgis/services/Calidad_del_Agua_WQI/MapServer/WMSServer?STYLES=&WIDTH=1024&LAYERS=3%2C4%2C5%2C6%2C7&BBOX=%2D74%2E07350239590997%2C4%2E5873260813102075%2C%2D74%2E07228411187498%2C4%2E588119631555651&HEIGHT=667&SERVICE=WMS&FORMAT=image%2Fpng&SRS=EPSG%3A4686&REQUEST=GetMap&TRANSPARENT=TRUE&VERSION=1%2E1%2E1 HTTP/1.1" 200 4277
66.249.67.83 - - [24/Jan/2015:19:01:49 -0500] "GET /BLA/boletinlegal/Circulares/2011/Circular%20No.%201%20del%2012%20de%20Abril%20de%202011.pdf HTTP/1.1" 200 366269
181.133.14.171 - - [24/Jan/2015:19:01:49 -0500] "GET /arcgis/services/Calidad_del_Agua_WQI/MapServer/WMSServer?STYLES=&WIDTH=1024&LAYERS=3%2C4%2C5%2C6%2C7&BBOX=%2D74%2E07382010760857%2C4%2E587528836682928%2C%2D74%2E07260182357358%2C4%2E588322386928372&HEIGHT=667&SERVICE=WMS&FORMAT=image%2Fpng&SRS=EPSG%3A4686&REQUEST=GetMap&TRANSPARENT=TRUE&VERSION=1%2E1%2E1 HTTP/1.1" 200 4277
181.133.14.171 - - [24/Jan/2015:19:01:55 -0500] "GET /arcgis/services/Calidad_del_Agua_WQI/MapServer/WMSServer?STYLES=&WIDTH=1024&LAYERS=3%2C4%2C5%2C6%2C7&BBOX=%2D74%2E07402123474418%2C4%2E587599666411305%2C%2D74%2E07280295070919%2C4%2E5883932166567485&HEIGHT=667&SERVICE=WMS&FORMAT=image%2Fpng&SRS=EPSG%3A4686&REQUEST=GetMap&TRANSPARENT=TRUE&VERSION=1%2E1%2E1 HTTP/1.1" 200 4277
181.133.14.171 - - [24/Jan/2015:19:02:00 -0500] "GET /crossdomain.xml HTTP/1.1" 404 1280
181.133.14.171 - - [24/Jan/2015:19:02:00 -0500] "GET /arcgis/services/Calidad_del_Agua_WQI/MapServer/WMSServer?STYLES=&WIDTH=1024&LAYERS=3%2C4%2C5%2C6%2C7&BBOX=%2D74%2E07410482737998%2C4%2E587678401211249%2C%2D74%2E07288654334499%2C4%2E588471951456692&HEIGHT=667&SERVICE=WMS&FORMAT=image%2Fpng&SRS=EPSG%3A4686&REQUEST=GetMap&TRANSPARENT=TRUE&VERSION=1%2E1%2E1 HTTP/1.1" 200 4277
181.133.14.171 - - [24/Jan/2015:19:02:08 -0500] "GET /arcgis/services/Calidad_del_Agua_WQI/MapServer/WMSServer?STYLES=&WIDTH=1024&LAYERS=3%2C4%2C5%2C6%2C7&BBOX=%2D74%2E07413093639038%2C4%2E587272623464228%2C%2D74%2E07291265235538%2C4%2E588066173709672&HEIGHT=667&SERVICE=WMS&FORMAT=image%2Fpng&SRS=EPSG%3A4686&REQUEST=GetMap&TRANSPARENT=TRUE&VERSION=1%2E1%2E1 HTTP/1.1" 200 4277
181.133.14.171 - - [24/Jan/2015:19:02:11 -0500] "GET /crossdomain.xml HTTP/1.1" 404 1280
181.133.14.171 - - [24/Jan/2015:19:02:11 -0500] "GET /arcgis/services/Calidad_del_Agua_WQI/MapServer/WMSServer?STYLES=&WIDTH=1024&LAYERS=3%2C4%2C5%2C6%2C7&BBOX=%2D74%2E07419863669307%2C4%2E586674064896953%2C%2D74%2E07298035265808%2C4%2E587467615142397&HEIGHT=667&SERVICE=WMS&FORMAT=image%2Fpng&SRS=EPSG%3A4686&REQUEST=GetMap&TRANSPARENT=TRUE&VERSION=1%2E1%2E1 HTTP/1.1" 200 4277
181.50.241.109 - - [24/Jan/2015:19:02:13 -0500] "POST /forms/lservlet;jsessionid=ac16012b30d5f4158fd8302e4190874cba71654cc2bf.e3iSbxaKaheRe38RbNmLa3mSc41ynknvrkLOlQzNp65In0 HTTP/1.1" 200 2
181.133.14.171 - - [24/Jan/2015:19:02:17 -0500] "GET /arcgis/services/Calidad_del_Agua_WQI/MapServer/WMSServer?STYLES=&WIDTH=1024&LAYERS=3%2C4%2C5%2C6%2C7&BBOX=%2D74%2E0742568552347%2C4%2E586163568437428%2C%2D74%2E0730385711997%2C4%2E5869571186828715&HEIGHT=667&SERVICE=WMS&FORMAT=image%2Fpng&SRS=EPSG%3A4686&REQUEST=GetMap&TRANSPARENT=TRUE&VERSION=1%2E1%2E1 HTTP/1.1" 200 4277
181.133.14.171 - - [24/Jan/2015:19:02:23 -0500] "GET /crossdomain.xml HTTP/1.1" 404 1280
181.133.14.171 - - [24/Jan/2015:19:02:23 -0500] "GET /arcgis/services/Calidad_del_Agua_WQI/MapServer/WMSServer?STYLES=&WIDTH=1024&LAYERS=3%2C4%2C5%2C6%2C7&BBOX=%2D74%2E07426531811473%2C4%2E585543674621363%2C%2D74%2E07304703407974%2C4%2E586337224866806&HEIGHT=667&SERVICE=WMS&FORMAT=image%2Fpng&SRS=EPSG%3A4686&REQUEST=GetMap&TRANSPARENT=TRUE&VERSION=1%2E1%2E1 HTTP/1.1" 200 4277
66.249.67.75 - - [24/Jan/2015:19:02:27 -0500] "GET /BLA/resoluciones/RESOLUCIONES%202010/0717.pdf HTTP/1.1" 200 102268
186.145.239.168 - - [24/Jan/2015:19:02:51 -0500] "GET /BLA/resoluciones/RESOLUCIONES%202009/3077.pdf HTTP/1.1" 200 505539
186.145.239.168 - - [24/Jan/2015:19:02:58 -0500] "GET /favicon.ico HTTP/1.1" 200 7782
181.54.232.60 - - [24/Jan/2015:19:03:16 -0500] "POST /forms/lservlet;jsessionid=ac16012b30d5bdd70aafdce148629443f41b7eff01ca.e3iSbxaKaheRe38RbNmLa3mSc41ynknvrkLOlQzNp65In0 HTTP/1.1" 200 2
74.86.158.107 - - [24/Jan/2015:19:03:41 -0500] "GET / HTTP/1.1" 302 -
181.50.241.109 - - [24/Jan/2015:19:04:13 -0500] "POST /forms/lservlet;jsessionid=ac16012b30d5f4158fd8302e4190874cba71654cc2bf.e3iSbxaKaheRe38RbNmLa3mSc41ynknvrkLOlQzNp65In0 HTTP/1.1" 200 2
66.249.67.75 - - [24/Jan/2015:19:04:20 -0500] "GET /BLA/resoluciones/AUTOS%202011/4088.pdf HTTP/1.1" 200 264384
188.165.15.110 - - [24/Jan/2015:19:05:07 -0500] "GET /BLA/resoluciones/RESOLUCIONES%202004/RES%202004%201851-1900/00001878.tif HTTP/1.1" 200 167718
181.54.232.60 - - [24/Jan/2015:19:05:16 -0500] "POST /forms/lservlet;jsessionid=ac16012b30d5bdd70aafdce148629443f41b7eff01ca.e3iSbxaKaheRe38RbNmLa3mSc41ynknvrkLOlQzNp65In0 HTTP/1.1" 200 2
66.249.67.75 - - [24/Jan/2015:19:05:18 -0500] "GET /BLA/resoluciones/RESOLUCIONES%202003/RES%202003%20551-600/577.tif HTTP/1.1" 200 272560
181.50.241.109 - - [24/Jan/2015:19:06:13 -0500] "POST /forms/lservlet;jsessionid=ac16012b30d5f4158fd8302e4190874cba71654cc2bf.e3iSbxaKaheRe38RbNmLa3mSc41ynknvrkLOlQzNp65In0 HTTP/1.1" 200 2
66.249.67.119 - - [24/Jan/2015:19:06:32 -0500] "GET /publi/valla.htm HTTP/1.1" 404 1019
202.46.63.84 - - [24/Jan/2015:19:06:35 -0500] "GET /BLA/resoluciones/AUTOS%202009/1082.pdf HTTP/1.1" 200 103275
66.249.67.67 - - [24/Jan/2015:19:06:36 -0500] "GET /BLA/resoluciones/RESOLUCIONES%202007/RES%202007%201501%20AL%201600/RESOLUCION%201545%20DE%202007.pdf HTTP/1.1" 304 -
66.249.67.75 - - [24/Jan/2015:19:06:36 -0500] "GET /BLA/resoluciones/AUTOS%202011/2208.pdf HTTP/1.1" 200 218295
181.54.232.60 - - [24/Jan/2015:19:07:16 -0500] "POST /forms/lservlet;jsessionid=ac16012b30d5bdd70aafdce148629443f41b7eff01ca.e3iSbxaKaheRe38RbNmLa3mSc41ynknvrkLOlQzNp65In0 HTTP/1.1" 200 2
180.76.5.153 - - [24/Jan/2015:19:07:21 -0500] "GET /BLA/resoluciones/RESOLUCIONES%202011/3521.pdf HTTP/1.1" 200 432960
180.76.6.156 - - [24/Jan/2015:19:08:07 -0500] "GET /BLA/resoluciones/RESOLUCIONES%202010/2062.pdf HTTP/1.1" 200 196161
186.85.130.135 - - [24/Jan/2015:19:08:09 -0500] "GET /BLA/resoluciones/AUTOS%202012/0153.pdf HTTP/1.1" 200 306573
186.85.130.135 - - [24/Jan/2015:19:08:10 -0500] "GET /favicon.ico HTTP/1.1" 200 7782
186.85.130.135 - - [24/Jan/2015:19:08:12 -0500] "GET /BLA/resoluciones/AUTOS%202012/0153.pdf HTTP/1.1" 304 -
181.50.241.109 - - [24/Jan/2015:19:08:13 -0500] "POST /forms/lservlet;jsessionid=ac16012b30d5f4158fd8302e4190874cba71654cc2bf.e3iSbxaKaheRe38RbNmLa3mSc41ynknvrkLOlQzNp65In0 HTTP/1.1" 200 2
181.133.14.171 - - [24/Jan/2015:19:08:19 -0500] "GET /crossdomain.xml HTTP/1.1" 404 1280
181.133.14.171 - - [24/Jan/2015:19:08:20 -0500] "GET /arcgis/services/Calidad_del_Agua_WQI/MapServer/WMSServer?STYLES=&WIDTH=1024&LAYERS=3%2C4%2C5%2C6%2C7&BBOX=%2D74%2E07420125573249%2C4%2E585900617048961%2C%2D74%2E0729829716975%2C4%2E586694167294405&HEIGHT=667&SERVICE=WMS&FORMAT=image%2Fpng&SRS=EPSG%3A4686&REQUEST=GetMap&TRANSPARENT=TRUE&VERSION=1%2E1%2E1 HTTP/1.1" 200 4277
181.133.14.171 - - [24/Jan/2015:19:08:22 -0500] "GET /arcgis/services/Calidad_del_Agua_WQI/MapServer/WMSServer?STYLES=&WIDTH=1024&LAYERS=3%2C4%2C5%2C6%2C7&BBOX=%2D74%2E0741715208743%2C4%2E586245906038321%2C%2D74%2E07295323683931%2C4%2E587039456283764&HEIGHT=667&SERVICE=WMS&FORMAT=image%2Fpng&SRS=EPSG%3A4686&REQUEST=GetMap&TRANSPARENT=TRUE&VERSION=1%2E1%2E1 HTTP/1.1" 200 4277
181.133.14.171 - - [24/Jan/2015:19:08:27 -0500] "GET /arcgis/services/Calidad_del_Agua_WQI/MapServer/WMSServer?STYLES=&WIDTH=1024&LAYERS=3%2C4%2C5%2C6%2C7&BBOX=%2D74%2E07425233033548%2C4%2E586742131149277%2C%2D74%2E07303404630049%2C4%2E587535681394721&HEIGHT=667&SERVICE=WMS&FORMAT=image%2Fpng&SRS=EPSG%3A4686&REQUEST=GetMap&TRANSPARENT=TRUE&VERSION=1%2E1%2E1 HTTP/1.1" 200 4277
181.133.14.171 - - [24/Jan/2015:19:08:29 -0500] "GET /arcgis/services/Calidad_del_Agua_WQI/MapServer/WMSServer?STYLES=&WIDTH=1024&LAYERS=3%2C4%2C5%2C6%2C7&BBOX=%2D74%2E07425349301536%2C4%2E5872039048721645%2C%2D74%2E07303520898037%2C4%2E587997455117608&HEIGHT=667&SERVICE=WMS&FORMAT=image%2Fpng&SRS=EPSG%3A4686&REQUEST=GetMap&TRANSPARENT=TRUE&VERSION=1%2E1%2E1 HTTP/1.1" 200 4277
74.86.158.107 - - [24/Jan/2015:19:08:41 -0500] "GET / HTTP/1.1" 302 -
66.249.67.75 - - [24/Jan/2015:19:08:52 -0500] "GET /BLA/resoluciones/RESOLUCIONES%202013/0027.pdf HTTP/1.1" 200 2124888
201.244.199.41 - - [24/Jan/2015:19:09:08 -0500] "GET /forms/frmservlet?config=sia HTTP/1.1" 200 4028
201.244.199.41 - - [24/Jan/2015:19:09:13 -0500] "GET /forms/java/frmall_jinit.jar HTTP/1.1" 304 -
201.244.199.41 - - [24/Jan/2015:19:09:14 -0500] "GET /forms/java/icons.jar HTTP/1.1" 304 -
201.244.199.41 - - [24/Jan/2015:19:09:14 -0500] "GET /forms/java/java/awt/KeyboardFocusManager.class HTTP/1.1" 404 352
201.244.199.41 - - [24/Jan/2015:19:09:14 -0500] "GET /forms/java/java/awt/KeyboardFocusManager.class HTTP/1.1" 404 352
201.244.199.41 - - [24/Jan/2015:19:09:15 -0500] "GET /favicon.ico HTTP/1.1" 200 7782
201.244.199.41 - - [24/Jan/2015:19:09:15 -0500] "GET /forms/java/java/awt/event/MouseWheelListener.class HTTP/1.1" 404 356
201.244.199.41 - - [24/Jan/2015:19:09:15 -0500] "GET /forms/java/java/awt/event/MouseWheelListener.class HTTP/1.1" 404 356
181.54.232.60 - - [24/Jan/2015:19:09:16 -0500] "POST /forms/lservlet;jsessionid=ac16012b30d5bdd70aafdce148629443f41b7eff01ca.e3iSbxaKaheRe38RbNmLa3mSc41ynknvrkLOlQzNp65In0 HTTP/1.1" 200 2
201.244.199.41 - - [24/Jan/2015:19:09:16 -0500] "GET /forms/java/oracle/forms/registry/Registry.dat HTTP/1.1" 200 4213
201.244.199.41 - - [24/Jan/2015:19:09:16 -0500] "GET /forms/java/oracle/forms/registry/default.dat HTTP/1.1" 404 350
201.244.199.41 - - [24/Jan/2015:19:09:16 -0500] "GET /forms/frmservlet?config=sia&acceptLanguage=es-CO&ifcmd=startsession HTTP/1.1" 200 118
201.244.199.41 - - [24/Jan/2015:19:09:16 -0500] "GET /forms/lservlet;jsessionid=ac16012b30d55ba1efe64b764c6f90529e1d1d96dc05.e3iSbxaKaheRe38RbNmLa3mSc41ynknvrkLOlQzNp65In0?ifcmd=getinfo&ifhost=MClaudia-PC&ifip=192.168.0.9 HTTP/1.1" 200 8
201.244.199.41 - - [24/Jan/2015:19:09:16 -0500] "POST /forms/lservlet;jsessionid=ac16012b30d55ba1efe64b764c6f90529e1d1d96dc05.e3iSbxaKaheRe38RbNmLa3mSc41ynknvrkLOlQzNp65In0 HTTP/1.1" 200 8
201.244.199.41 - - [24/Jan/2015:19:09:16 -0500] "GET /forms/java/oracle/forms/engine/RunformBundle_es_CO.class HTTP/1.1" 404 362
201.244.199.41 - - [24/Jan/2015:19:09:17 -0500] "GET /forms/java/oracle/forms/engine/RunformBundle_es_CO.class HTTP/1.1" 404 362
201.244.199.41 - - [24/Jan/2015:19:09:17 -0500] "GET /forms/java/oracle/forms/engine/RunformBundle_es_CO.properties HTTP/1.1" 404 367
201.244.199.41 - - [24/Jan/2015:19:09:17 -0500] "POST /forms/lservlet;jsessionid=ac16012b30d55ba1efe64b764c6f90529e1d1d96dc05.e3iSbxaKaheRe38RbNmLa3mSc41ynknvrkLOlQzNp65In0 HTTP/1.1" 200 64000
201.244.199.41 - - [24/Jan/2015:19:09:18 -0500] "POST /forms/lservlet;jsessionid=ac16012b30d55ba1efe64b764c6f90529e1d1d96dc05.e3iSbxaKaheRe38RbNmLa3mSc41ynknvrkLOlQzNp65In0 HTTP/1.1" 200 64000
201.244.199.41 - - [24/Jan/2015:19:09:18 -0500] "POST /forms/lservlet;jsessionid=ac16012b30d55ba1efe64b764c6f90529e1d1d96dc05.e3iSbxaKaheRe38RbNmLa3mSc41ynknvrkLOlQzNp65In0 HTTP/1.1" 200 63623
201.244.199.41 - - [24/Jan/2015:19:09:20 -0500] "HEAD /imagenes/dama_logo.gif HTTP/1.1" 200 -
201.244.199.41 - - [24/Jan/2015:19:09:20 -0500] "GET /imagenes/dama_logo.gif HTTP/1.1" 200 21482
201.244.199.41 - - [24/Jan/2015:19:09:21 -0500] "POST /forms/lservlet;jsessionid=ac16012b30d55ba1efe64b764c6f90529e1d1d96dc05.e3iSbxaKaheRe38RbNmLa3mSc41ynknvrkLOlQzNp65In0 HTTP/1.1" 200 2
201.244.199.41 - - [24/Jan/2015:19:09:21 -0500] "POST /forms/lservlet;jsessionid=ac16012b30d55ba1efe64b764c6f90529e1d1d96dc05.e3iSbxaKaheRe38RbNmLa3mSc41ynknvrkLOlQzNp65In0 HTTP/1.1" 200 2
201.244.199.41 - - [24/Jan/2015:19:09:35 -0500] "POST /forms/lservlet;jsessionid=ac16012b30d55ba1efe64b764c6f90529e1d1d96dc05.e3iSbxaKaheRe38RbNmLa3mSc41ynknvrkLOlQzNp65In0 HTTP/1.1" 200 8002
201.244.199.41 - - [24/Jan/2015:19:09:36 -0500] "POST /forms/lservlet;jsessionid=ac16012b30d55ba1efe64b764c6f90529e1d1d96dc05.e3iSbxaKaheRe38RbNmLa3mSc41ynknvrkLOlQzNp65In0 HTTP/1.1" 200 64
201.244.199.41 - - [24/Jan/2015:19:09:37 -0500] "POST /forms/lservlet;jsessionid=ac16012b30d55ba1efe64b764c6f90529e1d1d96dc05.e3iSbxaKaheRe38RbNmLa3mSc41ynknvrkLOlQzNp65In0 HTTP/1.1" 200 2
201.244.199.41 - - [24/Jan/2015:19:09:37 -0500] "POST /forms/lservlet;jsessionid=ac16012b30d55ba1efe64b764c6f90529e1d1d96dc05.e3iSbxaKaheRe38RbNmLa3mSc41ynknvrkLOlQzNp65In0 HTTP/1.1" 200 2
201.244.199.41 - - [24/Jan/2015:19:09:37 -0500] "POST /forms/lservlet;jsessionid=ac16012b30d55ba1efe64b764c6f90529e1d1d96dc05.e3iSbxaKaheRe38RbNmLa3mSc41ynknvrkLOlQzNp65In0 HTTP/1.1" 200 2
201.244.199.41 - - [24/Jan/2015:19:09:53 -0500] "POST /forms/lservlet;jsessionid=ac16012b30d55ba1efe64b764c6f90529e1d1d96dc05.e3iSbxaKaheRe38RbNmLa3mSc41ynknvrkLOlQzNp65In0 HTTP/1.1" 200 29366
201.244.199.41 - - [24/Jan/2015:19:09:55 -0500] "GET /imagenes/listval.gif HTTP/1.1" 200 905
201.244.199.41 - - [24/Jan/2015:19:09:55 -0500] "GET /imagenes/rt_rec1.gif HTTP/1.1" 200 867
201.244.199.41 - - [24/Jan/2015:19:09:55 -0500] "GET /imagenes/apply.gif HTTP/1.1" 200 903
201.244.199.41 - - [24/Jan/2015:19:09:55 -0500] "GET /imagenes/rt_print.gif HTTP/1.1" 200 916
201.244.199.41 - - [24/Jan/2015:19:09:55 -0500] "GET /imagenes/exit.gif HTTP/1.1" 200 916
201.244.199.41 - - [24/Jan/2015:19:09:55 -0500] "GET /imagenes/LISTVAL.gif HTTP/1.1" 200 905
201.244.199.41 - - [24/Jan/2015:19:09:55 -0500] "GET /imagenes/edit.gif HTTP/1.1" 200 919
201.244.199.41 - - [24/Jan/2015:19:09:55 -0500] "GET /imagenes/rt_rec4.gif HTTP/1.1" 200 865
201.244.199.41 - - [24/Jan/2015:19:09:55 -0500] "GET /imagenes/rt_rec3.gif HTTP/1.1" 200 844
201.244.199.41 - - [24/Jan/2015:19:09:55 -0500] "GET /imagenes/rt_rec2.gif HTTP/1.1" 200 847
201.244.199.41 - - [24/Jan/2015:19:09:55 -0500] "GET /imagenes/rt_rdel.gif HTTP/1.1" 200 899
201.244.199.41 - - [24/Jan/2015:19:09:56 -0500] "GET /imagenes/rt_radd.gif HTTP/1.1" 200 907
201.244.199.41 - - [24/Jan/2015:19:09:56 -0500] "GET /imagenes/rt_quer3.gif HTTP/1.1" 200 939
201.244.199.41 - - [24/Jan/2015:19:09:56 -0500] "GET /imagenes/rt_quer2.gif HTTP/1.1" 200 936
201.244.199.41 - - [24/Jan/2015:19:09:56 -0500] "GET /imagenes/rt_quer1.gif HTTP/1.1" 200 930
201.244.199.41 - - [24/Jan/2015:19:09:56 -0500] "GET /imagenes/rt_save.gif HTTP/1.1" 200 903
201.244.199.41 - - [24/Jan/2015:19:09:56 -0500] "GET /imagenes/rt_pset.gif HTTP/1.1" 200 914
201.244.199.41 - - [24/Jan/2015:19:09:56 -0500] "POST /forms/lservlet;jsessionid=ac16012b30d55ba1efe64b764c6f90529e1d1d96dc05.e3iSbxaKaheRe38RbNmLa3mSc41ynknvrkLOlQzNp65In0 HTTP/1.1" 200 2
201.244.199.41 - - [24/Jan/2015:19:09:56 -0500] "POST /forms/lservlet;jsessionid=ac16012b30d55ba1efe64b764c6f90529e1d1d96dc05.e3iSbxaKaheRe38RbNmLa3mSc41ynknvrkLOlQzNp65In0 HTTP/1.1" 200 27
201.244.199.41 - - [24/Jan/2015:19:09:57 -0500] "POST /forms/lservlet;jsessionid=ac16012b30d55ba1efe64b764c6f90529e1d1d96dc05.e3iSbxaKaheRe38RbNmLa3mSc41ynknvrkLOlQzNp65In0 HTTP/1.1" 200 124
201.244.199.41 - - [24/Jan/2015:19:09:59 -0500] "POST /forms/lservlet;jsessionid=ac16012b30d55ba1efe64b764c6f90529e1d1d96dc05.e3iSbxaKaheRe38RbNmLa3mSc41ynknvrkLOlQzNp65In0 HTTP/1.1" 200 2
201.244.199.41 - - [24/Jan/2015:19:09:59 -0500] "POST /forms/lservlet;jsessionid=ac16012b30d55ba1efe64b764c6f90529e1d1d96dc05.e3iSbxaKaheRe38RbNmLa3mSc41ynknvrkLOlQzNp65In0 HTTP/1.1" 200 654
201.244.199.41 - - [24/Jan/2015:19:09:59 -0500] "GET /imagenes/Srch_frw.gif HTTP/1.1" 200 925
201.244.199.41 - - [24/Jan/2015:19:09:59 -0500] "POST /forms/lservlet;jsessionid=ac16012b30d55ba1efe64b764c6f90529e1d1d96dc05.e3iSbxaKaheRe38RbNmLa3mSc41ynknvrkLOlQzNp65In0 HTTP/1.1" 200 10
201.244.199.41 - - [24/Jan/2015:19:09:59 -0500] "POST /forms/lservlet;jsessionid=ac16012b30d55ba1efe64b764c6f90529e1d1d96dc05.e3iSbxaKaheRe38RbNmLa3mSc41ynknvrkLOlQzNp65In0 HTTP/1.1" 200 38
201.244.199.41 - - [24/Jan/2015:19:10:03 -0500] "POST /forms/lservlet;jsessionid=ac16012b30d55ba1efe64b764c6f90529e1d1d96dc05.e3iSbxaKaheRe38RbNmLa3mSc41ynknvrkLOlQzNp65In0 HTTP/1.1" 200 21
201.244.199.41 - - [24/Jan/2015:19:10:03 -0500] "POST /forms/lservlet;jsessionid=ac16012b30d55ba1efe64b764c6f90529e1d1d96dc05.e3iSbxaKaheRe38RbNmLa3mSc41ynknvrkLOlQzNp65In0 HTTP/1.1" 200 2456
201.244.199.41 - - [24/Jan/2015:19:10:04 -0500] "POST /forms/lservlet;jsessionid=ac16012b30d55ba1efe64b764c6f90529e1d1d96dc05.e3iSbxaKaheRe38RbNmLa3mSc41ynknvrkLOlQzNp65In0 HTTP/1.1" 200 22
201.244.199.41 - - [24/Jan/2015:19:10:06 -0500] "POST /forms/lservlet;jsessionid=ac16012b30d55ba1efe64b764c6f90529e1d1d96dc05.e3iSbxaKaheRe38RbNmLa3mSc41ynknvrkLOlQzNp65In0 HTTP/1.1" 200 84
201.244.199.41 - - [24/Jan/2015:19:10:12 -0500] "POST /forms/lservlet;jsessionid=ac16012b30d55ba1efe64b764c6f90529e1d1d96dc05.e3iSbxaKaheRe38RbNmLa3mSc41ynknvrkLOlQzNp65In0 HTTP/1.1" 200 2
201.244.199.41 - - [24/Jan/2015:19:10:12 -0500] "POST /forms/lservlet;jsessionid=ac16012b30d55ba1efe64b764c6f90529e1d1d96dc05.e3iSbxaKaheRe38RbNmLa3mSc41ynknvrkLOlQzNp65In0 HTTP/1.1" 200 69
188.165.15.200 - - [24/Jan/2015:19:10:12 -0500] "GET /BLA/resoluciones/RESOLUCIONES%202006/RES%202006%201701-1751/00001725.tif HTTP/1.1" 200 166278
201.244.199.41 - - [24/Jan/2015:19:10:12 -0500] "POST /forms/lservlet;jsessionid=ac16012b30d55ba1efe64b764c6f90529e1d1d96dc05.e3iSbxaKaheRe38RbNmLa3mSc41ynknvrkLOlQzNp65In0 HTTP/1.1" 200 2
181.50.241.109 - - [24/Jan/2015:19:10:13 -0500] "POST /forms/lservlet;jsessionid=ac16012b30d5f4158fd8302e4190874cba71654cc2bf.e3iSbxaKaheRe38RbNmLa3mSc41ynknvrkLOlQzNp65In0 HTTP/1.1" 200 2
201.244.199.41 - - [24/Jan/2015:19:10:13 -0500] "POST /forms/lservlet;jsessionid=ac16012b30d55ba1efe64b764c6f90529e1d1d96dc05.e3iSbxaKaheRe38RbNmLa3mSc41ynknvrkLOlQzNp65In0 HTTP/1.1" 200 1325
201.244.199.41 - - [24/Jan/2015:19:10:13 -0500] "POST /forms/lservlet;jsessionid=ac16012b30d55ba1efe64b764c6f90529e1d1d96dc05.e3iSbxaKaheRe38RbNmLa3mSc41ynknvrkLOlQzNp65In0 HTTP/1.1" 200 2
201.244.199.41 - - [24/Jan/2015:19:10:15 -0500] "POST /forms/lservlet;jsessionid=ac16012b30d55ba1efe64b764c6f90529e1d1d96dc05.e3iSbxaKaheRe38RbNmLa3mSc41ynknvrkLOlQzNp65In0 HTTP/1.1" 200 34871
201.244.199.41 - - [24/Jan/2015:19:10:16 -0500] "GET /imagenes/listval.gif HTTP/1.1" 200 905
201.244.199.41 - - [24/Jan/2015:19:10:16 -0500] "GET /imagenes/tree1.gif HTTP/1.1" 200 1161
201.244.199.41 - - [24/Jan/2015:19:10:16 -0500] "GET /imagenes/listval.gif HTTP/1.1" 200 905
201.244.199.41 - - [24/Jan/2015:19:10:16 -0500] "GET /imagenes/CAMERA3.gif HTTP/1.1" 200 4150
201.244.199.41 - - [24/Jan/2015:19:10:17 -0500] "GET /imagenes/SLIDE1.gif HTTP/1.1" 200 1111
201.244.199.41 - - [24/Jan/2015:19:10:17 -0500] "GET /imagenes/flexcomb.gif HTTP/1.1" 200 1169
201.244.199.41 - - [24/Jan/2015:19:10:17 -0500] "GET /imagenes/GO.gif HTTP/1.1" 200 904
201.244.199.41 - - [24/Jan/2015:19:10:17 -0500] "GET /imagenes/HRTOOLS.gif HTTP/1.1" 200 2238
201.244.199.41 - - [24/Jan/2015:19:10:17 -0500] "GET /imagenes/QUEJA.gif HTTP/1.1" 200 1091
201.244.199.41 - - [24/Jan/2015:19:10:17 -0500] "GET /imagenes/ARBOL.gif HTTP/1.1" 200 1026
201.244.199.41 - - [24/Jan/2015:19:10:17 -0500] "GET /imagenes/Clipboard.gif HTTP/1.1" 200 1466
201.244.199.41 - - [24/Jan/2015:19:10:17 -0500] "GET /imagenes/DINERO.gif HTTP/1.1" 200 1766
201.244.199.41 - - [24/Jan/2015:19:10:17 -0500] "GET /imagenes/URGENTE.gif HTTP/1.1" 200 964
201.244.199.41 - - [24/Jan/2015:19:10:17 -0500] "GET /imagenes/TREE4.gif HTTP/1.1" 200 4150
