!C99Shell v. 1.0 pre-release build #13!

Software: Apache. PHP/5.5.15 

uname -a: Windows NT SVR-DMZ 6.1 build 7600 (Windows Server 2008 R2 Enterprise Edition) i586 

SYSTEM 

Safe-mode: OFF (not secure)

E:\nuevo\apache\logs\   drwxrwxrwx
Free 8.02 GB of 239.26 GB (3.35%)
Detected drives: [ a ] [ c ] [ d ] [ e ] [ f ]
Home    Back    Forward    UPDIR    Refresh    Search    Buffer    Encoder    Tools    Proc.    FTP brute    Sec.    SQL    PHP-code    Update    Feedback    Self remove    Logout    


Viewing file:     access.2015.01.24.log (1.93 MB)      -rw-rw-rw-
Select action/file-type:
(+) | (+) | (+) | Code (+) | Session (+) | (+) | SDB (+) | (+) | (+) | (+) | (+) | (+) |
180.76.5.77 - - [24/Jan/2015:00:00:38 -0500] "GET /BLA/boletinlegal;jsessionid=01CAE00CB09847C43E1B771DF2F05A76?/? HTTP/1.1" 404 1018
66.249.67.67 - - [24/Jan/2015:00:01:19 -0500] "GET /BLA/resoluciones/AUTOS%202014/5016.pdf HTTP/1.1" 200 330915
180.76.5.150 - - [24/Jan/2015:00:01:33 -0500] "GET /BLA/boletinlegal;jsessionid=65D4B50EEFD7AAFDCABFF986CE9E4B03?/? HTTP/1.1" 404 1018
74.86.158.107 - - [24/Jan/2015:00:02:02 -0500] "HEAD / HTTP/1.1" 302 -
201.245.192.253 - - [24/Jan/2015:00:02:14 -0500] "GET /forest/session.jsp?a=0.8425899433858431 HTTP/1.1" 200 4
188.165.15.208 - - [24/Jan/2015:00:03:23 -0500] "GET /BLA/resoluciones/RESOLUCIONES%202002/RES%202002%201251-1301/20021278.tif HTTP/1.1" 200 101886
188.165.15.105 - - [24/Jan/2015:00:03:58 -0500] "GET /BLA/resoluciones/RESOLUCIONES%202004/RES%202004%20601-650/00000641.tif HTTP/1.1" 200 156106
201.245.192.253 - - [24/Jan/2015:00:04:49 -0500] "GET /forest/session.jsp?a=0.14902695814682554 HTTP/1.1" 200 4
180.76.5.153 - - [24/Jan/2015:00:06:22 -0500] "GET /BLA/boletinlegal;jsessionid=3EABEBAAEC8C03286B8EE9B862900058?/? HTTP/1.1" 404 1018
74.86.158.107 - - [24/Jan/2015:00:07:02 -0500] "HEAD / HTTP/1.1" 302 -
201.245.192.253 - - [24/Jan/2015:00:07:14 -0500] "GET /forest/session.jsp?a=0.5932144406018427 HTTP/1.1" 200 4
180.76.5.28 - - [24/Jan/2015:00:07:17 -0500] "GET /BLA/boletinlegal;jsessionid=8BCBE92FA9106389BECAB20EC28A3E3C?/? HTTP/1.1" 404 1018
66.249.67.75 - - [24/Jan/2015:00:07:36 -0500] "GET /BLA/resoluciones/RESOLUCIONES%202009/7025.pdf HTTP/1.1" 200 727521
190.27.182.30 - - [24/Jan/2015:00:07:58 -0500] "GET /BLA/boletinlegal/js/jquery.js HTTP/1.1" 200 57254
190.27.182.30 - - [24/Jan/2015:00:07:58 -0500] "GET /BLA/boletinlegal/js/jquery.scrollTo-min.js HTTP/1.1" 200 1150
190.27.182.30 - - [24/Jan/2015:00:07:58 -0500] "GET /BLA/boletinlegal/js/jquery.scrollShow.js HTTP/1.1" 200 4586
66.249.67.75 - - [24/Jan/2015:00:08:46 -0500] "GET /BLA/resoluciones/RESOLUCIONES%202014/0080.pdf HTTP/1.1" 200 488682
201.245.192.253 - - [24/Jan/2015:00:09:49 -0500] "GET /forest/session.jsp?a=0.669331348867261 HTTP/1.1" 200 4
180.76.5.153 - - [24/Jan/2015:00:10:07 -0500] "GET /BLA/resoluciones/index.php?dir=RESOLUCIONES%202003/RES%202003%20051-100/&sort=size&order=asc HTTP/1.1" 200 11998
180.76.6.43 - - [24/Jan/2015:00:11:01 -0500] "GET /BLA/resoluciones/RESOLUCIONES%202008/5479.pdf HTTP/1.1" 200 211186
74.86.158.107 - - [24/Jan/2015:00:12:02 -0500] "HEAD / HTTP/1.1" 302 -
66.249.67.83 - - [24/Jan/2015:00:12:09 -0500] "GET /BLA/resoluciones/RESOLUCIONES%202005/RES%202005%20951-1000/00000959.tif HTTP/1.1" 200 219688
201.245.192.253 - - [24/Jan/2015:00:12:14 -0500] "GET /forest/session.jsp?a=0.9293213448033693 HTTP/1.1" 200 4
92.48.105.158 - - [24/Jan/2015:00:12:42 -0500] "GET /wp-admin/ HTTP/1.1" 404 1018
180.76.5.22 - - [24/Jan/2015:00:12:50 -0500] "GET /BLA/resoluciones/AUTOS%202011/3759.pdf HTTP/1.1" 200 155873
181.254.165.240 - - [24/Jan/2015:00:13:54 -0500] "GET /BLA/boletinlegal/jurisprudencia/analisis/Analisis%20Sentencia%20T-1077,%202%20corregida.doc HTTP/1.1" 200 47616
181.254.165.240 - - [24/Jan/2015:00:14:46 -0500] "GET /BLA/boletinlegal/jurisprudencia/analisis/Analisis%20Sentencia%20T-1077,%202%20corregida.doc HTTP/1.1" 200 47616
201.245.192.253 - - [24/Jan/2015:00:14:49 -0500] "GET /forest/session.jsp?a=0.21550141550421376 HTTP/1.1" 200 4
186.81.110.146 - - [24/Jan/2015:00:15:07 -0500] "GET /galeria/nivo-slider/demo/demo.html HTTP/1.1" 304 -
186.81.110.146 - - [24/Jan/2015:00:15:10 -0500] "GET /galeria/nivo-slider/demo/images/bolsas-08.jpg HTTP/1.1" 304 -
186.81.110.146 - - [24/Jan/2015:00:15:10 -0500] "GET /galeria/nivo-slider/demo/images/Ruta-vertimientos-01.jpg HTTP/1.1" 304 -
186.81.110.146 - - [24/Jan/2015:00:15:10 -0500] "GET /galeria/nivo-slider/demo/images/bolsas-06.jpg HTTP/1.1" 304 -
186.81.110.146 - - [24/Jan/2015:00:15:10 -0500] "GET /galeria/nivo-slider/demo/images/ecolecta-Dic2014.png HTTP/1.1" 304 -
66.249.67.83 - - [24/Jan/2015:00:16:30 -0500] "GET /BLA/resoluciones/AUTOS%202014/1934.pdf HTTP/1.1" 200 736037
74.86.158.107 - - [24/Jan/2015:00:17:02 -0500] "HEAD / HTTP/1.1" 302 -
220.181.108.109 - - [24/Jan/2015:00:17:13 -0500] "GET / HTTP/1.1" 302 -
201.245.192.253 - - [24/Jan/2015:00:17:14 -0500] "GET /forest/session.jsp?a=0.8042540456355485 HTTP/1.1" 200 4
188.165.15.200 - - [24/Jan/2015:00:17:47 -0500] "GET /BLA/resoluciones/RESOLUCIONES%202006/RES%202006%202151-2200/00002185.tif HTTP/1.1" 200 183990
123.125.71.33 - - [24/Jan/2015:00:18:20 -0500] "GET / HTTP/1.1" 302 -
66.249.67.75 - - [24/Jan/2015:00:19:06 -0500] "GET /resoluciones/RESOLUCIONES%202007/RES%202007%20101%20AL%20200/RESOLUCION%200127%20%20DE%202007.pdf HTTP/1.1" 404 1018
186.30.146.131 - - [24/Jan/2015:00:19:26 -0500] "GET /BLA/resoluciones/AUTOS%202013/0544.pdf HTTP/1.1" 200 1576495
186.30.146.131 - - [24/Jan/2015:00:19:26 -0500] "GET /BLA/resoluciones/AUTOS%202013/0544.pdf HTTP/1.1" 206 32768
186.30.146.131 - - [24/Jan/2015:00:19:27 -0500] "GET /BLA/resoluciones/AUTOS%202013/0544.pdf HTTP/1.1" 206 1543727
186.30.146.131 - - [24/Jan/2015:00:19:31 -0500] "GET /favicon.ico HTTP/1.1" 200 7782
201.245.192.253 - - [24/Jan/2015:00:19:49 -0500] "GET /forest/session.jsp?a=0.02016916495823451 HTTP/1.1" 200 4
180.76.5.23 - - [24/Jan/2015:00:20:12 -0500] "GET /BLA/boletinlegal;jsessionid=49FA2B3E19A71D9F96D8066F01445E3B?/? HTTP/1.1" 404 1018
188.165.15.61 - - [24/Jan/2015:00:20:22 -0500] "GET /BLA/resoluciones/RESOLUCIONES%202005/RES%202005%20651-700/00000655.tif HTTP/1.1" 200 41786
180.76.6.60 - - [24/Jan/2015:00:21:07 -0500] "GET /BLA/boletinlegal/;jsessionid=3A8B4631C51F6C3B51C7776422F1BD68? HTTP/1.1" 404 1018
188.165.15.105 - - [24/Jan/2015:00:21:39 -0500] "GET /BLA/resoluciones/RESOLUCIONES%202005/RES%202005%20751-800/00000776.tif HTTP/1.1" 200 385472
74.86.158.107 - - [24/Jan/2015:00:22:02 -0500] "HEAD / HTTP/1.1" 302 -
66.249.67.83 - - [24/Jan/2015:00:22:09 -0500] "GET /BLA/resoluciones/RESOLUCIONES%202003/RES%202003%20401-450/432.tif HTTP/1.1" 200 122508
92.48.105.158 - - [24/Jan/2015:00:22:09 -0500] "GET /test/wp-admin/ HTTP/1.1" 404 1018
201.245.192.253 - - [24/Jan/2015:00:22:14 -0500] "GET /forest/session.jsp?a=0.08044925045187179 HTTP/1.1" 200 4
66.249.67.67 - - [24/Jan/2015:00:22:47 -0500] "GET /BLA/resoluciones/index.php?dir=Notificaciones%2FAUTOS+2012%2F HTTP/1.1" 200 2555
66.249.67.75 - - [24/Jan/2015:00:23:41 -0500] "GET /BLA/resoluciones/RESOLUCIONES%202014/1264.pdf HTTP/1.1" 200 690296
180.76.6.225 - - [24/Jan/2015:00:23:53 -0500] "GET /BLA/resoluciones/RESOLUCIONES%202010/2699.pdf HTTP/1.1" 200 378668
186.147.140.91 - - [24/Jan/2015:00:23:56 -0500] "GET /forest/img/forestIcon.gif?version=1412.231748 HTTP/1.1" 304 -
188.165.15.43 - - [24/Jan/2015:00:24:00 -0500] "GET /BLA/resoluciones/RESOLUCIONES%202004/RES%202004%201401-1450/00001433.tif HTTP/1.1" 200 224684
201.245.192.253 - - [24/Jan/2015:00:24:49 -0500] "GET /forest/session.jsp?a=0.9304892660045064 HTTP/1.1" 200 4
188.165.15.5 - - [24/Jan/2015:00:25:35 -0500] "GET /BLA/resoluciones/index.php?dir=RESOLUCIONES%202002/RES%202002%20651-700/&sort=name&order=asc HTTP/1.1" 200 12213
188.165.15.177 - - [24/Jan/2015:00:25:44 -0500] "GET /BLA/resoluciones/RESOLUCIONES%202004/RES%202004%201951-2000/00001968.tif HTTP/1.1" 200 119042
188.165.15.43 - - [24/Jan/2015:00:25:47 -0500] "GET /BLA/resoluciones/RESOLUCIONES%202003/RES%202003%201601-1650/20031641.tif HTTP/1.1" 200 156340
66.249.67.83 - - [24/Jan/2015:00:26:41 -0500] "GET /BLA/resoluciones/Notificaciones/AUTOS%202012/1520.doc HTTP/1.1" 200 239104
186.81.110.146 - - [24/Jan/2015:00:26:58 -0500] "GET /galeria/nivo-slider/demo/demo.html HTTP/1.1" 304 -
186.81.110.146 - - [24/Jan/2015:00:27:00 -0500] "GET /galeria/nivo-slider/demo/images/bolsas-08.jpg HTTP/1.1" 304 -
186.81.110.146 - - [24/Jan/2015:00:27:00 -0500] "GET /galeria/nivo-slider/demo/images/Ruta-vertimientos-01.jpg HTTP/1.1" 304 -
186.81.110.146 - - [24/Jan/2015:00:27:00 -0500] "GET /galeria/nivo-slider/demo/images/bolsas-06.jpg HTTP/1.1" 304 -
186.81.110.146 - - [24/Jan/2015:00:27:00 -0500] "GET /galeria/nivo-slider/demo/images/ecolecta-Dic2014.png HTTP/1.1" 304 -
74.86.158.107 - - [24/Jan/2015:00:27:02 -0500] "HEAD / HTTP/1.1" 302 -
66.249.67.83 - - [24/Jan/2015:00:27:04 -0500] "GET /BLA/resoluciones/Notificaciones/AUTOS%202012/0832.doc HTTP/1.1" 200 836608
201.245.192.253 - - [24/Jan/2015:00:27:14 -0500] "GET /forest/session.jsp?a=0.33224335299927066 HTTP/1.1" 200 4
66.249.67.75 - - [24/Jan/2015:00:27:40 -0500] "GET /BLA/resoluciones/index.php?dir=Notificaciones/AUTOS%202012/&sort=date&order=asc HTTP/1.1" 200 2555
157.55.39.60 - - [24/Jan/2015:00:27:42 -0500] "GET /BLA/boletinlegal/js/jquery.js HTTP/1.1" 200 57254
157.55.39.60 - - [24/Jan/2015:00:27:43 -0500] "GET /BLA/boletinlegal/js/jquery.scrollShow.js HTTP/1.1" 200 4586
157.55.39.60 - - [24/Jan/2015:00:27:43 -0500] "GET /BLA/boletinlegal/js/jquery.scrollTo-min.js HTTP/1.1" 200 1150
187.185.147.36 - - [24/Jan/2015:00:28:11 -0500] "GET /BLA/boletinlegal/images/screen_3.png HTTP/1.1" 200 211853
66.249.67.67 - - [24/Jan/2015:00:28:13 -0500] "GET /BLA/resoluciones/index.php?dir=Notificaciones/AUTOS%202012/&sort=name&order=desc HTTP/1.1" 200 2554
180.76.6.151 - - [24/Jan/2015:00:28:39 -0500] "GET /BLA/boletinlegal;jsessionid=774B00C2CFFD7EC194BAC819005288CF?/? HTTP/1.1" 404 1018
66.249.67.75 - - [24/Jan/2015:00:28:52 -0500] "GET /BLA/resoluciones/index.php?dir=Notificaciones/AUTOS%202012/&sort=size&order=asc HTTP/1.1" 200 2555
180.76.6.49 - - [24/Jan/2015:00:29:33 -0500] "GET /BLA/boletinlegal;jsessionid=30AC4A439B7BB3D1FEC924B515951C69?/? HTTP/1.1" 404 1018
201.245.192.253 - - [24/Jan/2015:00:29:49 -0500] "GET /forest/session.jsp?a=0.6012862670168543 HTTP/1.1" 200 4
66.249.67.83 - - [24/Jan/2015:00:30:19 -0500] "GET /BLA/resoluciones/index.php?dir=Notificaciones/AUTOS%202012/&sort=date&order=desc HTTP/1.1" 200 2554
66.249.67.75 - - [24/Jan/2015:00:31:06 -0500] "GET /BLA/resoluciones/index.php?dir=Notificaciones/AUTOS%202012/&sort=size&order=desc HTTP/1.1" 200 2554
92.48.105.158 - - [24/Jan/2015:00:31:37 -0500] "GET /wordpress/wp-admin/ HTTP/1.1" 404 1018
74.86.158.107 - - [24/Jan/2015:00:32:02 -0500] "HEAD / HTTP/1.1" 302 -
201.245.192.253 - - [24/Jan/2015:00:32:14 -0500] "GET /forest/session.jsp?a=0.2572269391950317 HTTP/1.1" 200 4
66.249.67.75 - - [24/Jan/2015:00:32:26 -0500] "GET /even/solojefe1/tsld011.htm HTTP/1.1" 404 1018
66.249.67.67 - - [24/Jan/2015:00:32:26 -0500] "GET /BLA/resoluciones/index.php?dir=Notificaciones/AUTOS%202012/&sort=name&order=asc HTTP/1.1" 200 2555
66.249.67.83 - - [24/Jan/2015:00:33:20 -0500] "GET /BLA/resoluciones/dlf/styles.css HTTP/1.1" 200 3049
180.76.6.63 - - [24/Jan/2015:00:34:14 -0500] "GET /BLA/resoluciones/RESOLUCIONES%202013/2197.pdf HTTP/1.1" 200 7514014
201.245.192.253 - - [24/Jan/2015:00:34:49 -0500] "GET /forest/session.jsp?a=0.06690391951112562 HTTP/1.1" 200 4
180.76.5.189 - - [24/Jan/2015:00:35:09 -0500] "GET /BLA/boletinlegal;jsessionid=611A9834AAFDEC73D312233DA876C073?/? HTTP/1.1" 404 1018
180.76.6.157 - - [24/Jan/2015:00:36:04 -0500] "GET /BLA/boletinlegal;jsessionid=623680CB227462EFED2A469495024A2B?/? HTTP/1.1" 404 1018
74.86.158.107 - - [24/Jan/2015:00:37:02 -0500] "HEAD / HTTP/1.1" 302 -
201.245.192.253 - - [24/Jan/2015:00:37:14 -0500] "GET /forest/session.jsp?a=0.5473020548592227 HTTP/1.1" 200 4
190.253.164.94 - - [24/Jan/2015:00:38:04 -0500] "GET /BLA/boletinlegal/js/jquery.js HTTP/1.1" 200 57254
190.253.164.94 - - [24/Jan/2015:00:38:04 -0500] "GET /BLA/boletinlegal/js/jquery.scrollTo-min.js HTTP/1.1" 200 1150
190.253.164.94 - - [24/Jan/2015:00:38:04 -0500] "GET /BLA/boletinlegal/js/jquery.scrollShow.js HTTP/1.1" 200 4586
66.249.67.75 - - [24/Jan/2015:00:38:42 -0500] "GET /BLA/resoluciones/RESOLUCIONES%202009/5347.pdf HTTP/1.1" 200 434712
201.245.192.253 - - [24/Jan/2015:00:39:49 -0500] "GET /forest/session.jsp?a=0.07727308907346675 HTTP/1.1" 200 4
180.76.6.55 - - [24/Jan/2015:00:40:06 -0500] "GET /BLA/boletinlegal/Circulares/2011/Circular%20003%20de%20Febrero%20de%202011.pdf HTTP/1.1" 200 224758
66.249.67.67 - - [24/Jan/2015:00:40:23 -0500] "GET /BLA/resoluciones/RESOLUCIONES%202004/RES%202004%2001-%2050/00000046.tif HTTP/1.1" 200 7860
200.119.10.206 - - [24/Jan/2015:00:40:38 -0500] "GET /BLA/boletinlegal/js/jquery.js HTTP/1.1" 200 57254
200.119.10.206 - - [24/Jan/2015:00:40:38 -0500] "GET /BLA/boletinlegal/js/jquery.scrollTo-min.js HTTP/1.1" 200 1150
200.119.10.206 - - [24/Jan/2015:00:40:38 -0500] "GET /BLA/boletinlegal/js/jquery.scrollShow.js HTTP/1.1" 200 4586
180.76.6.36 - - [24/Jan/2015:00:41:02 -0500] "GET /BLA/boletinlegal;jsessionid=46AEC6D721D10D5A0879111EFDD26985?/? HTTP/1.1" 404 1018
92.48.105.158 - - [24/Jan/2015:00:41:06 -0500] "GET /blog/wp-admin/ HTTP/1.1" 404 1018
186.85.134.110 - - [24/Jan/2015:00:41:26 -0500] "GET /galeria/mapa/Aula-Soratama.jpg HTTP/1.1" 200 51270
180.76.6.43 - - [24/Jan/2015:00:41:56 -0500] "GET /BLA/boletinlegal;jsessionid=9E95EA37F8044CBCAA9889B14DD4491A?/? HTTP/1.1" 404 1018
74.86.158.107 - - [24/Jan/2015:00:42:02 -0500] "HEAD / HTTP/1.1" 302 -
201.245.192.253 - - [24/Jan/2015:00:42:14 -0500] "GET /forest/session.jsp?a=0.9340373804891161 HTTP/1.1" 200 4
191.95.250.78 - - [24/Jan/2015:00:42:45 -0500] "GET /BLA/boletinlegal/js/jquery.js HTTP/1.1" 200 57254
191.95.250.78 - - [24/Jan/2015:00:42:45 -0500] "GET /BLA/boletinlegal/js/jquery.scrollTo-min.js HTTP/1.1" 200 1150
191.95.250.78 - - [24/Jan/2015:00:42:45 -0500] "GET /BLA/boletinlegal/js/jquery.scrollShow.js HTTP/1.1" 200 4586
78.85.73.36 - - [24/Jan/2015:00:43:25 -0500] "GET / HTTP/1.1" 302 -
78.85.73.36 - - [24/Jan/2015:00:43:28 -0500] "GET /BLA/boletinlegal/js/jquery.js HTTP/1.1" 200 57254
78.85.73.36 - - [24/Jan/2015:00:43:28 -0500] "GET /BLA/boletinlegal/js/jquery.js HTTP/1.1" 200 57254
78.85.73.36 - - [24/Jan/2015:00:43:28 -0500] "GET /BLA/boletinlegal/js/jquery.scrollTo-min.js HTTP/1.1" 200 1150
78.85.73.36 - - [24/Jan/2015:00:43:28 -0500] "GET /BLA/boletinlegal/js/jquery.scrollShow.js HTTP/1.1" 200 4586
78.85.73.36 - - [24/Jan/2015:00:43:29 -0500] "GET /galeria/carrusel/Carrusel/jquery.thumbnailScroller.css HTTP/1.1" 200 2066
78.85.73.36 - - [24/Jan/2015:00:43:30 -0500] "GET /galeria/carrusel/Carrusel/jquery-ui-1.8.13.custom.min.js HTTP/1.1" 200 10800
78.85.73.36 - - [24/Jan/2015:00:43:30 -0500] "GET /galeria/carrusel/Carrusel/jquery.thumbnailScroller.js HTTP/1.1" 200 8157
78.85.73.36 - - [24/Jan/2015:00:43:54 -0500] "GET /galeria/nivo-slider/demo/demo.html HTTP/1.1" 200 3150
78.85.73.36 - - [24/Jan/2015:00:43:54 -0500] "GET /galeria/nivo-slider/themes/pascal/pascal.css HTTP/1.1" 200 2258
78.85.73.36 - - [24/Jan/2015:00:43:54 -0500] "GET /galeria/nivo-slider/themes/default/default.css HTTP/1.1" 200 1569
78.85.73.36 - - [24/Jan/2015:00:43:55 -0500] "GET /galeria/nivo-slider/themes/orman/orman.css HTTP/1.1" 200 2152
78.85.73.36 - - [24/Jan/2015:00:43:55 -0500] "GET /galeria/nivo-slider/nivo-slider.css HTTP/1.1" 200 1507
78.85.73.36 - - [24/Jan/2015:00:43:55 -0500] "GET /galeria/nivo-slider/demo/style.css HTTP/1.1" 200 2222
78.85.73.36 - - [24/Jan/2015:00:43:55 -0500] "GET /galeria/nivo-slider/demo/images/bolsas-08.jpg HTTP/1.1" 200 85589
78.85.73.36 - - [24/Jan/2015:00:43:55 -0500] "GET /galeria/nivo-slider/demo/images/Ruta-vertimientos-01.jpg HTTP/1.1" 200 130151
78.85.73.36 - - [24/Jan/2015:00:43:57 -0500] "GET /galeria/nivo-slider/demo/images/bolsas-06.jpg HTTP/1.1" 200 90982
78.85.73.36 - - [24/Jan/2015:00:43:57 -0500] "GET /galeria/nivo-slider/demo/images/ecolecta-Dic2014.png HTTP/1.1" 200 288593
78.85.73.36 - - [24/Jan/2015:00:43:57 -0500] "GET /galeria/nivo-slider/demo/images/porloshumedales.jpg HTTP/1.1" 200 351238
78.85.73.36 - - [24/Jan/2015:00:43:58 -0500] "GET /galeria/nivo-slider/demo/images/Tingua-azul.jpg HTTP/1.1" 200 307638
78.85.73.36 - - [24/Jan/2015:00:44:01 -0500] "GET /galeria/nivo-slider/demo/images/Banner-Caracol-Africano.jpg HTTP/1.1" 200 331986
78.85.73.36 - - [24/Jan/2015:00:44:04 -0500] "GET /galeria/nivo-slider/demo/images/banner-redes.jpg HTTP/1.1" 200 62209
78.85.73.36 - - [24/Jan/2015:00:44:05 -0500] "GET /galeria/nivo-slider/demo/images/9Signos.jpg HTTP/1.1" 200 93040
78.85.73.36 - - [24/Jan/2015:00:44:05 -0500] "GET /galeria/nivo-slider/demo/images/banner-llantas2.jpg HTTP/1.1" 200 73153
78.85.73.36 - - [24/Jan/2015:00:44:06 -0500] "GET /galeria/nivo-slider/demo/images/banner-caballos.png HTTP/1.1" 200 389106
78.85.73.36 - - [24/Jan/2015:00:44:06 -0500] "GET /galeria/nivo-slider/demo/scripts/jquery-1.7.1.min.js HTTP/1.1" 200 93868
78.85.73.36 - - [24/Jan/2015:00:44:06 -0500] "GET /galeria/nivo-slider/jquery.nivo.slider.pack.js HTTP/1.1" 200 11561
186.154.149.0 - - [24/Jan/2015:00:44:30 -0500] "GET /BLA/boletinlegal/js/jquery.scrollTo-min.js HTTP/1.1" 200 1150
186.154.149.0 - - [24/Jan/2015:00:44:30 -0500] "GET /BLA/boletinlegal/js/jquery.js HTTP/1.1" 200 57254
186.154.149.0 - - [24/Jan/2015:00:44:30 -0500] "GET /BLA/boletinlegal/js/jquery.scrollShow.js HTTP/1.1" 200 4586
186.154.149.0 - - [24/Jan/2015:00:44:30 -0500] "GET /galeria/carrusel/Carrusel/jquery.thumbnailScroller.css HTTP/1.1" 200 2066
186.154.149.0 - - [24/Jan/2015:00:44:30 -0500] "GET /galeria/carrusel/Carrusel/jquery-ui-1.8.13.custom.min.js HTTP/1.1" 200 10800
186.154.149.0 - - [24/Jan/2015:00:44:31 -0500] "GET /galeria/carrusel/Carrusel/jquery.thumbnailScroller.js HTTP/1.1" 200 8157
186.154.149.0 - - [24/Jan/2015:00:44:35 -0500] "GET /galeria/nivo-slider/demo/demo.html HTTP/1.1" 200 3150
186.154.149.0 - - [24/Jan/2015:00:44:36 -0500] "GET /galeria/nivo-slider/themes/default/default.css HTTP/1.1" 200 1569
186.154.149.0 - - [24/Jan/2015:00:44:36 -0500] "GET /galeria/nivo-slider/themes/pascal/pascal.css HTTP/1.1" 200 2258
186.154.149.0 - - [24/Jan/2015:00:44:36 -0500] "GET /galeria/nivo-slider/themes/orman/orman.css HTTP/1.1" 200 2152
186.154.149.0 - - [24/Jan/2015:00:44:36 -0500] "GET /galeria/nivo-slider/nivo-slider.css HTTP/1.1" 200 1507
186.154.149.0 - - [24/Jan/2015:00:44:36 -0500] "GET /galeria/nivo-slider/demo/style.css HTTP/1.1" 200 2222
186.154.149.0 - - [24/Jan/2015:00:44:36 -0500] "GET /galeria/nivo-slider/demo/images/bolsas-08.jpg HTTP/1.1" 200 85589
186.154.149.0 - - [24/Jan/2015:00:44:36 -0500] "GET /galeria/nivo-slider/demo/scripts/jquery-1.7.1.min.js HTTP/1.1" 200 93868
186.154.149.0 - - [24/Jan/2015:00:44:36 -0500] "GET /galeria/nivo-slider/jquery.nivo.slider.pack.js HTTP/1.1" 200 11561
186.154.149.0 - - [24/Jan/2015:00:44:36 -0500] "GET /galeria/nivo-slider/demo/images/Ruta-vertimientos-01.jpg HTTP/1.1" 200 130151
186.154.149.0 - - [24/Jan/2015:00:44:36 -0500] "GET /galeria/nivo-slider/demo/images/bolsas-06.jpg HTTP/1.1" 200 90982
186.154.149.0 - - [24/Jan/2015:00:44:36 -0500] "GET /galeria/nivo-slider/demo/images/ecolecta-Dic2014.png HTTP/1.1" 200 288593
186.154.149.0 - - [24/Jan/2015:00:44:37 -0500] "GET /galeria/nivo-slider/themes/default/loading.gif HTTP/1.1" 200 1737
186.154.149.0 - - [24/Jan/2015:00:44:37 -0500] "GET /galeria/nivo-slider/demo/images/4Simple_Slider.png HTTP/1.1" 200 11722
186.154.149.0 - - [24/Jan/2015:00:44:37 -0500] "GET /galeria/nivo-slider/demo/images/Banner-Caracol-Africano.jpg HTTP/1.1" 200 331986
186.154.149.0 - - [24/Jan/2015:00:44:37 -0500] "GET /galeria/nivo-slider/demo/images/Tingua-azul.jpg HTTP/1.1" 200 307638
186.154.149.0 - - [24/Jan/2015:00:44:38 -0500] "GET /galeria/nivo-slider/demo/images/banner-llantas2.jpg HTTP/1.1" 200 73153
186.154.149.0 - - [24/Jan/2015:00:44:38 -0500] "GET /galeria/nivo-slider/demo/images/9Signos.jpg HTTP/1.1" 200 93040
186.154.149.0 - - [24/Jan/2015:00:44:38 -0500] "GET /galeria/nivo-slider/demo/images/banner-redes.jpg HTTP/1.1" 200 62209
186.154.149.0 - - [24/Jan/2015:00:44:39 -0500] "GET /galeria/nivo-slider/demo/images/banner-caballos.png HTTP/1.1" 200 389106
186.154.149.0 - - [24/Jan/2015:00:44:40 -0500] "GET /galeria/nivo-slider/demo/images/porloshumedales.jpg HTTP/1.1" 200 351238
201.245.192.253 - - [24/Jan/2015:00:44:49 -0500] "GET /forest/session.jsp?a=0.7361414736395849 HTTP/1.1" 200 4
186.154.149.0 - - [24/Jan/2015:00:44:50 -0500] "GET /videos/Spot_CambioClimatico.flv HTTP/1.1" 200 4371917
66.249.67.67 - - [24/Jan/2015:00:44:51 -0500] "GET /BLA/resoluciones/AUTOS%202011/3615.pdf HTTP/1.1" 304 -
186.154.149.0 - - [24/Jan/2015:00:44:59 -0500] "GET /galeria/nivo-slider/themes/default/arrows.png HTTP/1.1" 200 824
186.154.149.0 - - [24/Jan/2015:00:44:59 -0500] "GET /galeria/nivo-slider/themes/default/bullets.png HTTP/1.1" 200 1281
188.165.15.41 - - [24/Jan/2015:00:45:07 -0500] "GET /BLA/resoluciones/index.php?dir=RESOLUCIONES%202002/RES%202002%201501-1550/&sort=date&order=desc HTTP/1.1" 200 12146
202.46.62.204 - - [24/Jan/2015:00:45:28 -0500] "GET /BLA/boletinlegal/Circulares/2011/Circular%20003%20de%20Febrero%20de%202011.pdf HTTP/1.1" 200 224758
66.249.67.75 - - [24/Jan/2015:00:46:08 -0500] "GET /BLA/resoluciones/AUTOS%202014/5893.pdf HTTP/1.1" 200 228436
180.76.5.190 - - [24/Jan/2015:00:46:24 -0500] "GET /BLA/boletinlegal;jsessionid=837345542636CA315AC987DE5C86D8DF?/? HTTP/1.1" 404 1018
74.86.158.107 - - [24/Jan/2015:00:47:02 -0500] "HEAD / HTTP/1.1" 302 -
201.245.192.253 - - [24/Jan/2015:00:47:15 -0500] "GET /forest/session.jsp?a=0.40860884244426054 HTTP/1.1" 200 4
180.76.5.192 - - [24/Jan/2015:00:48:12 -0500] "GET /BLA/boletinlegal;jsessionid=B216684253EDF29E14FD2304E0394617?/? HTTP/1.1" 404 1018
201.245.192.253 - - [24/Jan/2015:00:49:49 -0500] "GET /forest/session.jsp?a=0.4158829184420161 HTTP/1.1" 200 4
92.48.105.158 - - [24/Jan/2015:00:50:35 -0500] "GET /wp/wp-admin/ HTTP/1.1" 404 1018
66.249.67.83 - - [24/Jan/2015:00:50:57 -0500] "GET /BLA/resoluciones/RESOLUCIONES%202003/RES%202003%20801-850/834.tif HTTP/1.1" 200 114428
188.165.15.208 - - [24/Jan/2015:00:51:37 -0500] "GET /BLA/resoluciones/RESOLUCIONES%202003/RES%202003%201451-1500/20031492.tif HTTP/1.1" 200 163788
74.86.158.107 - - [24/Jan/2015:00:52:02 -0500] "HEAD / HTTP/1.1" 302 -
201.245.192.253 - - [24/Jan/2015:00:52:15 -0500] "GET /forest/session.jsp?a=0.958492974922997 HTTP/1.1" 200 4
200.119.10.206 - - [24/Jan/2015:00:52:29 -0500] "GET /BLA/boletinlegal/js/jquery.js HTTP/1.1" 304 -
200.119.10.206 - - [24/Jan/2015:00:52:29 -0500] "GET /BLA/boletinlegal/js/jquery.scrollTo-min.js HTTP/1.1" 304 -
200.119.10.206 - - [24/Jan/2015:00:52:29 -0500] "GET /BLA/boletinlegal/js/jquery.scrollShow.js HTTP/1.1" 304 -
180.76.6.46 - - [24/Jan/2015:00:52:33 -0500] "GET /BLA/boletinlegal;jsessionid=0D318F3B0843D844C5129559E721711E?/? HTTP/1.1" 404 1018
199.67.131.149 - - [24/Jan/2015:00:52:45 -0500] "GET /galeria/nivo-slider/demo/images/banner-encuesta.jpg HTTP/1.1" 304 -
66.249.67.67 - - [24/Jan/2015:00:53:37 -0500] "GET /BLA/resoluciones/AUTOS%202010/1723.pdf HTTP/1.1" 200 819092
181.136.189.137 - - [24/Jan/2015:00:54:19 -0500] "GET /galeria/carrusel/Carrusel/jquery-ui-1.8.13.custom.min.js HTTP/1.1" 200 10800
181.136.189.137 - - [24/Jan/2015:00:54:19 -0500] "GET /galeria/carrusel/Carrusel/jquery.thumbnailScroller.css HTTP/1.1" 200 2066
181.136.189.137 - - [24/Jan/2015:00:54:20 -0500] "GET /galeria/carrusel/Carrusel/jquery.thumbnailScroller.js HTTP/1.1" 200 8157
181.136.189.137 - - [24/Jan/2015:00:54:28 -0500] "GET /galeria/nivo-slider/demo/demo.html HTTP/1.1" 200 3150
181.136.189.137 - - [24/Jan/2015:00:54:28 -0500] "GET /galeria/nivo-slider/themes/orman/orman.css HTTP/1.1" 200 2152
181.136.189.137 - - [24/Jan/2015:00:54:28 -0500] "GET /galeria/nivo-slider/themes/default/default.css HTTP/1.1" 200 1569
181.136.189.137 - - [24/Jan/2015:00:54:28 -0500] "GET /galeria/nivo-slider/themes/pascal/pascal.css HTTP/1.1" 200 2258
181.136.189.137 - - [24/Jan/2015:00:54:28 -0500] "GET /galeria/nivo-slider/demo/style.css HTTP/1.1" 200 2222
181.136.189.137 - - [24/Jan/2015:00:54:28 -0500] "GET /galeria/nivo-slider/demo/scripts/jquery-1.7.1.min.js HTTP/1.1" 200 93868
181.136.189.137 - - [24/Jan/2015:00:54:28 -0500] "GET /galeria/nivo-slider/nivo-slider.css HTTP/1.1" 200 1507
181.136.189.137 - - [24/Jan/2015:00:54:28 -0500] "GET /galeria/nivo-slider/jquery.nivo.slider.pack.js HTTP/1.1" 200 11561
181.136.189.137 - - [24/Jan/2015:00:54:28 -0500] "GET /galeria/nivo-slider/demo/images/bolsas-08.jpg HTTP/1.1" 200 85589
181.136.189.137 - - [24/Jan/2015:00:54:28 -0500] "GET /galeria/nivo-slider/demo/images/Ruta-vertimientos-01.jpg HTTP/1.1" 200 130151
181.136.189.137 - - [24/Jan/2015:00:54:28 -0500] "GET /galeria/nivo-slider/demo/images/bolsas-06.jpg HTTP/1.1" 200 90982
181.136.189.137 - - [24/Jan/2015:00:54:28 -0500] "GET /galeria/nivo-slider/demo/images/ecolecta-Dic2014.png HTTP/1.1" 200 288593
188.165.15.61 - - [24/Jan/2015:00:54:29 -0500] "GET /BLA/resoluciones/RESOLUCIONES%202004/RES%202004%201501-1550/INDEX.DAT HTTP/1.1" 200 2000
181.136.189.137 - - [24/Jan/2015:00:54:29 -0500] "GET /galeria/nivo-slider/demo/images/porloshumedales.jpg HTTP/1.1" 200 351238
181.136.189.137 - - [24/Jan/2015:00:54:32 -0500] "GET /galeria/nivo-slider/demo/images/Tingua-azul.jpg HTTP/1.1" 200 307638
199.67.131.148 - - [24/Jan/2015:00:54:34 -0500] "GET /galeria/nivo-slider/demo/images/marchaxclima03a.jpg HTTP/1.1" 304 -
181.136.189.137 - - [24/Jan/2015:00:54:38 -0500] "GET /galeria/nivo-slider/demo/images/4Simple_Slider.png HTTP/1.1" 200 11722
181.136.189.137 - - [24/Jan/2015:00:54:38 -0500] "GET /galeria/nivo-slider/demo/images/Banner-Caracol-Africano.jpg HTTP/1.1" 200 331986
181.136.189.137 - - [24/Jan/2015:00:54:41 -0500] "GET /galeria/nivo-slider/themes/default/loading.gif HTTP/1.1" 200 1737
181.136.189.137 - - [24/Jan/2015:00:54:41 -0500] "GET /galeria/nivo-slider/demo/images/banner-redes.jpg HTTP/1.1" 200 62209
181.136.189.137 - - [24/Jan/2015:00:54:41 -0500] "GET /galeria/nivo-slider/demo/images/9Signos.jpg HTTP/1.1" 200 93040
181.136.189.137 - - [24/Jan/2015:00:54:41 -0500] "GET /galeria/nivo-slider/demo/images/banner-llantas2.jpg HTTP/1.1" 200 73153
181.136.189.137 - - [24/Jan/2015:00:54:43 -0500] "GET /galeria/nivo-slider/demo/images/banner-caballos.png HTTP/1.1" 200 389106
201.245.192.253 - - [24/Jan/2015:00:54:49 -0500] "GET /forest/session.jsp?a=0.09568795411065312 HTTP/1.1" 200 4
181.136.189.137 - - [24/Jan/2015:00:54:50 -0500] "GET /videos/Spot_CambioClimatico.flv HTTP/1.1" 200 4371917
181.136.189.137 - - [24/Jan/2015:00:54:52 -0500] "GET /galeria/nivo-slider/themes/default/arrows.png HTTP/1.1" 200 824
181.136.189.137 - - [24/Jan/2015:00:54:52 -0500] "GET /galeria/nivo-slider/themes/default/bullets.png HTTP/1.1" 200 1281
188.165.15.208 - - [24/Jan/2015:00:56:26 -0500] "GET /BLA/resoluciones/RESOLUCIONES%202004/RES%202004%201601-1650/00001619.tif HTTP/1.1" 200 152202
74.86.158.107 - - [24/Jan/2015:00:57:02 -0500] "HEAD / HTTP/1.1" 302 -
201.245.192.253 - - [24/Jan/2015:00:57:15 -0500] "GET /forest/session.jsp?a=0.9876832881959247 HTTP/1.1" 200 4
66.249.67.83 - - [24/Jan/2015:00:57:16 -0500] "GET /BLA/resoluciones/RESOLUCIONES%202009/9268.pdf HTTP/1.1" 304 -
66.249.88.213 - - [24/Jan/2015:00:57:57 -0500] "GET /BLA/resoluciones/RESOLUCIONES%202012/1696.pdf HTTP/1.1" 200 1189032
188.165.15.177 - - [24/Jan/2015:00:58:19 -0500] "GET /BLA/resoluciones/RESOLUCIONES%202005/RES%202005%20951-1000/00000979.tif HTTP/1.1" 200 244246
188.165.15.41 - - [24/Jan/2015:00:58:58 -0500] "GET /BLA/resoluciones/index.php?dir=Notificaciones/RESOLUCIONES%202014/&sort=size&order=asc HTTP/1.1" 200 6331
66.249.67.67 - - [24/Jan/2015:00:59:03 -0500] "GET /BLA/resoluciones/index.php?dir=RESOLUCIONES%202003/RES%202003%202001-2051/&sort=date&order=asc HTTP/1.1" 200 12159
188.165.15.201 - - [24/Jan/2015:00:59:10 -0500] "GET /BLA/resoluciones/RESOLUCIONES%202005/RES%202005%20951-1000/00000998.tif HTTP/1.1" 200 159228
188.165.15.5 - - [24/Jan/2015:00:59:25 -0500] "GET /BLA/resoluciones/RESOLUCIONES%202005/RES%202005%203051-3100/00003073.tif HTTP/1.1" 200 89542
201.245.192.253 - - [24/Jan/2015:00:59:49 -0500] "GET /forest/session.jsp?a=0.39389842534785535 HTTP/1.1" 200 4
188.165.15.41 - - [24/Jan/2015:00:59:58 -0500] "GET /BLA/resoluciones/RESOLUCIONES%202006/RES%202006%201351-1400/INDEX.DAT HTTP/1.1" 200 2000
92.48.105.158 - - [24/Jan/2015:01:00:15 -0500] "GET /old/wp-admin/ HTTP/1.1" 404 1018
66.249.67.67 - - [24/Jan/2015:01:01:10 -0500] "GET /BLA/resoluciones/index.php?dir=RESOLUCIONES%202007/RES%202007%203301%20AL%203400/&sort=name&order=desc HTTP/1.1" 200 26619
74.86.158.107 - - [24/Jan/2015:01:02:02 -0500] "HEAD / HTTP/1.1" 302 -
181.135.218.154 - - [24/Jan/2015:01:02:11 -0500] "GET /galeria/carrusel/Carrusel/jquery.thumbnailScroller.css HTTP/1.1" 200 2066
181.135.218.154 - - [24/Jan/2015:01:02:11 -0500] "GET /BLA/boletinlegal/js/jquery.scrollTo-min.js HTTP/1.1" 200 1150
181.135.218.154 - - [24/Jan/2015:01:02:11 -0500] "GET /BLA/boletinlegal/js/jquery.js HTTP/1.1" 200 57254
181.135.218.154 - - [24/Jan/2015:01:02:11 -0500] "GET /BLA/boletinlegal/js/jquery.scrollShow.js HTTP/1.1" 200 4586
181.135.218.154 - - [24/Jan/2015:01:02:11 -0500] "GET /galeria/carrusel/Carrusel/jquery-ui-1.8.13.custom.min.js HTTP/1.1" 200 10800
181.135.218.154 - - [24/Jan/2015:01:02:11 -0500] "GET /galeria/carrusel/Carrusel/jquery.thumbnailScroller.js HTTP/1.1" 200 8157
181.135.218.154 - - [24/Jan/2015:01:02:14 -0500] "GET /galeria/nivo-slider/demo/demo.html HTTP/1.1" 200 3150
201.245.192.253 - - [24/Jan/2015:01:02:15 -0500] "GET /forest/session.jsp?a=0.6271726765908646 HTTP/1.1" 200 4
181.135.218.154 - - [24/Jan/2015:01:02:15 -0500] "GET /galeria/nivo-slider/themes/default/default.css HTTP/1.1" 200 1569
181.135.218.154 - - [24/Jan/2015:01:02:15 -0500] "GET /galeria/nivo-slider/themes/pascal/pascal.css HTTP/1.1" 200 2258
181.135.218.154 - - [24/Jan/2015:01:02:15 -0500] "GET /galeria/nivo-slider/demo/images/bolsas-08.jpg HTTP/1.1" 200 85589
181.135.218.154 - - [24/Jan/2015:01:02:15 -0500] "GET /galeria/nivo-slider/themes/orman/orman.css HTTP/1.1" 200 2152
181.135.218.154 - - [24/Jan/2015:01:02:15 -0500] "GET /galeria/nivo-slider/nivo-slider.css HTTP/1.1" 200 1507
181.135.218.154 - - [24/Jan/2015:01:02:15 -0500] "GET /galeria/nivo-slider/demo/style.css HTTP/1.1" 200 2222
181.135.218.154 - - [24/Jan/2015:01:02:15 -0500] "GET /galeria/nivo-slider/demo/scripts/jquery-1.7.1.min.js HTTP/1.1" 200 93868
181.135.218.154 - - [24/Jan/2015:01:02:15 -0500] "GET /galeria/nivo-slider/jquery.nivo.slider.pack.js HTTP/1.1" 200 11561
181.135.218.154 - - [24/Jan/2015:01:02:15 -0500] "GET /galeria/nivo-slider/demo/images/Ruta-vertimientos-01.jpg HTTP/1.1" 200 130151
181.135.218.154 - - [24/Jan/2015:01:02:15 -0500] "GET /galeria/nivo-slider/demo/images/bolsas-06.jpg HTTP/1.1" 200 90982
181.135.218.154 - - [24/Jan/2015:01:02:15 -0500] "GET /galeria/nivo-slider/demo/images/ecolecta-Dic2014.png HTTP/1.1" 200 288593
181.135.218.154 - - [24/Jan/2015:01:02:15 -0500] "GET /galeria/nivo-slider/demo/images/porloshumedales.jpg HTTP/1.1" 200 351238
181.135.218.154 - - [24/Jan/2015:01:02:15 -0500] "GET /galeria/nivo-slider/demo/images/Banner-Caracol-Africano.jpg HTTP/1.1" 200 331986
181.135.218.154 - - [24/Jan/2015:01:02:15 -0500] "GET /galeria/nivo-slider/demo/images/banner-redes.jpg HTTP/1.1" 200 62209
181.135.218.154 - - [24/Jan/2015:01:02:15 -0500] "GET /galeria/nivo-slider/demo/images/Tingua-azul.jpg HTTP/1.1" 200 307638
181.135.218.154 - - [24/Jan/2015:01:02:16 -0500] "GET /galeria/nivo-slider/demo/images/9Signos.jpg HTTP/1.1" 200 93040
181.135.218.154 - - [24/Jan/2015:01:02:16 -0500] "GET /galeria/nivo-slider/demo/images/banner-llantas2.jpg HTTP/1.1" 200 73153
181.135.218.154 - - [24/Jan/2015:01:02:17 -0500] "GET /galeria/nivo-slider/demo/images/banner-caballos.png HTTP/1.1" 200 389106
188.165.15.43 - - [24/Jan/2015:01:02:20 -0500] "GET /BLA/resoluciones/index.php?dir=RESOLUCIONES%202005/RES%202005%20%201651-1700/&sort=size&order=desc HTTP/1.1" 200 12422
181.135.218.154 - - [24/Jan/2015:01:02:20 -0500] "GET /galeria/nivo-slider/demo/images/4Simple_Slider.png HTTP/1.1" 200 11722
181.135.218.154 - - [24/Jan/2015:01:02:20 -0500] "GET /galeria/nivo-slider/themes/default/loading.gif HTTP/1.1" 200 1737
180.76.5.176 - - [24/Jan/2015:01:02:22 -0500] "GET /BLA/resoluciones/AUTOS%202011/4367.pdf HTTP/1.1" 200 298271
201.245.192.253 - - [24/Jan/2015:01:04:50 -0500] "GET /forest/session.jsp?a=0.38764502807650225 HTTP/1.1" 200 4
180.76.6.157 - - [24/Jan/2015:01:05:30 -0500] "GET /BLA/boletinlegal;jsessionid=91F400C4319A97C52BA91F46C57E43D4?/? HTTP/1.1" 404 1018
66.249.67.67 - - [24/Jan/2015:01:06:15 -0500] "GET /galeria/nivo-slider/jquery.nivo.slider.pack.js HTTP/1.1" 200 11561
66.249.67.75 - - [24/Jan/2015:01:06:16 -0500] "GET /galeria/nivo-slider/demo/demo.html HTTP/1.1" 200 3150
66.249.67.75 - - [24/Jan/2015:01:06:16 -0500] "GET /galeria/nivo-slider/themes/pascal/pascal.css HTTP/1.1" 200 2258
66.249.67.67 - - [24/Jan/2015:01:06:17 -0500] "GET /galeria/nivo-slider/nivo-slider.css HTTP/1.1" 200 1507
66.249.67.83 - - [24/Jan/2015:01:06:17 -0500] "GET /galeria/nivo-slider/demo/scripts/jquery-1.7.1.min.js HTTP/1.1" 200 93868
66.249.67.75 - - [24/Jan/2015:01:06:18 -0500] "GET /galeria/nivo-slider/themes/orman/orman.css HTTP/1.1" 200 2152
66.249.67.67 - - [24/Jan/2015:01:06:18 -0500] "GET /galeria/nivo-slider/demo/style.css HTTP/1.1" 200 2222
66.249.67.75 - - [24/Jan/2015:01:06:19 -0500] "GET /galeria/nivo-slider/themes/default/default.css HTTP/1.1" 200 1569
188.165.15.208 - - [24/Jan/2015:01:06:50 -0500] "GET /BLA/resoluciones/RESOLUCIONES%202005/RES%202005%201101-1150/00001122.tif HTTP/1.1" 200 135392
74.86.158.107 - - [24/Jan/2015:01:07:02 -0500] "HEAD / HTTP/1.1" 302 -
201.245.192.253 - - [24/Jan/2015:01:07:15 -0500] "GET /forest/session.jsp?a=0.884090854460193 HTTP/1.1" 200 4
66.249.67.75 - - [24/Jan/2015:01:07:43 -0500] "GET /BLA/resoluciones/AUTOS%202014/4186.pdf HTTP/1.1" 200 471372
152.61.128.66 - - [24/Jan/2015:01:07:59 -0500] "HEAD / HTTP/1.1" 302 -
152.61.128.66 - - [24/Jan/2015:01:07:59 -0500] "GET /arcgis/services/Calidad_del_Agua_WQI/MapServer/WMSServer?request=GetCapabilities&service=WMS HTTP/1.1" 200 32135
152.61.128.66 - - [24/Jan/2015:01:08:00 -0500] "GET /arcgis/services/Calidad_del_Agua_WQI/MapServer/WMSServer?request=GetCapabilities&service=WMS HTTP/1.0" 200 32135
152.61.128.66 - - [24/Jan/2015:01:08:01 -0500] "GET /arcgis/services/Calidad_del_Agua_WQI/MapServer/WMSServer?request=GetCapabilities&service=WMS HTTP/1.0" 200 32135
152.61.128.66 - - [24/Jan/2015:01:08:02 -0500] "GET /arcgis/services/Calidad_del_Agua_WQI/MapServer/WMSServer?request=GetCapabilities&service=WMS HTTP/1.0" 200 32135
152.61.128.66 - - [24/Jan/2015:01:08:03 -0500] "GET /arcgis/services/Calidad_del_Agua_WQI/MapServer/WMSServer?VERSION=1.1.1&REQUEST=GetMap&LAYERS=0&SRS=EPSG:4326&BBOX=-74.473395,3.674381,-73.963300,4.920569&WIDTH=250&HEIGHT=250&FORMAT=image/bmp&STYLES=& HTTP/1.1" 200 188054
152.61.128.66 - - [24/Jan/2015:01:08:21 -0500] "HEAD / HTTP/1.1" 302 -
152.61.128.66 - - [24/Jan/2015:01:08:21 -0500] "GET /arcgis/services/Calidad_del_Agua_WQI/MapServer/WMSServer?SERVICE=WMS&REQUEST=GetCapabilities HTTP/1.1" 200 32135
152.61.128.66 - - [24/Jan/2015:01:08:22 -0500] "GET /arcgis/services/Calidad_del_Agua_WQI/MapServer/WMSServer?SERVICE=WMS&REQUEST=GetCapabilities HTTP/1.0" 200 32135
152.61.128.66 - - [24/Jan/2015:01:08:23 -0500] "GET /arcgis/services/Calidad_del_Agua_WQI/MapServer/WMSServer?SERVICE=WMS&REQUEST=GetCapabilities HTTP/1.0" 200 32135
152.61.128.66 - - [24/Jan/2015:01:08:24 -0500] "GET /arcgis/services/Calidad_del_Agua_WQI/MapServer/WMSServer?SERVICE=WMS&REQUEST=GetCapabilities HTTP/1.0" 200 32135
152.61.128.66 - - [24/Jan/2015:01:08:25 -0500] "GET /arcgis/services/Calidad_del_Agua_WQI/MapServer/WMSServer?VERSION=1.1.1&REQUEST=GetMap&LAYERS=0&SRS=EPSG:4326&BBOX=-74.473395,3.674381,-73.963300,4.920569&WIDTH=250&HEIGHT=250&FORMAT=image/bmp&STYLES=& HTTP/1.1" 200 188054
66.249.67.75 - - [24/Jan/2015:01:08:38 -0500] "GET /BLA/resoluciones/RESOLUCIONES%202014/0154.pdf HTTP/1.1" 200 710188
66.249.67.67 - - [24/Jan/2015:01:09:11 -0500] "GET /BLA/resoluciones/RESOLUCIONES%202005/RES%202005%20951-1000/00000992.tif HTTP/1.1" 200 79628
66.249.67.83 - - [24/Jan/2015:01:09:40 -0500] "GET /BLA/resoluciones/index.php?dir=RESOLUCIONES%202003/RES%202003%201501-1550/&sort=size&order=desc HTTP/1.1" 200 12136
201.245.192.253 - - [24/Jan/2015:01:09:50 -0500] "GET /forest/session.jsp?a=0.2195660287381087 HTTP/1.1" 200 4
188.165.15.5 - - [24/Jan/2015:01:10:32 -0500] "GET /BLA/resoluciones/RESOLUCIONES%202004/RES%202004%20351-400/00000351.tif HTTP/1.1" 200 226210
188.165.15.105 - - [24/Jan/2015:01:11:57 -0500] "GET /BLA/resoluciones/RESOLUCIONES%202003/RES%202003%20501-550/538.tif HTTP/1.1" 200 596536
74.86.158.107 - - [24/Jan/2015:01:12:02 -0500] "HEAD / HTTP/1.1" 302 -
201.245.192.253 - - [24/Jan/2015:01:12:15 -0500] "GET /forest/session.jsp?a=0.037374938419949655 HTTP/1.1" 200 4
180.76.6.144 - - [24/Jan/2015:01:13:06 -0500] "GET /BLA/boletinlegal;jsessionid=7AE90076902BC6A2F1CA842073CD6B86?/? HTTP/1.1" 404 1018
201.245.192.253 - - [24/Jan/2015:01:14:50 -0500] "GET /forest/session.jsp?a=0.5995251126799226 HTTP/1.1" 200 4
188.165.15.61 - - [24/Jan/2015:01:15:18 -0500] "GET /BLA/resoluciones/RESOLUCIONES%202004/RES%202004%20501-550/00000508.tif HTTP/1.1" 200 118222
66.249.67.83 - - [24/Jan/2015:01:16:04 -0500] "GET /BLA/resoluciones/AUTOS%202010/1942.pdf HTTP/1.1" 200 286227
188.165.15.61 - - [24/Jan/2015:01:16:12 -0500] "GET /BLA/resoluciones/RESOLUCIONES%202006/RES%202006%201451-1500/00001474.tif HTTP/1.1" 200 337820
188.165.15.41 - - [24/Jan/2015:01:16:41 -0500] "GET /BLA/resoluciones/RESOLUCIONES%202005/RES%202005%202351-2400/00002400.tif HTTP/1.1" 200 214110
74.86.158.107 - - [24/Jan/2015:01:17:02 -0500] "HEAD / HTTP/1.1" 302 -
201.245.192.253 - - [24/Jan/2015:01:17:15 -0500] "GET /forest/session.jsp?a=0.9417750925233224 HTTP/1.1" 200 4
190.25.232.143 - - [24/Jan/2015:01:18:58 -0500] "GET /galeria/nivo-slider/demo/images/mesTIC.jpg HTTP/1.1" 304 -
66.249.67.83 - - [24/Jan/2015:01:19:45 -0500] "GET /BLA/resoluciones/RESOLUCIONES%202003/RES%202003%20851-900/852.tif HTTP/1.1" 200 67664
201.245.192.253 - - [24/Jan/2015:01:19:50 -0500] "GET /forest/session.jsp?a=0.22095560898390643 HTTP/1.1" 200 4
180.76.5.81 - - [24/Jan/2015:01:21:03 -0500] "GET /BLA/boletinlegal;jsessionid=3B671C71F1F7E071BF27F0B189672D79?/? HTTP/1.1" 404 1018
74.86.158.107 - - [24/Jan/2015:01:22:02 -0500] "HEAD / HTTP/1.1" 302 -
201.245.192.253 - - [24/Jan/2015:01:22:15 -0500] "GET /forest/session.jsp?a=0.0793912607166457 HTTP/1.1" 200 4
188.165.15.105 - - [24/Jan/2015:01:22:35 -0500] "GET /BLA/resoluciones/RESOLUCIONES%202006/RES%202006%201-50/00000013.tif HTTP/1.1" 200 45588
66.249.67.103 - - [24/Jan/2015:01:23:33 -0500] "GET /dama/libreria/php/decide.php?patron=03.1203 HTTP/1.1" 404 1019
201.245.192.253 - - [24/Jan/2015:01:24:50 -0500] "GET /forest/session.jsp?a=0.2844429648505573 HTTP/1.1" 200 4
180.76.6.40 - - [24/Jan/2015:01:24:51 -0500] "GET /BLA/resoluciones/RESOLUCIONES%202010/0045.pdf HTTP/1.1" 200 501095
188.165.15.105 - - [24/Jan/2015:01:25:37 -0500] "GET /BLA/resoluciones/RESOLUCIONES%202006/RES%202006%202401-2450/00002449.tif HTTP/1.1" 200 173030
180.76.6.158 - - [24/Jan/2015:01:25:45 -0500] "GET /BLA/resoluciones/RESOLUCIONES%202007/RES%202007%20401%20AL%20500/RESOLUCION%200467%20DE%202007.pdf HTTP/1.1" 200 1043644
180.76.5.23 - - [24/Jan/2015:01:26:40 -0500] "GET /BLA/boletinlegal;jsessionid=479EFF1ACC7EDFBFAEB276DE6084485D?/? HTTP/1.1" 404 1018
74.86.158.107 - - [24/Jan/2015:01:27:02 -0500] "HEAD / HTTP/1.1" 302 -
201.245.192.253 - - [24/Jan/2015:01:27:15 -0500] "GET /forest/session.jsp?a=0.1719824110538054 HTTP/1.1" 200 4
66.249.80.33 - - [24/Jan/2015:01:28:15 -0500] "GET /BLA/boletinlegal/js/jquery.scrollShow.js HTTP/1.1" 200 4586
188.165.15.105 - - [24/Jan/2015:01:28:38 -0500] "GET /BLA/resoluciones/RESOLUCIONES%202006/RES%202006%20901-950/00000926.tif HTTP/1.1" 200 62342
123.125.71.27 - - [24/Jan/2015:01:29:16 -0500] "GET / HTTP/1.1" 302 -
201.245.192.253 - - [24/Jan/2015:01:29:50 -0500] "GET /forest/session.jsp?a=0.5456543017441183 HTTP/1.1" 200 4
190.25.232.143 - - [24/Jan/2015:01:30:00 -0500] "GET /galeria/nivo-slider/demo/images/Miparche2.jpg HTTP/1.1" 304 -
152.61.193.99 - - [24/Jan/2015:01:30:05 -0500] "HEAD / HTTP/1.1" 302 -
152.61.193.99 - - [24/Jan/2015:01:30:05 -0500] "GET /arcgis/services/Calidad_del_Agua_WQI/MapServer/WMSServer?SERVICE=WMS&REQUEST=GetCapabilities HTTP/1.1" 200 32135
152.61.193.99 - - [24/Jan/2015:01:30:06 -0500] "GET /arcgis/services/Calidad_del_Agua_WQI/MapServer/WMSServer?SERVICE=WMS&REQUEST=GetCapabilities HTTP/1.1" 200 32135
152.61.193.99 - - [24/Jan/2015:01:30:07 -0500] "GET /arcgis/services/Calidad_del_Agua_WQI/MapServer/WMSServer?SERVICE=WMS&REQUEST=GetCapabilities HTTP/1.1" 200 32135
152.61.193.99 - - [24/Jan/2015:01:30:07 -0500] "GET /arcgis/services/Calidad_del_Agua_WQI/MapServer/WMSServer?SERVICE=WMS&REQUEST=GetCapabilities HTTP/1.1" 200 32135
152.61.193.99 - - [24/Jan/2015:01:30:08 -0500] "GET /arcgis/services/Calidad_del_Agua_WQI/MapServer/WMSServer?VERSION=1.1.1&REQUEST=GetMap&LAYERS=0&SRS=EPSG:4326&BBOX=-74.473395,3.674381,-73.963300,4.920569&WIDTH=250&HEIGHT=250&FORMAT=image/bmp&STYLES=& HTTP/1.1" 200 188054
190.68.204.86 - - [24/Jan/2015:01:30:28 -0500] "GET /BLA/boletinlegal/js/jquery.js HTTP/1.1" 200 57254
190.68.204.86 - - [24/Jan/2015:01:30:29 -0500] "GET /BLA/boletinlegal/js/jquery.scrollTo-min.js HTTP/1.1" 200 1150
190.68.204.86 - - [24/Jan/2015:01:30:29 -0500] "GET /BLA/boletinlegal/js/jquery.scrollShow.js HTTP/1.1" 200 4586
190.68.204.86 - - [24/Jan/2015:01:30:29 -0500] "GET /galeria/carrusel/Carrusel/jquery.thumbnailScroller.css HTTP/1.1" 200 2066
190.68.204.86 - - [24/Jan/2015:01:30:29 -0500] "GET /galeria/carrusel/Carrusel/jquery-ui-1.8.13.custom.min.js HTTP/1.1" 200 10800
190.68.204.86 - - [24/Jan/2015:01:30:29 -0500] "GET /galeria/carrusel/Carrusel/jquery.thumbnailScroller.js HTTP/1.1" 200 8157
5.44.172.81 - - [24/Jan/2015:01:30:38 -0500] "GET / HTTP/1.1" 302 -
190.68.204.86 - - [24/Jan/2015:01:30:40 -0500] "GET /galeria/nivo-slider/demo/demo.html HTTP/1.1" 200 3150
152.61.193.99 - - [24/Jan/2015:01:30:40 -0500] "HEAD / HTTP/1.1" 302 -
190.68.204.86 - - [24/Jan/2015:01:30:40 -0500] "GET /galeria/nivo-slider/themes/default/default.css HTTP/1.1" 200 1569
190.68.204.86 - - [24/Jan/2015:01:30:40 -0500] "GET /galeria/nivo-slider/themes/pascal/pascal.css HTTP/1.1" 200 2258
190.68.204.86 - - [24/Jan/2015:01:30:40 -0500] "GET /galeria/nivo-slider/themes/orman/orman.css HTTP/1.1" 200 2152
190.68.204.86 - - [24/Jan/2015:01:30:40 -0500] "GET /galeria/nivo-slider/nivo-slider.css HTTP/1.1" 200 1507
190.68.204.86 - - [24/Jan/2015:01:30:40 -0500] "GET /galeria/nivo-slider/demo/style.css HTTP/1.1" 200 2222
190.68.204.86 - - [24/Jan/2015:01:30:40 -0500] "GET /galeria/nivo-slider/demo/images/bolsas-08.jpg HTTP/1.1" 200 85589
190.68.204.86 - - [24/Jan/2015:01:30:40 -0500] "GET /galeria/nivo-slider/demo/images/Ruta-vertimientos-01.jpg HTTP/1.1" 200 130151
190.68.204.86 - - [24/Jan/2015:01:30:40 -0500] "GET /galeria/nivo-slider/demo/images/bolsas-06.jpg HTTP/1.1" 200 90982
190.68.204.86 - - [24/Jan/2015:01:30:40 -0500] "GET /galeria/nivo-slider/demo/images/ecolecta-Dic2014.png HTTP/1.1" 200 288593
190.68.204.86 - - [24/Jan/2015:01:30:40 -0500] "GET /galeria/nivo-slider/demo/images/porloshumedales.jpg HTTP/1.1" 200 351238
152.61.193.99 - - [24/Jan/2015:01:30:40 -0500] "GET /arcgis/services/Calidad_del_Agua_WQI/MapServer/WMSServer?request=GetCapabilities&service=WMS HTTP/1.1" 200 32135
152.61.193.99 - - [24/Jan/2015:01:30:41 -0500] "GET /arcgis/services/Calidad_del_Agua_WQI/MapServer/WMSServer?request=GetCapabilities&service=WMS HTTP/1.1" 200 32135
152.61.193.99 - - [24/Jan/2015:01:30:42 -0500] "GET /arcgis/services/Calidad_del_Agua_WQI/MapServer/WMSServer?request=GetCapabilities&service=WMS HTTP/1.1" 200 32135
5.44.172.81 - - [24/Jan/2015:01:30:42 -0500] "GET /BLA/boletinlegal/js/jquery.js HTTP/1.1" 200 57254
152.61.193.99 - - [24/Jan/2015:01:30:42 -0500] "GET /arcgis/services/Calidad_del_Agua_WQI/MapServer/WMSServer?request=GetCapabilities&service=WMS HTTP/1.1" 200 32135
5.44.172.81 - - [24/Jan/2015:01:30:43 -0500] "GET /BLA/boletinlegal/js/jquery.scrollTo-min.js HTTP/1.1" 200 1150
152.61.193.99 - - [24/Jan/2015:01:30:43 -0500] "GET /arcgis/services/Calidad_del_Agua_WQI/MapServer/WMSServer?VERSION=1.1.1&REQUEST=GetMap&LAYERS=0&SRS=EPSG:4326&BBOX=-74.473395,3.674381,-73.963300,4.920569&WIDTH=250&HEIGHT=250&FORMAT=image/bmp&STYLES=& HTTP/1.1" 200 188054
5.44.172.81 - - [24/Jan/2015:01:30:45 -0500] "GET /galeria/carrusel/Carrusel/jquery.thumbnailScroller.css HTTP/1.1" 200 2066
5.44.172.81 - - [24/Jan/2015:01:30:45 -0500] "GET /BLA/boletinlegal/js/jquery.scrollShow.js HTTP/1.1" 200 4586
190.68.204.86 - - [24/Jan/2015:01:30:45 -0500] "GET /galeria/nivo-slider/demo/images/Tingua-azul.jpg HTTP/1.1" 200 307638
190.68.204.86 - - [24/Jan/2015:01:30:45 -0500] "GET /galeria/nivo-slider/demo/images/Banner-Caracol-Africano.jpg HTTP/1.1" 200 331986
5.44.172.81 - - [24/Jan/2015:01:30:45 -0500] "GET /galeria/carrusel/Carrusel/jquery-ui-1.8.13.custom.min.js HTTP/1.1" 200 10800
5.44.172.81 - - [24/Jan/2015:01:30:45 -0500] "GET /galeria/carrusel/Carrusel/jquery.thumbnailScroller.js HTTP/1.1" 200 8157
190.68.204.86 - - [24/Jan/2015:01:30:46 -0500] "GET /galeria/nivo-slider/demo/images/banner-redes.jpg HTTP/1.1" 200 62209
190.68.204.86 - - [24/Jan/2015:01:30:49 -0500] "GET /galeria/nivo-slider/demo/images/9Signos.jpg HTTP/1.1" 200 93040
190.68.204.86 - - [24/Jan/2015:01:30:50 -0500] "GET /galeria/nivo-slider/demo/images/banner-llantas2.jpg HTTP/1.1" 200 73153
190.68.204.86 - - [24/Jan/2015:01:30:53 -0500] "GET /galeria/nivo-slider/demo/images/banner-caballos.png HTTP/1.1" 200 389106
190.68.204.86 - - [24/Jan/2015:01:30:55 -0500] "GET /galeria/nivo-slider/demo/scripts/jquery-1.7.1.min.js HTTP/1.1" 200 93868
190.68.204.86 - - [24/Jan/2015:01:30:58 -0500] "GET /galeria/nivo-slider/jquery.nivo.slider.pack.js HTTP/1.1" 200 11561
5.44.172.81 - - [24/Jan/2015:01:31:00 -0500] "GET /galeria/nivo-slider/demo/demo.html HTTP/1.1" 200 3150
190.68.204.86 - - [24/Jan/2015:01:31:01 -0500] "GET /galeria/nivo-slider/demo/images/4Simple_Slider.png HTTP/1.1" 200 11722
190.68.204.86 - - [24/Jan/2015:01:31:02 -0500] "GET /galeria/nivo-slider/themes/default/loading.gif HTTP/1.1" 200 1737
5.44.172.81 - - [24/Jan/2015:01:31:02 -0500] "GET /galeria/nivo-slider/themes/default/default.css HTTP/1.1" 200 1569
5.44.172.81 - - [24/Jan/2015:01:31:03 -0500] "GET /galeria/nivo-slider/themes/pascal/pascal.css HTTP/1.1" 200 2258
5.44.172.81 - - [24/Jan/2015:01:31:04 -0500] "GET /galeria/nivo-slider/themes/orman/orman.css HTTP/1.1" 200 2152
190.68.204.86 - - [24/Jan/2015:01:31:04 -0500] "GET /galeria/nivo-slider/themes/default/arrows.png HTTP/1.1" 200 824
190.68.204.86 - - [24/Jan/2015:01:31:04 -0500] "GET /galeria/nivo-slider/themes/default/bullets.png HTTP/1.1" 200 1281
5.44.172.81 - - [24/Jan/2015:01:31:05 -0500] "GET /galeria/nivo-slider/nivo-slider.css HTTP/1.1" 200 1507
5.44.172.81 - - [24/Jan/2015:01:31:05 -0500] "GET /galeria/nivo-slider/demo/style.css HTTP/1.1" 200 2222
5.44.172.81 - - [24/Jan/2015:01:31:06 -0500] "GET /galeria/nivo-slider/demo/images/bolsas-08.jpg HTTP/1.1" 200 85589
5.44.172.81 - - [24/Jan/2015:01:31:06 -0500] "GET /galeria/nivo-slider/demo/scripts/jquery-1.7.1.min.js HTTP/1.1" 200 93868
66.249.67.67 - - [24/Jan/2015:01:31:06 -0500] "GET /BLA/resoluciones/RESOLUCIONES%202014/2520.pdf HTTP/1.1" 200 288142
220.181.108.117 - - [24/Jan/2015:01:31:07 -0500] "GET / HTTP/1.1" 302 -
5.44.172.81 - - [24/Jan/2015:01:31:10 -0500] "GET /galeria/nivo-slider/demo/images/4Simple_Slider.png HTTP/1.1" 200 11722
5.44.172.81 - - [24/Jan/2015:01:31:12 -0500] "GET /galeria/nivo-slider/jquery.nivo.slider.pack.js HTTP/1.1" 200 11561
5.44.172.81 - - [24/Jan/2015:01:31:13 -0500] "GET /galeria/nivo-slider/demo/images/Ruta-vertimientos-01.jpg HTTP/1.1" 200 130151
5.44.172.81 - - [24/Jan/2015:01:31:14 -0500] "GET /galeria/nivo-slider/themes/default/loading.gif HTTP/1.1" 200 1737
5.44.172.81 - - [24/Jan/2015:01:31:15 -0500] "GET /galeria/nivo-slider/demo/images/bolsas-06.jpg HTTP/1.1" 200 90982
5.44.172.81 - - [24/Jan/2015:01:31:16 -0500] "GET /galeria/nivo-slider/demo/images/ecolecta-Dic2014.png HTTP/1.1" 200 288593
5.44.172.81 - - [24/Jan/2015:01:31:16 -0500] "GET /galeria/nivo-slider/demo/images/porloshumedales.jpg HTTP/1.1" 200 351238
5.44.172.81 - - [24/Jan/2015:01:31:19 -0500] "GET /galeria/nivo-slider/demo/images/Tingua-azul.jpg HTTP/1.1" 200 307638
5.44.172.81 - - [24/Jan/2015:01:31:19 -0500] "GET /galeria/nivo-slider/demo/images/Banner-Caracol-Africano.jpg HTTP/1.1" 200 331986
5.44.172.81 - - [24/Jan/2015:01:31:22 -0500] "GET /galeria/nivo-slider/demo/images/banner-redes.jpg HTTP/1.1" 200 62209
5.44.172.81 - - [24/Jan/2015:01:31:23 -0500] "GET /galeria/nivo-slider/demo/images/9Signos.jpg HTTP/1.1" 200 93040
188.165.15.5 - - [24/Jan/2015:01:31:41 -0500] "GET /BLA/resoluciones/index.php?dir=RESOLUCIONES%202003/RES%202003%20851-900/&sort=size&order=asc HTTP/1.1" 200 11302
74.86.158.107 - - [24/Jan/2015:01:32:02 -0500] "HEAD / HTTP/1.1" 302 -
201.245.192.253 - - [24/Jan/2015:01:32:15 -0500] "GET /forest/session.jsp?a=0.9662649967400571 HTTP/1.1" 200 4
188.165.15.200 - - [24/Jan/2015:01:32:45 -0500] "GET /BLA/resoluciones/RESOLUCIONES%202004/RES%202004%201801-1850/00001811.tif HTTP/1.1" 200 54320
180.76.5.177 - - [24/Jan/2015:01:33:26 -0500] "GET /BLA/boletinlegal;jsessionid=680EEE27741942DEF48A049AE0B664C7?/? HTTP/1.1" 404 1018
