201.244.199.41 - - [24/Jan/2015:19:37:29 -0500] "GET /forest/js/jquery/grid/css/ui.jqgrid.css HTTP/1.1" 304 -
201.244.199.41 - - [24/Jan/2015:19:37:29 -0500] "GET /forest/js/jquery/jquery-ui-latest.js HTTP/1.1" 304 -
201.244.199.41 - - [24/Jan/2015:19:37:30 -0500] "GET /forest/js/jquery/grid/css/ui.multiselect.css HTTP/1.1" 304 -
201.244.199.41 - - [24/Jan/2015:19:37:30 -0500] "GET /forest/js/jquery/jquery.layout-latest.js HTTP/1.1" 304 -
201.244.199.41 - - [24/Jan/2015:19:37:30 -0500] "GET /forest/js/jquery/plugins/jquery.ui.selectmenu.js HTTP/1.1" 304 -
201.244.199.41 - - [24/Jan/2015:19:37:30 -0500] "GET /forest/js/jquery/plugins/jquery.searchFilter.js HTTP/1.1" 304 -
201.244.199.41 - - [24/Jan/2015:19:37:30 -0500] "GET /forest/js/jquery/i18n/grid.locale-en.js HTTP/1.1" 304 -
201.244.199.41 - - [24/Jan/2015:19:37:30 -0500] "GET /forest/js/jquery/jquery.jqGrid.src.js HTTP/1.1" 304 -
201.244.199.41 - - [24/Jan/2015:19:37:30 -0500] "GET /forest/js/jquery/plugins/ui.multiselect.js HTTP/1.1" 304 -
201.244.199.41 - - [24/Jan/2015:19:37:30 -0500] "GET /forest/js/jquery/plugins/jquery.tablednd.js HTTP/1.1" 304 -
201.244.199.41 - - [24/Jan/2015:19:37:30 -0500] "GET /forest/js/jquery/plugins/jquery.contextmenu.js HTTP/1.1" 304 -
201.244.199.41 - - [24/Jan/2015:19:37:30 -0500] "GET /forest/js/jquery/plugins/grid.setcolumns.js HTTP/1.1" 304 -
201.244.199.41 - - [24/Jan/2015:19:37:30 -0500] "GET /forest/js/jqGridConf.js HTTP/1.1" 304 -
201.244.199.41 - - [24/Jan/2015:19:37:30 -0500] "GET /forest/skins/gdocs-jar/jsp/cookie.jsp?name=grid_asixi&del HTTP/1.1" 200 -
201.244.199.41 - - [24/Jan/2015:19:37:30 -0500] "GET /forest/session.jsp?a=0.04588495474308729 HTTP/1.1" 200 4
201.244.199.41 - - [24/Jan/2015:19:37:30 -0500] "GET /forest/skins/gdocs-jar/img/clip.gif HTTP/1.1" 304 -
201.244.199.41 - - [24/Jan/2015:19:37:30 -0500] "GET /forest/img/jquery/ui-bg_inset-hard_100_fcfdfd_1x100.png HTTP/1.1" 304 -
201.244.199.41 - - [24/Jan/2015:19:37:30 -0500] "GET /forest/img/jquery/ui-bg_flat_0_aaaaaa_40x100.png HTTP/1.1" 304 -
201.244.199.41 - - [24/Jan/2015:19:37:30 -0500] "GET /forest/img/jquery/ui-bg_inset-hard_100_f5f8f9_1x100.png HTTP/1.1" 304 -
201.244.199.41 - - [24/Jan/2015:19:37:30 -0500] "GET /forest/img/jquery/ui-bg_glass_85_dfeffc_1x400.png HTTP/1.1" 304 -
201.244.199.41 - - [24/Jan/2015:19:37:30 -0500] "GET /forest/img/jquery/ui-icons_6da8d5_256x240.png HTTP/1.1" 304 -
201.244.199.41 - - [24/Jan/2015:19:37:30 -0500] "GET /forest/img/jquery/ui-icons_469bdd_256x240.png HTTP/1.1" 304 -
201.244.199.41 - - [24/Jan/2015:19:37:30 -0500] "GET /forest/img/jquery/ui-bg_gloss-wave_55_5c9ccc_500x100.png HTTP/1.1" 304 -
201.244.199.41 - - [24/Jan/2015:19:37:30 -0500] "GET /forest/img/jquery/ui-icons_d8e7f3_256x240.png HTTP/1.1" 304 -
201.244.199.41 - - [24/Jan/2015:19:37:30 -0500] "GET /forest/img/jquery/columnshide.gif HTTP/1.1" 304 -
201.244.199.41 - - [24/Jan/2015:19:37:31 -0500] "GET /forest/img/jquery/quitarfiltrar.gif HTTP/1.1" 304 -
201.244.199.41 - - [24/Jan/2015:19:37:31 -0500] "GET /forest/img/jquery/save.gif HTTP/1.1" 304 -
201.244.199.41 - - [24/Jan/2015:19:37:31 -0500] "POST /forest/misactividades.do?ajax=true&a=0.9196785311214626 HTTP/1.1" 200 13505
201.244.199.41 - - [24/Jan/2015:19:37:31 -0500] "GET /forest/img/newdocs.gif HTTP/1.1" 304 -
201.244.199.41 - - [24/Jan/2015:19:37:31 -0500] "GET /forest/skins/gdocs-jar/img/doc-alert.gif HTTP/1.1" 304 -
201.244.199.41 - - [24/Jan/2015:19:37:31 -0500] "GET /forest/img/jquery/ui-bg_glass_75_d0e5f5_1x400.png HTTP/1.1" 304 -
201.244.199.41 - - [24/Jan/2015:19:37:41 -0500] "POST /forest/misactividades.do?ajax=true&a=0.43941731844097376 HTTP/1.1" 200 1215
201.244.199.41 - - [24/Jan/2015:19:37:42 -0500] "GET /forest/img/jquery/ui-bg_flat_55_fbec88_40x100.png HTTP/1.1" 304 -
201.244.199.41 - - [24/Jan/2015:19:37:43 -0500] "GET /forest/usutareas.do?_a=0.546919013839215&group_system_actual=3 HTTP/1.1" 200 101165
201.244.199.41 - - [24/Jan/2015:19:37:44 -0500] "GET /forest/skins/gdocs-jar/css/forms.css HTTP/1.1" 304 -
201.244.199.41 - - [24/Jan/2015:19:37:44 -0500] "GET /forest/skins/gdocs-jar/js/tareas.js?version=1412.231748 HTTP/1.1" 304 -
201.244.199.41 - - [24/Jan/2015:19:37:44 -0500] "GET /forest/skins/gdocs-jar/js/number-functions.js?version=1412.231748 HTTP/1.1" 304 -
201.244.199.41 - - [24/Jan/2015:19:37:44 -0500] "GET /forest/img/asociarUser.gif HTTP/1.1" 304 -
201.244.199.41 - - [24/Jan/2015:19:37:44 -0500] "GET /forest/skins/gdocs-jar/img/desasociarUser.gif HTTP/1.1" 304 -
201.244.199.41 - - [24/Jan/2015:19:37:44 -0500] "GET /forest/skins/gdocs-jar/js/formsBase.js?version=1412.231748 HTTP/1.1" 304 -
201.244.199.41 - - [24/Jan/2015:19:37:44 -0500] "GET /forest/skins/gdocs-jar/js/swfobject.js?version=1412.231748 HTTP/1.1" 304 -
201.244.199.41 - - [24/Jan/2015:19:37:44 -0500] "GET /forest/skins/gdocs-jar/js/graphicForm.js?version=1412.231748 HTTP/1.1" 304 -
201.244.199.41 - - [24/Jan/2015:19:37:44 -0500] "GET /forest/skins/gdocs-jar/img/asociarUserOtraDependencia.gif HTTP/1.1" 304 -
201.244.199.41 - - [24/Jan/2015:19:37:44 -0500] "GET /forest/skins/gdocs-jar/img/comments.gif HTTP/1.1" 304 -
201.244.199.41 - - [24/Jan/2015:19:37:44 -0500] "GET /forest/skins/gdocs-jar/img/vertodossubprocesos.gif HTTP/1.1" 304 -
201.244.199.41 - - [24/Jan/2015:19:37:44 -0500] "GET /forest/skins/gdocs-jar/img/print.gif HTTP/1.1" 304 -
201.244.199.41 - - [24/Jan/2015:19:37:44 -0500] "GET /forest/skins/gdocs-jar/img/actividad2.gif HTTP/1.1" 304 -
201.244.199.41 - - [24/Jan/2015:19:37:44 -0500] "GET /forest/skins/gdocs-jar/img/alert.gif HTTP/1.1" 304 -
201.244.199.41 - - [24/Jan/2015:19:37:44 -0500] "GET /forest/skins/gdocs-jar/img/disk.png HTTP/1.1" 304 -
201.244.199.41 - - [24/Jan/2015:19:37:44 -0500] "GET /forest/skins/gdocs-jar/img/control-double.png HTTP/1.1" 304 -
201.244.199.41 - - [24/Jan/2015:19:37:44 -0500] "GET /forest/skins/gdocs-jar/img/spacer.gif HTTP/1.1" 304 -
201.244.199.41 - - [24/Jan/2015:19:37:44 -0500] "GET /forest/skins/gdocs-jar/img/prev.gif HTTP/1.1" 304 -
201.244.199.41 - - [24/Jan/2015:19:37:44 -0500] "GET /forest/skins/gdocs-jar/img/icons/xlsx.gif HTTP/1.1" 200 1039
201.244.199.41 - - [24/Jan/2015:19:37:44 -0500] "GET /forest/session.jsp?a=0.7073203136678785 HTTP/1.1" 200 4
201.244.199.41 - - [24/Jan/2015:19:37:44 -0500] "GET /forest/actions/forms.getList?codForm=primerasactividades&id=tipo_solicitud591 HTTP/1.1" 200 79
201.244.199.41 - - [24/Jan/2015:19:37:45 -0500] "GET /forest/skins/gdocs-jar/img/bgPanel.jpg HTTP/1.1" 304 -
201.244.199.41 - - [24/Jan/2015:19:37:45 -0500] "GET /forest/skins/gdocs-jar/img/green.gif HTTP/1.1" 304 -
180.76.5.65 - - [24/Jan/2015:19:37:48 -0500] "GET /BLA/resoluciones/AUTOS%202009/2836.pdf HTTP/1.1" 200 78756
100.43.85.25 - - [24/Jan/2015:19:37:55 -0500] "GET /videos/?C=S;O=D HTTP/1.1" 200 48637
190.143.98.228 - - [24/Jan/2015:19:37:59 -0500] "GET /BLA/resoluciones/AUTOS%202011/3686.pdf HTTP/1.1" 200 167049
201.244.199.41 - - [24/Jan/2015:19:38:04 -0500] "GET /forest/actions/forms.getList?codForm=primerasactividades&id=funcionariodest27&text=m HTTP/1.1" 200 1130
201.244.199.41 - - [24/Jan/2015:19:38:04 -0500] "GET /forest/actions/forms.getList?codForm=primerasactividades&id=funcionariodest27&text=ma HTTP/1.1" 200 1121
201.244.199.41 - - [24/Jan/2015:19:38:04 -0500] "GET /forest/actions/forms.getList?codForm=primerasactividades&id=funcionariodest27&text=mar HTTP/1.1" 200 1143
201.244.199.41 - - [24/Jan/2015:19:38:04 -0500] "GET /forest/actions/forms.getList?codForm=primerasactividades&id=funcionariodest27&text=mari HTTP/1.1" 200 1081
201.244.199.41 - - [24/Jan/2015:19:38:04 -0500] "GET /forest/actions/forms.getList?codForm=primerasactividades&id=funcionariodest27&text=maria HTTP/1.1" 200 1069
201.244.199.41 - - [24/Jan/2015:19:38:04 -0500] "GET /forest/actions/forms.getList?codForm=primerasactividades&id=funcionariodest27&text=maria%20 HTTP/1.1" 200 1097
201.244.199.41 - - [24/Jan/2015:19:38:04 -0500] "GET /forest/actions/forms.getList?codForm=primerasactividades&id=funcionariodest27&text=maria%20c HTTP/1.1" 200 1167
201.244.199.41 - - [24/Jan/2015:19:38:04 -0500] "GET /forest/actions/forms.getList?codForm=primerasactividades&id=funcionariodest27&text=maria%20cl HTTP/1.1" 200 720
201.244.199.41 - - [24/Jan/2015:19:38:05 -0500] "GET /forest/actions/forms.getList?codForm=primerasactividades&id=funcionariodest27&text=maria%20cla HTTP/1.1" 200 602
201.244.199.41 - - [24/Jan/2015:19:38:05 -0500] "GET /forest/actions/forms.getList?codForm=primerasactividades&id=funcionariodest27&text=maria%20clau HTTP/1.1" 200 472
201.244.199.41 - - [24/Jan/2015:19:38:05 -0500] "GET /forest/actions/forms.getList?codForm=primerasactividades&id=funcionariodest27&text=maria%20claud HTTP/1.1" 200 472
201.244.199.41 - - [24/Jan/2015:19:38:07 -0500] "POST /forest/usutareas.do? HTTP/1.1" 200 76
201.244.199.41 - - [24/Jan/2015:19:38:07 -0500] "GET /forest/skins/gdocs-jar/img/ok.gif HTTP/1.1" 304 -
201.244.199.41 - - [24/Jan/2015:19:38:09 -0500] "GET /forest/usutareas.do?group_system_actual=3&a=0.8495937082916498 HTTP/1.1" 200 106272
201.244.199.41 - - [24/Jan/2015:19:38:10 -0500] "GET /forest/skins/gdocs-jar/img/upload_file_icon.gif HTTP/1.1" 200 291
201.244.199.41 - - [24/Jan/2015:19:38:10 -0500] "GET /forest/skins/gdocs-jar/img/plus.gif HTTP/1.1" 304 -
201.244.199.41 - - [24/Jan/2015:19:38:10 -0500] "GET /forest/skins/gdocs-jar/img/pencil.png HTTP/1.1" 304 -
201.244.199.41 - - [24/Jan/2015:19:38:10 -0500] "GET /forest/skins/gdocs-jar/img/minus.png HTTP/1.1" 304 -
201.244.199.41 - - [24/Jan/2015:19:38:10 -0500] "GET /forest/skins/gdocs-jar/img/close.gif HTTP/1.1" 304 -
201.244.199.41 - - [24/Jan/2015:19:38:10 -0500] "GET /forest/session.jsp?a=0.8158312567975372 HTTP/1.1" 200 4
201.244.199.41 - - [24/Jan/2015:19:38:10 -0500] "GET /forest/actions/forms.getMappedValues?id=funcionariodest285&value=MARIA.PENAGOS&codForm=emergencia&a=0.7405590752605349 HTTP/1.1" 200 46
181.50.241.109 - - [24/Jan/2015:19:38:14 -0500] "POST /forms/lservlet;jsessionid=ac16012b30d5f4158fd8302e4190874cba71654cc2bf.e3iSbxaKaheRe38RbNmLa3mSc41ynknvrkLOlQzNp65In0 HTTP/1.1" 200 2
201.244.199.41 - - [24/Jan/2015:19:38:17 -0500] "GET /forest/skins/gdocs-jar/img/error.gif HTTP/1.1" 200 822
66.249.67.103 - - [24/Jan/2015:19:38:18 -0500] "GET /manual_funciones_Listado/index.php?dir=2.3.2.+Subdirecci%F3n+de+Ecosistemas+y+Ruralidad%2F HTTP/1.1" 404 1019
188.165.15.59 - - [24/Jan/2015:19:38:23 -0500] "GET /BLA/resoluciones/RESOLUCIONES%202005/RES%202005%201851-1900/INDEX.DAT HTTP/1.1" 200 2000
186.85.54.180 - - [24/Jan/2015:19:38:33 -0500] "GET /forest/session.jsp?a=0.35816401871852577 HTTP/1.1" 200 5
186.85.54.180 - - [24/Jan/2015:19:38:33 -0500] "GET /forest/login.jsp?a=0.5624116414692253 HTTP/1.1" 200 2996
180.76.6.145 - - [24/Jan/2015:19:38:34 -0500] "GET /BLA/boletinlegal;jsessionid=D787383DDEC9C74CCE22E9130F4EFDEC?/? HTTP/1.1" 404 1018
74.86.158.107 - - [24/Jan/2015:19:38:41 -0500] "GET / HTTP/1.1" 302 -
201.244.199.41 - - [24/Jan/2015:19:38:41 -0500] "POST /forest/actions/forms.sendFile HTTP/1.1" 200 112
201.244.199.41 - - [24/Jan/2015:19:38:47 -0500] "GET /forest/skins/gdocs-jar/img/icons/jpg.gif HTTP/1.1" 200 125
201.244.199.41 - - [24/Jan/2015:19:38:47 -0500] "GET /forest/skins/gdocs-jar/img/folder.gif HTTP/1.1" 200 622
201.244.199.41 - - [24/Jan/2015:19:38:47 -0500] "GET /forest/file/3739429 HTTP/1.1" 200 543590
181.54.232.60 - - [24/Jan/2015:19:39:17 -0500] "POST /forms/lservlet;jsessionid=ac16012b30d5bdd70aafdce148629443f41b7eff01ca.e3iSbxaKaheRe38RbNmLa3mSc41ynknvrkLOlQzNp65In0 HTTP/1.1" 200 2
201.244.199.41 - - [24/Jan/2015:19:39:18 -0500] "POST /forms/lservlet;jsessionid=ac16012b30d55ba1efe64b764c6f90529e1d1d96dc05.e3iSbxaKaheRe38RbNmLa3mSc41ynknvrkLOlQzNp65In0 HTTP/1.1" 200 2
66.249.67.75 - - [24/Jan/2015:19:39:52 -0500] "GET /galeria/nivo-slider/demo/demo.html HTTP/1.1" 200 3150
66.249.67.75 - - [24/Jan/2015:19:39:53 -0500] "GET /galeria/nivo-slider/themes/default/default.css HTTP/1.1" 200 1569
66.249.67.83 - - [24/Jan/2015:19:39:54 -0500] "GET /galeria/nivo-slider/jquery.nivo.slider.pack.js HTTP/1.1" 200 11561
66.249.67.75 - - [24/Jan/2015:19:39:54 -0500] "GET /galeria/nivo-slider/nivo-slider.css HTTP/1.1" 200 1507
66.249.67.67 - - [24/Jan/2015:19:39:55 -0500] "GET /galeria/nivo-slider/demo/scripts/jquery-1.7.1.min.js HTTP/1.1" 200 93868
66.249.67.83 - - [24/Jan/2015:19:39:55 -0500] "GET /galeria/nivo-slider/themes/pascal/pascal.css HTTP/1.1" 200 2258
66.249.67.75 - - [24/Jan/2015:19:39:56 -0500] "GET /galeria/nivo-slider/themes/orman/orman.css HTTP/1.1" 200 2152
66.249.67.75 - - [24/Jan/2015:19:39:56 -0500] "GET /galeria/nivo-slider/demo/style.css HTTP/1.1" 200 2222
201.244.199.41 - - [24/Jan/2015:19:40:02 -0500] "POST /forest/actions/forms.sendFile HTTP/1.1" 200 111
201.244.199.41 - - [24/Jan/2015:19:40:03 -0500] "GET /forest/skins/gdocs-jar/img/icons/zip.gif HTTP/1.1" 200 235
181.50.241.109 - - [24/Jan/2015:19:40:14 -0500] "POST /forms/lservlet;jsessionid=ac16012b30d5f4158fd8302e4190874cba71654cc2bf.e3iSbxaKaheRe38RbNmLa3mSc41ynknvrkLOlQzNp65In0 HTTP/1.1" 200 2
201.244.199.41 - - [24/Jan/2015:19:40:23 -0500] "POST /forest/usutareas.do? HTTP/1.1" 200 76
201.244.199.41 - - [24/Jan/2015:19:40:26 -0500] "GET /forest/skins/gdocs-jar/js/grid.js?version=1412.231748 HTTP/1.1" 200 7034
201.244.199.41 - - [24/Jan/2015:19:40:26 -0500] "GET /forest/js/usutareas-docs.js HTTP/1.1" 200 646
201.244.199.41 - - [24/Jan/2015:19:40:26 -0500] "GET /forest/js/socketConnection.js HTTP/1.1" 200 3648
201.244.199.41 - - [24/Jan/2015:19:40:26 -0500] "GET /forest/skins/gdocs-jar/img/bola.gif HTTP/1.1" 200 272
201.244.199.41 - - [24/Jan/2015:19:40:26 -0500] "GET /forest/js/jquery/jquery-1.5.2.min.js HTTP/1.1" 200 85940
201.244.199.41 - - [24/Jan/2015:19:40:24 -0500] "GET /forest/usutareas.do?group_system_actual=3&a=0.3854994943831116 HTTP/1.1" 200 257915
201.244.199.41 - - [24/Jan/2015:19:40:26 -0500] "GET /forest/js/jquery/jquery.atmosphere.js HTTP/1.1" 200 103614
201.244.199.41 - - [24/Jan/2015:19:40:27 -0500] "GET /forest/skins/gdocs-jar/img/edit2.gif HTTP/1.1" 200 1012
201.244.199.41 - - [24/Jan/2015:19:40:27 -0500] "GET /forest/session.jsp?a=0.028625772800296545 HTTP/1.1" 200 4
201.244.199.41 - - [24/Jan/2015:19:40:27 -0500] "GET /forest/actions/forms.getList?codForm=Anexo4&id=p300 HTTP/1.1" 200 136
201.244.199.41 - - [24/Jan/2015:19:40:27 -0500] "GET /forest/actions/forms.getList?codForm=Anexo4&id=p312 HTTP/1.1" 200 88
201.244.199.41 - - [24/Jan/2015:19:40:27 -0500] "GET /forest/actions/forms.getList?codForm=Anexo4&id=p368 HTTP/1.1" 200 209
201.244.199.41 - - [24/Jan/2015:19:40:29 -0500] "GET /forest/skins/gdocs-jar/popup/escritorio/subirborrador.jsp?form=Anexo4&codTpl=&codBorr=542970&a=0.15437874593771994 HTTP/1.1" 200 23292
201.244.199.41 - - [24/Jan/2015:19:40:29 -0500] "GET /forest/skins/gdocs-jar/img/top-search-icon.gif HTTP/1.1" 200 607
201.244.199.41 - - [24/Jan/2015:19:40:29 -0500] "GET /forest/img/lapiz.gif HTTP/1.1" 200 914
201.244.199.41 - - [24/Jan/2015:19:40:29 -0500] "GET /forest/img/historial.gif HTTP/1.1" 200 1341
201.244.199.41 - - [24/Jan/2015:19:40:29 -0500] "GET /forest/img/adduser.gif HTTP/1.1" 200 1249
201.244.199.41 - - [24/Jan/2015:19:40:29 -0500] "GET /forest/skins/gdocs-jar/img/expandido.gif HTTP/1.1" 200 190
201.244.199.41 - - [24/Jan/2015:19:40:29 -0500] "GET /forest/json.do?query=borradoresByTpls&codInst=3037481&codTare=3396&firma=0&a=0.8689109780825675 HTTP/1.1" 200 186
201.244.199.41 - - [24/Jan/2015:19:40:29 -0500] "GET /forest/json.do?query=plantillasByTarea&codTare=3396&codInst=3037481&firma=0&a=0.3884974124375731 HTTP/1.1" 200 157
201.244.199.41 - - [24/Jan/2015:19:40:29 -0500] "GET /forest/json.do?query=terceroById&numTer=0899999061-9&a=0.09755817521363497 HTTP/1.1" 200 667
201.244.199.41 - - [24/Jan/2015:19:40:29 -0500] "GET /forest/json.do?query=datosBorradorByCodTraBorr&codTraBorr=1615238&a=0.6292219460010529 HTTP/1.1" 200 180
201.244.199.41 - - [24/Jan/2015:19:40:29 -0500] "GET /forest/json.do?query=adjuntosByBorrador&codTraBorr=1615238&a=0.6075853814836591 HTTP/1.1" 200 2
201.244.199.41 - - [24/Jan/2015:19:40:29 -0500] "GET /forest/skins/gdocs-jar/img/icons/docx.gif HTTP/1.1" 200 1039
201.244.199.41 - - [24/Jan/2015:19:40:29 -0500] "GET /forest/json.do?query=ultimoBorradorByTpl&codTpl=1847&codInst=3037481&a=0.38360535143874586 HTTP/1.1" 200 20
201.244.199.41 - - [24/Jan/2015:19:40:37 -0500] "POST /forest/usutareas.do?group_system_actual=3 HTTP/1.1" 200 202
201.244.199.41 - - [24/Jan/2015:19:40:27 -0500] "GET /ForestMSG_SDA/channelAsync/template_word_17354248?X-Atmosphere-tracking-id=5a95cb76-eaf7-c151-f834-ad9ac28e4a35&X-Atmosphere-Framework=1.0.5&X-Atmosphere-Transport=long-polling&tabid=0.5324471346102655&X-Cache-Date=0&Content-Type=application/xml&_=1422146616599 HTTP/1.1" 200 8193
201.244.199.41 - - [24/Jan/2015:19:40:40 -0500] "GET /forest/usutareas.do?group_system_actual=3&a=0.5222347090020776 HTTP/1.1" 200 257921
201.244.199.41 - - [24/Jan/2015:19:40:43 -0500] "GET /forest/session.jsp?a=0.48040159489028156 HTTP/1.1" 200 4
201.244.199.41 - - [24/Jan/2015:19:40:44 -0500] "GET /forest/actions/forms.getList?codForm=Anexo4&id=p300 HTTP/1.1" 200 136
201.244.199.41 - - [24/Jan/2015:19:40:44 -0500] "GET /forest/actions/forms.getList?codForm=Anexo4&id=p312 HTTP/1.1" 200 88
201.244.199.41 - - [24/Jan/2015:19:40:44 -0500] "GET /forest/actions/forms.getList?codForm=Anexo4&id=p368 HTTP/1.1" 200 209
181.54.232.60 - - [24/Jan/2015:19:41:18 -0500] "POST /forms/lservlet;jsessionid=ac16012b30d5bdd70aafdce148629443f41b7eff01ca.e3iSbxaKaheRe38RbNmLa3mSc41ynknvrkLOlQzNp65In0 HTTP/1.1" 200 2
201.244.199.41 - - [24/Jan/2015:19:41:18 -0500] "POST /forms/lservlet;jsessionid=ac16012b30d55ba1efe64b764c6f90529e1d1d96dc05.e3iSbxaKaheRe38RbNmLa3mSc41ynknvrkLOlQzNp65In0 HTTP/1.1" 200 2
181.50.241.109 - - [24/Jan/2015:19:42:14 -0500] "POST /forms/lservlet;jsessionid=ac16012b30d5f4158fd8302e4190874cba71654cc2bf.e3iSbxaKaheRe38RbNmLa3mSc41ynknvrkLOlQzNp65In0 HTTP/1.1" 200 2
180.76.6.21 - - [24/Jan/2015:19:42:58 -0500] "GET /BLA/boletinlegal;jsessionid=A520895C40849E7E8BA128FFF4BA88A4?/? HTTP/1.1" 404 1018
186.31.168.217 - - [24/Jan/2015:19:43:12 -0500] "GET /forest/ HTTP/1.1" 200 51435
186.31.168.217 - - [24/Jan/2015:19:43:13 -0500] "GET /forest/session.jsp?a=0.4966594660654664 HTTP/1.1" 200 4
186.31.168.217 - - [24/Jan/2015:19:43:15 -0500] "GET /forest/misactividades.do?group_system_actual=3&codPro=233&_a=0.13798830970865483 HTTP/1.1" 200 38203
186.31.168.217 - - [24/Jan/2015:19:43:15 -0500] "GET /forest/skins/gdocs-jar/jsp/cookie.jsp?name=grid_numrad&del HTTP/1.1" 200 -
186.31.168.217 - - [24/Jan/2015:19:43:15 -0500] "GET /forest/skins/gdocs-jar/jsp/cookie.jsp?name=grid_nompro&del HTTP/1.1" 200 -
186.31.168.217 - - [24/Jan/2015:19:43:15 -0500] "GET /forest/session.jsp?a=0.329001902602613 HTTP/1.1" 200 4
186.31.168.217 - - [24/Jan/2015:19:43:16 -0500] "POST /forest/misactividades.do?ajax=true&a=0.0517968803178519 HTTP/1.1" 200 13467
66.249.67.103 - - [24/Jan/2015:19:43:17 -0500] "GET /MANUALFUNC/Vivienda/Investigaciones/039-06%20Gerente%20-%20GI.pdf HTTP/1.1" 404 1019
181.54.232.60 - - [24/Jan/2015:19:43:18 -0500] "POST /forms/lservlet;jsessionid=ac16012b30d5bdd70aafdce148629443f41b7eff01ca.e3iSbxaKaheRe38RbNmLa3mSc41ynknvrkLOlQzNp65In0 HTTP/1.1" 200 2
186.31.168.217 - - [24/Jan/2015:19:43:18 -0500] "POST /forest/misactividades.do?ajax=true&a=0.5614133027847856 HTTP/1.1" 200 1243
186.31.168.217 - - [24/Jan/2015:19:43:19 -0500] "POST /forms/lservlet;jsessionid=ac16012b30d55ba1efe64b764c6f90529e1d1d96dc05.e3iSbxaKaheRe38RbNmLa3mSc41ynknvrkLOlQzNp65In0 HTTP/1.1" 200 2
186.31.168.217 - - [24/Jan/2015:19:43:20 -0500] "GET /forest/usutareas.do?_a=0.5016309474594891&group_system_actual=3 HTTP/1.1" 200 101196
186.31.168.217 - - [24/Jan/2015:19:43:21 -0500] "GET /forest/skins/gdocs-jar/img/icons/doc.gif HTTP/1.1" 200 140
186.31.168.217 - - [24/Jan/2015:19:43:22 -0500] "GET /forest/session.jsp?a=0.42131970589980483 HTTP/1.1" 200 4
186.31.168.217 - - [24/Jan/2015:19:43:22 -0500] "GET /forest/actions/forms.getList?codForm=primerasactividades&id=tipo_solicitud591 HTTP/1.1" 200 79
74.86.158.107 - - [24/Jan/2015:19:43:41 -0500] "GET / HTTP/1.1" 302 -
186.31.168.217 - - [24/Jan/2015:19:43:52 -0500] "GET /forest/actions/forms.getList?codForm=primerasactividades&id=funcionariodest27&text=M HTTP/1.1" 200 1130
186.31.168.217 - - [24/Jan/2015:19:43:52 -0500] "GET /forest/actions/forms.getList?codForm=primerasactividades&id=funcionariodest27&text=MA HTTP/1.1" 200 1121
186.31.168.217 - - [24/Jan/2015:19:43:53 -0500] "GET /forest/actions/forms.getList?codForm=primerasactividades&id=funcionariodest27&text=MAR HTTP/1.1" 200 1143
186.31.168.217 - - [24/Jan/2015:19:43:53 -0500] "GET /forest/actions/forms.getList?codForm=primerasactividades&id=funcionariodest27&text=MARI HTTP/1.1" 200 1081
186.31.168.217 - - [24/Jan/2015:19:43:53 -0500] "GET /forest/actions/forms.getList?codForm=primerasactividades&id=funcionariodest27&text=MARIA HTTP/1.1" 200 1069
186.31.168.217 - - [24/Jan/2015:19:43:53 -0500] "GET /forest/actions/forms.getList?codForm=primerasactividades&id=funcionariodest27&text=MARIA%20 HTTP/1.1" 200 1097
186.31.168.217 - - [24/Jan/2015:19:43:53 -0500] "GET /forest/actions/forms.getList?codForm=primerasactividades&id=funcionariodest27&text=MARIA%20C HTTP/1.1" 200 1167
186.31.168.217 - - [24/Jan/2015:19:43:53 -0500] "GET /forest/actions/forms.getList?codForm=primerasactividades&id=funcionariodest27&text=MARIA%20CL HTTP/1.1" 200 720
186.31.168.217 - - [24/Jan/2015:19:43:53 -0500] "GET /forest/actions/forms.getList?codForm=primerasactividades&id=funcionariodest27&text=MARIA%20CLA HTTP/1.1" 200 602
186.31.168.217 - - [24/Jan/2015:19:43:53 -0500] "GET /forest/actions/forms.getList?codForm=primerasactividades&id=funcionariodest27&text=MARIA%20CLAU HTTP/1.1" 200 472
186.31.168.217 - - [24/Jan/2015:19:43:53 -0500] "GET /forest/actions/forms.getList?codForm=primerasactividades&id=funcionariodest27&text=MARIA%20CLAUD HTTP/1.1" 200 472
186.31.168.217 - - [24/Jan/2015:19:43:54 -0500] "GET /forest/actions/forms.getList?codForm=primerasactividades&id=funcionariodest27&text=MARIA%20CLAUDI HTTP/1.1" 200 472
186.31.168.217 - - [24/Jan/2015:19:43:54 -0500] "GET /forest/actions/forms.getList?codForm=primerasactividades&id=funcionariodest27&text=MARIA%20CLAUDIA HTTP/1.1" 200 472
186.31.168.217 - - [24/Jan/2015:19:43:56 -0500] "POST /forest/usutareas.do? HTTP/1.1" 200 76
186.31.168.217 - - [24/Jan/2015:19:43:58 -0500] "GET /forest/usutareas.do?group_system_actual=3&a=0.6518939305096865 HTTP/1.1" 200 106670
186.31.168.217 - - [24/Jan/2015:19:43:59 -0500] "GET /forest/session.jsp?a=0.21951820724643767 HTTP/1.1" 200 4
186.31.168.217 - - [24/Jan/2015:19:43:59 -0500] "GET /forest/actions/forms.getMappedValues?id=NUMTER1&value=0899999061-9&codForm=visita&a=0.17259583692066371 HTTP/1.1" 200 57
186.168.19.14 - - [24/Jan/2015:19:44:11 -0500] "GET /BLA/resoluciones/RESOLUCIONES%202008/3471.pdf HTTP/1.1" 200 252310
181.50.241.109 - - [24/Jan/2015:19:44:14 -0500] "POST /forms/lservlet;jsessionid=ac16012b30d5f4158fd8302e4190874cba71654cc2bf.e3iSbxaKaheRe38RbNmLa3mSc41ynknvrkLOlQzNp65In0 HTTP/1.1" 200 2
186.83.131.41 - - [24/Jan/2015:19:44:24 -0500] "GET /BLA/boletinlegal/conceptos.php HTTP/1.1" 200 6135
186.31.168.217 - - [24/Jan/2015:19:44:32 -0500] "GET /forest/actions/sgc.getPlantillaByInst?codForm=1849&codInst=3037389 HTTP/1.1" 200 97842
186.83.131.41 - - [24/Jan/2015:19:44:35 -0500] "GET /BLA/boletinlegal/consulta_conceptos.php?no=&solicitante=&radicado_entrada=&fecha_concepto=2011&objeto=consejo HTTP/1.1" 200 1578
186.28.139.215 - - [24/Jan/2015:19:45:06 -0500] "GET /favicon.ico HTTP/1.1" 200 7782
180.76.5.78 - - [24/Jan/2015:19:45:06 -0500] "GET /BLA/resoluciones/AUTOS%202013/0988.pdf HTTP/1.1" 200 2131560
181.54.232.60 - - [24/Jan/2015:19:45:18 -0500] "POST /forms/lservlet;jsessionid=ac16012b30d5bdd70aafdce148629443f41b7eff01ca.e3iSbxaKaheRe38RbNmLa3mSc41ynknvrkLOlQzNp65In0 HTTP/1.1" 200 2
186.31.168.217 - - [24/Jan/2015:19:45:19 -0500] "POST /forms/lservlet;jsessionid=ac16012b30d55ba1efe64b764c6f90529e1d1d96dc05.e3iSbxaKaheRe38RbNmLa3mSc41ynknvrkLOlQzNp65In0 HTTP/1.1" 200 2
190.3.201.234 - - [24/Jan/2015:19:45:52 -0500] "GET /BLA/resoluciones/RESOLUCIONES%202014/2073.pdf HTTP/1.1" 200 539757
180.76.6.147 - - [24/Jan/2015:19:45:52 -0500] "GET /BLA/resoluciones/RESOLUCIONES%202007/RES%202007%204201%20AL%204300/RESOLUCION%20422_%20DE%202007.pdf HTTP/1.1" 200 426014
188.165.15.200 - - [24/Jan/2015:19:46:13 -0500] "GET /BLA/resoluciones/RESOLUCIONES%202005/RES%202005%20351-400/00000371.tif HTTP/1.1" 200 155368
181.50.241.109 - - [24/Jan/2015:19:46:15 -0500] "POST /forms/lservlet;jsessionid=ac16012b30d5f4158fd8302e4190874cba71654cc2bf.e3iSbxaKaheRe38RbNmLa3mSc41ynknvrkLOlQzNp65In0 HTTP/1.1" 200 2
188.165.15.110 - - [24/Jan/2015:19:46:30 -0500] "GET /BLA/resoluciones/RESOLUCIONES%202005/RES%202005%20901-950/00000930.tif HTTP/1.1" 200 69334
66.249.67.75 - - [24/Jan/2015:19:46:35 -0500] "GET /BLA/resoluciones/RESOLUCIONES%202006/RES%202006%20951-1000/00000983.tif HTTP/1.1" 200 161690
201.244.199.41 - - [24/Jan/2015:19:40:41 -0500] "GET /ForestMSG_SDA/channelAsync/template_word_17354248?X-Atmosphere-tracking-id=14b404d0-8896-5c2d-8e22-6295d516f2d2&X-Atmosphere-Framework=1.0.5&X-Atmosphere-Transport=long-polling&tabid=0.9051513795275241&X-Cache-Date=0&Content-Type=application/xml&_=1422146631456 HTTP/1.1" 200 8193
188.165.15.110 - - [24/Jan/2015:19:47:05 -0500] "GET /BLA/resoluciones/RESOLUCIONES%202005/RES%202005%201951-2000/00001958.tif HTTP/1.1" 200 139588
180.76.4.186 - - [24/Jan/2015:19:47:17 -0500] "GET / HTTP/1.1" 302 -
181.54.232.60 - - [24/Jan/2015:19:47:18 -0500] "POST /forms/lservlet;jsessionid=ac16012b30d5bdd70aafdce148629443f41b7eff01ca.e3iSbxaKaheRe38RbNmLa3mSc41ynknvrkLOlQzNp65In0 HTTP/1.1" 200 2
186.31.168.217 - - [24/Jan/2015:19:47:19 -0500] "POST /forms/lservlet;jsessionid=ac16012b30d55ba1efe64b764c6f90529e1d1d96dc05.e3iSbxaKaheRe38RbNmLa3mSc41ynknvrkLOlQzNp65In0 HTTP/1.1" 200 2
188.165.15.43 - - [24/Jan/2015:19:47:49 -0500] "GET /BLA/resoluciones/RESOLUCIONES%202006/RES%202006%202051-2100/00002096.tif HTTP/1.1" 200 187334
186.83.131.41 - - [24/Jan/2015:19:48:05 -0500] "GET /BLA/boletinlegal/consulta_conceptos.php?no=&solicitante=&radicado_entrada=&fecha_concepto=2012&objeto=consejo HTTP/1.1" 200 1936
181.50.241.109 - - [24/Jan/2015:19:48:15 -0500] "POST /forms/lservlet;jsessionid=ac16012b30d5f4158fd8302e4190874cba71654cc2bf.e3iSbxaKaheRe38RbNmLa3mSc41ynknvrkLOlQzNp65In0 HTTP/1.1" 200 2
74.86.158.107 - - [24/Jan/2015:19:48:41 -0500] "GET / HTTP/1.1" 302 -
181.54.232.60 - - [24/Jan/2015:19:49:18 -0500] "POST /forms/lservlet;jsessionid=ac16012b30d5bdd70aafdce148629443f41b7eff01ca.e3iSbxaKaheRe38RbNmLa3mSc41ynknvrkLOlQzNp65In0 HTTP/1.1" 200 2
180.76.5.23 - - [24/Jan/2015:19:49:58 -0500] "GET /BLA/boletinlegal;jsessionid=C7EC72570641948C33B61A55196EC62C?/? HTTP/1.1" 404 1018
186.31.168.217 - - [24/Jan/2015:19:43:59 -0500] "GET /ForestMSG_SDA/channelAsync/template_word_17354255?X-Atmosphere-tracking-id=00762808-6329-fcb2-3917-492cfd970b9d&X-Atmosphere-Framework=1.0.5&X-Atmosphere-Transport=long-polling&tabid=0.9151277588680387&X-Cache-Date=0&Content-Type=application/xml&_=1422146829138 HTTP/1.1" 200 8193
186.83.131.41 - - [24/Jan/2015:19:50:00 -0500] "GET /BLA/boletinlegal/conceptos/2012/85.pdf HTTP/1.1" 200 657496
186.83.131.41 - - [24/Jan/2015:19:50:00 -0500] "GET /BLA/boletinlegal/conceptos/2012/85.pdf HTTP/1.1" 206 32768
186.83.131.41 - - [24/Jan/2015:19:50:00 -0500] "GET /BLA/boletinlegal/conceptos/2012/85.pdf HTTP/1.1" 206 624728
181.50.241.109 - - [24/Jan/2015:19:50:15 -0500] "POST /forms/lservlet;jsessionid=ac16012b30d5f4158fd8302e4190874cba71654cc2bf.e3iSbxaKaheRe38RbNmLa3mSc41ynknvrkLOlQzNp65In0 HTTP/1.1" 200 2
123.125.71.56 - - [24/Jan/2015:19:50:26 -0500] "GET / HTTP/1.1" 302 -
181.54.232.60 - - [24/Jan/2015:19:51:18 -0500] "POST /forms/lservlet;jsessionid=ac16012b30d5bdd70aafdce148629443f41b7eff01ca.e3iSbxaKaheRe38RbNmLa3mSc41ynknvrkLOlQzNp65In0 HTTP/1.1" 200 2
201.245.229.251 - - [24/Jan/2015:19:51:40 -0500] "POST /forms/lservlet;jsessionid=ac16012b30d55ba1efe64b764c6f90529e1d1d96dc05.e3iSbxaKaheRe38RbNmLa3mSc41ynknvrkLOlQzNp65In0 HTTP/1.1" 200 2
66.249.80.42 - - [24/Jan/2015:19:51:43 -0500] "GET /sig/MECI/DOCUMENTOS/Informe%20de%20Gestion/INFORME%20DE%20GESTION%202008%202010VersionFinal.pdf HTTP/1.1" 404 1018
181.50.241.109 - - [24/Jan/2015:19:52:15 -0500] "POST /forms/lservlet;jsessionid=ac16012b30d5f4158fd8302e4190874cba71654cc2bf.e3iSbxaKaheRe38RbNmLa3mSc41ynknvrkLOlQzNp65In0 HTTP/1.1" 200 2
220.181.108.93 - - [24/Jan/2015:19:52:29 -0500] "GET / HTTP/1.1" 302 -
181.54.232.60 - - [24/Jan/2015:19:53:18 -0500] "POST /forms/lservlet;jsessionid=ac16012b30d5bdd70aafdce148629443f41b7eff01ca.e3iSbxaKaheRe38RbNmLa3mSc41ynknvrkLOlQzNp65In0 HTTP/1.1" 200 2
186.80.252.19 - - [24/Jan/2015:19:53:34 -0500] "GET /BLA/circulares/6.pdf HTTP/1.1" 200 4657752
186.80.252.19 - - [24/Jan/2015:19:53:35 -0500] "GET /BLA/circulares/6.pdf HTTP/1.1" 206 32768
186.80.252.19 - - [24/Jan/2015:19:53:36 -0500] "GET /BLA/circulares/6.pdf HTTP/1.1" 206 4624984
74.86.158.107 - - [24/Jan/2015:19:53:41 -0500] "GET / HTTP/1.1" 302 -
186.80.252.19 - - [24/Jan/2015:19:53:43 -0500] "GET /favicon.ico HTTP/1.1" 200 7782
190.25.32.124 - - [24/Jan/2015:19:54:11 -0500] "POST /forms/lservlet;jsessionid=ac16012b30d55ba1efe64b764c6f90529e1d1d96dc05.e3iSbxaKaheRe38RbNmLa3mSc41ynknvrkLOlQzNp65In0 HTTP/1.1" 200 2
181.50.241.109 - - [24/Jan/2015:19:54:15 -0500] "POST /forms/lservlet;jsessionid=ac16012b30d5f4158fd8302e4190874cba71654cc2bf.e3iSbxaKaheRe38RbNmLa3mSc41ynknvrkLOlQzNp65In0 HTTP/1.1" 200 2
188.165.15.43 - - [24/Jan/2015:19:54:26 -0500] "GET /BLA/resoluciones/RESOLUCIONES%202005/RES%202005%20901-950/00000939.tif HTTP/1.1" 200 160448
181.54.232.60 - - [24/Jan/2015:19:55:18 -0500] "POST /forms/lservlet;jsessionid=ac16012b30d5bdd70aafdce148629443f41b7eff01ca.e3iSbxaKaheRe38RbNmLa3mSc41ynknvrkLOlQzNp65In0 HTTP/1.1" 200 2
188.165.15.201 - - [24/Jan/2015:19:55:40 -0500] "GET /BLA/resoluciones/RESOLUCIONES%202006/RES%202006%20751-800/00000752.tif HTTP/1.1" 200 301428
188.165.15.59 - - [24/Jan/2015:19:56:11 -0500] "GET /BLA/resoluciones/RESOLUCIONES%202004/RES%202004%201451-1500/00001469.tif HTTP/1.1" 200 34230
190.25.32.124 - - [24/Jan/2015:19:56:11 -0500] "POST /forms/lservlet;jsessionid=ac16012b30d55ba1efe64b764c6f90529e1d1d96dc05.e3iSbxaKaheRe38RbNmLa3mSc41ynknvrkLOlQzNp65In0 HTTP/1.1" 200 2
181.50.241.109 - - [24/Jan/2015:19:56:16 -0500] "POST /forms/lservlet;jsessionid=ac16012b30d5f4158fd8302e4190874cba71654cc2bf.e3iSbxaKaheRe38RbNmLa3mSc41ynknvrkLOlQzNp65In0 HTTP/1.1" 200 2
66.249.67.103 - - [24/Jan/2015:19:56:43 -0500] "GET /dama/libreria/php/2006/restauracion/33_publi/protoc/protocolo%20cuadrosderestauracion%201%20al%206.pdf HTTP/1.1" 404 1019
181.54.232.60 - - [24/Jan/2015:19:57:18 -0500] "POST /forms/lservlet;jsessionid=ac16012b30d5bdd70aafdce148629443f41b7eff01ca.e3iSbxaKaheRe38RbNmLa3mSc41ynknvrkLOlQzNp65In0 HTTP/1.1" 200 2
66.249.67.103 - - [24/Jan/2015:19:58:01 -0500] "GET /MANUALFUNC/Administrativa%20y%20Financiera/407-27%20Auxiliar%20Administrativo%20-%20SAF%20_Archivo_.pdf HTTP/1.1" 404 1019
190.25.32.124 - - [24/Jan/2015:19:58:11 -0500] "POST /forms/lservlet;jsessionid=ac16012b30d55ba1efe64b764c6f90529e1d1d96dc05.e3iSbxaKaheRe38RbNmLa3mSc41ynknvrkLOlQzNp65In0 HTTP/1.1" 200 2
74.86.158.107 - - [24/Jan/2015:19:58:45 -0500] "GET / HTTP/1.1" 302 -
200.118.49.10 - - [24/Jan/2015:19:59:03 -0500] "GET /crossdomain.xml HTTP/1.1" 404 1280
200.118.49.10 - - [24/Jan/2015:19:59:03 -0500] "GET /arcgis/services/Calidad_del_Agua_WQI/MapServer/WMSServer?HEIGHT=660&VERSION=1%2E1%2E1&STYLES=&WIDTH=1280&TRANSPARENT=TRUE&BBOX=%2D74%2E06485267110523%2C4%2E618754873676122%2C%2D74%2E0587612509303%2C4%2E621895762203818&LAYERS=3%2C4%2C5%2C6%2C7&REQUEST=GetMap&SRS=EPSG%3A4686&SERVICE=WMS&FORMAT=image%2Fpng HTTP/1.1" 200 4892
200.118.49.10 - - [24/Jan/2015:19:59:12 -0500] "GET /arcgis/services/Calidad_del_Agua_WQI/MapServer/WMSServer?HEIGHT=660&VERSION=1%2E1%2E1&STYLES=&WIDTH=1280&TRANSPARENT=TRUE&BBOX=%2D74%2E07005356804483%2C4%2E6152117255480265%2C%2D74%2E0639621478699%2C4%2E6183526140757225&LAYERS=3%2C4%2C5%2C6%2C7&REQUEST=GetMap&SRS=EPSG%3A4686&SERVICE=WMS&FORMAT=image%2Fpng HTTP/1.1" 200 4892
181.54.232.60 - - [24/Jan/2015:19:59:18 -0500] "POST /forms/lservlet;jsessionid=ac16012b30d5bdd70aafdce148629443f41b7eff01ca.e3iSbxaKaheRe38RbNmLa3mSc41ynknvrkLOlQzNp65In0 HTTP/1.1" 200 2
200.118.49.10 - - [24/Jan/2015:19:59:21 -0500] "GET /crossdomain.xml HTTP/1.1" 404 1280
200.118.49.10 - - [24/Jan/2015:19:59:22 -0500] "GET /arcgis/services/Calidad_del_Agua_WQI/MapServer/WMSServer?HEIGHT=660&VERSION=1%2E1%2E1&STYLES=&WIDTH=1280&TRANSPARENT=TRUE&BBOX=%2D74%2E06906828281919%2C4%2E6090058683161566%2C%2D74%2E06297686264426%2C4%2E612146756843853&LAYERS=3%2C4%2C5%2C6%2C7&REQUEST=GetMap&SRS=EPSG%3A4686&SERVICE=WMS&FORMAT=image%2Fpng HTTP/1.1" 200 4892
200.118.49.10 - - [24/Jan/2015:19:59:23 -0500] "GET /arcgis/services/Calidad_del_Agua_WQI/MapServer/WMSServer?HEIGHT=660&VERSION=1%2E1%2E1&STYLES=&WIDTH=1280&TRANSPARENT=TRUE&BBOX=%2D74%2E0680118021326%2C4%2E6095579032695095%2C%2D74%2E06496609204514%2C4%2E6111283475333575&LAYERS=3%2C4%2C5%2C6%2C7&REQUEST=GetMap&SRS=EPSG%3A4686&SERVICE=WMS&FORMAT=image%2Fpng HTTP/1.1" 200 4892
200.118.49.10 - - [24/Jan/2015:19:59:31 -0500] "GET /arcgis/services/Calidad_del_Agua_WQI/MapServer/WMSServer?HEIGHT=660&VERSION=1%2E1%2E1&STYLES=&WIDTH=1280&TRANSPARENT=TRUE&BBOX=%2D74%2E06714329886547%2C4%2E609969550023518%2C%2D74%2E06562044382174%2C4%2E610754772155442&LAYERS=3%2C4%2C5%2C6%2C7&REQUEST=GetMap&SRS=EPSG%3A4686&SERVICE=WMS&FORMAT=image%2Fpng HTTP/1.1" 200 4892
181.50.241.109 - - [24/Jan/2015:19:59:48 -0500] "POST /forms/lservlet;jsessionid=ac16012b30d5f4158fd8302e4190874cba71654cc2bf.e3iSbxaKaheRe38RbNmLa3mSc41ynknvrkLOlQzNp65In0 HTTP/1.1" 200 2
190.25.32.124 - - [24/Jan/2015:20:00:11 -0500] "POST /forms/lservlet;jsessionid=ac16012b30d55ba1efe64b764c6f90529e1d1d96dc05.e3iSbxaKaheRe38RbNmLa3mSc41ynknvrkLOlQzNp65In0 HTTP/1.1" 200 2
188.165.15.110 - - [24/Jan/2015:20:01:00 -0500] "GET /BLA/resoluciones/RESOLUCIONES%202006/RES%202006%201551-1600/00001590.tif HTTP/1.1" 200 135498
181.54.232.60 - - [24/Jan/2015:20:01:18 -0500] "POST /forms/lservlet;jsessionid=ac16012b30d5bdd70aafdce148629443f41b7eff01ca.e3iSbxaKaheRe38RbNmLa3mSc41ynknvrkLOlQzNp65In0 HTTP/1.1" 200 2
191.103.162.29 - - [24/Jan/2015:20:01:41 -0500] "GET /BLA/resoluciones/RESOLUCIONES%202007/RES%202007%203701%20AL%203800/RESOLUCION%203705%20DE%202007.pdf HTTP/1.1" 200 267175
191.103.162.29 - - [24/Jan/2015:20:01:41 -0500] "GET /BLA/resoluciones/RESOLUCIONES%202007/RES%202007%203701%20AL%203800/RESOLUCION%203705%20DE%202007.pdf HTTP/1.1" 206 32768
191.103.162.29 - - [24/Jan/2015:20:01:42 -0500] "GET /BLA/resoluciones/RESOLUCIONES%202007/RES%202007%203701%20AL%203800/RESOLUCION%203705%20DE%202007.pdf HTTP/1.1" 206 234407
191.103.162.29 - - [24/Jan/2015:20:01:43 -0500] "GET /favicon.ico HTTP/1.1" 200 7782
181.50.241.109 - - [24/Jan/2015:20:01:48 -0500] "POST /forms/lservlet;jsessionid=ac16012b30d5f4158fd8302e4190874cba71654cc2bf.e3iSbxaKaheRe38RbNmLa3mSc41ynknvrkLOlQzNp65In0 HTTP/1.1" 200 2
190.25.32.124 - - [24/Jan/2015:20:02:12 -0500] "POST /forms/lservlet;jsessionid=ac16012b30d55ba1efe64b764c6f90529e1d1d96dc05.e3iSbxaKaheRe38RbNmLa3mSc41ynknvrkLOlQzNp65In0 HTTP/1.1" 200 2
188.165.15.208 - - [24/Jan/2015:20:02:22 -0500] "GET /BLA/resoluciones/RESOLUCIONES%202004/RES%202004%20701-750/00000748.tif HTTP/1.1" 200 51892
66.249.67.67 - - [24/Jan/2015:20:02:27 -0500] "GET /BLA/resoluciones/AUTOS%202007/2814.pdf HTTP/1.1" 200 102546
200.118.49.10 - - [24/Jan/2015:20:02:28 -0500] "GET /crossdomain.xml HTTP/1.1" 404 1280
200.118.49.10 - - [24/Jan/2015:20:02:28 -0500] "GET /arcgis/services/Calidad_del_Agua_WQI/MapServer/WMSServer?HEIGHT=660&VERSION=1%2E1%2E1&STYLES=&WIDTH=1280&TRANSPARENT=TRUE&BBOX=%2D74%2E06705402566274%2C4%2E610036488329647%2C%2D74%2E06553117061901%2C4%2E610821710461571&LAYERS=3%2C4%2C5%2C6%2C7&REQUEST=GetMap&SRS=EPSG%3A4686&SERVICE=WMS&FORMAT=image%2Fpng HTTP/1.1" 200 4892
181.60.143.119 - - [24/Jan/2015:20:02:31 -0500] "GET /BLA/resoluciones/RESOLUCIONES%202013/1262.pdf HTTP/1.1" 200 7313637
181.60.143.119 - - [24/Jan/2015:20:02:43 -0500] "GET /BLA/resoluciones/RESOLUCIONES%202013/1262.pdf HTTP/1.1" 200 7313637
66.249.67.83 - - [24/Jan/2015:20:02:54 -0500] "GET /BLA/resoluciones/RESOLUCIONES%202003/RES%202003%20551-600/567.tif HTTP/1.1" 200 836176
181.60.143.119 - - [24/Jan/2015:20:02:56 -0500] "GET /BLA/resoluciones/RESOLUCIONES%202013/1262.pdf HTTP/1.1" 200 7313637
181.60.143.119 - - [24/Jan/2015:20:03:03 -0500] "GET /BLA/resoluciones/RESOLUCIONES%202013/1262.pdf HTTP/1.1" 200 7313637
66.249.67.83 - - [24/Jan/2015:20:03:04 -0500] "GET /BLA/resoluciones/RESOLUCIONES%202008/2500.pdf HTTP/1.1" 304 -
181.60.143.119 - - [24/Jan/2015:20:03:07 -0500] "GET /BLA/resoluciones/RESOLUCIONES%202013/1262.pdf HTTP/1.1" 200 7313637
181.60.143.119 - - [24/Jan/2015:20:03:09 -0500] "GET /BLA/resoluciones/RESOLUCIONES%202013/1262.pdf HTTP/1.1" 200 7313637
181.60.143.119 - - [24/Jan/2015:20:03:11 -0500] "GET /BLA/resoluciones/RESOLUCIONES%202013/1262.pdf HTTP/1.1" 200 7313637
181.54.232.60 - - [24/Jan/2015:20:03:18 -0500] "POST /forms/lservlet;jsessionid=ac16012b30d5bdd70aafdce148629443f41b7eff01ca.e3iSbxaKaheRe38RbNmLa3mSc41ynknvrkLOlQzNp65In0 HTTP/1.1" 200 2
188.165.15.5 - - [24/Jan/2015:20:03:19 -0500] "GET /BLA/resoluciones/RESOLUCIONES%202005/RES%202005%201101-1150/00001127.tif HTTP/1.1" 200 152718
66.249.67.119 - - [24/Jan/2015:20:03:26 -0500] "GET /Residuos/metalmecanica/metalmecanica.html HTTP/1.1" 404 1019
74.86.158.107 - - [24/Jan/2015:20:03:45 -0500] "GET / HTTP/1.1" 302 -
181.50.241.109 - - [24/Jan/2015:20:03:48 -0500] "POST /forms/lservlet;jsessionid=ac16012b30d5f4158fd8302e4190874cba71654cc2bf.e3iSbxaKaheRe38RbNmLa3mSc41ynknvrkLOlQzNp65In0 HTTP/1.1" 200 2
190.25.32.124 - - [24/Jan/2015:19:59:59 -0500] "GET /ForestMSG_SDA/channelAsync/template_word_17354255?X-Atmosphere-tracking-id=03379493-1198-fc05-e5cc-ec90d2a2ff57&X-Atmosphere-Framework=1.0.5&X-Atmosphere-Transport=long-polling&tabid=0.9151277588680387&X-Cache-Date=0&Content-Type=application/xml&_=1422147789485 HTTP/1.1" 200 8193
190.25.32.124 - - [24/Jan/2015:20:03:59 -0500] "GET /ForestMSG_SDA/channelAsync/template_word_17354255?X-Atmosphere-tracking-id=1bb1dc43-121b-96a5-dc91-f3f182d084d4&X-Atmosphere-Framework=1.0.5&X-Atmosphere-Transport=long-polling&tabid=0.9151277588680387&X-Cache-Date=0&Content-Type=application/xml&_=1422148029491 HTTP/1.1" 200 8193
190.25.32.124 - - [24/Jan/2015:20:04:00 -0500] "GET /ForestMSG_SDA/channelAsync/template_word_17354255?X-Atmosphere-tracking-id=03379493-1198-fc05-e5cc-ec90d2a2ff57&X-Atmosphere-Framework=1.0.5&X-Atmosphere-Transport=long-polling&tabid=0.9151277588680387&X-Cache-Date=0&Content-Type=application/xml&_=1422148029624 HTTP/1.1" 200 8193
190.25.32.124 - - [24/Jan/2015:20:04:00 -0500] "GET /ForestMSG_SDA/channelAsync/template_word_17354255?X-Atmosphere-tracking-id=1bb1dc43-121b-96a5-dc91-f3f182d084d4&X-Atmosphere-Framework=1.0.5&X-Atmosphere-Transport=long-polling&tabid=0.9151277588680387&X-Cache-Date=0&Content-Type=application/xml&_=1422148029729 HTTP/1.1" 200 8193
190.25.32.124 - - [24/Jan/2015:20:04:00 -0500] "GET /ForestMSG_SDA/channelAsync/template_word_17354255?X-Atmosphere-tracking-id=03379493-1198-fc05-e5cc-ec90d2a2ff57&X-Atmosphere-Framework=1.0.5&X-Atmosphere-Transport=long-polling&tabid=0.9151277588680387&X-Cache-Date=0&Content-Type=application/xml&_=1422148029811 HTTP/1.1" 200 8193
190.25.32.124 - - [24/Jan/2015:20:04:00 -0500] "GET /ForestMSG_SDA/channelAsync/template_word_17354255?X-Atmosphere-tracking-id=1bb1dc43-121b-96a5-dc91-f3f182d084d4&X-Atmosphere-Framework=1.0.5&X-Atmosphere-Transport=long-polling&tabid=0.9151277588680387&X-Cache-Date=0&Content-Type=application/xml&_=1422148029896 HTTP/1.1" 200 8193
190.25.32.124 - - [24/Jan/2015:20:04:00 -0500] "GET /ForestMSG_SDA/channelAsync/template_word_17354255?X-Atmosphere-tracking-id=03379493-1198-fc05-e5cc-ec90d2a2ff57&X-Atmosphere-Framework=1.0.5&X-Atmosphere-Transport=long-polling&tabid=0.9151277588680387&X-Cache-Date=0&Content-Type=application/xml&_=1422148029979 HTTP/1.1" 200 8193
190.25.32.124 - - [24/Jan/2015:20:04:00 -0500] "GET /ForestMSG_SDA/channelAsync/template_word_17354255?X-Atmosphere-tracking-id=1bb1dc43-121b-96a5-dc91-f3f182d084d4&X-Atmosphere-Framework=1.0.5&X-Atmosphere-Transport=long-polling&tabid=0.9151277588680387&X-Cache-Date=0&Content-Type=application/xml&_=1422148030064 HTTP/1.1" 200 8193
190.25.32.124 - - [24/Jan/2015:20:04:00 -0500] "GET /ForestMSG_SDA/channelAsync/template_word_17354255?X-Atmosphere-tracking-id=03379493-1198-fc05-e5cc-ec90d2a2ff57&X-Atmosphere-Framework=1.0.5&X-Atmosphere-Transport=long-polling&tabid=0.9151277588680387&X-Cache-Date=0&Content-Type=application/xml&_=1422148030151 HTTP/1.1" 200 8193
190.25.32.124 - - [24/Jan/2015:20:04:00 -0500] "GET /ForestMSG_SDA/channelAsync/template_word_17354255?X-Atmosphere-tracking-id=1bb1dc43-121b-96a5-dc91-f3f182d084d4&X-Atmosphere-Framework=1.0.5&X-Atmosphere-Transport=long-polling&tabid=0.9151277588680387&X-Cache-Date=0&Content-Type=application/xml&_=1422148030239 HTTP/1.1" 200 8193
190.25.32.124 - - [24/Jan/2015:20:04:00 -0500] "GET /ForestMSG_SDA/channelAsync/template_word_17354255?X-Atmosphere-tracking-id=03379493-1198-fc05-e5cc-ec90d2a2ff57&X-Atmosphere-Framework=1.0.5&X-Atmosphere-Transport=long-polling&tabid=0.9151277588680387&X-Cache-Date=0&Content-Type=application/xml&_=1422148030321 HTTP/1.1" 200 8193
190.25.32.124 - - [24/Jan/2015:20:04:00 -0500] "GET /ForestMSG_SDA/channelAsync/template_word_17354255?X-Atmosphere-tracking-id=1bb1dc43-121b-96a5-dc91-f3f182d084d4&X-Atmosphere-Framework=1.0.5&X-Atmosphere-Transport=long-polling&tabid=0.9151277588680387&X-Cache-Date=0&Content-Type=application/xml&_=1422148030406 HTTP/1.1" 200 8193
190.25.32.124 - - [24/Jan/2015:20:04:00 -0500] "GET /ForestMSG_SDA/channelAsync/template_word_17354255?X-Atmosphere-tracking-id=03379493-1198-fc05-e5cc-ec90d2a2ff57&X-Atmosphere-Framework=1.0.5&X-Atmosphere-Transport=long-polling&tabid=0.9151277588680387&X-Cache-Date=0&Content-Type=application/xml&_=1422148030491 HTTP/1.1" 200 8193
190.25.32.124 - - [24/Jan/2015:20:04:00 -0500] "GET /ForestMSG_SDA/channelAsync/template_word_17354255?X-Atmosphere-tracking-id=1bb1dc43-121b-96a5-dc91-f3f182d084d4&X-Atmosphere-Framework=1.0.5&X-Atmosphere-Transport=long-polling&tabid=0.9151277588680387&X-Cache-Date=0&Content-Type=application/xml&_=1422148030604 HTTP/1.1" 200 8193
190.25.32.124 - - [24/Jan/2015:20:04:01 -0500] "GET /ForestMSG_SDA/channelAsync/template_word_17354255?X-Atmosphere-tracking-id=03379493-1198-fc05-e5cc-ec90d2a2ff57&X-Atmosphere-Framework=1.0.5&X-Atmosphere-Transport=long-polling&tabid=0.9151277588680387&X-Cache-Date=0&Content-Type=application/xml&_=1422148030689 HTTP/1.1" 200 8193
190.25.32.124 - - [24/Jan/2015:20:04:01 -0500] "GET /ForestMSG_SDA/channelAsync/template_word_17354255?X-Atmosphere-tracking-id=1bb1dc43-121b-96a5-dc91-f3f182d084d4&X-Atmosphere-Framework=1.0.5&X-Atmosphere-Transport=long-polling&tabid=0.9151277588680387&X-Cache-Date=0&Content-Type=application/xml&_=1422148030771 HTTP/1.1" 200 8193
190.25.32.124 - - [24/Jan/2015:20:04:01 -0500] "GET /ForestMSG_SDA/channelAsync/template_word_17354255?X-Atmosphere-tracking-id=03379493-1198-fc05-e5cc-ec90d2a2ff57&X-Atmosphere-Framework=1.0.5&X-Atmosphere-Transport=long-polling&tabid=0.9151277588680387&X-Cache-Date=0&Content-Type=application/xml&_=1422148030859 HTTP/1.1" 200 8193
190.25.32.124 - - [24/Jan/2015:20:04:01 -0500] "GET /ForestMSG_SDA/channelAsync/template_word_17354255?X-Atmosphere-tracking-id=1bb1dc43-121b-96a5-dc91-f3f182d084d4&X-Atmosphere-Framework=1.0.5&X-Atmosphere-Transport=long-polling&tabid=0.9151277588680387&X-Cache-Date=0&Content-Type=application/xml&_=1422148030946 HTTP/1.1" 200 8193
190.25.32.124 - - [24/Jan/2015:20:04:01 -0500] "GET /ForestMSG_SDA/channelAsync/template_word_17354255?X-Atmosphere-tracking-id=03379493-1198-fc05-e5cc-ec90d2a2ff57&X-Atmosphere-Framework=1.0.5&X-Atmosphere-Transport=long-polling&tabid=0.9151277588680387&X-Cache-Date=0&Content-Type=application/xml&_=1422148031084 HTTP/1.1" 200 8193
190.25.32.124 - - [24/Jan/2015:20:04:12 -0500] "POST /forms/lservlet;jsessionid=ac16012b30d55ba1efe64b764c6f90529e1d1d96dc05.e3iSbxaKaheRe38RbNmLa3mSc41ynknvrkLOlQzNp65In0 HTTP/1.1" 200 2
66.249.67.83 - - [24/Jan/2015:20:04:12 -0500] "GET /BLA/resoluciones/RESOLUCIONES%202009/8926.pdf HTTP/1.1" 304 -
186.145.84.87 - - [24/Jan/2015:20:04:55 -0500] "GET /BLA/resoluciones/RESOLUCIONES%202007/RES%202007%201401%20AL%201500/RESOLUCION%201404%20DE%202007.pdf HTTP/1.1" 200 203263
186.145.84.87 - - [24/Jan/2015:20:04:55 -0500] "GET /BLA/resoluciones/RESOLUCIONES%202007/RES%202007%201401%20AL%201500/RESOLUCION%201404%20DE%202007.pdf HTTP/1.1" 206 32768
186.145.84.87 - - [24/Jan/2015:20:04:57 -0500] "GET /BLA/resoluciones/RESOLUCIONES%202007/RES%202007%201401%20AL%201500/RESOLUCION%201404%20DE%202007.pdf HTTP/1.1" 206 170495
186.145.84.87 - - [24/Jan/2015:20:04:58 -0500] "GET /favicon.ico HTTP/1.1" 200 7782
190.25.32.124 - - [24/Jan/2015:20:05:18 -0500] "GET /forest/session.jsp?a=0.26876319316215813 HTTP/1.1" 200 4
181.54.232.60 - - [24/Jan/2015:20:05:18 -0500] "POST /forms/lservlet;jsessionid=ac16012b30d5bdd70aafdce148629443f41b7eff01ca.e3iSbxaKaheRe38RbNmLa3mSc41ynknvrkLOlQzNp65In0 HTTP/1.1" 200 2
66.249.67.67 - - [24/Jan/2015:20:05:20 -0500] "GET /BLA/resoluciones/RESOLUCIONES%202013/0914.pdf HTTP/1.1" 200 467432
66.249.67.111 - - [24/Jan/2015:20:05:22 -0500] "GET /pga/ane8.doc HTTP/1.1" 404 1019
181.50.241.109 - - [24/Jan/2015:20:05:48 -0500] "POST /forms/lservlet;jsessionid=ac16012b30d5f4158fd8302e4190874cba71654cc2bf.e3iSbxaKaheRe38RbNmLa3mSc41ynknvrkLOlQzNp65In0 HTTP/1.1" 200 2
66.249.67.75 - - [24/Jan/2015:20:06:28 -0500] "GET /BLA/resoluciones/AUTOS%202012/0042.pdf HTTP/1.1" 200 170115
188.165.15.43 - - [24/Jan/2015:20:06:58 -0500] "GET /BLA/resoluciones/RESOLUCIONES%202006/RES%202006%202251-2300/00002277.tif HTTP/1.1" 200 529630
180.76.6.17 - - [24/Jan/2015:20:06:59 -0500] "GET /videos/ HTTP/1.1" 200 48637
186.29.168.227 - - [24/Jan/2015:20:07:18 -0500] "POST /forms/lservlet;jsessionid=ac16012b30d55ba1efe64b764c6f90529e1d1d96dc05.e3iSbxaKaheRe38RbNmLa3mSc41ynknvrkLOlQzNp65In0 HTTP/1.1" 200 2
181.54.232.60 - - [24/Jan/2015:20:07:18 -0500] "POST /forms/lservlet;jsessionid=ac16012b30d5bdd70aafdce148629443f41b7eff01ca.e3iSbxaKaheRe38RbNmLa3mSc41ynknvrkLOlQzNp65In0 HTTP/1.1" 200 2
66.249.67.83 - - [24/Jan/2015:20:07:36 -0500] "GET /autoliquidacion/index.php?dir=Cobro+Clasificacion+Uso+De+Vivenda+En+Suelo+Restringido%2F HTTP/1.1" 200 3195
186.85.186.219 - - [24/Jan/2015:20:07:37 -0500] "GET /BLA/resoluciones/AUTOS%202008/2494.pdf HTTP/1.1" 200 102689
186.85.186.219 - - [24/Jan/2015:20:07:40 -0500] "GET /favicon.ico HTTP/1.1" 200 7782
181.50.241.109 - - [24/Jan/2015:20:07:48 -0500] "POST /forms/lservlet;jsessionid=ac16012b30d5f4158fd8302e4190874cba71654cc2bf.e3iSbxaKaheRe38RbNmLa3mSc41ynknvrkLOlQzNp65In0 HTTP/1.1" 200 2
180.76.6.213 - - [24/Jan/2015:20:08:38 -0500] "GET /BLA/resoluciones/RESOLUCIONES%202011/0716.pdf HTTP/1.1" 200 256482
66.249.67.67 - - [24/Jan/2015:20:08:44 -0500] "GET /autoliquidacion/Solicitudes%20relacionadas%20con%20calidad%20del%20aire%20auditiva%20y%20visual/Registro%20de%20Elementos%20de%20publicidad%20Exterior%20Visual/126pm04-pr16-f-a301%20Formato%20Solicitud%20de%20registro.xls HTTP/1.1" 304 -
74.86.158.107 - - [24/Jan/2015:20:08:45 -0500] "GET / HTTP/1.1" 302 -
186.29.51.95 - - [24/Jan/2015:20:09:18 -0500] "POST /forms/lservlet;jsessionid=ac16012b30d55ba1efe64b764c6f90529e1d1d96dc05.e3iSbxaKaheRe38RbNmLa3mSc41ynknvrkLOlQzNp65In0 HTTP/1.1" 200 2
181.54.232.60 - - [24/Jan/2015:20:09:19 -0500] "POST /forms/lservlet;jsessionid=ac16012b30d5bdd70aafdce148629443f41b7eff01ca.e3iSbxaKaheRe38RbNmLa3mSc41ynknvrkLOlQzNp65In0 HTTP/1.1" 200 2
180.76.5.63 - - [24/Jan/2015:20:09:23 -0500] "GET /BLA/resoluciones/RESOLUCIONES%202008/0620.pdf HTTP/1.1" 200 190575
181.50.241.109 - - [24/Jan/2015:20:09:48 -0500] "POST /forms/lservlet;jsessionid=ac16012b30d5f4158fd8302e4190874cba71654cc2bf.e3iSbxaKaheRe38RbNmLa3mSc41ynknvrkLOlQzNp65In0 HTTP/1.1" 200 2
190.25.32.124 - - [24/Jan/2015:20:04:01 -0500] "GET /ForestMSG_SDA/channelAsync/template_word_17354255?X-Atmosphere-tracking-id=1bb1dc43-121b-96a5-dc91-f3f182d084d4&X-Atmosphere-Framework=1.0.5&X-Atmosphere-Transport=long-polling&tabid=0.9151277588680387&X-Cache-Date=0&Content-Type=application/xml&_=1422148031166 HTTP/1.1" 200 8193
66.249.67.75 - - [24/Jan/2015:20:10:08 -0500] "GET /autoliquidacion/Cobro%20Clasificacion%20Uso%20De%20Vivenda%20En%20Suelo%20Restringido/APLICATIVO%20SEGAE%20CLASIFICACION%20USO%20DE%20VIVENDA%20EN%20SUELO%20RESTRINGIDO%202015.xlsx HTTP/1.1" 200 180395
186.29.51.95 - - [24/Jan/2015:20:10:18 -0500] "GET /forest/session.jsp?a=0.06918384321033955 HTTP/1.1" 200 4
188.165.15.200 - - [24/Jan/2015:20:10:31 -0500] "GET /BLA/resoluciones/RESOLUCIONES%202004/RES%202004%201451-1500/00001461.tif HTTP/1.1" 200 495548
188.165.15.200 - - [24/Jan/2015:20:10:34 -0500] "GET /BLA/resoluciones/RESOLUCIONES%202005/RES%202005%20551-600/00000570.tif HTTP/1.1" 200 159738
66.249.67.67 - - [24/Jan/2015:20:11:00 -0500] "GET /BLA/resoluciones/RESOLUCIONES%202008/4187.pdf HTTP/1.1" 200 588463
186.29.51.95 - - [24/Jan/2015:20:11:18 -0500] "POST /forms/lservlet;jsessionid=ac16012b30d55ba1efe64b764c6f90529e1d1d96dc05.e3iSbxaKaheRe38RbNmLa3mSc41ynknvrkLOlQzNp65In0 HTTP/1.1" 200 2
181.54.232.60 - - [24/Jan/2015:20:11:19 -0500] "POST /forms/lservlet;jsessionid=ac16012b30d5bdd70aafdce148629443f41b7eff01ca.e3iSbxaKaheRe38RbNmLa3mSc41ynknvrkLOlQzNp65In0 HTTP/1.1" 200 2
188.165.15.105 - - [24/Jan/2015:20:11:41 -0500] "GET /BLA/resoluciones/RESOLUCIONES%202006/RES%202006%201151-1200/00001188.tif HTTP/1.1" 200 116778
