66.249.67.83 - - [24/Jan/2015:16:31:24 -0500] "GET /BLA/resoluciones/Autos%202008/1786.pdf HTTP/1.1" 200 241278
180.76.5.170 - - [24/Jan/2015:16:31:27 -0500] "GET /BLA/resoluciones/RESOLUCIONES%202008/3039.pdf HTTP/1.1" 200 209542
66.249.67.67 - - [24/Jan/2015:16:31:34 -0500] "GET /BLA/resoluciones/RESOLUCIONES%202009/8181.pdf HTTP/1.1" 200 497187
181.50.241.109 - - [24/Jan/2015:16:32:09 -0500] "POST /forms/lservlet;jsessionid=ac16012b30d5f4158fd8302e4190874cba71654cc2bf.e3iSbxaKaheRe38RbNmLa3mSc41ynknvrkLOlQzNp65In0 HTTP/1.1" 200 2
66.249.67.83 - - [24/Jan/2015:16:32:23 -0500] "GET /BLA/resoluciones/RESOLUCIONES%202009/7943.pdf HTTP/1.1" 200 497457
66.249.67.67 - - [24/Jan/2015:16:32:38 -0500] "GET /BLA/resoluciones/Autos%202008/3161.pdf HTTP/1.1" 200 107553
202.46.63.82 - - [24/Jan/2015:16:32:59 -0500] "GET /BLA/resoluciones/RESOLUCIONES%202011/4704.pdf HTTP/1.1" 200 531910
66.249.67.75 - - [24/Jan/2015:16:33:11 -0500] "GET /BLA/resoluciones/RESOLUCIONES%202010/2627.pdf HTTP/1.1" 200 516194
74.86.158.107 - - [24/Jan/2015:16:33:41 -0500] "GET / HTTP/1.1" 302 -
66.249.67.75 - - [24/Jan/2015:16:34:00 -0500] "GET /BLA/resoluciones/RESOLUCIONES%202008/4025.pdf HTTP/1.1" 200 253563
181.50.241.109 - - [24/Jan/2015:16:34:09 -0500] "POST /forms/lservlet;jsessionid=ac16012b30d5f4158fd8302e4190874cba71654cc2bf.e3iSbxaKaheRe38RbNmLa3mSc41ynknvrkLOlQzNp65In0 HTTP/1.1" 200 2
188.165.15.61 - - [24/Jan/2015:16:34:15 -0500] "GET /BLA/resoluciones/RESOLUCIONES%202004/RES%202004%201301-1350/00001314.tif HTTP/1.1" 200 90488
202.46.61.100 - - [24/Jan/2015:16:34:29 -0500] "GET /BLA/resoluciones/RESOLUCIONES%202011/4704.pdf HTTP/1.1" 200 531910
66.249.67.83 - - [24/Jan/2015:16:34:49 -0500] "GET /BLA/resoluciones/RESOLUCIONES%202008/4823.pdf HTTP/1.1" 200 36730
66.249.67.75 - - [24/Jan/2015:16:35:38 -0500] "GET /BLA/resoluciones/AUTOS%202008/2663.pdf HTTP/1.1" 200 65744
186.28.54.13 - - [24/Jan/2015:16:35:46 -0500] "GET / HTTP/1.1" 302 -
188.165.15.201 - - [24/Jan/2015:16:35:47 -0500] "GET /BLA/resoluciones/RESOLUCIONES%202005/RES%202005%20751-800/00000762.tif HTTP/1.1" 200 157396
188.165.15.105 - - [24/Jan/2015:16:36:07 -0500] "GET /BLA/resoluciones/RESOLUCIONES%202005/RES%202005%20851-900/00000876.tif HTTP/1.1" 200 149036
181.50.241.109 - - [24/Jan/2015:16:36:09 -0500] "POST /forms/lservlet;jsessionid=ac16012b30d5f4158fd8302e4190874cba71654cc2bf.e3iSbxaKaheRe38RbNmLa3mSc41ynknvrkLOlQzNp65In0 HTTP/1.1" 200 2
188.165.15.201 - - [24/Jan/2015:16:36:25 -0500] "GET /BLA/resoluciones/RESOLUCIONES%202006/RES%202006%202151-2200/00002177.tif HTTP/1.1" 200 170240
66.249.67.67 - - [24/Jan/2015:16:36:26 -0500] "GET /BLA/resoluciones/RESOLUCIONES%202008/0672.pdf HTTP/1.1" 200 58070
123.125.71.46 - - [24/Jan/2015:16:36:44 -0500] "GET / HTTP/1.1" 302 -
66.249.67.75 - - [24/Jan/2015:16:37:15 -0500] "GET /BLA/resoluciones/RESOLUCIONES%202010/7482.pdf HTTP/1.1" 200 803496
188.165.15.110 - - [24/Jan/2015:16:37:25 -0500] "GET /BLA/resoluciones/RESOLUCIONES%202006/RES%202006%20601-650/00000636.tif HTTP/1.1" 200 251914
66.249.67.83 - - [24/Jan/2015:16:38:04 -0500] "GET /BLA/resoluciones/RESOLUCIONES%202009/7591.pdf HTTP/1.1" 200 494207
190.27.35.64 - - [24/Jan/2015:16:38:07 -0500] "GET /BLA/resoluciones/AUTOS%202013/0174.pdf HTTP/1.1" 200 3480267
200.118.49.10 - - [24/Jan/2015:16:38:07 -0500] "GET /crossdomain.xml HTTP/1.1" 404 1280
200.118.49.10 - - [24/Jan/2015:16:38:07 -0500] "GET /arcgis/services/Calidad_del_Agua_WQI/MapServer/WMSServer?VERSION=1%2E1%2E1&HEIGHT=660&SRS=EPSG%3A4686&STYLES=&WIDTH=1280&TRANSPARENT=TRUE&BBOX=%2D74%2E07562609478946%2C4%2E6150584011098585%2C%2D74%2E04516899391483%2C4%2E630762843748339&LAYERS=3%2C4%2C5%2C6%2C7&REQUEST=GetMap&SERVICE=WMS&FORMAT=image%2Fpng HTTP/1.1" 200 7434
181.50.241.109 - - [24/Jan/2015:16:38:09 -0500] "POST /forms/lservlet;jsessionid=ac16012b30d5f4158fd8302e4190874cba71654cc2bf.e3iSbxaKaheRe38RbNmLa3mSc41ynknvrkLOlQzNp65In0 HTTP/1.1" 200 2
220.181.108.121 - - [24/Jan/2015:16:38:17 -0500] "GET / HTTP/1.1" 302 -
188.165.15.105 - - [24/Jan/2015:16:38:26 -0500] "GET /BLA/resoluciones/RESOLUCIONES%202005/RES%202005%202601-2650/00002618.tif HTTP/1.1" 200 121400
188.165.15.208 - - [24/Jan/2015:16:38:38 -0500] "GET /BLA/resoluciones/RESOLUCIONES%202005/RES%202005%20801-850/00000814.tif HTTP/1.1" 200 311578
74.86.158.107 - - [24/Jan/2015:16:38:41 -0500] "GET / HTTP/1.1" 302 -
66.249.67.83 - - [24/Jan/2015:16:38:53 -0500] "GET /BLA/resoluciones/RESOLUCIONES%202007/RES%202007%202801%20AL%202900/RESOLUCION%202891%20DE%202007.pdf HTTP/1.1" 200 45468
190.27.35.64 - - [24/Jan/2015:16:39:03 -0500] "GET /BLA/resoluciones/AUTOS%202013/0174.pdf HTTP/1.1" 200 3480267
66.249.67.67 - - [24/Jan/2015:16:39:41 -0500] "GET /BLA/resoluciones/RESOLUCIONES%202009/8634.pdf HTTP/1.1" 200 322305
200.118.49.10 - - [24/Jan/2015:16:40:09 -0500] "GET /crossdomain.xml HTTP/1.1" 404 1280
200.118.49.10 - - [24/Jan/2015:16:40:09 -0500] "GET /arcgis/services/Calidad_del_Agua_WQI/MapServer/WMSServer?VERSION=1%2E1%2E1&HEIGHT=660&SRS=EPSG%3A4686&STYLES=&WIDTH=1280&TRANSPARENT=TRUE&BBOX=%2D74%2E0680118195708%2C4%2E6189845117694786%2C%2D74%2E05278326913349%2C4%2E626836733088719&LAYERS=3%2C4%2C5%2C6%2C7&REQUEST=GetMap&SERVICE=WMS&FORMAT=image%2Fpng HTTP/1.1" 200 6850
181.50.241.109 - - [24/Jan/2015:16:40:09 -0500] "POST /forms/lservlet;jsessionid=ac16012b30d5f4158fd8302e4190874cba71654cc2bf.e3iSbxaKaheRe38RbNmLa3mSc41ynknvrkLOlQzNp65In0 HTTP/1.1" 200 2
200.118.49.10 - - [24/Jan/2015:16:40:11 -0500] "GET /arcgis/services/Calidad_del_Agua_WQI/MapServer/WMSServer?VERSION=1%2E1%2E1&HEIGHT=660&SRS=EPSG%3A4686&STYLES=&WIDTH=1280&TRANSPARENT=TRUE&BBOX=%2D74%2E0634432544396%2C4%2E621340178165251%2C%2D74%2E05735183426468%2C4%2E624481066692947&LAYERS=3%2C4%2C5%2C6%2C7&REQUEST=GetMap&SERVICE=WMS&FORMAT=image%2Fpng HTTP/1.1" 200 5721
200.118.49.10 - - [24/Jan/2015:16:40:12 -0500] "GET /arcgis/services/Calidad_del_Agua_WQI/MapServer/WMSServer?VERSION=1%2E1%2E1&HEIGHT=660&SRS=EPSG%3A4686&STYLES=&WIDTH=1280&TRANSPARENT=TRUE&BBOX=%2D74%2E06475209646852%2C4%2E622264477244782%2C%2D74%2E0586606762936%2C4%2E625405365772478&LAYERS=3%2C4%2C5%2C6%2C7&REQUEST=GetMap&SERVICE=WMS&FORMAT=image%2Fpng HTTP/1.1" 200 6574
200.118.49.10 - - [24/Jan/2015:16:40:23 -0500] "GET /crossdomain.xml HTTP/1.1" 404 1280
200.118.49.10 - - [24/Jan/2015:16:40:23 -0500] "GET /arcgis/services/Calidad_del_Agua_WQI/MapServer/WMSServer?VERSION=1%2E1%2E1&HEIGHT=660&SRS=EPSG%3A4686&STYLES=&WIDTH=1280&TRANSPARENT=TRUE&BBOX=%2D74%2E06932066159972%2C4%2E61990881084901%2C%2D74%2E0540921111624%2C4%2E62776103216825&LAYERS=3%2C4%2C5%2C6%2C7&REQUEST=GetMap&SERVICE=WMS&FORMAT=image%2Fpng HTTP/1.1" 200 7004
66.249.67.83 - - [24/Jan/2015:16:40:30 -0500] "GET /BLA/resoluciones/RESOLUCIONES%202009/7903.pdf HTTP/1.1" 200 525959
188.165.15.43 - - [24/Jan/2015:16:40:45 -0500] "GET /BLA/resoluciones/RESOLUCIONES%202004/RES%202004%201151-1200/00001155.tif HTTP/1.1" 200 195162
188.165.15.5 - - [24/Jan/2015:16:40:52 -0500] "GET /BLA/resoluciones/RESOLUCIONES%202006/RES%202006%20551-600/00000552.tif HTTP/1.1" 200 127312
66.249.67.83 - - [24/Jan/2015:16:41:19 -0500] "GET /BLA/resoluciones/RESOLUCIONES%202003/RES%202003%20751-800/783.tif HTTP/1.1" 200 115084
66.249.67.75 - - [24/Jan/2015:16:41:20 -0500] "GET /BLA/resoluciones/RESOLUCIONES%202008/5526.pdf HTTP/1.1" 200 201080
200.118.49.10 - - [24/Jan/2015:16:41:24 -0500] "GET /crossdomain.xml HTTP/1.1" 404 1280
200.118.49.10 - - [24/Jan/2015:16:41:24 -0500] "GET /arcgis/services/Calidad_del_Agua_WQI/MapServer/WMSServer?VERSION=1%2E1%2E1&HEIGHT=660&SRS=EPSG%3A4686&STYLES=&WIDTH=1280&TRANSPARENT=TRUE&BBOX=%2D74%2E06932066159972%2C4%2E61990881084901%2C%2D74%2E0540921111624%2C4%2E62776103216825&LAYERS=3%2C4%2C5%2C6%2C7&REQUEST=GetMap&SERVICE=WMS&FORMAT=image%2Fpng HTTP/1.1" 200 7004
66.249.67.67 - - [24/Jan/2015:16:42:08 -0500] "GET /BLA/resoluciones/RESOLUCIONES%202008/3556.pdf HTTP/1.1" 200 195812
181.50.241.109 - - [24/Jan/2015:16:42:09 -0500] "POST /forms/lservlet;jsessionid=ac16012b30d5f4158fd8302e4190874cba71654cc2bf.e3iSbxaKaheRe38RbNmLa3mSc41ynknvrkLOlQzNp65In0 HTTP/1.1" 200 2
200.118.49.10 - - [24/Jan/2015:16:42:16 -0500] "GET /crossdomain.xml HTTP/1.1" 404 1280
200.118.49.10 - - [24/Jan/2015:16:42:16 -0500] "GET /arcgis/services/Calidad_del_Agua_WQI/MapServer/WMSServer?VERSION=1%2E1%2E1&HEIGHT=660&SRS=EPSG%3A4686&STYLES=&WIDTH=1280&TRANSPARENT=TRUE&BBOX=%2D74%2E49175251246942%2C4%2E464622185670601%2C%2D73%2E73032499060372%2C4%2E8572332516325964&LAYERS=3%2C4%2C5%2C6%2C7&REQUEST=GetMap&SERVICE=WMS&FORMAT=image%2Fpng HTTP/1.1" 200 8302
222.239.162.7 - - [24/Jan/2015:16:42:24 -0500] "GET / HTTP/1.1" 302 -
66.249.67.75 - - [24/Jan/2015:16:42:56 -0500] "GET /BLA/resoluciones/RESOLUCIONES%202008/2800.pdf HTTP/1.1" 200 321829
200.118.49.10 - - [24/Jan/2015:16:43:07 -0500] "GET /crossdomain.xml HTTP/1.1" 404 1280
200.118.49.10 - - [24/Jan/2015:16:43:07 -0500] "GET /arcgis/services/Calidad_del_Agua_WQI/MapServer/WMSServer?HEIGHT=660&VERSION=1%2E1%2E1&STYLES=&WIDTH=1280&TRANSPARENT=TRUE&BBOX=%2D74%2E37457071319892%2C4%2E417728946718606%2C%2D73%2E61314319133322%2C4%2E8103400126806015&LAYERS=3%2C4%2C5%2C6%2C7&REQUEST=GetMap&SRS=EPSG%3A4686&SERVICE=WMS&FORMAT=image%2Fpng HTTP/1.1" 200 8374
200.118.49.10 - - [24/Jan/2015:16:43:28 -0500] "GET /crossdomain.xml HTTP/1.1" 404 1280
200.118.49.10 - - [24/Jan/2015:16:43:28 -0500] "GET /arcgis/services/Calidad_del_Agua_WQI/MapServer/WMSServer?HEIGHT=660&VERSION=1%2E1%2E1&STYLES=&WIDTH=1280&TRANSPARENT=TRUE&BBOX=%2D74%2E0941127929305%2C4%2E5928642945698055%2C%2D74%2E03319859118125%2C4%2E624273179846766&LAYERS=3%2C4%2C5%2C6%2C7&REQUEST=GetMap&SRS=EPSG%3A4686&SERVICE=WMS&FORMAT=image%2Fpng HTTP/1.1" 200 6012
200.118.49.10 - - [24/Jan/2015:16:43:36 -0500] "GET /arcgis/services/Calidad_del_Agua_WQI/MapServer/WMSServer?HEIGHT=660&VERSION=1%2E1%2E1&STYLES=&WIDTH=1280&TRANSPARENT=TRUE&BBOX=%2D74%2E08821262254952%2C4%2E607145587873706%2C%2D74%2E02729842080026%2C4%2E638554473150666&LAYERS=3%2C4%2C5%2C6%2C7&REQUEST=GetMap&SRS=EPSG%3A4686&SERVICE=WMS&FORMAT=image%2Fpng HTTP/1.1" 200 7205
74.86.158.107 - - [24/Jan/2015:16:43:41 -0500] "GET / HTTP/1.1" 302 -
66.249.67.75 - - [24/Jan/2015:16:43:45 -0500] "GET /BLA/resoluciones/RESOLUCIONES%202009/9033.pdf HTTP/1.1" 200 536019
181.50.241.109 - - [24/Jan/2015:16:44:09 -0500] "POST /forms/lservlet;jsessionid=ac16012b30d5f4158fd8302e4190874cba71654cc2bf.e3iSbxaKaheRe38RbNmLa3mSc41ynknvrkLOlQzNp65In0 HTTP/1.1" 200 2
66.249.67.75 - - [24/Jan/2015:16:44:34 -0500] "GET /BLA/resoluciones/RESOLUCIONES%202009/1410.pdf HTTP/1.1" 200 387198
66.249.67.75 - - [24/Jan/2015:16:45:23 -0500] "GET /BLA/resoluciones/RESOLUCIONES%202008/4242.pdf HTTP/1.1" 200 226955
188.165.15.41 - - [24/Jan/2015:16:45:42 -0500] "GET /BLA/resoluciones/RESOLUCIONES%202005/RES%202005%201501-1550/00001513.tif HTTP/1.1" 200 146180
181.50.241.109 - - [24/Jan/2015:16:46:09 -0500] "POST /forms/lservlet;jsessionid=ac16012b30d5f4158fd8302e4190874cba71654cc2bf.e3iSbxaKaheRe38RbNmLa3mSc41ynknvrkLOlQzNp65In0 HTTP/1.1" 200 2
66.249.67.67 - - [24/Jan/2015:16:46:11 -0500] "GET /BLA/resoluciones/AUTOS%202007/1770.pdf HTTP/1.1" 200 35325
188.165.15.200 - - [24/Jan/2015:16:46:26 -0500] "GET /BLA/resoluciones/RESOLUCIONES%202005/RES%202005%202051-2100/00002054.tif HTTP/1.1" 200 76560
66.249.67.83 - - [24/Jan/2015:16:47:00 -0500] "GET /BLA/resoluciones/RESOLUCIONES%202009/2484.pdf HTTP/1.1" 200 392162
200.118.49.10 - - [24/Jan/2015:16:47:43 -0500] "GET /crossdomain.xml HTTP/1.1" 404 1280
200.118.49.10 - - [24/Jan/2015:16:47:44 -0500] "GET /arcgis/services/Calidad_del_Agua_WQI/MapServer/WMSServer?HEIGHT=660&VERSION=1%2E1%2E1&STYLES=&WIDTH=1280&TRANSPARENT=TRUE&BBOX=%2D74%2E0729840721122%2C4%2E614997809192946%2C%2D74%2E04252697123758%2C4%2E630702251831426&LAYERS=3%2C4%2C5%2C6%2C7&REQUEST=GetMap&SRS=EPSG%3A4686&SERVICE=WMS&FORMAT=image%2Fpng HTTP/1.1" 200 7434
200.118.49.10 - - [24/Jan/2015:16:47:45 -0500] "GET /arcgis/services/Calidad_del_Agua_WQI/MapServer/WMSServer?HEIGHT=660&VERSION=1%2E1%2E1&STYLES=&WIDTH=1280&TRANSPARENT=TRUE&BBOX=%2D74%2E06536979689355%2C4%2E618923919852566%2C%2D74%2E05014124645623%2C4%2E626776141171806&LAYERS=3%2C4%2C5%2C6%2C7&REQUEST=GetMap&SRS=EPSG%3A4686&SERVICE=WMS&FORMAT=image%2Fpng HTTP/1.1" 200 6660
200.118.49.10 - - [24/Jan/2015:16:47:46 -0500] "GET /arcgis/services/Calidad_del_Agua_WQI/MapServer/WMSServer?HEIGHT=660&VERSION=1%2E1%2E1&STYLES=&WIDTH=1280&TRANSPARENT=TRUE&BBOX=%2D74%2E06080123176235%2C4%2E621279586248338%2C%2D74%2E05470981158743%2C4%2E624420474776034&LAYERS=3%2C4%2C5%2C6%2C7&REQUEST=GetMap&SRS=EPSG%3A4686&SERVICE=WMS&FORMAT=image%2Fpng HTTP/1.1" 200 6518
66.249.67.67 - - [24/Jan/2015:16:47:49 -0500] "GET /BLA/resoluciones/RESOLUCIONES%202008/2542.pdf HTTP/1.1" 200 170456
200.118.49.10 - - [24/Jan/2015:16:47:49 -0500] "GET /arcgis/services/Calidad_del_Agua_WQI/MapServer/WMSServer?HEIGHT=660&VERSION=1%2E1%2E1&STYLES=&WIDTH=1280&TRANSPARENT=TRUE&BBOX=%2D74%2E06536979689355%2C4%2E618923919852566%2C%2D74%2E05014124645623%2C4%2E626776141171806&LAYERS=3%2C4%2C5%2C6%2C7&REQUEST=GetMap&SRS=EPSG%3A4686&SERVICE=WMS&FORMAT=image%2Fpng HTTP/1.1" 200 6660
200.118.49.10 - - [24/Jan/2015:16:47:58 -0500] "GET /crossdomain.xml HTTP/1.1" 404 1280
200.118.49.10 - - [24/Jan/2015:16:47:59 -0500] "GET /arcgis/services/Calidad_del_Agua_WQI/MapServer/WMSServer?HEIGHT=660&VERSION=1%2E1%2E1&STYLES=&WIDTH=1280&TRANSPARENT=TRUE&BBOX=%2D74%2E06080123176235%2C4%2E621279586248338%2C%2D74%2E05470981158743%2C4%2E624420474776034&LAYERS=3%2C4%2C5%2C6%2C7&REQUEST=GetMap&SRS=EPSG%3A4686&SERVICE=WMS&FORMAT=image%2Fpng HTTP/1.1" 200 6518
200.118.49.10 - - [24/Jan/2015:16:48:02 -0500] "GET /arcgis/services/Calidad_del_Agua_WQI/MapServer/WMSServer?HEIGHT=660&VERSION=1%2E1%2E1&STYLES=&WIDTH=1280&TRANSPARENT=TRUE&BBOX=%2D74%2E06400986925672%2C4%2E619261043686589%2C%2D74%2E0579184490818%2C4%2E622401932214285&LAYERS=3%2C4%2C5%2C6%2C7&REQUEST=GetMap&SRS=EPSG%3A4686&SERVICE=WMS&FORMAT=image%2Fpng HTTP/1.1" 200 4892
181.50.241.109 - - [24/Jan/2015:16:48:09 -0500] "POST /forms/lservlet;jsessionid=ac16012b30d5f4158fd8302e4190874cba71654cc2bf.e3iSbxaKaheRe38RbNmLa3mSc41ynknvrkLOlQzNp65In0 HTTP/1.1" 200 2
200.118.49.10 - - [24/Jan/2015:16:48:10 -0500] "GET /crossdomain.xml HTTP/1.1" 404 1280
200.118.49.10 - - [24/Jan/2015:16:48:10 -0500] "GET /arcgis/services/Calidad_del_Agua_WQI/MapServer/WMSServer?HEIGHT=660&VERSION=1%2E1%2E1&STYLES=&WIDTH=1280&TRANSPARENT=TRUE&BBOX=%2D74%2E06172558669113%2C4%2E620438876884475%2C%2D74%2E0602027316474%2C4%2E621224099016399&LAYERS=3%2C4%2C5%2C6%2C7&REQUEST=GetMap&SRS=EPSG%3A4686&SERVICE=WMS&FORMAT=image%2Fpng HTTP/1.1" 200 4892
66.249.83.185 - - [24/Jan/2015:16:48:11 -0500] "GET /sig/MECI/DOCUMENTOS/Informe%20de%20Gestion/INFORME%20DE%20GESTION%202008%202010VersionFinal.pdf HTTP/1.1" 404 1018
200.118.49.10 - - [24/Jan/2015:16:48:12 -0500] "GET /arcgis/services/Calidad_del_Agua_WQI/MapServer/WMSServer?HEIGHT=660&VERSION=1%2E1%2E1&STYLES=&WIDTH=1280&TRANSPARENT=TRUE&BBOX=%2D74%2E06146336383615%2C4%2E620577082149856%2C%2D74%2E05994050879242%2C4%2E62136230428178&LAYERS=3%2C4%2C5%2C6%2C7&REQUEST=GetMap&SRS=EPSG%3A4686&SERVICE=WMS&FORMAT=image%2Fpng HTTP/1.1" 200 4892
200.118.49.10 - - [24/Jan/2015:16:48:14 -0500] "GET /arcgis/services/Calidad_del_Agua_WQI/MapServer/WMSServer?HEIGHT=660&VERSION=1%2E1%2E1&STYLES=&WIDTH=1280&TRANSPARENT=TRUE&BBOX=%2D74%2E06374764640175%2C4%2E61939924895197%2C%2D74%2E05765622622683%2C4%2E622540137479666&LAYERS=3%2C4%2C5%2C6%2C7&REQUEST=GetMap&SRS=EPSG%3A4686&SERVICE=WMS&FORMAT=image%2Fpng HTTP/1.1" 200 4892
200.118.49.10 - - [24/Jan/2015:16:48:21 -0500] "GET /crossdomain.xml HTTP/1.1" 404 1280
200.118.49.10 - - [24/Jan/2015:16:48:21 -0500] "GET /arcgis/services/Calidad_del_Agua_WQI/MapServer/WMSServer?HEIGHT=660&VERSION=1%2E1%2E1&STYLES=&WIDTH=1280&TRANSPARENT=TRUE&BBOX=%2D74%2E06386734085012%2C4%2E62019430874803%2C%2D74%2E0577759206752%2C4%2E623335197275726&LAYERS=3%2C4%2C5%2C6%2C7&REQUEST=GetMap&SRS=EPSG%3A4686&SERVICE=WMS&FORMAT=image%2Fpng HTTP/1.1" 200 4892
200.118.49.10 - - [24/Jan/2015:16:48:22 -0500] "GET /arcgis/services/Calidad_del_Agua_WQI/MapServer/WMSServer?HEIGHT=660&VERSION=1%2E1%2E1&STYLES=&WIDTH=1280&TRANSPARENT=TRUE&BBOX=%2D74%2E06326718369877%2C4%2E620364648514171%2C%2D74%2E05717576352384%2C4%2E623505537041867&LAYERS=3%2C4%2C5%2C6%2C7&REQUEST=GetMap&SRS=EPSG%3A4686&SERVICE=WMS&FORMAT=image%2Fpng HTTP/1.1" 200 4892
188.165.15.43 - - [24/Jan/2015:16:48:30 -0500] "GET /BLA/resoluciones/RESOLUCIONES%202004/RES%202004%201451-1500/00001474.tif HTTP/1.1" 200 87722
66.249.67.75 - - [24/Jan/2015:16:48:38 -0500] "GET /BLA/resoluciones/AUTOS%202008/0804.pdf HTTP/1.1" 200 87022
88.187.31.35 - - [24/Jan/2015:16:48:38 -0500] "PUT /webdav/db.php HTTP/1.1" 405 938
74.86.158.107 - - [24/Jan/2015:16:48:41 -0500] "GET / HTTP/1.1" 302 -
188.165.15.5 - - [24/Jan/2015:16:48:42 -0500] "GET /BLA/resoluciones/RESOLUCIONES%202004/RES%202004%201351-1400/00001365.tif HTTP/1.1" 200 96332
66.249.67.75 - - [24/Jan/2015:16:49:26 -0500] "GET /BLA/resoluciones/RESOLUCIONES%202008/2702.pdf HTTP/1.1" 200 298238
181.55.233.138 - - [24/Jan/2015:16:49:40 -0500] "GET /BLA/circulares/6.pdf HTTP/1.1" 200 4657752
190.27.35.64 - - [24/Jan/2015:16:49:42 -0500] "GET /BLA/resoluciones/AUTOS%202013/0174.pdf HTTP/1.1" 200 3480267
190.27.35.64 - - [24/Jan/2015:16:49:45 -0500] "GET /BLA/resoluciones/AUTOS%202013/0174.pdf HTTP/1.1" 200 3480267
181.50.241.109 - - [24/Jan/2015:16:50:09 -0500] "POST /forms/lservlet;jsessionid=ac16012b30d5f4158fd8302e4190874cba71654cc2bf.e3iSbxaKaheRe38RbNmLa3mSc41ynknvrkLOlQzNp65In0 HTTP/1.1" 200 2
66.249.67.75 - - [24/Jan/2015:16:50:15 -0500] "GET /BLA/resoluciones/RESOLUCIONES%202009/4859.pdf HTTP/1.1" 200 627884
66.249.67.83 - - [24/Jan/2015:16:51:05 -0500] "GET /BLA/resoluciones/AUTOS%202008/3324.pdf HTTP/1.1" 200 95304
66.249.67.67 - - [24/Jan/2015:16:51:53 -0500] "GET /BLA/resoluciones/AUTOS%202007/1876.pdf HTTP/1.1" 200 158021
181.50.241.109 - - [24/Jan/2015:16:52:10 -0500] "POST /forms/lservlet;jsessionid=ac16012b30d5f4158fd8302e4190874cba71654cc2bf.e3iSbxaKaheRe38RbNmLa3mSc41ynknvrkLOlQzNp65In0 HTTP/1.1" 200 2
180.76.6.131 - - [24/Jan/2015:16:52:23 -0500] "GET /BLA/resoluciones/AUTOS%202007/2104.pdf HTTP/1.1" 200 95406
66.249.67.83 - - [24/Jan/2015:16:52:41 -0500] "GET /BLA/resoluciones/RESOLUCIONES%202007/RES%202007%20301%20AL%20400/RESOLUCION%200384%20DE%202007.pdf HTTP/1.1" 200 283494
180.76.6.148 - - [24/Jan/2015:16:53:09 -0500] "GET /BLA/boletinlegal;jsessionid=8E1DA17068195B3B089752C32811F7E5?/? HTTP/1.1" 404 1018
186.154.157.103 - - [24/Jan/2015:16:53:22 -0500] "GET /BLA/resoluciones/AUTOS%202014/1970.pdf HTTP/1.1" 200 456763
186.154.157.103 - - [24/Jan/2015:16:53:23 -0500] "GET /BLA/resoluciones/AUTOS%202014/1970.pdf HTTP/1.1" 206 32768
186.154.157.103 - - [24/Jan/2015:16:53:23 -0500] "GET /BLA/resoluciones/AUTOS%202014/1970.pdf HTTP/1.1" 206 423995
186.154.157.103 - - [24/Jan/2015:16:53:25 -0500] "GET /favicon.ico HTTP/1.1" 200 7782
188.165.15.5 - - [24/Jan/2015:16:53:24 -0500] "GET /BLA/resoluciones/RESOLUCIONES%202004/RES%202004%20501-550/00000533.tif HTTP/1.1" 200 126848
66.249.67.83 - - [24/Jan/2015:16:53:30 -0500] "GET /BLA/resoluciones/RESOLUCIONES%202008/2507.pdf HTTP/1.1" 200 304004
74.86.158.107 - - [24/Jan/2015:16:53:41 -0500] "GET / HTTP/1.1" 302 -
66.249.67.75 - - [24/Jan/2015:16:53:47 -0500] "GET /BLA/resoluciones/RESOLUCIONES%202006/RES%202006%20951-1000/00000990.tif HTTP/1.1" 200 212458
181.50.241.109 - - [24/Jan/2015:16:54:10 -0500] "POST /forms/lservlet;jsessionid=ac16012b30d5f4158fd8302e4190874cba71654cc2bf.e3iSbxaKaheRe38RbNmLa3mSc41ynknvrkLOlQzNp65In0 HTTP/1.1" 200 2
66.249.67.75 - - [24/Jan/2015:16:54:19 -0500] "GET /BLA/resoluciones/RESOLUCIONES%202010/3477.pdf HTTP/1.1" 200 521161
66.249.67.75 - - [24/Jan/2015:16:55:08 -0500] "GET /BLA/resoluciones/RESOLUCIONES%202009/1366.pdf HTTP/1.1" 200 509408
66.249.67.75 - - [24/Jan/2015:16:55:56 -0500] "GET /BLA/resoluciones/AUTOS%202008/0497.pdf HTTP/1.1" 200 129226
181.50.241.109 - - [24/Jan/2015:16:56:10 -0500] "POST /forms/lservlet;jsessionid=ac16012b30d5f4158fd8302e4190874cba71654cc2bf.e3iSbxaKaheRe38RbNmLa3mSc41ynknvrkLOlQzNp65In0 HTTP/1.1" 200 2
66.249.67.111 - - [24/Jan/2015:16:56:13 -0500] "GET /ssalud/ HTTP/1.1" 404 1019
66.249.67.75 - - [24/Jan/2015:16:56:14 -0500] "GET /BLA/resoluciones/RESOLUCIONES%202007/RES%202007%201301%20AL%201400/RESOLUCION%201400%20DE%202007.pdf HTTP/1.1" 304 -
188.165.15.177 - - [24/Jan/2015:16:56:30 -0500] "GET /BLA/resoluciones/RESOLUCIONES%202005/RES%202005%202551-2600/00002582.tif HTTP/1.1" 200 107270
66.249.67.67 - - [24/Jan/2015:16:56:45 -0500] "GET /BLA/resoluciones/AUTOS%202007/3388.pdf HTTP/1.1" 200 74211
66.249.67.75 - - [24/Jan/2015:16:57:22 -0500] "GET /BLA/resoluciones/RESOLUCIONES%202012/1898.pdf HTTP/1.1" 304 -
66.249.67.67 - - [24/Jan/2015:16:57:34 -0500] "GET /BLA/resoluciones/RESOLUCIONES%202011/0289.pdf HTTP/1.1" 200 76937
181.50.241.109 - - [24/Jan/2015:16:58:10 -0500] "POST /forms/lservlet;jsessionid=ac16012b30d5f4158fd8302e4190874cba71654cc2bf.e3iSbxaKaheRe38RbNmLa3mSc41ynknvrkLOlQzNp65In0 HTTP/1.1" 200 2
66.249.67.67 - - [24/Jan/2015:16:58:23 -0500] "GET /BLA/resoluciones/RESOLUCIONES%202010/3023.pdf HTTP/1.1" 200 172614
66.249.67.67 - - [24/Jan/2015:16:58:30 -0500] "GET /BLA/resoluciones/RESOLUCIONES%202011/0314.pdf HTTP/1.1" 304 -
100.43.85.25 - - [24/Jan/2015:16:58:37 -0500] "GET /PruebasSTORM/StormSDA_pruebas/stormWeb/img/nuevo.gif HTTP/1.1" 200 320
74.86.158.107 - - [24/Jan/2015:16:58:41 -0500] "GET / HTTP/1.1" 302 -
66.249.67.67 - - [24/Jan/2015:16:59:08 -0500] "GET /BLA/resoluciones/RESOLUCIONES%202008/0116.pdf HTTP/1.1" 304 -
66.249.67.83 - - [24/Jan/2015:16:59:11 -0500] "GET /BLA/resoluciones/RESOLUCIONES%202009/9475.pdf HTTP/1.1" 200 351488
66.249.67.83 - - [24/Jan/2015:17:00:00 -0500] "GET /BLA/resoluciones/AUTOS%202007/1347.pdf HTTP/1.1" 200 57542
181.50.241.109 - - [24/Jan/2015:17:00:10 -0500] "POST /forms/lservlet;jsessionid=ac16012b30d5f4158fd8302e4190874cba71654cc2bf.e3iSbxaKaheRe38RbNmLa3mSc41ynknvrkLOlQzNp65In0 HTTP/1.1" 200 2
188.165.15.177 - - [24/Jan/2015:17:00:19 -0500] "GET /BLA/resoluciones/RESOLUCIONES%202003/RES%202003%201251-1300/20031289.tif HTTP/1.1" 200 105244
66.249.67.83 - - [24/Jan/2015:17:00:22 -0500] "GET /BLA/resoluciones/AUTOS%202011/2137.pdf HTTP/1.1" 304 -
66.249.67.83 - - [24/Jan/2015:17:00:49 -0500] "GET /BLA/resoluciones/RESOLUCIONES%202008/5209.pdf HTTP/1.1" 200 107484
188.165.15.208 - - [24/Jan/2015:17:01:07 -0500] "GET /BLA/resoluciones/RESOLUCIONES%202006/RES%202006%202401-2450/00002421.tif HTTP/1.1" 200 246990
66.249.67.75 - - [24/Jan/2015:17:01:28 -0500] "GET /BLA/resoluciones/AUTOS%202008/0445.pdf HTTP/1.1" 200 211332
66.249.67.83 - - [24/Jan/2015:17:01:38 -0500] "GET /BLA/resoluciones/RESOLUCIONES%202008/2118.pdf HTTP/1.1" 200 327567
181.50.241.109 - - [24/Jan/2015:17:02:10 -0500] "POST /forms/lservlet;jsessionid=ac16012b30d5f4158fd8302e4190874cba71654cc2bf.e3iSbxaKaheRe38RbNmLa3mSc41ynknvrkLOlQzNp65In0 HTTP/1.1" 200 2
188.165.15.59 - - [24/Jan/2015:17:02:12 -0500] "GET /BLA/resoluciones/RESOLUCIONES%202005/RES%202005%202651-2700/00002667.tif HTTP/1.1" 200 164928
66.249.67.67 - - [24/Jan/2015:17:02:27 -0500] "GET /BLA/resoluciones/RESOLUCIONES%202008/4480.pdf HTTP/1.1" 200 159586
66.249.67.75 - - [24/Jan/2015:17:02:38 -0500] "GET /BLA/resoluciones/AUTOS%202009/0134.pdf HTTP/1.1" 304 -
74.86.158.107 - - [24/Jan/2015:17:03:41 -0500] "GET / HTTP/1.1" 302 -
66.249.67.75 - - [24/Jan/2015:17:04:04 -0500] "GET /BLA/resoluciones/RESOLUCIONES%202008/2747.pdf HTTP/1.1" 200 196547
181.50.241.109 - - [24/Jan/2015:17:04:10 -0500] "POST /forms/lservlet;jsessionid=ac16012b30d5f4158fd8302e4190874cba71654cc2bf.e3iSbxaKaheRe38RbNmLa3mSc41ynknvrkLOlQzNp65In0 HTTP/1.1" 200 2
66.249.67.67 - - [24/Jan/2015:17:04:53 -0500] "GET /BLA/resoluciones/RESOLUCIONES%202010/3959.pdf HTTP/1.1" 200 518471
66.249.67.75 - - [24/Jan/2015:17:04:54 -0500] "GET /BLA/resoluciones/AUTOS%202008/0115.pdf HTTP/1.1" 200 164543
157.55.39.60 - - [24/Jan/2015:17:05:00 -0500] "GET /dama/libreria/php/decide.php?patron=03.1305020113&numm=19 HTTP/1.1" 404 1019
66.249.67.75 - - [24/Jan/2015:17:05:42 -0500] "GET /BLA/resoluciones/RESOLUCIONES%202009/8149.pdf HTTP/1.1" 200 492111
181.50.241.109 - - [24/Jan/2015:17:06:10 -0500] "POST /forms/lservlet;jsessionid=ac16012b30d5f4158fd8302e4190874cba71654cc2bf.e3iSbxaKaheRe38RbNmLa3mSc41ynknvrkLOlQzNp65In0 HTTP/1.1" 200 2
66.249.67.83 - - [24/Jan/2015:17:06:30 -0500] "GET /BLA/resoluciones/RESOLUCIONES%202009/1689.pdf HTTP/1.1" 200 291262
180.76.6.48 - - [24/Jan/2015:17:07:09 -0500] "GET /BLA/boletinlegal;jsessionid=6029CB963085C9ECE1D27A243C4A9EB6?/? HTTP/1.1" 404 1018
66.249.67.67 - - [24/Jan/2015:17:07:09 -0500] "GET /BLA/resoluciones/RESOLUCIONES%202012/1464.pdf HTTP/1.1" 200 974329
191.150.187.179 - - [24/Jan/2015:17:07:12 -0500] "GET /BLA/resoluciones/AUTOS%202009/3517.pdf HTTP/1.1" 200 110643
188.165.15.59 - - [24/Jan/2015:17:07:17 -0500] "GET /BLA/resoluciones/RESOLUCIONES%202006/RES%202006%201351-1400/00001360.tif HTTP/1.1" 200 190240
66.249.67.83 - - [24/Jan/2015:17:07:19 -0500] "GET /BLA/resoluciones/AUTOS%202008/0081.pdf HTTP/1.1" 200 86308
66.249.67.83 - - [24/Jan/2015:17:08:08 -0500] "GET /BLA/resoluciones/AUTOS%202011/6951.pdf HTTP/1.1" 200 172391
181.50.241.109 - - [24/Jan/2015:17:08:10 -0500] "POST /forms/lservlet;jsessionid=ac16012b30d5f4158fd8302e4190874cba71654cc2bf.e3iSbxaKaheRe38RbNmLa3mSc41ynknvrkLOlQzNp65In0 HTTP/1.1" 200 2
76.104.40.27 - - [24/Jan/2015:17:08:15 -0500] "GET /webdav/x32.php?host=65.27.106.48&time=60&port=80 HTTP/1.1" 404 1018
188.165.15.110 - - [24/Jan/2015:17:08:32 -0500] "GET /BLA/resoluciones/RESOLUCIONES%202006/RES%202006%202001-2050/00002006.tif HTTP/1.1" 200 271304
74.86.158.107 - - [24/Jan/2015:17:08:41 -0500] "GET / HTTP/1.1" 302 -
188.165.15.208 - - [24/Jan/2015:17:08:49 -0500] "GET /BLA/resoluciones/RESOLUCIONES%202003/RES%202003%20351-400/379.tif HTTP/1.1" 200 302892
188.165.15.61 - - [24/Jan/2015:17:08:49 -0500] "GET /BLA/resoluciones/RESOLUCIONES%202005/RES%202005%20801-850/00000805.tif HTTP/1.1" 200 189766
66.249.67.67 - - [24/Jan/2015:17:08:57 -0500] "GET /BLA/resoluciones/RESOLUCIONES%202009/0783.pdf HTTP/1.1" 200 326343
66.249.67.75 - - [24/Jan/2015:17:09:25 -0500] "GET /BLA/resoluciones/RESOLUCIONES%202014/0912.pdf HTTP/1.1" 200 503129
66.249.67.75 - - [24/Jan/2015:17:09:45 -0500] "GET /BLA/resoluciones/RESOLUCIONES%202008/5341.pdf HTTP/1.1" 200 232658
66.249.67.67 - - [24/Jan/2015:17:10:07 -0500] "GET /BLA/resoluciones/RESOLUCIONES%202003/RES%202003%20901-950/941.tif HTTP/1.1" 200 528824
181.50.241.109 - - [24/Jan/2015:17:10:10 -0500] "POST /forms/lservlet;jsessionid=ac16012b30d5f4158fd8302e4190874cba71654cc2bf.e3iSbxaKaheRe38RbNmLa3mSc41ynknvrkLOlQzNp65In0 HTTP/1.1" 200 2
66.249.67.75 - - [24/Jan/2015:17:10:34 -0500] "GET /BLA/resoluciones/RESOLUCIONES%202009/4864.pdf HTTP/1.1" 200 740290
66.249.67.67 - - [24/Jan/2015:17:11:23 -0500] "GET /BLA/resoluciones/RESOLUCIONES%202009/7631.pdf HTTP/1.1" 200 1055021
66.249.67.67 - - [24/Jan/2015:17:11:41 -0500] "GET /BLA/resoluciones/RESOLUCIONES%202008/4091.pdf HTTP/1.1" 304 -
181.50.241.109 - - [24/Jan/2015:17:12:10 -0500] "POST /forms/lservlet;jsessionid=ac16012b30d5f4158fd8302e4190874cba71654cc2bf.e3iSbxaKaheRe38RbNmLa3mSc41ynknvrkLOlQzNp65In0 HTTP/1.1" 200 2
181.207.70.139 - - [24/Jan/2015:17:12:12 -0500] "GET /forms/frmservlet?config=sia HTTP/1.1" 200 4028
66.249.67.83 - - [24/Jan/2015:17:12:12 -0500] "GET /BLA/resoluciones/AUTOS%202008/1290.pdf HTTP/1.1" 200 147337
181.207.70.139 - - [24/Jan/2015:17:12:14 -0500] "GET /forms/java/frmall_jinit.jar HTTP/1.1" 304 -
181.207.70.139 - - [24/Jan/2015:17:12:14 -0500] "GET /forms/java/icons.jar HTTP/1.1" 304 -
181.207.70.139 - - [24/Jan/2015:17:12:15 -0500] "GET /forms/java/java/awt/KeyboardFocusManager.class HTTP/1.1" 404 352
181.207.70.139 - - [24/Jan/2015:17:12:15 -0500] "GET /forms/java/java/awt/KeyboardFocusManager.class HTTP/1.1" 404 352
181.207.70.139 - - [24/Jan/2015:17:12:15 -0500] "GET /forms/java/java/awt/event/MouseWheelListener.class HTTP/1.1" 404 356
181.207.70.139 - - [24/Jan/2015:17:12:16 -0500] "GET /forms/java/java/awt/event/MouseWheelListener.class HTTP/1.1" 404 356
181.207.70.139 - - [24/Jan/2015:17:12:16 -0500] "GET /forms/java/oracle/forms/registry/Registry.dat HTTP/1.1" 200 4213
181.207.70.139 - - [24/Jan/2015:17:12:16 -0500] "GET /forms/java/oracle/forms/registry/default.dat HTTP/1.1" 404 350
181.207.70.139 - - [24/Jan/2015:17:12:17 -0500] "GET /forms/frmservlet?config=sia&acceptLanguage=es-ES&ifcmd=startsession HTTP/1.1" 200 118
181.207.70.139 - - [24/Jan/2015:17:12:17 -0500] "GET /forms/lservlet;jsessionid=ac16012b30d5b109e4c604f54ab89b26acbac432704f.e3iSbxaKaheRe38RbNmLa3mSc41ynknvrkLOlQzNp65In0?ifcmd=getinfo&ifhost=Chirley&ifip=181.207.70.139 HTTP/1.1" 200 8
181.207.70.139 - - [24/Jan/2015:17:12:17 -0500] "POST /forms/lservlet;jsessionid=ac16012b30d5b109e4c604f54ab89b26acbac432704f.e3iSbxaKaheRe38RbNmLa3mSc41ynknvrkLOlQzNp65In0 HTTP/1.1" 200 8
181.207.70.139 - - [24/Jan/2015:17:12:18 -0500] "POST /forms/lservlet;jsessionid=ac16012b30d5b109e4c604f54ab89b26acbac432704f.e3iSbxaKaheRe38RbNmLa3mSc41ynknvrkLOlQzNp65In0 HTTP/1.1" 200 64000
181.207.70.139 - - [24/Jan/2015:17:12:19 -0500] "POST /forms/lservlet;jsessionid=ac16012b30d5b109e4c604f54ab89b26acbac432704f.e3iSbxaKaheRe38RbNmLa3mSc41ynknvrkLOlQzNp65In0 HTTP/1.1" 200 64000
181.207.70.139 - - [24/Jan/2015:17:12:20 -0500] "HEAD /imagenes/dama_logo.gif HTTP/1.1" 200 -
181.207.70.139 - - [24/Jan/2015:17:12:20 -0500] "POST /forms/lservlet;jsessionid=ac16012b30d5b109e4c604f54ab89b26acbac432704f.e3iSbxaKaheRe38RbNmLa3mSc41ynknvrkLOlQzNp65In0 HTTP/1.1" 200 63623
181.207.70.139 - - [24/Jan/2015:17:12:21 -0500] "GET /imagenes/dama_logo.gif HTTP/1.1" 200 21482
181.207.70.139 - - [24/Jan/2015:17:12:22 -0500] "POST /forms/lservlet;jsessionid=ac16012b30d5b109e4c604f54ab89b26acbac432704f.e3iSbxaKaheRe38RbNmLa3mSc41ynknvrkLOlQzNp65In0 HTTP/1.1" 200 2
181.207.70.139 - - [24/Jan/2015:17:12:22 -0500] "POST /forms/lservlet;jsessionid=ac16012b30d5b109e4c604f54ab89b26acbac432704f.e3iSbxaKaheRe38RbNmLa3mSc41ynknvrkLOlQzNp65In0 HTTP/1.1" 200 2
181.207.70.139 - - [24/Jan/2015:17:12:38 -0500] "POST /forms/lservlet;jsessionid=ac16012b30d5b109e4c604f54ab89b26acbac432704f.e3iSbxaKaheRe38RbNmLa3mSc41ynknvrkLOlQzNp65In0 HTTP/1.1" 200 7990
181.207.70.139 - - [24/Jan/2015:17:12:39 -0500] "POST /forms/lservlet;jsessionid=ac16012b30d5b109e4c604f54ab89b26acbac432704f.e3iSbxaKaheRe38RbNmLa3mSc41ynknvrkLOlQzNp65In0 HTTP/1.1" 200 64
181.207.70.139 - - [24/Jan/2015:17:12:39 -0500] "POST /forms/lservlet;jsessionid=ac16012b30d5b109e4c604f54ab89b26acbac432704f.e3iSbxaKaheRe38RbNmLa3mSc41ynknvrkLOlQzNp65In0 HTTP/1.1" 200 2
181.207.70.139 - - [24/Jan/2015:17:12:39 -0500] "POST /forms/lservlet;jsessionid=ac16012b30d5b109e4c604f54ab89b26acbac432704f.e3iSbxaKaheRe38RbNmLa3mSc41ynknvrkLOlQzNp65In0 HTTP/1.1" 200 2
181.207.70.139 - - [24/Jan/2015:17:12:42 -0500] "POST /forms/lservlet;jsessionid=ac16012b30d5b109e4c604f54ab89b26acbac432704f.e3iSbxaKaheRe38RbNmLa3mSc41ynknvrkLOlQzNp65In0 HTTP/1.1" 200 2
181.207.70.139 - - [24/Jan/2015:17:12:45 -0500] "POST /forms/lservlet;jsessionid=ac16012b30d5b109e4c604f54ab89b26acbac432704f.e3iSbxaKaheRe38RbNmLa3mSc41ynknvrkLOlQzNp65In0 HTTP/1.1" 200 34711
181.207.70.139 - - [24/Jan/2015:17:12:49 -0500] "GET /imagenes/listval.gif HTTP/1.1" 200 905
181.207.70.139 - - [24/Jan/2015:17:12:49 -0500] "GET /imagenes/tree1.gif HTTP/1.1" 200 1161
181.207.70.139 - - [24/Jan/2015:17:12:49 -0500] "GET /imagenes/listval.gif HTTP/1.1" 200 905
181.207.70.139 - - [24/Jan/2015:17:12:49 -0500] "GET /imagenes/CAMERA3.gif HTTP/1.1" 200 4150
181.207.70.139 - - [24/Jan/2015:17:12:49 -0500] "GET /imagenes/SLIDE1.gif HTTP/1.1" 200 1111
181.207.70.139 - - [24/Jan/2015:17:12:50 -0500] "GET /imagenes/flexcomb.gif HTTP/1.1" 200 1169
181.207.70.139 - - [24/Jan/2015:17:12:50 -0500] "GET /imagenes/GO.gif HTTP/1.1" 200 904
181.207.70.139 - - [24/Jan/2015:17:12:50 -0500] "GET /imagenes/HRTOOLS.gif HTTP/1.1" 200 2238
181.207.70.139 - - [24/Jan/2015:17:12:50 -0500] "GET /imagenes/rt_rec1.gif HTTP/1.1" 200 867
181.207.70.139 - - [24/Jan/2015:17:12:51 -0500] "GET /imagenes/apply.gif HTTP/1.1" 200 903
181.207.70.139 - - [24/Jan/2015:17:12:51 -0500] "GET /imagenes/exit.gif HTTP/1.1" 200 916
181.207.70.139 - - [24/Jan/2015:17:12:51 -0500] "GET /imagenes/LISTVAL.gif HTTP/1.1" 200 905
181.207.70.139 - - [24/Jan/2015:17:12:51 -0500] "GET /imagenes/edit.gif HTTP/1.1" 200 919
181.207.70.139 - - [24/Jan/2015:17:12:51 -0500] "GET /imagenes/rt_rec4.gif HTTP/1.1" 200 865
181.207.70.139 - - [24/Jan/2015:17:12:51 -0500] "GET /imagenes/rt_rec3.gif HTTP/1.1" 200 844
181.207.70.139 - - [24/Jan/2015:17:12:52 -0500] "GET /imagenes/rt_rec2.gif HTTP/1.1" 200 847
181.207.70.139 - - [24/Jan/2015:17:12:52 -0500] "GET /imagenes/rt_rdel.gif HTTP/1.1" 200 899
181.207.70.139 - - [24/Jan/2015:17:12:52 -0500] "GET /imagenes/rt_radd.gif HTTP/1.1" 200 907
181.207.70.139 - - [24/Jan/2015:17:12:52 -0500] "GET /imagenes/rt_quer3.gif HTTP/1.1" 200 939
181.207.70.139 - - [24/Jan/2015:17:12:52 -0500] "GET /imagenes/rt_quer2.gif HTTP/1.1" 200 936
181.207.70.139 - - [24/Jan/2015:17:12:53 -0500] "GET /imagenes/rt_quer1.gif HTTP/1.1" 200 930
181.207.70.139 - - [24/Jan/2015:17:12:53 -0500] "GET /imagenes/rt_save.gif HTTP/1.1" 200 903
181.207.70.139 - - [24/Jan/2015:17:12:53 -0500] "GET /imagenes/rt_pset.gif HTTP/1.1" 200 914
181.207.70.139 - - [24/Jan/2015:17:12:53 -0500] "GET /imagenes/QUEJA.gif HTTP/1.1" 200 1091
181.207.70.139 - - [24/Jan/2015:17:12:53 -0500] "GET /imagenes/ARBOL.gif HTTP/1.1" 200 1026
181.207.70.139 - - [24/Jan/2015:17:12:54 -0500] "GET /imagenes/Clipboard.gif HTTP/1.1" 200 1466
181.207.70.139 - - [24/Jan/2015:17:12:54 -0500] "GET /imagenes/DINERO.gif HTTP/1.1" 200 1766
181.207.70.139 - - [24/Jan/2015:17:12:54 -0500] "GET /imagenes/URGENTE.gif HTTP/1.1" 200 964
181.207.70.139 - - [24/Jan/2015:17:12:54 -0500] "GET /imagenes/TREE4.gif HTTP/1.1" 200 4150
181.207.70.139 - - [24/Jan/2015:17:12:54 -0500] "POST /forms/lservlet;jsessionid=ac16012b30d5b109e4c604f54ab89b26acbac432704f.e3iSbxaKaheRe38RbNmLa3mSc41ynknvrkLOlQzNp65In0 HTTP/1.1" 200 7
181.207.70.139 - - [24/Jan/2015:17:12:55 -0500] "POST /forms/lservlet;jsessionid=ac16012b30d5b109e4c604f54ab89b26acbac432704f.e3iSbxaKaheRe38RbNmLa3mSc41ynknvrkLOlQzNp65In0 HTTP/1.1" 200 34
181.207.70.139 - - [24/Jan/2015:17:12:55 -0500] "POST /forms/lservlet;jsessionid=ac16012b30d5b109e4c604f54ab89b26acbac432704f.e3iSbxaKaheRe38RbNmLa3mSc41ynknvrkLOlQzNp65In0 HTTP/1.1" 200 2
181.207.70.139 - - [24/Jan/2015:17:12:56 -0500] "POST /forms/lservlet;jsessionid=ac16012b30d5b109e4c604f54ab89b26acbac432704f.e3iSbxaKaheRe38RbNmLa3mSc41ynknvrkLOlQzNp65In0 HTTP/1.1" 200 2
181.207.70.139 - - [24/Jan/2015:17:12:56 -0500] "POST /forms/lservlet;jsessionid=ac16012b30d5b109e4c604f54ab89b26acbac432704f.e3iSbxaKaheRe38RbNmLa3mSc41ynknvrkLOlQzNp65In0 HTTP/1.1" 200 699
181.207.70.139 - - [24/Jan/2015:17:12:56 -0500] "GET /imagenes/Srch_frw.gif HTTP/1.1" 200 925
181.207.70.139 - - [24/Jan/2015:17:12:57 -0500] "POST /forms/lservlet;jsessionid=ac16012b30d5b109e4c604f54ab89b26acbac432704f.e3iSbxaKaheRe38RbNmLa3mSc41ynknvrkLOlQzNp65In0 HTTP/1.1" 200 10
181.207.70.139 - - [24/Jan/2015:17:12:59 -0500] "POST /forms/lservlet;jsessionid=ac16012b30d5b109e4c604f54ab89b26acbac432704f.e3iSbxaKaheRe38RbNmLa3mSc41ynknvrkLOlQzNp65In0 HTTP/1.1" 200 24
181.207.70.139 - - [24/Jan/2015:17:12:59 -0500] "POST /forms/lservlet;jsessionid=ac16012b30d5b109e4c604f54ab89b26acbac432704f.e3iSbxaKaheRe38RbNmLa3mSc41ynknvrkLOlQzNp65In0 HTTP/1.1" 200 4419
181.207.70.139 - - [24/Jan/2015:17:13:00 -0500] "POST /forms/lservlet;jsessionid=ac16012b30d5b109e4c604f54ab89b26acbac432704f.e3iSbxaKaheRe38RbNmLa3mSc41ynknvrkLOlQzNp65In0 HTTP/1.1" 200 2
66.249.67.83 - - [24/Jan/2015:17:13:01 -0500] "GET /BLA/resoluciones/AUTOS%202007/1784.pdf HTTP/1.1" 200 35284
181.207.70.139 - - [24/Jan/2015:17:13:02 -0500] "POST /forms/lservlet;jsessionid=ac16012b30d5b109e4c604f54ab89b26acbac432704f.e3iSbxaKaheRe38RbNmLa3mSc41ynknvrkLOlQzNp65In0 HTTP/1.1" 200 2
181.207.70.139 - - [24/Jan/2015:17:13:03 -0500] "POST /forms/lservlet;jsessionid=ac16012b30d5b109e4c604f54ab89b26acbac432704f.e3iSbxaKaheRe38RbNmLa3mSc41ynknvrkLOlQzNp65In0 HTTP/1.1" 200 14
181.207.70.139 - - [24/Jan/2015:17:13:04 -0500] "POST /forms/lservlet;jsessionid=ac16012b30d5b109e4c604f54ab89b26acbac432704f.e3iSbxaKaheRe38RbNmLa3mSc41ynknvrkLOlQzNp65In0 HTTP/1.1" 200 14
181.207.70.139 - - [24/Jan/2015:17:13:05 -0500] "POST /forms/lservlet;jsessionid=ac16012b30d5b109e4c604f54ab89b26acbac432704f.e3iSbxaKaheRe38RbNmLa3mSc41ynknvrkLOlQzNp65In0 HTTP/1.1" 200 14
181.207.70.139 - - [24/Jan/2015:17:13:07 -0500] "POST /forms/lservlet;jsessionid=ac16012b30d5b109e4c604f54ab89b26acbac432704f.e3iSbxaKaheRe38RbNmLa3mSc41ynknvrkLOlQzNp65In0 HTTP/1.1" 200 14
181.207.70.139 - - [24/Jan/2015:17:13:09 -0500] "POST /forms/lservlet;jsessionid=ac16012b30d5b109e4c604f54ab89b26acbac432704f.e3iSbxaKaheRe38RbNmLa3mSc41ynknvrkLOlQzNp65In0 HTTP/1.1" 200 131
181.207.70.139 - - [24/Jan/2015:17:13:10 -0500] "POST /forms/lservlet;jsessionid=ac16012b30d5b109e4c604f54ab89b26acbac432704f.e3iSbxaKaheRe38RbNmLa3mSc41ynknvrkLOlQzNp65In0 HTTP/1.1" 200 2
181.207.70.139 - - [24/Jan/2015:17:13:24 -0500] "POST /forms/lservlet;jsessionid=ac16012b30d5b109e4c604f54ab89b26acbac432704f.e3iSbxaKaheRe38RbNmLa3mSc41ynknvrkLOlQzNp65In0 HTTP/1.1" 200 140
181.207.70.139 - - [24/Jan/2015:17:13:24 -0500] "POST /forms/lservlet;jsessionid=ac16012b30d5b109e4c604f54ab89b26acbac432704f.e3iSbxaKaheRe38RbNmLa3mSc41ynknvrkLOlQzNp65In0 HTTP/1.1" 200 8
181.207.70.139 - - [24/Jan/2015:17:13:25 -0500] "POST /forms/lservlet;jsessionid=ac16012b30d5b109e4c604f54ab89b26acbac432704f.e3iSbxaKaheRe38RbNmLa3mSc41ynknvrkLOlQzNp65In0 HTTP/1.1" 200 2
181.207.70.139 - - [24/Jan/2015:17:13:25 -0500] "POST /forms/lservlet;jsessionid=ac16012b30d5b109e4c604f54ab89b26acbac432704f.e3iSbxaKaheRe38RbNmLa3mSc41ynknvrkLOlQzNp65In0 HTTP/1.1" 200 82
181.207.70.139 - - [24/Jan/2015:17:13:27 -0500] "POST /forms/lservlet;jsessionid=ac16012b30d5b109e4c604f54ab89b26acbac432704f.e3iSbxaKaheRe38RbNmLa3mSc41ynknvrkLOlQzNp65In0 HTTP/1.1" 200 186
181.207.70.139 - - [24/Jan/2015:17:13:28 -0500] "POST /forms/lservlet;jsessionid=ac16012b30d5b109e4c604f54ab89b26acbac432704f.e3iSbxaKaheRe38RbNmLa3mSc41ynknvrkLOlQzNp65In0 HTTP/1.1" 200 8
181.207.70.139 - - [24/Jan/2015:17:13:28 -0500] "POST /forms/lservlet;jsessionid=ac16012b30d5b109e4c604f54ab89b26acbac432704f.e3iSbxaKaheRe38RbNmLa3mSc41ynknvrkLOlQzNp65In0 HTTP/1.1" 200 2
181.207.70.139 - - [24/Jan/2015:17:13:29 -0500] "POST /forms/lservlet;jsessionid=ac16012b30d5b109e4c604f54ab89b26acbac432704f.e3iSbxaKaheRe38RbNmLa3mSc41ynknvrkLOlQzNp65In0 HTTP/1.1" 200 63
181.207.70.139 - - [24/Jan/2015:17:13:32 -0500] "POST /forms/lservlet;jsessionid=ac16012b30d5b109e4c604f54ab89b26acbac432704f.e3iSbxaKaheRe38RbNmLa3mSc41ynknvrkLOlQzNp65In0 HTTP/1.1" 200 186
181.207.70.139 - - [24/Jan/2015:17:13:32 -0500] "POST /forms/lservlet;jsessionid=ac16012b30d5b109e4c604f54ab89b26acbac432704f.e3iSbxaKaheRe38RbNmLa3mSc41ynknvrkLOlQzNp65In0 HTTP/1.1" 200 8
181.207.70.139 - - [24/Jan/2015:17:13:33 -0500] "POST /forms/lservlet;jsessionid=ac16012b30d5b109e4c604f54ab89b26acbac432704f.e3iSbxaKaheRe38RbNmLa3mSc41ynknvrkLOlQzNp65In0 HTTP/1.1" 200 2
181.207.70.139 - - [24/Jan/2015:17:13:33 -0500] "POST /forms/lservlet;jsessionid=ac16012b30d5b109e4c604f54ab89b26acbac432704f.e3iSbxaKaheRe38RbNmLa3mSc41ynknvrkLOlQzNp65In0 HTTP/1.1" 200 63
173.168.211.202 - - [24/Jan/2015:17:13:36 -0500] "GET /webdav/x32.php HTTP/1.1" 404 1018
181.207.70.139 - - [24/Jan/2015:17:13:36 -0500] "POST /forms/lservlet;jsessionid=ac16012b30d5b109e4c604f54ab89b26acbac432704f.e3iSbxaKaheRe38RbNmLa3mSc41ynknvrkLOlQzNp65In0 HTTP/1.1" 200 243
181.207.70.139 - - [24/Jan/2015:17:13:36 -0500] "POST /forms/lservlet;jsessionid=ac16012b30d5b109e4c604f54ab89b26acbac432704f.e3iSbxaKaheRe38RbNmLa3mSc41ynknvrkLOlQzNp65In0 HTTP/1.1" 200 254
74.86.158.107 - - [24/Jan/2015:17:13:41 -0500] "GET / HTTP/1.1" 302 -
181.207.70.139 - - [24/Jan/2015:17:13:41 -0500] "POST /forms/lservlet;jsessionid=ac16012b30d5b109e4c604f54ab89b26acbac432704f.e3iSbxaKaheRe38RbNmLa3mSc41ynknvrkLOlQzNp65In0 HTTP/1.1" 200 185
181.207.70.139 - - [24/Jan/2015:17:13:42 -0500] "POST /forms/lservlet;jsessionid=ac16012b30d5b109e4c604f54ab89b26acbac432704f.e3iSbxaKaheRe38RbNmLa3mSc41ynknvrkLOlQzNp65In0 HTTP/1.1" 200 8
181.207.70.139 - - [24/Jan/2015:17:13:42 -0500] "POST /forms/lservlet;jsessionid=ac16012b30d5b109e4c604f54ab89b26acbac432704f.e3iSbxaKaheRe38RbNmLa3mSc41ynknvrkLOlQzNp65In0 HTTP/1.1" 200 2
181.207.70.139 - - [24/Jan/2015:17:13:43 -0500] "POST /forms/lservlet;jsessionid=ac16012b30d5b109e4c604f54ab89b26acbac432704f.e3iSbxaKaheRe38RbNmLa3mSc41ynknvrkLOlQzNp65In0 HTTP/1.1" 200 64
181.207.70.139 - - [24/Jan/2015:17:13:10 -0500] "GET /reports/rwservlet/getjobid341854?server=rep_srvapsda HTTP/1.1" 200 3715277
66.249.67.75 - - [24/Jan/2015:17:13:49 -0500] "GET /BLA/resoluciones/AUTOS%202008/2191.pdf HTTP/1.1" 200 75479
181.207.70.139 - - [24/Jan/2015:17:13:52 -0500] "POST /forms/lservlet;jsessionid=ac16012b30d5b109e4c604f54ab89b26acbac432704f.e3iSbxaKaheRe38RbNmLa3mSc41ynknvrkLOlQzNp65In0 HTTP/1.1" 200 308
181.207.70.139 - - [24/Jan/2015:17:13:53 -0500] "POST /forms/lservlet;jsessionid=ac16012b30d5b109e4c604f54ab89b26acbac432704f.e3iSbxaKaheRe38RbNmLa3mSc41ynknvrkLOlQzNp65In0 HTTP/1.1" 200 278
181.207.70.139 - - [24/Jan/2015:17:13:54 -0500] "POST /forms/lservlet;jsessionid=ac16012b30d5b109e4c604f54ab89b26acbac432704f.e3iSbxaKaheRe38RbNmLa3mSc41ynknvrkLOlQzNp65In0 HTTP/1.1" 200 278
181.207.70.139 - - [24/Jan/2015:17:13:55 -0500] "POST /forms/lservlet;jsessionid=ac16012b30d5b109e4c604f54ab89b26acbac432704f.e3iSbxaKaheRe38RbNmLa3mSc41ynknvrkLOlQzNp65In0 HTTP/1.1" 200 190
181.207.70.139 - - [24/Jan/2015:17:13:55 -0500] "POST /forms/lservlet;jsessionid=ac16012b30d5b109e4c604f54ab89b26acbac432704f.e3iSbxaKaheRe38RbNmLa3mSc41ynknvrkLOlQzNp65In0 HTTP/1.1" 200 8
181.207.70.139 - - [24/Jan/2015:17:13:56 -0500] "POST /forms/lservlet;jsessionid=ac16012b30d5b109e4c604f54ab89b26acbac432704f.e3iSbxaKaheRe38RbNmLa3mSc41ynknvrkLOlQzNp65In0 HTTP/1.1" 200 2
181.207.70.139 - - [24/Jan/2015:17:13:56 -0500] "POST /forms/lservlet;jsessionid=ac16012b30d5b109e4c604f54ab89b26acbac432704f.e3iSbxaKaheRe38RbNmLa3mSc41ynknvrkLOlQzNp65In0 HTTP/1.1" 200 64
66.249.67.83 - - [24/Jan/2015:17:13:57 -0500] "GET /BLA/resoluciones/RESOLUCIONES%202013/0361.pdf HTTP/1.1" 304 -
181.207.70.139 - - [24/Jan/2015:17:13:58 -0500] "POST /forms/lservlet;jsessionid=ac16012b30d5b109e4c604f54ab89b26acbac432704f.e3iSbxaKaheRe38RbNmLa3mSc41ynknvrkLOlQzNp65In0 HTTP/1.1" 200 187
181.207.70.139 - - [24/Jan/2015:17:13:58 -0500] "POST /forms/lservlet;jsessionid=ac16012b30d5b109e4c604f54ab89b26acbac432704f.e3iSbxaKaheRe38RbNmLa3mSc41ynknvrkLOlQzNp65In0 HTTP/1.1" 200 8
181.207.70.139 - - [24/Jan/2015:17:13:59 -0500] "POST /forms/lservlet;jsessionid=ac16012b30d5b109e4c604f54ab89b26acbac432704f.e3iSbxaKaheRe38RbNmLa3mSc41ynknvrkLOlQzNp65In0 HTTP/1.1" 200 2
181.207.70.139 - - [24/Jan/2015:17:13:59 -0500] "POST /forms/lservlet;jsessionid=ac16012b30d5b109e4c604f54ab89b26acbac432704f.e3iSbxaKaheRe38RbNmLa3mSc41ynknvrkLOlQzNp65In0 HTTP/1.1" 200 64
181.207.70.139 - - [24/Jan/2015:17:14:01 -0500] "POST /forms/lservlet;jsessionid=ac16012b30d5b109e4c604f54ab89b26acbac432704f.e3iSbxaKaheRe38RbNmLa3mSc41ynknvrkLOlQzNp65In0 HTTP/1.1" 200 337
181.207.70.139 - - [24/Jan/2015:17:14:04 -0500] "POST /forms/lservlet;jsessionid=ac16012b30d5b109e4c604f54ab89b26acbac432704f.e3iSbxaKaheRe38RbNmLa3mSc41ynknvrkLOlQzNp65In0 HTTP/1.1" 200 206
181.207.70.139 - - [24/Jan/2015:17:14:04 -0500] "POST /forms/lservlet;jsessionid=ac16012b30d5b109e4c604f54ab89b26acbac432704f.e3iSbxaKaheRe38RbNmLa3mSc41ynknvrkLOlQzNp65In0 HTTP/1.1" 200 8
181.207.70.139 - - [24/Jan/2015:17:14:04 -0500] "POST /forms/lservlet;jsessionid=ac16012b30d5b109e4c604f54ab89b26acbac432704f.e3iSbxaKaheRe38RbNmLa3mSc41ynknvrkLOlQzNp65In0 HTTP/1.1" 200 2
181.207.70.139 - - [24/Jan/2015:17:14:05 -0500] "POST /forms/lservlet;jsessionid=ac16012b30d5b109e4c604f54ab89b26acbac432704f.e3iSbxaKaheRe38RbNmLa3mSc41ynknvrkLOlQzNp65In0 HTTP/1.1" 200 64
188.165.15.59 - - [24/Jan/2015:17:14:09 -0500] "GET /BLA/resoluciones/RESOLUCIONES%202006/RES%202006%20%202951-3000/00002991.tif HTTP/1.1" 200 36938
181.50.241.109 - - [24/Jan/2015:17:14:10 -0500] "POST /forms/lservlet;jsessionid=ac16012b30d5f4158fd8302e4190874cba71654cc2bf.e3iSbxaKaheRe38RbNmLa3mSc41ynknvrkLOlQzNp65In0 HTTP/1.1" 200 2
157.55.39.60 - - [24/Jan/2015:17:14:14 -0500] "GET /robots.txt HTTP/1.1" 404 1019
181.207.70.139 - - [24/Jan/2015:17:14:18 -0500] "POST /forms/lservlet;jsessionid=ac16012b30d5b109e4c604f54ab89b26acbac432704f.e3iSbxaKaheRe38RbNmLa3mSc41ynknvrkLOlQzNp65In0 HTTP/1.1" 200 2
66.249.67.67 - - [24/Jan/2015:17:14:38 -0500] "GET /BLA/resoluciones/RESOLUCIONES%202010/7817.pdf HTTP/1.1" 200 432803
188.165.15.208 - - [24/Jan/2015:17:15:23 -0500] "GET /BLA/resoluciones/RESOLUCIONES%202006/RES%202006%201401-1450/00001445.tif HTTP/1.1" 200 318854
66.249.67.83 - - [24/Jan/2015:17:15:27 -0500] "GET /BLA/resoluciones/RESOLUCIONES%202009/4024.pdf HTTP/1.1" 200 481539
180.76.6.141 - - [24/Jan/2015:17:15:29 -0500] "GET /BLA/boletinlegal;jsessionid=E9432846BBC6050F82FDB7DDDAAAC924?/? HTTP/1.1" 404 1018
181.50.241.109 - - [24/Jan/2015:17:16:10 -0500] "POST /forms/lservlet;jsessionid=ac16012b30d5f4158fd8302e4190874cba71654cc2bf.e3iSbxaKaheRe38RbNmLa3mSc41ynknvrkLOlQzNp65In0 HTTP/1.1" 200 2
66.249.67.67 - - [24/Jan/2015:17:16:13 -0500] "GET /BLA/resoluciones/RESOLUCIONES%202007/RES%202007%203001%20AL%203100/RESOLUCION%203077%20DE%202007.pdf HTTP/1.1" 304 -
66.249.67.67 - - [24/Jan/2015:17:16:16 -0500] "GET /BLA/resoluciones/AUTOS%202007/3040.pdf HTTP/1.1" 200 146567
181.207.70.139 - - [24/Jan/2015:17:16:20 -0500] "POST /forms/lservlet;jsessionid=ac16012b30d5b109e4c604f54ab89b26acbac432704f.e3iSbxaKaheRe38RbNmLa3mSc41ynknvrkLOlQzNp65In0 HTTP/1.1" 200 2
66.249.67.83 - - [24/Jan/2015:17:17:05 -0500] "GET /BLA/resoluciones/RESOLUCIONES%202009/0881.pdf HTTP/1.1" 200 202088
66.249.67.67 - - [24/Jan/2015:17:17:54 -0500] "GET /BLA/resoluciones/RESOLUCIONES%202009/8690.pdf HTTP/1.1" 200 519608
191.102.121.42 - - [24/Jan/2015:17:17:55 -0500] "GET /BLA/resoluciones/RESOLUCIONES%202007/RES%202007%20401%20AL%20500/RESOLUCION%200412%20DE%202007.pdf HTTP/1.1" 200 566595
191.102.121.42 - - [24/Jan/2015:17:17:55 -0500] "GET /BLA/resoluciones/RESOLUCIONES%202007/RES%202007%20401%20AL%20500/RESOLUCION%200412%20DE%202007.pdf HTTP/1.1" 206 32768
191.102.121.42 - - [24/Jan/2015:17:17:55 -0500] "GET /BLA/resoluciones/RESOLUCIONES%202007/RES%202007%20401%20AL%20500/RESOLUCION%200412%20DE%202007.pdf HTTP/1.1" 206 533827
191.102.121.42 - - [24/Jan/2015:17:17:58 -0500] "GET /favicon.ico HTTP/1.1" 200 7782
181.50.241.109 - - [24/Jan/2015:17:18:10 -0500] "POST /forms/lservlet;jsessionid=ac16012b30d5f4158fd8302e4190874cba71654cc2bf.e3iSbxaKaheRe38RbNmLa3mSc41ynknvrkLOlQzNp65In0 HTTP/1.1" 200 2
181.207.70.139 - - [24/Jan/2015:17:18:21 -0500] "POST /forms/lservlet;jsessionid=ac16012b30d5b109e4c604f54ab89b26acbac432704f.e3iSbxaKaheRe38RbNmLa3mSc41ynknvrkLOlQzNp65In0 HTTP/1.1" 200 2
66.249.67.67 - - [24/Jan/2015:17:18:29 -0500] "GET /BLA/resoluciones/AUTOS%202014/5589.pdf HTTP/1.1" 304 -
74.86.158.107 - - [24/Jan/2015:17:18:41 -0500] "GET / HTTP/1.1" 302 -
66.249.67.75 - - [24/Jan/2015:17:18:42 -0500] "GET /BLA/resoluciones/AUTOS%202007/1065.pdf HTTP/1.1" 200 116492
66.249.67.83 - - [24/Jan/2015:17:19:31 -0500] "GET /BLA/resoluciones/AUTOS%202007/1473.pdf HTTP/1.1" 200 26296
181.50.241.109 - - [24/Jan/2015:17:20:10 -0500] "POST /forms/lservlet;jsessionid=ac16012b30d5f4158fd8302e4190874cba71654cc2bf.e3iSbxaKaheRe38RbNmLa3mSc41ynknvrkLOlQzNp65In0 HTTP/1.1" 200 2
66.249.67.67 - - [24/Jan/2015:17:20:20 -0500] "GET /BLA/resoluciones/AUTOS%202008/2364.pdf HTTP/1.1" 200 159867
181.207.70.139 - - [24/Jan/2015:17:20:23 -0500] "POST /forms/lservlet;jsessionid=ac16012b30d5b109e4c604f54ab89b26acbac432704f.e3iSbxaKaheRe38RbNmLa3mSc41ynknvrkLOlQzNp65In0 HTTP/1.1" 200 2
180.76.6.134 - - [24/Jan/2015:17:20:38 -0500] "GET /BLA/resoluciones/RESOLUCIONES%202007/RES%202007%202001%20AL%202100/RESOLUCION%202093%20DE%202007.pdf HTTP/1.1" 200 225238
66.249.67.67 - - [24/Jan/2015:17:20:45 -0500] "GET /BLA/resoluciones/RESOLUCIONES%202008/4029.pdf HTTP/1.1" 304 -
188.165.15.208 - - [24/Jan/2015:17:21:00 -0500] "GET /BLA/resoluciones/RESOLUCIONES%202005/RES%202005%20%201651-1700/00001663.tif HTTP/1.1" 200 153540
66.249.67.83 - - [24/Jan/2015:17:21:09 -0500] "GET /BLA/resoluciones/RESOLUCIONES%202008/5123.pdf HTTP/1.1" 200 555079
188.165.15.5 - - [24/Jan/2015:17:21:50 -0500] "GET /BLA/resoluciones/RESOLUCIONES%202004/RES%202004%201151-1200/00001178.tif HTTP/1.1" 200 199896
66.249.67.67 - - [24/Jan/2015:17:21:58 -0500] "GET /BLA/resoluciones/RESOLUCIONES%202009/2143.pdf HTTP/1.1" 200 477471
181.50.241.109 - - [24/Jan/2015:17:22:10 -0500] "POST /forms/lservlet;jsessionid=ac16012b30d5f4158fd8302e4190874cba71654cc2bf.e3iSbxaKaheRe38RbNmLa3mSc41ynknvrkLOlQzNp65In0 HTTP/1.1" 200 2
180.76.6.232 - - [24/Jan/2015:17:22:19 -0500] "GET /BLA/boletinlegal;jsessionid=0E39D898F3AF17BCDB4DD21625DBC233?/? HTTP/1.1" 404 1018
181.207.70.139 - - [24/Jan/2015:17:22:26 -0500] "POST /forms/lservlet;jsessionid=ac16012b30d5b109e4c604f54ab89b26acbac432704f.e3iSbxaKaheRe38RbNmLa3mSc41ynknvrkLOlQzNp65In0 HTTP/1.1" 200 2
66.249.67.75 - - [24/Jan/2015:17:22:35 -0500] "GET /BLA/resoluciones/RESOLUCIONES%202006/RES%202006%20951-1000/00000980.tif HTTP/1.1" 200 237194
66.249.67.75 - - [24/Jan/2015:17:22:47 -0500] "GET /BLA/resoluciones/RESOLUCIONES%202008/1835.pdf HTTP/1.1" 200 252598
66.249.67.83 - - [24/Jan/2015:17:23:00 -0500] "GET /BLA/resoluciones/AUTOS%202013/1332.pdf HTTP/1.1" 304 -
66.249.67.67 - - [24/Jan/2015:17:23:01 -0500] "GET /BLA/resoluciones/RESOLUCIONES%202007/RES%202007%203601%20AL%203700/RESOLUCION%203636%20DE%202007.pdf HTTP/1.1" 200 267106
