181.133.14.171 - - [24/Jan/2015:18:27:53 -0500] "GET /arcgis/services/Calidad_del_Agua_WQI/MapServer/WMSServer?STYLES=&WIDTH=1024&LAYERS=3%2C4%2C5%2C6%2C7&BBOX=%2D74%2E07842839733873%2C4%2E587310995988491%2C%2D74%2E07721011330374%2C4%2E588104546233935&HEIGHT=667&SERVICE=WMS&FORMAT=image%2Fpng&SRS=EPSG%3A4686&REQUEST=GetMap&TRANSPARENT=TRUE&VERSION=1%2E1%2E1 HTTP/1.1" 200 4277
181.133.14.171 - - [24/Jan/2015:18:27:56 -0500] "GET /arcgis/services/Calidad_del_Agua_WQI/MapServer/WMSServer?STYLES=&WIDTH=1024&LAYERS=3%2C4%2C5%2C6%2C7&BBOX=%2D74%2E07830222984983%2C4%2E58739366339049%2C%2D74%2E07708394581483%2C4%2E588187213635933&HEIGHT=667&SERVICE=WMS&FORMAT=image%2Fpng&SRS=EPSG%3A4686&REQUEST=GetMap&TRANSPARENT=TRUE&VERSION=1%2E1%2E1 HTTP/1.1" 200 4277
66.249.67.111 - - [24/Jan/2015:18:27:56 -0500] "GET /portalsiaccapacitaciones/Soportes%20Capacitaciones%20A%C3%B1o%202013/0040.%20Presentaci%C3%B3n%20SDM%20-%20TNM%20-%20MOVILIDAD%20SOSTENIBLE%2019-09-13.pdf HTTP/1.1" 304 -
181.133.14.171 - - [24/Jan/2015:18:28:00 -0500] "GET /arcgis/services/Calidad_del_Agua_WQI/MapServer/WMSServer?STYLES=&WIDTH=1024&LAYERS=3%2C4%2C5%2C6%2C7&BBOX=%2D74%2E07827381273007%2C4%2E587381759091729%2C%2D74%2E07705552869508%2C4%2E588175309337172&HEIGHT=667&SERVICE=WMS&FORMAT=image%2Fpng&SRS=EPSG%3A4686&REQUEST=GetMap&TRANSPARENT=TRUE&VERSION=1%2E1%2E1 HTTP/1.1" 200 4277
181.133.14.171 - - [24/Jan/2015:18:28:06 -0500] "GET /crossdomain.xml HTTP/1.1" 404 1280
181.133.14.171 - - [24/Jan/2015:18:28:07 -0500] "GET /arcgis/services/Calidad_del_Agua_WQI/MapServer/WMSServer?STYLES=&WIDTH=1024&LAYERS=3%2C4%2C5%2C6%2C7&BBOX=%2D74%2E07817863637597%2C4%2E587791044607644%2C%2D74%2E07696035234098%2C4%2E588584594853088&HEIGHT=667&SERVICE=WMS&FORMAT=image%2Fpng&SRS=EPSG%3A4686&REQUEST=GetMap&TRANSPARENT=TRUE&VERSION=1%2E1%2E1 HTTP/1.1" 200 4277
181.50.241.109 - - [24/Jan/2015:18:28:12 -0500] "POST /forms/lservlet;jsessionid=ac16012b30d5f4158fd8302e4190874cba71654cc2bf.e3iSbxaKaheRe38RbNmLa3mSc41ynknvrkLOlQzNp65In0 HTTP/1.1" 200 2
181.133.14.171 - - [24/Jan/2015:18:28:11 -0500] "GET /arcgis/services/Calidad_del_Agua_WQI/MapServer/WMSServer?STYLES=&WIDTH=1024&LAYERS=3%2C4%2C5%2C6%2C7&BBOX=%2D74%2E0780810341504%2C4%2E587763878128784%2C%2D74%2E07686275011541%2C4%2E588557428374227&HEIGHT=667&SERVICE=WMS&FORMAT=image%2Fpng&SRS=EPSG%3A4686&REQUEST=GetMap&TRANSPARENT=TRUE&VERSION=1%2E1%2E1 HTTP/1.1" 200 4277
188.165.15.177 - - [24/Jan/2015:18:28:13 -0500] "GET /BLA/resoluciones/RESOLUCIONES%202006/RES%202006%202351-2400/00002380.tif HTTP/1.1" 200 214756
181.133.14.171 - - [24/Jan/2015:18:28:18 -0500] "GET /crossdomain.xml HTTP/1.1" 404 1280
181.133.14.171 - - [24/Jan/2015:18:28:18 -0500] "GET /arcgis/services/Calidad_del_Agua_WQI/MapServer/WMSServer?STYLES=&WIDTH=1024&LAYERS=3%2C4%2C5%2C6%2C7&BBOX=%2D74%2E077830331411%2C4%2E5873472703731775%2C%2D74%2E076612047376%2C4%2E588140820618621&HEIGHT=667&SERVICE=WMS&FORMAT=image%2Fpng&SRS=EPSG%3A4686&REQUEST=GetMap&TRANSPARENT=TRUE&VERSION=1%2E1%2E1 HTTP/1.1" 200 4277
181.133.14.171 - - [24/Jan/2015:18:28:33 -0500] "GET /crossdomain.xml HTTP/1.1" 404 1280
181.133.14.171 - - [24/Jan/2015:18:28:33 -0500] "GET /arcgis/services/Calidad_del_Agua_WQI/MapServer/WMSServer?STYLES=&WIDTH=1024&LAYERS=3%2C4%2C5%2C6%2C7&BBOX=%2D74%2E07777581880228%2C4%2E586673896194076%2C%2D74%2E07655753476729%2C4%2E587467446439519&HEIGHT=667&SERVICE=WMS&FORMAT=image%2Fpng&SRS=EPSG%3A4686&REQUEST=GetMap&TRANSPARENT=TRUE&VERSION=1%2E1%2E1 HTTP/1.1" 200 4277
181.207.70.139 - - [24/Jan/2015:18:28:35 -0500] "POST /forms/lservlet;jsessionid=ac16012b30d5b109e4c604f54ab89b26acbac432704f.e3iSbxaKaheRe38RbNmLa3mSc41ynknvrkLOlQzNp65In0 HTTP/1.1" 200 2
181.133.14.171 - - [24/Jan/2015:18:28:36 -0500] "GET /arcgis/services/Calidad_del_Agua_WQI/MapServer/WMSServer?STYLES=&WIDTH=1024&LAYERS=3%2C4%2C5%2C6%2C7&BBOX=%2D74%2E07772360785324%2C4%2E586293033202606%2C%2D74%2E07650532381825%2C4%2E58708658344805&HEIGHT=667&SERVICE=WMS&FORMAT=image%2Fpng&SRS=EPSG%3A4686&REQUEST=GetMap&TRANSPARENT=TRUE&VERSION=1%2E1%2E1 HTTP/1.1" 200 4277
181.133.14.171 - - [24/Jan/2015:18:28:37 -0500] "GET /arcgis/services/Calidad_del_Agua_WQI/MapServer/WMSServer?STYLES=&WIDTH=1024&LAYERS=3%2C4%2C5%2C6%2C7&BBOX=%2D74%2E07768103073174%2C4%2E586123921294453%2C%2D74%2E07646274669675%2C4%2E586917471539897&HEIGHT=667&SERVICE=WMS&FORMAT=image%2Fpng&SRS=EPSG%3A4686&REQUEST=GetMap&TRANSPARENT=TRUE&VERSION=1%2E1%2E1 HTTP/1.1" 200 4277
74.86.158.107 - - [24/Jan/2015:18:28:41 -0500] "GET / HTTP/1.1" 302 -
181.133.14.171 - - [24/Jan/2015:18:28:41 -0500] "GET /arcgis/services/Calidad_del_Agua_WQI/MapServer/WMSServer?STYLES=&WIDTH=1024&LAYERS=3%2C4%2C5%2C6%2C7&BBOX=%2D74%2E07761331423845%2C4%2E585928323584357%2C%2D74%2E07639503020346%2C4%2E5867218738298&HEIGHT=667&SERVICE=WMS&FORMAT=image%2Fpng&SRS=EPSG%3A4686&REQUEST=GetMap&TRANSPARENT=TRUE&VERSION=1%2E1%2E1 HTTP/1.1" 200 4277
181.133.14.171 - - [24/Jan/2015:18:28:51 -0500] "GET /crossdomain.xml HTTP/1.1" 404 1280
181.133.14.171 - - [24/Jan/2015:18:28:52 -0500] "GET /arcgis/services/Calidad_del_Agua_WQI/MapServer/WMSServer?STYLES=&WIDTH=1024&LAYERS=3%2C4%2C5%2C6%2C7&BBOX=%2D74%2E07769987382892%2C4%2E586273536835173%2C%2D74%2E07648158979393%2C4%2E587067087080617&HEIGHT=667&SERVICE=WMS&FORMAT=image%2Fpng&SRS=EPSG%3A4686&REQUEST=GetMap&TRANSPARENT=TRUE&VERSION=1%2E1%2E1 HTTP/1.1" 200 4277
181.133.14.171 - - [24/Jan/2015:18:28:57 -0500] "GET /arcgis/services/Calidad_del_Agua_WQI/MapServer/WMSServer?STYLES=&WIDTH=1024&LAYERS=3%2C4%2C5%2C6%2C7&BBOX=%2D74%2E07744456328201%2C4%2E585934343160884%2C%2D74%2E07622627924702%2C4%2E586727893406327&HEIGHT=667&SERVICE=WMS&FORMAT=image%2Fpng&SRS=EPSG%3A4686&REQUEST=GetMap&TRANSPARENT=TRUE&VERSION=1%2E1%2E1 HTTP/1.1" 200 4277
181.133.14.171 - - [24/Jan/2015:18:28:59 -0500] "GET /arcgis/services/Calidad_del_Agua_WQI/MapServer/WMSServer?STYLES=&WIDTH=1024&LAYERS=3%2C4%2C5%2C6%2C7&BBOX=%2D74%2E0776063334576%2C4%2E585840898382795%2C%2D74%2E0763880494226%2C4%2E586634448628239&HEIGHT=667&SERVICE=WMS&FORMAT=image%2Fpng&SRS=EPSG%3A4686&REQUEST=GetMap&TRANSPARENT=TRUE&VERSION=1%2E1%2E1 HTTP/1.1" 200 4277
181.133.14.171 - - [24/Jan/2015:18:29:17 -0500] "GET /crossdomain.xml HTTP/1.1" 404 1280
181.133.14.171 - - [24/Jan/2015:18:29:18 -0500] "GET /arcgis/services/Calidad_del_Agua_WQI/MapServer/WMSServer?STYLES=&WIDTH=1024&LAYERS=3%2C4%2C5%2C6%2C7&BBOX=%2D74%2E07743240022812%2C4%2E586438659460727%2C%2D74%2E07621411619313%2C4%2E587232209706171&HEIGHT=667&SERVICE=WMS&FORMAT=image%2Fpng&SRS=EPSG%3A4686&REQUEST=GetMap&TRANSPARENT=TRUE&VERSION=1%2E1%2E1 HTTP/1.1" 200 4277
181.133.14.171 - - [24/Jan/2015:18:29:21 -0500] "GET /arcgis/services/Calidad_del_Agua_WQI/MapServer/WMSServer?STYLES=&WIDTH=1024&LAYERS=3%2C4%2C5%2C6%2C7&BBOX=%2D74%2E077241718988%2C4%2E586675625398581%2C%2D74%2E07602343495302%2C4%2E587469175644025&HEIGHT=667&SERVICE=WMS&FORMAT=image%2Fpng&SRS=EPSG%3A4686&REQUEST=GetMap&TRANSPARENT=TRUE&VERSION=1%2E1%2E1 HTTP/1.1" 200 4277
181.133.14.171 - - [24/Jan/2015:18:29:25 -0500] "GET /arcgis/services/Calidad_del_Agua_WQI/MapServer/WMSServer?STYLES=&WIDTH=1024&LAYERS=3%2C4%2C5%2C6%2C7&BBOX=%2D74%2E0773798455561%2C4%2E5866878072257%2C%2D74%2E0761615615211%2C4%2E587481357471144&HEIGHT=667&SERVICE=WMS&FORMAT=image%2Fpng&SRS=EPSG%3A4686&REQUEST=GetMap&TRANSPARENT=TRUE&VERSION=1%2E1%2E1 HTTP/1.1" 200 4277
181.133.14.171 - - [24/Jan/2015:18:29:30 -0500] "GET /crossdomain.xml HTTP/1.1" 404 1280
181.133.14.171 - - [24/Jan/2015:18:29:31 -0500] "GET /arcgis/services/Calidad_del_Agua_WQI/MapServer/WMSServer?STYLES=&WIDTH=1024&LAYERS=3%2C4%2C5%2C6%2C7&BBOX=%2D74%2E0770287573423%2C4%2E586720946536502%2C%2D74%2E07581047330731%2C4%2E587514496781946&HEIGHT=667&SERVICE=WMS&FORMAT=image%2Fpng&SRS=EPSG%3A4686&REQUEST=GetMap&TRANSPARENT=TRUE&VERSION=1%2E1%2E1 HTTP/1.1" 200 4277
181.133.14.171 - - [24/Jan/2015:18:29:33 -0500] "GET /arcgis/services/Calidad_del_Agua_WQI/MapServer/WMSServer?STYLES=&WIDTH=1024&LAYERS=3%2C4%2C5%2C6%2C7&BBOX=%2D74%2E07671940409594%2C4%2E586603631942564%2C%2D74%2E07550112006095%2C4%2E587397182188008&HEIGHT=667&SERVICE=WMS&FORMAT=image%2Fpng&SRS=EPSG%3A4686&REQUEST=GetMap&TRANSPARENT=TRUE&VERSION=1%2E1%2E1 HTTP/1.1" 200 4277
181.133.14.171 - - [24/Jan/2015:18:29:36 -0500] "GET /arcgis/services/Calidad_del_Agua_WQI/MapServer/WMSServer?STYLES=&WIDTH=1024&LAYERS=3%2C4%2C5%2C6%2C7&BBOX=%2D74%2E07656826859625%2C4%2E586575283392244%2C%2D74%2E07534998456126%2C4%2E587368833637687&HEIGHT=667&SERVICE=WMS&FORMAT=image%2Fpng&SRS=EPSG%3A4686&REQUEST=GetMap&TRANSPARENT=TRUE&VERSION=1%2E1%2E1 HTTP/1.1" 200 4277
181.133.14.171 - - [24/Jan/2015:18:29:39 -0500] "GET /arcgis/services/Calidad_del_Agua_WQI/MapServer/WMSServer?STYLES=&WIDTH=1024&LAYERS=3%2C4%2C5%2C6%2C7&BBOX=%2D74%2E07646825478182%2C4%2E586570870333641%2C%2D74%2E07524997074682%2C4%2E5873644205790844&HEIGHT=667&SERVICE=WMS&FORMAT=image%2Fpng&SRS=EPSG%3A4686&REQUEST=GetMap&TRANSPARENT=TRUE&VERSION=1%2E1%2E1 HTTP/1.1" 200 4277
181.133.14.171 - - [24/Jan/2015:18:29:42 -0500] "GET /crossdomain.xml HTTP/1.1" 404 1280
181.133.14.171 - - [24/Jan/2015:18:29:43 -0500] "GET /arcgis/services/Calidad_del_Agua_WQI/MapServer/WMSServer?STYLES=&WIDTH=1024&LAYERS=3%2C4%2C5%2C6%2C7&BBOX=%2D74%2E07630035859655%2C4%2E586607438337147%2C%2D74%2E07508207456156%2C4%2E587400988582591&HEIGHT=667&SERVICE=WMS&FORMAT=image%2Fpng&SRS=EPSG%3A4686&REQUEST=GetMap&TRANSPARENT=TRUE&VERSION=1%2E1%2E1 HTTP/1.1" 200 4277
66.249.67.119 - - [24/Jan/2015:18:29:46 -0500] "GET /publi/valla2.htm HTTP/1.1" 404 1019
181.133.14.171 - - [24/Jan/2015:18:29:46 -0500] "GET /arcgis/services/Calidad_del_Agua_WQI/MapServer/WMSServer?STYLES=&WIDTH=1024&LAYERS=3%2C4%2C5%2C6%2C7&BBOX=%2D74%2E07609569420494%2C4%2E586592252087758%2C%2D74%2E07487741016995%2C4%2E587385802333202&HEIGHT=667&SERVICE=WMS&FORMAT=image%2Fpng&SRS=EPSG%3A4686&REQUEST=GetMap&TRANSPARENT=TRUE&VERSION=1%2E1%2E1 HTTP/1.1" 200 4277
188.165.15.201 - - [24/Jan/2015:18:29:46 -0500] "GET /BLA/resoluciones/index.php?dir=RESOLUCIONES%202002/RES%202002%201601-1650/&sort=size&order=asc HTTP/1.1" 200 12158
181.133.14.171 - - [24/Jan/2015:18:29:49 -0500] "GET /arcgis/services/Calidad_del_Agua_WQI/MapServer/WMSServer?STYLES=&WIDTH=1024&LAYERS=3%2C4%2C5%2C6%2C7&BBOX=%2D74%2E07581709248946%2C4%2E586529231172296%2C%2D74%2E07459880845447%2C4%2E58732278141774&HEIGHT=667&SERVICE=WMS&FORMAT=image%2Fpng&SRS=EPSG%3A4686&REQUEST=GetMap&TRANSPARENT=TRUE&VERSION=1%2E1%2E1 HTTP/1.1" 200 4277
181.133.14.171 - - [24/Jan/2015:18:29:51 -0500] "GET /arcgis/services/Calidad_del_Agua_WQI/MapServer/WMSServer?STYLES=&WIDTH=1024&LAYERS=3%2C4%2C5%2C6%2C7&BBOX=%2D74%2E07558376969207%2C4%2E586456856838201%2C%2D74%2E07436548565708%2C4%2E587250407083645&HEIGHT=667&SERVICE=WMS&FORMAT=image%2Fpng&SRS=EPSG%3A4686&REQUEST=GetMap&TRANSPARENT=TRUE&VERSION=1%2E1%2E1 HTTP/1.1" 200 4277
181.133.14.171 - - [24/Jan/2015:18:29:58 -0500] "GET /crossdomain.xml HTTP/1.1" 404 1280
181.133.14.171 - - [24/Jan/2015:18:29:58 -0500] "GET /arcgis/services/Calidad_del_Agua_WQI/MapServer/WMSServer?STYLES=&WIDTH=1024&LAYERS=3%2C4%2C5%2C6%2C7&BBOX=%2D74%2E07538617355851%2C4%2E58639908898378%2C%2D74%2E07416788952352%2C4%2E587192639229223&HEIGHT=667&SERVICE=WMS&FORMAT=image%2Fpng&SRS=EPSG%3A4686&REQUEST=GetMap&TRANSPARENT=TRUE&VERSION=1%2E1%2E1 HTTP/1.1" 200 4277
181.133.14.171 - - [24/Jan/2015:18:30:01 -0500] "GET /arcgis/services/Calidad_del_Agua_WQI/MapServer/WMSServer?STYLES=&WIDTH=1024&LAYERS=3%2C4%2C5%2C6%2C7&BBOX=%2D74%2E07519815296084%2C4%2E586311041313421%2C%2D74%2E07397986892585%2C4%2E587104591558865&HEIGHT=667&SERVICE=WMS&FORMAT=image%2Fpng&SRS=EPSG%3A4686&REQUEST=GetMap&TRANSPARENT=TRUE&VERSION=1%2E1%2E1 HTTP/1.1" 200 4277
181.133.14.171 - - [24/Jan/2015:18:30:09 -0500] "GET /crossdomain.xml HTTP/1.1" 404 1280
181.133.14.171 - - [24/Jan/2015:18:30:09 -0500] "GET /arcgis/services/Calidad_del_Agua_WQI/MapServer/WMSServer?STYLES=&WIDTH=1024&LAYERS=3%2C4%2C5%2C6%2C7&BBOX=%2D74%2E07509599676271%2C4%2E5861132040227925%2C%2D74%2E07387771272772%2C4%2E586906754268236&HEIGHT=667&SERVICE=WMS&FORMAT=image%2Fpng&SRS=EPSG%3A4686&REQUEST=GetMap&TRANSPARENT=TRUE&VERSION=1%2E1%2E1 HTTP/1.1" 200 4277
181.50.241.109 - - [24/Jan/2015:18:30:12 -0500] "POST /forms/lservlet;jsessionid=ac16012b30d5f4158fd8302e4190874cba71654cc2bf.e3iSbxaKaheRe38RbNmLa3mSc41ynknvrkLOlQzNp65In0 HTTP/1.1" 200 2
66.249.67.103 - - [24/Jan/2015:18:30:12 -0500] "GET /dama/libreria/php/decide.php?patron=03.170306 HTTP/1.1" 404 1019
181.133.14.171 - - [24/Jan/2015:18:30:18 -0500] "GET /arcgis/services/Calidad_del_Agua_WQI/MapServer/WMSServer?STYLES=&WIDTH=1024&LAYERS=3%2C4%2C5%2C6%2C7&BBOX=%2D74%2E07487598168878%2C4%2E586048981773089%2C%2D74%2E07365769765379%2C4%2E586842532018533&HEIGHT=667&SERVICE=WMS&FORMAT=image%2Fpng&SRS=EPSG%3A4686&REQUEST=GetMap&TRANSPARENT=TRUE&VERSION=1%2E1%2E1 HTTP/1.1" 200 4277
181.133.14.171 - - [24/Jan/2015:18:30:21 -0500] "GET /crossdomain.xml HTTP/1.1" 404 1280
181.133.14.171 - - [24/Jan/2015:18:30:22 -0500] "GET /arcgis/services/Calidad_del_Agua_WQI/MapServer/WMSServer?STYLES=&WIDTH=1024&LAYERS=3%2C4%2C5%2C6%2C7&BBOX=%2D74%2E07470801473961%2C4%2E586016721380403%2C%2D74%2E07348973070462%2C4%2E586810271625847&HEIGHT=667&SERVICE=WMS&FORMAT=image%2Fpng&SRS=EPSG%3A4686&REQUEST=GetMap&TRANSPARENT=TRUE&VERSION=1%2E1%2E1 HTTP/1.1" 200 4277
181.133.14.171 - - [24/Jan/2015:18:30:24 -0500] "GET /arcgis/services/Calidad_del_Agua_WQI/MapServer/WMSServer?STYLES=&WIDTH=1024&LAYERS=3%2C4%2C5%2C6%2C7&BBOX=%2D74%2E07447481908724%2C4%2E586024993310489%2C%2D74%2E07325653505225%2C4%2E586818543555933&HEIGHT=667&SERVICE=WMS&FORMAT=image%2Fpng&SRS=EPSG%3A4686&REQUEST=GetMap&TRANSPARENT=TRUE&VERSION=1%2E1%2E1 HTTP/1.1" 200 4277
181.133.14.171 - - [24/Jan/2015:18:30:28 -0500] "GET /arcgis/services/Calidad_del_Agua_WQI/MapServer/WMSServer?STYLES=&WIDTH=1024&LAYERS=3%2C4%2C5%2C6%2C7&BBOX=%2D74%2E07431179266251%2C4%2E586063038028909%2C%2D74%2E07309350862752%2C4%2E586856588274353&HEIGHT=667&SERVICE=WMS&FORMAT=image%2Fpng&SRS=EPSG%3A4686&REQUEST=GetMap&TRANSPARENT=TRUE&VERSION=1%2E1%2E1 HTTP/1.1" 200 4277
181.133.14.171 - - [24/Jan/2015:18:30:31 -0500] "GET /arcgis/services/Calidad_del_Agua_WQI/MapServer/WMSServer?STYLES=&WIDTH=1024&LAYERS=3%2C4%2C5%2C6%2C7&BBOX=%2D74%2E07410220481029%2C4%2E586141189431434%2C%2D74%2E0728839207753%2C4%2E586934739676877&HEIGHT=667&SERVICE=WMS&FORMAT=image%2Fpng&SRS=EPSG%3A4686&REQUEST=GetMap&TRANSPARENT=TRUE&VERSION=1%2E1%2E1 HTTP/1.1" 200 4277
181.207.70.139 - - [24/Jan/2015:18:30:38 -0500] "POST /forms/lservlet;jsessionid=ac16012b30d5b109e4c604f54ab89b26acbac432704f.e3iSbxaKaheRe38RbNmLa3mSc41ynknvrkLOlQzNp65In0 HTTP/1.1" 200 2
181.133.14.171 - - [24/Jan/2015:18:30:39 -0500] "GET /crossdomain.xml HTTP/1.1" 404 1280
181.133.14.171 - - [24/Jan/2015:18:30:39 -0500] "GET /arcgis/services/Calidad_del_Agua_WQI/MapServer/WMSServer?STYLES=&WIDTH=1024&LAYERS=3%2C4%2C5%2C6%2C7&BBOX=%2D74%2E07405349315054%2C4%2E585600818804632%2C%2D74%2E07283520911555%2C4%2E586394369050076&HEIGHT=667&SERVICE=WMS&FORMAT=image%2Fpng&SRS=EPSG%3A4686&REQUEST=GetMap&TRANSPARENT=TRUE&VERSION=1%2E1%2E1 HTTP/1.1" 200 4277
181.133.14.171 - - [24/Jan/2015:18:30:46 -0500] "GET /arcgis/services/Calidad_del_Agua_WQI/MapServer/WMSServer?STYLES=&WIDTH=1024&LAYERS=3%2C4%2C5%2C6%2C7&BBOX=%2D74%2E07373455595314%2C4%2E5853638057441835%2C%2D74%2E07251627191815%2C4%2E586157355989627&HEIGHT=667&SERVICE=WMS&FORMAT=image%2Fpng&SRS=EPSG%3A4686&REQUEST=GetMap&TRANSPARENT=TRUE&VERSION=1%2E1%2E1 HTTP/1.1" 200 4277
181.50.62.66 - - [24/Jan/2015:18:30:48 -0500] "GET /forest/session.jsp?a=0.5247950691264123 HTTP/1.1" 200 5
181.50.62.66 - - [24/Jan/2015:18:30:48 -0500] "GET /forest/login.jsp?a=0.022708821576088667 HTTP/1.1" 200 2996
181.133.14.171 - - [24/Jan/2015:18:30:57 -0500] "GET /crossdomain.xml HTTP/1.1" 404 1280
181.133.14.171 - - [24/Jan/2015:18:30:58 -0500] "GET /arcgis/services/Calidad_del_Agua_WQI/MapServer/WMSServer?STYLES=&WIDTH=1024&LAYERS=3%2C4%2C5%2C6%2C7&BBOX=%2D74%2E0735393116421%2C4%2E585234977609845%2C%2D74%2E0723210276071%2C4%2E586028527855289&HEIGHT=667&SERVICE=WMS&FORMAT=image%2Fpng&SRS=EPSG%3A4686&REQUEST=GetMap&TRANSPARENT=TRUE&VERSION=1%2E1%2E1 HTTP/1.1" 200 4277
181.133.14.171 - - [24/Jan/2015:18:31:00 -0500] "GET /arcgis/services/Calidad_del_Agua_WQI/MapServer/WMSServer?STYLES=&WIDTH=1024&LAYERS=3%2C4%2C5%2C6%2C7&BBOX=%2D74%2E07337026796608%2C4%2E585154602391986%2C%2D74%2E0721519839311%2C4%2E58594815263743&HEIGHT=667&SERVICE=WMS&FORMAT=image%2Fpng&SRS=EPSG%3A4686&REQUEST=GetMap&TRANSPARENT=TRUE&VERSION=1%2E1%2E1 HTTP/1.1" 200 4277
190.9.202.163 - - [24/Jan/2015:18:31:07 -0500] "GET /BLA/resoluciones/RESOLUCIONES%202013/0703.pdf HTTP/1.1" 200 306540
190.9.202.163 - - [24/Jan/2015:18:31:07 -0500] "GET /BLA/resoluciones/RESOLUCIONES%202013/0703.pdf HTTP/1.1" 206 32768
190.9.202.163 - - [24/Jan/2015:18:31:07 -0500] "GET /BLA/resoluciones/RESOLUCIONES%202013/0703.pdf HTTP/1.1" 206 273772
190.9.202.163 - - [24/Jan/2015:18:31:08 -0500] "GET /favicon.ico HTTP/1.1" 200 7782
181.133.14.171 - - [24/Jan/2015:18:31:15 -0500] "GET /crossdomain.xml HTTP/1.1" 404 1280
181.133.14.171 - - [24/Jan/2015:18:31:15 -0500] "GET /arcgis/services/Calidad_del_Agua_WQI/MapServer/WMSServer?STYLES=&WIDTH=1024&LAYERS=3%2C4%2C5%2C6%2C7&BBOX=%2D74%2E07397603140849%2C4%2E585484660467845%2C%2D74%2E0727577473735%2C4%2E586278210713289&HEIGHT=667&SERVICE=WMS&FORMAT=image%2Fpng&SRS=EPSG%3A4686&REQUEST=GetMap&TRANSPARENT=TRUE&VERSION=1%2E1%2E1 HTTP/1.1" 200 4277
66.249.88.211 - - [24/Jan/2015:18:31:51 -0500] "GET /BLA/resoluciones/AUTOS%202014/5688.pdf HTTP/1.1" 200 138983
186.112.191.90 - - [24/Jan/2015:18:31:52 -0500] "GET /BLA/resoluciones/AUTOS%202014/5688.pdf HTTP/1.1" 200 138983
181.133.14.171 - - [24/Jan/2015:18:32:05 -0500] "GET /crossdomain.xml HTTP/1.1" 404 1280
181.133.14.171 - - [24/Jan/2015:18:32:05 -0500] "GET /arcgis/services/Calidad_del_Agua_WQI/MapServer/WMSServer?STYLES=&WIDTH=1024&LAYERS=3%2C4%2C5%2C6%2C7&BBOX=%2D74%2E07396161217265%2C4%2E585917912909922%2C%2D74%2E07274332813766%2C4%2E586711463155366&HEIGHT=667&SERVICE=WMS&FORMAT=image%2Fpng&SRS=EPSG%3A4686&REQUEST=GetMap&TRANSPARENT=TRUE&VERSION=1%2E1%2E1 HTTP/1.1" 200 4277
181.50.241.109 - - [24/Jan/2015:18:32:12 -0500] "POST /forms/lservlet;jsessionid=ac16012b30d5f4158fd8302e4190874cba71654cc2bf.e3iSbxaKaheRe38RbNmLa3mSc41ynknvrkLOlQzNp65In0 HTTP/1.1" 200 2
181.133.14.171 - - [24/Jan/2015:18:32:14 -0500] "GET /arcgis/services/Calidad_del_Agua_WQI/MapServer/WMSServer?STYLES=&WIDTH=1024&LAYERS=3%2C4%2C5%2C6%2C7&BBOX=%2D74%2E07438770014163%2C4%2E585988990400472%2C%2D74%2E07316941610664%2C4%2E586782540645916&HEIGHT=667&SERVICE=WMS&FORMAT=image%2Fpng&SRS=EPSG%3A4686&REQUEST=GetMap&TRANSPARENT=TRUE&VERSION=1%2E1%2E1 HTTP/1.1" 200 4277
181.133.14.171 - - [24/Jan/2015:18:32:22 -0500] "GET /crossdomain.xml HTTP/1.1" 404 1280
181.133.14.171 - - [24/Jan/2015:18:32:23 -0500] "GET /arcgis/services/Calidad_del_Agua_WQI/MapServer/WMSServer?STYLES=&WIDTH=1024&LAYERS=3%2C4%2C5%2C6%2C7&BBOX=%2D74%2E0745341665211%2C4%2E5860963961877435%2C%2D74%2E07331588248611%2C4%2E586889946433187&HEIGHT=667&SERVICE=WMS&FORMAT=image%2Fpng&SRS=EPSG%3A4686&REQUEST=GetMap&TRANSPARENT=TRUE&VERSION=1%2E1%2E1 HTTP/1.1" 200 4277
66.249.67.111 - - [24/Jan/2015:18:32:28 -0500] "GET /MANUALFUNC/Administrativa%20y%20Financiera/407-27%20Auxiliar%20Administrativo%20-%20SAF%20_Archivo_.pdf HTTP/1.1" 404 1019
181.133.14.171 - - [24/Jan/2015:18:32:41 -0500] "GET /crossdomain.xml HTTP/1.1" 404 1280
181.207.70.139 - - [24/Jan/2015:18:32:42 -0500] "POST /forms/lservlet;jsessionid=ac16012b30d5b109e4c604f54ab89b26acbac432704f.e3iSbxaKaheRe38RbNmLa3mSc41ynknvrkLOlQzNp65In0 HTTP/1.1" 200 2
181.133.14.171 - - [24/Jan/2015:18:32:42 -0500] "GET /arcgis/services/Calidad_del_Agua_WQI/MapServer/WMSServer?STYLES=&WIDTH=1024&LAYERS=3%2C4%2C5%2C6%2C7&BBOX=%2D74%2E07472351542171%2C4%2E585976978821875%2C%2D74%2E07350523138672%2C4%2E586770529067318&HEIGHT=667&SERVICE=WMS&FORMAT=image%2Fpng&SRS=EPSG%3A4686&REQUEST=GetMap&TRANSPARENT=TRUE&VERSION=1%2E1%2E1 HTTP/1.1" 200 4277
181.133.14.171 - - [24/Jan/2015:18:32:47 -0500] "GET /arcgis/services/Calidad_del_Agua_WQI/MapServer/WMSServer?STYLES=&WIDTH=1024&LAYERS=3%2C4%2C5%2C6%2C7&BBOX=%2D74%2E07548110546705%2C4%2E58660768193313%2C%2D74%2E07426282143206%2C4%2E587401232178574&HEIGHT=667&SERVICE=WMS&FORMAT=image%2Fpng&SRS=EPSG%3A4686&REQUEST=GetMap&TRANSPARENT=TRUE&VERSION=1%2E1%2E1 HTTP/1.1" 200 4277
181.133.14.171 - - [24/Jan/2015:18:32:54 -0500] "GET /crossdomain.xml HTTP/1.1" 404 1280
181.133.14.171 - - [24/Jan/2015:18:32:55 -0500] "GET /arcgis/services/Calidad_del_Agua_WQI/MapServer/WMSServer?STYLES=&WIDTH=1024&LAYERS=3%2C4%2C5%2C6%2C7&BBOX=%2D74%2E07614150467765%2C4%2E586910465488356%2C%2D74%2E07492322064266%2C4%2E5877040157338&HEIGHT=667&SERVICE=WMS&FORMAT=image%2Fpng&SRS=EPSG%3A4686&REQUEST=GetMap&TRANSPARENT=TRUE&VERSION=1%2E1%2E1 HTTP/1.1" 200 4277
181.133.14.171 - - [24/Jan/2015:18:33:00 -0500] "GET /arcgis/services/Calidad_del_Agua_WQI/MapServer/WMSServer?STYLES=&WIDTH=1024&LAYERS=3%2C4%2C5%2C6%2C7&BBOX=%2D74%2E07624076437756%2C4%2E586552257422587%2C%2D74%2E07502248034257%2C4%2E587345807668031&HEIGHT=667&SERVICE=WMS&FORMAT=image%2Fpng&SRS=EPSG%3A4686&REQUEST=GetMap&TRANSPARENT=TRUE&VERSION=1%2E1%2E1 HTTP/1.1" 200 4277
181.133.14.171 - - [24/Jan/2015:18:33:09 -0500] "GET /crossdomain.xml HTTP/1.1" 404 1280
181.133.14.171 - - [24/Jan/2015:18:33:09 -0500] "GET /arcgis/services/Calidad_del_Agua_WQI/MapServer/WMSServer?STYLES=&WIDTH=1024&LAYERS=3%2C4%2C5%2C6%2C7&BBOX=%2D74%2E07677484232461%2C4%2E586923616540805%2C%2D74%2E07555655828962%2C4%2E587717166786248&HEIGHT=667&SERVICE=WMS&FORMAT=image%2Fpng&SRS=EPSG%3A4686&REQUEST=GetMap&TRANSPARENT=TRUE&VERSION=1%2E1%2E1 HTTP/1.1" 200 4277
181.133.14.171 - - [24/Jan/2015:18:33:13 -0500] "GET /arcgis/services/Calidad_del_Agua_WQI/MapServer/WMSServer?STYLES=&WIDTH=1024&LAYERS=3%2C4%2C5%2C6%2C7&BBOX=%2D74%2E077025979085%2C4%2E586920286547564%2C%2D74%2E07580769505%2C4%2E587713836793007&HEIGHT=667&SERVICE=WMS&FORMAT=image%2Fpng&SRS=EPSG%3A4686&REQUEST=GetMap&TRANSPARENT=TRUE&VERSION=1%2E1%2E1 HTTP/1.1" 200 4277
181.133.14.171 - - [24/Jan/2015:18:33:16 -0500] "GET /arcgis/services/Calidad_del_Agua_WQI/MapServer/WMSServer?STYLES=&WIDTH=1024&LAYERS=3%2C4%2C5%2C6%2C7&BBOX=%2D74%2E07707724891557%2C4%2E586922574921382%2C%2D74%2E07585896488058%2C4%2E587716125166826&HEIGHT=667&SERVICE=WMS&FORMAT=image%2Fpng&SRS=EPSG%3A4686&REQUEST=GetMap&TRANSPARENT=TRUE&VERSION=1%2E1%2E1 HTTP/1.1" 200 4277
181.133.14.171 - - [24/Jan/2015:18:33:22 -0500] "GET /crossdomain.xml HTTP/1.1" 404 1280
180.76.5.21 - - [24/Jan/2015:18:33:22 -0500] "GET /BLA/resoluciones/RESOLUCIONES%202007/RES%202007%201301%20AL%201400/RESOLUCION%201306%20DE%202007.pdf HTTP/1.1" 200 211137
181.133.14.171 - - [24/Jan/2015:18:33:22 -0500] "GET /arcgis/services/Calidad_del_Agua_WQI/MapServer/WMSServer?STYLES=&WIDTH=1024&LAYERS=3%2C4%2C5%2C6%2C7&BBOX=%2D74%2E07730084976079%2C4%2E5864846432611674%2C%2D74%2E0760825657258%2C4%2E587278193506611&HEIGHT=667&SERVICE=WMS&FORMAT=image%2Fpng&SRS=EPSG%3A4686&REQUEST=GetMap&TRANSPARENT=TRUE&VERSION=1%2E1%2E1 HTTP/1.1" 200 4277
66.249.67.119 - - [24/Jan/2015:18:33:25 -0500] "GET /phpold/demo3.php HTTP/1.1" 404 1019
181.133.14.171 - - [24/Jan/2015:18:33:26 -0500] "GET /arcgis/services/Calidad_del_Agua_WQI/MapServer/WMSServer?STYLES=&WIDTH=1024&LAYERS=3%2C4%2C5%2C6%2C7&BBOX=%2D74%2E07731733671586%2C4%2E586208538527413%2C%2D74%2E07609905268087%2C4%2E587002088772857&HEIGHT=667&SERVICE=WMS&FORMAT=image%2Fpng&SRS=EPSG%3A4686&REQUEST=GetMap&TRANSPARENT=TRUE&VERSION=1%2E1%2E1 HTTP/1.1" 200 4277
181.133.14.171 - - [24/Jan/2015:18:33:39 -0500] "GET /crossdomain.xml HTTP/1.1" 404 1280
181.133.14.171 - - [24/Jan/2015:18:33:39 -0500] "GET /arcgis/services/Calidad_del_Agua_WQI/MapServer/WMSServer?STYLES=&WIDTH=1024&LAYERS=3%2C4%2C5%2C6%2C7&BBOX=%2D74%2E07742977854785%2C4%2E585901436572002%2C%2D74%2E07621149451286%2C4%2E586694986817446&HEIGHT=667&SERVICE=WMS&FORMAT=image%2Fpng&SRS=EPSG%3A4686&REQUEST=GetMap&TRANSPARENT=TRUE&VERSION=1%2E1%2E1 HTTP/1.1" 200 4277
74.86.158.107 - - [24/Jan/2015:18:33:41 -0500] "GET / HTTP/1.1" 302 -
181.133.14.171 - - [24/Jan/2015:18:33:47 -0500] "GET /arcgis/services/Calidad_del_Agua_WQI/MapServer/WMSServer?STYLES=&WIDTH=1024&LAYERS=3%2C4%2C5%2C6%2C7&BBOX=%2D74%2E07740258356932%2C4%2E586256211819857%2C%2D74%2E07618429953433%2C4%2E587049762065301&HEIGHT=667&SERVICE=WMS&FORMAT=image%2Fpng&SRS=EPSG%3A4686&REQUEST=GetMap&TRANSPARENT=TRUE&VERSION=1%2E1%2E1 HTTP/1.1" 200 4277
188.165.15.177 - - [24/Jan/2015:18:33:52 -0500] "GET /BLA/resoluciones/RESOLUCIONES%202006/RES%202006%202701-2750/00002721.tif HTTP/1.1" 200 198560
181.133.14.171 - - [24/Jan/2015:18:33:52 -0500] "GET /crossdomain.xml HTTP/1.1" 404 1280
181.133.14.171 - - [24/Jan/2015:18:33:53 -0500] "GET /arcgis/services/Calidad_del_Agua_WQI/MapServer/WMSServer?STYLES=&WIDTH=1024&LAYERS=3%2C4%2C5%2C6%2C7&BBOX=%2D74%2E07740374509514%2C4%2E586328784122943%2C%2D74%2E07618546106015%2C4%2E587122334368387&HEIGHT=667&SERVICE=WMS&FORMAT=image%2Fpng&SRS=EPSG%3A4686&REQUEST=GetMap&TRANSPARENT=TRUE&VERSION=1%2E1%2E1 HTTP/1.1" 200 4277
188.165.15.5 - - [24/Jan/2015:18:33:55 -0500] "GET /BLA/resoluciones/RESOLUCIONES%202005/RES%202005%202201-2250/00002203.tif HTTP/1.1" 200 132316
181.133.14.171 - - [24/Jan/2015:18:33:58 -0500] "GET /arcgis/services/Calidad_del_Agua_WQI/MapServer/WMSServer?STYLES=&WIDTH=1024&LAYERS=3%2C4%2C5%2C6%2C7&BBOX=%2D74%2E07745596761967%2C4%2E585819454262202%2C%2D74%2E07623768358468%2C4%2E586613004507646&HEIGHT=667&SERVICE=WMS&FORMAT=image%2Fpng&SRS=EPSG%3A4686&REQUEST=GetMap&TRANSPARENT=TRUE&VERSION=1%2E1%2E1 HTTP/1.1" 200 4277
181.133.14.171 - - [24/Jan/2015:18:34:05 -0500] "GET /crossdomain.xml HTTP/1.1" 404 1280
181.133.14.171 - - [24/Jan/2015:18:34:05 -0500] "GET /arcgis/services/Calidad_del_Agua_WQI/MapServer/WMSServer?STYLES=&WIDTH=1024&LAYERS=3%2C4%2C5%2C6%2C7&BBOX=%2D74%2E07741638157505%2C4%2E585762278375772%2C%2D74%2E07619809754006%2C4%2E586555828621216&HEIGHT=667&SERVICE=WMS&FORMAT=image%2Fpng&SRS=EPSG%3A4686&REQUEST=GetMap&TRANSPARENT=TRUE&VERSION=1%2E1%2E1 HTTP/1.1" 200 4277
180.76.6.45 - - [24/Jan/2015:18:34:08 -0500] "GET /BLA/resoluciones/index.php?dir=RESOLUCIONES+2002%2FRES+2002+1301-1350%2F HTTP/1.1" 200 12142
181.50.241.109 - - [24/Jan/2015:18:34:12 -0500] "POST /forms/lservlet;jsessionid=ac16012b30d5f4158fd8302e4190874cba71654cc2bf.e3iSbxaKaheRe38RbNmLa3mSc41ynknvrkLOlQzNp65In0 HTTP/1.1" 200 2
181.133.14.171 - - [24/Jan/2015:18:34:13 -0500] "GET /arcgis/services/Calidad_del_Agua_WQI/MapServer/WMSServer?STYLES=&WIDTH=1024&LAYERS=3%2C4%2C5%2C6%2C7&BBOX=%2D74%2E07771206171735%2C4%2E586045567089029%2C%2D74%2E07649377768236%2C4%2E586839117334473&HEIGHT=667&SERVICE=WMS&FORMAT=image%2Fpng&SRS=EPSG%3A4686&REQUEST=GetMap&TRANSPARENT=TRUE&VERSION=1%2E1%2E1 HTTP/1.1" 200 4277
181.133.14.171 - - [24/Jan/2015:18:34:18 -0500] "GET /crossdomain.xml HTTP/1.1" 404 1280
181.133.14.171 - - [24/Jan/2015:18:34:18 -0500] "GET /arcgis/services/Calidad_del_Agua_WQI/MapServer/WMSServer?STYLES=&WIDTH=1024&LAYERS=3%2C4%2C5%2C6%2C7&BBOX=%2D74%2E07758658705393%2C4%2E5857017260376525%2C%2D74%2E07636830301894%2C4%2E586495276283096&HEIGHT=667&SERVICE=WMS&FORMAT=image%2Fpng&SRS=EPSG%3A4686&REQUEST=GetMap&TRANSPARENT=TRUE&VERSION=1%2E1%2E1 HTTP/1.1" 200 4277
181.133.14.171 - - [24/Jan/2015:18:34:20 -0500] "GET /arcgis/services/Calidad_del_Agua_WQI/MapServer/WMSServer?STYLES=&WIDTH=1024&LAYERS=3%2C4%2C5%2C6%2C7&BBOX=%2D74%2E07751185090031%2C4%2E585386304663076%2C%2D74%2E07629356686532%2C4%2E5861798549085195&HEIGHT=667&SERVICE=WMS&FORMAT=image%2Fpng&SRS=EPSG%3A4686&REQUEST=GetMap&TRANSPARENT=TRUE&VERSION=1%2E1%2E1 HTTP/1.1" 200 4277
181.133.14.171 - - [24/Jan/2015:18:34:24 -0500] "GET /arcgis/services/Calidad_del_Agua_WQI/MapServer/WMSServer?STYLES=&WIDTH=1024&LAYERS=3%2C4%2C5%2C6%2C7&BBOX=%2D74%2E0775136515148%2C4%2E585393491570636%2C%2D74%2E07629536747982%2C4%2E586187041816079&HEIGHT=667&SERVICE=WMS&FORMAT=image%2Fpng&SRS=EPSG%3A4686&REQUEST=GetMap&TRANSPARENT=TRUE&VERSION=1%2E1%2E1 HTTP/1.1" 200 4277
181.133.14.171 - - [24/Jan/2015:18:34:45 -0500] "GET /crossdomain.xml HTTP/1.1" 404 1280
181.133.14.171 - - [24/Jan/2015:18:34:45 -0500] "GET /arcgis/services/Calidad_del_Agua_WQI/MapServer/WMSServer?STYLES=&WIDTH=1024&LAYERS=3%2C4%2C5%2C6%2C7&BBOX=%2D74%2E0776073278566%2C4%2E585047177207252%2C%2D74%2E0763890438216%2C4%2E5858407274526956&HEIGHT=667&SERVICE=WMS&FORMAT=image%2Fpng&SRS=EPSG%3A4686&REQUEST=GetMap&TRANSPARENT=TRUE&VERSION=1%2E1%2E1 HTTP/1.1" 200 4277
181.207.70.139 - - [24/Jan/2015:18:34:48 -0500] "POST /forms/lservlet;jsessionid=ac16012b30d5b109e4c604f54ab89b26acbac432704f.e3iSbxaKaheRe38RbNmLa3mSc41ynknvrkLOlQzNp65In0 HTTP/1.1" 200 2
181.133.14.171 - - [24/Jan/2015:18:34:49 -0500] "GET /arcgis/services/Calidad_del_Agua_WQI/MapServer/WMSServer?STYLES=&WIDTH=1024&LAYERS=3%2C4%2C5%2C6%2C7&BBOX=%2D74%2E07779531426755%2C4%2E585014418757972%2C%2D74%2E07657703023256%2C4%2E585807969003416&HEIGHT=667&SERVICE=WMS&FORMAT=image%2Fpng&SRS=EPSG%3A4686&REQUEST=GetMap&TRANSPARENT=TRUE&VERSION=1%2E1%2E1 HTTP/1.1" 200 4277
181.133.14.171 - - [24/Jan/2015:18:35:00 -0500] "GET /crossdomain.xml HTTP/1.1" 404 1280
181.133.14.171 - - [24/Jan/2015:18:35:00 -0500] "GET /arcgis/services/Calidad_del_Agua_WQI/MapServer/WMSServer?STYLES=&WIDTH=1024&LAYERS=3%2C4%2C5%2C6%2C7&BBOX=%2D74%2E07854132616578%2C4%2E585211431904551%2C%2D74%2E07732304213079%2C4%2E586004982149995&HEIGHT=667&SERVICE=WMS&FORMAT=image%2Fpng&SRS=EPSG%3A4686&REQUEST=GetMap&TRANSPARENT=TRUE&VERSION=1%2E1%2E1 HTTP/1.1" 200 4277
207.46.13.44 - - [24/Jan/2015:18:35:01 -0500] "GET / HTTP/1.1" 302 -
181.207.70.139 - - [24/Jan/2015:18:35:01 -0500] "POST /forms/lservlet;jsessionid=ac16012b30d5b109e4c604f54ab89b26acbac432704f.e3iSbxaKaheRe38RbNmLa3mSc41ynknvrkLOlQzNp65In0 HTTP/1.1" 200 90
181.207.70.139 - - [24/Jan/2015:18:35:02 -0500] "POST /forms/lservlet;jsessionid=ac16012b30d5b109e4c604f54ab89b26acbac432704f.e3iSbxaKaheRe38RbNmLa3mSc41ynknvrkLOlQzNp65In0 HTTP/1.1" 200 -
181.133.14.171 - - [24/Jan/2015:18:35:04 -0500] "GET /arcgis/services/Calidad_del_Agua_WQI/MapServer/WMSServer?STYLES=&WIDTH=1024&LAYERS=3%2C4%2C5%2C6%2C7&BBOX=%2D74%2E07880912646587%2C4%2E5853195019416795%2C%2D74%2E07759084243088%2C4%2E586113052187123&HEIGHT=667&SERVICE=WMS&FORMAT=image%2Fpng&SRS=EPSG%3A4686&REQUEST=GetMap&TRANSPARENT=TRUE&VERSION=1%2E1%2E1 HTTP/1.1" 200 4277
181.133.14.171 - - [24/Jan/2015:18:35:08 -0500] "GET /arcgis/services/Calidad_del_Agua_WQI/MapServer/WMSServer?STYLES=&WIDTH=1024&LAYERS=3%2C4%2C5%2C6%2C7&BBOX=%2D74%2E07870701485778%2C4%2E585827723087039%2C%2D74%2E0774887308228%2C4%2E586621273332483&HEIGHT=667&SERVICE=WMS&FORMAT=image%2Fpng&SRS=EPSG%3A4686&REQUEST=GetMap&TRANSPARENT=TRUE&VERSION=1%2E1%2E1 HTTP/1.1" 200 4277
181.133.14.171 - - [24/Jan/2015:18:35:11 -0500] "GET /crossdomain.xml HTTP/1.1" 404 1280
181.133.14.171 - - [24/Jan/2015:18:35:12 -0500] "GET /arcgis/services/Calidad_del_Agua_WQI/MapServer/WMSServer?STYLES=&WIDTH=1024&LAYERS=3%2C4%2C5%2C6%2C7&BBOX=%2D74%2E0785249214212%2C4%2E5864079325505145%2C%2D74%2E07730663738622%2C4%2E587201482795958&HEIGHT=667&SERVICE=WMS&FORMAT=image%2Fpng&SRS=EPSG%3A4686&REQUEST=GetMap&TRANSPARENT=TRUE&VERSION=1%2E1%2E1 HTTP/1.1" 200 4277
181.133.14.171 - - [24/Jan/2015:18:35:14 -0500] "GET /arcgis/services/Calidad_del_Agua_WQI/MapServer/WMSServer?STYLES=&WIDTH=1024&LAYERS=3%2C4%2C5%2C6%2C7&BBOX=%2D74%2E07850117244183%2C4%2E586949400595888%2C%2D74%2E07728288840684%2C4%2E587742950841331&HEIGHT=667&SERVICE=WMS&FORMAT=image%2Fpng&SRS=EPSG%3A4686&REQUEST=GetMap&TRANSPARENT=TRUE&VERSION=1%2E1%2E1 HTTP/1.1" 200 4277
181.133.14.171 - - [24/Jan/2015:18:35:18 -0500] "GET /arcgis/services/Calidad_del_Agua_WQI/MapServer/WMSServer?STYLES=&WIDTH=1024&LAYERS=3%2C4%2C5%2C6%2C7&BBOX=%2D74%2E07848929246822%2C4%2E587141044793909%2C%2D74%2E07727100843323%2C4%2E587934595039353&HEIGHT=667&SERVICE=WMS&FORMAT=image%2Fpng&SRS=EPSG%3A4686&REQUEST=GetMap&TRANSPARENT=TRUE&VERSION=1%2E1%2E1 HTTP/1.1" 200 4277
181.133.14.171 - - [24/Jan/2015:18:35:28 -0500] "GET /crossdomain.xml HTTP/1.1" 404 1280
181.133.14.171 - - [24/Jan/2015:18:35:28 -0500] "GET /arcgis/services/Calidad_del_Agua_WQI/MapServer/WMSServer?STYLES=&WIDTH=1024&LAYERS=3%2C4%2C5%2C6%2C7&BBOX=%2D74%2E0784833527362%2C4%2E5873017270248795%2C%2D74%2E07726506870121%2C4%2E588095277270323&HEIGHT=667&SERVICE=WMS&FORMAT=image%2Fpng&SRS=EPSG%3A4686&REQUEST=GetMap&TRANSPARENT=TRUE&VERSION=1%2E1%2E1 HTTP/1.1" 200 4277
181.133.14.171 - - [24/Jan/2015:18:35:32 -0500] "GET /arcgis/services/Calidad_del_Agua_WQI/MapServer/WMSServer?STYLES=&WIDTH=1024&LAYERS=3%2C4%2C5%2C6%2C7&BBOX=%2D74%2E07838003768275%2C4%2E587750326000718%2C%2D74%2E07716175364776%2C4%2E5885438762461614&HEIGHT=667&SERVICE=WMS&FORMAT=image%2Fpng&SRS=EPSG%3A4686&REQUEST=GetMap&TRANSPARENT=TRUE&VERSION=1%2E1%2E1 HTTP/1.1" 200 4277
181.133.14.171 - - [24/Jan/2015:18:35:38 -0500] "GET /arcgis/services/Calidad_del_Agua_WQI/MapServer/WMSServer?STYLES=&WIDTH=1024&LAYERS=3%2C4%2C5%2C6%2C7&BBOX=%2D74%2E07814767501556%2C4%2E588182322059624%2C%2D74%2E07692939098057%2C4%2E588975872305068&HEIGHT=667&SERVICE=WMS&FORMAT=image%2Fpng&SRS=EPSG%3A4686&REQUEST=GetMap&TRANSPARENT=TRUE&VERSION=1%2E1%2E1 HTTP/1.1" 200 4277
180.76.5.176 - - [24/Jan/2015:18:35:40 -0500] "GET /BLA/resoluciones/RESOLUCIONES%202011/3332.pdf HTTP/1.1" 200 698152
181.133.14.171 - - [24/Jan/2015:18:35:43 -0500] "GET /crossdomain.xml HTTP/1.1" 404 1280
181.133.14.171 - - [24/Jan/2015:18:35:43 -0500] "GET /arcgis/services/Calidad_del_Agua_WQI/MapServer/WMSServer?STYLES=&WIDTH=1024&LAYERS=3%2C4%2C5%2C6%2C7&BBOX=%2D74%2E077859554518%2C4%2E588614164743916%2C%2D74%2E07664127048301%2C4%2E58940771498936&HEIGHT=667&SERVICE=WMS&FORMAT=image%2Fpng&SRS=EPSG%3A4686&REQUEST=GetMap&TRANSPARENT=TRUE&VERSION=1%2E1%2E1 HTTP/1.1" 200 4277
181.133.14.171 - - [24/Jan/2015:18:35:45 -0500] "GET /arcgis/services/Calidad_del_Agua_WQI/MapServer/WMSServer?STYLES=&WIDTH=1024&LAYERS=3%2C4%2C5%2C6%2C7&BBOX=%2D74%2E07783735073745%2C4%2E588704674376643%2C%2D74%2E07661906670246%2C4%2E589498224622087&HEIGHT=667&SERVICE=WMS&FORMAT=image%2Fpng&SRS=EPSG%3A4686&REQUEST=GetMap&TRANSPARENT=TRUE&VERSION=1%2E1%2E1 HTTP/1.1" 200 4277
181.133.14.171 - - [24/Jan/2015:18:35:50 -0500] "GET /arcgis/services/Calidad_del_Agua_WQI/MapServer/WMSServer?STYLES=&WIDTH=1024&LAYERS=3%2C4%2C5%2C6%2C7&BBOX=%2D74%2E07773781297128%2C4%2E5891103927719135%2C%2D74%2E07651952893629%2C4%2E589903943017357&HEIGHT=667&SERVICE=WMS&FORMAT=image%2Fpng&SRS=EPSG%3A4686&REQUEST=GetMap&TRANSPARENT=TRUE&VERSION=1%2E1%2E1 HTTP/1.1" 200 4277
181.133.14.171 - - [24/Jan/2015:18:35:54 -0500] "GET /crossdomain.xml HTTP/1.1" 404 1280
181.133.14.171 - - [24/Jan/2015:18:35:55 -0500] "GET /arcgis/services/Calidad_del_Agua_WQI/MapServer/WMSServer?STYLES=&WIDTH=1024&LAYERS=3%2C4%2C5%2C6%2C7&BBOX=%2D74%2E07751715220729%2C4%2E589607934841794%2C%2D74%2E0762988681723%2C4%2E590401485087238&HEIGHT=667&SERVICE=WMS&FORMAT=image%2Fpng&SRS=EPSG%3A4686&REQUEST=GetMap&TRANSPARENT=TRUE&VERSION=1%2E1%2E1 HTTP/1.1" 200 4277
181.133.14.171 - - [24/Jan/2015:18:36:04 -0500] "GET /arcgis/services/Calidad_del_Agua_WQI/MapServer/WMSServer?STYLES=&WIDTH=1024&LAYERS=3%2C4%2C5%2C6%2C7&BBOX=%2D74%2E07727915852323%2C4%2E589579554800512%2C%2D74%2E07606087448823%2C4%2E5903731050459555&HEIGHT=667&SERVICE=WMS&FORMAT=image%2Fpng&SRS=EPSG%3A4686&REQUEST=GetMap&TRANSPARENT=TRUE&VERSION=1%2E1%2E1 HTTP/1.1" 200 4277
181.133.14.171 - - [24/Jan/2015:18:36:09 -0500] "GET /crossdomain.xml HTTP/1.1" 404 1280
181.133.14.171 - - [24/Jan/2015:18:36:09 -0500] "GET /arcgis/services/Calidad_del_Agua_WQI/MapServer/WMSServer?STYLES=&WIDTH=1024&LAYERS=3%2C4%2C5%2C6%2C7&BBOX=%2D74%2E07696198242174%2C4%2E58938834378774%2C%2D74%2E07574369838674%2C4%2E590181894033184&HEIGHT=667&SERVICE=WMS&FORMAT=image%2Fpng&SRS=EPSG%3A4686&REQUEST=GetMap&TRANSPARENT=TRUE&VERSION=1%2E1%2E1 HTTP/1.1" 200 4277
181.50.241.109 - - [24/Jan/2015:18:36:12 -0500] "POST /forms/lservlet;jsessionid=ac16012b30d5f4158fd8302e4190874cba71654cc2bf.e3iSbxaKaheRe38RbNmLa3mSc41ynknvrkLOlQzNp65In0 HTTP/1.1" 200 2
181.133.14.171 - - [24/Jan/2015:18:36:17 -0500] "GET /arcgis/services/Calidad_del_Agua_WQI/MapServer/WMSServer?STYLES=&WIDTH=1024&LAYERS=3%2C4%2C5%2C6%2C7&BBOX=%2D74%2E07678937613571%2C4%2E589342587140753%2C%2D74%2E07557109210072%2C4%2E590136137386197&HEIGHT=667&SERVICE=WMS&FORMAT=image%2Fpng&SRS=EPSG%3A4686&REQUEST=GetMap&TRANSPARENT=TRUE&VERSION=1%2E1%2E1 HTTP/1.1" 200 4277
66.249.67.67 - - [24/Jan/2015:18:36:31 -0500] "GET /BLA/resoluciones/RESOLUCIONES%202003/RES%202003%20501-550/532.tif HTTP/1.1" 200 153620
181.133.14.171 - - [24/Jan/2015:18:37:06 -0500] "GET /crossdomain.xml HTTP/1.1" 404 1280
181.133.14.171 - - [24/Jan/2015:18:37:06 -0500] "GET /arcgis/services/Calidad_del_Agua_WQI/MapServer/WMSServer?STYLES=&WIDTH=1024&LAYERS=3%2C4%2C5%2C6%2C7&BBOX=%2D74%2E07684162363869%2C4%2E588709412929814%2C%2D74%2E0756233396037%2C4%2E589502963175257&HEIGHT=667&SERVICE=WMS&FORMAT=image%2Fpng&SRS=EPSG%3A4686&REQUEST=GetMap&TRANSPARENT=TRUE&VERSION=1%2E1%2E1 HTTP/1.1" 200 4277
66.249.67.67 - - [24/Jan/2015:18:37:07 -0500] "GET / HTTP/1.1" 302 -
181.133.14.171 - - [24/Jan/2015:18:37:10 -0500] "GET /arcgis/services/Calidad_del_Agua_WQI/MapServer/WMSServer?STYLES=&WIDTH=1024&LAYERS=3%2C4%2C5%2C6%2C7&BBOX=%2D74%2E07695286063992%2C4%2E588144239306042%2C%2D74%2E07573457660493%2C4%2E588937789551486&HEIGHT=667&SERVICE=WMS&FORMAT=image%2Fpng&SRS=EPSG%3A4686&REQUEST=GetMap&TRANSPARENT=TRUE&VERSION=1%2E1%2E1 HTTP/1.1" 200 4277
181.133.14.171 - - [24/Jan/2015:18:37:14 -0500] "GET /arcgis/services/Calidad_del_Agua_WQI/MapServer/WMSServer?STYLES=&WIDTH=1024&LAYERS=3%2C4%2C5%2C6%2C7&BBOX=%2D74%2E07739072216492%2C4%2E588234526387013%2C%2D74%2E07617243812993%2C4%2E589028076632457&HEIGHT=667&SERVICE=WMS&FORMAT=image%2Fpng&SRS=EPSG%3A4686&REQUEST=GetMap&TRANSPARENT=TRUE&VERSION=1%2E1%2E1 HTTP/1.1" 200 4277
181.133.14.171 - - [24/Jan/2015:18:37:17 -0500] "GET /crossdomain.xml HTTP/1.1" 404 1280
181.133.14.171 - - [24/Jan/2015:18:37:18 -0500] "GET /arcgis/services/Calidad_del_Agua_WQI/MapServer/WMSServer?STYLES=&WIDTH=1024&LAYERS=3%2C4%2C5%2C6%2C7&BBOX=%2D74%2E07753203453325%2C4%2E587760842617871%2C%2D74%2E07631375049826%2C4%2E588554392863315&HEIGHT=667&SERVICE=WMS&FORMAT=image%2Fpng&SRS=EPSG%3A4686&REQUEST=GetMap&TRANSPARENT=TRUE&VERSION=1%2E1%2E1 HTTP/1.1" 200 4277
181.133.14.171 - - [24/Jan/2015:18:37:21 -0500] "GET /arcgis/services/Calidad_del_Agua_WQI/MapServer/WMSServer?STYLES=&WIDTH=1024&LAYERS=3%2C4%2C5%2C6%2C7&BBOX=%2D74%2E07777386674901%2C4%2E58749183550788%2C%2D74%2E07655558271402%2C4%2E5882853857533235&HEIGHT=667&SERVICE=WMS&FORMAT=image%2Fpng&SRS=EPSG%3A4686&REQUEST=GetMap&TRANSPARENT=TRUE&VERSION=1%2E1%2E1 HTTP/1.1" 200 4277
181.133.14.171 - - [24/Jan/2015:18:37:30 -0500] "GET /crossdomain.xml HTTP/1.1" 404 1280
181.133.14.171 - - [24/Jan/2015:18:37:30 -0500] "GET /arcgis/services/Calidad_del_Agua_WQI/MapServer/WMSServer?STYLES=&WIDTH=1024&LAYERS=3%2C4%2C5%2C6%2C7&BBOX=%2D74%2E07785704591969%2C4%2E58681599570968%2C%2D74%2E0766387618847%2C4%2E587609545955123&HEIGHT=667&SERVICE=WMS&FORMAT=image%2Fpng&SRS=EPSG%3A4686&REQUEST=GetMap&TRANSPARENT=TRUE&VERSION=1%2E1%2E1 HTTP/1.1" 200 4277
181.133.14.171 - - [24/Jan/2015:18:37:34 -0500] "GET /arcgis/services/Calidad_del_Agua_WQI/MapServer/WMSServer?STYLES=&WIDTH=1024&LAYERS=3%2C4%2C5%2C6%2C7&BBOX=%2D74%2E07838309519964%2C4%2E586989655345352%2C%2D74%2E07716481116465%2C4%2E587783205590796&HEIGHT=667&SERVICE=WMS&FORMAT=image%2Fpng&SRS=EPSG%3A4686&REQUEST=GetMap&TRANSPARENT=TRUE&VERSION=1%2E1%2E1 HTTP/1.1" 200 4277
181.133.14.171 - - [24/Jan/2015:18:37:38 -0500] "GET /arcgis/services/Calidad_del_Agua_WQI/MapServer/WMSServer?STYLES=&WIDTH=1024&LAYERS=3%2C4%2C5%2C6%2C7&BBOX=%2D74%2E0784885411948%2C4%2E587231344227783%2C%2D74%2E07727025715981%2C4%2E588024894473227&HEIGHT=667&SERVICE=WMS&FORMAT=image%2Fpng&SRS=EPSG%3A4686&REQUEST=GetMap&TRANSPARENT=TRUE&VERSION=1%2E1%2E1 HTTP/1.1" 200 4277
181.133.14.171 - - [24/Jan/2015:18:37:40 -0500] "GET /crossdomain.xml HTTP/1.1" 404 1280
181.133.14.171 - - [24/Jan/2015:18:37:41 -0500] "GET /arcgis/services/Calidad_del_Agua_WQI/MapServer/WMSServer?STYLES=&WIDTH=1024&LAYERS=3%2C4%2C5%2C6%2C7&BBOX=%2D74%2E07838472479267%2C4%2E587453855499599%2C%2D74%2E07716644075768%2C4%2E588247405745043&HEIGHT=667&SERVICE=WMS&FORMAT=image%2Fpng&SRS=EPSG%3A4686&REQUEST=GetMap&TRANSPARENT=TRUE&VERSION=1%2E1%2E1 HTTP/1.1" 200 4277
181.133.14.171 - - [24/Jan/2015:18:37:47 -0500] "GET /arcgis/services/Calidad_del_Agua_WQI/MapServer/WMSServer?STYLES=&WIDTH=1024&LAYERS=3%2C4%2C5%2C6%2C7&BBOX=%2D74%2E0781379697741%2C4%2E587293054599469%2C%2D74%2E07691968573911%2C4%2E5880866048449125&HEIGHT=667&SERVICE=WMS&FORMAT=image%2Fpng&SRS=EPSG%3A4686&REQUEST=GetMap&TRANSPARENT=TRUE&VERSION=1%2E1%2E1 HTTP/1.1" 200 4277
181.133.14.171 - - [24/Jan/2015:18:37:50 -0500] "GET /arcgis/services/Calidad_del_Agua_WQI/MapServer/WMSServer?STYLES=&WIDTH=1024&LAYERS=3%2C4%2C5%2C6%2C7&BBOX=%2D74%2E07807163899716%2C4%2E586896813930696%2C%2D74%2E07685335496217%2C4%2E587690364176139&HEIGHT=667&SERVICE=WMS&FORMAT=image%2Fpng&SRS=EPSG%3A4686&REQUEST=GetMap&TRANSPARENT=TRUE&VERSION=1%2E1%2E1 HTTP/1.1" 200 4277
181.133.14.171 - - [24/Jan/2015:18:37:58 -0500] "GET /crossdomain.xml HTTP/1.1" 404 1280
181.133.14.171 - - [24/Jan/2015:18:37:59 -0500] "GET /arcgis/services/Calidad_del_Agua_WQI/MapServer/WMSServer?STYLES=&WIDTH=1024&LAYERS=3%2C4%2C5%2C6%2C7&BBOX=%2D74%2E07801941912844%2C4%2E586242238688847%2C%2D74%2E07680113509345%2C4%2E5870357889342905&HEIGHT=667&SERVICE=WMS&FORMAT=image%2Fpng&SRS=EPSG%3A4686&REQUEST=GetMap&TRANSPARENT=TRUE&VERSION=1%2E1%2E1 HTTP/1.1" 200 4277
181.133.14.171 - - [24/Jan/2015:18:38:03 -0500] "GET /arcgis/services/Calidad_del_Agua_WQI/MapServer/WMSServer?STYLES=&WIDTH=1024&LAYERS=3%2C4%2C5%2C6%2C7&BBOX=%2D74%2E0779585159817%2C4%2E5862555517503285%2C%2D74%2E07674023194672%2C4%2E587049101995772&HEIGHT=667&SERVICE=WMS&FORMAT=image%2Fpng&SRS=EPSG%3A4686&REQUEST=GetMap&TRANSPARENT=TRUE&VERSION=1%2E1%2E1 HTTP/1.1" 200 4277
181.133.14.171 - - [24/Jan/2015:18:38:05 -0500] "GET /arcgis/services/Calidad_del_Agua_WQI/MapServer/WMSServer?STYLES=&WIDTH=1024&LAYERS=3%2C4%2C5%2C6%2C7&BBOX=%2D74%2E0778224203356%2C4%2E5860520372954%2C%2D74%2E0766041363006%2C4%2E586845587540844&HEIGHT=667&SERVICE=WMS&FORMAT=image%2Fpng&SRS=EPSG%3A4686&REQUEST=GetMap&TRANSPARENT=TRUE&VERSION=1%2E1%2E1 HTTP/1.1" 200 4277
181.133.14.171 - - [24/Jan/2015:18:38:08 -0500] "GET /arcgis/services/Calidad_del_Agua_WQI/MapServer/WMSServer?STYLES=&WIDTH=1024&LAYERS=3%2C4%2C5%2C6%2C7&BBOX=%2D74%2E07772067893606%2C4%2E585880546417846%2C%2D74%2E07650239490107%2C4%2E586674096663289&HEIGHT=667&SERVICE=WMS&FORMAT=image%2Fpng&SRS=EPSG%3A4686&REQUEST=GetMap&TRANSPARENT=TRUE&VERSION=1%2E1%2E1 HTTP/1.1" 200 4277
181.50.241.109 - - [24/Jan/2015:18:38:12 -0500] "POST /forms/lservlet;jsessionid=ac16012b30d5f4158fd8302e4190874cba71654cc2bf.e3iSbxaKaheRe38RbNmLa3mSc41ynknvrkLOlQzNp65In0 HTTP/1.1" 200 2
181.133.14.171 - - [24/Jan/2015:18:38:18 -0500] "GET /crossdomain.xml HTTP/1.1" 404 1280
181.133.14.171 - - [24/Jan/2015:18:38:19 -0500] "GET /arcgis/services/Calidad_del_Agua_WQI/MapServer/WMSServer?STYLES=&WIDTH=1024&LAYERS=3%2C4%2C5%2C6%2C7&BBOX=%2D74%2E07767323539514%2C4%2E586113738884402%2C%2D74%2E07645495136015%2C4%2E5869072891298455&HEIGHT=667&SERVICE=WMS&FORMAT=image%2Fpng&SRS=EPSG%3A4686&REQUEST=GetMap&TRANSPARENT=TRUE&VERSION=1%2E1%2E1 HTTP/1.1" 200 4277
181.133.14.171 - - [24/Jan/2015:18:38:21 -0500] "GET /arcgis/services/Calidad_del_Agua_WQI/MapServer/WMSServer?STYLES=&WIDTH=1024&LAYERS=3%2C4%2C5%2C6%2C7&BBOX=%2D74%2E07764023019422%2C4%2E586237540021911%2C%2D74%2E07642194615923%2C4%2E587031090267355&HEIGHT=667&SERVICE=WMS&FORMAT=image%2Fpng&SRS=EPSG%3A4686&REQUEST=GetMap&TRANSPARENT=TRUE&VERSION=1%2E1%2E1 HTTP/1.1" 200 4277
181.133.14.171 - - [24/Jan/2015:18:38:24 -0500] "GET /arcgis/services/Calidad_del_Agua_WQI/MapServer/WMSServer?STYLES=&WIDTH=1024&LAYERS=3%2C4%2C5%2C6%2C7&BBOX=%2D74%2E07759407650713%2C4%2E5864517294825315%2C%2D74%2E07637579247213%2C4%2E587245279727975&HEIGHT=667&SERVICE=WMS&FORMAT=image%2Fpng&SRS=EPSG%3A4686&REQUEST=GetMap&TRANSPARENT=TRUE&VERSION=1%2E1%2E1 HTTP/1.1" 200 4277
181.133.14.171 - - [24/Jan/2015:18:38:26 -0500] "GET /arcgis/services/Calidad_del_Agua_WQI/MapServer/WMSServer?STYLES=&WIDTH=1024&LAYERS=3%2C4%2C5%2C6%2C7&BBOX=%2D74%2E07750872963922%2C4%2E586739766958951%2C%2D74%2E07629044560423%2C4%2E587533317204395&HEIGHT=667&SERVICE=WMS&FORMAT=image%2Fpng&SRS=EPSG%3A4686&REQUEST=GetMap&TRANSPARENT=TRUE&VERSION=1%2E1%2E1 HTTP/1.1" 200 4277
181.133.14.171 - - [24/Jan/2015:18:38:29 -0500] "GET /arcgis/services/Calidad_del_Agua_WQI/MapServer/WMSServer?STYLES=&WIDTH=1024&LAYERS=3%2C4%2C5%2C6%2C7&BBOX=%2D74%2E07743682545149%2C4%2E586842318833251%2C%2D74%2E0762185414165%2C4%2E587635869078695&HEIGHT=667&SERVICE=WMS&FORMAT=image%2Fpng&SRS=EPSG%3A4686&REQUEST=GetMap&TRANSPARENT=TRUE&VERSION=1%2E1%2E1 HTTP/1.1" 200 4277
181.133.14.171 - - [24/Jan/2015:18:38:31 -0500] "GET /crossdomain.xml HTTP/1.1" 404 1280
181.133.14.171 - - [24/Jan/2015:18:38:31 -0500] "GET /arcgis/services/Calidad_del_Agua_WQI/MapServer/WMSServer?STYLES=&WIDTH=1024&LAYERS=3%2C4%2C5%2C6%2C7&BBOX=%2D74%2E07728801498509%2C4%2E586857671207188%2C%2D74%2E0760697309501%2C4%2E5876512214526315&HEIGHT=667&SERVICE=WMS&FORMAT=image%2Fpng&SRS=EPSG%3A4686&REQUEST=GetMap&TRANSPARENT=TRUE&VERSION=1%2E1%2E1 HTTP/1.1" 200 4277
181.133.14.171 - - [24/Jan/2015:18:38:33 -0500] "GET /arcgis/services/Calidad_del_Agua_WQI/MapServer/WMSServer?STYLES=&WIDTH=1024&LAYERS=3%2C4%2C5%2C6%2C7&BBOX=%2D74%2E07715816646598%2C4%2E586911946621461%2C%2D74%2E07593988243099%2C4%2E587705496866905&HEIGHT=667&SERVICE=WMS&FORMAT=image%2Fpng&SRS=EPSG%3A4686&REQUEST=GetMap&TRANSPARENT=TRUE&VERSION=1%2E1%2E1 HTTP/1.1" 200 4277
181.133.14.171 - - [24/Jan/2015:18:38:36 -0500] "GET /arcgis/services/Calidad_del_Agua_WQI/MapServer/WMSServer?STYLES=&WIDTH=1024&LAYERS=3%2C4%2C5%2C6%2C7&BBOX=%2D74%2E07701881853804%2C4%2E58690249900673%2C%2D74%2E07580053450305%2C4%2E587696049252174&HEIGHT=667&SERVICE=WMS&FORMAT=image%2Fpng&SRS=EPSG%3A4686&REQUEST=GetMap&TRANSPARENT=TRUE&VERSION=1%2E1%2E1 HTTP/1.1" 200 4277
181.133.14.171 - - [24/Jan/2015:18:38:38 -0500] "GET /arcgis/services/Calidad_del_Agua_WQI/MapServer/WMSServer?STYLES=&WIDTH=1024&LAYERS=3%2C4%2C5%2C6%2C7&BBOX=%2D74%2E07686648081909%2C4%2E586885917503658%2C%2D74%2E0756481967841%2C4%2E587679467749101&HEIGHT=667&SERVICE=WMS&FORMAT=image%2Fpng&SRS=EPSG%3A4686&REQUEST=GetMap&TRANSPARENT=TRUE&VERSION=1%2E1%2E1 HTTP/1.1" 200 4277
74.86.158.107 - - [24/Jan/2015:18:38:41 -0500] "GET / HTTP/1.1" 302 -
181.133.14.171 - - [24/Jan/2015:18:38:41 -0500] "GET /arcgis/services/Calidad_del_Agua_WQI/MapServer/WMSServer?STYLES=&WIDTH=1024&LAYERS=3%2C4%2C5%2C6%2C7&BBOX=%2D74%2E07658548805948%2C4%2E586794592009369%2C%2D74%2E07536720402449%2C4%2E587588142254813&HEIGHT=667&SERVICE=WMS&FORMAT=image%2Fpng&SRS=EPSG%3A4686&REQUEST=GetMap&TRANSPARENT=TRUE&VERSION=1%2E1%2E1 HTTP/1.1" 200 4277
181.133.14.171 - - [24/Jan/2015:18:38:43 -0500] "GET /crossdomain.xml HTTP/1.1" 404 1280
181.133.14.171 - - [24/Jan/2015:18:38:43 -0500] "GET /arcgis/services/Calidad_del_Agua_WQI/MapServer/WMSServer?STYLES=&WIDTH=1024&LAYERS=3%2C4%2C5%2C6%2C7&BBOX=%2D74%2E07646511436896%2C4%2E586750925321892%2C%2D74%2E07524683033397%2C4%2E587544475567336&HEIGHT=667&SERVICE=WMS&FORMAT=image%2Fpng&SRS=EPSG%3A4686&REQUEST=GetMap&TRANSPARENT=TRUE&VERSION=1%2E1%2E1 HTTP/1.1" 200 4277
181.133.14.171 - - [24/Jan/2015:18:38:46 -0500] "GET /arcgis/services/Calidad_del_Agua_WQI/MapServer/WMSServer?STYLES=&WIDTH=1024&LAYERS=3%2C4%2C5%2C6%2C7&BBOX=%2D74%2E07637576011561%2C4%2E586756688410731%2C%2D74%2E07515747608062%2C4%2E587550238656175&HEIGHT=667&SERVICE=WMS&FORMAT=image%2Fpng&SRS=EPSG%3A4686&REQUEST=GetMap&TRANSPARENT=TRUE&VERSION=1%2E1%2E1 HTTP/1.1" 200 4277
181.133.14.171 - - [24/Jan/2015:18:38:48 -0500] "GET /arcgis/services/Calidad_del_Agua_WQI/MapServer/WMSServer?STYLES=&WIDTH=1024&LAYERS=3%2C4%2C5%2C6%2C7&BBOX=%2D74%2E07629599513248%2C4%2E586737856942168%2C%2D74%2E07507771109749%2C4%2E587531407187612&HEIGHT=667&SERVICE=WMS&FORMAT=image%2Fpng&SRS=EPSG%3A4686&REQUEST=GetMap&TRANSPARENT=TRUE&VERSION=1%2E1%2E1 HTTP/1.1" 200 4277
181.133.14.171 - - [24/Jan/2015:18:38:51 -0500] "GET /arcgis/services/Calidad_del_Agua_WQI/MapServer/WMSServer?STYLES=&WIDTH=1024&LAYERS=3%2C4%2C5%2C6%2C7&BBOX=%2D74%2E07617680280529%2C4%2E586735481870493%2C%2D74%2E0749585187703%2C4%2E5875290321159365&HEIGHT=667&SERVICE=WMS&FORMAT=image%2Fpng&SRS=EPSG%3A4686&REQUEST=GetMap&TRANSPARENT=TRUE&VERSION=1%2E1%2E1 HTTP/1.1" 200 4277
181.133.14.171 - - [24/Jan/2015:18:38:54 -0500] "GET /crossdomain.xml HTTP/1.1" 404 1280
181.133.14.171 - - [24/Jan/2015:18:38:54 -0500] "GET /arcgis/services/Calidad_del_Agua_WQI/MapServer/WMSServer?STYLES=&WIDTH=1024&LAYERS=3%2C4%2C5%2C6%2C7&BBOX=%2D74%2E07595900763393%2C4%2E586709428593813%2C%2D74%2E07474072359894%2C4%2E5875029788392565&HEIGHT=667&SERVICE=WMS&FORMAT=image%2Fpng&SRS=EPSG%3A4686&REQUEST=GetMap&TRANSPARENT=TRUE&VERSION=1%2E1%2E1 HTTP/1.1" 200 4277
181.133.14.171 - - [24/Jan/2015:18:38:56 -0500] "GET /arcgis/services/Calidad_del_Agua_WQI/MapServer/WMSServer?STYLES=&WIDTH=1024&LAYERS=3%2C4%2C5%2C6%2C7&BBOX=%2D74%2E07583984123825%2C4%2E586658721595015%2C%2D74%2E07462155720326%2C4%2E5874522718404585&HEIGHT=667&SERVICE=WMS&FORMAT=image%2Fpng&SRS=EPSG%3A4686&REQUEST=GetMap&TRANSPARENT=TRUE&VERSION=1%2E1%2E1 HTTP/1.1" 200 4277
181.133.14.171 - - [24/Jan/2015:18:38:58 -0500] "GET /arcgis/services/Calidad_del_Agua_WQI/MapServer/WMSServer?STYLES=&WIDTH=1024&LAYERS=3%2C4%2C5%2C6%2C7&BBOX=%2D74%2E0757016778614%2C4%2E586628021499832%2C%2D74%2E07448339382641%2C4%2E587421571745276&HEIGHT=667&SERVICE=WMS&FORMAT=image%2Fpng&SRS=EPSG%3A4686&REQUEST=GetMap&TRANSPARENT=TRUE&VERSION=1%2E1%2E1 HTTP/1.1" 200 4277
