186.29.51.95 - - [24/Jan/2015:20:50:54 -0500] "GET /forest/json.do?query=plantillasByTarea&codTare=3396&codInst=3037417&firma=0&a=0.7336386956740171 HTTP/1.1" 200 157
186.29.51.95 - - [24/Jan/2015:20:50:54 -0500] "GET /forest/json.do?query=terceroById&numTer=0899999061-9&a=0.7457265721168369 HTTP/1.1" 200 667
186.29.51.95 - - [24/Jan/2015:20:50:54 -0500] "GET /forest/json.do?query=datosBorradorByCodTraBorr&codTraBorr=1615264&a=0.6050522497389466 HTTP/1.1" 200 180
186.29.51.95 - - [24/Jan/2015:20:50:54 -0500] "GET /forest/json.do?query=ultimoBorradorByTpl&codTpl=1847&codInst=3037417&a=0.7267815838567913 HTTP/1.1" 200 20
186.29.51.95 - - [24/Jan/2015:20:50:55 -0500] "GET /forest/json.do?query=adjuntosByBorrador&codTraBorr=1615264&a=0.13132531638257205 HTTP/1.1" 200 2
186.29.51.95 - - [24/Jan/2015:20:51:01 -0500] "POST /forest/usutareas.do?group_system_actual=3 HTTP/1.1" 200 202
186.29.51.95 - - [24/Jan/2015:20:50:51 -0500] "GET /ForestMSG_SDA/channelAsync/template_word_17354355?X-Atmosphere-tracking-id=c885e675-fd3d-1f5e-3b3a-8fb9d49cfb2e&X-Atmosphere-Framework=1.0.5&X-Atmosphere-Transport=long-polling&tabid=0.12700096797198057&X-Cache-Date=0&Content-Type=application/xml&_=1422150841510 HTTP/1.1" 200 8193
186.29.51.95 - - [24/Jan/2015:20:51:07 -0500] "GET /forest/usutareas.do?group_system_actual=3&a=0.416713786078617 HTTP/1.1" 200 257868
186.29.51.95 - - [24/Jan/2015:20:51:09 -0500] "GET /forest/session.jsp?a=0.32141239382326603 HTTP/1.1" 200 4
186.29.51.95 - - [24/Jan/2015:20:51:09 -0500] "GET /forest/actions/forms.getList?codForm=Anexo4&id=p300 HTTP/1.1" 200 136
186.29.51.95 - - [24/Jan/2015:20:51:09 -0500] "GET /forest/actions/forms.getList?codForm=Anexo4&id=p312 HTTP/1.1" 200 88
186.29.51.95 - - [24/Jan/2015:20:51:09 -0500] "GET /forest/actions/forms.getList?codForm=Anexo4&id=p368 HTTP/1.1" 200 209
186.29.51.95 - - [24/Jan/2015:20:51:12 -0500] "GET /forest/misactividades.do?_a=0.3793688027653843&group_system_actual=3 HTTP/1.1" 200 37560
186.29.51.95 - - [24/Jan/2015:20:51:12 -0500] "GET /forest/session.jsp?a=0.3244283739477396 HTTP/1.1" 200 4
186.29.51.95 - - [24/Jan/2015:20:51:13 -0500] "POST /forest/misactividades.do?ajax=true&a=0.2724590771831572 HTTP/1.1" 200 1195
181.54.232.60 - - [24/Jan/2015:20:51:20 -0500] "POST /forms/lservlet;jsessionid=ac16012b30d5bdd70aafdce148629443f41b7eff01ca.e3iSbxaKaheRe38RbNmLa3mSc41ynknvrkLOlQzNp65In0 HTTP/1.1" 200 2
186.29.51.95 - - [24/Jan/2015:20:51:20 -0500] "POST /forms/lservlet;jsessionid=ac16012b30d55ba1efe64b764c6f90529e1d1d96dc05.e3iSbxaKaheRe38RbNmLa3mSc41ynknvrkLOlQzNp65In0 HTTP/1.1" 200 2
186.29.51.95 - - [24/Jan/2015:20:51:22 -0500] "POST /forest/misactividades.do?ajax=true&a=0.48807344282977283 HTTP/1.1" 200 1215
186.29.51.95 - - [24/Jan/2015:20:51:36 -0500] "GET /forest/usutareas.do?_a=0.5357086716685444&group_system_actual=3 HTTP/1.1" 200 101164
186.29.51.95 - - [24/Jan/2015:20:51:37 -0500] "GET /forest/session.jsp?a=0.3405346595682204 HTTP/1.1" 200 4
186.29.51.95 - - [24/Jan/2015:20:51:37 -0500] "GET /forest/actions/forms.getList?codForm=primerasactividades&id=tipo_solicitud591 HTTP/1.1" 200 79
181.50.241.109 - - [24/Jan/2015:20:51:50 -0500] "POST /forms/lservlet;jsessionid=ac16012b30d5f4158fd8302e4190874cba71654cc2bf.e3iSbxaKaheRe38RbNmLa3mSc41ynknvrkLOlQzNp65In0 HTTP/1.1" 200 2
186.80.85.145 - - [24/Jan/2015:20:51:56 -0500] "GET /BLA/resoluciones/RESOLUCIONES%202009/9245.pdf HTTP/1.1" 200 500385
186.29.51.95 - - [24/Jan/2015:20:51:56 -0500] "GET /forest/actions/forms.getList?codForm=primerasactividades&id=funcionariodest27&text=M HTTP/1.1" 200 1130
186.29.51.95 - - [24/Jan/2015:20:51:56 -0500] "GET /forest/actions/forms.getList?codForm=primerasactividades&id=funcionariodest27&text=MA HTTP/1.1" 200 1121
186.29.51.95 - - [24/Jan/2015:20:51:56 -0500] "GET /forest/actions/forms.getList?codForm=primerasactividades&id=funcionariodest27&text=MAR HTTP/1.1" 200 1143
186.29.51.95 - - [24/Jan/2015:20:51:56 -0500] "GET /forest/actions/forms.getList?codForm=primerasactividades&id=funcionariodest27&text=MARI HTTP/1.1" 200 1081
186.29.51.95 - - [24/Jan/2015:20:51:56 -0500] "GET /forest/actions/forms.getList?codForm=primerasactividades&id=funcionariodest27&text=MARIA HTTP/1.1" 200 1069
186.29.51.95 - - [24/Jan/2015:20:51:56 -0500] "GET /forest/actions/forms.getList?codForm=primerasactividades&id=funcionariodest27&text=MARIA%20 HTTP/1.1" 200 1097
186.29.51.95 - - [24/Jan/2015:20:51:56 -0500] "GET /forest/actions/forms.getList?codForm=primerasactividades&id=funcionariodest27&text=MARIA%20C HTTP/1.1" 200 1167
186.29.51.95 - - [24/Jan/2015:20:51:57 -0500] "GET /forest/actions/forms.getList?codForm=primerasactividades&id=funcionariodest27&text=MARIA%20CL HTTP/1.1" 200 720
186.29.51.95 - - [24/Jan/2015:20:51:57 -0500] "GET /forest/actions/forms.getList?codForm=primerasactividades&id=funcionariodest27&text=MARIA%20CLA HTTP/1.1" 200 602
186.29.51.95 - - [24/Jan/2015:20:51:57 -0500] "GET /forest/actions/forms.getList?codForm=primerasactividades&id=funcionariodest27&text=MARIA%20CLAU HTTP/1.1" 200 472
186.29.51.95 - - [24/Jan/2015:20:51:57 -0500] "GET /forest/actions/forms.getList?codForm=primerasactividades&id=funcionariodest27&text=MARIA%20CLAUD HTTP/1.1" 200 472
186.29.51.95 - - [24/Jan/2015:20:51:59 -0500] "POST /forest/usutareas.do? HTTP/1.1" 200 76
186.29.51.95 - - [24/Jan/2015:20:52:00 -0500] "GET /forest/usutareas.do?group_system_actual=3&a=0.722768320934847 HTTP/1.1" 200 106272
186.29.51.95 - - [24/Jan/2015:20:52:02 -0500] "GET /forest/session.jsp?a=0.041064071701839566 HTTP/1.1" 200 4
186.29.51.95 - - [24/Jan/2015:20:52:02 -0500] "GET /forest/actions/forms.getMappedValues?id=funcionariodest285&value=MARIA.PENAGOS&codForm=emergencia&a=0.5598438349552453 HTTP/1.1" 200 46
186.29.51.95 - - [24/Jan/2015:20:52:47 -0500] "POST /forest/actions/forms.sendFile HTTP/1.1" 200 112
186.29.51.95 - - [24/Jan/2015:20:52:55 -0500] "GET /forest/file/3739568 HTTP/1.1" 200 633172
186.29.51.95 - - [24/Jan/2015:20:53:12 -0500] "POST /forest/actions/forms.sendFile HTTP/1.1" 200 111
181.54.232.60 - - [24/Jan/2015:20:53:20 -0500] "POST /forms/lservlet;jsessionid=ac16012b30d5bdd70aafdce148629443f41b7eff01ca.e3iSbxaKaheRe38RbNmLa3mSc41ynknvrkLOlQzNp65In0 HTTP/1.1" 200 2
186.29.51.95 - - [24/Jan/2015:20:53:20 -0500] "POST /forms/lservlet;jsessionid=ac16012b30d55ba1efe64b764c6f90529e1d1d96dc05.e3iSbxaKaheRe38RbNmLa3mSc41ynknvrkLOlQzNp65In0 HTTP/1.1" 200 2
74.86.158.107 - - [24/Jan/2015:20:53:45 -0500] "GET / HTTP/1.1" 302 -
181.50.241.109 - - [24/Jan/2015:20:53:50 -0500] "POST /forms/lservlet;jsessionid=ac16012b30d5f4158fd8302e4190874cba71654cc2bf.e3iSbxaKaheRe38RbNmLa3mSc41ynknvrkLOlQzNp65In0 HTTP/1.1" 200 2
66.249.67.67 - - [24/Jan/2015:20:53:54 -0500] "GET /BLA/resoluciones/RESOLUCIONES%202008/1294.pdf HTTP/1.1" 304 -
186.29.51.95 - - [24/Jan/2015:20:53:55 -0500] "POST /forest/usutareas.do? HTTP/1.1" 200 76
186.29.51.95 - - [24/Jan/2015:20:53:56 -0500] "GET /forest/usutareas.do?group_system_actual=3&a=0.779776127776131 HTTP/1.1" 200 257915
186.29.51.95 - - [24/Jan/2015:20:53:59 -0500] "GET /forest/session.jsp?a=0.8837015843018889 HTTP/1.1" 200 4
186.29.51.95 - - [24/Jan/2015:20:53:59 -0500] "GET /forest/actions/forms.getList?codForm=Anexo4&id=p300 HTTP/1.1" 200 136
186.29.51.95 - - [24/Jan/2015:20:53:59 -0500] "GET /forest/actions/forms.getList?codForm=Anexo4&id=p312 HTTP/1.1" 200 88
186.29.51.95 - - [24/Jan/2015:20:54:00 -0500] "GET /forest/actions/forms.getList?codForm=Anexo4&id=p368 HTTP/1.1" 200 209
186.29.51.95 - - [24/Jan/2015:20:54:01 -0500] "GET /forest/skins/gdocs-jar/popup/escritorio/subirborrador.jsp?form=Anexo4&codTpl=&codBorr=542978&a=0.8875480678398162 HTTP/1.1" 200 23292
186.29.51.95 - - [24/Jan/2015:20:54:01 -0500] "GET /forest/json.do?query=borradoresByTpls&codInst=3037463&codTare=3396&firma=0&a=0.31460161437280476 HTTP/1.1" 200 186
186.29.51.95 - - [24/Jan/2015:20:54:01 -0500] "GET /forest/json.do?query=plantillasByTarea&codTare=3396&codInst=3037463&firma=0&a=0.7588395229540765 HTTP/1.1" 200 157
186.29.51.95 - - [24/Jan/2015:20:54:01 -0500] "GET /forest/json.do?query=terceroById&numTer=0899999061-9&a=0.2767184462863952 HTTP/1.1" 200 667
186.29.51.95 - - [24/Jan/2015:20:54:01 -0500] "GET /forest/json.do?query=datosBorradorByCodTraBorr&codTraBorr=1615266&a=0.6821456258185208 HTTP/1.1" 200 180
186.29.51.95 - - [24/Jan/2015:20:54:01 -0500] "GET /forest/json.do?query=adjuntosByBorrador&codTraBorr=1615266&a=0.8974790705833584 HTTP/1.1" 200 2
186.29.51.95 - - [24/Jan/2015:20:54:01 -0500] "GET /forest/json.do?query=ultimoBorradorByTpl&codTpl=1847&codInst=3037463&a=0.7727339984849095 HTTP/1.1" 200 20
186.29.51.95 - - [24/Jan/2015:20:54:08 -0500] "POST /forest/usutareas.do?group_system_actual=3 HTTP/1.1" 200 202
186.29.51.95 - - [24/Jan/2015:20:53:58 -0500] "GET /ForestMSG_SDA/channelAsync/template_word_17354357?X-Atmosphere-tracking-id=c8e9e60f-8cb3-34f8-0133-a818596d4c2b&X-Atmosphere-Framework=1.0.5&X-Atmosphere-Transport=long-polling&tabid=0.5432536620646715&X-Cache-Date=0&Content-Type=application/xml&_=1422151028204 HTTP/1.1" 200 8193
186.29.51.95 - - [24/Jan/2015:20:54:25 -0500] "GET /forest/usutareas.do?group_system_actual=3&a=0.168950887164101 HTTP/1.1" 200 257921
186.29.51.95 - - [24/Jan/2015:20:54:28 -0500] "GET /forest/session.jsp?a=0.5992258065380156 HTTP/1.1" 200 4
186.29.51.95 - - [24/Jan/2015:20:54:28 -0500] "GET /forest/actions/forms.getList?codForm=Anexo4&id=p300 HTTP/1.1" 200 136
186.29.51.95 - - [24/Jan/2015:20:54:28 -0500] "GET /forest/actions/forms.getList?codForm=Anexo4&id=p312 HTTP/1.1" 200 88
186.29.51.95 - - [24/Jan/2015:20:54:28 -0500] "GET /forest/actions/forms.getList?codForm=Anexo4&id=p368 HTTP/1.1" 200 209
186.29.51.95 - - [24/Jan/2015:20:54:31 -0500] "GET /forest/usudocumentos.do?_a=0.46284804260358214&group_system_actual=3 HTTP/1.1" 200 99331
186.29.51.95 - - [24/Jan/2015:20:54:34 -0500] "GET /forest/skins/gdocs-jar/css/switch.css HTTP/1.1" 200 843
186.29.51.95 - - [24/Jan/2015:20:54:34 -0500] "GET /forest/skins/gdocs-jar/js/popup.js?version=1412.231748 HTTP/1.1" 200 7658
186.29.51.95 - - [24/Jan/2015:20:54:34 -0500] "GET /forest/skins/gdocs-jar/img/hojaruta.gif HTTP/1.1" 200 159
186.29.51.95 - - [24/Jan/2015:20:54:34 -0500] "GET /forest/skins/gdocs-jar/img/edit.gif HTTP/1.1" 200 1264
186.29.51.95 - - [24/Jan/2015:20:54:34 -0500] "GET /forest/skins/gdocs-jar/js/documentos.js?version=1412.231748 HTTP/1.1" 200 24262
186.29.51.95 - - [24/Jan/2015:20:54:35 -0500] "GET /forest/skins/gdocs-jar/img/verComentario.gif HTTP/1.1" 200 689
186.29.51.95 - - [24/Jan/2015:20:54:35 -0500] "GET /forest/skins/gdocs-jar/img/editarComentario.gif HTTP/1.1" 200 1220
186.29.51.95 - - [24/Jan/2015:20:54:35 -0500] "GET /forest/skins/gdocs-jar/img/cut.gif HTTP/1.1" 200 1280
186.29.51.95 - - [24/Jan/2015:20:54:35 -0500] "GET /forest/skins/gdocs-jar/img/copy.gif HTTP/1.1" 200 185
186.29.51.95 - - [24/Jan/2015:20:54:35 -0500] "GET /forest/skins/gdocs-jar/img/assign-document.gif HTTP/1.1" 200 936
186.29.51.95 - - [24/Jan/2015:20:54:35 -0500] "GET /forest/skins/gdocs-jar/img/icon_document_completed.gif HTTP/1.1" 200 1077
186.29.51.95 - - [24/Jan/2015:20:54:35 -0500] "GET /forest/skins/gdocs-jar/img/sendmail.gif HTTP/1.1" 200 1297
186.29.51.95 - - [24/Jan/2015:20:54:35 -0500] "GET /forest/skins/gdocs-jar/img/veranexos.gif HTTP/1.1" 200 1130
186.29.51.95 - - [24/Jan/2015:20:54:35 -0500] "GET /forest/skins/gdocs-jar/img/asignar-user.gif HTTP/1.1" 200 1196
186.29.51.95 - - [24/Jan/2015:20:54:35 -0500] "GET /forest/skins/gdocs-jar/img/document_add.gif HTTP/1.1" 200 1109
186.29.51.95 - - [24/Jan/2015:20:54:35 -0500] "GET /forest/skins/gdocs-jar/img/fondo-barra.gif HTTP/1.1" 200 282
186.29.51.95 - - [24/Jan/2015:20:54:35 -0500] "GET /forest/skins/gdocs-jar/img/gdocs_rechazar.gif HTTP/1.1" 200 822
186.29.51.95 - - [24/Jan/2015:20:54:35 -0500] "GET /forest/skins/gdocs-jar/img/historial.gif HTTP/1.1" 200 1341
186.29.51.95 - - [24/Jan/2015:20:54:35 -0500] "GET /forest/img/back.gif HTTP/1.1" 200 82
186.29.51.95 - - [24/Jan/2015:20:54:35 -0500] "GET /forest/skins/gdocs-jar/img/grid-first.gif HTTP/1.1" 200 371
186.29.51.95 - - [24/Jan/2015:20:54:35 -0500] "GET /forest/skins/gdocs-jar/img/grid-prev.gif HTTP/1.1" 200 325
186.29.51.95 - - [24/Jan/2015:20:54:35 -0500] "GET /forest/skins/gdocs-jar/img/grid-next.gif HTTP/1.1" 200 325
186.29.51.95 - - [24/Jan/2015:20:54:35 -0500] "GET /forest/skins/gdocs-jar/img/grid-last.gif HTTP/1.1" 200 371
186.29.51.95 - - [24/Jan/2015:20:54:35 -0500] "GET /forest/skins/gdocs-jar/img/files_exp.png HTTP/1.1" 200 52209
186.29.51.95 - - [24/Jan/2015:20:54:35 -0500] "GET /forest/skins/gdocs-jar/img/eye.gif HTTP/1.1" 200 396
186.29.51.95 - - [24/Jan/2015:20:54:35 -0500] "GET /forest/skins/gdocs-jar/img/more_details.gif HTTP/1.1" 200 617
186.29.51.95 - - [24/Jan/2015:20:54:35 -0500] "GET /forest/skins/gdocs-jar/img/files_numpro.png HTTP/1.1" 200 53724
186.29.51.95 - - [24/Jan/2015:20:54:35 -0500] "GET /forest/session.jsp?a=0.1577128446660936 HTTP/1.1" 200 4
186.29.51.95 - - [24/Jan/2015:20:54:35 -0500] "GET /forest/skins/gdocs-jar/img/filtrar.png HTTP/1.1" 200 243
186.29.51.95 - - [24/Jan/2015:20:54:35 -0500] "GET /forest/skins/gdocs-jar/img/splitter.gif HTTP/1.1" 200 830
186.29.51.95 - - [24/Jan/2015:20:54:35 -0500] "GET /forest/skins/gdocs-jar/img/borrador-tree.gif HTTP/1.1" 200 90
186.29.51.95 - - [24/Jan/2015:20:54:36 -0500] "GET /forest/1ibre/images/minus.gif HTTP/1.1" 200 80
186.29.51.95 - - [24/Jan/2015:20:54:36 -0500] "GET /forest/1ibre/images/spacer.gif HTTP/1.1" 200 43
186.29.51.95 - - [24/Jan/2015:20:54:36 -0500] "GET /forest/1ibre/images/plus.gif HTTP/1.1" 200 88
186.29.51.95 - - [24/Jan/2015:20:54:38 -0500] "GET /forest/borrador/1615267/Informe%20Tecnico%20Emergencia.docx HTTP/1.1" 200 305026
186.29.51.95 - - [24/Jan/2015:20:54:27 -0500] "GET /ForestMSG_SDA/channelAsync/template_word_17354357?X-Atmosphere-tracking-id=529cb31c-b8a4-a414-eb0f-676ef4382e0e&X-Atmosphere-Framework=1.0.5&X-Atmosphere-Transport=long-polling&tabid=0.47633959469385445&X-Cache-Date=0&Content-Type=application/xml&_=1422151056905 HTTP/1.1" 200 8193
186.29.51.95 - - [24/Jan/2015:20:54:39 -0500] "GET /forest/usutareas.do?_a=0.9083073225338012&group_system_actual=3 HTTP/1.1" 200 257921
186.29.51.95 - - [24/Jan/2015:20:54:41 -0500] "GET /forest/session.jsp?a=0.3966254701372236 HTTP/1.1" 200 4
186.29.51.95 - - [24/Jan/2015:20:54:41 -0500] "GET /forest/actions/forms.getList?codForm=Anexo4&id=p300 HTTP/1.1" 200 136
186.29.51.95 - - [24/Jan/2015:20:54:41 -0500] "GET /forest/actions/forms.getList?codForm=Anexo4&id=p312 HTTP/1.1" 200 88
186.29.51.95 - - [24/Jan/2015:20:54:41 -0500] "GET /forest/actions/forms.getList?codForm=Anexo4&id=p368 HTTP/1.1" 200 209
188.165.15.41 - - [24/Jan/2015:20:54:42 -0500] "GET /BLA/resoluciones/RESOLUCIONES%202006/RES%202006%201201-1250/00001242.tif HTTP/1.1" 200 193492
186.29.51.95 - - [24/Jan/2015:20:48:49 -0500] "GET /ForestMSG_SDA/channelAsync/template_word_17354351?X-Atmosphere-tracking-id=fd425844-9461-385d-4f9c-7dd34825bc1a&X-Atmosphere-Framework=1.0.5&X-Atmosphere-Transport=long-polling&tabid=0.2838736854027957&X-Cache-Date=0&Content-Type=application/xml&_=1422150719174 HTTP/1.1" 200 8193
186.29.51.95 - - [24/Jan/2015:20:54:52 -0500] "GET /forest/misactividades.do?_a=0.5432365508750081&group_system_actual=3 HTTP/1.1" 200 37560
186.29.51.95 - - [24/Jan/2015:20:54:53 -0500] "GET /forest/session.jsp?a=0.022086409851908684 HTTP/1.1" 200 4
186.29.51.95 - - [24/Jan/2015:20:54:53 -0500] "POST /forest/misactividades.do?ajax=true&a=0.3787850900553167 HTTP/1.1" 200 1163
188.165.15.59 - - [24/Jan/2015:20:55:00 -0500] "GET /BLA/resoluciones/RESOLUCIONES%202004/RES%202004%20101-150/00000147.tif HTTP/1.1" 200 93574
186.29.51.95 - - [24/Jan/2015:20:55:04 -0500] "POST /forest/misactividades.do?ajax=true&a=0.6741794471163303 HTTP/1.1" 200 1222
186.29.51.95 - - [24/Jan/2015:20:55:08 -0500] "GET /forest/usutareas.do?_a=0.3798887941520661&group_system_actual=3 HTTP/1.1" 200 101085
186.29.51.95 - - [24/Jan/2015:20:55:09 -0500] "GET /forest/session.jsp?a=0.4093995087314397 HTTP/1.1" 200 4
186.29.51.95 - - [24/Jan/2015:20:55:09 -0500] "GET /forest/actions/forms.getList?codForm=primerasactividades&id=tipo_solicitud591 HTTP/1.1" 200 79
186.29.51.95 - - [24/Jan/2015:20:55:15 -0500] "GET /forest/actions/forms.getList?codForm=primerasactividades&id=funcionariodest27&text=M HTTP/1.1" 200 1130
186.29.51.95 - - [24/Jan/2015:20:55:15 -0500] "GET /forest/actions/forms.getList?codForm=primerasactividades&id=funcionariodest27&text=MA HTTP/1.1" 200 1121
186.29.51.95 - - [24/Jan/2015:20:55:15 -0500] "GET /forest/actions/forms.getList?codForm=primerasactividades&id=funcionariodest27&text=MAR HTTP/1.1" 200 1143
186.29.51.95 - - [24/Jan/2015:20:55:15 -0500] "GET /forest/actions/forms.getList?codForm=primerasactividades&id=funcionariodest27&text=MARI HTTP/1.1" 200 1081
186.29.51.95 - - [24/Jan/2015:20:55:15 -0500] "GET /forest/actions/forms.getList?codForm=primerasactividades&id=funcionariodest27&text=MARIA HTTP/1.1" 200 1069
186.29.51.95 - - [24/Jan/2015:20:55:15 -0500] "GET /forest/actions/forms.getList?codForm=primerasactividades&id=funcionariodest27&text=MARIA%20 HTTP/1.1" 200 1097
186.29.51.95 - - [24/Jan/2015:20:55:16 -0500] "GET /forest/actions/forms.getList?codForm=primerasactividades&id=funcionariodest27&text=MARIA%20C HTTP/1.1" 200 1167
186.29.51.95 - - [24/Jan/2015:20:55:16 -0500] "GET /forest/actions/forms.getList?codForm=primerasactividades&id=funcionariodest27&text=MARIA%20CL HTTP/1.1" 200 720
186.29.51.95 - - [24/Jan/2015:20:55:16 -0500] "GET /forest/actions/forms.getList?codForm=primerasactividades&id=funcionariodest27&text=MARIA%20CLA HTTP/1.1" 200 602
186.29.51.95 - - [24/Jan/2015:20:55:16 -0500] "GET /forest/actions/forms.getList?codForm=primerasactividades&id=funcionariodest27&text=MARIA%20CLAU HTTP/1.1" 200 472
186.29.51.95 - - [24/Jan/2015:20:55:16 -0500] "GET /forest/actions/forms.getList?codForm=primerasactividades&id=funcionariodest27&text=MARIA%20CLAUD HTTP/1.1" 200 472
186.29.51.95 - - [24/Jan/2015:20:55:16 -0500] "GET /forest/actions/forms.getList?codForm=primerasactividades&id=funcionariodest27&text=MARIA%20CLAUDI HTTP/1.1" 200 472
186.29.51.95 - - [24/Jan/2015:20:55:17 -0500] "GET /forest/actions/forms.getList?codForm=primerasactividades&id=funcionariodest27&text=MARIA%20CLAUDIA HTTP/1.1" 200 472
186.29.51.95 - - [24/Jan/2015:20:55:18 -0500] "POST /forest/usutareas.do? HTTP/1.1" 200 76
181.54.232.60 - - [24/Jan/2015:20:55:20 -0500] "POST /forms/lservlet;jsessionid=ac16012b30d5bdd70aafdce148629443f41b7eff01ca.e3iSbxaKaheRe38RbNmLa3mSc41ynknvrkLOlQzNp65In0 HTTP/1.1" 200 2
186.29.51.95 - - [24/Jan/2015:20:55:20 -0500] "GET /forest/usutareas.do?group_system_actual=3&a=0.8942906020674855 HTTP/1.1" 200 106185
186.29.51.95 - - [24/Jan/2015:20:55:21 -0500] "POST /forms/lservlet;jsessionid=ac16012b30d55ba1efe64b764c6f90529e1d1d96dc05.e3iSbxaKaheRe38RbNmLa3mSc41ynknvrkLOlQzNp65In0 HTTP/1.1" 200 2
186.29.51.95 - - [24/Jan/2015:20:55:21 -0500] "GET /forest/session.jsp?a=0.01242141891270876 HTTP/1.1" 200 4
186.29.51.95 - - [24/Jan/2015:20:55:21 -0500] "GET /forest/actions/forms.getMappedValues?id=funcionariodest285&value=MARIA.PENAGOS&codForm=emergencia&a=0.17491098726168275 HTTP/1.1" 200 46
186.29.51.95 - - [24/Jan/2015:20:55:39 -0500] "POST /forest/actions/forms.sendFile HTTP/1.1" 200 112
186.29.51.95 - - [24/Jan/2015:20:55:46 -0500] "GET /forest/file/3739572 HTTP/1.1" 200 574281
181.50.241.109 - - [24/Jan/2015:20:55:50 -0500] "POST /forms/lservlet;jsessionid=ac16012b30d5f4158fd8302e4190874cba71654cc2bf.e3iSbxaKaheRe38RbNmLa3mSc41ynknvrkLOlQzNp65In0 HTTP/1.1" 200 2
186.29.51.95 - - [24/Jan/2015:20:55:55 -0500] "POST /forest/actions/forms.sendFile HTTP/1.1" 200 111
186.29.51.95 - - [24/Jan/2015:20:56:16 -0500] "POST /forest/usutareas.do? HTTP/1.1" 200 76
186.29.51.95 - - [24/Jan/2015:20:56:18 -0500] "GET /forest/usutareas.do?group_system_actual=3&a=0.8824635571800172 HTTP/1.1" 200 257828
186.29.51.95 - - [24/Jan/2015:20:56:21 -0500] "GET /forest/session.jsp?a=0.12992164841853082 HTTP/1.1" 200 4
186.29.51.95 - - [24/Jan/2015:20:56:21 -0500] "GET /forest/actions/forms.getList?codForm=Anexo4&id=p300 HTTP/1.1" 200 136
186.29.51.95 - - [24/Jan/2015:20:56:21 -0500] "GET /forest/actions/forms.getList?codForm=Anexo4&id=p312 HTTP/1.1" 200 88
186.29.51.95 - - [24/Jan/2015:20:56:21 -0500] "GET /forest/actions/forms.getList?codForm=Anexo4&id=p368 HTTP/1.1" 200 209
186.29.51.95 - - [24/Jan/2015:20:56:23 -0500] "GET /forest/skins/gdocs-jar/popup/escritorio/subirborrador.jsp?form=Anexo4&codTpl=&codBorr=542979&a=0.01079146726988256 HTTP/1.1" 200 23292
186.29.51.95 - - [24/Jan/2015:20:56:23 -0500] "GET /forest/json.do?query=borradoresByTpls&codInst=3039440&codTare=3396&firma=0&a=0.16469349549151957 HTTP/1.1" 200 186
186.29.51.95 - - [24/Jan/2015:20:56:23 -0500] "GET /forest/json.do?query=plantillasByTarea&codTare=3396&codInst=3039440&firma=0&a=0.3488502299878746 HTTP/1.1" 200 157
186.29.51.95 - - [24/Jan/2015:20:56:23 -0500] "GET /forest/json.do?query=terceroById&numTer=0899999061-9&a=0.5168361235409975 HTTP/1.1" 200 667
186.29.51.95 - - [24/Jan/2015:20:56:23 -0500] "GET /forest/json.do?query=datosBorradorByCodTraBorr&codTraBorr=1615268&a=0.1399798656348139 HTTP/1.1" 200 180
186.29.51.95 - - [24/Jan/2015:20:56:23 -0500] "GET /forest/json.do?query=adjuntosByBorrador&codTraBorr=1615268&a=0.7953097876161337 HTTP/1.1" 200 2
186.29.51.95 - - [24/Jan/2015:20:56:23 -0500] "GET /forest/json.do?query=ultimoBorradorByTpl&codTpl=1847&codInst=3039440&a=0.6170386008452624 HTTP/1.1" 200 20
220.181.108.120 - - [24/Jan/2015:20:56:26 -0500] "GET / HTTP/1.1" 302 -
66.249.67.119 - - [24/Jan/2015:20:56:52 -0500] "GET /Residuos/cosmeticos/cosmeticos.html HTTP/1.1" 404 1019
186.29.51.95 - - [24/Jan/2015:20:56:48 -0500] "POST /forest/usutareas.do?group_system_actual=3 HTTP/1.1" 200 202
186.29.51.95 - - [24/Jan/2015:20:56:19 -0500] "GET /ForestMSG_SDA/channelAsync/template_word_17354359?X-Atmosphere-tracking-id=d34b006f-2df9-7a78-bc49-b8ce5c8d5ff4&X-Atmosphere-Framework=1.0.5&X-Atmosphere-Transport=long-polling&tabid=0.5046160730998963&X-Cache-Date=0&Content-Type=application/xml&_=1422151169622 HTTP/1.1" 200 8193
186.29.51.95 - - [24/Jan/2015:20:56:55 -0500] "GET /forest/usutareas.do?group_system_actual=3&a=0.3006944109220058 HTTP/1.1" 200 257834
186.29.51.95 - - [24/Jan/2015:20:56:57 -0500] "GET /forest/session.jsp?a=0.2617399850860238 HTTP/1.1" 200 4
186.29.51.95 - - [24/Jan/2015:20:56:58 -0500] "GET /forest/actions/forms.getList?codForm=Anexo4&id=p300 HTTP/1.1" 200 136
186.29.51.95 - - [24/Jan/2015:20:56:58 -0500] "GET /forest/actions/forms.getList?codForm=Anexo4&id=p312 HTTP/1.1" 200 88
186.29.51.95 - - [24/Jan/2015:20:56:58 -0500] "GET /forest/actions/forms.getList?codForm=Anexo4&id=p368 HTTP/1.1" 200 209
188.165.15.41 - - [24/Jan/2015:20:57:05 -0500] "GET /BLA/resoluciones/RESOLUCIONES%202006/RES%202006%201251-1300/00001268.tif HTTP/1.1" 200 187644
186.29.51.95 - - [24/Jan/2015:20:57:05 -0500] "GET /forest/downloads.jsp?_a=0.9041252206079662 HTTP/1.1" 200 18438
186.29.51.95 - - [24/Jan/2015:20:57:06 -0500] "GET /forest/img/download1.gif HTTP/1.1" 200 1210
186.29.51.95 - - [24/Jan/2015:20:57:06 -0500] "GET /forest/session.jsp?a=0.1826573226135224 HTTP/1.1" 200 4
186.29.51.95 - - [24/Jan/2015:20:51:08 -0500] "GET /ForestMSG_SDA/channelAsync/template_word_17354355?X-Atmosphere-tracking-id=7771c736-96c3-6c6e-c1b7-45921055d69b&X-Atmosphere-Framework=1.0.5&X-Atmosphere-Transport=long-polling&tabid=0.6499992997851223&X-Cache-Date=0&Content-Type=application/xml&_=1422150858471 HTTP/1.1" 200 8193
181.54.232.60 - - [24/Jan/2015:20:57:20 -0500] "POST /forms/lservlet;jsessionid=ac16012b30d5bdd70aafdce148629443f41b7eff01ca.e3iSbxaKaheRe38RbNmLa3mSc41ynknvrkLOlQzNp65In0 HTTP/1.1" 200 2
186.29.51.95 - - [24/Jan/2015:20:57:21 -0500] "POST /forms/lservlet;jsessionid=ac16012b30d55ba1efe64b764c6f90529e1d1d96dc05.e3iSbxaKaheRe38RbNmLa3mSc41ynknvrkLOlQzNp65In0 HTTP/1.1" 200 2
186.29.51.95 - - [24/Jan/2015:20:57:28 -0500] "GET /forest/ HTTP/1.1" 200 51425
186.29.51.95 - - [24/Jan/2015:20:57:29 -0500] "GET /forest/session.jsp?a=0.9374615654814988 HTTP/1.1" 200 4
186.29.51.95 - - [24/Jan/2015:20:57:30 -0500] "GET /forest/downloads.jsp?_a=0.35411045979708433 HTTP/1.1" 200 18438
186.29.51.95 - - [24/Jan/2015:20:57:31 -0500] "GET /forest/session.jsp?a=0.6824071703013033 HTTP/1.1" 200 4
186.29.51.95 - - [24/Jan/2015:20:57:49 -0500] "GET /forest/session.jsp?a=0.5153119259048253 HTTP/1.1" 200 4
181.50.241.109 - - [24/Jan/2015:20:57:51 -0500] "POST /forms/lservlet;jsessionid=ac16012b30d5f4158fd8302e4190874cba71654cc2bf.e3iSbxaKaheRe38RbNmLa3mSc41ynknvrkLOlQzNp65In0 HTTP/1.1" 200 2
186.29.51.95 - - [24/Jan/2015:20:57:51 -0500] "GET /forest/index2.jsp?_a=0.394487815676257 HTTP/1.1" 200 51421
186.29.51.95 - - [24/Jan/2015:20:57:52 -0500] "GET /forest/session.jsp?a=0.9289520995225757 HTTP/1.1" 200 4
200.118.49.10 - - [24/Jan/2015:20:58:01 -0500] "GET /crossdomain.xml HTTP/1.1" 404 1280
200.118.49.10 - - [24/Jan/2015:20:58:01 -0500] "GET /arcgis/services/Calidad_del_Agua_WQI/MapServer/WMSServer?HEIGHT=660&VERSION=1%2E1%2E1&STYLES=&WIDTH=1280&TRANSPARENT=TRUE&BBOX=%2D74%2E06666217183081%2C4%2E61055889657227%2C%2D74%2E06513931678708%2C4%2E611344118704194&LAYERS=3%2C4%2C5%2C6%2C7&REQUEST=GetMap&SRS=EPSG%3A4686&SERVICE=WMS&FORMAT=image%2Fpng HTTP/1.1" 200 4892
200.118.49.10 - - [24/Jan/2015:20:58:03 -0500] "GET /arcgis/services/Calidad_del_Agua_WQI/MapServer/WMSServer?HEIGHT=660&VERSION=1%2E1%2E1&STYLES=&WIDTH=1280&TRANSPARENT=TRUE&BBOX=%2D74%2E06742359935268%2C4%2E610166285506308%2C%2D74%2E06437788926522%2C4%2E611736729770156&LAYERS=3%2C4%2C5%2C6%2C7&REQUEST=GetMap&SRS=EPSG%3A4686&SERVICE=WMS&FORMAT=image%2Fpng HTTP/1.1" 200 4892
200.118.49.10 - - [24/Jan/2015:20:58:05 -0500] "GET /arcgis/services/Calidad_del_Agua_WQI/MapServer/WMSServer?HEIGHT=660&VERSION=1%2E1%2E1&STYLES=&WIDTH=1280&TRANSPARENT=TRUE&BBOX=%2D74%2E06724935947999%2C4%2E611658512084259%2C%2D74%2E06420364939252%2C4%2E613228956348107&LAYERS=3%2C4%2C5%2C6%2C7&REQUEST=GetMap&SRS=EPSG%3A4686&SERVICE=WMS&FORMAT=image%2Fpng HTTP/1.1" 200 4892
200.118.49.10 - - [24/Jan/2015:20:58:07 -0500] "GET /arcgis/services/Calidad_del_Agua_WQI/MapServer/WMSServer?HEIGHT=660&VERSION=1%2E1%2E1&STYLES=&WIDTH=1280&TRANSPARENT=TRUE&BBOX=%2D74%2E06704311159459%2C4%2E612227224444957%2C%2D74%2E06399740150712%2C4%2E613797668708805&LAYERS=3%2C4%2C5%2C6%2C7&REQUEST=GetMap&SRS=EPSG%3A4686&SERVICE=WMS&FORMAT=image%2Fpng HTTP/1.1" 200 4892
200.118.49.10 - - [24/Jan/2015:20:58:10 -0500] "GET /arcgis/services/Calidad_del_Agua_WQI/MapServer/WMSServer?HEIGHT=660&VERSION=1%2E1%2E1&STYLES=&WIDTH=1280&TRANSPARENT=TRUE&BBOX=%2D74%2E06685287727154%2C4%2E613398011036907%2C%2D74%2E06380716718408%2C4%2E614968455300755&LAYERS=3%2C4%2C5%2C6%2C7&REQUEST=GetMap&SRS=EPSG%3A4686&SERVICE=WMS&FORMAT=image%2Fpng HTTP/1.1" 200 4892
200.118.49.10 - - [24/Jan/2015:20:58:11 -0500] "GET /arcgis/services/Calidad_del_Agua_WQI/MapServer/WMSServer?HEIGHT=660&VERSION=1%2E1%2E1&STYLES=&WIDTH=1280&TRANSPARENT=TRUE&BBOX=%2D74%2E0667698630774%2C4%2E613598096829036%2C%2D74%2E06372415298993%2C4%2E615168541092884&LAYERS=3%2C4%2C5%2C6%2C7&REQUEST=GetMap&SRS=EPSG%3A4686&SERVICE=WMS&FORMAT=image%2Fpng HTTP/1.1" 200 4892
200.118.49.10 - - [24/Jan/2015:20:58:17 -0500] "GET /crossdomain.xml HTTP/1.1" 404 1280
200.118.49.10 - - [24/Jan/2015:20:58:17 -0500] "GET /arcgis/services/Calidad_del_Agua_WQI/MapServer/WMSServer?HEIGHT=660&VERSION=1%2E1%2E1&STYLES=&WIDTH=1280&TRANSPARENT=TRUE&BBOX=%2D74%2E06604932467474%2C4%2E616391678043665%2C%2D74%2E06300361458727%2C4%2E617962122307513&LAYERS=3%2C4%2C5%2C6%2C7&REQUEST=GetMap&SRS=EPSG%3A4686&SERVICE=WMS&FORMAT=image%2Fpng HTTP/1.1" 200 4892
74.86.158.107 - - [24/Jan/2015:20:58:45 -0500] "GET / HTTP/1.1" 302 -
188.165.15.200 - - [24/Jan/2015:20:58:46 -0500] "GET /BLA/resoluciones/RESOLUCIONES%202006/RES%202006%20701-750/00000725.tif HTTP/1.1" 200 399776
66.249.67.75 - - [24/Jan/2015:20:58:55 -0500] "GET /BLA/resoluciones/RESOLUCIONES%202012/0805.pdf HTTP/1.1" 304 -
181.54.232.60 - - [24/Jan/2015:20:59:20 -0500] "POST /forms/lservlet;jsessionid=ac16012b30d5bdd70aafdce148629443f41b7eff01ca.e3iSbxaKaheRe38RbNmLa3mSc41ynknvrkLOlQzNp65In0 HTTP/1.1" 200 2
186.29.51.95 - - [24/Jan/2015:20:59:21 -0500] "POST /forms/lservlet;jsessionid=ac16012b30d55ba1efe64b764c6f90529e1d1d96dc05.e3iSbxaKaheRe38RbNmLa3mSc41ynknvrkLOlQzNp65In0 HTTP/1.1" 200 2
181.50.241.109 - - [24/Jan/2015:20:59:51 -0500] "POST /forms/lservlet;jsessionid=ac16012b30d5f4158fd8302e4190874cba71654cc2bf.e3iSbxaKaheRe38RbNmLa3mSc41ynknvrkLOlQzNp65In0 HTTP/1.1" 200 2
66.249.67.67 - - [24/Jan/2015:21:00:03 -0500] "GET /BLA/resoluciones/RESOLUCIONES%202013/0350.pdf HTTP/1.1" 200 3657267
66.249.67.75 - - [24/Jan/2015:21:00:30 -0500] "GET /BLA/resoluciones/RESOLUCIONES%202003/RES%202003%20551-600/565.tif HTTP/1.1" 200 155916
186.29.51.95 - - [24/Jan/2015:20:54:40 -0500] "GET /ForestMSG_SDA/channelAsync/template_word_17354357?X-Atmosphere-tracking-id=47ee6345-d433-a800-e32a-e7c1967744b5&X-Atmosphere-Framework=1.0.5&X-Atmosphere-Transport=long-polling&tabid=0.44959347252734005&X-Cache-Date=0&Content-Type=application/xml&_=1422151070647 HTTP/1.1" 200 8193
66.249.67.67 - - [24/Jan/2015:21:01:17 -0500] "GET /BLA/resoluciones/RESOLUCIONES%202011/0791.pdf HTTP/1.1" 200 470923
181.54.232.60 - - [24/Jan/2015:21:01:20 -0500] "POST /forms/lservlet;jsessionid=ac16012b30d5bdd70aafdce148629443f41b7eff01ca.e3iSbxaKaheRe38RbNmLa3mSc41ynknvrkLOlQzNp65In0 HTTP/1.1" 200 2
186.29.51.95 - - [24/Jan/2015:21:01:21 -0500] "POST /forms/lservlet;jsessionid=ac16012b30d55ba1efe64b764c6f90529e1d1d96dc05.e3iSbxaKaheRe38RbNmLa3mSc41ynknvrkLOlQzNp65In0 HTTP/1.1" 200 2
181.50.241.109 - - [24/Jan/2015:21:01:51 -0500] "POST /forms/lservlet;jsessionid=ac16012b30d5f4158fd8302e4190874cba71654cc2bf.e3iSbxaKaheRe38RbNmLa3mSc41ynknvrkLOlQzNp65In0 HTTP/1.1" 200 2
66.249.67.67 - - [24/Jan/2015:21:02:18 -0500] "GET /BLA/resoluciones/RESOLUCIONES%202013/1120.pdf HTTP/1.1" 200 1058347
180.76.6.145 - - [24/Jan/2015:21:02:19 -0500] "GET /BLA/resoluciones/AUTOS%202011/5835.pdf HTTP/1.1" 200 246119
186.81.193.150 - - [24/Jan/2015:21:02:39 -0500] "GET /BLA/resoluciones/RESOLUCIONES%202007/RES%202007%20401%20AL%20500/RESOLUCION%200412%20DE%202007.pdf HTTP/1.1" 200 566595
186.81.193.150 - - [24/Jan/2015:21:02:39 -0500] "GET /BLA/resoluciones/RESOLUCIONES%202007/RES%202007%20401%20AL%20500/RESOLUCION%200412%20DE%202007.pdf HTTP/1.1" 206 32768
186.81.193.150 - - [24/Jan/2015:21:02:39 -0500] "GET /BLA/resoluciones/RESOLUCIONES%202007/RES%202007%20401%20AL%20500/RESOLUCION%200412%20DE%202007.pdf HTTP/1.1" 206 533827
186.81.193.150 - - [24/Jan/2015:21:02:41 -0500] "GET /favicon.ico HTTP/1.1" 200 7782
188.165.15.201 - - [24/Jan/2015:21:02:51 -0500] "GET /BLA/resoluciones/RESOLUCIONES%202005/RES%202005%20851-900/00000860.tif HTTP/1.1" 200 177162
186.29.51.95 - - [24/Jan/2015:21:02:52 -0500] "GET /forest/session.jsp?a=0.7515804003924131 HTTP/1.1" 200 4
186.29.51.95 - - [24/Jan/2015:20:56:56 -0500] "GET /ForestMSG_SDA/channelAsync/template_word_17354359?X-Atmosphere-tracking-id=8e48274e-ae3a-24ef-7823-448fc4aedb0b&X-Atmosphere-Framework=1.0.5&X-Atmosphere-Transport=long-polling&tabid=0.9810400190763175&X-Cache-Date=0&Content-Type=application/xml&_=1422151206504 HTTP/1.1" 200 8193
188.165.15.61 - - [24/Jan/2015:21:03:14 -0500] "GET /BLA/resoluciones/RESOLUCIONES%202005/RES%202005%202251-2300/00002282.tif HTTP/1.1" 200 169606
181.54.232.60 - - [24/Jan/2015:21:03:20 -0500] "POST /forms/lservlet;jsessionid=ac16012b30d5bdd70aafdce148629443f41b7eff01ca.e3iSbxaKaheRe38RbNmLa3mSc41ynknvrkLOlQzNp65In0 HTTP/1.1" 200 2
186.29.51.95 - - [24/Jan/2015:21:03:21 -0500] "POST /forms/lservlet;jsessionid=ac16012b30d55ba1efe64b764c6f90529e1d1d96dc05.e3iSbxaKaheRe38RbNmLa3mSc41ynknvrkLOlQzNp65In0 HTTP/1.1" 200 2
186.29.51.95 - - [24/Jan/2015:21:03:25 -0500] "GET /forest/misactividades.do?group_system_actual=3&codPro=233&_a=0.6896331548663307 HTTP/1.1" 200 38203
186.29.51.95 - - [24/Jan/2015:21:03:26 -0500] "GET /forest/skins/gdocs-jar/jsp/cookie.jsp?name=grid_numrad&del HTTP/1.1" 200 -
186.29.51.95 - - [24/Jan/2015:21:03:26 -0500] "GET /forest/skins/gdocs-jar/jsp/cookie.jsp?name=grid_nompro&del HTTP/1.1" 200 -
186.29.51.95 - - [24/Jan/2015:21:03:26 -0500] "GET /forest/session.jsp?a=0.7492849957197905 HTTP/1.1" 200 4
66.249.67.75 - - [24/Jan/2015:21:03:26 -0500] "GET /BLA/resoluciones/AUTOS%202007/0259.pdf HTTP/1.1" 304 -
186.29.51.95 - - [24/Jan/2015:21:03:27 -0500] "POST /forest/misactividades.do?ajax=true&a=0.5134246866218746 HTTP/1.1" 200 13384
186.29.51.95 - - [24/Jan/2015:21:03:31 -0500] "GET /forest/usutareas.do?_a=0.7848878696095198&group_system_actual=3 HTTP/1.1" 200 260494
186.29.51.95 - - [24/Jan/2015:21:03:33 -0500] "GET /forest/session.jsp?a=0.3224988100118935 HTTP/1.1" 200 4
186.29.51.95 - - [24/Jan/2015:21:03:33 -0500] "GET /forest/actions/forms.getList?codForm=Anexo4&id=p300 HTTP/1.1" 200 136
186.29.51.95 - - [24/Jan/2015:21:03:33 -0500] "GET /forest/actions/forms.getList?codForm=Anexo4&id=p312 HTTP/1.1" 200 88
186.29.51.95 - - [24/Jan/2015:21:03:33 -0500] "GET /forest/actions/forms.getList?codForm=Anexo4&id=p368 HTTP/1.1" 200 209
74.86.158.107 - - [24/Jan/2015:21:03:45 -0500] "GET / HTTP/1.1" 302 -
181.50.241.109 - - [24/Jan/2015:21:03:51 -0500] "POST /forms/lservlet;jsessionid=ac16012b30d5f4158fd8302e4190874cba71654cc2bf.e3iSbxaKaheRe38RbNmLa3mSc41ynknvrkLOlQzNp65In0 HTTP/1.1" 200 2
180.76.6.154 - - [24/Jan/2015:21:03:51 -0500] "GET /BLA/resoluciones/RESOLUCIONES%202007/RES%202007%203801%20AL%203900/RESOLUCION%203849%20DE%202007.pdf HTTP/1.1" 200 657300
186.29.51.95 - - [24/Jan/2015:21:04:11 -0500] "POST /forest/actions/forms.sendFile HTTP/1.1" 200 110
186.29.51.95 - - [24/Jan/2015:21:04:17 -0500] "POST /forest/usutareas.do? HTTP/1.1" 200 76
186.29.51.95 - - [24/Jan/2015:21:04:19 -0500] "GET /forest/usutareas.do?group_system_actual=3&a=0.21387004107236862 HTTP/1.1" 200 150287
186.29.51.95 - - [24/Jan/2015:21:04:20 -0500] "GET /forest/skins/gdocs-jar/img/iconCallReport.png HTTP/1.1" 200 929
186.29.51.95 - - [24/Jan/2015:21:04:20 -0500] "GET /forest/session.jsp?a=0.3773246549535543 HTTP/1.1" 200 4
186.29.51.95 - - [24/Jan/2015:21:04:21 -0500] "GET /forest/actions/forms.getMappedValues?id=NUMTER45&value=0899999061-9&codForm=contec&a=0.8178762961179018 HTTP/1.1" 200 124
186.29.51.95 - - [24/Jan/2015:21:04:26 -0500] "GET /forest/actions/forms.getMappedValues?id=localidadvisita402&value=10&codForm=contec&a=0.06369774765335023 HTTP/1.1" 200 24
66.249.67.83 - - [24/Jan/2015:21:04:34 -0500] "GET /BLA/resoluciones/AUTOS%202009/1745.pdf HTTP/1.1" 304 -
186.29.51.95 - - [24/Jan/2015:21:05:04 -0500] "GET /forest/skins/gdocs-jar/popup/showReport.jsp?idr=524&proceso=3000840&__format=pdf&contec=1422151178001&_a=0.03881327505223453 HTTP/1.1" 200 109250
188.165.15.61 - - [24/Jan/2015:21:05:15 -0500] "GET /BLA/resoluciones/RESOLUCIONES%202005/RES%202005%20751-800/00000771.tif HTTP/1.1" 200 165170
181.54.232.60 - - [24/Jan/2015:21:05:20 -0500] "POST /forms/lservlet;jsessionid=ac16012b30d5bdd70aafdce148629443f41b7eff01ca.e3iSbxaKaheRe38RbNmLa3mSc41ynknvrkLOlQzNp65In0 HTTP/1.1" 200 2
186.29.51.95 - - [24/Jan/2015:21:05:21 -0500] "POST /forms/lservlet;jsessionid=ac16012b30d55ba1efe64b764c6f90529e1d1d96dc05.e3iSbxaKaheRe38RbNmLa3mSc41ynknvrkLOlQzNp65In0 HTTP/1.1" 200 2
186.29.51.95 - - [24/Jan/2015:21:05:27 -0500] "POST /forest/usutareas.do? HTTP/1.1" 200 76
186.29.51.95 - - [24/Jan/2015:21:05:30 -0500] "GET /forest/usutareas.do?group_system_actual=3&a=0.06683319713920355 HTTP/1.1" 200 150498
186.29.51.95 - - [24/Jan/2015:21:05:31 -0500] "GET /forest/session.jsp?a=0.7576862282585353 HTTP/1.1" 200 4
186.29.51.95 - - [24/Jan/2015:21:05:31 -0500] "GET /forest/actions/forms.getMappedValues?id=NUMTER45&value=0899999061-9&codForm=contec&a=0.17393428273499012 HTTP/1.1" 200 124
186.29.51.95 - - [24/Jan/2015:21:05:36 -0500] "GET /forest/usudocumentos.do?_a=0.2455354288686067&group_system_actual=3 HTTP/1.1" 200 101921
186.29.51.95 - - [24/Jan/2015:21:05:40 -0500] "GET /forest/session.jsp?a=0.2702056330163032 HTTP/1.1" 200 4
66.249.67.75 - - [24/Jan/2015:21:05:42 -0500] "GET /BLA/resoluciones/RESOLUCIONES%202011/1500.pdf HTTP/1.1" 304 -
181.50.241.109 - - [24/Jan/2015:21:05:51 -0500] "POST /forms/lservlet;jsessionid=ac16012b30d5f4158fd8302e4190874cba71654cc2bf.e3iSbxaKaheRe38RbNmLa3mSc41ynknvrkLOlQzNp65In0 HTTP/1.1" 200 2
186.29.51.95 - - [24/Jan/2015:21:05:51 -0500] "GET /forest/borrador/1615273/CT%20emergencia2%202015-01-24%2009:01%20PM.docx HTTP/1.1" 200 40720
186.29.51.95 - - [24/Jan/2015:21:05:53 -0500] "GET /forest/usutareas.do?_a=0.560646660393104&group_system_actual=3 HTTP/1.1" 200 150498
186.29.51.95 - - [24/Jan/2015:21:05:55 -0500] "GET /forest/session.jsp?a=0.6931065514218062 HTTP/1.1" 200 4
186.29.51.95 - - [24/Jan/2015:21:05:55 -0500] "GET /forest/actions/forms.getMappedValues?id=NUMTER45&value=0899999061-9&codForm=contec&a=0.2678984210360795 HTTP/1.1" 200 124
188.186.116.134 - - [24/Jan/2015:21:07:00 -0500] "GET / HTTP/1.0" 302 -
181.54.232.60 - - [24/Jan/2015:21:07:20 -0500] "POST /forms/lservlet;jsessionid=ac16012b30d5bdd70aafdce148629443f41b7eff01ca.e3iSbxaKaheRe38RbNmLa3mSc41ynknvrkLOlQzNp65In0 HTTP/1.1" 200 2
179.12.82.26 - - [24/Jan/2015:21:07:37 -0500] "GET /webfilesda/skins/gdocs-jar/forms/form.jsp?codForm=WF_forma_wizard&_a=0.6388656334020197 HTTP/1.1" 200 4284
179.12.82.26 - - [24/Jan/2015:21:07:37 -0500] "GET /webfilesda/skins/gdocs-jar/forms/form.jsp?codForm=WF_forma_wizard&_a=0.6388656334020197 HTTP/1.1" 200 4284
179.12.82.26 - - [24/Jan/2015:21:07:37 -0500] "GET /webfilesda/session.jsp?a=0.7372997147031128&a=0.44856037851423025 HTTP/1.1" 200 5
179.12.82.26 - - [24/Jan/2015:21:07:37 -0500] "POST /webfilesda/actions/forms.execFormRule?&a=0.309075053781271 HTTP/1.1" 200 106
179.12.82.26 - - [24/Jan/2015:21:07:37 -0500] "GET /webfilesda/skins/gdocs-jar/forms/form.jsp?codForm=WF_tplTramiteRad&_a=0.38447992713190615 HTTP/1.1" 200 4284
179.12.82.26 - - [24/Jan/2015:21:07:37 -0500] "GET /webfilesda/1ibre/jscalendar/calendar-win2k-1.css HTTP/1.1" 304 -
179.12.82.26 - - [24/Jan/2015:21:07:37 -0500] "GET /webfilesda/skins/gdocs-jar/css/dialog.css HTTP/1.1" 304 -
179.12.82.26 - - [24/Jan/2015:21:07:37 -0500] "GET /webfilesda/1ibre/jscalendar/calendar.js HTTP/1.1" 304 -
179.12.82.26 - - [24/Jan/2015:21:07:37 -0500] "GET /webfilesda/1ibre/jscalendar/lang/calendar-es.js HTTP/1.1" 304 -
179.12.82.26 - - [24/Jan/2015:21:07:37 -0500] "GET /webfilesda/1ibre/jscalendar/calendar-setup.js HTTP/1.1" 304 -
179.12.82.26 - - [24/Jan/2015:21:07:37 -0500] "GET /webfilesda/skins/gdocs-jar/js/common.js?version= HTTP/1.1" 304 -
179.12.82.26 - - [24/Jan/2015:21:07:37 -0500] "GET /webfilesda/skins/gdocs-jar/js/index.js?version= HTTP/1.1" 304 -
179.12.82.26 - - [24/Jan/2015:21:07:37 -0500] "GET /webfilesda/jsoptimized/gz/js/formasCache/WF_forma_wizard.js?hora=1422052796000 HTTP/1.1" 304 -
179.12.82.26 - - [24/Jan/2015:21:07:37 -0500] "GET /webfilesda/jsoptimized/gz/js/formasCache/WF_tplTramiteRad.js?hora=1422052796000 HTTP/1.1" 304 -
179.12.82.26 - - [24/Jan/2015:21:07:39 -0500] "GET /webfilesda/1ibre/1ibre.css HTTP/1.1" 304 -
179.12.82.26 - - [24/Jan/2015:21:07:39 -0500] "GET /webfilesda/forms-plus/jsLinb4.0/runtime/jsLinb/appearance/default/theme.css HTTP/1.1" 304 -
179.12.82.26 - - [24/Jan/2015:21:07:40 -0500] "GET /webfilesda/forms-plus/jsLinb4.0/runtime/jsLinb/appearance/default/Tabs/line.gif HTTP/1.1" 304 -
179.12.82.26 - - [24/Jan/2015:21:07:40 -0500] "GET /webfilesda/forms-plus/jsLinb4.0/runtime/jsLinb/appearance/default/Public/button.gif HTTP/1.1" 304 -
179.12.82.26 - - [24/Jan/2015:21:07:40 -0500] "GET /webfilesda/forms-plus/jsLinb4.0/runtime/jsLinb/appearance/default/Public/icons.gif HTTP/1.1" 304 -
179.12.82.26 - - [24/Jan/2015:21:07:40 -0500] "GET /webfilesda/img/demo.gif HTTP/1.1" 304 -
179.12.82.26 - - [24/Jan/2015:21:07:40 -0500] "GET /webfilesda/forms-plus/jsLinb4.0/runtime/jsLinb/bg.gif HTTP/1.1" 304 -
179.12.82.26 - - [24/Jan/2015:21:07:40 -0500] "GET /webfilesda/forms-plus/jsLinb4.0/runtime/jsLinb/appearance/default/Input/inputbg.gif HTTP/1.1" 304 -
179.12.82.26 - - [24/Jan/2015:21:07:40 -0500] "GET /webfilesda/forms-plus/jsLinb4.0/runtime/jsLinb/appearance/default/ComboInput/bg.gif HTTP/1.1" 304 -
179.12.82.26 - - [24/Jan/2015:21:07:40 -0500] "GET /webfilesda/forms-plus/jsLinb4.0/runtime/jsLinb/appearance/default/Button/horizontal.gif HTTP/1.1" 304 -
179.12.82.26 - - [24/Jan/2015:21:07:40 -0500] "GET /webfilesda/forms-plus/jsLinb4.0/runtime/jsLinb/appearance/default/Button/vertical.gif HTTP/1.1" 304 -
179.12.82.26 - - [24/Jan/2015:21:07:40 -0500] "GET /webfilesda/forms-plus/jsLinb4.0/runtime/jsLinb/appearance/default/Button/corner.gif HTTP/1.1" 304 -
181.50.241.109 - - [24/Jan/2015:21:07:51 -0500] "POST /forms/lservlet;jsessionid=ac16012b30d5f4158fd8302e4190874cba71654cc2bf.e3iSbxaKaheRe38RbNmLa3mSc41ynknvrkLOlQzNp65In0 HTTP/1.1" 200 2
201.244.172.185 - - [24/Jan/2015:21:07:52 -0500] "POST /forms/lservlet;jsessionid=ac16012b30d55ba1efe64b764c6f90529e1d1d96dc05.e3iSbxaKaheRe38RbNmLa3mSc41ynknvrkLOlQzNp65In0 HTTP/1.1" 200 2
201.244.172.185 - - [24/Jan/2015:21:08:00 -0500] "GET /forest/ HTTP/1.1" 200 51425
201.244.172.185 - - [24/Jan/2015:21:08:01 -0500] "GET /forest/session.jsp?a=0.29215673077851534 HTTP/1.1" 200 4
201.244.172.185 - - [24/Jan/2015:21:08:02 -0500] "GET /forest/misactividades.do?group_system_actual=3&codPro=233&_a=0.27534449586471166 HTTP/1.1" 200 38203
201.244.172.185 - - [24/Jan/2015:21:08:03 -0500] "GET /forest/session.jsp?a=0.743383266730234 HTTP/1.1" 200 4
201.244.172.185 - - [24/Jan/2015:21:08:03 -0500] "POST /forest/misactividades.do?ajax=true&a=0.5193539697211236 HTTP/1.1" 200 13372
201.244.172.185 - - [24/Jan/2015:21:08:05 -0500] "GET /forest/usutareas.do?_a=0.26976564805954695&group_system_actual=3 HTTP/1.1" 200 150497
201.244.172.185 - - [24/Jan/2015:21:08:07 -0500] "GET /forest/session.jsp?a=0.6308110961690545 HTTP/1.1" 200 4
201.244.172.185 - - [24/Jan/2015:21:08:08 -0500] "GET /forest/actions/forms.getMappedValues?id=NUMTER45&value=0899999061-9&codForm=contec&a=0.6531113521195948 HTTP/1.1" 200 124
188.165.15.208 - - [24/Jan/2015:21:08:11 -0500] "GET /BLA/resoluciones/RESOLUCIONES%202005/RES%202005%201501-1550/00001522.tif HTTP/1.1" 200 136230
201.244.172.185 - - [24/Jan/2015:21:08:12 -0500] "GET /forest/usudocumentos.do?_a=0.39441195223480463&group_system_actual=3 HTTP/1.1" 200 101921
201.244.172.185 - - [24/Jan/2015:21:08:16 -0500] "GET /forest/session.jsp?a=0.5656563872471452 HTTP/1.1" 200 4
201.244.172.185 - - [24/Jan/2015:21:08:17 -0500] "GET /forest/usutareas.do?_a=0.05391295556910336&group_system_actual=3 HTTP/1.1" 200 150498
201.244.172.185 - - [24/Jan/2015:21:08:18 -0500] "GET /forest/session.jsp?a=0.4505898877978325 HTTP/1.1" 200 4
201.244.172.185 - - [24/Jan/2015:21:08:19 -0500] "GET /forest/actions/forms.getMappedValues?id=NUMTER45&value=0899999061-9&codForm=contec&a=0.5519351419061422 HTTP/1.1" 200 124
201.244.172.185 - - [24/Jan/2015:21:08:22 -0500] "GET /forest/actions/forms.getList?codForm=contec&id=funcionariodest228&text=Maria%20Claudia%20Gonzalez%20Penagos HTTP/1.1" 200 67
201.244.172.185 - - [24/Jan/2015:21:08:23 -0500] "GET /forest/actions/forms.getList?codForm=contec&id=funcionariodest228&text=g HTTP/1.1" 200 1175
201.244.172.185 - - [24/Jan/2015:21:08:23 -0500] "GET /forest/actions/forms.getList?codForm=contec&id=funcionariodest228&text=gl HTTP/1.1" 200 1114
201.244.172.185 - - [24/Jan/2015:21:08:23 -0500] "GET /forest/actions/forms.getList?codForm=contec&id=funcionariodest228&text=glo HTTP/1.1" 200 1030
201.244.172.185 - - [24/Jan/2015:21:08:24 -0500] "GET /forest/actions/forms.getList?codForm=contec&id=funcionariodest228&text=glor HTTP/1.1" 200 986
201.244.172.185 - - [24/Jan/2015:21:08:24 -0500] "GET /forest/actions/forms.getList?codForm=contec&id=funcionariodest228&text=glori HTTP/1.1" 200 986
201.244.172.185 - - [24/Jan/2015:21:08:24 -0500] "GET /forest/actions/forms.getList?codForm=contec&id=funcionariodest228&text=gloria HTTP/1.1" 200 986
201.244.172.185 - - [24/Jan/2015:21:08:24 -0500] "GET /forest/actions/forms.getList?codForm=contec&id=funcionariodest228&text=gloria%20 HTTP/1.1" 200 1082
201.244.172.185 - - [24/Jan/2015:21:08:26 -0500] "GET /forest/actions/forms.getList?codForm=contec&id=funcionariodest228&text=gloria%20p HTTP/1.1" 200 124
201.244.172.185 - - [24/Jan/2015:21:08:26 -0500] "GET /forest/actions/forms.getList?codForm=contec&id=funcionariodest228&text=gloria%20pa HTTP/1.1" 200 124
201.244.172.185 - - [24/Jan/2015:21:08:26 -0500] "GET /forest/actions/forms.getList?codForm=contec&id=funcionariodest228&text=gloria%20pat HTTP/1.1" 200 61
201.244.172.185 - - [24/Jan/2015:21:08:27 -0500] "GET /forest/actions/forms.getList?codForm=contec&id=funcionariodest228&text=gloria%20patr HTTP/1.1" 200 61
201.244.172.185 - - [24/Jan/2015:21:08:27 -0500] "GET /forest/actions/forms.getList?codForm=contec&id=funcionariodest228&text=gloria%20patri HTTP/1.1" 200 61
201.244.172.185 - - [24/Jan/2015:21:08:30 -0500] "POST /forest/usutareas.do? HTTP/1.1" 200 76
66.249.67.83 - - [24/Jan/2015:21:08:38 -0500] "GET /BLA/resoluciones/RESOLUCIONES%202011/0578.pdf HTTP/1.1" 200 76937
74.86.158.107 - - [24/Jan/2015:21:08:45 -0500] "GET / HTTP/1.1" 302 -
201.244.172.185 - - [24/Jan/2015:21:09:05 -0500] "GET /forest/usutareas.do?group_system_actual=3&a=0.4631994292140007 HTTP/1.1" 200 19543
201.244.172.185 - - [24/Jan/2015:21:09:06 -0500] "GET /forest/session.jsp?a=0.7550879612099379 HTTP/1.1" 200 4
201.244.172.185 - - [24/Jan/2015:21:09:07 -0500] "GET /forest/misactividades.do?_a=0.7959209906402975&group_system_actual=3 HTTP/1.1" 200 37560
201.244.172.185 - - [24/Jan/2015:21:09:07 -0500] "GET /forest/session.jsp?a=0.010259419912472367 HTTP/1.1" 200 4
201.244.172.185 - - [24/Jan/2015:21:09:08 -0500] "POST /forest/misactividades.do?ajax=true&a=0.0934027056209743 HTTP/1.1" 200 13365
201.244.172.185 - - [24/Jan/2015:21:09:13 -0500] "POST /forest/misactividades.do?ajax=true&a=0.8506375700235367 HTTP/1.1" 200 1223
201.244.172.185 - - [24/Jan/2015:21:09:14 -0500] "GET /forest/usutareas.do?_a=0.6193455974571407&group_system_actual=3 HTTP/1.1" 200 258764
201.244.172.185 - - [24/Jan/2015:21:09:17 -0500] "GET /forest/session.jsp?a=0.18761730170808733 HTTP/1.1" 200 4
201.244.172.185 - - [24/Jan/2015:21:09:17 -0500] "GET /forest/actions/forms.getList?codForm=Anexo4&id=p300 HTTP/1.1" 200 136
201.244.172.185 - - [24/Jan/2015:21:09:17 -0500] "GET /forest/actions/forms.getList?codForm=Anexo4&id=p312 HTTP/1.1" 200 88
201.244.172.185 - - [24/Jan/2015:21:09:17 -0500] "GET /forest/actions/forms.getList?codForm=Anexo4&id=p368 HTTP/1.1" 200 209
181.54.232.60 - - [24/Jan/2015:21:09:20 -0500] "POST /forms/lservlet;jsessionid=ac16012b30d5bdd70aafdce148629443f41b7eff01ca.e3iSbxaKaheRe38RbNmLa3mSc41ynknvrkLOlQzNp65In0 HTTP/1.1" 200 2
186.29.51.95 - - [24/Jan/2015:21:03:32 -0500] "GET /ForestMSG_SDA/channelAsync/template_word_17354248?X-Atmosphere-tracking-id=2abdcc64-39ce-420b-2349-b0130609f981&X-Atmosphere-Framework=1.0.5&X-Atmosphere-Transport=long-polling&tabid=0.6693683597259223&X-Cache-Date=0&Content-Type=application/xml&_=1422151602676 HTTP/1.1" 200 8193
201.244.172.185 - - [24/Jan/2015:21:09:46 -0500] "POST /forest/actions/forms.sendFile HTTP/1.1" 200 114
181.50.241.109 - - [24/Jan/2015:21:09:51 -0500] "POST /forms/lservlet;jsessionid=ac16012b30d5f4158fd8302e4190874cba71654cc2bf.e3iSbxaKaheRe38RbNmLa3mSc41ynknvrkLOlQzNp65In0 HTTP/1.1" 200 2
201.244.172.185 - - [24/Jan/2015:21:09:50 -0500] "POST /forest/usutareas.do? HTTP/1.1" 200 76
201.244.172.185 - - [24/Jan/2015:21:09:52 -0500] "POST /forms/lservlet;jsessionid=ac16012b30d55ba1efe64b764c6f90529e1d1d96dc05.e3iSbxaKaheRe38RbNmLa3mSc41ynknvrkLOlQzNp65In0 HTTP/1.1" 200 2
201.244.172.185 - - [24/Jan/2015:21:09:52 -0500] "GET /forest/usutareas.do?group_system_actual=3&a=0.34574982803314924 HTTP/1.1" 200 150304
201.244.172.185 - - [24/Jan/2015:21:09:54 -0500] "GET /forest/session.jsp?a=0.015571812866255641 HTTP/1.1" 200 4
201.244.172.185 - - [24/Jan/2015:21:09:55 -0500] "GET /forest/actions/forms.getMappedValues?id=NUMTER45&value=0899999061-9&codForm=contec&a=0.5122717956546694 HTTP/1.1" 200 124
201.244.172.185 - - [24/Jan/2015:21:09:58 -0500] "GET /forest/actions/forms.getMappedValues?id=localidadvisita402&value=1&codForm=contec&a=0.6787187901791185 HTTP/1.1" 200 23
188.165.15.61 - - [24/Jan/2015:21:10:03 -0500] "GET /BLA/resoluciones/index.php?dir=RESOLUCIONES%202003/RES%202003%20801-850/&sort=name&order=asc HTTP/1.1" 200 11308
201.244.172.185 - - [24/Jan/2015:21:10:12 -0500] "GET /forest/actions/forms.getMappedValues?id=localidadvisita402&value=1&codForm=contec&a=0.22779253916814923 HTTP/1.1" 200 23
66.249.67.75 - - [24/Jan/2015:21:10:14 -0500] "GET /BLA/resoluciones/RESOLUCIONES%202012/1816.pdf HTTP/1.1" 200 458718
188.165.15.201 - - [24/Jan/2015:21:10:30 -0500] "GET /BLA/resoluciones/RESOLUCIONES%202006/RES%202006%20251-300/00000298.tif HTTP/1.1" 200 70552
201.244.172.185 - - [24/Jan/2015:21:10:54 -0500] "GET /forest/skins/gdocs-jar/popup/showReport.jsp?idr=525&proceso=3000755&__format=pdf&ct=1422151522001&_a=0.624088307376951 HTTP/1.1" 200 6884
201.244.172.185 - - [24/Jan/2015:21:10:50 -0500] "GET /forest/skins/gdocs-jar/popup/showReport.jsp?idr=524&proceso=3000755&__format=pdf&contec=1422151522001&_a=0.4717202640604228 HTTP/1.1" 200 166969
202.46.48.200 - - [24/Jan/2015:21:11:02 -0500] "GET /BLA/resoluciones/RESOLUCIONES%202007/RES%202007%203801%20AL%203900/RESOLUCION%203849%20DE%202007.pdf HTTP/1.1" 200 657300
201.244.172.185 - - [24/Jan/2015:21:11:08 -0500] "POST /forest/usutareas.do? HTTP/1.1" 200 76
201.244.172.185 - - [24/Jan/2015:21:11:10 -0500] "GET /forest/usutareas.do?group_system_actual=3&a=0.027086405316367745 HTTP/1.1" 200 150617
201.244.172.185 - - [24/Jan/2015:21:11:13 -0500] "GET /forest/session.jsp?a=0.5105981887318194 HTTP/1.1" 200 4
