201.244.172.185 - - [24/Jan/2015:21:11:13 -0500] "GET /forest/actions/forms.getMappedValues?id=NUMTER45&value=0899999061-9&codForm=contec&a=0.004758054856210947 HTTP/1.1" 200 124
201.244.172.185 - - [24/Jan/2015:21:11:15 -0500] "GET /forest/usudocumentos.do?_a=0.8565895117353648&group_system_actual=3 HTTP/1.1" 200 100966
201.244.172.185 - - [24/Jan/2015:21:11:18 -0500] "GET /forest/session.jsp?a=0.1477160023059696 HTTP/1.1" 200 4
181.54.232.60 - - [24/Jan/2015:21:11:21 -0500] "POST /forms/lservlet;jsessionid=ac16012b30d5bdd70aafdce148629443f41b7eff01ca.e3iSbxaKaheRe38RbNmLa3mSc41ynknvrkLOlQzNp65In0 HTTP/1.1" 200 2
201.244.172.185 - - [24/Jan/2015:21:11:24 -0500] "GET /forest/borrador/1615275/CT%20emergencia2%202015-01-24%2009:07%20PM.docx HTTP/1.1" 200 40660
201.244.172.185 - - [24/Jan/2015:21:11:27 -0500] "GET /forest/usutareas.do?_a=0.04301952291280031&group_system_actual=3 HTTP/1.1" 200 150617
201.244.172.185 - - [24/Jan/2015:21:11:28 -0500] "GET /forest/session.jsp?a=0.20595453074201941 HTTP/1.1" 200 4
201.244.172.185 - - [24/Jan/2015:21:11:28 -0500] "GET /forest/actions/forms.getMappedValues?id=NUMTER45&value=0899999061-9&codForm=contec&a=0.2874365064781159 HTTP/1.1" 200 124
66.249.67.111 - - [24/Jan/2015:21:11:34 -0500] "GET /Residuos/curtiembres/curtiembres.swf?pageNumber= HTTP/1.1" 404 1019
201.244.172.185 - - [24/Jan/2015:21:11:47 -0500] "GET /forest/actions/forms.getList?codForm=contec&id=funcionariodest228&text=Maria%20Claudia%20Gonzalez%20Penagos HTTP/1.1" 200 67
180.76.6.140 - - [24/Jan/2015:21:11:48 -0500] "GET /BLA/resoluciones/RESOLUCIONES%202008/2747.pdf HTTP/1.1" 200 196547
201.244.172.185 - - [24/Jan/2015:21:11:49 -0500] "GET /forest/actions/forms.getList?codForm=contec&id=funcionariodest228&text=g HTTP/1.1" 200 1175
201.244.172.185 - - [24/Jan/2015:21:11:50 -0500] "GET /forest/actions/forms.getList?codForm=contec&id=funcionariodest228&text=gl HTTP/1.1" 200 1114
201.244.172.185 - - [24/Jan/2015:21:11:50 -0500] "GET /forest/actions/forms.getList?codForm=contec&id=funcionariodest228&text=glo HTTP/1.1" 200 1030
201.244.172.185 - - [24/Jan/2015:21:11:50 -0500] "GET /forest/actions/forms.getList?codForm=contec&id=funcionariodest228&text=glor HTTP/1.1" 200 986
201.244.172.185 - - [24/Jan/2015:21:11:50 -0500] "GET /forest/actions/forms.getList?codForm=contec&id=funcionariodest228&text=glori HTTP/1.1" 200 986
201.244.172.185 - - [24/Jan/2015:21:11:50 -0500] "GET /forest/actions/forms.getList?codForm=contec&id=funcionariodest228&text=gloria HTTP/1.1" 200 986
201.244.172.185 - - [24/Jan/2015:21:11:51 -0500] "GET /forest/actions/forms.getList?codForm=contec&id=funcionariodest228&text=gloria%20 HTTP/1.1" 200 1082
201.244.172.185 - - [24/Jan/2015:21:11:51 -0500] "GET /forest/actions/forms.getList?codForm=contec&id=funcionariodest228&text=gloria%20p HTTP/1.1" 200 124
181.50.241.109 - - [24/Jan/2015:21:11:51 -0500] "POST /forms/lservlet;jsessionid=ac16012b30d5f4158fd8302e4190874cba71654cc2bf.e3iSbxaKaheRe38RbNmLa3mSc41ynknvrkLOlQzNp65In0 HTTP/1.1" 200 2
201.244.172.185 - - [24/Jan/2015:21:11:53 -0500] "POST /forms/lservlet;jsessionid=ac16012b30d55ba1efe64b764c6f90529e1d1d96dc05.e3iSbxaKaheRe38RbNmLa3mSc41ynknvrkLOlQzNp65In0 HTTP/1.1" 200 2
201.244.172.185 - - [24/Jan/2015:21:11:55 -0500] "POST /forest/usutareas.do? HTTP/1.1" 200 76
201.244.172.185 - - [24/Jan/2015:21:12:14 -0500] "GET /forest/usutareas.do?group_system_actual=3&a=0.26233698753640056 HTTP/1.1" 200 19541
201.244.172.185 - - [24/Jan/2015:21:12:14 -0500] "GET /forest/session.jsp?a=0.8883481083903462 HTTP/1.1" 200 4
201.244.172.185 - - [24/Jan/2015:21:12:16 -0500] "GET /forest/misactividades.do?_a=0.765675037400797&group_system_actual=3 HTTP/1.1" 200 37560
201.244.172.185 - - [24/Jan/2015:21:12:17 -0500] "GET /forest/session.jsp?a=0.35178950265981257 HTTP/1.1" 200 4
201.244.172.185 - - [24/Jan/2015:21:12:17 -0500] "POST /forest/misactividades.do?ajax=true&a=0.6139858090318739 HTTP/1.1" 200 56
201.244.172.185 - - [24/Jan/2015:21:12:22 -0500] "POST /forest/misactividades.do?ajax=true&a=0.32214627088978887 HTTP/1.1" 200 1195
66.249.67.75 - - [24/Jan/2015:21:12:30 -0500] "GET /BLA/resoluciones/RESOLUCIONES%202008/4172.pdf HTTP/1.1" 304 -
201.244.172.185 - - [24/Jan/2015:21:12:38 -0500] "GET /forest/usutareas.do?_a=0.7003771071322262&group_system_actual=3 HTTP/1.1" 200 260525
201.244.172.185 - - [24/Jan/2015:21:12:42 -0500] "GET /forest/session.jsp?a=0.7621928015723825 HTTP/1.1" 200 4
201.244.172.185 - - [24/Jan/2015:21:12:42 -0500] "GET /forest/actions/forms.getList?codForm=Anexo4&id=p300 HTTP/1.1" 200 136
201.244.172.185 - - [24/Jan/2015:21:12:42 -0500] "GET /forest/actions/forms.getList?codForm=Anexo4&id=p312 HTTP/1.1" 200 88
201.244.172.185 - - [24/Jan/2015:21:12:42 -0500] "GET /forest/actions/forms.getList?codForm=Anexo4&id=p368 HTTP/1.1" 200 209
66.249.67.75 - - [24/Jan/2015:21:12:59 -0500] "GET /BLA/resoluciones/RESOLUCIONES%202004/RES%202004%2001-%2050/00000031.tif HTTP/1.1" 200 96368
201.244.172.185 - - [24/Jan/2015:21:13:03 -0500] "POST /forest/actions/forms.sendFile HTTP/1.1" 200 114
201.244.172.185 - - [24/Jan/2015:21:13:08 -0500] "POST /forest/usutareas.do? HTTP/1.1" 200 76
201.244.172.185 - - [24/Jan/2015:21:13:10 -0500] "GET /forest/usutareas.do?group_system_actual=3&a=0.7904275290202349 HTTP/1.1" 200 150239
201.244.172.185 - - [24/Jan/2015:21:13:12 -0500] "GET /forest/session.jsp?a=0.2912094278726727 HTTP/1.1" 200 4
201.244.172.185 - - [24/Jan/2015:21:13:12 -0500] "GET /forest/actions/forms.getMappedValues?id=NUMTER45&value=0899999061-9&codForm=contec&a=0.075989811681211 HTTP/1.1" 200 124
201.244.172.185 - - [24/Jan/2015:21:13:17 -0500] "GET /forest/actions/forms.getMappedValues?id=localidadvisita402&value=16&codForm=contec&a=0.623982495162636 HTTP/1.1" 200 24
181.54.232.60 - - [24/Jan/2015:21:13:21 -0500] "POST /forms/lservlet;jsessionid=ac16012b30d5bdd70aafdce148629443f41b7eff01ca.e3iSbxaKaheRe38RbNmLa3mSc41ynknvrkLOlQzNp65In0 HTTP/1.1" 200 2
201.244.172.185 - - [24/Jan/2015:21:13:29 -0500] "GET /forest/skins/gdocs-jar/popup/showReport.jsp?idr=524&proceso=3000848&__format=pdf&contec=1422151725001&_a=0.9649952368345112 HTTP/1.1" 200 162844
74.86.158.107 - - [24/Jan/2015:21:13:45 -0500] "GET / HTTP/1.1" 302 -
181.50.241.109 - - [24/Jan/2015:21:13:51 -0500] "POST /forms/lservlet;jsessionid=ac16012b30d5f4158fd8302e4190874cba71654cc2bf.e3iSbxaKaheRe38RbNmLa3mSc41ynknvrkLOlQzNp65In0 HTTP/1.1" 200 2
201.244.172.185 - - [24/Jan/2015:21:13:53 -0500] "POST /forms/lservlet;jsessionid=ac16012b30d55ba1efe64b764c6f90529e1d1d96dc05.e3iSbxaKaheRe38RbNmLa3mSc41ynknvrkLOlQzNp65In0 HTTP/1.1" 200 2
201.244.172.185 - - [24/Jan/2015:21:14:41 -0500] "POST /forest/usutareas.do? HTTP/1.1" 200 76
66.249.67.83 - - [24/Jan/2015:21:14:46 -0500] "GET /autoliquidacion/Grupo%20Forestal%20-%20Industria%20de%20la%20Madera/Solicitud%20de%20Salvoconducto%20de%20movilizaci%C3%B3n%20flora.pdf HTTP/1.1" 304 -
201.244.172.185 - - [24/Jan/2015:21:14:45 -0500] "GET /forest/usutareas.do?group_system_actual=3&a=0.2732321093790233 HTTP/1.1" 200 150554
201.244.172.185 - - [24/Jan/2015:21:14:47 -0500] "GET /forest/session.jsp?a=0.06705937418155372 HTTP/1.1" 200 4
201.244.172.185 - - [24/Jan/2015:21:14:47 -0500] "GET /forest/actions/forms.getMappedValues?id=NUMTER45&value=0899999061-9&codForm=contec&a=0.29054356273263693 HTTP/1.1" 200 124
201.244.172.185 - - [24/Jan/2015:21:14:48 -0500] "GET /forest/usudocumentos.do?_a=0.10368057899177074&group_system_actual=3 HTTP/1.1" 200 101913
201.244.172.185 - - [24/Jan/2015:21:14:52 -0500] "GET /forest/session.jsp?a=0.14006921323016286 HTTP/1.1" 200 4
201.244.172.185 - - [24/Jan/2015:21:14:55 -0500] "GET /forest/borrador/1615277/CT%20emergencia2%202015-01-24%2009:10%20PM.docx HTTP/1.1" 200 40733
201.244.172.185 - - [24/Jan/2015:21:14:57 -0500] "GET /forest/usutareas.do?_a=0.4107320732437074&group_system_actual=3 HTTP/1.1" 200 150554
201.244.172.185 - - [24/Jan/2015:21:14:59 -0500] "GET /forest/session.jsp?a=0.252062059706077 HTTP/1.1" 200 4
201.244.172.185 - - [24/Jan/2015:21:15:00 -0500] "GET /forest/actions/forms.getMappedValues?id=NUMTER45&value=0899999061-9&codForm=contec&a=0.9046413123141974 HTTP/1.1" 200 124
66.249.67.103 - - [24/Jan/2015:21:15:15 -0500] "GET /pga/ane2.doc HTTP/1.1" 404 1019
201.244.172.185 - - [24/Jan/2015:21:09:16 -0500] "GET /ForestMSG_SDA/channelAsync/template_word_17354285?X-Atmosphere-tracking-id=cdb7e894-656f-78e8-4430-47e61b29bd95&X-Atmosphere-Framework=1.0.5&X-Atmosphere-Transport=long-polling&tabid=0.7458972146268934&X-Cache-Date=0&Content-Type=application/xml&_=1422151946207 HTTP/1.1" 200 8193
201.244.172.185 - - [24/Jan/2015:21:15:16 -0500] "GET /forest/actions/forms.getList?codForm=contec&id=funcionariodest228&text=Maria%20Claudia%20Gonzalez%20Penagos HTTP/1.1" 200 67
201.244.172.185 - - [24/Jan/2015:21:15:17 -0500] "GET /forest/actions/forms.getList?codForm=contec&id=funcionariodest228&text=g HTTP/1.1" 200 1175
201.244.172.185 - - [24/Jan/2015:21:15:17 -0500] "GET /forest/actions/forms.getList?codForm=contec&id=funcionariodest228&text=gl HTTP/1.1" 200 1114
201.244.172.185 - - [24/Jan/2015:21:15:17 -0500] "GET /forest/actions/forms.getList?codForm=contec&id=funcionariodest228&text=glo HTTP/1.1" 200 1030
201.244.172.185 - - [24/Jan/2015:21:15:17 -0500] "GET /forest/actions/forms.getList?codForm=contec&id=funcionariodest228&text=glor HTTP/1.1" 200 986
201.244.172.185 - - [24/Jan/2015:21:15:17 -0500] "GET /forest/actions/forms.getList?codForm=contec&id=funcionariodest228&text=glori HTTP/1.1" 200 986
201.244.172.185 - - [24/Jan/2015:21:15:18 -0500] "GET /forest/actions/forms.getList?codForm=contec&id=funcionariodest228&text=glori%20 HTTP/1.1" 200 2
201.244.172.185 - - [24/Jan/2015:21:15:18 -0500] "GET /forest/actions/forms.getList?codForm=contec&id=funcionariodest228&text=glori HTTP/1.1" 200 986
201.244.172.185 - - [24/Jan/2015:21:15:18 -0500] "GET /forest/actions/forms.getList?codForm=contec&id=funcionariodest228&text=gloria HTTP/1.1" 200 986
188.165.15.201 - - [24/Jan/2015:21:15:19 -0500] "GET /BLA/resoluciones/RESOLUCIONES%202005/RES%202005%201101-1150/INDEX.DAT HTTP/1.1" 200 2000
201.244.172.185 - - [24/Jan/2015:21:15:19 -0500] "GET /forest/actions/forms.getList?codForm=contec&id=funcionariodest228&text=gloria%20 HTTP/1.1" 200 1082
201.244.172.185 - - [24/Jan/2015:21:15:19 -0500] "GET /forest/actions/forms.getList?codForm=contec&id=funcionariodest228&text=gloria%20p HTTP/1.1" 200 124
201.244.172.185 - - [24/Jan/2015:21:15:19 -0500] "GET /forest/actions/forms.getList?codForm=contec&id=funcionariodest228&text=gloria%20pa HTTP/1.1" 200 124
201.244.172.185 - - [24/Jan/2015:21:15:20 -0500] "GET /forest/actions/forms.getList?codForm=contec&id=funcionariodest228&text=gloria%20pat HTTP/1.1" 200 61
201.244.172.185 - - [24/Jan/2015:21:15:20 -0500] "GET /forest/actions/forms.getList?codForm=contec&id=funcionariodest228&text=gloria%20patr HTTP/1.1" 200 61
201.244.172.185 - - [24/Jan/2015:21:15:20 -0500] "GET /forest/actions/forms.getList?codForm=contec&id=funcionariodest228&text=gloria%20patri HTTP/1.1" 200 61
181.54.232.60 - - [24/Jan/2015:21:15:21 -0500] "POST /forms/lservlet;jsessionid=ac16012b30d5bdd70aafdce148629443f41b7eff01ca.e3iSbxaKaheRe38RbNmLa3mSc41ynknvrkLOlQzNp65In0 HTTP/1.1" 200 2
201.244.172.185 - - [24/Jan/2015:21:15:22 -0500] "POST /forest/usutareas.do? HTTP/1.1" 200 76
201.244.172.185 - - [24/Jan/2015:21:15:46 -0500] "GET /forest/usutareas.do?group_system_actual=3&a=0.42120263050310314 HTTP/1.1" 200 19541
201.244.172.185 - - [24/Jan/2015:21:15:47 -0500] "GET /forest/session.jsp?a=0.9842033542227 HTTP/1.1" 200 4
181.50.241.109 - - [24/Jan/2015:21:15:51 -0500] "POST /forms/lservlet;jsessionid=ac16012b30d5f4158fd8302e4190874cba71654cc2bf.e3iSbxaKaheRe38RbNmLa3mSc41ynknvrkLOlQzNp65In0 HTTP/1.1" 200 2
201.244.172.185 - - [24/Jan/2015:21:15:51 -0500] "GET /forest/misactividades.do?_a=0.3404675079509616&group_system_actual=3 HTTP/1.1" 200 37560
201.244.172.185 - - [24/Jan/2015:21:15:52 -0500] "GET /forest/session.jsp?a=0.7852605665102601 HTTP/1.1" 200 4
201.244.172.185 - - [24/Jan/2015:21:15:52 -0500] "POST /forest/misactividades.do?ajax=true&a=0.24429517076350749 HTTP/1.1" 200 56
201.244.172.185 - - [24/Jan/2015:21:15:53 -0500] "POST /forms/lservlet;jsessionid=ac16012b30d55ba1efe64b764c6f90529e1d1d96dc05.e3iSbxaKaheRe38RbNmLa3mSc41ynknvrkLOlQzNp65In0 HTTP/1.1" 200 2
201.244.172.185 - - [24/Jan/2015:21:15:54 -0500] "POST /forest/misactividades.do?ajax=true&a=0.21085754362866282 HTTP/1.1" 200 1196
201.244.172.185 - - [24/Jan/2015:21:15:57 -0500] "GET /forest/usutareas.do?_a=0.8561209898907691&group_system_actual=3 HTTP/1.1" 200 260477
201.244.172.185 - - [24/Jan/2015:21:15:59 -0500] "GET /forest/session.jsp?a=0.5847496436908841 HTTP/1.1" 200 4
201.244.172.185 - - [24/Jan/2015:21:15:59 -0500] "GET /forest/actions/forms.getList?codForm=Anexo4&id=p300 HTTP/1.1" 200 136
201.244.172.185 - - [24/Jan/2015:21:15:59 -0500] "GET /forest/actions/forms.getList?codForm=Anexo4&id=p312 HTTP/1.1" 200 88
201.244.172.185 - - [24/Jan/2015:21:15:59 -0500] "GET /forest/actions/forms.getList?codForm=Anexo4&id=p368 HTTP/1.1" 200 209
180.76.6.60 - - [24/Jan/2015:21:16:39 -0500] "GET /BLA/boletinlegal;jsessionid=99AF96950918B3FAF511510C393BC687?/? HTTP/1.1" 404 1018
66.249.67.83 - - [24/Jan/2015:21:17:01 -0500] "GET /BLA/resoluciones/RESOLUCIONES%202011/6409.pdf HTTP/1.1" 304 -
181.54.232.60 - - [24/Jan/2015:21:17:21 -0500] "POST /forms/lservlet;jsessionid=ac16012b30d5bdd70aafdce148629443f41b7eff01ca.e3iSbxaKaheRe38RbNmLa3mSc41ynknvrkLOlQzNp65In0 HTTP/1.1" 200 2
201.244.172.185 - - [24/Jan/2015:21:17:34 -0500] "POST /forest/actions/forms.sendFile HTTP/1.1" 200 114
201.244.172.185 - - [24/Jan/2015:21:17:39 -0500] "POST /forest/usutareas.do? HTTP/1.1" 200 76
201.244.172.185 - - [24/Jan/2015:21:17:42 -0500] "GET /forest/usutareas.do?group_system_actual=3&a=0.3567313263192773 HTTP/1.1" 200 150289
201.244.172.185 - - [24/Jan/2015:21:17:43 -0500] "GET /forest/session.jsp?a=0.6479940547142178 HTTP/1.1" 200 4
201.244.172.185 - - [24/Jan/2015:21:17:43 -0500] "GET /forest/actions/forms.getMappedValues?id=NUMTER45&value=0899999061-9&codForm=contec&a=0.6280199107713997 HTTP/1.1" 200 124
201.244.172.185 - - [24/Jan/2015:21:17:46 -0500] "GET /forest/actions/forms.getMappedValues?id=localidadvisita402&value=11&codForm=contec&a=0.7339707324281335 HTTP/1.1" 200 24
181.50.241.109 - - [24/Jan/2015:21:17:51 -0500] "POST /forms/lservlet;jsessionid=ac16012b30d5f4158fd8302e4190874cba71654cc2bf.e3iSbxaKaheRe38RbNmLa3mSc41ynknvrkLOlQzNp65In0 HTTP/1.1" 200 2
201.244.172.185 - - [24/Jan/2015:21:17:53 -0500] "POST /forms/lservlet;jsessionid=ac16012b30d55ba1efe64b764c6f90529e1d1d96dc05.e3iSbxaKaheRe38RbNmLa3mSc41ynknvrkLOlQzNp65In0 HTTP/1.1" 200 2
201.244.172.185 - - [24/Jan/2015:21:17:57 -0500] "GET /forest/skins/gdocs-jar/popup/showReport.jsp?idr=524&proceso=3000782&__format=pdf&contec=1422151924001&_a=0.8812391143292189 HTTP/1.1" 200 180778
201.244.172.185 - - [24/Jan/2015:21:18:24 -0500] "POST /forest/usutareas.do? HTTP/1.1" 200 76
201.244.172.185 - - [24/Jan/2015:21:18:26 -0500] "GET /forest/usutareas.do?group_system_actual=3&a=0.8397808538284153 HTTP/1.1" 200 150494
201.244.172.185 - - [24/Jan/2015:21:18:27 -0500] "GET /forest/session.jsp?a=0.9662050325423479 HTTP/1.1" 200 4
201.244.172.185 - - [24/Jan/2015:21:18:28 -0500] "GET /forest/actions/forms.getMappedValues?id=NUMTER45&value=0899999061-9&codForm=contec&a=0.43999169929884374 HTTP/1.1" 200 124
201.244.172.185 - - [24/Jan/2015:21:18:29 -0500] "GET /forest/usudocumentos.do?_a=0.15518399374559522&group_system_actual=3 HTTP/1.1" 200 101913
201.244.172.185 - - [24/Jan/2015:21:18:33 -0500] "GET /forest/session.jsp?a=0.4489957008045167 HTTP/1.1" 200 4
201.244.172.185 - - [24/Jan/2015:21:18:36 -0500] "GET /forest/borrador/1615279/CT%20emergencia2%202015-01-24%2009:14%20PM.docx HTTP/1.1" 200 40677
201.244.172.185 - - [24/Jan/2015:21:12:40 -0500] "GET /ForestMSG_SDA/channelAsync/template_word_17354351?X-Atmosphere-tracking-id=6eb6806a-2d08-6bd6-42a4-da3573a9eee0&X-Atmosphere-Framework=1.0.5&X-Atmosphere-Transport=long-polling&tabid=0.27256321534514427&X-Cache-Date=0&Content-Type=application/xml&_=1422152149716 HTTP/1.1" 200 8193
74.86.158.107 - - [24/Jan/2015:21:18:45 -0500] "GET / HTTP/1.1" 302 -
201.244.172.185 - - [24/Jan/2015:21:18:52 -0500] "GET /forest/usutareas.do?_a=0.5129962854553014&group_system_actual=3 HTTP/1.1" 200 150495
201.244.172.185 - - [24/Jan/2015:21:18:54 -0500] "GET /forest/session.jsp?a=0.43400125461630523 HTTP/1.1" 200 4
201.244.172.185 - - [24/Jan/2015:21:18:55 -0500] "GET /forest/actions/forms.getMappedValues?id=NUMTER45&value=0899999061-9&codForm=contec&a=0.3370781324338168 HTTP/1.1" 200 124
201.244.172.185 - - [24/Jan/2015:21:18:57 -0500] "GET /forest/actions/forms.getList?codForm=contec&id=funcionariodest228&text=Maria%20Claudia%20Gonzalez%20Penagos HTTP/1.1" 200 67
201.244.172.185 - - [24/Jan/2015:21:18:58 -0500] "GET /forest/actions/forms.getList?codForm=contec&id=funcionariodest228&text=g HTTP/1.1" 200 1175
201.244.172.185 - - [24/Jan/2015:21:18:58 -0500] "GET /forest/actions/forms.getList?codForm=contec&id=funcionariodest228&text=gl HTTP/1.1" 200 1114
201.244.172.185 - - [24/Jan/2015:21:18:59 -0500] "GET /forest/actions/forms.getList?codForm=contec&id=funcionariodest228&text=glo HTTP/1.1" 200 1030
201.244.172.185 - - [24/Jan/2015:21:18:59 -0500] "GET /forest/actions/forms.getList?codForm=contec&id=funcionariodest228&text=glor HTTP/1.1" 200 986
201.244.172.185 - - [24/Jan/2015:21:18:59 -0500] "GET /forest/actions/forms.getList?codForm=contec&id=funcionariodest228&text=glori HTTP/1.1" 200 986
201.244.172.185 - - [24/Jan/2015:21:18:59 -0500] "GET /forest/actions/forms.getList?codForm=contec&id=funcionariodest228&text=gloria HTTP/1.1" 200 986
201.244.172.185 - - [24/Jan/2015:21:18:59 -0500] "GET /forest/actions/forms.getList?codForm=contec&id=funcionariodest228&text=gloria%20 HTTP/1.1" 200 1082
201.244.172.185 - - [24/Jan/2015:21:18:59 -0500] "GET /forest/actions/forms.getList?codForm=contec&id=funcionariodest228&text=gloria%20p HTTP/1.1" 200 124
201.244.172.185 - - [24/Jan/2015:21:19:00 -0500] "GET /forest/actions/forms.getList?codForm=contec&id=funcionariodest228&text=gloria%20pa HTTP/1.1" 200 124
201.244.172.185 - - [24/Jan/2015:21:19:00 -0500] "GET /forest/actions/forms.getList?codForm=contec&id=funcionariodest228&text=gloria%20pat HTTP/1.1" 200 61
201.244.172.185 - - [24/Jan/2015:21:19:00 -0500] "GET /forest/actions/forms.getList?codForm=contec&id=funcionariodest228&text=gloria%20patr HTTP/1.1" 200 61
201.244.172.185 - - [24/Jan/2015:21:19:00 -0500] "GET /forest/actions/forms.getList?codForm=contec&id=funcionariodest228&text=gloria%20patri HTTP/1.1" 200 61
201.244.172.185 - - [24/Jan/2015:21:19:02 -0500] "POST /forest/usutareas.do? HTTP/1.1" 200 76
201.244.172.185 - - [24/Jan/2015:21:19:15 -0500] "GET /forest/usutareas.do?group_system_actual=3&a=0.339906265726313 HTTP/1.1" 200 19541
201.244.172.185 - - [24/Jan/2015:21:19:16 -0500] "GET /forest/session.jsp?a=0.8348041144199669 HTTP/1.1" 200 4
181.54.232.60 - - [24/Jan/2015:21:19:21 -0500] "POST /forms/lservlet;jsessionid=ac16012b30d5bdd70aafdce148629443f41b7eff01ca.e3iSbxaKaheRe38RbNmLa3mSc41ynknvrkLOlQzNp65In0 HTTP/1.1" 200 2
201.244.172.185 - - [24/Jan/2015:21:19:21 -0500] "GET /forest/misactividades.do?_a=0.22991083026863635&group_system_actual=3 HTTP/1.1" 200 37560
201.244.172.185 - - [24/Jan/2015:21:19:22 -0500] "GET /forest/session.jsp?a=0.7356007429771125 HTTP/1.1" 200 4
201.244.172.185 - - [24/Jan/2015:21:19:22 -0500] "POST /forest/misactividades.do?ajax=true&a=0.5893556582741439 HTTP/1.1" 200 56
201.244.172.185 - - [24/Jan/2015:21:19:24 -0500] "POST /forest/misactividades.do?ajax=true&a=0.5035037249326706 HTTP/1.1" 200 1196
201.244.172.185 - - [24/Jan/2015:21:19:26 -0500] "GET /forest/usutareas.do?_a=0.5149859513621777&group_system_actual=3 HTTP/1.1" 200 260615
201.244.172.185 - - [24/Jan/2015:21:19:28 -0500] "GET /forest/session.jsp?a=0.953218444949016 HTTP/1.1" 200 4
201.244.172.185 - - [24/Jan/2015:21:19:28 -0500] "GET /forest/actions/forms.getList?codForm=Anexo4&id=p300 HTTP/1.1" 200 136
201.244.172.185 - - [24/Jan/2015:21:19:29 -0500] "GET /forest/actions/forms.getList?codForm=Anexo4&id=p312 HTTP/1.1" 200 88
201.244.172.185 - - [24/Jan/2015:21:19:29 -0500] "GET /forest/actions/forms.getList?codForm=Anexo4&id=p368 HTTP/1.1" 200 209
66.249.67.67 - - [24/Jan/2015:21:19:40 -0500] "GET /BLA/resoluciones/RESOLUCIONES%202009/9479.pdf HTTP/1.1" 200 501686
188.165.15.200 - - [24/Jan/2015:21:19:41 -0500] "GET /BLA/resoluciones/index.php?dir=RESOLUCIONES%202004/RES%202004%20751-800/&sort=name&order=desc HTTP/1.1" 200 12052
201.244.172.185 - - [24/Jan/2015:21:19:41 -0500] "POST /forest/actions/forms.sendFile HTTP/1.1" 200 114
201.244.172.185 - - [24/Jan/2015:21:19:45 -0500] "POST /forest/usutareas.do? HTTP/1.1" 200 76
201.244.172.185 - - [24/Jan/2015:21:19:48 -0500] "GET /forest/usutareas.do?group_system_actual=3&a=0.32646099431440234 HTTP/1.1" 200 150381
201.244.172.185 - - [24/Jan/2015:21:19:49 -0500] "GET /forest/session.jsp?a=0.5688832008745521 HTTP/1.1" 200 4
201.244.172.185 - - [24/Jan/2015:21:19:49 -0500] "GET /forest/actions/forms.getMappedValues?id=NUMTER45&value=0899999061-9&codForm=contec&a=0.13639783370308578 HTTP/1.1" 200 124
181.50.241.109 - - [24/Jan/2015:21:19:51 -0500] "POST /forms/lservlet;jsessionid=ac16012b30d5f4158fd8302e4190874cba71654cc2bf.e3iSbxaKaheRe38RbNmLa3mSc41ynknvrkLOlQzNp65In0 HTTP/1.1" 200 2
201.244.172.185 - - [24/Jan/2015:21:19:53 -0500] "GET /forest/actions/forms.getMappedValues?id=localidadvisita402&value=11&codForm=contec&a=0.2862099981866777 HTTP/1.1" 200 24
201.244.172.185 - - [24/Jan/2015:21:19:53 -0500] "POST /forms/lservlet;jsessionid=ac16012b30d55ba1efe64b764c6f90529e1d1d96dc05.e3iSbxaKaheRe38RbNmLa3mSc41ynknvrkLOlQzNp65In0 HTTP/1.1" 200 2
201.244.172.185 - - [24/Jan/2015:21:19:55 -0500] "GET /forest/skins/gdocs-jar/popup/showReport.jsp?idr=524&proceso=3000824&__format=pdf&contec=1422152134001&_a=0.9370278567075729 HTTP/1.1" 200 166273
201.244.172.185 - - [24/Jan/2015:21:20:36 -0500] "POST /forest/usutareas.do? HTTP/1.1" 200 76
201.244.172.185 - - [24/Jan/2015:21:20:38 -0500] "GET /forest/usutareas.do?group_system_actual=3&a=0.3737500424031168 HTTP/1.1" 200 150587
201.244.172.185 - - [24/Jan/2015:21:20:39 -0500] "GET /forest/session.jsp?a=0.10759639786556363 HTTP/1.1" 200 4
201.244.172.185 - - [24/Jan/2015:21:20:40 -0500] "GET /forest/actions/forms.getMappedValues?id=NUMTER45&value=0899999061-9&codForm=contec&a=0.1187033501919359 HTTP/1.1" 200 124
201.244.172.185 - - [24/Jan/2015:21:20:41 -0500] "GET /forest/usudocumentos.do?_a=0.0007579638622701168&group_system_actual=3 HTTP/1.1" 200 101921
201.244.172.185 - - [24/Jan/2015:21:20:45 -0500] "GET /forest/session.jsp?a=0.9168636277318001 HTTP/1.1" 200 4
201.244.172.185 - - [24/Jan/2015:21:20:48 -0500] "GET /forest/borrador/1615281/CT%20emergencia2%202015-01-24%2009:16%20PM.docx HTTP/1.1" 200 40709
201.244.172.185 - - [24/Jan/2015:21:20:50 -0500] "GET /forest/usutareas.do?_a=0.9075983620714396&group_system_actual=3 HTTP/1.1" 200 150587
201.244.172.185 - - [24/Jan/2015:21:20:52 -0500] "GET /forest/session.jsp?a=0.9451871123164892 HTTP/1.1" 200 4
201.244.172.185 - - [24/Jan/2015:21:20:52 -0500] "GET /forest/actions/forms.getMappedValues?id=NUMTER45&value=0899999061-9&codForm=contec&a=0.32104215025901794 HTTP/1.1" 200 124
201.244.172.185 - - [24/Jan/2015:21:21:10 -0500] "GET /forest/actions/forms.getList?codForm=contec&id=funcionariodest228&text=Maria%20Claudia%20Gonzalez%20Penagos HTTP/1.1" 200 67
201.244.172.185 - - [24/Jan/2015:21:21:11 -0500] "GET /forest/actions/forms.getList?codForm=contec&id=funcionariodest228&text=g HTTP/1.1" 200 1175
201.244.172.185 - - [24/Jan/2015:21:21:11 -0500] "GET /forest/actions/forms.getList?codForm=contec&id=funcionariodest228&text=gl HTTP/1.1" 200 1114
201.244.172.185 - - [24/Jan/2015:21:21:12 -0500] "GET /forest/actions/forms.getList?codForm=contec&id=funcionariodest228&text=glo HTTP/1.1" 200 1030
201.244.172.185 - - [24/Jan/2015:21:21:12 -0500] "GET /forest/actions/forms.getList?codForm=contec&id=funcionariodest228&text=glor HTTP/1.1" 200 986
201.244.172.185 - - [24/Jan/2015:21:21:12 -0500] "GET /forest/actions/forms.getList?codForm=contec&id=funcionariodest228&text=glori HTTP/1.1" 200 986
201.244.172.185 - - [24/Jan/2015:21:21:12 -0500] "GET /forest/actions/forms.getList?codForm=contec&id=funcionariodest228&text=gloria HTTP/1.1" 200 986
201.244.172.185 - - [24/Jan/2015:21:21:12 -0500] "GET /forest/actions/forms.getList?codForm=contec&id=funcionariodest228&text=gloria%20 HTTP/1.1" 200 1082
201.244.172.185 - - [24/Jan/2015:21:21:12 -0500] "GET /forest/actions/forms.getList?codForm=contec&id=funcionariodest228&text=gloria%20p HTTP/1.1" 200 124
201.244.172.185 - - [24/Jan/2015:21:21:12 -0500] "GET /forest/actions/forms.getList?codForm=contec&id=funcionariodest228&text=gloria%20pa HTTP/1.1" 200 124
201.244.172.185 - - [24/Jan/2015:21:21:13 -0500] "GET /forest/actions/forms.getList?codForm=contec&id=funcionariodest228&text=gloria%20pat HTTP/1.1" 200 61
201.244.172.185 - - [24/Jan/2015:21:21:13 -0500] "GET /forest/actions/forms.getList?codForm=contec&id=funcionariodest228&text=gloria%20patr HTTP/1.1" 200 61
181.54.232.60 - - [24/Jan/2015:21:21:21 -0500] "POST /forms/lservlet;jsessionid=ac16012b30d5bdd70aafdce148629443f41b7eff01ca.e3iSbxaKaheRe38RbNmLa3mSc41ynknvrkLOlQzNp65In0 HTTP/1.1" 200 2
201.244.172.185 - - [24/Jan/2015:21:21:15 -0500] "POST /forest/usutareas.do? HTTP/1.1" 200 76
201.244.172.185 - - [24/Jan/2015:21:21:30 -0500] "GET /forest/usutareas.do?group_system_actual=3&a=0.4385737485717982 HTTP/1.1" 200 19541
201.244.172.185 - - [24/Jan/2015:21:21:30 -0500] "GET /forest/session.jsp?a=0.510985902743414 HTTP/1.1" 200 4
201.244.172.185 - - [24/Jan/2015:21:21:32 -0500] "GET /forest/misactividades.do?_a=0.2131602200679481&group_system_actual=3 HTTP/1.1" 200 37560
201.244.172.185 - - [24/Jan/2015:21:21:32 -0500] "GET /forest/session.jsp?a=0.823198025347665 HTTP/1.1" 200 4
201.244.172.185 - - [24/Jan/2015:21:21:33 -0500] "POST /forest/misactividades.do?ajax=true&a=0.765463360818103 HTTP/1.1" 200 56
66.249.67.67 - - [24/Jan/2015:21:21:33 -0500] "GET /BLA/resoluciones/RESOLUCIONES%202011/1022.pdf HTTP/1.1" 304 -
201.244.172.185 - - [24/Jan/2015:21:21:37 -0500] "POST /forest/misactividades.do?ajax=true&a=0.29993878840468824 HTTP/1.1" 200 1196
188.165.15.43 - - [24/Jan/2015:21:21:40 -0500] "GET /BLA/resoluciones/RESOLUCIONES%202004/RES%202004%201651-1700/00001660.tif HTTP/1.1" 200 266992
201.244.172.185 - - [24/Jan/2015:21:21:39 -0500] "GET /forest/usutareas.do?_a=0.7750847297720611&group_system_actual=3 HTTP/1.1" 200 260419
201.244.172.185 - - [24/Jan/2015:21:21:41 -0500] "GET /forest/session.jsp?a=0.05690653854981065 HTTP/1.1" 200 4
201.244.172.185 - - [24/Jan/2015:21:21:41 -0500] "GET /forest/actions/forms.getList?codForm=Anexo4&id=p300 HTTP/1.1" 200 136
201.244.172.185 - - [24/Jan/2015:21:21:41 -0500] "GET /forest/actions/forms.getList?codForm=Anexo4&id=p312 HTTP/1.1" 200 88
201.244.172.185 - - [24/Jan/2015:21:21:41 -0500] "GET /forest/actions/forms.getList?codForm=Anexo4&id=p368 HTTP/1.1" 200 209
181.50.241.109 - - [24/Jan/2015:21:21:52 -0500] "POST /forms/lservlet;jsessionid=ac16012b30d5f4158fd8302e4190874cba71654cc2bf.e3iSbxaKaheRe38RbNmLa3mSc41ynknvrkLOlQzNp65In0 HTTP/1.1" 200 2
201.244.172.185 - - [24/Jan/2015:21:21:53 -0500] "POST /forms/lservlet;jsessionid=ac16012b30d55ba1efe64b764c6f90529e1d1d96dc05.e3iSbxaKaheRe38RbNmLa3mSc41ynknvrkLOlQzNp65In0 HTTP/1.1" 200 2
201.244.172.185 - - [24/Jan/2015:21:21:53 -0500] "POST /forest/actions/forms.sendFile HTTP/1.1" 200 114
201.244.172.185 - - [24/Jan/2015:21:15:58 -0500] "GET /ForestMSG_SDA/channelAsync/template_word_17354355?X-Atmosphere-tracking-id=354b148d-f349-7363-7158-7a84279ef707&X-Atmosphere-Framework=1.0.5&X-Atmosphere-Transport=long-polling&tabid=0.31008491781540215&X-Cache-Date=0&Content-Type=application/xml&_=1422152348198 HTTP/1.1" 200 8193
201.244.172.185 - - [24/Jan/2015:21:21:58 -0500] "POST /forest/usutareas.do? HTTP/1.1" 200 76
201.244.172.185 - - [24/Jan/2015:21:22:02 -0500] "GET /forest/usutareas.do?group_system_actual=3&a=0.9447115738876164 HTTP/1.1" 200 150235
201.244.172.185 - - [24/Jan/2015:21:22:03 -0500] "GET /forest/session.jsp?a=0.23621689877472818 HTTP/1.1" 200 4
201.244.172.185 - - [24/Jan/2015:21:22:03 -0500] "GET /forest/actions/forms.getMappedValues?id=NUMTER45&value=0899999061-9&codForm=contec&a=0.2883658646605909 HTTP/1.1" 200 124
201.244.172.185 - - [24/Jan/2015:21:22:08 -0500] "GET /forest/actions/forms.getMappedValues?id=localidadvisita402&value=9&codForm=contec&a=0.2790227213408798 HTTP/1.1" 200 23
186.84.24.118 - - [24/Jan/2015:21:22:17 -0500] "GET /BLA/resoluciones/RESOLUCIONES%202007/RES%202007%204101%20AL%204200/RESOLUCION%204122%20DE%202007.pdf HTTP/1.1" 200 574089
186.84.24.118 - - [24/Jan/2015:21:22:17 -0500] "GET /BLA/resoluciones/RESOLUCIONES%202007/RES%202007%204101%20AL%204200/RESOLUCION%204122%20DE%202007.pdf HTTP/1.1" 206 32768
186.84.24.118 - - [24/Jan/2015:21:22:18 -0500] "GET /BLA/resoluciones/RESOLUCIONES%202007/RES%202007%204101%20AL%204200/RESOLUCION%204122%20DE%202007.pdf HTTP/1.1" 206 541321
186.84.24.118 - - [24/Jan/2015:21:22:19 -0500] "GET /favicon.ico HTTP/1.1" 200 7782
180.76.5.19 - - [24/Jan/2015:21:22:29 -0500] "GET /BLA/boletinlegal;jsessionid=13DB815C53EF0CF800F1C98B9A0E7840?/? HTTP/1.1" 404 1018
66.249.67.119 - - [24/Jan/2015:21:22:34 -0500] "GET /MANUALFUNC/Administrativa%20y%20Financiera/219-15%20Profesional%20Universitario%20-%20SAF.pdf HTTP/1.1" 404 1019
201.244.172.185 - - [24/Jan/2015:21:22:37 -0500] "GET /forest/skins/gdocs-jar/popup/showReport.jsp?idr=524&proceso=3002783&__format=pdf&contec=1422152266001&_a=0.6533753082621843 HTTP/1.1" 200 135522
201.244.172.185 - - [24/Jan/2015:21:22:51 -0500] "POST /forest/usutareas.do? HTTP/1.1" 200 76
201.244.172.185 - - [24/Jan/2015:21:22:54 -0500] "GET /forest/usutareas.do?group_system_actual=3&a=0.036342962412163615 HTTP/1.1" 200 150550
201.244.172.185 - - [24/Jan/2015:21:22:55 -0500] "GET /forest/session.jsp?a=0.6126881362870336 HTTP/1.1" 200 4
201.244.172.185 - - [24/Jan/2015:21:22:56 -0500] "GET /forest/actions/forms.getMappedValues?id=NUMTER45&value=0899999061-9&codForm=contec&a=0.8894969546236098 HTTP/1.1" 200 124
186.84.24.118 - - [24/Jan/2015:21:23:05 -0500] "GET /BLA/resoluciones/RESOLUCIONES%202009/4122.pdf HTTP/1.1" 200 750694
186.84.24.118 - - [24/Jan/2015:21:23:05 -0500] "GET /BLA/resoluciones/RESOLUCIONES%202009/4122.pdf HTTP/1.1" 206 32768
186.84.24.118 - - [24/Jan/2015:21:23:05 -0500] "GET /BLA/resoluciones/RESOLUCIONES%202009/4122.pdf HTTP/1.1" 206 717926
188.165.15.105 - - [24/Jan/2015:21:23:10 -0500] "GET /BLA/resoluciones/RESOLUCIONES%202004/RES%202004%20951-1000/00000983.tif HTTP/1.1" 200 53446
201.244.172.185 - - [24/Jan/2015:21:23:10 -0500] "GET /forest/usudocumentos.do?_a=0.9284866650123149&group_system_actual=3 HTTP/1.1" 200 101878
201.244.172.185 - - [24/Jan/2015:21:23:13 -0500] "GET /forest/session.jsp?a=0.571108119096607 HTTP/1.1" 200 4
188.165.15.5 - - [24/Jan/2015:21:23:13 -0500] "GET /BLA/resoluciones/RESOLUCIONES%202006/RES%202006%201351-1400/00001381.tif HTTP/1.1" 200 360850
201.244.172.185 - - [24/Jan/2015:21:23:16 -0500] "GET /forest/borrador/1615284/CT%20emergencia2%202015-01-24%2009:18%20PM.docx HTTP/1.1" 200 40678
181.54.232.60 - - [24/Jan/2015:21:23:21 -0500] "POST /forms/lservlet;jsessionid=ac16012b30d5bdd70aafdce148629443f41b7eff01ca.e3iSbxaKaheRe38RbNmLa3mSc41ynknvrkLOlQzNp65In0 HTTP/1.1" 200 2
74.86.158.107 - - [24/Jan/2015:21:23:45 -0500] "GET / HTTP/1.1" 302 -
201.244.172.185 - - [24/Jan/2015:21:23:44 -0500] "GET /forest/usutareas.do?_a=0.993861713912338&group_system_actual=3 HTTP/1.1" 200 150550
201.244.172.185 - - [24/Jan/2015:21:23:45 -0500] "GET /forest/session.jsp?a=0.21129235927946866 HTTP/1.1" 200 4
201.244.172.185 - - [24/Jan/2015:21:23:46 -0500] "GET /forest/actions/forms.getMappedValues?id=NUMTER45&value=0899999061-9&codForm=contec&a=0.9764008529018611 HTTP/1.1" 200 124
66.249.67.67 - - [24/Jan/2015:21:23:49 -0500] "GET /BLA/resoluciones/RESOLUCIONES%202008/1021.pdf HTTP/1.1" 304 -
201.244.172.185 - - [24/Jan/2015:21:23:49 -0500] "GET /forest/actions/forms.getList?codForm=contec&id=funcionariodest228&text=Maria%20Claudia%20Gonzalez%20Penagos HTTP/1.1" 200 67
201.244.172.185 - - [24/Jan/2015:21:23:50 -0500] "GET /forest/actions/forms.getList?codForm=contec&id=funcionariodest228&text=g HTTP/1.1" 200 1175
201.244.172.185 - - [24/Jan/2015:21:23:50 -0500] "GET /forest/actions/forms.getList?codForm=contec&id=funcionariodest228&text=gl HTTP/1.1" 200 1114
201.244.172.185 - - [24/Jan/2015:21:23:50 -0500] "GET /forest/actions/forms.getList?codForm=contec&id=funcionariodest228&text=glo HTTP/1.1" 200 1030
201.244.172.185 - - [24/Jan/2015:21:23:50 -0500] "GET /forest/actions/forms.getList?codForm=contec&id=funcionariodest228&text=glor HTTP/1.1" 200 986
201.244.172.185 - - [24/Jan/2015:21:23:50 -0500] "GET /forest/actions/forms.getList?codForm=contec&id=funcionariodest228&text=glori HTTP/1.1" 200 986
201.244.172.185 - - [24/Jan/2015:21:23:51 -0500] "GET /forest/actions/forms.getList?codForm=contec&id=funcionariodest228&text=gloria HTTP/1.1" 200 986
201.244.172.185 - - [24/Jan/2015:21:23:51 -0500] "GET /forest/actions/forms.getList?codForm=contec&id=funcionariodest228&text=gloria%20 HTTP/1.1" 200 1082
201.244.172.185 - - [24/Jan/2015:21:23:51 -0500] "GET /forest/actions/forms.getList?codForm=contec&id=funcionariodest228&text=gloria%20p HTTP/1.1" 200 124
201.244.172.185 - - [24/Jan/2015:21:23:51 -0500] "GET /forest/actions/forms.getList?codForm=contec&id=funcionariodest228&text=gloria%20pa HTTP/1.1" 200 124
181.50.241.109 - - [24/Jan/2015:21:23:52 -0500] "POST /forms/lservlet;jsessionid=ac16012b30d5f4158fd8302e4190874cba71654cc2bf.e3iSbxaKaheRe38RbNmLa3mSc41ynknvrkLOlQzNp65In0 HTTP/1.1" 200 2
201.244.172.185 - - [24/Jan/2015:21:23:52 -0500] "GET /forest/actions/forms.getList?codForm=contec&id=funcionariodest228&text=gloria%20pat HTTP/1.1" 200 61
201.244.172.185 - - [24/Jan/2015:21:23:52 -0500] "GET /forest/actions/forms.getList?codForm=contec&id=funcionariodest228&text=gloria%20patr HTTP/1.1" 200 61
201.244.172.185 - - [24/Jan/2015:21:23:53 -0500] "POST /forms/lservlet;jsessionid=ac16012b30d55ba1efe64b764c6f90529e1d1d96dc05.e3iSbxaKaheRe38RbNmLa3mSc41ynknvrkLOlQzNp65In0 HTTP/1.1" 200 2
201.244.172.185 - - [24/Jan/2015:21:23:55 -0500] "POST /forest/usutareas.do? HTTP/1.1" 200 76
186.84.24.118 - - [24/Jan/2015:21:24:15 -0500] "GET /BLA/resoluciones/RESOLUCIONES%202009/4123.pdf HTTP/1.1" 200 761870
186.84.24.118 - - [24/Jan/2015:21:24:16 -0500] "GET /BLA/resoluciones/RESOLUCIONES%202009/4123.pdf HTTP/1.1" 206 32768
186.84.24.118 - - [24/Jan/2015:21:24:16 -0500] "GET /BLA/resoluciones/RESOLUCIONES%202009/4123.pdf HTTP/1.1" 206 729102
201.244.172.185 - - [24/Jan/2015:21:24:24 -0500] "GET /forest/usutareas.do?group_system_actual=3&a=0.7184065703768283 HTTP/1.1" 200 19541
201.244.172.185 - - [24/Jan/2015:21:24:25 -0500] "GET /forest/session.jsp?a=0.38537913491018116 HTTP/1.1" 200 4
201.244.172.185 - - [24/Jan/2015:21:24:30 -0500] "GET /forest/misactividades.do?_a=0.011437834007665515&group_system_actual=3 HTTP/1.1" 200 37560
201.244.172.185 - - [24/Jan/2015:21:24:30 -0500] "GET /forest/session.jsp?a=0.051113702822476625 HTTP/1.1" 200 4
201.244.172.185 - - [24/Jan/2015:21:24:31 -0500] "POST /forest/misactividades.do?ajax=true&a=0.8971437385771424 HTTP/1.1" 200 56
201.244.172.185 - - [24/Jan/2015:21:24:33 -0500] "GET /forest/skins/gdocs-jar/jsp/cookie.jsp?name=grid_numrad&del HTTP/1.1" 200 -
201.244.172.185 - - [24/Jan/2015:21:24:33 -0500] "POST /forest/misactividades.do?ajax=true&a=0.6725213709287345 HTTP/1.1" 200 10222
201.244.172.185 - - [24/Jan/2015:21:24:35 -0500] "GET /forest/index2.jsp?_a=0.1326271661091596 HTTP/1.1" 200 48856
201.244.172.185 - - [24/Jan/2015:21:24:35 -0500] "GET /forest/session.jsp?a=0.9714501122944057 HTTP/1.1" 200 4
201.244.172.185 - - [24/Jan/2015:21:25:03 -0500] "GET /forest/logout-redirect.jsp HTTP/1.1" 302 -
201.244.172.185 - - [24/Jan/2015:21:25:03 -0500] "GET /forest/login.do HTTP/1.1" 200 12758
181.54.232.60 - - [24/Jan/2015:21:25:21 -0500] "POST /forms/lservlet;jsessionid=ac16012b30d5bdd70aafdce148629443f41b7eff01ca.e3iSbxaKaheRe38RbNmLa3mSc41ynknvrkLOlQzNp65In0 HTTP/1.1" 200 2
201.244.172.185 - - [24/Jan/2015:21:19:28 -0500] "GET /ForestMSG_SDA/channelAsync/template_word_17354357?X-Atmosphere-tracking-id=7f10b30d-965a-2006-f632-2fdf4124b7fd&X-Atmosphere-Framework=1.0.5&X-Atmosphere-Transport=long-polling&tabid=0.4201615147758275&X-Cache-Date=0&Content-Type=application/xml&_=1422152557963 HTTP/1.1" 200 8193
188.165.15.177 - - [24/Jan/2015:21:25:32 -0500] "GET /BLA/resoluciones/RESOLUCIONES%202005/RES%202005%201751-1800/00001785.tif HTTP/1.1" 200 264312
201.244.172.185 - - [24/Jan/2015:21:25:38 -0500] "POST /forms/lservlet;jsessionid=ac16012b30d55ba1efe64b764c6f90529e1d1d96dc05.e3iSbxaKaheRe38RbNmLa3mSc41ynknvrkLOlQzNp65In0 HTTP/1.1" 200 1988
201.244.172.185 - - [24/Jan/2015:21:25:38 -0500] "POST /forms/lservlet;jsessionid=ac16012b30d55ba1efe64b764c6f90529e1d1d96dc05.e3iSbxaKaheRe38RbNmLa3mSc41ynknvrkLOlQzNp65In0 HTTP/1.1" 200 45
201.244.172.185 - - [24/Jan/2015:21:25:39 -0500] "POST /forms/lservlet;jsessionid=ac16012b30d55ba1efe64b764c6f90529e1d1d96dc05.e3iSbxaKaheRe38RbNmLa3mSc41ynknvrkLOlQzNp65In0 HTTP/1.1" 200 86
201.244.172.185 - - [24/Jan/2015:21:25:39 -0500] "POST /forms/lservlet;jsessionid=ac16012b30d55ba1efe64b764c6f90529e1d1d96dc05.e3iSbxaKaheRe38RbNmLa3mSc41ynknvrkLOlQzNp65In0 HTTP/1.1" 200 -
181.50.241.109 - - [24/Jan/2015:21:25:52 -0500] "POST /forms/lservlet;jsessionid=ac16012b30d5f4158fd8302e4190874cba71654cc2bf.e3iSbxaKaheRe38RbNmLa3mSc41ynknvrkLOlQzNp65In0 HTTP/1.1" 200 2
186.144.246.213 - - [24/Jan/2015:21:25:57 -0500] "GET /BLA/boletinlegal/js/jquery.js HTTP/1.1" 200 57254
186.144.246.213 - - [24/Jan/2015:21:25:57 -0500] "GET /BLA/boletinlegal/js/jquery.scrollTo-min.js HTTP/1.1" 200 1150
186.144.246.213 - - [24/Jan/2015:21:25:57 -0500] "GET /BLA/boletinlegal/js/jquery.scrollShow.js HTTP/1.1" 200 4586
66.249.67.75 - - [24/Jan/2015:21:26:05 -0500] "GET /BLA/resoluciones/RESOLUCIONES%202010/3713.pdf HTTP/1.1" 200 605588
66.249.67.119 - - [24/Jan/2015:21:26:17 -0500] "GET /siac/documentos/Decreto%20Seguridad.doc HTTP/1.1" 404 1019
180.76.6.64 - - [24/Jan/2015:21:26:46 -0500] "GET /dama/libreria/pdf/pigas/PIGA%20SOP/Plandeaccion%20SOP.xls HTTP/1.1" 404 1019
181.54.232.60 - - [24/Jan/2015:21:27:21 -0500] "POST /forms/lservlet;jsessionid=ac16012b30d5bdd70aafdce148629443f41b7eff01ca.e3iSbxaKaheRe38RbNmLa3mSc41ynknvrkLOlQzNp65In0 HTTP/1.1" 200 2
180.76.6.50 - - [24/Jan/2015:21:27:26 -0500] "GET /BLA/boletinlegal;jsessionid=EB265D1093AE2CB548851A53D701E82A?/? HTTP/1.1" 404 1018
201.244.172.185 - - [24/Jan/2015:21:21:40 -0500] "GET /ForestMSG_SDA/channelAsync/template_word_17354359?X-Atmosphere-tracking-id=e3e4d9eb-fe95-0637-e2d3-78ae3b2cc152&X-Atmosphere-Framework=1.0.5&X-Atmosphere-Transport=long-polling&tabid=0.9601052226498723&X-Cache-Date=0&Content-Type=application/xml&_=1422152690219 HTTP/1.1" 200 8193
181.50.241.109 - - [24/Jan/2015:21:27:52 -0500] "POST /forms/lservlet;jsessionid=ac16012b30d5f4158fd8302e4190874cba71654cc2bf.e3iSbxaKaheRe38RbNmLa3mSc41ynknvrkLOlQzNp65In0 HTTP/1.1" 200 2
66.249.67.75 - - [24/Jan/2015:21:28:21 -0500] "GET /BLA/resoluciones/RESOLUCIONES%202012/1407.pdf HTTP/1.1" 304 -
74.86.158.107 - - [24/Jan/2015:21:28:45 -0500] "GET / HTTP/1.1" 302 -
66.249.67.83 - - [24/Jan/2015:21:29:18 -0500] "GET /BLA/resoluciones/RESOLUCIONES%202003/RES%202003%20801-850/839.tif HTTP/1.1" 200 568648
181.54.232.60 - - [24/Jan/2015:21:29:21 -0500] "POST /forms/lservlet;jsessionid=ac16012b30d5bdd70aafdce148629443f41b7eff01ca.e3iSbxaKaheRe38RbNmLa3mSc41ynknvrkLOlQzNp65In0 HTTP/1.1" 200 2
85.214.127.182 - - [24/Jan/2015:21:29:48 -0500] "GET /wp-admin/ HTTP/1.1" 404 1018
181.50.241.109 - - [24/Jan/2015:21:29:52 -0500] "POST /forms/lservlet;jsessionid=ac16012b30d5f4158fd8302e4190874cba71654cc2bf.e3iSbxaKaheRe38RbNmLa3mSc41ynknvrkLOlQzNp65In0 HTTP/1.1" 200 2
188.165.15.200 - - [24/Jan/2015:21:29:53 -0500] "GET /BLA/resoluciones/RESOLUCIONES%202006/RES%202006%201501-1550/00001533.tif HTTP/1.1" 200 204394
188.165.15.105 - - [24/Jan/2015:21:30:14 -0500] "GET /BLA/resoluciones/index.php?dir=RESOLUCIONES%202004/RES%202004%201701-1750/&sort=size&order=asc HTTP/1.1" 200 12358
66.249.67.67 - - [24/Jan/2015:21:30:42 -0500] "GET /BLA/resoluciones/RESOLUCIONES%202008/4761.pdf HTTP/1.1" 304 -
181.54.232.60 - - [24/Jan/2015:21:31:21 -0500] "POST /forms/lservlet;jsessionid=ac16012b30d5bdd70aafdce148629443f41b7eff01ca.e3iSbxaKaheRe38RbNmLa3mSc41ynknvrkLOlQzNp65In0 HTTP/1.1" 200 2
181.50.241.109 - - [24/Jan/2015:21:31:52 -0500] "POST /forms/lservlet;jsessionid=ac16012b30d5f4158fd8302e4190874cba71654cc2bf.e3iSbxaKaheRe38RbNmLa3mSc41ynknvrkLOlQzNp65In0 HTTP/1.1" 200 2
66.249.67.67 - - [24/Jan/2015:21:32:52 -0500] "GET /BLA/resoluciones/RESOLUCIONES%202011/0183.pdf HTTP/1.1" 304 -
190.84.93.206 - - [24/Jan/2015:21:33:01 -0500] "GET /BLA/boletinlegal/jurisprudencia/analisis/Analisis%20jurisprudencial%20Sentencia%20C-366-11.doc HTTP/1.1" 200 59392
200.118.49.10 - - [24/Jan/2015:21:33:18 -0500] "GET /crossdomain.xml HTTP/1.1" 404 1280
200.118.49.10 - - [24/Jan/2015:21:33:18 -0500] "GET /arcgis/services/Calidad_del_Agua_WQI/MapServer/WMSServer?HEIGHT=660&VERSION=1%2E1%2E1&STYLES=&WIDTH=1280&TRANSPARENT=TRUE&BBOX=%2D74%2E06785986395113%2C4%2E6097144644777295%2C%2D74%2E06481415386367%2C4%2E6112849087415775&LAYERS=3%2C4%2C5%2C6%2C7&REQUEST=GetMap&SRS=EPSG%3A4686&SERVICE=WMS&FORMAT=image%2Fpng HTTP/1.1" 200 4892
181.54.232.60 - - [24/Jan/2015:21:33:21 -0500] "POST /forms/lservlet;jsessionid=ac16012b30d5bdd70aafdce148629443f41b7eff01ca.e3iSbxaKaheRe38RbNmLa3mSc41ynknvrkLOlQzNp65In0 HTTP/1.1" 200 2
200.118.49.10 - - [24/Jan/2015:21:33:21 -0500] "GET /arcgis/services/Calidad_del_Agua_WQI/MapServer/WMSServer?HEIGHT=660&VERSION=1%2E1%2E1&STYLES=&WIDTH=1280&TRANSPARENT=TRUE&BBOX=%2D74%2E06783026414516%2C4%2E6109950361597365%2C%2D74%2E0647845540577%2C4%2E6125654804235845&LAYERS=3%2C4%2C5%2C6%2C7&REQUEST=GetMap&SRS=EPSG%3A4686&SERVICE=WMS&FORMAT=image%2Fpng HTTP/1.1" 200 4892
200.118.49.10 - - [24/Jan/2015:21:33:22 -0500] "GET /arcgis/services/Calidad_del_Agua_WQI/MapServer/WMSServer?HEIGHT=660&VERSION=1%2E1%2E1&STYLES=&WIDTH=1280&TRANSPARENT=TRUE&BBOX=%2D74%2E06935311918889%2C4%2E6102098140278125%2C%2D74%2E06326169901396%2C4%2E6133507025555085&LAYERS=3%2C4%2C5%2C6%2C7&REQUEST=GetMap&SRS=EPSG%3A4686&SERVICE=WMS&FORMAT=image%2Fpng HTTP/1.1" 200 4892
200.118.49.10 - - [24/Jan/2015:21:33:28 -0500] "GET /crossdomain.xml HTTP/1.1" 404 1280
200.118.49.10 - - [24/Jan/2015:21:33:29 -0500] "GET /arcgis/services/Calidad_del_Agua_WQI/MapServer/WMSServer?HEIGHT=660&VERSION=1%2E1%2E1&STYLES=&WIDTH=1280&TRANSPARENT=TRUE&BBOX=%2D74%2E06910757564785%2C4%2E60979039015406%2C%2D74%2E06301615547292%2C4%2E612931278681756&LAYERS=3%2C4%2C5%2C6%2C7&REQUEST=GetMap&SRS=EPSG%3A4686&SERVICE=WMS&FORMAT=image%2Fpng HTTP/1.1" 200 4892
200.118.49.10 - - [24/Jan/2015:21:33:30 -0500] "GET /arcgis/services/Calidad_del_Agua_WQI/MapServer/WMSServer?HEIGHT=660&VERSION=1%2E1%2E1&STYLES=&WIDTH=1280&TRANSPARENT=TRUE&BBOX=%2D74%2E06885930750788%2C4%2E609394962629479%2C%2D74%2E06276788733295%2C4%2E612535851157175&LAYERS=3%2C4%2C5%2C6%2C7&REQUEST=GetMap&SRS=EPSG%3A4686&SERVICE=WMS&FORMAT=image%2Fpng HTTP/1.1" 200 4892
200.118.49.10 - - [24/Jan/2015:21:33:31 -0500] "GET /arcgis/services/Calidad_del_Agua_WQI/MapServer/WMSServer?HEIGHT=660&VERSION=1%2E1%2E1&STYLES=&WIDTH=1280&TRANSPARENT=TRUE&BBOX=%2D74%2E06892551905493%2C4%2E608794819748772%2C%2D74%2E06283409888%2C4%2E611935708276468&LAYERS=3%2C4%2C5%2C6%2C7&REQUEST=GetMap&SRS=EPSG%3A4686&SERVICE=WMS&FORMAT=image%2Fpng HTTP/1.1" 200 4892
200.118.49.10 - - [24/Jan/2015:21:33:37 -0500] "GET /arcgis/services/Calidad_del_Agua_WQI/MapServer/WMSServer?HEIGHT=660&VERSION=1%2E1%2E1&STYLES=&WIDTH=1280&TRANSPARENT=TRUE&BBOX=%2D74%2E06885948947719%2C4%2E60928510528796%2C%2D74%2E06276806930227%2C4%2E612425993815656&LAYERS=3%2C4%2C5%2C6%2C7&REQUEST=GetMap&SRS=EPSG%3A4686&SERVICE=WMS&FORMAT=image%2Fpng HTTP/1.1" 200 4892
200.118.49.10 - - [24/Jan/2015:21:33:42 -0500] "GET /crossdomain.xml HTTP/1.1" 404 1280
200.118.49.10 - - [24/Jan/2015:21:33:42 -0500] "GET /arcgis/services/Calidad_del_Agua_WQI/MapServer/WMSServer?HEIGHT=660&VERSION=1%2E1%2E1&STYLES=&WIDTH=1280&TRANSPARENT=TRUE&BBOX=%2D74%2E0686376119272%2C4%2E611770118981451%2C%2D74%2E06254619175228%2C4%2E614911007509147&LAYERS=3%2C4%2C5%2C6%2C7&REQUEST=GetMap&SRS=EPSG%3A4686&SERVICE=WMS&FORMAT=image%2Fpng HTTP/1.1" 200 4892
200.118.49.10 - - [24/Jan/2015:21:33:43 -0500] "GET /arcgis/services/Calidad_del_Agua_WQI/MapServer/WMSServer?HEIGHT=660&VERSION=1%2E1%2E1&STYLES=&WIDTH=1280&TRANSPARENT=TRUE&BBOX=%2D74%2E0732061770584%2C4%2E609414452585679%2C%2D74%2E05797762662108%2C4%2E617266673904919&LAYERS=3%2C4%2C5%2C6%2C7&REQUEST=GetMap&SRS=EPSG%3A4686&SERVICE=WMS&FORMAT=image%2Fpng HTTP/1.1" 200 4892
74.86.158.107 - - [24/Jan/2015:21:33:45 -0500] "GET / HTTP/1.1" 302 -
200.118.49.10 - - [24/Jan/2015:21:33:47 -0500] "GET /arcgis/services/Calidad_del_Agua_WQI/MapServer/WMSServer?HEIGHT=660&VERSION=1%2E1%2E1&STYLES=&WIDTH=1280&TRANSPARENT=TRUE&BBOX=%2D74%2E07268626689297%2C4%2E606735905578525%2C%2D74%2E05745771645566%2C4%2E614588126897765&LAYERS=3%2C4%2C5%2C6%2C7&REQUEST=GetMap&SRS=EPSG%3A4686&SERVICE=WMS&FORMAT=image%2Fpng HTTP/1.1" 200 4892
200.118.49.10 - - [24/Jan/2015:21:33:49 -0500] "GET /arcgis/services/Calidad_del_Agua_WQI/MapServer/WMSServer?HEIGHT=660&VERSION=1%2E1%2E1&STYLES=&WIDTH=1280&TRANSPARENT=TRUE&BBOX=%2D74%2E06811770176178%2C4%2E609091571974297%2C%2D74%2E06202628158685%2C4%2E612232460501993&LAYERS=3%2C4%2C5%2C6%2C7&REQUEST=GetMap&SRS=EPSG%3A4686&SERVICE=WMS&FORMAT=image%2Fpng HTTP/1.1" 200 4892
200.118.49.10 - - [24/Jan/2015:21:33:51 -0500] "GET /arcgis/services/Calidad_del_Agua_WQI/MapServer/WMSServer?HEIGHT=660&VERSION=1%2E1%2E1&STYLES=&WIDTH=1280&TRANSPARENT=TRUE&BBOX=%2D74%2E06847065303167%2C4%2E609048710982767%2C%2D74%2E06237923285674%2C4%2E612189599510463&LAYERS=3%2C4%2C5%2C6%2C7&REQUEST=GetMap&SRS=EPSG%3A4686&SERVICE=WMS&FORMAT=image%2Fpng HTTP/1.1" 200 4892
200.118.49.10 - - [24/Jan/2015:21:33:51 -0500] "GET /arcgis/services/Calidad_del_Agua_WQI/MapServer/WMSServer?HEIGHT=660&VERSION=1%2E1%2E1&STYLES=&WIDTH=1280&TRANSPARENT=TRUE&BBOX=%2D74%2E06793765376636%2C4%2E60948653180784%2C%2D74%2E0648919436789%2C4%2E611056976071688&LAYERS=3%2C4%2C5%2C6%2C7&REQUEST=GetMap&SRS=EPSG%3A4686&SERVICE=WMS&FORMAT=image%2Fpng HTTP/1.1" 200 4892
181.50.241.109 - - [24/Jan/2015:21:33:52 -0500] "POST /forms/lservlet;jsessionid=ac16012b30d5f4158fd8302e4190874cba71654cc2bf.e3iSbxaKaheRe38RbNmLa3mSc41ynknvrkLOlQzNp65In0 HTTP/1.1" 200 2
200.118.49.10 - - [24/Jan/2015:21:33:53 -0500] "GET /crossdomain.xml HTTP/1.1" 404 1280
200.118.49.10 - - [24/Jan/2015:21:33:54 -0500] "GET /arcgis/services/Calidad_del_Agua_WQI/MapServer/WMSServer?HEIGHT=660&VERSION=1%2E1%2E1&STYLES=&WIDTH=1280&TRANSPARENT=TRUE&BBOX=%2D74%2E06714529325143%2C4%2E6099933570020815%2C%2D74%2E0656224382077%2C4%2E6107785791340055&LAYERS=3%2C4%2C5%2C6%2C7&REQUEST=GetMap&SRS=EPSG%3A4686&SERVICE=WMS&FORMAT=image%2Fpng HTTP/1.1" 200 4892
190.240.49.100 - - [24/Jan/2015:21:34:15 -0500] "GET /BLA/resoluciones/RESOLUCIONES%202007/RES%202007%204001%20AL%204100/RESOLUCION%204016%20DE%202007.pdf HTTP/1.1" 200 745679
66.249.67.83 - - [24/Jan/2015:21:34:21 -0500] "GET /BLA/boletinlegal/Directivas/2014/Directiva%20No.%201%20del%2010%20de%20Abril%20de%202014.pdf HTTP/1.1" 200 258865
190.84.93.206 - - [24/Jan/2015:21:34:35 -0500] "GET /BLA/boletinlegal/jurisprudencia/analisis/Analisis%20jurisprudencial%20Sentencia%20C-366-11.doc HTTP/1.1" 206 1
190.84.93.206 - - [24/Jan/2015:21:34:36 -0500] "GET /BLA/boletinlegal/jurisprudencia/analisis/Analisis%20jurisprudencial%20Sentencia%20C-366-11.doc HTTP/1.1" 206 56753
66.249.67.83 - - [24/Jan/2015:21:35:08 -0500] "GET /BLA/resoluciones/RESOLUCIONES%202007/RES%202007%204001%20AL%204100/RESOLUCION%204037%20DE%202007.pdf HTTP/1.1" 304 -
181.54.232.60 - - [24/Jan/2015:21:35:21 -0500] "POST /forms/lservlet;jsessionid=ac16012b30d5bdd70aafdce148629443f41b7eff01ca.e3iSbxaKaheRe38RbNmLa3mSc41ynknvrkLOlQzNp65In0 HTTP/1.1" 200 2
190.25.232.143 - - [24/Jan/2015:21:35:29 -0500] "GET /galeria/nivo-slider/themes/orman/orman.css HTTP/1.1" 304 -
181.50.241.109 - - [24/Jan/2015:21:35:35 -0500] "POST /forms/lservlet;jsessionid=ac16012b30d5f4158fd8302e4190874cba71654cc2bf.e3iSbxaKaheRe38RbNmLa3mSc41ynknvrkLOlQzNp65In0 HTTP/1.1" 200 1988
181.50.241.109 - - [24/Jan/2015:21:35:35 -0500] "POST /forms/lservlet;jsessionid=ac16012b30d5f4158fd8302e4190874cba71654cc2bf.e3iSbxaKaheRe38RbNmLa3mSc41ynknvrkLOlQzNp65In0 HTTP/1.1" 200 78
181.50.241.109 - - [24/Jan/2015:21:35:37 -0500] "POST /forms/lservlet;jsessionid=ac16012b30d5f4158fd8302e4190874cba71654cc2bf.e3iSbxaKaheRe38RbNmLa3mSc41ynknvrkLOlQzNp65In0 HTTP/1.1" 200 86
181.50.241.109 - - [24/Jan/2015:21:35:38 -0500] "POST /forms/lservlet;jsessionid=ac16012b30d5f4158fd8302e4190874cba71654cc2bf.e3iSbxaKaheRe38RbNmLa3mSc41ynknvrkLOlQzNp65In0 HTTP/1.1" 200 -
188.165.15.208 - - [24/Jan/2015:21:35:45 -0500] "GET /BLA/resoluciones/RESOLUCIONES%202006/RES%202006%201651-1700/00001694.tif HTTP/1.1" 200 240324
180.76.6.158 - - [24/Jan/2015:21:35:59 -0500] "GET /BLA/boletinlegal;jsessionid=A4FE3CE790D37FD355B7E08088E0AE94?/? HTTP/1.1" 404 1018
188.165.15.59 - - [24/Jan/2015:21:36:48 -0500] "GET /BLA/resoluciones/RESOLUCIONES%202004/RES%202004%201601-1650/00001622.tif HTTP/1.1" 200 226234
181.54.232.60 - - [24/Jan/2015:21:37:22 -0500] "POST /forms/lservlet;jsessionid=ac16012b30d5bdd70aafdce148629443f41b7eff01ca.e3iSbxaKaheRe38RbNmLa3mSc41ynknvrkLOlQzNp65In0 HTTP/1.1" 200 2
180.76.5.25 - - [24/Jan/2015:21:37:55 -0500] "GET /BLA/resoluciones/RESOLUCIONES%202009/1081.pdf HTTP/1.1" 200 255534
