186.154.84.82 - - [24/Jan/2015:10:49:10 -0500] "GET /forest/misactividades.do?_a=0.6270957996603101&group_system_actual=3 HTTP/1.1" 200 37898
186.154.84.82 - - [24/Jan/2015:10:49:11 -0500] "GET /forest/session.jsp?a=0.6917893306817859 HTTP/1.1" 200 4
186.154.84.82 - - [24/Jan/2015:10:49:11 -0500] "POST /forest/misactividades.do?ajax=true&a=0.798058855580166 HTTP/1.1" 200 109893
66.249.67.83 - - [24/Jan/2015:10:49:40 -0500] "GET /BLA/resoluciones/AUTOS%202008/3285.pdf HTTP/1.1" 200 64591
66.249.67.111 - - [24/Jan/2015:10:49:50 -0500] "GET /phpold/AjaxPhpCode/Chapter05/ajax/chat/ HTTP/1.1" 404 1019
186.154.84.82 - - [24/Jan/2015:10:50:03 -0500] "GET /forest/usutareas.do?_a=0.8342901165597141&group_system_actual=3 HTTP/1.1" 200 134842
186.154.84.82 - - [24/Jan/2015:10:50:05 -0500] "GET /forest/session.jsp?a=0.2081804967019707 HTTP/1.1" 200 4
186.154.84.82 - - [24/Jan/2015:10:50:08 -0500] "GET /forest/borrador/1555327/CMF%2020%20DE%20JULIO.docx HTTP/1.1" 200 106278
191.147.92.27 - - [24/Jan/2015:10:50:10 -0500] "GET /BLA/resoluciones/RESOLUCIONES%202008/4516.pdf HTTP/1.1" 200 673785
66.249.67.111 - - [24/Jan/2015:10:50:10 -0500] "GET /PORTAL_SIAC/swf/001.swf HTTP/1.1" 200 34316
191.147.92.27 - - [24/Jan/2015:10:50:10 -0500] "GET /BLA/resoluciones/RESOLUCIONES%202008/4516.pdf HTTP/1.1" 200 673785
66.249.67.67 - - [24/Jan/2015:10:50:29 -0500] "GET /BLA/resoluciones/RESOLUCIONES%202007/RES%202007%203701%20AL%203800/RESOLUCION%203746%20%20DE%202007.pdf HTTP/1.1" 200 245252
190.84.123.138 - - [24/Jan/2015:10:45:19 -0500] "GET /ForestMSG_SDA/channelAsync/template_word_17340029?X-Atmosphere-tracking-id=fb82aa46-9345-547e-eaa8-db6e9dd2789a&X-Atmosphere-Framework=1.0.5&X-Atmosphere-Transport=long-polling&tabid=0.1763182373251766&X-Cache-Date=0&Content-Type=application/xml&_=1422114511021 HTTP/1.1" 200 8193
186.154.84.82 - - [24/Jan/2015:10:45:23 -0500] "GET /ForestMSG_SDA/channelAsync/template_word_16690951?X-Atmosphere-tracking-id=87708181-fea4-1c3f-73df-c85f654df50b&X-Atmosphere-Framework=1.0.5&X-Atmosphere-Transport=long-polling&tabid=0.4492693596985191&X-Cache-Date=0&Content-Type=application/xml&_=1422114512028 HTTP/1.1" 200 8193
186.154.84.82 - - [24/Jan/2015:10:51:27 -0500] "GET /forest/actions/forms.getList?codForm=Correspondencia_Revisar_Aprobar&id=funcionariofirma&text=S HTTP/1.1" 200 1248
186.154.84.82 - - [24/Jan/2015:10:51:27 -0500] "GET /forest/actions/forms.getList?codForm=Correspondencia_Revisar_Aprobar&id=funcionariofirma&text=SA HTTP/1.1" 200 1271
186.154.84.82 - - [24/Jan/2015:10:51:27 -0500] "GET /forest/actions/forms.getList?codForm=Correspondencia_Revisar_Aprobar&id=funcionariofirma&text=SAN HTTP/1.1" 200 1259
186.154.84.82 - - [24/Jan/2015:10:51:27 -0500] "GET /forest/actions/forms.getList?codForm=Correspondencia_Revisar_Aprobar&id=funcionariofirma&text=SAND HTTP/1.1" 200 1318
186.154.84.82 - - [24/Jan/2015:10:51:27 -0500] "GET /forest/actions/forms.getList?codForm=Correspondencia_Revisar_Aprobar&id=funcionariofirma&text=SANDR HTTP/1.1" 200 1318
186.154.84.82 - - [24/Jan/2015:10:51:27 -0500] "GET /forest/actions/forms.getList?codForm=Correspondencia_Revisar_Aprobar&id=funcionariofirma&text=SANDRA HTTP/1.1" 200 1318
186.154.84.82 - - [24/Jan/2015:10:51:28 -0500] "GET /forest/actions/forms.getList?codForm=Correspondencia_Revisar_Aprobar&id=funcionariofirma&text=SANDRA. HTTP/1.1" 200 1321
186.154.84.82 - - [24/Jan/2015:10:51:28 -0500] "GET /forest/actions/forms.getList?codForm=Correspondencia_Revisar_Aprobar&id=funcionariofirma&text=SANDRA.M HTTP/1.1" 200 471
186.154.84.82 - - [24/Jan/2015:10:51:29 -0500] "GET /forest/actions/forms.getList?codForm=Correspondencia_Revisar_Aprobar&id=funcionariofirma&text=SANDRA.MO HTTP/1.1" 200 276
186.154.84.82 - - [24/Jan/2015:10:51:29 -0500] "GET /forest/actions/forms.getList?codForm=Correspondencia_Revisar_Aprobar&id=funcionariofirma&text=SANDRA.MON HTTP/1.1" 200 139
186.154.84.82 - - [24/Jan/2015:10:51:29 -0500] "GET /forest/actions/forms.getList?codForm=Correspondencia_Revisar_Aprobar&id=funcionariofirma&text=SANDRA.MONT HTTP/1.1" 200 72
186.154.84.82 - - [24/Jan/2015:10:51:30 -0500] "GET /forest/actions/forms.getList?codForm=Correspondencia_Revisar_Aprobar&id=funcionariofirma&text=SANDRA.MONTO HTTP/1.1" 200 72
186.154.84.82 - - [24/Jan/2015:10:51:30 -0500] "GET /forest/actions/forms.getList?codForm=Correspondencia_Revisar_Aprobar&id=funcionariofirma&text=SANDRA.MONTOY HTTP/1.1" 200 72
186.154.84.82 - - [24/Jan/2015:10:51:30 -0500] "GET /forest/actions/forms.getList?codForm=Correspondencia_Revisar_Aprobar&id=funcionariofirma&text=SANDRA.MONTOYA HTTP/1.1" 200 72
66.249.67.83 - - [24/Jan/2015:10:52:07 -0500] "GET /BLA/resoluciones/RESOLUCIONES%202009/7902.pdf HTTP/1.1" 200 472895
190.26.65.84 - - [24/Jan/2015:10:52:15 -0500] "GET /BLA/resoluciones/RESOLUCIONES%202009/3957.pdf HTTP/1.1" 200 948979
190.26.65.84 - - [24/Jan/2015:10:52:15 -0500] "GET /BLA/resoluciones/RESOLUCIONES%202009/3957.pdf HTTP/1.1" 206 32768
190.26.65.84 - - [24/Jan/2015:10:52:15 -0500] "GET /BLA/resoluciones/RESOLUCIONES%202009/3957.pdf HTTP/1.1" 206 916211
186.154.84.82 - - [24/Jan/2015:10:52:27 -0500] "POST /forest/usutareas.do? HTTP/1.1" 200 76
186.154.84.82 - - [24/Jan/2015:10:52:29 -0500] "GET /forest/usutareas.do?group_system_actual=3&a=0.11332092271186411 HTTP/1.1" 200 19880
186.154.84.82 - - [24/Jan/2015:10:52:30 -0500] "GET /forest/session.jsp?a=0.6352238301187754 HTTP/1.1" 200 4
186.154.84.82 - - [24/Jan/2015:10:52:36 -0500] "GET /forest/index2.jsp?_a=0.5270686321891844 HTTP/1.1" 200 323345
186.154.84.82 - - [24/Jan/2015:10:52:44 -0500] "GET /forest/session.jsp?a=0.772875839844346 HTTP/1.1" 200 4
66.249.67.67 - - [24/Jan/2015:10:52:55 -0500] "GET /BLA/resoluciones/RESOLUCIONES%202013/0676.pdf HTTP/1.1" 200 723673
186.154.84.82 - - [24/Jan/2015:10:53:12 -0500] "GET /forest/misactividades.do?group_system_actual=3&codPro=95&_a=0.895788224346381 HTTP/1.1" 200 38534
186.154.84.82 - - [24/Jan/2015:10:53:12 -0500] "GET /forest/session.jsp?a=0.3271825162228197 HTTP/1.1" 200 4
186.154.84.82 - - [24/Jan/2015:10:53:13 -0500] "GET /forest/skins/gdocs-jar/jsp/cookie.jsp?name=grid_nompro&del HTTP/1.1" 200 -
74.86.158.107 - - [24/Jan/2015:10:53:15 -0500] "GET / HTTP/1.1" 302 -
186.154.84.82 - - [24/Jan/2015:10:53:13 -0500] "POST /forest/misactividades.do?ajax=true&a=0.33752038492821157 HTTP/1.1" 200 286424
186.154.84.82 - - [24/Jan/2015:10:53:21 -0500] "POST /forest/misactividades.do?loadList=1&name=nompro&a=0.46509484690614045 HTTP/1.1" 200 633
186.154.84.82 - - [24/Jan/2015:10:53:24 -0500] "POST /forest/misactividades.do?ajax=true&a=0.0015523056499660015 HTTP/1.1" 200 115815
66.249.67.67 - - [24/Jan/2015:10:53:44 -0500] "GET /BLA/resoluciones/RESOLUCIONES%202008/4514.pdf HTTP/1.1" 200 486077
200.35.46.135 - - [24/Jan/2015:10:53:49 -0500] "GET /BLA/resoluciones/AUTOS%202010/5467.pdf HTTP/1.1" 200 919345
200.35.46.135 - - [24/Jan/2015:10:53:49 -0500] "GET /BLA/resoluciones/AUTOS%202010/5467.pdf HTTP/1.1" 206 32768
200.35.46.135 - - [24/Jan/2015:10:53:49 -0500] "GET /BLA/resoluciones/AUTOS%202010/5467.pdf HTTP/1.1" 206 886577
200.35.46.135 - - [24/Jan/2015:10:53:51 -0500] "GET /favicon.ico HTTP/1.1" 200 7782
186.154.84.82 - - [24/Jan/2015:10:53:56 -0500] "GET /forest/usutareas.do?_a=0.30712954816408455&group_system_actual=3 HTTP/1.1" 200 134780
186.154.84.82 - - [24/Jan/2015:10:53:58 -0500] "GET /forest/session.jsp?a=0.9949377537705004 HTTP/1.1" 200 4
186.154.84.82 - - [24/Jan/2015:10:54:01 -0500] "GET /forest/borrador/1555355/CMF%20SANTA%20B%C3%81RBARA%20.docx HTTP/1.1" 200 110181
66.249.67.83 - - [24/Jan/2015:10:54:33 -0500] "GET /BLA/resoluciones/RESOLUCIONES%202009/2696.pdf HTTP/1.1" 200 396153
186.154.84.82 - - [24/Jan/2015:10:54:57 -0500] "GET /forest/actions/forms.getList?codForm=Correspondencia_Revisar_Aprobar&id=funcionariofirma&text=S HTTP/1.1" 200 1248
186.154.84.82 - - [24/Jan/2015:10:54:57 -0500] "GET /forest/actions/forms.getList?codForm=Correspondencia_Revisar_Aprobar&id=funcionariofirma&text=SA HTTP/1.1" 200 1271
186.154.84.82 - - [24/Jan/2015:10:54:57 -0500] "GET /forest/actions/forms.getList?codForm=Correspondencia_Revisar_Aprobar&id=funcionariofirma&text=SAN HTTP/1.1" 200 1259
186.154.84.82 - - [24/Jan/2015:10:54:57 -0500] "GET /forest/actions/forms.getList?codForm=Correspondencia_Revisar_Aprobar&id=funcionariofirma&text=SAND HTTP/1.1" 200 1318
186.154.84.82 - - [24/Jan/2015:10:54:58 -0500] "GET /forest/actions/forms.getList?codForm=Correspondencia_Revisar_Aprobar&id=funcionariofirma&text=SANDR HTTP/1.1" 200 1318
186.154.84.82 - - [24/Jan/2015:10:54:58 -0500] "GET /forest/actions/forms.getList?codForm=Correspondencia_Revisar_Aprobar&id=funcionariofirma&text=SANDRA HTTP/1.1" 200 1318
186.154.84.82 - - [24/Jan/2015:10:54:59 -0500] "GET /forest/actions/forms.getList?codForm=Correspondencia_Revisar_Aprobar&id=funcionariofirma&text=SANDRA. HTTP/1.1" 200 1321
186.154.84.82 - - [24/Jan/2015:10:54:59 -0500] "GET /forest/actions/forms.getList?codForm=Correspondencia_Revisar_Aprobar&id=funcionariofirma&text=SANDRA.M HTTP/1.1" 200 471
186.154.84.82 - - [24/Jan/2015:10:54:59 -0500] "GET /forest/actions/forms.getList?codForm=Correspondencia_Revisar_Aprobar&id=funcionariofirma&text=SANDRA.MO HTTP/1.1" 200 276
186.154.84.82 - - [24/Jan/2015:10:54:59 -0500] "GET /forest/actions/forms.getList?codForm=Correspondencia_Revisar_Aprobar&id=funcionariofirma&text=SANDRA.MON HTTP/1.1" 200 139
186.154.84.82 - - [24/Jan/2015:10:55:00 -0500] "GET /forest/actions/forms.getList?codForm=Correspondencia_Revisar_Aprobar&id=funcionariofirma&text=SANDRA.MONT HTTP/1.1" 200 72
186.154.84.82 - - [24/Jan/2015:10:55:00 -0500] "GET /forest/actions/forms.getList?codForm=Correspondencia_Revisar_Aprobar&id=funcionariofirma&text=SANDRA.MONTO HTTP/1.1" 200 72
186.154.84.82 - - [24/Jan/2015:10:55:01 -0500] "GET /forest/actions/forms.getList?codForm=Correspondencia_Revisar_Aprobar&id=funcionariofirma&text=SANDRA.MONTOY HTTP/1.1" 200 72
186.154.84.82 - - [24/Jan/2015:10:55:01 -0500] "GET /forest/actions/forms.getList?codForm=Correspondencia_Revisar_Aprobar&id=funcionariofirma&text=SANDRA.MONTOYA HTTP/1.1" 200 72
186.154.84.82 - - [24/Jan/2015:10:55:09 -0500] "POST /forest/usutareas.do? HTTP/1.1" 200 76
66.249.67.83 - - [24/Jan/2015:10:55:21 -0500] "GET /BLA/resoluciones/AUTOS%202008/2279.pdf HTTP/1.1" 200 97598
66.249.67.75 - - [24/Jan/2015:10:55:44 -0500] "GET /BLA/resoluciones/RESOLUCIONES%202003/RES%202003%20401-450/437.tif HTTP/1.1" 200 116104
186.154.84.82 - - [24/Jan/2015:10:55:51 -0500] "GET /forest/usutareas.do?group_system_actual=3&a=0.44875059532932937 HTTP/1.1" 200 19880
186.154.84.82 - - [24/Jan/2015:10:55:52 -0500] "GET /forest/session.jsp?a=0.9095827359706163 HTTP/1.1" 200 4
186.154.84.82 - - [24/Jan/2015:10:55:55 -0500] "GET /forest/misactividades.do?_a=0.8209310083184391&group_system_actual=3 HTTP/1.1" 200 37898
186.154.84.82 - - [24/Jan/2015:10:55:55 -0500] "GET /forest/session.jsp?a=0.14113677386194468 HTTP/1.1" 200 4
186.154.84.82 - - [24/Jan/2015:10:55:56 -0500] "POST /forest/misactividades.do?ajax=true&a=0.7335274706128985 HTTP/1.1" 200 115251
188.165.15.41 - - [24/Jan/2015:10:56:01 -0500] "GET /BLA/resoluciones/index.php?dir=RESOLUCIONES%202002/RES%202002%20851-900/&sort=name&order=asc HTTP/1.1" 200 12222
186.154.84.82 - - [24/Jan/2015:10:50:05 -0500] "GET /ForestMSG_SDA/channelAsync/template_word_16691280?X-Atmosphere-tracking-id=8f615be1-5f3b-8bf9-32e6-3a2d943e6db6&X-Atmosphere-Framework=1.0.5&X-Atmosphere-Transport=long-polling&tabid=0.4640975808724761&X-Cache-Date=0&Content-Type=application/xml&_=1422114793827 HTTP/1.1" 200 8193
66.249.67.67 - - [24/Jan/2015:10:56:10 -0500] "GET /BLA/resoluciones/RESOLUCIONES%202009/1883.pdf HTTP/1.1" 200 418895
190.84.123.138 - - [24/Jan/2015:10:56:41 -0500] "GET /forest/session.jsp?a=0.9762408137321472 HTTP/1.1" 200 4
66.249.67.67 - - [24/Jan/2015:10:56:59 -0500] "GET /BLA/resoluciones/RESOLUCIONES%202008/0262.pdf HTTP/1.1" 200 901592
186.154.84.82 - - [24/Jan/2015:10:57:08 -0500] "GET /forest/usutareas.do?_a=0.6363909596111625&group_system_actual=3 HTTP/1.1" 200 134937
186.154.84.82 - - [24/Jan/2015:10:57:10 -0500] "GET /forest/session.jsp?a=0.40013668895699084 HTTP/1.1" 200 4
186.154.84.82 - - [24/Jan/2015:10:57:12 -0500] "GET /forest/borrador/1473639/NUESTRA%20IPS%20CMF%20NORMAND%C3%8DA.docx HTTP/1.1" 200 102368
190.84.123.138 - - [24/Jan/2015:10:51:20 -0500] "GET /ForestMSG_SDA/channelAsync/template_word_17340029?X-Atmosphere-tracking-id=fb82aa46-9345-547e-eaa8-db6e9dd2789a&X-Atmosphere-Framework=1.0.5&X-Atmosphere-Transport=long-polling&tabid=0.1763182373251766&X-Cache-Date=0&Content-Type=application/xml&_=1422114872020 HTTP/1.1" 200 8193
66.249.67.67 - - [24/Jan/2015:10:57:47 -0500] "GET /BLA/resoluciones/RESOLUCIONES%202008/1621.pdf HTTP/1.1" 200 253012
74.86.158.107 - - [24/Jan/2015:10:58:15 -0500] "GET / HTTP/1.1" 302 -
66.249.67.67 - - [24/Jan/2015:10:58:36 -0500] "GET /BLA/resoluciones/RESOLUCIONES%202008/5128.pdf HTTP/1.1" 200 419004
186.154.84.82 - - [24/Jan/2015:10:58:04 -0500] "GET /forest/documentos/1772365/2014ER001999.pdf HTTP/1.1" 200 4840180
66.249.67.103 - - [24/Jan/2015:10:58:54 -0500] "GET /BLA/ HTTP/1.1" 200 538
200.3.145.87 - - [24/Jan/2015:10:58:59 -0500] "GET /BLA/boletinlegal/js/jquery.js HTTP/1.1" 200 57254
200.3.145.87 - - [24/Jan/2015:10:58:59 -0500] "GET /BLA/boletinlegal/js/jquery.scrollTo-min.js HTTP/1.1" 200 1150
200.3.145.87 - - [24/Jan/2015:10:58:59 -0500] "GET /BLA/boletinlegal/js/jquery.scrollShow.js HTTP/1.1" 200 4586
186.154.84.82 - - [24/Jan/2015:10:59:00 -0500] "GET /forest/actions/forms.getList?codForm=Correspondencia_Revisar_Aprobar&id=funcionariofirma&text=S HTTP/1.1" 200 1248
186.154.84.82 - - [24/Jan/2015:10:59:00 -0500] "GET /forest/actions/forms.getList?codForm=Correspondencia_Revisar_Aprobar&id=funcionariofirma&text=SA HTTP/1.1" 200 1271
186.154.84.82 - - [24/Jan/2015:10:59:00 -0500] "GET /forest/actions/forms.getList?codForm=Correspondencia_Revisar_Aprobar&id=funcionariofirma&text=SAN HTTP/1.1" 200 1259
186.154.84.82 - - [24/Jan/2015:10:59:00 -0500] "GET /forest/actions/forms.getList?codForm=Correspondencia_Revisar_Aprobar&id=funcionariofirma&text=SAND HTTP/1.1" 200 1318
186.154.84.82 - - [24/Jan/2015:10:59:00 -0500] "GET /forest/actions/forms.getList?codForm=Correspondencia_Revisar_Aprobar&id=funcionariofirma&text=SANDR HTTP/1.1" 200 1318
186.154.84.82 - - [24/Jan/2015:10:59:00 -0500] "GET /forest/actions/forms.getList?codForm=Correspondencia_Revisar_Aprobar&id=funcionariofirma&text=SANDRA HTTP/1.1" 200 1318
186.154.84.82 - - [24/Jan/2015:10:59:01 -0500] "GET /forest/actions/forms.getList?codForm=Correspondencia_Revisar_Aprobar&id=funcionariofirma&text=SANDRA. HTTP/1.1" 200 1321
186.154.84.82 - - [24/Jan/2015:10:59:02 -0500] "GET /forest/actions/forms.getList?codForm=Correspondencia_Revisar_Aprobar&id=funcionariofirma&text=SANDRA.M HTTP/1.1" 200 471
186.154.84.82 - - [24/Jan/2015:10:59:02 -0500] "GET /forest/actions/forms.getList?codForm=Correspondencia_Revisar_Aprobar&id=funcionariofirma&text=SANDRA.MO HTTP/1.1" 200 276
186.154.84.82 - - [24/Jan/2015:10:59:02 -0500] "GET /forest/actions/forms.getList?codForm=Correspondencia_Revisar_Aprobar&id=funcionariofirma&text=SANDRA.MON HTTP/1.1" 200 139
186.154.84.82 - - [24/Jan/2015:10:59:03 -0500] "GET /forest/actions/forms.getList?codForm=Correspondencia_Revisar_Aprobar&id=funcionariofirma&text=SANDRA.MONT HTTP/1.1" 200 72
186.154.84.82 - - [24/Jan/2015:10:59:03 -0500] "GET /forest/actions/forms.getList?codForm=Correspondencia_Revisar_Aprobar&id=funcionariofirma&text=SANDRA.MONTO HTTP/1.1" 200 72
186.154.84.82 - - [24/Jan/2015:10:59:03 -0500] "GET /forest/actions/forms.getList?codForm=Correspondencia_Revisar_Aprobar&id=funcionariofirma&text=SANDRA.MONTOU HTTP/1.1" 200 2
186.154.84.82 - - [24/Jan/2015:10:59:04 -0500] "GET /forest/actions/forms.getList?codForm=Correspondencia_Revisar_Aprobar&id=funcionariofirma&text=SANDRA.MONTO HTTP/1.1" 200 72
186.154.84.82 - - [24/Jan/2015:10:59:05 -0500] "GET /forest/actions/forms.getList?codForm=Correspondencia_Revisar_Aprobar&id=funcionariofirma&text=SANDRA.MONTOY HTTP/1.1" 200 72
186.154.84.82 - - [24/Jan/2015:10:59:05 -0500] "GET /forest/actions/forms.getList?codForm=Correspondencia_Revisar_Aprobar&id=funcionariofirma&text=SANDRA.MONTOYA HTTP/1.1" 200 72
186.154.84.82 - - [24/Jan/2015:10:59:12 -0500] "POST /forest/usutareas.do? HTTP/1.1" 200 76
186.154.84.82 - - [24/Jan/2015:10:59:14 -0500] "GET /forest/usutareas.do?group_system_actual=3&a=0.7905903218779713 HTTP/1.1" 200 19878
186.154.84.82 - - [24/Jan/2015:10:59:15 -0500] "GET /forest/session.jsp?a=0.47437421325594187 HTTP/1.1" 200 4
186.154.84.82 - - [24/Jan/2015:10:59:19 -0500] "GET /ForestMSG_SDA/channelAsync/template_word_16691968?X-Atmosphere-tracking-id=1c36b547-68c4-40cf-14a5-a79766f8fab2&X-Atmosphere-Framework=1.0.5&X-Atmosphere-Transport=long-polling&tabid=0.1515485078562051&X-Cache-Date=0&Content-Type=application/xml&_=1422115347670 HTTP/1.1" 200 8293
186.154.84.82 - - [24/Jan/2015:10:59:19 -0500] "GET /forest/session.jsp?a=0.4693462159484625 HTTP/1.1" 200 4
66.249.67.67 - - [24/Jan/2015:10:59:25 -0500] "GET /BLA/resoluciones/RESOLUCIONES%202010/7511.pdf HTTP/1.1" 200 78354
186.154.84.82 - - [24/Jan/2015:10:53:58 -0500] "GET /ForestMSG_SDA/channelAsync/template_word_16691414?X-Atmosphere-tracking-id=aab1e10b-81c2-3741-1acf-a0d799f010c8&X-Atmosphere-Framework=1.0.5&X-Atmosphere-Transport=long-polling&tabid=0.40599181200377643&X-Cache-Date=0&Content-Type=application/xml&_=1422115026369 HTTP/1.1" 200 8193
186.154.84.82 - - [24/Jan/2015:11:00:04 -0500] "GET /forest/misactividades.do?_a=0.6159281665459275&group_system_actual=3 HTTP/1.1" 200 37898
186.154.84.82 - - [24/Jan/2015:11:00:05 -0500] "GET /forest/session.jsp?a=0.8914468260481954 HTTP/1.1" 200 4
186.154.84.82 - - [24/Jan/2015:11:00:06 -0500] "POST /forest/misactividades.do?ajax=true&a=0.26674946513958275 HTTP/1.1" 200 114675
66.249.67.103 - - [24/Jan/2015:10:59:52 -0500] "GET /BLA/boletinlegal/index.php HTTP/1.1" 200 44048
66.249.67.75 - - [24/Jan/2015:11:00:33 -0500] "GET /BLA/resoluciones/RESOLUCIONES%202009/0882.pdf HTTP/1.1" 200 353103
188.165.15.177 - - [24/Jan/2015:11:00:46 -0500] "GET /BLA/resoluciones/index.php?dir=RESOLUCIONES%202002/RES%202002%201601-1650/&sort=date&order=desc HTTP/1.1" 200 12157
190.131.196.77 - - [24/Jan/2015:11:00:52 -0500] "GET /galeria/nivo-slider/demo/images/Tingua-azul.jpg HTTP/1.1" 200 307638
186.154.84.82 - - [24/Jan/2015:11:00:59 -0500] "GET /forest/usutareas.do?_a=0.20434672059491277&group_system_actual=3 HTTP/1.1" 200 134514
186.154.84.82 - - [24/Jan/2015:11:01:02 -0500] "GET /forest/session.jsp?a=0.45060798386111856 HTTP/1.1" 200 4
66.249.67.83 - - [24/Jan/2015:11:01:03 -0500] "GET /BLA/resoluciones/RESOLUCIONES%202008/0804.pdf HTTP/1.1" 200 291028
186.154.84.82 - - [24/Jan/2015:11:01:06 -0500] "GET /forest/borrador/1473018/DAMA%20SALUD%20-%20SONR%C3%8DA%20MORATO.docx HTTP/1.1" 200 105787
186.46.174.77 - - [24/Jan/2015:11:01:24 -0500] "GET /BLA/resoluciones/RESOLUCIONES%202007/RES%202007%201201%20AL%201300/RESOLUCION%201208%20DE%202007.pdf HTTP/1.1" 200 489317
186.46.174.77 - - [24/Jan/2015:11:01:24 -0500] "GET /BLA/resoluciones/RESOLUCIONES%202007/RES%202007%201201%20AL%201300/RESOLUCION%201208%20DE%202007.pdf HTTP/1.1" 206 32768
186.46.174.77 - - [24/Jan/2015:11:01:24 -0500] "GET /BLA/resoluciones/RESOLUCIONES%202007/RES%202007%201201%20AL%201300/RESOLUCION%201208%20DE%202007.pdf HTTP/1.1" 206 456549
186.46.174.77 - - [24/Jan/2015:11:01:28 -0500] "GET /favicon.ico HTTP/1.1" 200 7782
190.84.123.138 - - [24/Jan/2015:11:01:41 -0500] "GET /forest/session.jsp?a=0.48329759924672544 HTTP/1.1" 200 4
66.249.67.83 - - [24/Jan/2015:11:01:51 -0500] "GET /BLA/resoluciones/AUTOS%202007/2496.pdf HTTP/1.1" 200 248974
66.249.67.75 - - [24/Jan/2015:11:01:59 -0500] "GET /BLA/resoluciones/RESOLUCIONES%202009/2353.pdf HTTP/1.1" 200 444105
186.154.84.82 - - [24/Jan/2015:11:01:56 -0500] "GET /forest/documentos/1761588/2013ER172825.pdf HTTP/1.1" 200 4797397
66.249.67.75 - - [24/Jan/2015:11:02:40 -0500] "GET /BLA/resoluciones/RESOLUCIONES%202009/3722.pdf HTTP/1.1" 200 349615
186.154.84.82 - - [24/Jan/2015:10:57:10 -0500] "GET /ForestMSG_SDA/channelAsync/template_word_16691968?X-Atmosphere-tracking-id=c9006035-5f20-05f3-c099-6aa143b4b0ef&X-Atmosphere-Framework=1.0.5&X-Atmosphere-Transport=long-polling&tabid=0.7734723088797182&X-Cache-Date=0&Content-Type=application/xml&_=1422115218619 HTTP/1.1" 200 8193
74.86.158.107 - - [24/Jan/2015:11:03:15 -0500] "GET / HTTP/1.1" 302 -
190.84.123.138 - - [24/Jan/2015:10:57:21 -0500] "GET /ForestMSG_SDA/channelAsync/template_word_17340029?X-Atmosphere-tracking-id=fb82aa46-9345-547e-eaa8-db6e9dd2789a&X-Atmosphere-Framework=1.0.5&X-Atmosphere-Transport=long-polling&tabid=0.1763182373251766&X-Cache-Date=0&Content-Type=application/xml&_=1422115233020 HTTP/1.1" 200 8193
66.249.67.75 - - [24/Jan/2015:11:03:22 -0500] "GET /autoliquidacion/TR%C3%81MITES%20VERTIMIENTOS/PERMISOS%20DE%20VERTIMIENTOS/ANEXO%20%205.%20%20MATRIZ%20PAR%C3%81METRSO%20ACTIVDADES%20PRODUCTIVAS.xls HTTP/1.1" 304 -
66.249.67.75 - - [24/Jan/2015:11:03:29 -0500] "GET /BLA/resoluciones/RESOLUCIONES%202009/8325.pdf HTTP/1.1" 200 363380
66.249.67.67 - - [24/Jan/2015:11:04:17 -0500] "GET /BLA/resoluciones/RESOLUCIONES%202008/4691.pdf HTTP/1.1" 200 32255
186.154.84.82 - - [24/Jan/2015:11:04:23 -0500] "GET /forest/borrador/1473018/DAMA%20SALUD%20-%20SONR%C3%8DA%20MORATO.docx HTTP/1.1" 200 105787
186.116.128.233 - - [24/Jan/2015:11:04:30 -0500] "GET /BLA/resoluciones/RESOLUCIONES%202007/RES%202007%203201%20AL%203300/RESOLUCION%203232%20DE%202007.pdf HTTP/1.1" 200 608479
186.116.128.233 - - [24/Jan/2015:11:04:35 -0500] "GET /BLA/resoluciones/RESOLUCIONES%202007/RES%202007%203201%20AL%203300/RESOLUCION%203232%20DE%202007.pdf HTTP/1.1" 200 608479
186.116.128.233 - - [24/Jan/2015:11:04:40 -0500] "GET /BLA/resoluciones/RESOLUCIONES%202007/RES%202007%203201%20AL%203300/RESOLUCION%203232%20DE%202007.pdf HTTP/1.1" 200 608479
186.116.128.233 - - [24/Jan/2015:11:04:44 -0500] "GET /BLA/resoluciones/RESOLUCIONES%202007/RES%202007%203201%20AL%203300/RESOLUCION%203232%20DE%202007.pdf HTTP/1.1" 200 608479
66.249.67.67 - - [24/Jan/2015:11:05:06 -0500] "GET /BLA/resoluciones/AUTOS%202007/2085.pdf HTTP/1.1" 200 326152
186.154.84.82 - - [24/Jan/2015:11:06:02 -0500] "GET /forest/session.jsp?a=0.9677815665490925 HTTP/1.1" 200 4
190.84.123.138 - - [24/Jan/2015:11:06:07 -0500] "GET /forest/usudocumentos.do?p7z=1986584&a=0.016594834392890334&a=0.1840264943893999 HTTP/1.1" 200 2577
190.84.123.138 - - [24/Jan/2015:11:06:09 -0500] "GET /forest/documentos/1986584/2014IE216180.p7z:claro/Doc%20Numeraci%C3%B3n.docx HTTP/1.1" 200 2463539
190.84.123.138 - - [24/Jan/2015:11:06:42 -0500] "GET /forest/session.jsp?a=0.9031309231650084 HTTP/1.1" 200 4
66.249.67.75 - - [24/Jan/2015:11:06:43 -0500] "GET /BLA/resoluciones/AUTOS%202008/1046.pdf HTTP/1.1" 200 88329
186.154.84.82 - - [24/Jan/2015:11:06:56 -0500] "GET /forest/misactividades.do?_a=0.24965039896778762&group_system_actual=3 HTTP/1.1" 200 37898
186.154.84.82 - - [24/Jan/2015:11:06:57 -0500] "GET /forest/session.jsp?a=0.16604289691895247 HTTP/1.1" 200 4
186.154.84.82 - - [24/Jan/2015:11:06:57 -0500] "POST /forest/misactividades.do?ajax=true&a=0.6694264654070139 HTTP/1.1" 200 114714
186.154.84.82 - - [24/Jan/2015:11:01:01 -0500] "GET /ForestMSG_SDA/channelAsync/template_word_16692171?X-Atmosphere-tracking-id=a0fc1f5a-03fd-b69b-2ed7-9361cbd012e7&X-Atmosphere-Framework=1.0.5&X-Atmosphere-Transport=long-polling&tabid=0.8387455514166504&X-Cache-Date=0&Content-Type=application/xml&_=1422115449935 HTTP/1.1" 200 8193
186.154.84.82 - - [24/Jan/2015:11:07:14 -0500] "GET /forest/usutareas.do?_a=0.5549126011319458&group_system_actual=3 HTTP/1.1" 200 134521
186.154.84.82 - - [24/Jan/2015:11:07:17 -0500] "GET /forest/session.jsp?a=0.10515564121305943 HTTP/1.1" 200 4
74.86.158.107 - - [24/Jan/2015:11:08:15 -0500] "GET / HTTP/1.1" 302 -
66.249.67.67 - - [24/Jan/2015:11:08:21 -0500] "GET /BLA/resoluciones/RESOLUCIONES%202009/1816.pdf HTTP/1.1" 200 363787
66.249.67.83 - - [24/Jan/2015:11:09:10 -0500] "GET /BLA/resoluciones/RESOLUCIONES%202010/7305.pdf HTTP/1.1" 200 361994
190.84.123.138 - - [24/Jan/2015:11:03:21 -0500] "GET /ForestMSG_SDA/channelAsync/template_word_17340029?X-Atmosphere-tracking-id=fb82aa46-9345-547e-eaa8-db6e9dd2789a&X-Atmosphere-Framework=1.0.5&X-Atmosphere-Transport=long-polling&tabid=0.1763182373251766&X-Cache-Date=0&Content-Type=application/xml&_=1422115593051 HTTP/1.1" 200 8193
66.249.67.67 - - [24/Jan/2015:11:09:32 -0500] "GET /BLA/resoluciones/RESOLUCIONES%202013/1135.pdf HTTP/1.1" 304 -
66.249.67.75 - - [24/Jan/2015:11:09:58 -0500] "GET /BLA/resoluciones/AUTOS%202007/3688.pdf HTTP/1.1" 200 64308
66.249.67.83 - - [24/Jan/2015:11:10:40 -0500] "GET /BLA/resoluciones/RESOLUCIONES%202007/RES%202007%203801%20AL%203900/RESOLUCION%203815%20DE%202007.pdf HTTP/1.1" 200 122362
66.249.67.83 - - [24/Jan/2015:11:10:47 -0500] "GET /BLA/resoluciones/RESOLUCIONES%202009/9636.pdf HTTP/1.1" 200 576891
188.165.15.59 - - [24/Jan/2015:11:11:12 -0500] "GET /BLA/resoluciones/RESOLUCIONES%202005/RES%202005%202851-2900/00002865.tif HTTP/1.1" 200 129932
186.180.52.138 - - [24/Jan/2015:11:11:24 -0500] "GET /BLA/resoluciones/RESOLUCIONES%202010/6705.pdf HTTP/1.1" 200 132076
186.180.52.138 - - [24/Jan/2015:11:11:25 -0500] "GET /BLA/resoluciones/RESOLUCIONES%202010/6705.pdf HTTP/1.1" 200 132076
66.249.67.67 - - [24/Jan/2015:11:11:37 -0500] "GET /BLA/resoluciones/RESOLUCIONES%202010/7010.pdf HTTP/1.1" 200 614572
190.84.123.138 - - [24/Jan/2015:11:11:42 -0500] "GET /forest/session.jsp?a=0.3393501238897443 HTTP/1.1" 200 4
66.249.67.67 - - [24/Jan/2015:11:11:48 -0500] "GET /BLA/resoluciones/RESOLUCIONES%202011/3902.pdf HTTP/1.1" 304 -
186.154.84.82 - - [24/Jan/2015:11:12:17 -0500] "GET /forest/session.jsp?a=0.4375947476364672 HTTP/1.1" 200 4
66.249.67.75 - - [24/Jan/2015:11:12:25 -0500] "GET /BLA/resoluciones/RESOLUCIONES%202008/0229.pdf HTTP/1.1" 200 240333
66.249.67.83 - - [24/Jan/2015:11:12:56 -0500] "GET /BLA/resoluciones/RESOLUCIONES%202009/1801.pdf HTTP/1.1" 304 -
66.249.67.75 - - [24/Jan/2015:11:13:13 -0500] "GET /BLA/resoluciones/AUTOS%202007/0872.pdf HTTP/1.1" 200 77593
74.86.158.107 - - [24/Jan/2015:11:13:15 -0500] "GET / HTTP/1.1" 302 -
186.154.84.82 - - [24/Jan/2015:11:07:16 -0500] "GET /ForestMSG_SDA/channelAsync/template_word_16692979?X-Atmosphere-tracking-id=140ebd2e-7605-4fa4-ca0c-f8c0b9153950&X-Atmosphere-Framework=1.0.5&X-Atmosphere-Transport=long-polling&tabid=0.9228843594901264&X-Cache-Date=0&Content-Type=application/xml&_=1422115824941 HTTP/1.1" 200 8193
66.249.67.83 - - [24/Jan/2015:11:13:58 -0500] "GET /BLA/resoluciones/RESOLUCIONES%202004/RES%202004%2001-%2050/00000004.tif HTTP/1.1" 200 219232
66.249.67.83 - - [24/Jan/2015:11:14:02 -0500] "GET /BLA/resoluciones/RESOLUCIONES%202008/3416.pdf HTTP/1.1" 200 252588
66.249.67.83 - - [24/Jan/2015:11:14:35 -0500] "GET /BLA/resoluciones/RESOLUCIONES%202013/1284.pdf HTTP/1.1" 304 -
66.249.67.75 - - [24/Jan/2015:11:14:51 -0500] "GET /BLA/resoluciones/RESOLUCIONES%202008/1878.pdf HTTP/1.1" 200 201301
186.147.140.91 - - [24/Jan/2015:11:14:51 -0500] "GET /forest/img/forestIcon.gif?version=1412.231748 HTTP/1.1" 304 -
190.84.123.138 - - [24/Jan/2015:11:09:22 -0500] "GET /ForestMSG_SDA/channelAsync/template_word_17340029?X-Atmosphere-tracking-id=fb82aa46-9345-547e-eaa8-db6e9dd2789a&X-Atmosphere-Framework=1.0.5&X-Atmosphere-Transport=long-polling&tabid=0.1763182373251766&X-Cache-Date=0&Content-Type=application/xml&_=1422115954021 HTTP/1.1" 200 8193
188.165.15.177 - - [24/Jan/2015:11:15:35 -0500] "GET /BLA/resoluciones/index.php?dir=RESOLUCIONES%202004/RES%202004%20301-350/&sort=size&order=asc HTTP/1.1" 200 12062
66.249.67.75 - - [24/Jan/2015:11:15:39 -0500] "GET /BLA/resoluciones/RESOLUCIONES%202009/9730.pdf HTTP/1.1" 200 293007
66.249.67.75 - - [24/Jan/2015:11:16:28 -0500] "GET /BLA/resoluciones/AUTOS%202008/2740.pdf HTTP/1.1" 200 103050
190.84.123.138 - - [24/Jan/2015:11:16:42 -0500] "GET /forest/session.jsp?a=0.5524567002430558 HTTP/1.1" 200 4
66.249.67.75 - - [24/Jan/2015:11:16:51 -0500] "GET /BLA/resoluciones/RESOLUCIONES%202007/RES%202007%203901%20AL%204000/RESOLUCION%203926%20DE%202007.pdf HTTP/1.1" 304 -
66.249.67.75 - - [24/Jan/2015:11:17:09 -0500] "GET /BLA/resoluciones/RESOLUCIONES%202008/0290.pdf HTTP/1.1" 200 19118
66.249.67.67 - - [24/Jan/2015:11:17:17 -0500] "GET /BLA/resoluciones/RESOLUCIONES%202009/9353.pdf HTTP/1.1" 200 533771
186.154.84.82 - - [24/Jan/2015:11:17:22 -0500] "GET /forest/session.jsp?a=0.1397686896380037 HTTP/1.1" 200 4
66.249.67.83 - - [24/Jan/2015:11:18:06 -0500] "GET /BLA/resoluciones/RESOLUCIONES%202009/2544.pdf HTTP/1.1" 200 491430
74.86.158.107 - - [24/Jan/2015:11:18:15 -0500] "GET / HTTP/1.1" 302 -
66.249.67.83 - - [24/Jan/2015:11:18:54 -0500] "GET /BLA/resoluciones/RESOLUCIONES%202007/RES%202007%202901%20AL%203000/RESOLUCION%202963%20DE%202007.pdf HTTP/1.1" 200 786067
66.249.67.67 - - [24/Jan/2015:11:19:07 -0500] "GET /BLA/resoluciones/RESOLUCIONES%202008/0815.pdf HTTP/1.1" 304 -
186.154.84.82 - - [24/Jan/2015:11:13:16 -0500] "GET /ForestMSG_SDA/channelAsync/template_word_16692979?X-Atmosphere-tracking-id=140ebd2e-7605-4fa4-ca0c-f8c0b9153950&X-Atmosphere-Framework=1.0.5&X-Atmosphere-Transport=long-polling&tabid=0.9228843594901264&X-Cache-Date=0&Content-Type=application/xml&_=1422116185114 HTTP/1.1" 200 8193
66.249.67.83 - - [24/Jan/2015:11:19:43 -0500] "GET /BLA/resoluciones/RESOLUCIONES%202008/1024.pdf HTTP/1.1" 200 336773
66.249.67.67 - - [24/Jan/2015:11:20:32 -0500] "GET /BLA/resoluciones/RESOLUCIONES%202008/2692.pdf HTTP/1.1" 200 271865
66.249.67.75 - - [24/Jan/2015:11:21:21 -0500] "GET /BLA/resoluciones/RESOLUCIONES%202007/RES%202007%20101%20AL%20200/RESOLUCION%200180%20DE%202007.pdf HTTP/1.1" 200 210362
190.84.123.138 - - [24/Jan/2015:11:15:22 -0500] "GET /ForestMSG_SDA/channelAsync/template_word_17340029?X-Atmosphere-tracking-id=fb82aa46-9345-547e-eaa8-db6e9dd2789a&X-Atmosphere-Framework=1.0.5&X-Atmosphere-Transport=long-polling&tabid=0.1763182373251766&X-Cache-Date=0&Content-Type=application/xml&_=1422116314057 HTTP/1.1" 200 8193
66.249.67.83 - - [24/Jan/2015:11:21:23 -0500] "GET /BLA/resoluciones/RESOLUCIONES%202010/6375.pdf HTTP/1.1" 200 569693
100.43.85.25 - - [24/Jan/2015:11:21:24 -0500] "GET /StormSDA/stormWeb/img/descargarPdf.png HTTP/1.1" 200 26955
190.147.21.48 - - [24/Jan/2015:11:21:26 -0500] "GET /autoliquidacion/Fauna%20Silvestre/LISTA%20DE%20CHEQUEO%20Y%20FORMATO%20DE%20SOLICITUD%20DE%20VERIFICACI%C3%93N%20DE%20EXPORTACIONES%20E%20IMPORTACIONES.xls HTTP/1.1" 200 797696
190.84.123.138 - - [24/Jan/2015:11:21:42 -0500] "GET /forest/session.jsp?a=0.6669442558195442 HTTP/1.1" 200 4
190.147.21.48 - - [24/Jan/2015:11:21:44 -0500] "GET /autoliquidacion/Fauna%20Silvestre/LISTA%20DE%20CHEQUEO%20Y%20FORMATO%20DE%20SOLICITUD%20DE%20VERIFICACI%C3%93N%20DE%20EXPORTACIONES%20E%20IMPORTACIONES.xls HTTP/1.1" 206 1
190.147.21.48 - - [24/Jan/2015:11:21:44 -0500] "GET /autoliquidacion/Fauna%20Silvestre/LISTA%20DE%20CHEQUEO%20Y%20FORMATO%20DE%20SOLICITUD%20DE%20VERIFICACI%C3%93N%20DE%20EXPORTACIONES%20E%20IMPORTACIONES.xls HTTP/1.1" 206 795065
181.139.231.157 - - [24/Jan/2015:11:21:59 -0500] "GET /BLA/resoluciones/RESOLUCIONES%202011/1806.pdf HTTP/1.1" 200 479052
181.139.231.157 - - [24/Jan/2015:11:21:59 -0500] "GET /BLA/resoluciones/RESOLUCIONES%202011/1806.pdf HTTP/1.1" 206 32768
181.139.231.157 - - [24/Jan/2015:11:22:00 -0500] "GET /BLA/resoluciones/RESOLUCIONES%202011/1806.pdf HTTP/1.1" 206 446284
181.139.231.157 - - [24/Jan/2015:11:22:03 -0500] "GET /favicon.ico HTTP/1.1" 200 7782
66.249.67.67 - - [24/Jan/2015:11:22:09 -0500] "GET /BLA/resoluciones/RESOLUCIONES%202010/1450.pdf HTTP/1.1" 200 555590
186.154.84.82 - - [24/Jan/2015:11:22:22 -0500] "GET /forest/session.jsp?a=0.8696753575932235 HTTP/1.1" 200 4
190.27.230.185 - - [24/Jan/2015:11:22:33 -0500] "GET /BLA/boletinlegal/js/jquery.js HTTP/1.1" 200 57254
190.27.230.185 - - [24/Jan/2015:11:22:33 -0500] "GET /BLA/boletinlegal/js/jquery.scrollTo-min.js HTTP/1.1" 200 1150
190.27.230.185 - - [24/Jan/2015:11:22:33 -0500] "GET /BLA/boletinlegal/js/jquery.scrollShow.js HTTP/1.1" 200 4586
66.249.67.67 - - [24/Jan/2015:11:22:58 -0500] "GET /BLA/resoluciones/RESOLUCIONES%202008/3794.pdf HTTP/1.1" 200 240897
200.3.154.203 - - [24/Jan/2015:11:23:08 -0500] "GET /BLA/resoluciones/AUTOS%202010/5522.pdf HTTP/1.1" 200 196423
74.86.158.107 - - [24/Jan/2015:11:23:15 -0500] "GET / HTTP/1.1" 302 -
66.249.67.83 - - [24/Jan/2015:11:23:45 -0500] "GET /videos/Spot_CambioClimatico.flv HTTP/1.1" 200 4371917
66.249.67.75 - - [24/Jan/2015:11:24:32 -0500] "GET /BLA/resoluciones/RESOLUCIONES%202003/RES%202003%20351-400/351.tif HTTP/1.1" 200 147276
66.249.67.83 - - [24/Jan/2015:11:24:35 -0500] "GET /BLA/resoluciones/RESOLUCIONES%202010/2368.pdf HTTP/1.1" 200 490615
186.154.84.82 - - [24/Jan/2015:11:19:16 -0500] "GET /ForestMSG_SDA/channelAsync/template_word_16692979?X-Atmosphere-tracking-id=140ebd2e-7605-4fa4-ca0c-f8c0b9153950&X-Atmosphere-Framework=1.0.5&X-Atmosphere-Transport=long-polling&tabid=0.9228843594901264&X-Cache-Date=0&Content-Type=application/xml&_=1422116545284 HTTP/1.1" 200 8193
181.49.25.225 - - [24/Jan/2015:11:25:21 -0500] "GET /BLA/resoluciones/RESOLUCIONES%202007/RES%202007%204101%20AL%204200/RESOLUCION%204167%20DE%202007.pdf HTTP/1.1" 200 664204
181.49.25.225 - - [24/Jan/2015:11:25:21 -0500] "GET /BLA/resoluciones/RESOLUCIONES%202007/RES%202007%204101%20AL%204200/RESOLUCION%204167%20DE%202007.pdf HTTP/1.1" 206 32768
181.49.25.225 - - [24/Jan/2015:11:25:21 -0500] "GET /BLA/resoluciones/RESOLUCIONES%202007/RES%202007%204101%20AL%204200/RESOLUCION%204167%20DE%202007.pdf HTTP/1.1" 206 631436
181.49.25.225 - - [24/Jan/2015:11:25:23 -0500] "GET /favicon.ico HTTP/1.1" 200 7782
66.249.67.67 - - [24/Jan/2015:11:25:24 -0500] "GET /BLA/resoluciones/AUTOS%202007/3671.pdf HTTP/1.1" 200 173914
66.249.67.111 - - [24/Jan/2015:11:25:55 -0500] "GET /phpold/autoliquidacion/17882.txt HTTP/1.1" 404 1019
66.249.67.75 - - [24/Jan/2015:11:26:13 -0500] "GET /BLA/resoluciones/AUTOS%202007/0904.pdf HTTP/1.1" 200 30632
188.165.15.59 - - [24/Jan/2015:11:26:31 -0500] "GET /BLA/resoluciones/RESOLUCIONES%202005/RES%202005%20851-900/00000889.tif HTTP/1.1" 200 591850
186.147.141.101 - - [24/Jan/2015:11:26:53 -0500] "GET /BLA/resoluciones/AUTOS%202011/2146.pdf HTTP/1.1" 200 248503
66.249.67.83 - - [24/Jan/2015:11:27:02 -0500] "GET /BLA/resoluciones/RESOLUCIONES%202009/1858.pdf HTTP/1.1" 200 483426
186.147.141.101 - - [24/Jan/2015:11:27:03 -0500] "GET /browserconfig.xml HTTP/1.1" 404 1018
66.249.67.75 - - [24/Jan/2015:11:27:09 -0500] "GET /BLA/resoluciones/RESOLUCIONES%202009/4938.pdf HTTP/1.1" 200 553899
190.84.123.138 - - [24/Jan/2015:11:21:22 -0500] "GET /ForestMSG_SDA/channelAsync/template_word_17340029?X-Atmosphere-tracking-id=fb82aa46-9345-547e-eaa8-db6e9dd2789a&X-Atmosphere-Framework=1.0.5&X-Atmosphere-Transport=long-polling&tabid=0.1763182373251766&X-Cache-Date=0&Content-Type=application/xml&_=1422116674122 HTTP/1.1" 200 8193
66.249.67.67 - - [24/Jan/2015:11:27:50 -0500] "GET /BLA/resoluciones/RESOLUCIONES%202010/3844.pdf HTTP/1.1" 200 1054762
186.29.219.21 - - [24/Jan/2015:11:28:03 -0500] "GET /dama/libreria/jpg/sec_amb.jpg HTTP/1.1" 404 1019
186.29.219.21 - - [24/Jan/2015:11:28:03 -0500] "GET /dama/libreria/jpg/sec_amb.jpg HTTP/1.1" 404 1019
186.29.219.21 - - [24/Jan/2015:11:28:03 -0500] "GET /dama/libreria/jpg/sec_amb.jpg HTTP/1.1" 404 1019
186.29.219.21 - - [24/Jan/2015:11:28:03 -0500] "GET /dama/libreria/jpg/sec_amb.jpg HTTP/1.1" 404 1019
186.29.219.21 - - [24/Jan/2015:11:28:04 -0500] "GET /dama/libreria/jpg/sec_amb.jpg HTTP/1.1" 404 1019
186.29.219.21 - - [24/Jan/2015:11:28:04 -0500] "GET /dama/libreria/jpg/sec_amb.jpg HTTP/1.1" 404 1019
186.29.219.21 - - [24/Jan/2015:11:28:04 -0500] "GET /dama/libreria/jpg/sec_amb.jpg HTTP/1.1" 404 1019
186.29.219.21 - - [24/Jan/2015:11:28:04 -0500] "GET /dama/libreria/jpg/sec_amb.jpg HTTP/1.1" 404 1019
66.249.67.111 - - [24/Jan/2015:11:28:11 -0500] "GET /pga/pga.htm HTTP/1.1" 404 1019
181.234.96.218 - - [24/Jan/2015:11:28:13 -0500] "GET /BLA/resoluciones/AUTOS%202007/3768.pdf HTTP/1.1" 200 221922
181.234.96.218 - - [24/Jan/2015:11:28:13 -0500] "GET /BLA/resoluciones/AUTOS%202007/3768.pdf HTTP/1.1" 206 32768
181.234.96.218 - - [24/Jan/2015:11:28:13 -0500] "GET /BLA/resoluciones/AUTOS%202007/3768.pdf HTTP/1.1" 206 189154
74.86.158.107 - - [24/Jan/2015:11:28:15 -0500] "GET / HTTP/1.1" 302 -
181.234.96.218 - - [24/Jan/2015:11:28:16 -0500] "GET /favicon.ico HTTP/1.1" 200 7782
66.249.67.67 - - [24/Jan/2015:11:28:39 -0500] "GET /BLA/resoluciones/AUTOS%202007/0119.pdf HTTP/1.1" 200 44132
212.181.189.74 - - [24/Jan/2015:11:29:52 -0500] "GET /webdav/ HTTP/1.1" 404 1018
66.249.67.83 - - [24/Jan/2015:11:30:17 -0500] "GET /BLA/resoluciones/AUTOS%202008/3095.pdf HTTP/1.1" 200 113961
188.165.15.41 - - [24/Jan/2015:11:30:34 -0500] "GET /BLA/resoluciones/index.php?dir=RESOLUCIONES%202004/RES%202004%201951-2000/&sort=name&order=asc HTTP/1.1" 200 12355
66.249.67.83 - - [24/Jan/2015:11:31:11 -0500] "GET /BLA/resoluciones/AUTOS%202007/1692.pdf HTTP/1.1" 200 171783
186.154.84.82 - - [24/Jan/2015:11:25:16 -0500] "GET /ForestMSG_SDA/channelAsync/template_word_16692979?X-Atmosphere-tracking-id=140ebd2e-7605-4fa4-ca0c-f8c0b9153950&X-Atmosphere-Framework=1.0.5&X-Atmosphere-Transport=long-polling&tabid=0.9228843594901264&X-Cache-Date=0&Content-Type=application/xml&_=1422116905392 HTTP/1.1" 200 8193
190.84.123.138 - - [24/Jan/2015:11:31:24 -0500] "GET /forest/session.jsp?a=0.92066282290034 HTTP/1.1" 200 4
188.165.15.177 - - [24/Jan/2015:11:31:24 -0500] "GET /BLA/resoluciones/RESOLUCIONES%202002/RES%202002%20951-1000/00000981.tif HTTP/1.1" 200 82518
190.84.123.138 - - [24/Jan/2015:11:31:30 -0500] "GET /forest/skins/gdocs-jar/popup/escritorio/subirborrador.jsp?form=Correspondencia_Revisar_Aprobar&codTpl=&codBorr=542334&a=0.5804495527409017 HTTP/1.1" 200 23292
190.84.123.138 - - [24/Jan/2015:11:31:30 -0500] "GET /forest/skins/gdocs-jar/img/top-search-icon.gif HTTP/1.1" 304 -
190.84.123.138 - - [24/Jan/2015:11:31:30 -0500] "GET /forest/img/lapiz.gif HTTP/1.1" 304 -
190.84.123.138 - - [24/Jan/2015:11:31:30 -0500] "GET /forest/img/adduser.gif HTTP/1.1" 304 -
190.84.123.138 - - [24/Jan/2015:11:31:30 -0500] "GET /forest/img/historial.gif HTTP/1.1" 304 -
190.84.123.138 - - [24/Jan/2015:11:31:30 -0500] "GET /forest/json.do?query=borradoresByTpls&codInst=3041242&codTare=697&firma=0&a=0.6646665723528713 HTTP/1.1" 200 176
190.84.123.138 - - [24/Jan/2015:11:31:30 -0500] "GET /forest/json.do?query=plantillasByTarea&codTare=697&codInst=3041242&firma=0&a=0.9360949913971126 HTTP/1.1" 200 904
190.84.123.138 - - [24/Jan/2015:11:31:30 -0500] "GET /forest/json.do?query=terceroById&numTer=899999061-9%20SDA&a=0.7220756432507187 HTTP/1.1" 200 664
190.84.123.138 - - [24/Jan/2015:11:31:31 -0500] "GET /forest/json.do?query=datosBorradorByCodTraBorr&codTraBorr=1612950&a=0.020191415678709745 HTTP/1.1" 200 180
190.84.123.138 - - [24/Jan/2015:11:31:31 -0500] "GET /forest/json.do?query=adjuntosByBorrador&codTraBorr=1612950&a=0.17708122893236578 HTTP/1.1" 200 2
190.84.123.138 - - [24/Jan/2015:11:31:31 -0500] "GET /forest/json.do?query=ultimoBorradorByTpl&codTpl=621&codInst=3041242&a=0.7263581207953393 HTTP/1.1" 200 2
190.84.123.138 - - [24/Jan/2015:11:31:31 -0500] "GET /forest/json.do?query=ultimoBorradorByTpl&codTpl=1201&codInst=3041242&a=0.11895896447822452 HTTP/1.1" 200 2
190.84.123.138 - - [24/Jan/2015:11:31:31 -0500] "GET /forest/json.do?query=ultimoBorradorByTpl&codTpl=641&codInst=3041242&a=0.003908688668161631 HTTP/1.1" 200 20
190.84.123.138 - - [24/Jan/2015:11:31:31 -0500] "GET /forest/json.do?query=ultimoBorradorByTpl&codTpl=901&codInst=3041242&a=0.4624246151652187 HTTP/1.1" 200 2
190.84.123.138 - - [24/Jan/2015:11:31:31 -0500] "GET /forest/json.do?query=ultimoBorradorByTpl&codTpl=501&codInst=3041242&a=0.39044622029177845 HTTP/1.1" 200 2
190.84.123.138 - - [24/Jan/2015:11:31:31 -0500] "GET /forest/json.do?query=ultimoBorradorByTpl&codTpl=1301&codInst=3041242&a=0.7945818102452904 HTTP/1.1" 200 2
190.84.123.138 - - [24/Jan/2015:11:31:46 -0500] "POST /forest/usutareas.do?group_system_actual=3 HTTP/1.1" 200 193
190.84.123.138 - - [24/Jan/2015:11:31:50 -0500] "GET /forest/usutareas.do?group_system_actual=3&a=0.22114779078401625 HTTP/1.1" 200 136680
190.84.123.138 - - [24/Jan/2015:11:27:22 -0500] "GET /ForestMSG_SDA/channelAsync/template_word_17340029?X-Atmosphere-tracking-id=fb82aa46-9345-547e-eaa8-db6e9dd2789a&X-Atmosphere-Framework=1.0.5&X-Atmosphere-Transport=long-polling&tabid=0.1763182373251766&X-Cache-Date=0&Content-Type=application/xml&_=1422117034155 HTTP/1.1" 200 8193
190.84.123.138 - - [24/Jan/2015:11:31:51 -0500] "GET /forest/session.jsp?a=0.9059317149221897 HTTP/1.1" 200 4
66.249.67.83 - - [24/Jan/2015:11:31:54 -0500] "GET /BLA/resoluciones/RESOLUCIONES%202009/9375.pdf HTTP/1.1" 200 986694
66.249.67.75 - - [24/Jan/2015:11:31:59 -0500] "GET /BLA/resoluciones/RESOLUCIONES%202008/3185.pdf HTTP/1.1" 200 93311
190.84.123.138 - - [24/Jan/2015:11:32:12 -0500] "GET /forest/skins/gdocs-jar/popup/showformtocrud.jsp?codForm=solicitar_correccion&iih=xx&iid=yy&width=580&height=320&numPro=3004524&codInst=3041242&codTraEsc=17340029&title=Solicitar%20Correcci%F3n&a=0.16669200407341123 HTTP/1.1" 200 4117
190.84.123.138 - - [24/Jan/2015:11:32:12 -0500] "GET /forest/skins/gdocs-jar/popup/showformtocrudtwo.jsp?codForm=solicitar_correccion&numPro=3004524&codInst=3041242&codTraEsc=17340029&schema=&table=&column= HTTP/1.1" 200 6791
190.84.123.138 - - [24/Jan/2015:11:32:12 -0500] "GET /forest/skins/gdocs-jar/css/menu.css HTTP/1.1" 200 4235
190.84.123.138 - - [24/Jan/2015:11:32:12 -0500] "GET /forest/css/escritorio.css HTTP/1.1" 200 15878
190.84.123.138 - - [24/Jan/2015:11:32:12 -0500] "GET /forest/css/index.css HTTP/1.1" 200 1900
190.84.123.138 - - [24/Jan/2015:11:32:12 -0500] "GET /forest/1ibre/jscalendar/calendar-win2k-1.css HTTP/1.1" 200 5986
190.84.123.138 - - [24/Jan/2015:11:32:12 -0500] "GET /forest/skins/gdocs-jar/css/dialog.css HTTP/1.1" 200 1430
190.84.123.138 - - [24/Jan/2015:11:32:12 -0500] "GET /forest/jsoptimized/gz/js/gdocsallfcrud.js HTTP/1.1" 200 83013
190.84.123.138 - - [24/Jan/2015:11:32:16 -0500] "GET /forest/actions/forms.getList?codForm=solicitar_correccion&id=funcionario&text=I HTTP/1.1" 200 1249
190.84.123.138 - - [24/Jan/2015:11:32:16 -0500] "GET /forest/actions/forms.getList?codForm=solicitar_correccion&id=funcionario&text=IV HTTP/1.1" 200 1253
190.84.123.138 - - [24/Jan/2015:11:32:17 -0500] "GET /forest/actions/forms.getList?codForm=solicitar_correccion&id=funcionario&text=IVA HTTP/1.1" 200 883
190.84.123.138 - - [24/Jan/2015:11:32:17 -0500] "GET /forest/actions/forms.getList?codForm=solicitar_correccion&id=funcionario&text=IVAN HTTP/1.1" 200 429
190.84.123.138 - - [24/Jan/2015:11:32:17 -0500] "GET /forest/actions/forms.getList?codForm=solicitar_correccion&id=funcionario&text=IVAN%20 HTTP/1.1" 200 429
206.53.226.251 - - [24/Jan/2015:11:32:18 -0500] "GET /galeria/nivo-slider/demo/images/porloshumedales.jpg HTTP/1.1" 304 -
190.84.123.138 - - [24/Jan/2015:11:32:18 -0500] "GET /forest/actions/forms.getList?codForm=solicitar_correccion&id=funcionario&text=IVAN%20C HTTP/1.1" 200 120
190.84.123.138 - - [24/Jan/2015:11:32:19 -0500] "GET /forest/actions/forms.getList?codForm=solicitar_correccion&id=funcionario&text=IVAN%20CA HTTP/1.1" 200 120
190.9.202.211 - - [24/Jan/2015:11:32:28 -0500] "GET /BLA/resoluciones/RESOLUCIONES%202011/4575.pdf HTTP/1.1" 200 300584
186.81.254.235 - - [24/Jan/2015:11:32:31 -0500] "GET /BLA/resoluciones/RESOLUCIONES%202007/RES%202007%202301%20AL%202400/RESOLUCION%202347%20DE%202007.pdf HTTP/1.1" 200 381354
190.9.202.211 - - [24/Jan/2015:11:32:32 -0500] "GET /BLA/resoluciones/RESOLUCIONES%202011/4575.pdf HTTP/1.1" 206 32768
190.9.202.211 - - [24/Jan/2015:11:32:32 -0500] "GET /BLA/resoluciones/RESOLUCIONES%202011/4575.pdf HTTP/1.1" 206 267816
186.81.254.235 - - [24/Jan/2015:11:32:33 -0500] "GET /BLA/resoluciones/RESOLUCIONES%202007/RES%202007%202301%20AL%202400/RESOLUCION%202347%20DE%202007.pdf HTTP/1.1" 206 32768
190.9.202.211 - - [24/Jan/2015:11:32:33 -0500] "GET /favicon.ico HTTP/1.1" 200 7782
186.81.254.235 - - [24/Jan/2015:11:32:33 -0500] "GET /BLA/resoluciones/RESOLUCIONES%202007/RES%202007%202301%20AL%202400/RESOLUCION%202347%20DE%202007.pdf HTTP/1.1" 206 348586
186.81.254.235 - - [24/Jan/2015:11:32:35 -0500] "GET /favicon.ico HTTP/1.1" 200 7782
66.249.67.111 - - [24/Jan/2015:11:32:42 -0500] "GET /PruebasSTORM/StormSDA_pruebas/userFiles/user_files/formulas/3/624.xml HTTP/1.1" 200 1016
66.249.67.67 - - [24/Jan/2015:11:32:43 -0500] "GET /BLA/resoluciones/AUTOS%202007/1577.pdf HTTP/1.1" 200 28987
123.125.71.54 - - [24/Jan/2015:11:32:50 -0500] "GET / HTTP/1.1" 302 -
190.84.123.138 - - [24/Jan/2015:11:32:53 -0500] "POST /forest/actions/forms.saveFormCrud?codform=solicitar_correccion&schema=&table=&column= HTTP/1.1" 200 139
190.84.123.138 - - [24/Jan/2015:11:31:51 -0500] "GET /ForestMSG_SDA/channelAsync/template_word_17340029?X-Atmosphere-tracking-id=2ef68c91-1939-932a-befc-20c4e0c3eecd&X-Atmosphere-Framework=1.0.5&X-Atmosphere-Transport=long-polling&tabid=0.3814272026065737&X-Cache-Date=0&Content-Type=application/xml&_=1422117302730 HTTP/1.1" 200 8193
190.84.123.138 - - [24/Jan/2015:11:32:56 -0500] "GET /forest/usutareas.do?group_system_actual=3&a=0.6160668679513037 HTTP/1.1" 200 136809
190.84.123.138 - - [24/Jan/2015:11:32:58 -0500] "GET /forest/session.jsp?a=0.8087324569933116 HTTP/1.1" 200 4
181.143.230.82 - - [24/Jan/2015:11:32:59 -0500] "GET /BLA/resoluciones/RESOLUCIONES%202009/4366.pdf HTTP/1.1" 200 515405
181.143.230.82 - - [24/Jan/2015:11:33:00 -0500] "GET /BLA/resoluciones/RESOLUCIONES%202009/4366.pdf HTTP/1.1" 206 32768
181.143.230.82 - - [24/Jan/2015:11:33:00 -0500] "GET /BLA/resoluciones/RESOLUCIONES%202009/4366.pdf HTTP/1.1" 206 482637
181.143.230.82 - - [24/Jan/2015:11:33:02 -0500] "GET /favicon.ico HTTP/1.1" 200 7782
190.84.123.138 - - [24/Jan/2015:11:33:03 -0500] "GET /forest/misactividades.do?_a=0.5115436401683837&group_system_actual=3 HTTP/1.1" 200 37523
190.84.123.138 - - [24/Jan/2015:11:33:04 -0500] "GET /forest/session.jsp?a=0.5824060312006623 HTTP/1.1" 200 4
190.84.123.138 - - [24/Jan/2015:11:33:04 -0500] "POST /forest/misactividades.do?ajax=true&a=0.7083525576163083 HTTP/1.1" 200 2264
74.86.158.107 - - [24/Jan/2015:11:33:15 -0500] "GET / HTTP/1.1" 302 -
66.249.67.83 - - [24/Jan/2015:11:33:32 -0500] "GET /BLA/resoluciones/RESOLUCIONES%202008/3068.pdf HTTP/1.1" 200 418065
190.24.246.28 - - [24/Jan/2015:11:33:46 -0500] "GET /ecodirectorio/files/res/other/search.txt HTTP/1.1" 200 64446
190.24.246.28 - - [24/Jan/2015:11:33:47 -0500] "GET /favicon.ico HTTP/1.1" 200 7782
220.181.108.80 - - [24/Jan/2015:11:34:03 -0500] "GET / HTTP/1.1" 302 -
66.249.67.83 - - [24/Jan/2015:11:34:20 -0500] "GET /BLA/resoluciones/RESOLUCIONES%202009/4550.pdf HTTP/1.1" 200 638931
180.76.6.148 - - [24/Jan/2015:11:34:33 -0500] "GET /BLA/boletinlegal/jurisprudencia/analisis/CUADRO%20ANALISIS%20SENTENCIA%20C-554%20DE%202007.doc HTTP/1.1" 200 35328
66.249.67.111 - - [24/Jan/2015:11:34:58 -0500] "GET /PORTAL_SIAC/swf/Residuos/impresion/files/guia_impresion-lit.pdf HTTP/1.1" 200 12573981
66.249.67.67 - - [24/Jan/2015:11:35:21 -0500] "GET /BLA/resoluciones/RESOLUCIONES%202009/7339.pdf HTTP/1.1" 200 388464
66.249.67.83 - - [24/Jan/2015:11:35:58 -0500] "GET /BLA/resoluciones/RESOLUCIONES%202008/5370.pdf HTTP/1.1" 200 226476
181.50.229.117 - - [24/Jan/2015:11:36:45 -0500] "GET /BLA/boletinlegal/js/jquery.js HTTP/1.1" 200 57254
181.50.229.117 - - [24/Jan/2015:11:36:45 -0500] "GET /galeria/carrusel/Carrusel/jquery.thumbnailScroller.css HTTP/1.1" 200 2066
181.50.229.117 - - [24/Jan/2015:11:36:45 -0500] "GET /BLA/boletinlegal/js/jquery.scrollTo-min.js HTTP/1.1" 200 1150
181.50.229.117 - - [24/Jan/2015:11:36:45 -0500] "GET /BLA/boletinlegal/js/jquery.scrollShow.js HTTP/1.1" 200 4586
181.50.229.117 - - [24/Jan/2015:11:36:45 -0500] "GET /galeria/carrusel/Carrusel/jquery-ui-1.8.13.custom.min.js HTTP/1.1" 200 10800
181.50.229.117 - - [24/Jan/2015:11:36:45 -0500] "GET /galeria/carrusel/Carrusel/jquery.thumbnailScroller.js HTTP/1.1" 200 8157
66.249.67.83 - - [24/Jan/2015:11:36:46 -0500] "GET /BLA/resoluciones/RESOLUCIONES%202009/8858.pdf HTTP/1.1" 200 95464
201.131.189.15 - - [24/Jan/2015:11:37:03 -0500] "GET /BLA/resoluciones/RESOLUCIONES%202007/RES%202007%20701%20AL%20800/RESOLUCION%200705%20DE%202007.pdf HTTP/1.1" 200 1060513
201.131.189.15 - - [24/Jan/2015:11:37:05 -0500] "GET /BLA/resoluciones/RESOLUCIONES%202007/RES%202007%20701%20AL%20800/RESOLUCION%200705%20DE%202007.pdf HTTP/1.1" 206 65536
201.131.189.15 - - [24/Jan/2015:11:37:05 -0500] "GET /BLA/resoluciones/RESOLUCIONES%202007/RES%202007%20701%20AL%20800/RESOLUCION%200705%20DE%202007.pdf HTTP/1.1" 206 11937
201.131.189.15 - - [24/Jan/2015:11:37:06 -0500] "GET /BLA/resoluciones/RESOLUCIONES%202007/RES%202007%20701%20AL%20800/RESOLUCION%200705%20DE%202007.pdf HTTP/1.1" 206 65536
201.131.189.15 - - [24/Jan/2015:11:37:06 -0500] "GET /BLA/resoluciones/RESOLUCIONES%202007/RES%202007%20701%20AL%20800/RESOLUCION%200705%20DE%202007.pdf HTTP/1.1" 206 65536
201.131.189.15 - - [24/Jan/2015:11:37:06 -0500] "GET /BLA/resoluciones/RESOLUCIONES%202007/RES%202007%20701%20AL%20800/RESOLUCION%200705%20DE%202007.pdf HTTP/1.1" 206 65536
201.131.189.15 - - [24/Jan/2015:11:37:07 -0500] "GET /BLA/resoluciones/RESOLUCIONES%202007/RES%202007%20701%20AL%20800/RESOLUCION%200705%20DE%202007.pdf HTTP/1.1" 206 65536
201.131.189.15 - - [24/Jan/2015:11:37:07 -0500] "GET /BLA/resoluciones/RESOLUCIONES%202007/RES%202007%20701%20AL%20800/RESOLUCION%200705%20DE%202007.pdf HTTP/1.1" 206 65536
201.131.189.15 - - [24/Jan/2015:11:37:07 -0500] "GET /BLA/resoluciones/RESOLUCIONES%202007/RES%202007%20701%20AL%20800/RESOLUCION%200705%20DE%202007.pdf HTTP/1.1" 206 65536
