188.165.15.200 - - [24/Jan/2015:04:10:50 -0500] "GET /BLA/resoluciones/RESOLUCIONES%202004/RES%202004%20851-900/00000881.tif HTTP/1.1" 200 1685578
188.165.15.200 - - [24/Jan/2015:04:11:31 -0500] "GET /BLA/resoluciones/RESOLUCIONES%202005/RES%202005%203101-3150/INDEX.DAT HTTP/1.1" 200 2000
74.86.158.107 - - [24/Jan/2015:04:12:01 -0500] "HEAD / HTTP/1.1" 302 -
201.245.192.253 - - [24/Jan/2015:04:12:19 -0500] "GET /forest/session.jsp?a=0.9537030337178712 HTTP/1.1" 200 4
66.249.67.83 - - [24/Jan/2015:04:12:33 -0500] "GET /BLA/resoluciones/RESOLUCIONES%202003/RES%202003%20351-400/353.tif HTTP/1.1" 200 166532
66.249.67.67 - - [24/Jan/2015:04:12:57 -0500] "GET /BLA/resoluciones/AUTOS%202011/0955.pdf HTTP/1.1" 200 159871
188.165.15.177 - - [24/Jan/2015:04:13:10 -0500] "GET /BLA/resoluciones/RESOLUCIONES%202005/RES%202005%201151-1200/00001158.tif HTTP/1.1" 200 104984
188.165.15.61 - - [24/Jan/2015:04:13:41 -0500] "GET /BLA/resoluciones/RESOLUCIONES%202006/RES%202006%201-50/00000031.tif HTTP/1.1" 200 517008
66.249.67.83 - - [24/Jan/2015:04:14:00 -0500] "GET /BLA/resoluciones/AUTOS%202007/2832.pdf HTTP/1.1" 200 295571
210.211.107.150 - - [24/Jan/2015:04:14:30 -0500] "GET /robots.txt HTTP/1.1" 404 1019
201.245.192.253 - - [24/Jan/2015:04:14:52 -0500] "GET /forest/session.jsp?a=0.6534385017567437 HTTP/1.1" 200 4
66.249.67.103 - - [24/Jan/2015:04:15:22 -0500] "GET /PORTAL_SIAC/swf/banner1.swf HTTP/1.1" 200 51752
66.249.67.67 - - [24/Jan/2015:04:15:47 -0500] "GET /BLA/resoluciones/RESOLUCIONES%202014/2761.pdf HTTP/1.1" 200 311169
180.76.5.143 - - [24/Jan/2015:04:16:07 -0500] "GET /BLA/boletinlegal;jsessionid=7ECB9EE6B3456EB5C593595DB1794175?/? HTTP/1.1" 404 1018
188.165.15.177 - - [24/Jan/2015:04:16:48 -0500] "GET /BLA/resoluciones/RESOLUCIONES%202003/RES%202003%201451-1500/20031452.tif HTTP/1.1" 200 134212
74.86.158.107 - - [24/Jan/2015:04:17:01 -0500] "HEAD / HTTP/1.1" 302 -
180.76.5.149 - - [24/Jan/2015:04:17:02 -0500] "GET /BLA/boletinlegal;jsessionid=20D079BAD4C6564EB10C1E5B9FB6C71D?/? HTTP/1.1" 404 1018
201.245.192.253 - - [24/Jan/2015:04:17:19 -0500] "GET /forest/session.jsp?a=0.34568617713631566 HTTP/1.1" 200 4
190.156.50.12 - - [24/Jan/2015:04:17:27 -0500] "GET /BLA/boletinlegal/js/jquery.js HTTP/1.1" 200 57254
190.156.50.12 - - [24/Jan/2015:04:17:27 -0500] "GET /BLA/boletinlegal/js/jquery.scrollTo-min.js HTTP/1.1" 200 1150
190.156.50.12 - - [24/Jan/2015:04:17:27 -0500] "GET /BLA/boletinlegal/js/jquery.scrollShow.js HTTP/1.1" 200 4586
190.156.50.12 - - [24/Jan/2015:04:17:27 -0500] "GET /galeria/carrusel/Carrusel/jquery.thumbnailScroller.css HTTP/1.1" 200 2066
190.156.50.12 - - [24/Jan/2015:04:17:27 -0500] "GET /galeria/carrusel/Carrusel/jquery.thumbnailScroller.js HTTP/1.1" 200 8157
190.156.50.12 - - [24/Jan/2015:04:17:27 -0500] "GET /galeria/carrusel/Carrusel/jquery-ui-1.8.13.custom.min.js HTTP/1.1" 200 10800
190.156.50.12 - - [24/Jan/2015:04:17:29 -0500] "GET /galeria/nivo-slider/demo/demo.html HTTP/1.1" 200 3150
190.156.50.12 - - [24/Jan/2015:04:17:29 -0500] "GET /galeria/nivo-slider/themes/default/default.css HTTP/1.1" 200 1569
190.156.50.12 - - [24/Jan/2015:04:17:29 -0500] "GET /galeria/nivo-slider/themes/pascal/pascal.css HTTP/1.1" 200 2258
190.156.50.12 - - [24/Jan/2015:04:17:29 -0500] "GET /galeria/nivo-slider/themes/orman/orman.css HTTP/1.1" 200 2152
190.156.50.12 - - [24/Jan/2015:04:17:29 -0500] "GET /galeria/nivo-slider/nivo-slider.css HTTP/1.1" 200 1507
190.156.50.12 - - [24/Jan/2015:04:17:29 -0500] "GET /galeria/nivo-slider/demo/images/Ruta-vertimientos-01.jpg HTTP/1.1" 200 130151
190.156.50.12 - - [24/Jan/2015:04:17:30 -0500] "GET /galeria/nivo-slider/demo/images/ecolecta-Dic2014.png HTTP/1.1" 200 288593
190.156.50.12 - - [24/Jan/2015:04:17:30 -0500] "GET /galeria/nivo-slider/demo/style.css HTTP/1.1" 200 2222
190.156.50.12 - - [24/Jan/2015:04:17:30 -0500] "GET /galeria/nivo-slider/demo/images/bolsas-06.jpg HTTP/1.1" 200 90982
190.156.50.12 - - [24/Jan/2015:04:17:30 -0500] "GET /galeria/nivo-slider/demo/images/bolsas-08.jpg HTTP/1.1" 200 85589
190.156.50.12 - - [24/Jan/2015:04:17:30 -0500] "GET /galeria/nivo-slider/demo/images/porloshumedales.jpg HTTP/1.1" 200 351238
190.156.50.12 - - [24/Jan/2015:04:17:30 -0500] "GET /galeria/nivo-slider/demo/images/Tingua-azul.jpg HTTP/1.1" 200 307638
190.156.50.12 - - [24/Jan/2015:04:17:30 -0500] "GET /galeria/nivo-slider/demo/images/banner-redes.jpg HTTP/1.1" 200 62209
190.156.50.12 - - [24/Jan/2015:04:17:30 -0500] "GET /galeria/nivo-slider/demo/images/9Signos.jpg HTTP/1.1" 200 93040
190.156.50.12 - - [24/Jan/2015:04:17:31 -0500] "GET /galeria/nivo-slider/demo/images/Banner-Caracol-Africano.jpg HTTP/1.1" 200 331986
190.156.50.12 - - [24/Jan/2015:04:17:31 -0500] "GET /galeria/nivo-slider/demo/images/banner-llantas2.jpg HTTP/1.1" 200 73153
190.156.50.12 - - [24/Jan/2015:04:17:31 -0500] "GET /galeria/nivo-slider/demo/images/banner-caballos.png HTTP/1.1" 200 389106
190.156.50.12 - - [24/Jan/2015:04:17:31 -0500] "GET /galeria/nivo-slider/demo/scripts/jquery-1.7.1.min.js HTTP/1.1" 200 93868
190.156.50.12 - - [24/Jan/2015:04:17:31 -0500] "GET /galeria/nivo-slider/jquery.nivo.slider.pack.js HTTP/1.1" 200 11561
190.156.50.12 - - [24/Jan/2015:04:17:32 -0500] "GET /galeria/nivo-slider/demo/images/4Simple_Slider.png HTTP/1.1" 200 11722
190.156.50.12 - - [24/Jan/2015:04:17:32 -0500] "GET /galeria/nivo-slider/themes/default/loading.gif HTTP/1.1" 200 1737
190.156.50.12 - - [24/Jan/2015:04:17:34 -0500] "GET /galeria/nivo-slider/themes/default/arrows.png HTTP/1.1" 200 824
190.156.50.12 - - [24/Jan/2015:04:17:34 -0500] "GET /galeria/nivo-slider/themes/default/bullets.png HTTP/1.1" 200 1281
192.163.195.169 - - [24/Jan/2015:04:17:55 -0500] "GET / HTTP/1.1" 302 -
192.163.195.169 - - [24/Jan/2015:04:17:55 -0500] "GET / HTTP/1.1" 302 -
66.249.67.83 - - [24/Jan/2015:04:19:06 -0500] "GET /BLA/resoluciones/Notificaciones/AUTOS%202014/5710.doc HTTP/1.1" 200 154624
66.249.67.67 - - [24/Jan/2015:04:19:20 -0500] "GET /BLA/resoluciones/AUTOS%202013/1307.pdf HTTP/1.1" 200 1626347
201.245.192.253 - - [24/Jan/2015:04:19:52 -0500] "GET /forest/session.jsp?a=0.19235835868949036 HTTP/1.1" 200 4
66.249.67.75 - - [24/Jan/2015:04:20:14 -0500] "GET /BLA/resoluciones/AUTOS%202013/0765.pdf HTTP/1.1" 304 -
186.30.14.34 - - [24/Jan/2015:04:20:52 -0500] "GET /BLA/boletinlegal/js/jquery.js HTTP/1.1" 200 57254
186.30.14.34 - - [24/Jan/2015:04:20:52 -0500] "GET /BLA/boletinlegal/js/jquery.scrollTo-min.js HTTP/1.1" 200 1150
186.30.14.34 - - [24/Jan/2015:04:20:52 -0500] "GET /BLA/boletinlegal/js/jquery.scrollShow.js HTTP/1.1" 200 4586
66.249.67.67 - - [24/Jan/2015:04:21:32 -0500] "GET /BLA/resoluciones/RESOLUCIONES%202009/9808.pdf HTTP/1.1" 304 -
66.249.67.111 - - [24/Jan/2015:04:21:43 -0500] "GET /PORTAL_SIAC/swf/banner1.swf HTTP/1.1" 200 51752
74.86.158.107 - - [24/Jan/2015:04:22:01 -0500] "HEAD / HTTP/1.1" 302 -
66.249.67.67 - - [24/Jan/2015:04:22:14 -0500] "GET /Autoliquidacion/Solicitudes%20relacionadas%20con%20ocupaci%C3%B3n%20de%20cauce/Solicitud-permiso-ocupacion-cauce.pdf HTTP/1.1" 200 31940
201.245.192.253 - - [24/Jan/2015:04:22:19 -0500] "GET /forest/session.jsp?a=0.16291337924828897 HTTP/1.1" 200 4
66.249.67.75 - - [24/Jan/2015:04:22:52 -0500] "GET /BLA/resoluciones/AUTOS%202007/2978.pdf HTTP/1.1" 200 83219
207.46.13.44 - - [24/Jan/2015:04:23:08 -0500] "GET /galeria/carrusel/Carrusel/jquery-ui- HTTP/1.1" 404 1018
66.249.67.67 - - [24/Jan/2015:04:23:17 -0500] "GET /BLA/resoluciones/AUTOS%202013/0281.pdf HTTP/1.1" 200 5169122
66.249.67.119 - - [24/Jan/2015:04:23:48 -0500] "GET /POT-2013/Cartografia/Anexo01_Sistema_Hidrico.pdf HTTP/1.1" 304 -
66.249.67.75 - - [24/Jan/2015:04:24:18 -0500] "GET /BLA/resoluciones/AUTOS%202007/3635.pdf HTTP/1.1" 200 194683
188.165.15.201 - - [24/Jan/2015:04:24:33 -0500] "GET /BLA/resoluciones/RESOLUCIONES%202004/RES%202004%20801-850/00000811.tif HTTP/1.1" 200 136210
201.245.192.253 - - [24/Jan/2015:04:24:52 -0500] "GET /forest/session.jsp?a=0.4858161932541243 HTTP/1.1" 200 4
188.165.15.5 - - [24/Jan/2015:04:25:12 -0500] "GET /BLA/resoluciones/index.php?dir=RESOLUCIONES%202004/RES%202004%20751-800/&sort=date&order=asc HTTP/1.1" 200 12053
66.249.67.67 - - [24/Jan/2015:04:25:35 -0500] "GET /galeria/nivo-slider/demo/demo.html HTTP/1.1" 200 3150
66.249.67.67 - - [24/Jan/2015:04:25:38 -0500] "GET /galeria/nivo-slider/nivo-slider.css HTTP/1.1" 200 1507
66.249.67.83 - - [24/Jan/2015:04:25:38 -0500] "GET /galeria/nivo-slider/jquery.nivo.slider.pack.js HTTP/1.1" 200 11561
66.249.67.75 - - [24/Jan/2015:04:25:38 -0500] "GET /galeria/nivo-slider/themes/default/default.css HTTP/1.1" 200 1569
66.249.67.75 - - [24/Jan/2015:04:25:39 -0500] "GET /galeria/nivo-slider/demo/style.css HTTP/1.1" 200 2222
66.249.67.75 - - [24/Jan/2015:04:25:40 -0500] "GET /galeria/nivo-slider/demo/scripts/jquery-1.7.1.min.js HTTP/1.1" 200 93868
66.249.67.83 - - [24/Jan/2015:04:25:40 -0500] "GET /galeria/nivo-slider/themes/orman/orman.css HTTP/1.1" 200 2152
66.249.67.67 - - [24/Jan/2015:04:25:41 -0500] "GET /galeria/nivo-slider/themes/pascal/pascal.css HTTP/1.1" 200 2258
188.165.15.177 - - [24/Jan/2015:04:26:27 -0500] "GET /BLA/resoluciones/RESOLUCIONES%202006/RES%202006%202351-2400/00002358.tif HTTP/1.1" 200 161786
74.86.158.107 - - [24/Jan/2015:04:27:01 -0500] "HEAD / HTTP/1.1" 302 -
201.245.192.253 - - [24/Jan/2015:04:27:20 -0500] "GET /forest/session.jsp?a=0.6374979360182735 HTTP/1.1" 200 4
201.245.192.253 - - [24/Jan/2015:04:29:52 -0500] "GET /forest/session.jsp?a=0.6152043437394402 HTTP/1.1" 200 4
66.249.67.67 - - [24/Jan/2015:04:30:45 -0500] "GET /BLA/resoluciones/AUTOS%202013/0037.pdf HTTP/1.1" 200 678225
66.249.67.67 - - [24/Jan/2015:04:30:47 -0500] "GET /BLA/resoluciones/RESOLUCIONES%202006/RES%202006%20951-1000/00000955.tif HTTP/1.1" 200 208910
66.249.67.75 - - [24/Jan/2015:04:31:04 -0500] "GET /BLA/resoluciones/AUTOS%202011/0792.pdf HTTP/1.1" 200 159363
66.249.67.75 - - [24/Jan/2015:04:31:14 -0500] "GET /BLA/resoluciones/AUTOS%202013/2524.pdf HTTP/1.1" 200 1816183
74.86.158.107 - - [24/Jan/2015:04:32:01 -0500] "HEAD / HTTP/1.1" 302 -
66.249.67.75 - - [24/Jan/2015:04:32:10 -0500] "GET /resoluciones/RESOLUCIONES%202007/RES%202007%203401%20AL%203500/RESOLUCION%203428%20DE%202007.pdf HTTP/1.1" 404 1018
201.245.192.253 - - [24/Jan/2015:04:32:20 -0500] "GET /forest/session.jsp?a=0.928788293629918 HTTP/1.1" 200 4
186.29.12.81 - - [24/Jan/2015:04:33:24 -0500] "GET /BLA/boletinlegal/js/jquery.js HTTP/1.1" 200 57254
186.29.12.81 - - [24/Jan/2015:04:33:24 -0500] "GET /BLA/boletinlegal/js/jquery.scrollTo-min.js HTTP/1.1" 200 1150
186.29.12.81 - - [24/Jan/2015:04:33:24 -0500] "GET /BLA/boletinlegal/js/jquery.scrollShow.js HTTP/1.1" 200 4586
123.125.71.29 - - [24/Jan/2015:04:33:50 -0500] "GET / HTTP/1.1" 302 -
180.76.5.67 - - [24/Jan/2015:04:34:06 -0500] "GET /BLA/boletinlegal;jsessionid=56B844D9F8E72543CB7B9EDE76180EFD?/? HTTP/1.1" 404 1018
188.165.15.177 - - [24/Jan/2015:04:34:43 -0500] "GET /BLA/resoluciones/RESOLUCIONES%202006/RES%202006%201251-1300/00001297.tif HTTP/1.1" 200 130134
201.245.192.253 - - [24/Jan/2015:04:34:53 -0500] "GET /forest/session.jsp?a=0.9435068283110642 HTTP/1.1" 200 4
220.181.108.88 - - [24/Jan/2015:04:35:47 -0500] "GET / HTTP/1.1" 302 -
74.86.158.107 - - [24/Jan/2015:04:37:01 -0500] "HEAD / HTTP/1.1" 302 -
201.245.192.253 - - [24/Jan/2015:04:37:20 -0500] "GET /forest/session.jsp?a=0.7032242959712348 HTTP/1.1" 200 4
180.76.6.141 - - [24/Jan/2015:04:37:26 -0500] "GET /BLA/boletinlegal;jsessionid=F2D591BE401341D93B08AE59DB357B1B?/? HTTP/1.1" 404 1018
188.165.15.59 - - [24/Jan/2015:04:37:40 -0500] "GET /BLA/resoluciones/RESOLUCIONES%202006/RES%202006%20951-1000/00000992.tif HTTP/1.1" 200 143768
66.249.67.75 - - [24/Jan/2015:04:38:21 -0500] "GET /BLA/resoluciones/Autos%202008/0412.pdf HTTP/1.1" 200 213029
66.249.67.67 - - [24/Jan/2015:04:38:39 -0500] "GET /BLA/resoluciones/RESOLUCIONES%202009/7926.pdf HTTP/1.1" 304 -
180.76.5.77 - - [24/Jan/2015:04:39:15 -0500] "GET /BLA/boletinlegal;jsessionid=E9D4F0365D745F9569A947A0FF40613D?/? HTTP/1.1" 404 1018
201.245.192.253 - - [24/Jan/2015:04:39:53 -0500] "GET /forest/session.jsp?a=0.5382977135119769 HTTP/1.1" 200 4
180.76.5.152 - - [24/Jan/2015:04:40:09 -0500] "GET /BLA/boletinlegal;jsessionid=3C5EAC5979847DE6A48678986482386A?/? HTTP/1.1" 404 1018
180.76.6.14 - - [24/Jan/2015:04:41:04 -0500] "GET /BLA/resoluciones/RESOLUCIONES%202007/RES%202007%202601%20AL%202700/RESOLUCION%202681%20DE%202007.pdf HTTP/1.1" 200 76432
66.249.67.75 - - [24/Jan/2015:04:41:20 -0500] "GET /BLA/resoluciones/RESOLUCIONES%202003/RES%202003%20451-500/472.tif HTTP/1.1" 200 174952
66.249.67.75 - - [24/Jan/2015:04:41:56 -0500] "GET /galeria/carrusel/Carrusel/jquery.thumbnailScroller.css HTTP/1.1" 200 2066
66.249.67.67 - - [24/Jan/2015:04:41:56 -0500] "GET /BLA/boletinlegal/js/jquery.scrollTo-min.js HTTP/1.1" 200 1150
66.249.67.83 - - [24/Jan/2015:04:41:57 -0500] "GET /galeria/carrusel/Carrusel/jquery.thumbnailScroller.js HTTP/1.1" 200 8157
66.249.67.83 - - [24/Jan/2015:04:41:57 -0500] "GET /BLA/boletinlegal/js/jquery.scrollShow.js HTTP/1.1" 200 4586
66.249.67.83 - - [24/Jan/2015:04:41:57 -0500] "GET /BLA/boletinlegal/js/jquery.js HTTP/1.1" 200 57254
66.249.67.67 - - [24/Jan/2015:04:41:58 -0500] "GET /galeria/carrusel/Carrusel/jquery-ui-1.8.13.custom.min.js HTTP/1.1" 200 10800
180.76.6.145 - - [24/Jan/2015:04:41:59 -0500] "GET /BLA/boletinlegal;jsessionid=0BC8F118095A4E241F3BA4FE530EB0C4?/? HTTP/1.1" 404 1018
74.86.158.107 - - [24/Jan/2015:04:42:01 -0500] "HEAD / HTTP/1.1" 302 -
201.245.192.253 - - [24/Jan/2015:04:42:20 -0500] "GET /forest/session.jsp?a=0.5739050646977367 HTTP/1.1" 200 4
66.249.67.67 - - [24/Jan/2015:04:42:23 -0500] "GET /galeria/nivo-slider/demo/demo.html HTTP/1.1" 200 3150
66.249.67.83 - - [24/Jan/2015:04:42:24 -0500] "GET /galeria/nivo-slider/themes/pascal/pascal.css HTTP/1.1" 200 2258
66.249.67.83 - - [24/Jan/2015:04:42:24 -0500] "GET /galeria/nivo-slider/demo/scripts/jquery-1.7.1.min.js HTTP/1.1" 200 93868
66.249.67.75 - - [24/Jan/2015:04:42:25 -0500] "GET /galeria/nivo-slider/jquery.nivo.slider.pack.js HTTP/1.1" 200 11561
66.249.67.67 - - [24/Jan/2015:04:42:25 -0500] "GET /galeria/nivo-slider/demo/style.css HTTP/1.1" 200 2222
66.249.67.75 - - [24/Jan/2015:04:42:26 -0500] "GET /galeria/nivo-slider/themes/default/default.css HTTP/1.1" 200 1569
66.249.67.83 - - [24/Jan/2015:04:42:26 -0500] "GET /galeria/nivo-slider/nivo-slider.css HTTP/1.1" 200 1507
66.249.67.83 - - [24/Jan/2015:04:42:27 -0500] "GET /galeria/nivo-slider/themes/orman/orman.css HTTP/1.1" 200 2152
66.249.67.75 - - [24/Jan/2015:04:43:42 -0500] "GET /BLA/resoluciones/RESOLUCIONES%202007/RES%202007%201101%20AL%201200/RESOLUCION%201114%20DE%202007.pdf HTTP/1.1" 200 232969
188.165.15.5 - - [24/Jan/2015:04:43:47 -0500] "GET /BLA/resoluciones/index.php?dir=RESOLUCIONES%202006/RES%202006%202601-2650/&sort=name&order=desc HTTP/1.1" 200 11938
201.245.192.253 - - [24/Jan/2015:04:44:53 -0500] "GET /forest/session.jsp?a=0.42497250720036206 HTTP/1.1" 200 4
188.165.15.5 - - [24/Jan/2015:04:45:47 -0500] "GET /BLA/resoluciones/RESOLUCIONES%202006/RES%202006%202001-2050/00002021.tif HTTP/1.1" 200 308782
66.249.67.83 - - [24/Jan/2015:04:45:47 -0500] "GET /BLA/resoluciones/RESOLUCIONES%202014/2710.pdf HTTP/1.1" 200 177580
180.76.6.21 - - [24/Jan/2015:04:45:54 -0500] "GET /BLA/boletinlegal;jsessionid=D12325B563B64375AB3B1F2D9D3EF664?/? HTTP/1.1" 404 1018
188.165.15.201 - - [24/Jan/2015:04:46:28 -0500] "GET /BLA/resoluciones/RESOLUCIONES%202004/RES%202004%202351-2401/00002386.tif HTTP/1.1" 200 144582
180.76.5.169 - - [24/Jan/2015:04:46:49 -0500] "GET /BLA/resoluciones/AUTOS%202007/0277.pdf HTTP/1.1" 200 413322
74.86.158.107 - - [24/Jan/2015:04:47:01 -0500] "HEAD / HTTP/1.1" 302 -
201.245.192.253 - - [24/Jan/2015:04:47:20 -0500] "GET /forest/session.jsp?a=0.6556754664198978 HTTP/1.1" 200 4
180.76.6.135 - - [24/Jan/2015:04:47:43 -0500] "GET /BLA/resoluciones/AUTOS%202011/0907.pdf HTTP/1.1" 200 152575
180.76.6.45 - - [24/Jan/2015:04:49:32 -0500] "GET /BLA/boletinlegal;jsessionid=ECDCD3CB254295306AB40154DC0118A0?/? HTTP/1.1" 404 1018
201.245.192.253 - - [24/Jan/2015:04:49:53 -0500] "GET /forest/session.jsp?a=0.7386344566777189 HTTP/1.1" 200 4
206.53.226.251 - - [24/Jan/2015:04:49:55 -0500] "GET /galeria/nivo-slider/demo/images/bolsas-06.jpg HTTP/1.1" 304 -
141.0.8.88 - - [24/Jan/2015:04:50:50 -0500] "GET /BLA/boletinlegal/js/jquery.js HTTP/1.1" 200 57254
141.0.8.88 - - [24/Jan/2015:04:50:51 -0500] "GET /BLA/boletinlegal/js/jquery.scrollTo-min.js HTTP/1.1" 200 1150
141.0.8.88 - - [24/Jan/2015:04:50:51 -0500] "GET /BLA/boletinlegal/js/jquery.scrollShow.js HTTP/1.1" 200 4586
74.86.158.107 - - [24/Jan/2015:04:52:01 -0500] "HEAD / HTTP/1.1" 302 -
201.245.192.253 - - [24/Jan/2015:04:52:20 -0500] "GET /forest/session.jsp?a=0.03516601721126611 HTTP/1.1" 200 4
66.249.67.83 - - [24/Jan/2015:04:53:17 -0500] "GET /BLA/resoluciones/AUTOS%202014/3949.pdf HTTP/1.1" 200 810612
201.245.192.253 - - [24/Jan/2015:04:54:53 -0500] "GET /forest/session.jsp?a=0.943144279952622 HTTP/1.1" 200 4
186.30.162.54 - - [24/Jan/2015:04:56:34 -0500] "GET /BLA/boletinlegal/js/jquery.js HTTP/1.1" 200 57254
186.30.162.54 - - [24/Jan/2015:04:56:34 -0500] "GET /BLA/boletinlegal/js/jquery.scrollTo-min.js HTTP/1.1" 200 1150
186.30.162.54 - - [24/Jan/2015:04:56:34 -0500] "GET /BLA/boletinlegal/js/jquery.scrollShow.js HTTP/1.1" 200 4586
74.86.158.107 - - [24/Jan/2015:04:57:01 -0500] "HEAD / HTTP/1.1" 302 -
201.245.192.253 - - [24/Jan/2015:04:57:20 -0500] "GET /forest/session.jsp?a=0.44304730116622815 HTTP/1.1" 200 4
190.12.150.23 - - [24/Jan/2015:04:58:14 -0500] "GET /BLA/boletinlegal/admin HTTP/1.1" 301 317
190.12.150.23 - - [24/Jan/2015:04:58:14 -0500] "GET /BLA/boletinlegal/admin/ HTTP/1.1" 200 2324
190.12.150.23 - - [24/Jan/2015:04:58:14 -0500] "GET /BLA/boletinlegal/admin/index_files/style.css HTTP/1.1" 200 6223
190.12.150.23 - - [24/Jan/2015:04:58:14 -0500] "GET /BLA/boletinlegal/admin/images/bg.png HTTP/1.1" 200 332965
190.12.150.23 - - [24/Jan/2015:04:58:16 -0500] "GET /favicon.ico HTTP/1.1" 200 7782
190.12.150.23 - - [24/Jan/2015:04:58:30 -0500] "POST /BLA/boletinlegal/admin/usuarios/process.php HTTP/1.1" 302 -
190.12.150.23 - - [24/Jan/2015:04:58:30 -0500] "GET /BLA/boletinlegal/admin/index.php HTTP/1.1" 200 17284
190.12.150.23 - - [24/Jan/2015:04:58:47 -0500] "GET /BLA/boletinlegal/admin/index_files/header.png HTTP/1.1" 200 240212
190.12.150.23 - - [24/Jan/2015:04:58:47 -0500] "GET /BLA/boletinlegal/admin/index_files/index_files/tback.gif HTTP/1.1" 404 1334
190.12.150.23 - - [24/Jan/2015:04:58:47 -0500] "GET /BLA/boletinlegal/admin/index_files/1_1.gif HTTP/1.1" 200 1657
190.12.150.23 - - [24/Jan/2015:04:58:47 -0500] "GET /BLA/boletinlegal/images/can.png HTTP/1.1" 200 37574
190.12.150.23 - - [24/Jan/2015:04:58:47 -0500] "GET /BLA/boletinlegal/admin/index_files/7_1.gif HTTP/1.1" 200 1455
190.12.150.23 - - [24/Jan/2015:04:58:47 -0500] "GET /BLA/boletinlegal/admin/index_files/7_5.gif HTTP/1.1" 200 1565
190.12.150.23 - - [24/Jan/2015:04:58:47 -0500] "GET /BLA/boletinlegal/admin/index_files/2_2.gif HTTP/1.1" 200 1728
190.12.150.23 - - [24/Jan/2015:04:58:47 -0500] "GET /BLA/boletinlegal/admin/index_files/2_3.gif HTTP/1.1" 200 1565
190.12.150.23 - - [24/Jan/2015:04:58:47 -0500] "GET /BLA/boletinlegal/admin/index_files/3_5.gif HTTP/1.1" 200 1633
190.12.150.23 - - [24/Jan/2015:04:58:47 -0500] "GET /BLA/boletinlegal/admin/index_files/2_4.gif HTTP/1.1" 200 1763
190.12.150.23 - - [24/Jan/2015:04:58:47 -0500] "GET /BLA/boletinlegal/admin/index_files/8_1.gif HTTP/1.1" 200 1776
190.12.150.23 - - [24/Jan/2015:04:58:47 -0500] "GET /BLA/boletinlegal/admin/index_files/7_3.gif HTTP/1.1" 200 1599
190.12.150.23 - - [24/Jan/2015:04:58:47 -0500] "GET /BLA/boletinlegal/admin/index_files/5_1.gif HTTP/1.1" 200 1623
190.12.150.23 - - [24/Jan/2015:04:58:47 -0500] "GET /BLA/boletinlegal/admin/index_files/3_3.gif HTTP/1.1" 200 1647
190.12.150.23 - - [24/Jan/2015:04:58:47 -0500] "GET /BLA/boletinlegal/admin/index_files/3_2.gif HTTP/1.1" 200 1638
190.12.150.23 - - [24/Jan/2015:04:59:08 -0500] "GET /BLA/boletinlegal/admin/ingresar1.php HTTP/1.1" 404 1120
66.249.67.75 - - [24/Jan/2015:04:59:13 -0500] "GET /BLA/resoluciones/RESOLUCIONES%202013/0594.pdf HTTP/1.1" 200 3335575
190.12.150.23 - - [24/Jan/2015:04:59:29 -0500] "GET /BLA/boletinlegal/admin/actos/ingresar1.php HTTP/1.1" 200 5789
190.12.150.23 - - [24/Jan/2015:04:59:29 -0500] "GET /BLA/boletinlegal/admin/css/default.css HTTP/1.1" 200 4392
190.12.150.23 - - [24/Jan/2015:04:59:29 -0500] "GET /BLA/boletinlegal/admin/js/jquery.functions.js HTTP/1.1" 200 2317
190.12.150.23 - - [24/Jan/2015:04:59:29 -0500] "GET /BLA/boletinlegal/admin/js/nicEdit-latest.js HTTP/1.1" 200 38373
190.12.150.23 - - [24/Jan/2015:04:59:29 -0500] "GET /BLA/boletinlegal/admin/js/jquery-1.3.1.min.js HTTP/1.1" 200 55272
190.12.150.23 - - [24/Jan/2015:04:59:29 -0500] "GET /BLA/boletinlegal/admin/img/h1.png HTTP/1.1" 200 3227
190.12.150.23 - - [24/Jan/2015:04:59:30 -0500] "GET /BLA/boletinlegal/admin/img/bg_infobox.gif HTTP/1.1" 200 2314
190.12.150.23 - - [24/Jan/2015:04:59:30 -0500] "GET /BLA/boletinlegal/admin/img/overlay.png HTTP/1.1" 200 984
190.12.150.23 - - [24/Jan/2015:04:59:30 -0500] "GET /BLA/boletinlegal/images/favicon.ico HTTP/1.1" 404 1120
66.249.67.83 - - [24/Jan/2015:04:59:35 -0500] "GET /BLA/resoluciones/RESOLUCIONES%202006/RES%202006%20951-1000/00000973.tif HTTP/1.1" 200 611246
201.245.192.253 - - [24/Jan/2015:04:59:53 -0500] "GET /forest/session.jsp?a=0.7354987781661415 HTTP/1.1" 200 4
180.76.5.147 - - [24/Jan/2015:04:59:55 -0500] "GET /BLA/boletinlegal;jsessionid=A1BF80CD0DC01165FDB3939E2DA22996?/? HTTP/1.1" 404 1018
188.165.15.110 - - [24/Jan/2015:05:00:46 -0500] "GET /BLA/resoluciones/RESOLUCIONES%202005/RES%202005%201801-1850/00001841.tif HTTP/1.1" 200 174414
66.249.67.75 - - [24/Jan/2015:05:00:48 -0500] "GET /BLA/resoluciones/AUTOS%202014/5526.pdf HTTP/1.1" 200 381011
180.76.5.176 - - [24/Jan/2015:05:00:50 -0500] "GET /BLA/boletinlegal;jsessionid=DA7221E0D3047B03EF6A434BA3A66402?/? HTTP/1.1" 404 1018
131.253.26.233 - - [24/Jan/2015:05:01:33 -0500] "GET /BLA/boletinlegal/js/jquery.js HTTP/1.1" 200 57254
131.253.24.145 - - [24/Jan/2015:05:01:33 -0500] "GET /BLA/boletinlegal/js/jquery.scrollTo-min.js HTTP/1.1" 200 1150
131.253.24.145 - - [24/Jan/2015:05:01:33 -0500] "GET /BLA/boletinlegal/js/jquery.scrollShow.js HTTP/1.1" 200 4586
74.86.158.107 - - [24/Jan/2015:05:02:01 -0500] "HEAD / HTTP/1.1" 302 -
188.165.15.5 - - [24/Jan/2015:05:02:16 -0500] "GET /BLA/resoluciones/index.php?dir=RESOLUCIONES%202006/RES%202006%20%202901-2950/&sort=date&order=desc HTTP/1.1" 200 12405
201.245.192.253 - - [24/Jan/2015:05:02:20 -0500] "GET /forest/session.jsp?a=0.9406533278408071 HTTP/1.1" 200 4
190.67.60.188 - - [24/Jan/2015:05:02:56 -0500] "GET /BLA/boletinlegal/js/jquery.js HTTP/1.1" 200 57254
190.67.60.188 - - [24/Jan/2015:05:02:56 -0500] "GET /BLA/boletinlegal/js/jquery.scrollTo-min.js HTTP/1.1" 200 1150
190.67.60.188 - - [24/Jan/2015:05:02:56 -0500] "GET /BLA/boletinlegal/js/jquery.scrollShow.js HTTP/1.1" 200 4586
151.237.103.54 - - [24/Jan/2015:05:04:10 -0500] "GET /wp-admin/ HTTP/1.1" 404 1018
201.245.192.253 - - [24/Jan/2015:05:04:53 -0500] "GET /forest/session.jsp?a=0.0584599993603786 HTTP/1.1" 200 4
188.165.15.208 - - [24/Jan/2015:05:05:07 -0500] "GET /BLA/resoluciones/RESOLUCIONES%202004/RES%202004%201551-1600/00001589.tif HTTP/1.1" 200 228212
188.165.15.177 - - [24/Jan/2015:05:05:20 -0500] "GET /BLA/resoluciones/RESOLUCIONES%202005/RES%202005%20%201651-1700/00001693.tif HTTP/1.1" 200 187686
180.76.6.156 - - [24/Jan/2015:05:06:05 -0500] "GET /BLA/boletinlegal;jsessionid=4DE0DAF78DECFD2514EBCE8FC26391D6?/? HTTP/1.1" 404 1018
74.86.158.107 - - [24/Jan/2015:05:07:01 -0500] "HEAD / HTTP/1.1" 302 -
123.125.71.46 - - [24/Jan/2015:05:07:12 -0500] "GET / HTTP/1.1" 302 -
201.245.192.253 - - [24/Jan/2015:05:07:20 -0500] "GET /forest/session.jsp?a=0.4929958217284589 HTTP/1.1" 200 4
220.181.108.92 - - [24/Jan/2015:05:07:53 -0500] "GET / HTTP/1.1" 302 -
66.249.67.67 - - [24/Jan/2015:05:08:21 -0500] "GET /BLA/resoluciones/AUTOS%202013/1108.pdf HTTP/1.1" 200 783690
180.76.6.60 - - [24/Jan/2015:05:08:49 -0500] "GET /BLA/resoluciones/RESOLUCIONES%202008/1719.pdf HTTP/1.1" 200 44178
201.245.192.253 - - [24/Jan/2015:05:09:53 -0500] "GET /forest/session.jsp?a=0.5375301717007116 HTTP/1.1" 200 4
66.249.67.83 - - [24/Jan/2015:05:10:08 -0500] "GET /BLA/resoluciones/RESOLUCIONES%202003/RES%202003%20801-850/801.tif HTTP/1.1" 200 196000
186.31.60.20 - - [24/Jan/2015:05:11:01 -0500] "GET /isolucionsda/ HTTP/1.1" 200 739
186.31.60.20 - - [24/Jan/2015:05:11:07 -0500] "GET /isolucionsda/IdentificaUsuario.asp?Pagina1=FrameSetGeneral.asp& HTTP/1.1" 200 4997
186.31.60.20 - - [24/Jan/2015:05:11:08 -0500] "GET /isolucionsda/g/Img_LogoIsoCabezote.jpg HTTP/1.1" 200 7960
186.31.60.20 - - [24/Jan/2015:05:11:08 -0500] "GET /isolucionsda/StyleSheet/StyleSheet.css HTTP/1.1" 200 22894
186.31.60.20 - - [24/Jan/2015:05:11:08 -0500] "GET /isolucionsda/g/Img_DivBarraSup.jpg HTTP/1.1" 200 323
186.31.60.20 - - [24/Jan/2015:05:11:08 -0500] "GET /isolucionsda/g/shim.gif HTTP/1.1" 200 43
186.31.60.20 - - [24/Jan/2015:05:11:08 -0500] "GET /isolucionsda/g/Bgr_BarraSuperior.jpg HTTP/1.1" 200 419
186.31.60.20 - - [24/Jan/2015:05:11:08 -0500] "GET /favicon.ico HTTP/1.1" 200 7782
186.31.60.20 - - [24/Jan/2015:05:11:13 -0500] "POST /isolucionsda/IdentificaUsuario.asp?Pagina1=FrameSetGeneral.asp& HTTP/1.1" 302 173
186.31.60.20 - - [24/Jan/2015:05:11:13 -0500] "GET /isolucionsda/FrameSetGeneral.asp?Pagina1=FrameSetGeneral.asp& HTTP/1.1" 200 6613
186.31.60.20 - - [24/Jan/2015:05:11:14 -0500] "GET /isolucionsda/Encabezado.asp?Pagina1=FrameSetGeneral.asp&&Pagina=MagazinHome.asp HTTP/1.1" 200 15388
186.31.60.20 - - [24/Jan/2015:05:11:14 -0500] "GET /isolucionsda/BarraTitulos.asp?Pagina1=FrameSetGeneral.asp&&Pagina=MagazinHome.asp HTTP/1.1" 200 6972
186.31.60.20 - - [24/Jan/2015:05:11:14 -0500] "GET /isolucionsda/g/Bot_Anterior.jpg HTTP/1.1" 200 1797
186.31.60.20 - - [24/Jan/2015:05:11:14 -0500] "GET /isolucionsda/g/Bot_Siguiente.jpg HTTP/1.1" 200 1727
186.31.60.20 - - [24/Jan/2015:05:11:14 -0500] "GET /isolucionsda/g/Bot_Home.jpg HTTP/1.1" 200 1936
186.31.60.20 - - [24/Jan/2015:05:11:14 -0500] "GET /isolucionsda/BarraFavoritos.asp HTTP/1.1" 200 911
186.31.60.20 - - [24/Jan/2015:05:11:14 -0500] "GET /isolucionsda/Session.asp?Continue=1 HTTP/1.1" 200 6324
186.31.60.20 - - [24/Jan/2015:05:11:14 -0500] "GET /isolucionsda/g/Bgr_BarraBotPrins.jpg HTTP/1.1" 200 944
186.31.60.20 - - [24/Jan/2015:05:11:14 -0500] "GET /isolucionsda/g/Bot_Administrador.jpg HTTP/1.1" 200 1694
186.31.60.20 - - [24/Jan/2015:05:11:14 -0500] "GET /isolucionsda/g/Bot_Ayuda.jpg HTTP/1.1" 200 1702
186.31.60.20 - - [24/Jan/2015:05:11:14 -0500] "GET /isolucionsda/g/Img_DivVertBarraSup.jpg HTTP/1.1" 200 810
186.31.60.20 - - [24/Jan/2015:05:11:14 -0500] "GET /isolucionsda/g/Bot_Mejoramiento_ESP.jpg HTTP/1.1" 200 5904
186.31.60.20 - - [24/Jan/2015:05:11:14 -0500] "GET /isolucionsda/g/Bot_Meci_ESP.jpg HTTP/1.1" 200 4380
186.31.60.20 - - [24/Jan/2015:05:11:14 -0500] "GET /isolucionsda/g/Bot_Riesgos_ESP.jpg HTTP/1.1" 200 4903
186.31.60.20 - - [24/Jan/2015:05:11:14 -0500] "GET /isolucionsda/g/Bot_Indicadores_ESP.jpg HTTP/1.1" 200 5267
186.31.60.20 - - [24/Jan/2015:05:11:14 -0500] "GET /isolucionsda/g/Bot_TalentoOff_ESP.jpg HTTP/1.1" 200 3258
186.31.60.20 - - [24/Jan/2015:05:11:14 -0500] "GET /isolucionsda/g/Bot_Manual_ESP.jpg HTTP/1.1" 200 4512
186.31.60.20 - - [24/Jan/2015:05:11:14 -0500] "GET /isolucionsda/MagazinHome.asp HTTP/1.1" 200 28099
186.31.60.20 - - [24/Jan/2015:05:11:14 -0500] "GET /isolucionsda/g/Bot_ClientesOff_ESP.jpg HTTP/1.1" 200 2917
186.31.60.20 - - [24/Jan/2015:05:11:14 -0500] "GET /isolucionsda/g/Bot_Procesos_ESP.jpg HTTP/1.1" 200 4441
186.31.60.20 - - [24/Jan/2015:05:11:14 -0500] "GET /isolucionsda/g/Bot_Documentos_ESP.jpg HTTP/1.1" 200 5825
186.31.60.20 - - [24/Jan/2015:05:11:15 -0500] "GET /isolucionsda/g/Bot_CalibracionOff_ESP.jpg HTTP/1.1" 200 3850
186.31.60.20 - - [24/Jan/2015:05:11:15 -0500] "GET /isolucionsda/g/Bot_ProveedoresOff_ESP.jpg HTTP/1.1" 200 3801
186.31.60.20 - - [24/Jan/2015:05:11:15 -0500] "GET /isolucionsda/g/Bot_Cerrar.jpg HTTP/1.1" 200 1944
186.31.60.20 - - [24/Jan/2015:05:11:15 -0500] "GET /isolucionsda/g/Bot_SySOOff_ESP.jpg HTTP/1.1" 200 3270
186.31.60.20 - - [24/Jan/2015:05:11:15 -0500] "GET /isolucionsda/g/Bot_Ambiental_ESP.jpg HTTP/1.1" 200 5259
186.31.60.20 - - [24/Jan/2015:05:11:15 -0500] "GET /isolucionsda/g/Bot_TareasOff_ESP.jpg HTTP/1.1" 200 3028
186.31.60.20 - - [24/Jan/2015:05:11:15 -0500] "GET /isolucionsda/g/Bgr_BarraCurva.jpg HTTP/1.1" 200 374
186.31.60.20 - - [24/Jan/2015:05:11:15 -0500] "GET /isolucionsda/g/Img_BarraCurva.jpg HTTP/1.1" 200 1826
186.31.60.20 - - [24/Jan/2015:05:11:15 -0500] "GET /isolucionsda/TareasSFRedirect.asp HTTP/1.1" 302 195
186.31.60.20 - - [24/Jan/2015:05:11:15 -0500] "GET /isolucionsda/g/Bot_Glosario.jpg HTTP/1.1" 200 1989
186.31.60.20 - - [24/Jan/2015:05:11:15 -0500] "GET /isolucionsda/g/Bgr_BarraMediaHome.jpg HTTP/1.1" 200 446
186.31.60.20 - - [24/Jan/2015:05:11:15 -0500] "GET /isolucionsda/g/Img_LineaPunteada.gif HTTP/1.1" 200 123
186.31.60.20 - - [24/Jan/2015:05:11:15 -0500] "GET /isolucionsda/g/Bgr_TituloCabezote3.jpg HTTP/1.1" 200 841
186.31.60.20 - - [24/Jan/2015:05:11:15 -0500] "GET /isolucionsda/grafvinetas/logo%2030.jpg HTTP/1.1" 200 36055
186.31.60.20 - - [24/Jan/2015:05:11:15 -0500] "GET /isolucionsda/g/GifTransparente.gif HTTP/1.1" 200 51
186.31.60.20 - - [24/Jan/2015:05:11:15 -0500] "GET /isolucionsda/g/Bullet_PuntoAzul.gif HTTP/1.1" 200 75
186.31.60.20 - - [24/Jan/2015:05:11:15 -0500] "GET /isolucionsda/g/Bgr_BarraCurva2.jpg HTTP/1.1" 200 409
186.31.60.20 - - [24/Jan/2015:05:11:15 -0500] "GET /isolucionsda/g/Img_LogoIcono.jpg HTTP/1.1" 200 7870
186.31.60.20 - - [24/Jan/2015:05:11:15 -0500] "GET /isolucionsda/g/Bgr_BarraInferior.jpg HTTP/1.1" 200 398
186.31.60.20 - - [24/Jan/2015:05:11:15 -0500] "GET /isolucionsda/g/Bullet_FlechaAzul.gif HTTP/1.1" 200 72
186.31.60.20 - - [24/Jan/2015:05:11:15 -0500] "GET /isolucionsda/g/Bgr_Destacado3399CC.jpg HTTP/1.1" 404 5217
186.31.60.20 - - [24/Jan/2015:05:11:15 -0500] "GET /isolucionsda/Login.aspx?TARGET=SFContainerFiltrado.aspx&number=69566553526749664555 HTTP/1.1" 302 886
186.31.60.20 - - [24/Jan/2015:05:11:18 -0500] "GET /isolucionsda/SFContainerFiltrado.aspx?Number=69566553526749664555 HTTP/1.1" 200 14314
186.31.60.20 - - [24/Jan/2015:05:11:19 -0500] "GET /isolucionsda/g/img_titulo_Tpendientes.jpg HTTP/1.1" 200 2433
186.31.60.20 - - [24/Jan/2015:05:11:19 -0500] "GET /isolucionsda/g/Bgr_TituloCabezote3Avanzado.jpg HTTP/1.1" 200 745
186.31.60.20 - - [24/Jan/2015:05:11:19 -0500] "GET /isolucionsda/DetalleTareas.aspx?Number=69566553526749664555 HTTP/1.1" 200 5355
186.31.60.20 - - [24/Jan/2015:05:11:19 -0500] "GET /isolucionsda/auxlib.js HTTP/1.1" 404 5185
186.31.60.20 - - [24/Jan/2015:05:11:19 -0500] "GET /isolucionsda/StyleSheet/StyleSheetSF.css HTTP/1.1" 200 7210
186.31.60.20 - - [24/Jan/2015:05:11:19 -0500] "GET /isolucionsda/infowndpublic.js HTTP/1.1" 404 5199
186.31.60.20 - - [24/Jan/2015:05:11:19 -0500] "GET /isolucionsda/infowndcore.js HTTP/1.1" 404 5195
186.31.60.20 - - [24/Jan/2015:05:11:19 -0500] "GET /isolucionsda/g/bt_rojo.jpg HTTP/1.1" 200 132
186.31.60.20 - - [24/Jan/2015:05:11:27 -0500] "GET /isolucionsda/BancoConocimiento/R/Resolucion067de2013/Resolucion067de2013.asp HTTP/1.1" 302 191
186.31.60.20 - - [24/Jan/2015:05:11:28 -0500] "GET /isolucionsda/BancoConocimiento/R/Resolucion067de2013/resoluci%F3n%20067%20de%202013%20-%20manual%20de%20contrataci%F3n0.pdf HTTP/1.1" 200 95360
186.31.60.20 - - [24/Jan/2015:05:11:30 -0500] "GET /isolucionsda/BancoConocimiento/R/Resolucion067de2013/resoluci%F3n%20067%20de%202013%20-%20manual%20de%20contrataci%F3n0.pdf HTTP/1.1" 200 243716
74.86.158.107 - - [24/Jan/2015:05:12:01 -0500] "HEAD / HTTP/1.1" 302 -
201.245.192.253 - - [24/Jan/2015:05:12:20 -0500] "GET /forest/session.jsp?a=0.8163488688247335 HTTP/1.1" 200 4
66.249.67.119 - - [24/Jan/2015:05:13:41 -0500] "GET /POT-2013/index.php?dir=Cartografia%2F HTTP/1.1" 200 11465
151.237.103.54 - - [24/Jan/2015:05:13:53 -0500] "GET /test/wp-admin/ HTTP/1.1" 404 1018
201.245.192.253 - - [24/Jan/2015:05:14:53 -0500] "GET /forest/session.jsp?a=0.9358479334369398 HTTP/1.1" 200 4
186.31.60.20 - - [24/Jan/2015:05:15:13 -0500] "GET /isolucionsda/auxlib.js HTTP/1.1" 404 5185
186.31.60.20 - - [24/Jan/2015:05:15:13 -0500] "GET /isolucionsda/infowndpublic.js HTTP/1.1" 404 5199
186.31.60.20 - - [24/Jan/2015:05:15:14 -0500] "GET /isolucionsda/BancoConocimiento/R/Resolucion3368del8deJuniode2011/Resolucion3368del8deJuniode2011.asp HTTP/1.1" 302 199
186.31.60.20 - - [24/Jan/2015:05:15:14 -0500] "GET /isolucionsda/BancoConocimiento/R/Resolucion3368del8deJuniode2011/resoluci%F3n%203368%20de%202011%20delega%20funciones%20de%20supervisi%F3n0.pdf HTTP/1.1" 200 88416
186.31.60.20 - - [24/Jan/2015:05:15:15 -0500] "GET /isolucionsda/BancoConocimiento/R/Resolucion3368del8deJuniode2011/resoluci%F3n%203368%20de%202011%20delega%20funciones%20de%20supervisi%F3n0.pdf HTTP/1.1" 200 748950
91.121.83.118 - - [24/Jan/2015:05:15:42 -0500] "GET / HTTP/1.1" 302 -
66.249.67.67 - - [24/Jan/2015:05:15:55 -0500] "GET /BLA/resoluciones/RESOLUCIONES%202014/3066.pdf HTTP/1.1" 200 417084
186.31.60.20 - - [24/Jan/2015:05:16:47 -0500] "GET /isolucionsda/g/Bot_DocumentosOver_ESP.jpg HTTP/1.1" 200 5899
186.31.60.20 - - [24/Jan/2015:05:16:47 -0500] "GET /isolucionsda/FrameSetGeneral.asp?Pagina=Menu.asp&IdModulo=4 HTTP/1.1" 200 6583
186.31.60.20 - - [24/Jan/2015:05:16:48 -0500] "GET /isolucionsda/BarraTitulos.asp?Pagina=Menu.asp&IdModulo=4 HTTP/1.1" 200 6985
186.31.60.20 - - [24/Jan/2015:05:16:48 -0500] "GET /isolucionsda/Encabezado.asp?Pagina=Menu.asp&IdModulo=4 HTTP/1.1" 200 15389
186.31.60.20 - - [24/Jan/2015:05:16:48 -0500] "GET /isolucionsda/BarraFavoritos.asp HTTP/1.1" 200 911
186.31.60.20 - - [24/Jan/2015:05:16:48 -0500] "GET /isolucionsda/Menu.asp?Pagina=Menu.asp&IdModulo=4 HTTP/1.1" 200 9682
186.31.60.20 - - [24/Jan/2015:05:16:48 -0500] "GET /isolucionsda/Session.asp?Continue=1 HTTP/1.1" 200 6324
186.31.60.20 - - [24/Jan/2015:05:16:48 -0500] "GET /isolucionsda/g/MenuIcono/ico_doc.jpg HTTP/1.1" 200 3103
186.31.60.20 - - [24/Jan/2015:05:16:48 -0500] "GET /isolucionsda/g/Img_BordeTitulo01.jpg HTTP/1.1" 200 444
186.31.60.20 - - [24/Jan/2015:05:16:48 -0500] "GET /isolucionsda/g/Img_BordeTitulo02.jpg HTTP/1.1" 200 451
186.31.60.20 - - [24/Jan/2015:05:16:54 -0500] "GET /isolucionsda/FrameSetGeneral.asp?Pagina=ListadoMaestroDocumentos3.asp HTTP/1.1" 200 6634
186.31.60.20 - - [24/Jan/2015:05:16:54 -0500] "GET /isolucionsda/Encabezado.asp?Pagina=ListadoMaestroDocumentos3.asp HTTP/1.1" 200 15364
186.31.60.20 - - [24/Jan/2015:05:16:54 -0500] "GET /isolucionsda/BarraTitulos.asp?Pagina=ListadoMaestroDocumentos3.asp HTTP/1.1" 200 6985
186.31.60.20 - - [24/Jan/2015:05:16:54 -0500] "GET /isolucionsda/BarraFavoritos.asp HTTP/1.1" 200 911
186.31.60.20 - - [24/Jan/2015:05:16:54 -0500] "GET /isolucionsda/ListadoMaestroDocumentos3.asp?Pagina=ListadoMaestroDocumentos3.asp HTTP/1.1" 200 11467
186.31.60.20 - - [24/Jan/2015:05:16:54 -0500] "GET /isolucionsda/Session.asp?Continue=1 HTTP/1.1" 200 6324
74.86.158.107 - - [24/Jan/2015:05:17:01 -0500] "HEAD / HTTP/1.1" 302 -
188.79.162.63 - - [24/Jan/2015:05:17:15 -0500] "GET /BLA/boletinlegal/js/jquery.js HTTP/1.1" 200 57254
188.79.162.63 - - [24/Jan/2015:05:17:15 -0500] "GET /BLA/boletinlegal/js/jquery.scrollTo-min.js HTTP/1.1" 200 1150
188.79.162.63 - - [24/Jan/2015:05:17:15 -0500] "GET /BLA/boletinlegal/js/jquery.scrollShow.js HTTP/1.1" 200 4586
201.245.192.253 - - [24/Jan/2015:05:17:20 -0500] "GET /forest/session.jsp?a=0.16601936472650192 HTTP/1.1" 200 4
186.31.60.20 - - [24/Jan/2015:05:17:28 -0500] "POST /isolucionsda/ListadoMaestroDocumentos3.asp HTTP/1.1" 200 11498
186.31.60.20 - - [24/Jan/2015:05:17:50 -0500] "GET /isolucionsda/Jerarquia.asp?Tabla=Proceso&Form=Admon&CampoDisplay=ProcesoDisplayObjetoProceso&CampoHidden=Proceso&bSubmit=True&items= HTTP/1.1" 200 10587
186.31.60.20 - - [24/Jan/2015:05:17:51 -0500] "GET /isolucionsda/StyleSheet/Stylesheet.css HTTP/1.1" 200 22894
188.165.15.5 - - [24/Jan/2015:05:17:55 -0500] "GET /BLA/resoluciones/RESOLUCIONES%202005/RES%202005%20651-700/00000661.tif HTTP/1.1" 200 273242
186.31.60.20 - - [24/Jan/2015:05:17:59 -0500] "POST /isolucionsda/Jerarquia.asp HTTP/1.1" 200 8106
186.31.60.20 - - [24/Jan/2015:05:17:59 -0500] "POST /isolucionsda/ListadoMaestroDocumentos3.asp HTTP/1.1" 200 11566
186.31.60.20 - - [24/Jan/2015:05:18:11 -0500] "POST /isolucionsda/ListadoMaestroDocumentos3.asp HTTP/1.1" 200 11566
186.31.60.20 - - [24/Jan/2015:05:18:21 -0500] "POST /isolucionsda/ListadoMaestroDocumentos3.asp HTTP/1.1" 200 11562
186.31.60.20 - - [24/Jan/2015:05:18:21 -0500] "POST /isolucionsda/ListadoMaestroDocumentos3.asp HTTP/1.1" 200 11562
186.31.60.20 - - [24/Jan/2015:05:18:42 -0500] "POST /isolucionsda/ListadoMaestroDocumentos3.asp HTTP/1.1" 200 11554
66.249.67.75 - - [24/Jan/2015:05:18:42 -0500] "GET /even/Ca8xejc/tsld005.htm HTTP/1.1" 404 1018
186.31.60.20 - - [24/Jan/2015:05:19:01 -0500] "POST /isolucionsda/ListadoMaestroDocumentos3.asp HTTP/1.1" 200 11554
207.46.13.39 - - [24/Jan/2015:05:19:10 -0500] "GET /dama/libreria/php/decide.php?patron=03.1206 HTTP/1.1" 404 1019
186.31.60.20 - - [24/Jan/2015:05:19:23 -0500] "GET /isolucionsda/Jerarquia.asp?Tabla=Proceso&Form=Admon&CampoDisplay=ProcesoDisplayObjetoProceso&CampoHidden=Proceso&bSubmit=True&items= HTTP/1.1" 200 10587
186.31.60.20 - - [24/Jan/2015:05:19:30 -0500] "POST /isolucionsda/Jerarquia.asp HTTP/1.1" 200 8102
186.31.60.20 - - [24/Jan/2015:05:19:30 -0500] "POST /isolucionsda/ListadoMaestroDocumentos3.asp HTTP/1.1" 200 11542
186.31.60.20 - - [24/Jan/2015:05:19:35 -0500] "POST /isolucionsda/ListadoMaestroDocumentos3.asp HTTP/1.1" 200 11542
66.249.67.67 - - [24/Jan/2015:05:19:50 -0500] "GET /BLA/resoluciones/RESOLUCIONES%202007/RES%202007%20901%20AL%201000/RESOLUCION%200950%20DE%202007.pdf HTTP/1.1" 304 -
201.245.192.253 - - [24/Jan/2015:05:19:53 -0500] "GET /forest/session.jsp?a=0.423746763970862 HTTP/1.1" 200 4
186.31.60.20 - - [24/Jan/2015:05:20:07 -0500] "POST /isolucionsda/ListadoMaestroDocumentos3.asp HTTP/1.1" 200 11549
188.165.15.43 - - [24/Jan/2015:05:20:08 -0500] "GET /BLA/resoluciones/RESOLUCIONES%202005/RES%202005%202051-2100/00002084.tif HTTP/1.1" 200 541704
180.76.6.149 - - [24/Jan/2015:05:20:34 -0500] "GET /BLA/resoluciones/RESOLUCIONES%202007/RES%202007%202801%20AL%202900/RESOLUCION%202870%20DE%202007.pdf HTTP/1.1" 200 272703
66.249.67.75 - - [24/Jan/2015:05:20:58 -0500] "GET /BLA/resoluciones/RESOLUCIONES%202011/5519.pdf HTTP/1.1" 304 -
180.76.6.54 - - [24/Jan/2015:05:21:29 -0500] "GET /BLA/boletinlegal;jsessionid=688178C85F718CCCB0F0702CC1847565?/? HTTP/1.1" 404 1018
186.31.60.20 - - [24/Jan/2015:05:21:30 -0500] "POST /isolucionsda/ListadoMaestroDocumentos3.asp HTTP/1.1" 200 11550
186.31.60.20 - - [24/Jan/2015:05:21:36 -0500] "POST /isolucionsda/ListadoMaestroDocumentos3.asp HTTP/1.1" 200 11550
186.31.60.20 - - [24/Jan/2015:05:21:40 -0500] "POST /isolucionsda/ListadoMaestroDocumentos3.asp HTTP/1.1" 200 11550
186.31.60.20 - - [24/Jan/2015:05:21:49 -0500] "POST /isolucionsda/ListadoMaestroDocumentos3.asp HTTP/1.1" 200 11566
186.31.60.20 - - [24/Jan/2015:05:21:54 -0500] "POST /isolucionsda/ListadoMaestroDocumentos3.asp HTTP/1.1" 200 11566
74.86.158.107 - - [24/Jan/2015:05:22:01 -0500] "HEAD / HTTP/1.1" 302 -
201.245.192.253 - - [24/Jan/2015:05:22:20 -0500] "GET /forest/session.jsp?a=0.5664906075465148 HTTP/1.1" 200 4
186.31.60.20 - - [24/Jan/2015:05:22:23 -0500] "GET /isolucionsda/Jerarquia.asp?Tabla=Proceso&Form=Admon&CampoDisplay=ProcesoDisplayObjetoProceso&CampoHidden=Proceso&bSubmit=True&items= HTTP/1.1" 200 10587
180.76.6.57 - - [24/Jan/2015:05:22:23 -0500] "GET /BLA/resoluciones/AUTOS%202007/1346.pdf HTTP/1.1" 200 36347
186.31.60.20 - - [24/Jan/2015:05:22:32 -0500] "POST /isolucionsda/Jerarquia.asp HTTP/1.1" 200 8100
186.31.60.20 - - [24/Jan/2015:05:22:32 -0500] "POST /isolucionsda/ListadoMaestroDocumentos3.asp HTTP/1.1" 200 11564
186.31.60.20 - - [24/Jan/2015:05:22:42 -0500] "POST /isolucionsda/ListadoMaestroDocumentos3.asp HTTP/1.1" 200 11564
188.165.15.201 - - [24/Jan/2015:05:23:09 -0500] "GET /BLA/resoluciones/RESOLUCIONES%202005/RES%202005%203101-3150/00003116.tif HTTP/1.1" 200 124674
186.31.60.20 - - [24/Jan/2015:05:23:09 -0500] "GET /isolucionsda/Jerarquia.asp?Tabla=Proceso&Form=Admon&CampoDisplay=ProcesoDisplayObjetoProceso&CampoHidden=Proceso&bSubmit=True&items= HTTP/1.1" 200 10587
66.249.67.83 - - [24/Jan/2015:05:23:21 -0500] "GET /autoliquidacion/TR%C3%81MITES%20ACEITES-RESIDUOS-ESTACIONES/REG.%20GENERADOR/126PM04-PR75-F-A2-V%201-LISTA%20CHEQUEO%20REG.GENERADOR.xls HTTP/1.1" 304 -
151.237.103.54 - - [24/Jan/2015:05:23:30 -0500] "GET /wordpress/wp-admin/ HTTP/1.1" 404 1018
66.249.67.83 - - [24/Jan/2015:05:23:36 -0500] "GET /BLA/resoluciones/RESOLUCIONES%202009/8141.pdf HTTP/1.1" 200 505327
186.31.60.20 - - [24/Jan/2015:05:23:37 -0500] "POST /isolucionsda/Jerarquia.asp HTTP/1.1" 200 8128
186.31.60.20 - - [24/Jan/2015:05:23:37 -0500] "POST /isolucionsda/ListadoMaestroDocumentos3.asp HTTP/1.1" 200 11648
66.249.67.67 - - [24/Jan/2015:05:23:43 -0500] "GET /BLA/boletinlegal/documentos-importantes.php HTTP/1.1" 200 4822
186.31.60.20 - - [24/Jan/2015:05:23:48 -0500] "GET /isolucionsda/Jerarquia.asp?Tabla=Proceso&Form=Admon&CampoDisplay=ProcesoDisplayObjetoProceso&CampoHidden=Proceso&bSubmit=True&items= HTTP/1.1" 200 10587
186.31.60.20 - - [24/Jan/2015:05:23:56 -0500] "POST /isolucionsda/Jerarquia.asp HTTP/1.1" 200 8112
186.31.60.20 - - [24/Jan/2015:05:23:57 -0500] "POST /isolucionsda/ListadoMaestroDocumentos3.asp HTTP/1.1" 200 11600
186.31.60.20 - - [24/Jan/2015:05:24:10 -0500] "GET /isolucionsda/Jerarquia.asp?Tabla=Proceso&Form=Admon&CampoDisplay=ProcesoDisplayObjetoProceso&CampoHidden=Proceso&bSubmit=True&items= HTTP/1.1" 200 10587
186.31.60.20 - - [24/Jan/2015:05:24:15 -0500] "POST /isolucionsda/Jerarquia.asp HTTP/1.1" 200 8108
186.31.60.20 - - [24/Jan/2015:05:24:16 -0500] "POST /isolucionsda/ListadoMaestroDocumentos3.asp HTTP/1.1" 200 11588
180.76.6.136 - - [24/Jan/2015:05:24:27 -0500] "GET /BLA/resoluciones/RESOLUCIONES%202011/1348.pdf HTTP/1.1" 200 69581
186.31.60.20 - - [24/Jan/2015:05:24:28 -0500] "POST /isolucionsda/ListadoMaestroDocumentos3.asp HTTP/1.1" 200 12293
188.165.15.208 - - [24/Jan/2015:05:24:38 -0500] "GET /BLA/resoluciones/RESOLUCIONES%202006/RES%202006%20951-1000/00000979.tif HTTP/1.1" 200 854622
186.31.60.20 - - [24/Jan/2015:05:24:39 -0500] "GET /isolucionsda/FramesetArticulo.asp?Pagina=bancoconocimiento%2FG%2FGESTIONDERECURSOSFISICOS%5Fv6%2FGESTIONDERECURSOSFISICOS%5Fv6%2Easp&IdArticulo=6628 HTTP/1.1" 200 7301
186.31.60.20 - - [24/Jan/2015:05:24:40 -0500] "GET /isolucionsda/Arriba.asp?Pagina=bancoconocimiento%2FG%2FGESTIONDERECURSOSFISICOS%5Fv6%2FGESTIONDERECURSOSFISICOS%5Fv6%2Easp&IdArticulo=6628 HTTP/1.1" 200 10589
186.31.60.20 - - [24/Jan/2015:05:24:40 -0500] "GET /isolucionsda/StyleSheet.css HTTP/1.1" 200 4664
186.31.60.20 - - [24/Jan/2015:05:24:40 -0500] "GET /isolucionsda/g/icono_noconformidad.jpg HTTP/1.1" 200 1235
186.31.60.20 - - [24/Jan/2015:05:24:40 -0500] "GET /isolucionsda/g/icono_alerta.jpg HTTP/1.1" 502 1362
186.31.60.20 - - [24/Jan/2015:05:24:40 -0500] "GET /isolucionsda/bancoconocimiento/G/GESTIONDERECURSOSFISICOS_v6/GESTIONDERECURSOSFISICOS_v6.asp?IdArticulo=6628 HTTP/1.1" 200 61484
186.31.60.20 - - [24/Jan/2015:05:24:41 -0500] "GET /isolucionsda/g/vacio1x1.gif HTTP/1.1" 404 5195
186.31.60.20 - - [24/Jan/2015:05:24:41 -0500] "GET /isolucionsda/grafvinetas/logo%20documento0.jpg HTTP/1.1" 200 36055
186.31.60.20 - - [24/Jan/2015:05:24:41 -0500] "GET /isolucionsda/g/vacio1x1.gif HTTP/1.1" 404 5195
201.245.192.253 - - [24/Jan/2015:05:24:53 -0500] "GET /forest/session.jsp?a=0.36353428335713267 HTTP/1.1" 200 4
188.165.15.59 - - [24/Jan/2015:05:25:49 -0500] "GET /BLA/resoluciones/RESOLUCIONES%202005/RES%202005%201851-1900/00001863.tif HTTP/1.1" 200 132354
188.165.15.61 - - [24/Jan/2015:05:26:31 -0500] "GET /BLA/resoluciones/RESOLUCIONES%202004/RES%202004%202051-2100/00002087.tif HTTP/1.1" 200 153016
74.86.158.107 - - [24/Jan/2015:05:27:01 -0500] "HEAD / HTTP/1.1" 302 -
190.25.232.143 - - [24/Jan/2015:05:27:14 -0500] "GET /StormSDA/stormWeb/presentacion.html HTTP/1.1" 304 -
201.245.192.253 - - [24/Jan/2015:05:27:20 -0500] "GET /forest/session.jsp?a=0.6689560756459915 HTTP/1.1" 200 4
66.249.67.67 - - [24/Jan/2015:05:28:22 -0500] "GET /BLA/resoluciones/RESOLUCIONES%202004/RES%202004%2001-%2050/00000012.tif HTTP/1.1" 200 55250
157.55.39.60 - - [24/Jan/2015:05:28:30 -0500] "GET /Metadatos_final_2014/Punto_Capt_Agua_Subte.xml HTTP/1.1" 200 32896
188.165.15.59 - - [24/Jan/2015:05:28:50 -0500] "GET /BLA/resoluciones/RESOLUCIONES%202004/RES%202004%20151-200/00000194.tif HTTP/1.1" 200 280484
188.165.15.41 - - [24/Jan/2015:05:29:07 -0500] "GET /BLA/resoluciones/index.php?dir=RESOLUCIONES%202004/RES%202004%20601-650/&sort=date&order=desc HTTP/1.1" 200 12059
201.245.192.253 - - [24/Jan/2015:05:29:53 -0500] "GET /forest/session.jsp?a=0.2046356122897014 HTTP/1.1" 200 4
188.165.15.110 - - [24/Jan/2015:05:30:05 -0500] "GET /BLA/resoluciones/RESOLUCIONES%202005/RES%202005%20251-300/00000292.tif HTTP/1.1" 200 124318
186.31.60.20 - - [24/Jan/2015:05:30:30 -0500] "GET /isolucionsda/FrameSetGeneral.asp?Pagina=BancoConocimiento.asp HTTP/1.1" 200 6602
186.31.60.20 - - [24/Jan/2015:05:30:30 -0500] "GET /isolucionsda/Encabezado.asp?Pagina=BancoConocimiento.asp HTTP/1.1" 200 15374
186.31.60.20 - - [24/Jan/2015:05:30:30 -0500] "GET /isolucionsda/BarraTitulos.asp?Pagina=BancoConocimiento.asp HTTP/1.1" 200 6985
186.31.60.20 - - [24/Jan/2015:05:30:30 -0500] "GET /isolucionsda/BancoConocimiento.asp?Pagina=BancoConocimiento.asp HTTP/1.1" 200 9374
186.31.60.20 - - [24/Jan/2015:05:30:30 -0500] "GET /isolucionsda/BarraFavoritos.asp HTTP/1.1" 200 911
186.31.60.20 - - [24/Jan/2015:05:30:30 -0500] "GET /isolucionsda/Session.asp?Continue=1 HTTP/1.1" 200 6324
186.31.60.20 - - [24/Jan/2015:05:30:30 -0500] "GET /isolucionsda/g/Bullet.gif HTTP/1.1" 200 79
186.31.60.20 - - [24/Jan/2015:05:30:30 -0500] "GET /isolucionsda/g/vacio1x1.gif HTTP/1.1" 404 5195
186.31.60.20 - - [24/Jan/2015:05:30:44 -0500] "GET /isolucionsda/FrameSetGeneral.asp?Pagina=ListadoMaestroDocumentos3.asp HTTP/1.1" 200 6634
186.31.60.20 - - [24/Jan/2015:05:30:45 -0500] "GET /isolucionsda/Encabezado.asp?Pagina=ListadoMaestroDocumentos3.asp HTTP/1.1" 200 15364
186.31.60.20 - - [24/Jan/2015:05:30:45 -0500] "GET /isolucionsda/BarraTitulos.asp?Pagina=ListadoMaestroDocumentos3.asp HTTP/1.1" 200 6985
186.31.60.20 - - [24/Jan/2015:05:30:45 -0500] "GET /isolucionsda/ListadoMaestroDocumentos3.asp?Pagina=ListadoMaestroDocumentos3.asp HTTP/1.1" 200 11467
186.31.60.20 - - [24/Jan/2015:05:30:45 -0500] "GET /isolucionsda/BarraFavoritos.asp HTTP/1.1" 200 -
186.31.60.20 - - [24/Jan/2015:05:30:45 -0500] "GET /isolucionsda/BarraFavoritos.asp HTTP/1.1" 200 911
186.31.60.20 - - [24/Jan/2015:05:30:45 -0500] "GET /isolucionsda/Session.asp?Continue=1 HTTP/1.1" 200 6324
180.76.6.150 - - [24/Jan/2015:05:30:53 -0500] "GET /BLA/resoluciones/AUTOS%202012/0507.pdf HTTP/1.1" 200 209483
188.165.15.59 - - [24/Jan/2015:05:31:32 -0500] "GET /BLA/resoluciones/RESOLUCIONES%202003/RES%202003%201401-1450/20031411.tif HTTP/1.1" 200 131000
66.249.67.103 - - [24/Jan/2015:05:31:38 -0500] "GET /PORTAL_SIAC/swf/Residuos/quimicos/quimicos.html HTTP/1.1" 304 -
207.46.13.139 - - [24/Jan/2015:05:31:54 -0500] "GET /Anexos%20estudio%20Organizacional%20SDA/ANEXO%20No.%203-%20CONTRATACI%C3%93N%20%20OPS%C2%B4s%202008-2012/CONTRATOS%20SDA%202012%20POR%20DEPENDENCIA.xls HTTP/1.1" 200 269824
186.31.60.20 - - [24/Jan/2015:05:31:59 -0500] "GET /isolucionsda/IdentificaUsuario.asp?Pagina1=FrameSetGeneral.asp& HTTP/1.1" 302 173
186.31.60.20 - - [24/Jan/2015:05:32:00 -0500] "GET /isolucionsda/TareasSFRedirect.asp HTTP/1.1" 302 195
74.86.158.107 - - [24/Jan/2015:05:32:01 -0500] "HEAD / HTTP/1.1" 302 -
186.31.60.20 - - [24/Jan/2015:05:32:00 -0500] "GET /isolucionsda/Login.aspx?TARGET=SFContainerFiltrado.aspx&number=54665656525449524570 HTTP/1.1" 302 886
186.31.60.20 - - [24/Jan/2015:05:32:01 -0500] "GET /isolucionsda/SFContainerFiltrado.aspx?Number=54665656525449524570 HTTP/1.1" 200 14314
186.31.60.20 - - [24/Jan/2015:05:32:02 -0500] "GET /isolucionsda/DetalleTareas.aspx?Number=54665656525449524570 HTTP/1.1" 200 5355
201.245.192.253 - - [24/Jan/2015:05:32:20 -0500] "GET /forest/session.jsp?a=0.1298704498108979 HTTP/1.1" 200 4
151.237.103.54 - - [24/Jan/2015:05:32:50 -0500] "GET /blog/wp-admin/ HTTP/1.1" 404 1018
207.46.13.139 - - [24/Jan/2015:05:33:26 -0500] "GET / HTTP/1.1" 302 -
66.249.67.75 - - [24/Jan/2015:05:34:17 -0500] "GET /BLA/resoluciones/RESOLUCIONES%202013/1320.pdf HTTP/1.1" 200 635820
201.245.192.253 - - [24/Jan/2015:05:34:53 -0500] "GET /forest/session.jsp?a=0.1193936989369273 HTTP/1.1" 200 4
74.86.158.107 - - [24/Jan/2015:05:37:01 -0500] "HEAD / HTTP/1.1" 302 -
201.245.192.253 - - [24/Jan/2015:05:37:20 -0500] "GET /forest/session.jsp?a=0.5711226140959417 HTTP/1.1" 200 4
188.165.15.105 - - [24/Jan/2015:05:38:32 -0500] "GET /BLA/resoluciones/index.php?dir=RESOLUCIONES%202005/RES%202005%201251-1300/&sort=size&order=desc HTTP/1.1" 200 12361
144.76.201.175 - - [24/Jan/2015:05:38:37 -0500] "GET /robots.txt HTTP/1.0" 404 1019
144.76.201.175 - - [24/Jan/2015:05:38:46 -0500] "GET /PruebasSTORM/StormSDA_pruebas/forms/?C=D;O=D HTTP/1.0" 200 3538
144.76.201.175 - - [24/Jan/2015:05:38:56 -0500] "GET /PruebasSTORM/StormSDA_pruebas/forms/?C=M;O=D HTTP/1.0" 200 3538
66.249.67.75 - - [24/Jan/2015:05:38:56 -0500] "GET /BLA/resoluciones/RESOLUCIONES%202003/RES%202003%20551-600/551.tif HTTP/1.1" 200 129792
188.165.15.5 - - [24/Jan/2015:05:39:52 -0500] "GET /BLA/resoluciones/index.php?dir=RESOLUCIONES%202005/RES%202005%20201-250/&sort=date&order=asc HTTP/1.1" 200 12248
