201.244.199.41 - - [24/Jan/2015:19:22:55 -0500] "POST /forms/lservlet;jsessionid=ac16012b30d55ba1efe64b764c6f90529e1d1d96dc05.e3iSbxaKaheRe38RbNmLa3mSc41ynknvrkLOlQzNp65In0 HTTP/1.1" 200 2
201.244.199.41 - - [24/Jan/2015:19:22:59 -0500] "POST /forms/lservlet;jsessionid=ac16012b30d55ba1efe64b764c6f90529e1d1d96dc05.e3iSbxaKaheRe38RbNmLa3mSc41ynknvrkLOlQzNp65In0 HTTP/1.1" 200 34742
201.244.199.41 - - [24/Jan/2015:19:22:59 -0500] "GET /imagenes/listval.gif HTTP/1.1" 200 905
201.244.199.41 - - [24/Jan/2015:19:22:59 -0500] "POST /forms/lservlet;jsessionid=ac16012b30d55ba1efe64b764c6f90529e1d1d96dc05.e3iSbxaKaheRe38RbNmLa3mSc41ynknvrkLOlQzNp65In0 HTTP/1.1" 200 7
201.244.199.41 - - [24/Jan/2015:19:23:00 -0500] "POST /forms/lservlet;jsessionid=ac16012b30d55ba1efe64b764c6f90529e1d1d96dc05.e3iSbxaKaheRe38RbNmLa3mSc41ynknvrkLOlQzNp65In0 HTTP/1.1" 200 34
201.244.199.41 - - [24/Jan/2015:19:23:00 -0500] "POST /forms/lservlet;jsessionid=ac16012b30d55ba1efe64b764c6f90529e1d1d96dc05.e3iSbxaKaheRe38RbNmLa3mSc41ynknvrkLOlQzNp65In0 HTTP/1.1" 200 2
201.244.199.41 - - [24/Jan/2015:19:23:01 -0500] "POST /forms/lservlet;jsessionid=ac16012b30d55ba1efe64b764c6f90529e1d1d96dc05.e3iSbxaKaheRe38RbNmLa3mSc41ynknvrkLOlQzNp65In0 HTTP/1.1" 200 2
201.244.199.41 - - [24/Jan/2015:19:23:01 -0500] "POST /forms/lservlet;jsessionid=ac16012b30d55ba1efe64b764c6f90529e1d1d96dc05.e3iSbxaKaheRe38RbNmLa3mSc41ynknvrkLOlQzNp65In0 HTTP/1.1" 200 662
201.244.199.41 - - [24/Jan/2015:19:23:01 -0500] "POST /forms/lservlet;jsessionid=ac16012b30d55ba1efe64b764c6f90529e1d1d96dc05.e3iSbxaKaheRe38RbNmLa3mSc41ynknvrkLOlQzNp65In0 HTTP/1.1" 200 10
201.244.199.41 - - [24/Jan/2015:19:23:03 -0500] "POST /forms/lservlet;jsessionid=ac16012b30d55ba1efe64b764c6f90529e1d1d96dc05.e3iSbxaKaheRe38RbNmLa3mSc41ynknvrkLOlQzNp65In0 HTTP/1.1" 200 26
201.244.199.41 - - [24/Jan/2015:19:23:03 -0500] "POST /forms/lservlet;jsessionid=ac16012b30d55ba1efe64b764c6f90529e1d1d96dc05.e3iSbxaKaheRe38RbNmLa3mSc41ynknvrkLOlQzNp65In0 HTTP/1.1" 200 4029
201.244.199.41 - - [24/Jan/2015:19:23:04 -0500] "POST /forms/lservlet;jsessionid=ac16012b30d55ba1efe64b764c6f90529e1d1d96dc05.e3iSbxaKaheRe38RbNmLa3mSc41ynknvrkLOlQzNp65In0 HTTP/1.1" 200 2
201.244.199.41 - - [24/Jan/2015:19:23:09 -0500] "POST /forms/lservlet;jsessionid=ac16012b30d55ba1efe64b764c6f90529e1d1d96dc05.e3iSbxaKaheRe38RbNmLa3mSc41ynknvrkLOlQzNp65In0 HTTP/1.1" 200 113
201.244.199.41 - - [24/Jan/2015:19:23:09 -0500] "POST /forms/lservlet;jsessionid=ac16012b30d55ba1efe64b764c6f90529e1d1d96dc05.e3iSbxaKaheRe38RbNmLa3mSc41ynknvrkLOlQzNp65In0 HTTP/1.1" 200 8
201.244.199.41 - - [24/Jan/2015:19:23:09 -0500] "POST /forms/lservlet;jsessionid=ac16012b30d55ba1efe64b764c6f90529e1d1d96dc05.e3iSbxaKaheRe38RbNmLa3mSc41ynknvrkLOlQzNp65In0 HTTP/1.1" 200 2
201.244.199.41 - - [24/Jan/2015:19:23:10 -0500] "POST /forms/lservlet;jsessionid=ac16012b30d55ba1efe64b764c6f90529e1d1d96dc05.e3iSbxaKaheRe38RbNmLa3mSc41ynknvrkLOlQzNp65In0 HTTP/1.1" 200 7
201.244.199.41 - - [24/Jan/2015:19:23:10 -0500] "POST /forms/lservlet;jsessionid=ac16012b30d55ba1efe64b764c6f90529e1d1d96dc05.e3iSbxaKaheRe38RbNmLa3mSc41ynknvrkLOlQzNp65In0 HTTP/1.1" 200 30152
201.244.199.41 - - [24/Jan/2015:19:23:10 -0500] "POST /forms/lservlet;jsessionid=ac16012b30d55ba1efe64b764c6f90529e1d1d96dc05.e3iSbxaKaheRe38RbNmLa3mSc41ynknvrkLOlQzNp65In0 HTTP/1.1" 200 7
201.244.199.41 - - [24/Jan/2015:19:23:10 -0500] "POST /forms/lservlet;jsessionid=ac16012b30d55ba1efe64b764c6f90529e1d1d96dc05.e3iSbxaKaheRe38RbNmLa3mSc41ynknvrkLOlQzNp65In0 HTTP/1.1" 200 27
201.244.199.41 - - [24/Jan/2015:19:23:11 -0500] "POST /forms/lservlet;jsessionid=ac16012b30d55ba1efe64b764c6f90529e1d1d96dc05.e3iSbxaKaheRe38RbNmLa3mSc41ynknvrkLOlQzNp65In0 HTTP/1.1" 200 2
181.54.232.60 - - [24/Jan/2015:19:23:17 -0500] "POST /forms/lservlet;jsessionid=ac16012b30d5bdd70aafdce148629443f41b7eff01ca.e3iSbxaKaheRe38RbNmLa3mSc41ynknvrkLOlQzNp65In0 HTTP/1.1" 200 2
201.244.199.41 - - [24/Jan/2015:19:23:17 -0500] "POST /forms/lservlet;jsessionid=ac16012b30d55ba1efe64b764c6f90529e1d1d96dc05.e3iSbxaKaheRe38RbNmLa3mSc41ynknvrkLOlQzNp65In0 HTTP/1.1" 200 2
180.76.6.45 - - [24/Jan/2015:19:23:28 -0500] "GET /BLA/resoluciones/RESOLUCIONES%202010/1278.pdf HTTP/1.1" 200 109450
74.86.158.107 - - [24/Jan/2015:19:23:41 -0500] "GET / HTTP/1.1" 302 -
181.50.241.109 - - [24/Jan/2015:19:24:14 -0500] "POST /forms/lservlet;jsessionid=ac16012b30d5f4158fd8302e4190874cba71654cc2bf.e3iSbxaKaheRe38RbNmLa3mSc41ynknvrkLOlQzNp65In0 HTTP/1.1" 200 2
181.133.14.171 - - [24/Jan/2015:19:24:18 -0500] "GET /crossdomain.xml HTTP/1.1" 404 1280
181.133.14.171 - - [24/Jan/2015:19:24:19 -0500] "GET /arcgis/services/Calidad_del_Agua_WQI/MapServer/WMSServer?STYLES=&WIDTH=1024&LAYERS=3%2C4%2C5%2C6%2C7&BBOX=%2D74%2E07426057323974%2C4%2E586724439760796%2C%2D74%2E07304228920475%2C4%2E58751799000624&HEIGHT=667&SERVICE=WMS&FORMAT=image%2Fpng&SRS=EPSG%3A4686&REQUEST=GetMap&TRANSPARENT=TRUE&VERSION=1%2E1%2E1 HTTP/1.1" 200 4277
181.133.14.171 - - [24/Jan/2015:19:24:25 -0500] "GET /arcgis/services/Calidad_del_Agua_WQI/MapServer/WMSServer?STYLES=&WIDTH=970&LAYERS=3%2C4%2C5%2C6%2C7&BBOX=%2D74%2E07485998606026%2C4%2E586441221601751%2C%2D74%2E07364170202527%2C4%2E587234771847195&HEIGHT=498&SERVICE=WMS&FORMAT=image%2Fpng&SRS=EPSG%3A4686&REQUEST=GetMap&TRANSPARENT=TRUE&VERSION=1%2E1%2E1 HTTP/1.1" 200 2890
181.133.14.171 - - [24/Jan/2015:19:24:26 -0500] "GET /arcgis/services/Calidad_del_Agua_WQI/MapServer/WMSServer?STYLES=&WIDTH=970&LAYERS=3%2C4%2C5%2C6%2C7&BBOX=%2D74%2E07485998606026%2C4%2E586642286056742%2C%2D74%2E07370594747243%2C4%2E587234771847195&HEIGHT=498&SERVICE=WMS&FORMAT=image%2Fpng&SRS=EPSG%3A4686&REQUEST=GetMap&TRANSPARENT=TRUE&VERSION=1%2E1%2E1 HTTP/1.1" 200 2911
181.133.14.171 - - [24/Jan/2015:19:24:31 -0500] "GET /crossdomain.xml HTTP/1.1" 404 1280
181.133.14.171 - - [24/Jan/2015:19:24:31 -0500] "GET /arcgis/services/Calidad_del_Agua_WQI/MapServer/WMSServer?STYLES=&WIDTH=1024&LAYERS=3%2C4%2C5%2C6%2C7&BBOX=%2D74%2E07485998606026%2C4%2E58644122160175%2C%2D74%2E07364170202527%2C4%2E587234771847194&HEIGHT=667&SERVICE=WMS&FORMAT=image%2Fpng&SRS=EPSG%3A4686&REQUEST=GetMap&TRANSPARENT=TRUE&VERSION=1%2E1%2E1 HTTP/1.1" 200 4277
201.244.199.41 - - [24/Jan/2015:19:24:35 -0500] "POST /forms/lservlet;jsessionid=ac16012b30d55ba1efe64b764c6f90529e1d1d96dc05.e3iSbxaKaheRe38RbNmLa3mSc41ynknvrkLOlQzNp65In0 HTTP/1.1" 200 2
201.244.199.41 - - [24/Jan/2015:19:24:35 -0500] "POST /forms/lservlet;jsessionid=ac16012b30d55ba1efe64b764c6f90529e1d1d96dc05.e3iSbxaKaheRe38RbNmLa3mSc41ynknvrkLOlQzNp65In0 HTTP/1.1" 200 95
201.244.199.41 - - [24/Jan/2015:19:24:35 -0500] "POST /forms/lservlet;jsessionid=ac16012b30d55ba1efe64b764c6f90529e1d1d96dc05.e3iSbxaKaheRe38RbNmLa3mSc41ynknvrkLOlQzNp65In0 HTTP/1.1" 200 2
201.244.199.41 - - [24/Jan/2015:19:24:36 -0500] "POST /forms/lservlet;jsessionid=ac16012b30d55ba1efe64b764c6f90529e1d1d96dc05.e3iSbxaKaheRe38RbNmLa3mSc41ynknvrkLOlQzNp65In0 HTTP/1.1" 200 2
201.244.199.41 - - [24/Jan/2015:19:24:36 -0500] "POST /forms/lservlet;jsessionid=ac16012b30d55ba1efe64b764c6f90529e1d1d96dc05.e3iSbxaKaheRe38RbNmLa3mSc41ynknvrkLOlQzNp65In0 HTTP/1.1" 200 1511
201.244.199.41 - - [24/Jan/2015:19:24:36 -0500] "POST /forms/lservlet;jsessionid=ac16012b30d55ba1efe64b764c6f90529e1d1d96dc05.e3iSbxaKaheRe38RbNmLa3mSc41ynknvrkLOlQzNp65In0 HTTP/1.1" 200 2
201.244.199.41 - - [24/Jan/2015:19:24:36 -0500] "POST /forms/lservlet;jsessionid=ac16012b30d55ba1efe64b764c6f90529e1d1d96dc05.e3iSbxaKaheRe38RbNmLa3mSc41ynknvrkLOlQzNp65In0 HTTP/1.1" 200 2
201.244.199.41 - - [24/Jan/2015:19:24:39 -0500] "POST /forms/lservlet;jsessionid=ac16012b30d55ba1efe64b764c6f90529e1d1d96dc05.e3iSbxaKaheRe38RbNmLa3mSc41ynknvrkLOlQzNp65In0 HTTP/1.1" 200 66
181.133.14.171 - - [24/Jan/2015:19:24:39 -0500] "GET /arcgis/services/Calidad_del_Agua_WQI/MapServer/WMSServer?STYLES=&WIDTH=1024&LAYERS=3%2C4%2C5%2C6%2C7&BBOX=%2D74%2E07451711422709%2C4%2E586501210580262%2C%2D74%2E0732988301921%2C4%2E5872947608257055&HEIGHT=667&SERVICE=WMS&FORMAT=image%2Fpng&SRS=EPSG%3A4686&REQUEST=GetMap&TRANSPARENT=TRUE&VERSION=1%2E1%2E1 HTTP/1.1" 200 4277
66.249.67.75 - - [24/Jan/2015:19:24:43 -0500] "GET /BLA/resoluciones/RESOLUCIONES%202008/0545.pdf HTTP/1.1" 304 -
181.133.14.171 - - [24/Jan/2015:19:24:44 -0500] "GET /crossdomain.xml HTTP/1.1" 404 1280
181.181.246.216 - - [24/Jan/2015:19:24:45 -0500] "GET /galeria/nivo-slider/demo/images/porloshumedales.jpg HTTP/1.1" 200 351238
181.133.14.171 - - [24/Jan/2015:19:24:44 -0500] "GET /arcgis/services/Calidad_del_Agua_WQI/MapServer/WMSServer?STYLES=&WIDTH=1024&LAYERS=3%2C4%2C5%2C6%2C7&BBOX=%2D74%2E07447215813383%2C4%2E587118525462519%2C%2D74%2E07325387409884%2C4%2E587912075707963&HEIGHT=667&SERVICE=WMS&FORMAT=image%2Fpng&SRS=EPSG%3A4686&REQUEST=GetMap&TRANSPARENT=TRUE&VERSION=1%2E1%2E1 HTTP/1.1" 200 4277
181.181.246.216 - - [24/Jan/2015:19:24:47 -0500] "GET /galeria/nivo-slider/demo/images/Banner-Caracol-Africano.jpg HTTP/1.1" 200 331986
181.133.14.171 - - [24/Jan/2015:19:24:48 -0500] "GET /arcgis/services/Calidad_del_Agua_WQI/MapServer/WMSServer?STYLES=&WIDTH=1024&LAYERS=3%2C4%2C5%2C6%2C7&BBOX=%2D74%2E07435480284707%2C4%2E586394951341677%2C%2D74%2E07313651881208%2C4%2E5871885015871205&HEIGHT=667&SERVICE=WMS&FORMAT=image%2Fpng&SRS=EPSG%3A4686&REQUEST=GetMap&TRANSPARENT=TRUE&VERSION=1%2E1%2E1 HTTP/1.1" 200 4277
201.244.199.41 - - [24/Jan/2015:19:24:48 -0500] "POST /forms/lservlet;jsessionid=ac16012b30d55ba1efe64b764c6f90529e1d1d96dc05.e3iSbxaKaheRe38RbNmLa3mSc41ynknvrkLOlQzNp65In0 HTTP/1.1" 200 7
201.244.199.41 - - [24/Jan/2015:19:24:48 -0500] "POST /forms/lservlet;jsessionid=ac16012b30d55ba1efe64b764c6f90529e1d1d96dc05.e3iSbxaKaheRe38RbNmLa3mSc41ynknvrkLOlQzNp65In0 HTTP/1.1" 200 30145
201.244.199.41 - - [24/Jan/2015:19:24:49 -0500] "POST /forms/lservlet;jsessionid=ac16012b30d55ba1efe64b764c6f90529e1d1d96dc05.e3iSbxaKaheRe38RbNmLa3mSc41ynknvrkLOlQzNp65In0 HTTP/1.1" 200 7
201.244.199.41 - - [24/Jan/2015:19:24:50 -0500] "POST /forms/lservlet;jsessionid=ac16012b30d55ba1efe64b764c6f90529e1d1d96dc05.e3iSbxaKaheRe38RbNmLa3mSc41ynknvrkLOlQzNp65In0 HTTP/1.1" 200 2
201.244.199.41 - - [24/Jan/2015:19:24:50 -0500] "POST /forms/lservlet;jsessionid=ac16012b30d55ba1efe64b764c6f90529e1d1d96dc05.e3iSbxaKaheRe38RbNmLa3mSc41ynknvrkLOlQzNp65In0 HTTP/1.1" 200 27
201.244.199.41 - - [24/Jan/2015:19:24:50 -0500] "POST /forms/lservlet;jsessionid=ac16012b30d55ba1efe64b764c6f90529e1d1d96dc05.e3iSbxaKaheRe38RbNmLa3mSc41ynknvrkLOlQzNp65In0 HTTP/1.1" 200 2
181.133.14.171 - - [24/Jan/2015:19:24:51 -0500] "GET /arcgis/services/Calidad_del_Agua_WQI/MapServer/WMSServer?STYLES=&WIDTH=1024&LAYERS=3%2C4%2C5%2C6%2C7&BBOX=%2D74%2E07435715985342%2C4%2E586080740593025%2C%2D74%2E07313887581843%2C4%2E586874290838469&HEIGHT=667&SERVICE=WMS&FORMAT=image%2Fpng&SRS=EPSG%3A4686&REQUEST=GetMap&TRANSPARENT=TRUE&VERSION=1%2E1%2E1 HTTP/1.1" 200 4277
181.133.14.171 - - [24/Jan/2015:19:24:54 -0500] "GET /arcgis/services/Calidad_del_Agua_WQI/MapServer/WMSServer?STYLES=&WIDTH=1024&LAYERS=3%2C4%2C5%2C6%2C7&BBOX=%2D74%2E07433458479922%2C4%2E585746391948307%2C%2D74%2E07311630076423%2C4%2E586539942193751&HEIGHT=667&SERVICE=WMS&FORMAT=image%2Fpng&SRS=EPSG%3A4686&REQUEST=GetMap&TRANSPARENT=TRUE&VERSION=1%2E1%2E1 HTTP/1.1" 200 4277
66.249.67.111 - - [24/Jan/2015:19:24:54 -0500] "GET /pev_2006/CONSECUTIVOS%20VALLAS%20ACTUALIZADO.pdf HTTP/1.1" 404 1019
201.244.199.41 - - [24/Jan/2015:19:24:59 -0500] "POST /forms/lservlet;jsessionid=ac16012b30d55ba1efe64b764c6f90529e1d1d96dc05.e3iSbxaKaheRe38RbNmLa3mSc41ynknvrkLOlQzNp65In0 HTTP/1.1" 200 2
201.244.199.41 - - [24/Jan/2015:19:24:59 -0500] "POST /forms/lservlet;jsessionid=ac16012b30d55ba1efe64b764c6f90529e1d1d96dc05.e3iSbxaKaheRe38RbNmLa3mSc41ynknvrkLOlQzNp65In0 HTTP/1.1" 200 95
201.244.199.41 - - [24/Jan/2015:19:24:59 -0500] "POST /forms/lservlet;jsessionid=ac16012b30d55ba1efe64b764c6f90529e1d1d96dc05.e3iSbxaKaheRe38RbNmLa3mSc41ynknvrkLOlQzNp65In0 HTTP/1.1" 200 2
201.244.199.41 - - [24/Jan/2015:19:25:00 -0500] "POST /forms/lservlet;jsessionid=ac16012b30d55ba1efe64b764c6f90529e1d1d96dc05.e3iSbxaKaheRe38RbNmLa3mSc41ynknvrkLOlQzNp65In0 HTTP/1.1" 200 1500
201.244.199.41 - - [24/Jan/2015:19:25:00 -0500] "POST /forms/lservlet;jsessionid=ac16012b30d55ba1efe64b764c6f90529e1d1d96dc05.e3iSbxaKaheRe38RbNmLa3mSc41ynknvrkLOlQzNp65In0 HTTP/1.1" 200 2
201.244.199.41 - - [24/Jan/2015:19:25:00 -0500] "POST /forms/lservlet;jsessionid=ac16012b30d55ba1efe64b764c6f90529e1d1d96dc05.e3iSbxaKaheRe38RbNmLa3mSc41ynknvrkLOlQzNp65In0 HTTP/1.1" 200 2
201.244.199.41 - - [24/Jan/2015:19:25:01 -0500] "POST /forms/lservlet;jsessionid=ac16012b30d55ba1efe64b764c6f90529e1d1d96dc05.e3iSbxaKaheRe38RbNmLa3mSc41ynknvrkLOlQzNp65In0 HTTP/1.1" 200 113
201.244.199.41 - - [24/Jan/2015:19:25:13 -0500] "POST /forms/lservlet;jsessionid=ac16012b30d55ba1efe64b764c6f90529e1d1d96dc05.e3iSbxaKaheRe38RbNmLa3mSc41ynknvrkLOlQzNp65In0 HTTP/1.1" 200 148
181.54.232.60 - - [24/Jan/2015:19:25:17 -0500] "POST /forms/lservlet;jsessionid=ac16012b30d5bdd70aafdce148629443f41b7eff01ca.e3iSbxaKaheRe38RbNmLa3mSc41ynknvrkLOlQzNp65In0 HTTP/1.1" 200 2
201.244.199.41 - - [24/Jan/2015:19:25:17 -0500] "POST /forms/lservlet;jsessionid=ac16012b30d55ba1efe64b764c6f90529e1d1d96dc05.e3iSbxaKaheRe38RbNmLa3mSc41ynknvrkLOlQzNp65In0 HTTP/1.1" 200 2
201.244.199.41 - - [24/Jan/2015:19:25:22 -0500] "POST /forms/lservlet;jsessionid=ac16012b30d55ba1efe64b764c6f90529e1d1d96dc05.e3iSbxaKaheRe38RbNmLa3mSc41ynknvrkLOlQzNp65In0 HTTP/1.1" 200 124
201.244.199.41 - - [24/Jan/2015:19:25:23 -0500] "POST /forms/lservlet;jsessionid=ac16012b30d55ba1efe64b764c6f90529e1d1d96dc05.e3iSbxaKaheRe38RbNmLa3mSc41ynknvrkLOlQzNp65In0 HTTP/1.1" 200 147
201.244.199.41 - - [24/Jan/2015:19:25:23 -0500] "POST /forms/lservlet;jsessionid=ac16012b30d55ba1efe64b764c6f90529e1d1d96dc05.e3iSbxaKaheRe38RbNmLa3mSc41ynknvrkLOlQzNp65In0 HTTP/1.1" 200 7
201.244.199.41 - - [24/Jan/2015:19:25:24 -0500] "POST /forms/lservlet;jsessionid=ac16012b30d55ba1efe64b764c6f90529e1d1d96dc05.e3iSbxaKaheRe38RbNmLa3mSc41ynknvrkLOlQzNp65In0 HTTP/1.1" 200 2
201.244.199.41 - - [24/Jan/2015:19:25:25 -0500] "POST /forms/lservlet;jsessionid=ac16012b30d55ba1efe64b764c6f90529e1d1d96dc05.e3iSbxaKaheRe38RbNmLa3mSc41ynknvrkLOlQzNp65In0 HTTP/1.1" 200 8
201.244.199.41 - - [24/Jan/2015:19:25:25 -0500] "POST /forms/lservlet;jsessionid=ac16012b30d55ba1efe64b764c6f90529e1d1d96dc05.e3iSbxaKaheRe38RbNmLa3mSc41ynknvrkLOlQzNp65In0 HTTP/1.1" 200 2
201.244.199.41 - - [24/Jan/2015:19:25:25 -0500] "POST /forms/lservlet;jsessionid=ac16012b30d55ba1efe64b764c6f90529e1d1d96dc05.e3iSbxaKaheRe38RbNmLa3mSc41ynknvrkLOlQzNp65In0 HTTP/1.1" 200 2
201.244.199.41 - - [24/Jan/2015:19:25:27 -0500] "POST /forms/lservlet;jsessionid=ac16012b30d55ba1efe64b764c6f90529e1d1d96dc05.e3iSbxaKaheRe38RbNmLa3mSc41ynknvrkLOlQzNp65In0 HTTP/1.1" 200 8
201.244.199.41 - - [24/Jan/2015:19:25:27 -0500] "POST /forms/lservlet;jsessionid=ac16012b30d55ba1efe64b764c6f90529e1d1d96dc05.e3iSbxaKaheRe38RbNmLa3mSc41ynknvrkLOlQzNp65In0 HTTP/1.1" 200 2
181.133.14.171 - - [24/Jan/2015:19:25:39 -0500] "GET /crossdomain.xml HTTP/1.1" 404 1280
181.133.14.171 - - [24/Jan/2015:19:25:39 -0500] "GET /arcgis/services/Calidad_del_Agua_WQI/MapServer/WMSServer?STYLES=&WIDTH=1024&LAYERS=3%2C4%2C5%2C6%2C7&BBOX=%2D74%2E07426691390368%2C4%2E586217604879503%2C%2D74%2E0730486298687%2C4%2E587011155124947&HEIGHT=667&SERVICE=WMS&FORMAT=image%2Fpng&SRS=EPSG%3A4686&REQUEST=GetMap&TRANSPARENT=TRUE&VERSION=1%2E1%2E1 HTTP/1.1" 200 4277
181.133.14.171 - - [24/Jan/2015:19:25:44 -0500] "GET /arcgis/services/Calidad_del_Agua_WQI/MapServer/WMSServer?STYLES=&WIDTH=1024&LAYERS=3%2C4%2C5%2C6%2C7&BBOX=%2D74%2E0741968389676%2C4%2E586663965424094%2C%2D74%2E0729785549326%2C4%2E587457515669538&HEIGHT=667&SERVICE=WMS&FORMAT=image%2Fpng&SRS=EPSG%3A4686&REQUEST=GetMap&TRANSPARENT=TRUE&VERSION=1%2E1%2E1 HTTP/1.1" 200 4277
181.133.14.171 - - [24/Jan/2015:19:25:46 -0500] "GET /arcgis/services/Calidad_del_Agua_WQI/MapServer/WMSServer?STYLES=&WIDTH=1024&LAYERS=3%2C4%2C5%2C6%2C7&BBOX=%2D74%2E07413876241202%2C4%2E586924739094926%2C%2D74%2E07292047837703%2C4%2E58771828934037&HEIGHT=667&SERVICE=WMS&FORMAT=image%2Fpng&SRS=EPSG%3A4686&REQUEST=GetMap&TRANSPARENT=TRUE&VERSION=1%2E1%2E1 HTTP/1.1" 200 4277
188.165.15.41 - - [24/Jan/2015:19:25:52 -0500] "GET /BLA/resoluciones/RESOLUCIONES%202006/RES%202006%201751-1800/00001774.tif HTTP/1.1" 200 132852
181.133.14.171 - - [24/Jan/2015:19:25:56 -0500] "GET /crossdomain.xml HTTP/1.1" 404 1280
188.165.15.61 - - [24/Jan/2015:19:25:56 -0500] "GET /BLA/resoluciones/RESOLUCIONES%202005/RES%202005%201501-1550/INDEX.DAT HTTP/1.1" 200 2000
181.133.14.171 - - [24/Jan/2015:19:25:56 -0500] "GET /arcgis/services/Calidad_del_Agua_WQI/MapServer/WMSServer?STYLES=&WIDTH=1024&LAYERS=3%2C4%2C5%2C6%2C7&BBOX=%2D74%2E07418109260047%2C4%2E586599778370165%2C%2D74%2E07296280856548%2C4%2E587393328615609&HEIGHT=667&SERVICE=WMS&FORMAT=image%2Fpng&SRS=EPSG%3A4686&REQUEST=GetMap&TRANSPARENT=TRUE&VERSION=1%2E1%2E1 HTTP/1.1" 200 4277
181.133.14.171 - - [24/Jan/2015:19:25:58 -0500] "GET /arcgis/services/Calidad_del_Agua_WQI/MapServer/WMSServer?STYLES=&WIDTH=1024&LAYERS=3%2C4%2C5%2C6%2C7&BBOX=%2D74%2E07420593779996%2C4%2E586359402188018%2C%2D74%2E07298765376497%2C4%2E5871529524334616&HEIGHT=667&SERVICE=WMS&FORMAT=image%2Fpng&SRS=EPSG%3A4686&REQUEST=GetMap&TRANSPARENT=TRUE&VERSION=1%2E1%2E1 HTTP/1.1" 200 4277
181.133.14.171 - - [24/Jan/2015:19:26:00 -0500] "GET /arcgis/services/Calidad_del_Agua_WQI/MapServer/WMSServer?STYLES=&WIDTH=1024&LAYERS=3%2C4%2C5%2C6%2C7&BBOX=%2D74%2E07424862046135%2C4%2E585989322506309%2C%2D74%2E07303033642636%2C4%2E586782872751753&HEIGHT=667&SERVICE=WMS&FORMAT=image%2Fpng&SRS=EPSG%3A4686&REQUEST=GetMap&TRANSPARENT=TRUE&VERSION=1%2E1%2E1 HTTP/1.1" 200 4277
179.32.143.111 - - [24/Jan/2015:19:26:01 -0500] "GET /BLA/resoluciones/RESOLUCIONES%202009/3190.pdf HTTP/1.1" 200 469245
179.32.143.111 - - [24/Jan/2015:19:26:01 -0500] "GET /BLA/resoluciones/RESOLUCIONES%202009/3190.pdf HTTP/1.1" 206 32768
179.32.143.111 - - [24/Jan/2015:19:26:03 -0500] "GET /BLA/resoluciones/RESOLUCIONES%202009/3190.pdf HTTP/1.1" 206 436477
181.133.14.171 - - [24/Jan/2015:19:26:08 -0500] "GET /crossdomain.xml HTTP/1.1" 404 1280
181.133.14.171 - - [24/Jan/2015:19:26:08 -0500] "GET /arcgis/services/Calidad_del_Agua_WQI/MapServer/WMSServer?STYLES=&WIDTH=1024&LAYERS=3%2C4%2C5%2C6%2C7&BBOX=%2D74%2E07425936145533%2C4%2E585424009598008%2C%2D74%2E07304107742034%2C4%2E586217559843452&HEIGHT=667&SERVICE=WMS&FORMAT=image%2Fpng&SRS=EPSG%3A4686&REQUEST=GetMap&TRANSPARENT=TRUE&VERSION=1%2E1%2E1 HTTP/1.1" 200 4277
179.32.143.111 - - [24/Jan/2015:19:26:11 -0500] "GET /favicon.ico HTTP/1.1" 200 7782
181.133.14.171 - - [24/Jan/2015:19:26:11 -0500] "GET /arcgis/services/Calidad_del_Agua_WQI/MapServer/WMSServer?STYLES=&WIDTH=1024&LAYERS=3%2C4%2C5%2C6%2C7&BBOX=%2D74%2E07425337134195%2C4%2E5849241970353125%2C%2D74%2E07303508730696%2C4%2E585717747280756&HEIGHT=667&SERVICE=WMS&FORMAT=image%2Fpng&SRS=EPSG%3A4686&REQUEST=GetMap&TRANSPARENT=TRUE&VERSION=1%2E1%2E1 HTTP/1.1" 200 4277
181.50.241.109 - - [24/Jan/2015:19:26:14 -0500] "POST /forms/lservlet;jsessionid=ac16012b30d5f4158fd8302e4190874cba71654cc2bf.e3iSbxaKaheRe38RbNmLa3mSc41ynknvrkLOlQzNp65In0 HTTP/1.1" 200 2
181.133.14.171 - - [24/Jan/2015:19:26:15 -0500] "GET /arcgis/services/Calidad_del_Agua_WQI/MapServer/WMSServer?STYLES=&WIDTH=1024&LAYERS=3%2C4%2C5%2C6%2C7&BBOX=%2D74%2E07430429571058%2C4%2E584712314476674%2C%2D74%2E07308601167558%2C4%2E585505864722117&HEIGHT=667&SERVICE=WMS&FORMAT=image%2Fpng&SRS=EPSG%3A4686&REQUEST=GetMap&TRANSPARENT=TRUE&VERSION=1%2E1%2E1 HTTP/1.1" 200 4277
66.249.67.67 - - [24/Jan/2015:19:26:59 -0500] "GET /BLA/resoluciones/AUTOS%202012/2035.pdf HTTP/1.1" 304 -
181.54.232.60 - - [24/Jan/2015:19:27:17 -0500] "POST /forms/lservlet;jsessionid=ac16012b30d5bdd70aafdce148629443f41b7eff01ca.e3iSbxaKaheRe38RbNmLa3mSc41ynknvrkLOlQzNp65In0 HTTP/1.1" 200 2
201.244.199.41 - - [24/Jan/2015:19:27:17 -0500] "POST /forms/lservlet;jsessionid=ac16012b30d55ba1efe64b764c6f90529e1d1d96dc05.e3iSbxaKaheRe38RbNmLa3mSc41ynknvrkLOlQzNp65In0 HTTP/1.1" 200 2
181.133.14.171 - - [24/Jan/2015:19:27:56 -0500] "GET /crossdomain.xml HTTP/1.1" 404 1280
181.133.14.171 - - [24/Jan/2015:19:27:57 -0500] "GET /arcgis/services/Calidad_del_Agua_WQI/MapServer/WMSServer?STYLES=&WIDTH=1024&LAYERS=3%2C4%2C5%2C6%2C7&BBOX=%2D74%2E07421545954149%2C4%2E584907528556164%2C%2D74%2E0729971755065%2C4%2E585701078801607&HEIGHT=667&SERVICE=WMS&FORMAT=image%2Fpng&SRS=EPSG%3A4686&REQUEST=GetMap&TRANSPARENT=TRUE&VERSION=1%2E1%2E1 HTTP/1.1" 200 4277
181.133.14.171 - - [24/Jan/2015:19:27:59 -0500] "GET /arcgis/services/Calidad_del_Agua_WQI/MapServer/WMSServer?STYLES=&WIDTH=1024&LAYERS=3%2C4%2C5%2C6%2C7&BBOX=%2D74%2E07415421525477%2C4%2E58501944851317%2C%2D74%2E07293593121977%2C4%2E585812998758613&HEIGHT=667&SERVICE=WMS&FORMAT=image%2Fpng&SRS=EPSG%3A4686&REQUEST=GetMap&TRANSPARENT=TRUE&VERSION=1%2E1%2E1 HTTP/1.1" 200 4277
181.133.14.171 - - [24/Jan/2015:19:28:01 -0500] "GET /arcgis/services/Calidad_del_Agua_WQI/MapServer/WMSServer?STYLES=&WIDTH=1024&LAYERS=3%2C4%2C5%2C6%2C7&BBOX=%2D74%2E07403216316574%2C4%2E5852456040516785%2C%2D74%2E07281387913075%2C4%2E586039154297122&HEIGHT=667&SERVICE=WMS&FORMAT=image%2Fpng&SRS=EPSG%3A4686&REQUEST=GetMap&TRANSPARENT=TRUE&VERSION=1%2E1%2E1 HTTP/1.1" 200 4277
181.133.14.171 - - [24/Jan/2015:19:28:04 -0500] "GET /arcgis/services/Calidad_del_Agua_WQI/MapServer/WMSServer?STYLES=&WIDTH=1024&LAYERS=3%2C4%2C5%2C6%2C7&BBOX=%2D74%2E07391013167246%2C4%2E585505000949858%2C%2D74%2E07269184763747%2C4%2E586298551195302&HEIGHT=667&SERVICE=WMS&FORMAT=image%2Fpng&SRS=EPSG%3A4686&REQUEST=GetMap&TRANSPARENT=TRUE&VERSION=1%2E1%2E1 HTTP/1.1" 200 4277
181.133.14.171 - - [24/Jan/2015:19:28:07 -0500] "GET /crossdomain.xml HTTP/1.1" 404 1280
181.133.14.171 - - [24/Jan/2015:19:28:07 -0500] "GET /arcgis/services/Calidad_del_Agua_WQI/MapServer/WMSServer?STYLES=&WIDTH=1024&LAYERS=3%2C4%2C5%2C6%2C7&BBOX=%2D74%2E07379274246316%2C4%2E585774107926837%2C%2D74%2E07257445842816%2C4%2E586567658172281&HEIGHT=667&SERVICE=WMS&FORMAT=image%2Fpng&SRS=EPSG%3A4686&REQUEST=GetMap&TRANSPARENT=TRUE&VERSION=1%2E1%2E1 HTTP/1.1" 200 4277
181.50.241.109 - - [24/Jan/2015:19:28:14 -0500] "POST /forms/lservlet;jsessionid=ac16012b30d5f4158fd8302e4190874cba71654cc2bf.e3iSbxaKaheRe38RbNmLa3mSc41ynknvrkLOlQzNp65In0 HTTP/1.1" 200 2
181.133.14.171 - - [24/Jan/2015:19:28:16 -0500] "GET /arcgis/services/Calidad_del_Agua_WQI/MapServer/WMSServer?STYLES=&WIDTH=1024&LAYERS=3%2C4%2C5%2C6%2C7&BBOX=%2D74%2E07372283456145%2C4%2E586044177995961%2C%2D74%2E07250455052646%2C4%2E586837728241405&HEIGHT=667&SERVICE=WMS&FORMAT=image%2Fpng&SRS=EPSG%3A4686&REQUEST=GetMap&TRANSPARENT=TRUE&VERSION=1%2E1%2E1 HTTP/1.1" 200 4277
181.133.14.171 - - [24/Jan/2015:19:28:24 -0500] "GET /crossdomain.xml HTTP/1.1" 404 1280
181.133.14.171 - - [24/Jan/2015:19:28:24 -0500] "GET /arcgis/services/Calidad_del_Agua_WQI/MapServer/WMSServer?STYLES=&WIDTH=1024&LAYERS=3%2C4%2C5%2C6%2C7&BBOX=%2D74%2E07378495397138%2C4%2E5860475704253005%2C%2D74%2E07256666993639%2C4%2E586841120670744&HEIGHT=667&SERVICE=WMS&FORMAT=image%2Fpng&SRS=EPSG%3A4686&REQUEST=GetMap&TRANSPARENT=TRUE&VERSION=1%2E1%2E1 HTTP/1.1" 200 4277
74.86.158.107 - - [24/Jan/2015:19:28:41 -0500] "GET / HTTP/1.1" 302 -
181.133.14.171 - - [24/Jan/2015:19:28:50 -0500] "GET /crossdomain.xml HTTP/1.1" 404 1280
181.133.14.171 - - [24/Jan/2015:19:28:50 -0500] "GET /arcgis/services/Calidad_del_Agua_WQI/MapServer/WMSServer?STYLES=&WIDTH=1024&LAYERS=3%2C4%2C5%2C6%2C7&BBOX=%2D74%2E07378158799527%2C4%2E585572788835269%2C%2D74%2E07256330396028%2C4%2E586366339080713&HEIGHT=667&SERVICE=WMS&FORMAT=image%2Fpng&SRS=EPSG%3A4686&REQUEST=GetMap&TRANSPARENT=TRUE&VERSION=1%2E1%2E1 HTTP/1.1" 200 4277
181.133.14.171 - - [24/Jan/2015:19:28:52 -0500] "GET /arcgis/services/Calidad_del_Agua_WQI/MapServer/WMSServer?STYLES=&WIDTH=1024&LAYERS=3%2C4%2C5%2C6%2C7&BBOX=%2D74%2E07376832054324%2C4%2E585397717822809%2C%2D74%2E07255003650825%2C4%2E586191268068252&HEIGHT=667&SERVICE=WMS&FORMAT=image%2Fpng&SRS=EPSG%3A4686&REQUEST=GetMap&TRANSPARENT=TRUE&VERSION=1%2E1%2E1 HTTP/1.1" 200 4277
181.133.14.171 - - [24/Jan/2015:19:28:56 -0500] "GET /arcgis/services/Calidad_del_Agua_WQI/MapServer/WMSServer?STYLES=&WIDTH=1024&LAYERS=3%2C4%2C5%2C6%2C7&BBOX=%2D74%2E07380024976726%2C4%2E585259474761374%2C%2D74%2E07258196573227%2C4%2E586053025006818&HEIGHT=667&SERVICE=WMS&FORMAT=image%2Fpng&SRS=EPSG%3A4686&REQUEST=GetMap&TRANSPARENT=TRUE&VERSION=1%2E1%2E1 HTTP/1.1" 200 4277
181.133.14.171 - - [24/Jan/2015:19:28:59 -0500] "GET /arcgis/services/Calidad_del_Agua_WQI/MapServer/WMSServer?STYLES=&WIDTH=1024&LAYERS=3%2C4%2C5%2C6%2C7&BBOX=%2D74%2E07391918032019%2C4%2E584846799950586%2C%2D74%2E0727008962852%2C4%2E58564035019603&HEIGHT=667&SERVICE=WMS&FORMAT=image%2Fpng&SRS=EPSG%3A4686&REQUEST=GetMap&TRANSPARENT=TRUE&VERSION=1%2E1%2E1 HTTP/1.1" 200 4277
181.133.14.171 - - [24/Jan/2015:19:29:02 -0500] "GET /crossdomain.xml HTTP/1.1" 404 1280
181.133.14.171 - - [24/Jan/2015:19:29:02 -0500] "GET /arcgis/services/Calidad_del_Agua_WQI/MapServer/WMSServer?STYLES=&WIDTH=1024&LAYERS=3%2C4%2C5%2C6%2C7&BBOX=%2D74%2E0739782605517%2C4%2E58468595032813%2C%2D74%2E0727599765167%2C4%2E585479500573574&HEIGHT=667&SERVICE=WMS&FORMAT=image%2Fpng&SRS=EPSG%3A4686&REQUEST=GetMap&TRANSPARENT=TRUE&VERSION=1%2E1%2E1 HTTP/1.1" 200 4277
181.133.14.171 - - [24/Jan/2015:19:29:08 -0500] "GET /arcgis/services/Calidad_del_Agua_WQI/MapServer/WMSServer?STYLES=&WIDTH=1024&LAYERS=3%2C4%2C5%2C6%2C7&BBOX=%2D74%2E07431281225664%2C4%2E584930006384097%2C%2D74%2E07309452822165%2C4%2E5857235566295405&HEIGHT=667&SERVICE=WMS&FORMAT=image%2Fpng&SRS=EPSG%3A4686&REQUEST=GetMap&TRANSPARENT=TRUE&VERSION=1%2E1%2E1 HTTP/1.1" 200 4277
181.133.14.171 - - [24/Jan/2015:19:29:13 -0500] "GET /crossdomain.xml HTTP/1.1" 404 1280
181.133.14.171 - - [24/Jan/2015:19:29:14 -0500] "GET /arcgis/services/Calidad_del_Agua_WQI/MapServer/WMSServer?STYLES=&WIDTH=1024&LAYERS=3%2C4%2C5%2C6%2C7&BBOX=%2D74%2E07439711013463%2C4%2E584357564136341%2C%2D74%2E07317882609964%2C4%2E585151114381785&HEIGHT=667&SERVICE=WMS&FORMAT=image%2Fpng&SRS=EPSG%3A4686&REQUEST=GetMap&TRANSPARENT=TRUE&VERSION=1%2E1%2E1 HTTP/1.1" 200 4277
66.249.67.67 - - [24/Jan/2015:19:29:14 -0500] "GET /BLA/resoluciones/AUTOS%202013/1967.pdf HTTP/1.1" 200 1656110
181.54.232.60 - - [24/Jan/2015:19:29:17 -0500] "POST /forms/lservlet;jsessionid=ac16012b30d5bdd70aafdce148629443f41b7eff01ca.e3iSbxaKaheRe38RbNmLa3mSc41ynknvrkLOlQzNp65In0 HTTP/1.1" 200 2
201.244.199.41 - - [24/Jan/2015:19:29:17 -0500] "POST /forms/lservlet;jsessionid=ac16012b30d55ba1efe64b764c6f90529e1d1d96dc05.e3iSbxaKaheRe38RbNmLa3mSc41ynknvrkLOlQzNp65In0 HTTP/1.1" 200 2
181.133.14.171 - - [24/Jan/2015:19:29:21 -0500] "GET /arcgis/services/Calidad_del_Agua_WQI/MapServer/WMSServer?STYLES=&WIDTH=1024&LAYERS=3%2C4%2C5%2C6%2C7&BBOX=%2D74%2E07436750598085%2C4%2E584788435878054%2C%2D74%2E07314922194585%2C4%2E585581986123498&HEIGHT=667&SERVICE=WMS&FORMAT=image%2Fpng&SRS=EPSG%3A4686&REQUEST=GetMap&TRANSPARENT=TRUE&VERSION=1%2E1%2E1 HTTP/1.1" 200 4277
181.133.14.171 - - [24/Jan/2015:19:29:24 -0500] "GET /crossdomain.xml HTTP/1.1" 404 1280
181.133.14.171 - - [24/Jan/2015:19:29:24 -0500] "GET /arcgis/services/Calidad_del_Agua_WQI/MapServer/WMSServer?STYLES=&WIDTH=1024&LAYERS=3%2C4%2C5%2C6%2C7&BBOX=%2D74%2E07429629766644%2C4%2E585174055390574%2C%2D74%2E07307801363145%2C4%2E585967605636018&HEIGHT=667&SERVICE=WMS&FORMAT=image%2Fpng&SRS=EPSG%3A4686&REQUEST=GetMap&TRANSPARENT=TRUE&VERSION=1%2E1%2E1 HTTP/1.1" 200 4277
181.133.14.171 - - [24/Jan/2015:19:29:32 -0500] "GET /arcgis/services/Calidad_del_Agua_WQI/MapServer/WMSServer?STYLES=&WIDTH=1024&LAYERS=3%2C4%2C5%2C6%2C7&BBOX=%2D74%2E07421805635595%2C4%2E585447833304484%2C%2D74%2E07299977232096%2C4%2E586241383549928&HEIGHT=667&SERVICE=WMS&FORMAT=image%2Fpng&SRS=EPSG%3A4686&REQUEST=GetMap&TRANSPARENT=TRUE&VERSION=1%2E1%2E1 HTTP/1.1" 200 4277
181.133.14.171 - - [24/Jan/2015:19:29:40 -0500] "GET /crossdomain.xml HTTP/1.1" 404 1280
181.133.14.171 - - [24/Jan/2015:19:29:40 -0500] "GET /arcgis/services/Calidad_del_Agua_WQI/MapServer/WMSServer?STYLES=&WIDTH=1024&LAYERS=3%2C4%2C5%2C6%2C7&BBOX=%2D74%2E07414688369768%2C4%2E585639537172227%2C%2D74%2E07292859966269%2C4%2E586433087417671&HEIGHT=667&SERVICE=WMS&FORMAT=image%2Fpng&SRS=EPSG%3A4686&REQUEST=GetMap&TRANSPARENT=TRUE&VERSION=1%2E1%2E1 HTTP/1.1" 200 4277
181.133.14.171 - - [24/Jan/2015:19:29:48 -0500] "GET /arcgis/services/Calidad_del_Agua_WQI/MapServer/WMSServer?STYLES=&WIDTH=1024&LAYERS=3%2C4%2C5%2C6%2C7&BBOX=%2D74%2E07442056729943%2C4%2E585460948350119%2C%2D74%2E07320228326444%2C4%2E5862544985955624&HEIGHT=667&SERVICE=WMS&FORMAT=image%2Fpng&SRS=EPSG%3A4686&REQUEST=GetMap&TRANSPARENT=TRUE&VERSION=1%2E1%2E1 HTTP/1.1" 200 4277
181.133.14.171 - - [24/Jan/2015:19:29:54 -0500] "GET /crossdomain.xml HTTP/1.1" 404 1280
181.133.14.171 - - [24/Jan/2015:19:29:55 -0500] "GET /arcgis/services/Calidad_del_Agua_WQI/MapServer/WMSServer?STYLES=&WIDTH=1024&LAYERS=3%2C4%2C5%2C6%2C7&BBOX=%2D74%2E07447398162086%2C4%2E585085959254007%2C%2D74%2E07325569758586%2C4%2E585879509499451&HEIGHT=667&SERVICE=WMS&FORMAT=image%2Fpng&SRS=EPSG%3A4686&REQUEST=GetMap&TRANSPARENT=TRUE&VERSION=1%2E1%2E1 HTTP/1.1" 200 4277
181.133.14.171 - - [24/Jan/2015:19:29:56 -0500] "GET /arcgis/services/Calidad_del_Agua_WQI/MapServer/WMSServer?STYLES=&WIDTH=1024&LAYERS=3%2C4%2C5%2C6%2C7&BBOX=%2D74%2E07446816692008%2C4%2E585138426584282%2C%2D74%2E0732498828851%2C4%2E585931976829726&HEIGHT=667&SERVICE=WMS&FORMAT=image%2Fpng&SRS=EPSG%3A4686&REQUEST=GetMap&TRANSPARENT=TRUE&VERSION=1%2E1%2E1 HTTP/1.1" 200 4277
181.133.14.171 - - [24/Jan/2015:19:30:01 -0500] "GET /arcgis/services/Calidad_del_Agua_WQI/MapServer/WMSServer?STYLES=&WIDTH=1024&LAYERS=3%2C4%2C5%2C6%2C7&BBOX=%2D74%2E07474786627044%2C4%2E585386090939866%2C%2D74%2E07352958223545%2C4%2E58617964118531&HEIGHT=667&SERVICE=WMS&FORMAT=image%2Fpng&SRS=EPSG%3A4686&REQUEST=GetMap&TRANSPARENT=TRUE&VERSION=1%2E1%2E1 HTTP/1.1" 200 4277
181.133.14.171 - - [24/Jan/2015:19:30:05 -0500] "GET /crossdomain.xml HTTP/1.1" 404 1280
181.133.14.171 - - [24/Jan/2015:19:30:05 -0500] "GET /arcgis/services/Calidad_del_Agua_WQI/MapServer/WMSServer?STYLES=&WIDTH=1024&LAYERS=3%2C4%2C5%2C6%2C7&BBOX=%2D74%2E07480041991923%2C4%2E5854047514290714%2C%2D74%2E07358213588424%2C4%2E586198301674515&HEIGHT=667&SERVICE=WMS&FORMAT=image%2Fpng&SRS=EPSG%3A4686&REQUEST=GetMap&TRANSPARENT=TRUE&VERSION=1%2E1%2E1 HTTP/1.1" 200 4277
181.133.14.171 - - [24/Jan/2015:19:30:07 -0500] "GET /arcgis/services/Calidad_del_Agua_WQI/MapServer/WMSServer?STYLES=&WIDTH=1024&LAYERS=3%2C4%2C5%2C6%2C7&BBOX=%2D74%2E07489646053605%2C4%2E585138183736723%2C%2D74%2E07367817650106%2C4%2E585931733982167&HEIGHT=667&SERVICE=WMS&FORMAT=image%2Fpng&SRS=EPSG%3A4686&REQUEST=GetMap&TRANSPARENT=TRUE&VERSION=1%2E1%2E1 HTTP/1.1" 200 4277
181.133.14.171 - - [24/Jan/2015:19:30:11 -0500] "GET /arcgis/services/Calidad_del_Agua_WQI/MapServer/WMSServer?STYLES=&WIDTH=1024&LAYERS=3%2C4%2C5%2C6%2C7&BBOX=%2D74%2E07499167263282%2C4%2E585242922720978%2C%2D74%2E07377338859783%2C4%2E586036472966422&HEIGHT=667&SERVICE=WMS&FORMAT=image%2Fpng&SRS=EPSG%3A4686&REQUEST=GetMap&TRANSPARENT=TRUE&VERSION=1%2E1%2E1 HTTP/1.1" 200 4277
181.133.14.171 - - [24/Jan/2015:19:30:14 -0500] "GET /arcgis/services/Calidad_del_Agua_WQI/MapServer/WMSServer?STYLES=&WIDTH=1024&LAYERS=3%2C4%2C5%2C6%2C7&BBOX=%2D74%2E07501748321242%2C4%2E585148846585739%2C%2D74%2E07379919917743%2C4%2E585942396831182&HEIGHT=667&SERVICE=WMS&FORMAT=image%2Fpng&SRS=EPSG%3A4686&REQUEST=GetMap&TRANSPARENT=TRUE&VERSION=1%2E1%2E1 HTTP/1.1" 200 4277
181.50.241.109 - - [24/Jan/2015:19:30:14 -0500] "POST /forms/lservlet;jsessionid=ac16012b30d5f4158fd8302e4190874cba71654cc2bf.e3iSbxaKaheRe38RbNmLa3mSc41ynknvrkLOlQzNp65In0 HTTP/1.1" 200 2
188.165.15.43 - - [24/Jan/2015:19:30:45 -0500] "GET /BLA/resoluciones/RESOLUCIONES%202005/RES%202005%202251-2300/00002262.tif HTTP/1.1" 200 66006
181.54.232.60 - - [24/Jan/2015:19:31:17 -0500] "POST /forms/lservlet;jsessionid=ac16012b30d5bdd70aafdce148629443f41b7eff01ca.e3iSbxaKaheRe38RbNmLa3mSc41ynknvrkLOlQzNp65In0 HTTP/1.1" 200 2
201.244.199.41 - - [24/Jan/2015:19:31:18 -0500] "POST /forms/lservlet;jsessionid=ac16012b30d55ba1efe64b764c6f90529e1d1d96dc05.e3iSbxaKaheRe38RbNmLa3mSc41ynknvrkLOlQzNp65In0 HTTP/1.1" 200 2
66.249.67.83 - - [24/Jan/2015:19:31:30 -0500] "GET /BLA/resoluciones/RESOLUCIONES%202013/0807.pdf HTTP/1.1" 304 -
181.133.14.171 - - [24/Jan/2015:19:31:48 -0500] "GET /crossdomain.xml HTTP/1.1" 404 1280
181.133.14.171 - - [24/Jan/2015:19:31:48 -0500] "GET /arcgis/services/Calidad_del_Agua_WQI/MapServer/WMSServer?STYLES=&WIDTH=1024&LAYERS=3%2C4%2C5%2C6%2C7&BBOX=%2D74%2E0750988113559%2C4%2E585290592202201%2C%2D74%2E07388052732091%2C4%2E586084142447644&HEIGHT=667&SERVICE=WMS&FORMAT=image%2Fpng&SRS=EPSG%3A4686&REQUEST=GetMap&TRANSPARENT=TRUE&VERSION=1%2E1%2E1 HTTP/1.1" 200 4277
181.133.14.171 - - [24/Jan/2015:19:31:55 -0500] "GET /arcgis/services/Calidad_del_Agua_WQI/MapServer/WMSServer?STYLES=&WIDTH=1024&LAYERS=3%2C4%2C5%2C6%2C7&BBOX=%2D74%2E07521703152432%2C4%2E585451427114842%2C%2D74%2E07399874748933%2C4%2E586244977360286&HEIGHT=667&SERVICE=WMS&FORMAT=image%2Fpng&SRS=EPSG%3A4686&REQUEST=GetMap&TRANSPARENT=TRUE&VERSION=1%2E1%2E1 HTTP/1.1" 200 4277
181.50.241.109 - - [24/Jan/2015:19:32:14 -0500] "POST /forms/lservlet;jsessionid=ac16012b30d5f4158fd8302e4190874cba71654cc2bf.e3iSbxaKaheRe38RbNmLa3mSc41ynknvrkLOlQzNp65In0 HTTP/1.1" 200 2
190.25.119.153 - - [24/Jan/2015:19:32:22 -0500] "HEAD /forest/index2.jsp?a=0.6667357851586023 HTTP/1.1" 200 -
190.25.119.153 - - [24/Jan/2015:19:32:22 -0500] "GET /forest/index2.jsp?a=0.6667357851586023 HTTP/1.1" 200 12758
181.133.14.171 - - [24/Jan/2015:19:33:05 -0500] "GET /crossdomain.xml HTTP/1.1" 404 1280
181.133.14.171 - - [24/Jan/2015:19:33:06 -0500] "GET /arcgis/services/Calidad_del_Agua_WQI/MapServer/WMSServer?STYLES=&WIDTH=1024&LAYERS=3%2C4%2C5%2C6%2C7&BBOX=%2D74%2E0751814027909%2C4%2E585618186398673%2C%2D74%2E07396311875591%2C4%2E586411736644116&HEIGHT=667&SERVICE=WMS&FORMAT=image%2Fpng&SRS=EPSG%3A4686&REQUEST=GetMap&TRANSPARENT=TRUE&VERSION=1%2E1%2E1 HTTP/1.1" 200 4277
181.133.14.171 - - [24/Jan/2015:19:33:12 -0500] "GET /arcgis/services/Calidad_del_Agua_WQI/MapServer/WMSServer?STYLES=&WIDTH=1024&LAYERS=3%2C4%2C5%2C6%2C7&BBOX=%2D74%2E07522541510055%2C4%2E585461166367702%2C%2D74%2E07400713106556%2C4%2E586254716613146&HEIGHT=667&SERVICE=WMS&FORMAT=image%2Fpng&SRS=EPSG%3A4686&REQUEST=GetMap&TRANSPARENT=TRUE&VERSION=1%2E1%2E1 HTTP/1.1" 200 4277
181.54.232.60 - - [24/Jan/2015:19:33:17 -0500] "POST /forms/lservlet;jsessionid=ac16012b30d5bdd70aafdce148629443f41b7eff01ca.e3iSbxaKaheRe38RbNmLa3mSc41ynknvrkLOlQzNp65In0 HTTP/1.1" 200 2
201.244.199.41 - - [24/Jan/2015:19:33:18 -0500] "POST /forms/lservlet;jsessionid=ac16012b30d55ba1efe64b764c6f90529e1d1d96dc05.e3iSbxaKaheRe38RbNmLa3mSc41ynknvrkLOlQzNp65In0 HTTP/1.1" 200 2
181.133.14.171 - - [24/Jan/2015:19:33:18 -0500] "GET /crossdomain.xml HTTP/1.1" 404 1280
181.133.14.171 - - [24/Jan/2015:19:33:19 -0500] "GET /arcgis/services/Calidad_del_Agua_WQI/MapServer/WMSServer?STYLES=&WIDTH=1024&LAYERS=3%2C4%2C5%2C6%2C7&BBOX=%2D74%2E07504792396135%2C4%2E585373189591704%2C%2D74%2E07382963992636%2C4%2E5861667398371475&HEIGHT=667&SERVICE=WMS&FORMAT=image%2Fpng&SRS=EPSG%3A4686&REQUEST=GetMap&TRANSPARENT=TRUE&VERSION=1%2E1%2E1 HTTP/1.1" 200 4277
181.133.14.171 - - [24/Jan/2015:19:33:24 -0500] "GET /arcgis/services/Calidad_del_Agua_WQI/MapServer/WMSServer?STYLES=&WIDTH=1024&LAYERS=3%2C4%2C5%2C6%2C7&BBOX=%2D74%2E07494794045371%2C4%2E585291257789535%2C%2D74%2E07372965641872%2C4%2E586084808034979&HEIGHT=667&SERVICE=WMS&FORMAT=image%2Fpng&SRS=EPSG%3A4686&REQUEST=GetMap&TRANSPARENT=TRUE&VERSION=1%2E1%2E1 HTTP/1.1" 200 4277
181.133.14.171 - - [24/Jan/2015:19:33:34 -0500] "GET /crossdomain.xml HTTP/1.1" 404 1280
181.133.14.171 - - [24/Jan/2015:19:33:34 -0500] "GET /arcgis/services/Calidad_del_Agua_WQI/MapServer/WMSServer?STYLES=&WIDTH=1024&LAYERS=3%2C4%2C5%2C6%2C7&BBOX=%2D74%2E07495024346882%2C4%2E585360340693626%2C%2D74%2E07373195943383%2C4%2E5861538909390696&HEIGHT=667&SERVICE=WMS&FORMAT=image%2Fpng&SRS=EPSG%3A4686&REQUEST=GetMap&TRANSPARENT=TRUE&VERSION=1%2E1%2E1 HTTP/1.1" 200 4277
74.86.158.107 - - [24/Jan/2015:19:33:41 -0500] "GET / HTTP/1.1" 302 -
66.249.67.119 - - [24/Jan/2015:19:33:46 -0500] "GET /links/ HTTP/1.1" 404 1019
181.133.14.171 - - [24/Jan/2015:19:33:47 -0500] "GET /crossdomain.xml HTTP/1.1" 404 1280
181.133.14.171 - - [24/Jan/2015:19:33:47 -0500] "GET /arcgis/services/Calidad_del_Agua_WQI/MapServer/WMSServer?STYLES=&WIDTH=1024&LAYERS=3%2C4%2C5%2C6%2C7&BBOX=%2D74%2E07469160696162%2C4%2E5856458491904695%2C%2D74%2E07347332292663%2C4%2E586439399435913&HEIGHT=667&SERVICE=WMS&FORMAT=image%2Fpng&SRS=EPSG%3A4686&REQUEST=GetMap&TRANSPARENT=TRUE&VERSION=1%2E1%2E1 HTTP/1.1" 200 4277
181.133.14.171 - - [24/Jan/2015:19:33:50 -0500] "GET /arcgis/services/Calidad_del_Agua_WQI/MapServer/WMSServer?STYLES=&WIDTH=1024&LAYERS=3%2C4%2C5%2C6%2C7&BBOX=%2D74%2E0746238663344%2C4%2E585967248455183%2C%2D74%2E07340558229942%2C4%2E5867607987006265&HEIGHT=667&SERVICE=WMS&FORMAT=image%2Fpng&SRS=EPSG%3A4686&REQUEST=GetMap&TRANSPARENT=TRUE&VERSION=1%2E1%2E1 HTTP/1.1" 200 4277
181.133.14.171 - - [24/Jan/2015:19:33:53 -0500] "GET /arcgis/services/Calidad_del_Agua_WQI/MapServer/WMSServer?STYLES=&WIDTH=1024&LAYERS=3%2C4%2C5%2C6%2C7&BBOX=%2D74%2E07456585073786%2C4%2E586332622256719%2C%2D74%2E07334756670286%2C4%2E587126172502162&HEIGHT=667&SERVICE=WMS&FORMAT=image%2Fpng&SRS=EPSG%3A4686&REQUEST=GetMap&TRANSPARENT=TRUE&VERSION=1%2E1%2E1 HTTP/1.1" 200 4277
188.165.15.201 - - [24/Jan/2015:19:33:59 -0500] "GET /BLA/resoluciones/RESOLUCIONES%202006/RES%202006%202451-2500/00002480.tif HTTP/1.1" 200 243590
181.133.14.171 - - [24/Jan/2015:19:33:59 -0500] "GET /crossdomain.xml HTTP/1.1" 404 1280
181.133.14.171 - - [24/Jan/2015:19:34:00 -0500] "GET /arcgis/services/Calidad_del_Agua_WQI/MapServer/WMSServer?STYLES=&WIDTH=1024&LAYERS=3%2C4%2C5%2C6%2C7&BBOX=%2D74%2E07466585608651%2C4%2E585938875946396%2C%2D74%2E07344757205152%2C4%2E58673242619184&HEIGHT=667&SERVICE=WMS&FORMAT=image%2Fpng&SRS=EPSG%3A4686&REQUEST=GetMap&TRANSPARENT=TRUE&VERSION=1%2E1%2E1 HTTP/1.1" 200 4277
181.133.14.171 - - [24/Jan/2015:19:34:02 -0500] "GET /arcgis/services/Calidad_del_Agua_WQI/MapServer/WMSServer?STYLES=&WIDTH=1024&LAYERS=3%2C4%2C5%2C6%2C7&BBOX=%2D74%2E074690703807%2C4%2E585604523691618%2C%2D74%2E073472419772%2C4%2E586398073937062&HEIGHT=667&SERVICE=WMS&FORMAT=image%2Fpng&SRS=EPSG%3A4686&REQUEST=GetMap&TRANSPARENT=TRUE&VERSION=1%2E1%2E1 HTTP/1.1" 200 4277
188.165.15.110 - - [24/Jan/2015:19:34:04 -0500] "GET /BLA/resoluciones/RESOLUCIONES%202005/RES%202005%201751-1800/00001788.tif HTTP/1.1" 200 254076
66.249.67.83 - - [24/Jan/2015:19:34:06 -0500] "GET /BLA/resoluciones/RESOLUCIONES%202003/RES%202003%20301-350/344.tif HTTP/1.1" 200 629448
181.133.14.171 - - [24/Jan/2015:19:34:09 -0500] "GET /crossdomain.xml HTTP/1.1" 404 1280
181.133.14.171 - - [24/Jan/2015:19:34:09 -0500] "GET /arcgis/services/Calidad_del_Agua_WQI/MapServer/WMSServer?STYLES=&WIDTH=1024&LAYERS=3%2C4%2C5%2C6%2C7&BBOX=%2D74%2E07473833287374%2C4%2E585248944291605%2C%2D74%2E07352004883874%2C4%2E586042494537049&HEIGHT=667&SERVICE=WMS&FORMAT=image%2Fpng&SRS=EPSG%3A4686&REQUEST=GetMap&TRANSPARENT=TRUE&VERSION=1%2E1%2E1 HTTP/1.1" 200 4277
181.50.241.109 - - [24/Jan/2015:19:34:14 -0500] "POST /forms/lservlet;jsessionid=ac16012b30d5f4158fd8302e4190874cba71654cc2bf.e3iSbxaKaheRe38RbNmLa3mSc41ynknvrkLOlQzNp65In0 HTTP/1.1" 200 2
181.133.14.171 - - [24/Jan/2015:19:34:17 -0500] "GET /arcgis/services/Calidad_del_Agua_WQI/MapServer/WMSServer?STYLES=&WIDTH=1024&LAYERS=3%2C4%2C5%2C6%2C7&BBOX=%2D74%2E07517116574336%2C4%2E5855354998753475%2C%2D74%2E07395288170837%2C4%2E586329050120791&HEIGHT=667&SERVICE=WMS&FORMAT=image%2Fpng&SRS=EPSG%3A4686&REQUEST=GetMap&TRANSPARENT=TRUE&VERSION=1%2E1%2E1 HTTP/1.1" 200 4277
181.133.14.171 - - [24/Jan/2015:19:34:22 -0500] "GET /crossdomain.xml HTTP/1.1" 404 1280
181.133.14.171 - - [24/Jan/2015:19:34:22 -0500] "GET /arcgis/services/Calidad_del_Agua_WQI/MapServer/WMSServer?STYLES=&WIDTH=1024&LAYERS=3%2C4%2C5%2C6%2C7&BBOX=%2D74%2E07515808912737%2C4%2E585086187056199%2C%2D74%2E07393980509238%2C4%2E585879737301643&HEIGHT=667&SERVICE=WMS&FORMAT=image%2Fpng&SRS=EPSG%3A4686&REQUEST=GetMap&TRANSPARENT=TRUE&VERSION=1%2E1%2E1 HTTP/1.1" 200 4277
181.133.14.171 - - [24/Jan/2015:19:34:30 -0500] "GET /arcgis/services/Calidad_del_Agua_WQI/MapServer/WMSServer?STYLES=&WIDTH=1024&LAYERS=3%2C4%2C5%2C6%2C7&BBOX=%2D74%2E07495354610917%2C4%2E585033837394806%2C%2D74%2E07373526207418%2C4%2E58582738764025&HEIGHT=667&SERVICE=WMS&FORMAT=image%2Fpng&SRS=EPSG%3A4686&REQUEST=GetMap&TRANSPARENT=TRUE&VERSION=1%2E1%2E1 HTTP/1.1" 200 4277
181.133.14.171 - - [24/Jan/2015:19:34:33 -0500] "GET /crossdomain.xml HTTP/1.1" 404 1280
181.133.14.171 - - [24/Jan/2015:19:34:33 -0500] "GET /arcgis/services/Calidad_del_Agua_WQI/MapServer/WMSServer?STYLES=&WIDTH=1024&LAYERS=3%2C4%2C5%2C6%2C7&BBOX=%2D74%2E0747475789846%2C4%2E585043437630519%2C%2D74%2E07352929494961%2C4%2E585836987875963&HEIGHT=667&SERVICE=WMS&FORMAT=image%2Fpng&SRS=EPSG%3A4686&REQUEST=GetMap&TRANSPARENT=TRUE&VERSION=1%2E1%2E1 HTTP/1.1" 200 4277
181.133.14.171 - - [24/Jan/2015:19:34:48 -0500] "GET /crossdomain.xml HTTP/1.1" 404 1280
181.133.14.171 - - [24/Jan/2015:19:34:48 -0500] "GET /arcgis/services/Calidad_del_Agua_WQI/MapServer/WMSServer?STYLES=&WIDTH=1024&LAYERS=3%2C4%2C5%2C6%2C7&BBOX=%2D74%2E07454199980916%2C4%2E585505272701677%2C%2D74%2E07332371577417%2C4%2E58629882294712&HEIGHT=667&SERVICE=WMS&FORMAT=image%2Fpng&SRS=EPSG%3A4686&REQUEST=GetMap&TRANSPARENT=TRUE&VERSION=1%2E1%2E1 HTTP/1.1" 200 4277
181.133.14.171 - - [24/Jan/2015:19:34:51 -0500] "GET /arcgis/services/Calidad_del_Agua_WQI/MapServer/WMSServer?STYLES=&WIDTH=1024&LAYERS=3%2C4%2C5%2C6%2C7&BBOX=%2D74%2E07447319678204%2C4%2E585508832669748%2C%2D74%2E07325491274705%2C4%2E586302382915192&HEIGHT=667&SERVICE=WMS&FORMAT=image%2Fpng&SRS=EPSG%3A4686&REQUEST=GetMap&TRANSPARENT=TRUE&VERSION=1%2E1%2E1 HTTP/1.1" 200 4277
181.133.14.171 - - [24/Jan/2015:19:34:54 -0500] "GET /arcgis/services/Calidad_del_Agua_WQI/MapServer/WMSServer?STYLES=&WIDTH=1024&LAYERS=3%2C4%2C5%2C6%2C7&BBOX=%2D74%2E07438271556435%2C4%2E585520211385967%2C%2D74%2E07316443152936%2C4%2E586313761631411&HEIGHT=667&SERVICE=WMS&FORMAT=image%2Fpng&SRS=EPSG%3A4686&REQUEST=GetMap&TRANSPARENT=TRUE&VERSION=1%2E1%2E1 HTTP/1.1" 200 4277
181.54.232.60 - - [24/Jan/2015:19:35:17 -0500] "POST /forms/lservlet;jsessionid=ac16012b30d5bdd70aafdce148629443f41b7eff01ca.e3iSbxaKaheRe38RbNmLa3mSc41ynknvrkLOlQzNp65In0 HTTP/1.1" 200 2
201.244.199.41 - - [24/Jan/2015:19:35:18 -0500] "POST /forms/lservlet;jsessionid=ac16012b30d55ba1efe64b764c6f90529e1d1d96dc05.e3iSbxaKaheRe38RbNmLa3mSc41ynknvrkLOlQzNp65In0 HTTP/1.1" 200 2
66.249.67.111 - - [24/Jan/2015:19:35:57 -0500] "GET /guia/ESTACION3.doc HTTP/1.1" 404 1019
181.50.241.109 - - [24/Jan/2015:19:36:14 -0500] "POST /forms/lservlet;jsessionid=ac16012b30d5f4158fd8302e4190874cba71654cc2bf.e3iSbxaKaheRe38RbNmLa3mSc41ynknvrkLOlQzNp65In0 HTTP/1.1" 200 2
180.76.6.133 - - [24/Jan/2015:19:36:15 -0500] "GET /BLA/resoluciones/RESOLUCIONES%202011/2192.pdf HTTP/1.1" 200 512085
180.76.6.37 - - [24/Jan/2015:19:37:01 -0500] "GET /BLA/resoluciones/RESOLUCIONES%202009/0429.pdf HTTP/1.1" 200 320794
181.54.232.60 - - [24/Jan/2015:19:37:17 -0500] "POST /forms/lservlet;jsessionid=ac16012b30d5bdd70aafdce148629443f41b7eff01ca.e3iSbxaKaheRe38RbNmLa3mSc41ynknvrkLOlQzNp65In0 HTTP/1.1" 200 2
201.244.199.41 - - [24/Jan/2015:19:37:18 -0500] "GET /forest/ HTTP/1.1" 200 12758
201.244.199.41 - - [24/Jan/2015:19:37:18 -0500] "GET /forest/skins/gdocs-jar/css/forest.css?version=1412.231748 HTTP/1.1" 304 -
201.244.199.41 - - [24/Jan/2015:19:37:18 -0500] "GET /forest/skins/gdocs-jar/css/autocomplete.css?version=1412.231748 HTTP/1.1" 304 -
201.244.199.41 - - [24/Jan/2015:19:37:18 -0500] "GET /forest/css/index.css?version=1412.231748 HTTP/1.1" 304 -
201.244.199.41 - - [24/Jan/2015:19:37:18 -0500] "GET /forest/css/escritorio.css?version=1412.231748 HTTP/1.1" 304 -
201.244.199.41 - - [24/Jan/2015:19:37:18 -0500] "GET /forest/1ibre/jscalendar/calendar-win2k-1.css?version=1412.231748 HTTP/1.1" 304 -
201.244.199.41 - - [24/Jan/2015:19:37:18 -0500] "GET /forest/skins/gdocs-jar/css/menu.css?version=1412.231748 HTTP/1.1" 304 -
201.244.199.41 - - [24/Jan/2015:19:37:18 -0500] "GET /forest/skins/gdocs-jar/css/dialog.css?version=1412.231748 HTTP/1.1" 304 -
201.244.199.41 - - [24/Jan/2015:19:37:18 -0500] "POST /forms/lservlet;jsessionid=ac16012b30d55ba1efe64b764c6f90529e1d1d96dc05.e3iSbxaKaheRe38RbNmLa3mSc41ynknvrkLOlQzNp65In0 HTTP/1.1" 200 2
201.244.199.41 - - [24/Jan/2015:19:37:18 -0500] "GET /forest/jsoptimized/gz/js/gdocsall-1412.231748.js HTTP/1.1" 304 -
201.244.199.41 - - [24/Jan/2015:19:37:18 -0500] "GET /forest/skins/gdocs-jar/css/forms.css?version=1412.231748 HTTP/1.1" 304 -
201.244.199.41 - - [24/Jan/2015:19:37:18 -0500] "GET /forest/js/json3.js HTTP/1.1" 304 -
201.244.199.41 - - [24/Jan/2015:19:37:18 -0500] "GET /forest/img/loading.gif HTTP/1.1" 304 -
201.244.199.41 - - [24/Jan/2015:19:37:18 -0500] "GET /forest/img/spacer.gif HTTP/1.1" 304 -
201.244.199.41 - - [24/Jan/2015:19:37:18 -0500] "GET /forest/img/panel/view_icon.gif HTTP/1.1" 304 -
201.244.199.41 - - [24/Jan/2015:19:37:18 -0500] "GET /forest/img/inicio/2.gif HTTP/1.1" 304 -
201.244.199.41 - - [24/Jan/2015:19:37:18 -0500] "GET /forest/img/inicio/1.gif HTTP/1.1" 304 -
201.244.199.41 - - [24/Jan/2015:19:37:18 -0500] "GET /forest/img/inicio/3.gif HTTP/1.1" 304 -
201.244.199.41 - - [24/Jan/2015:19:37:18 -0500] "GET /forest/img/inicio/4.gif HTTP/1.1" 304 -
201.244.199.41 - - [24/Jan/2015:19:37:18 -0500] "GET /forest/img/inicio/5.gif HTTP/1.1" 304 -
201.244.199.41 - - [24/Jan/2015:19:37:19 -0500] "GET /forest/img/inicio/6.gif HTTP/1.1" 304 -
201.244.199.41 - - [24/Jan/2015:19:37:19 -0500] "GET /forest/img/inicio/7.gif HTTP/1.1" 304 -
201.244.199.41 - - [24/Jan/2015:19:37:19 -0500] "GET /forest/img/mplogo.gif HTTP/1.1" 304 -
201.244.199.41 - - [24/Jan/2015:19:37:19 -0500] "GET /forest/img/close.gif HTTP/1.1" 304 -
201.244.199.41 - - [24/Jan/2015:19:37:19 -0500] "GET /forest/skins/gdocs-jar/img/okey.gif HTTP/1.1" 304 -
201.244.199.41 - - [24/Jan/2015:19:37:19 -0500] "GET /forest/img/base/bsc2_r1_c1.gif HTTP/1.1" 304 -
201.244.199.41 - - [24/Jan/2015:19:37:19 -0500] "GET /forest/img/base/bsc2_r1_c2.gif HTTP/1.1" 304 -
201.244.199.41 - - [24/Jan/2015:19:37:19 -0500] "GET /forest/img/base/bsc2_r1_c3.gif HTTP/1.1" 304 -
201.244.199.41 - - [24/Jan/2015:19:37:19 -0500] "GET /forest/1ibre/1ibre.css HTTP/1.1" 304 -
201.244.199.41 - - [24/Jan/2015:19:37:25 -0500] "POST /forest/login.do HTTP/1.1" 302 -
201.244.199.41 - - [24/Jan/2015:19:37:26 -0500] "GET /forest/skins/gdocs-jar/css/tree.css HTTP/1.1" 304 -
201.244.199.41 - - [24/Jan/2015:19:37:25 -0500] "GET /forest/index2.jsp?a=0.2903334826707883 HTTP/1.1" 200 51439
201.244.199.41 - - [24/Jan/2015:19:37:26 -0500] "GET /forest/skins/gdocs-jar/css/autocomplete.css HTTP/1.1" 304 -
201.244.199.41 - - [24/Jan/2015:19:37:26 -0500] "GET /forest/skins/gdocs-jar/js/autocompletar2.js?version=1412.231748 HTTP/1.1" 304 -
201.244.199.41 - - [24/Jan/2015:19:37:26 -0500] "GET /forest/skins/gdocs-jar/js/xml_utilities.js?version=1412.231748 HTTP/1.1" 304 -
201.244.199.41 - - [24/Jan/2015:19:37:26 -0500] "GET /forest/js/inicio.js?version=1412.231748 HTTP/1.1" 304 -
201.244.199.41 - - [24/Jan/2015:19:37:26 -0500] "GET /forest/skins/gdocs-jar/js/misprocesos.js?version=1412.231748 HTTP/1.1" 304 -
201.244.199.41 - - [24/Jan/2015:19:37:26 -0500] "GET /forest/img/inicio.jpg HTTP/1.1" 304 -
201.244.199.41 - - [24/Jan/2015:19:37:26 -0500] "GET /forest/img/users/3.gif HTTP/1.1" 304 -
201.244.199.41 - - [24/Jan/2015:19:37:26 -0500] "GET /forest/img/users/5.gif HTTP/1.1" 304 -
201.244.199.41 - - [24/Jan/2015:19:37:26 -0500] "GET /forest/img/users/7.gif HTTP/1.1" 304 -
201.244.199.41 - - [24/Jan/2015:19:37:26 -0500] "GET /forest/img/download_large.gif HTTP/1.1" 304 -
201.244.199.41 - - [24/Jan/2015:19:37:26 -0500] "GET /forest/img/buscar.jpg HTTP/1.1" 304 -
201.244.199.41 - - [24/Jan/2015:19:37:26 -0500] "GET /forest/img/buscar_documentos.gif HTTP/1.1" 304 -
201.244.199.41 - - [24/Jan/2015:19:37:26 -0500] "GET /forest/img/buscar_procesos.gif HTTP/1.1" 304 -
201.244.199.41 - - [24/Jan/2015:19:37:26 -0500] "GET /forest/img/notify.gif HTTP/1.1" 304 -
201.244.199.41 - - [24/Jan/2015:19:37:26 -0500] "GET /forest/img/pantalla.gif HTTP/1.1" 304 -
201.244.199.41 - - [24/Jan/2015:19:37:26 -0500] "GET /forest/img/salir3.gif HTTP/1.1" 304 -
201.244.199.41 - - [24/Jan/2015:19:37:26 -0500] "GET /forest/img/ayuda.gif HTTP/1.1" 304 -
201.244.199.41 - - [24/Jan/2015:19:37:26 -0500] "GET /forest/img/panel/menu/add.png HTTP/1.1" 304 -
201.244.199.41 - - [24/Jan/2015:19:37:26 -0500] "GET /forest/img/panel/menu/folder.png HTTP/1.1" 304 -
201.244.199.41 - - [24/Jan/2015:19:37:26 -0500] "GET /forest/img/panel/menu/hoy.png HTTP/1.1" 304 -
201.244.199.41 - - [24/Jan/2015:19:37:26 -0500] "GET /forest/img/panel/menu/danger2.png HTTP/1.1" 304 -
201.244.199.41 - - [24/Jan/2015:19:37:26 -0500] "GET /forest/img/instanciar.gif HTTP/1.1" 304 -
201.244.199.41 - - [24/Jan/2015:19:37:26 -0500] "GET /forest/skins/gdocs-jar/img/cancel.gif HTTP/1.1" 304 -
201.244.199.41 - - [24/Jan/2015:19:37:26 -0500] "GET /forest/img/misdocumentos.gif HTTP/1.1" 304 -
201.244.199.41 - - [24/Jan/2015:19:37:26 -0500] "GET /forest/img/fondo-barra.gif HTTP/1.1" 304 -
201.244.199.41 - - [24/Jan/2015:19:37:26 -0500] "GET /forest/session.jsp?a=0.8195989732630551 HTTP/1.1" 200 4
201.244.199.41 - - [24/Jan/2015:19:37:29 -0500] "GET /forest/misactividades.do?group_system_actual=3&codPro=233&_a=0.9568523551486398 HTTP/1.1" 200 38174
201.244.199.41 - - [24/Jan/2015:19:37:29 -0500] "GET /forest/js/jquery/jquery-latest.js HTTP/1.1" 304 -
201.244.199.41 - - [24/Jan/2015:19:37:29 -0500] "GET /forest/js/jquery/css/jquery-ui-selectmenu.css HTTP/1.1" 304 -
201.244.199.41 - - [24/Jan/2015:19:37:29 -0500] "GET /forest/js/jquery/css/jquery-ui-1.8.1.custom.css HTTP/1.1" 304 -
