201.245.192.253 - - [24/Jan/2015:05:39:53 -0500] "GET /forest/session.jsp?a=0.40333673315374285 HTTP/1.1" 200 4
188.165.15.208 - - [24/Jan/2015:05:41:31 -0500] "GET /BLA/resoluciones/RESOLUCIONES%202005/RES%202005%20151-200/00000182.tif HTTP/1.1" 200 167830
74.86.158.107 - - [24/Jan/2015:05:42:01 -0500] "HEAD / HTTP/1.1" 302 -
188.165.15.61 - - [24/Jan/2015:05:42:05 -0500] "GET /BLA/resoluciones/RESOLUCIONES%202002/RES%202002%201801-1850/20021833.tif HTTP/1.1" 200 234634
201.245.192.253 - - [24/Jan/2015:05:42:20 -0500] "GET /forest/session.jsp?a=0.6436271790844201 HTTP/1.1" 200 4
151.237.103.54 - - [24/Jan/2015:05:42:22 -0500] "GET /wp/wp-admin/ HTTP/1.1" 404 1018
180.76.5.167 - - [24/Jan/2015:05:42:35 -0500] "GET /BLA/boletinlegal;jsessionid=A2EA8412BB88E50D333603A0979A17AC?/? HTTP/1.1" 404 1018
188.165.15.208 - - [24/Jan/2015:05:42:45 -0500] "GET /BLA/resoluciones/RESOLUCIONES%202006/RES%202006%201401-1450/00001412.tif HTTP/1.1" 200 263740
190.25.232.143 - - [24/Jan/2015:05:43:57 -0500] "GET /videos/Spot_CambioClimatico.flv HTTP/1.1" 304 -
201.245.192.253 - - [24/Jan/2015:05:44:53 -0500] "GET /forest/session.jsp?a=0.8555226022474884 HTTP/1.1" 200 4
66.249.67.75 - - [24/Jan/2015:05:45:18 -0500] "GET /BLA/resoluciones/RESOLUCIONES%202009/8280.pdf HTTP/1.1" 200 59399
188.165.15.208 - - [24/Jan/2015:05:46:22 -0500] "GET /BLA/resoluciones/RESOLUCIONES%202005/RES%202005%202301-2350/00002331.tif HTTP/1.1" 200 268030
188.165.15.208 - - [24/Jan/2015:05:46:44 -0500] "GET /BLA/resoluciones/RESOLUCIONES%202004/RES%202004%201901-1950/00001916.tif HTTP/1.1" 200 356160
74.86.158.107 - - [24/Jan/2015:05:47:01 -0500] "HEAD / HTTP/1.1" 302 -
180.76.5.195 - - [24/Jan/2015:05:47:05 -0500] "GET /re/Talleres/plastico/imagenes%20plastico/plastico%20link.htm HTTP/1.1" 404 1019
66.249.67.75 - - [24/Jan/2015:05:47:07 -0500] "GET /hidrico/aguas%20subterraneas/Cartograf%C3%ACa_Final_2013/Balance%20H%C3%ADdrico/Temperatura%20Promedio%20Anual.pdf HTTP/1.1" 404 1018
201.245.192.253 - - [24/Jan/2015:05:47:20 -0500] "GET /forest/session.jsp?a=0.01369794489767795 HTTP/1.1" 200 4
66.249.67.75 - - [24/Jan/2015:05:48:22 -0500] "GET /manual_funciones_Listado/index.php?dir=1.%20Despacho/&sort=name&order=desc HTTP/1.1" 404 1018
66.249.67.83 - - [24/Jan/2015:05:48:45 -0500] "GET /BLA/boletinlegal/Circulares/2011/Circular%20003%20de%20Febrero%20de%202011.pdf HTTP/1.1" 200 224758
201.245.192.253 - - [24/Jan/2015:05:49:53 -0500] "GET /forest/session.jsp?a=0.7198788157885768 HTTP/1.1" 200 4
188.165.15.110 - - [24/Jan/2015:05:49:59 -0500] "GET /BLA/resoluciones/index.php?dir=RESOLUCIONES%202007/RES%202007%201601%20AL%201725/&sort=date&order=desc HTTP/1.1" 200 7201
180.76.6.132 - - [24/Jan/2015:05:50:28 -0500] "GET /BLA/resoluciones/AUTOS%202010/3882.pdf HTTP/1.1" 200 32120
65.55.212.69 - - [24/Jan/2015:05:50:45 -0500] "GET /BLA/boletinlegal/js/jquery.js HTTP/1.1" 200 57254
131.253.26.254 - - [24/Jan/2015:05:50:45 -0500] "GET /BLA/boletinlegal/js/jquery.scrollTo-min.js HTTP/1.1" 200 1150
131.253.26.254 - - [24/Jan/2015:05:50:45 -0500] "GET /BLA/boletinlegal/js/jquery.scrollShow.js HTTP/1.1" 200 4586
186.85.179.23 - - [24/Jan/2015:05:51:03 -0500] "GET /galeria/carrusel/Carrusel/jquery.thumbnailScroller.css HTTP/1.1" 200 2066
186.85.179.23 - - [24/Jan/2015:05:51:03 -0500] "GET /BLA/boletinlegal/js/jquery.scrollTo-min.js HTTP/1.1" 200 1150
186.85.179.23 - - [24/Jan/2015:05:51:03 -0500] "GET /BLA/boletinlegal/js/jquery.js HTTP/1.1" 200 57254
186.85.179.23 - - [24/Jan/2015:05:51:03 -0500] "GET /galeria/carrusel/Carrusel/jquery-ui-1.8.13.custom.min.js HTTP/1.1" 200 10800
186.85.179.23 - - [24/Jan/2015:05:51:03 -0500] "GET /BLA/boletinlegal/js/jquery.scrollShow.js HTTP/1.1" 200 4586
186.85.179.23 - - [24/Jan/2015:05:51:03 -0500] "GET /galeria/carrusel/Carrusel/jquery.thumbnailScroller.js HTTP/1.1" 200 8157
186.85.179.23 - - [24/Jan/2015:05:51:05 -0500] "GET /galeria/nivo-slider/demo/demo.html HTTP/1.1" 200 3150
186.85.179.23 - - [24/Jan/2015:05:51:05 -0500] "GET /galeria/nivo-slider/demo/scripts/jquery-1.7.1.min.js HTTP/1.1" 200 93868
186.85.179.23 - - [24/Jan/2015:05:51:05 -0500] "GET /galeria/nivo-slider/themes/orman/orman.css HTTP/1.1" 200 2152
186.85.179.23 - - [24/Jan/2015:05:51:05 -0500] "GET /galeria/nivo-slider/themes/default/default.css HTTP/1.1" 200 1569
186.85.179.23 - - [24/Jan/2015:05:51:05 -0500] "GET /galeria/nivo-slider/demo/style.css HTTP/1.1" 200 2222
186.85.179.23 - - [24/Jan/2015:05:51:05 -0500] "GET /galeria/nivo-slider/nivo-slider.css HTTP/1.1" 200 1507
186.85.179.23 - - [24/Jan/2015:05:51:05 -0500] "GET /galeria/nivo-slider/themes/pascal/pascal.css HTTP/1.1" 200 2258
186.85.179.23 - - [24/Jan/2015:05:51:05 -0500] "GET /galeria/nivo-slider/jquery.nivo.slider.pack.js HTTP/1.1" 200 11561
186.85.179.23 - - [24/Jan/2015:05:51:06 -0500] "GET /galeria/nivo-slider/demo/images/bolsas-08.jpg HTTP/1.1" 200 85589
186.85.179.23 - - [24/Jan/2015:05:51:06 -0500] "GET /galeria/nivo-slider/demo/images/Ruta-vertimientos-01.jpg HTTP/1.1" 200 130151
186.85.179.23 - - [24/Jan/2015:05:51:06 -0500] "GET /galeria/nivo-slider/demo/images/ecolecta-Dic2014.png HTTP/1.1" 200 288593
186.85.179.23 - - [24/Jan/2015:05:51:06 -0500] "GET /galeria/nivo-slider/demo/images/bolsas-06.jpg HTTP/1.1" 200 90982
186.85.179.23 - - [24/Jan/2015:05:51:06 -0500] "GET /galeria/nivo-slider/demo/images/porloshumedales.jpg HTTP/1.1" 200 351238
186.85.179.23 - - [24/Jan/2015:05:51:06 -0500] "GET /galeria/nivo-slider/demo/images/Tingua-azul.jpg HTTP/1.1" 200 307638
186.85.179.23 - - [24/Jan/2015:05:51:06 -0500] "GET /galeria/nivo-slider/demo/images/banner-redes.jpg HTTP/1.1" 200 62209
186.85.179.23 - - [24/Jan/2015:05:51:06 -0500] "GET /galeria/nivo-slider/demo/images/Banner-Caracol-Africano.jpg HTTP/1.1" 200 331986
186.85.179.23 - - [24/Jan/2015:05:51:07 -0500] "GET /galeria/nivo-slider/demo/images/9Signos.jpg HTTP/1.1" 200 93040
186.85.179.23 - - [24/Jan/2015:05:51:07 -0500] "GET /galeria/nivo-slider/demo/images/banner-llantas2.jpg HTTP/1.1" 200 73153
186.85.179.23 - - [24/Jan/2015:05:51:07 -0500] "GET /galeria/nivo-slider/demo/images/banner-caballos.png HTTP/1.1" 200 389106
186.85.179.23 - - [24/Jan/2015:05:51:07 -0500] "GET /galeria/nivo-slider/demo/images/4Simple_Slider.png HTTP/1.1" 200 11722
186.85.179.23 - - [24/Jan/2015:05:51:07 -0500] "GET /galeria/nivo-slider/themes/default/loading.gif HTTP/1.1" 200 1737
188.165.15.200 - - [24/Jan/2015:05:51:07 -0500] "GET /BLA/resoluciones/RESOLUCIONES%202005/RES%202005%20451-500/00000457.tif HTTP/1.1" 200 129556
188.165.15.201 - - [24/Jan/2015:05:51:09 -0500] "GET /BLA/resoluciones/RESOLUCIONES%202006/RES%202006%201001-1050/00001043.tif HTTP/1.1" 200 163300
186.85.179.23 - - [24/Jan/2015:05:51:10 -0500] "GET /galeria/nivo-slider/themes/default/arrows.png HTTP/1.1" 200 824
186.85.179.23 - - [24/Jan/2015:05:51:10 -0500] "GET /galeria/nivo-slider/themes/default/bullets.png HTTP/1.1" 200 1281
186.85.179.23 - - [24/Jan/2015:05:51:12 -0500] "GET /videos/Spot_CambioClimatico.flv HTTP/1.1" 200 4371917
151.237.103.54 - - [24/Jan/2015:05:51:43 -0500] "GET /old/wp-admin/ HTTP/1.1" 404 1018
66.249.67.67 - - [24/Jan/2015:05:51:45 -0500] "GET /manual_funciones_Listado/index.php?dir=2.2.4.%20Subdirecci%F3n%20del%20Recurso%20H%EDdrico%20y%20del%20Suelo/&sort=size&order=asc HTTP/1.1" 404 1018
186.85.179.23 - - [24/Jan/2015:05:51:55 -0500] "GET /autoliquidacion HTTP/1.1" 301 310
186.85.179.23 - - [24/Jan/2015:05:51:55 -0500] "GET /autoliquidacion/ HTTP/1.1" 200 6375
186.85.179.23 - - [24/Jan/2015:05:51:55 -0500] "GET /autoliquidacion/dlf/styles.css HTTP/1.1" 200 3045
186.85.179.23 - - [24/Jan/2015:05:51:55 -0500] "GET /autoliquidacion/dlf/folder.png HTTP/1.1" 200 410
186.85.179.23 - - [24/Jan/2015:05:51:56 -0500] "GET /autoliquidacion/dlf/bg.gif HTTP/1.1" 200 54
186.85.179.23 - - [24/Jan/2015:05:51:58 -0500] "GET /autoliquidacion/index.php?dir=Grupo+Forestal+-+Silvicultura%2F HTTP/1.1" 200 5777
186.85.179.23 - - [24/Jan/2015:05:51:58 -0500] "GET /autoliquidacion/dlf/unknown.png HTTP/1.1" 200 266
186.85.179.23 - - [24/Jan/2015:05:51:58 -0500] "GET /autoliquidacion/dlf/xls.gif HTTP/1.1" 200 636
186.85.179.23 - - [24/Jan/2015:05:51:58 -0500] "GET /autoliquidacion/dlf/dirup.png HTTP/1.1" 200 644
186.85.179.23 - - [24/Jan/2015:05:51:58 -0500] "GET /autoliquidacion/dlf/html.gif HTTP/1.1" 200 632
186.85.179.23 - - [24/Jan/2015:05:51:59 -0500] "GET /autoliquidacion/Grupo%20Forestal%20-%20Silvicultura/Especies%20de%20flora%20en%20la%20ciudad%20de%20bogota.xls HTTP/1.1" 200 1619968
74.86.158.107 - - [24/Jan/2015:05:52:01 -0500] "HEAD / HTTP/1.1" 302 -
188.165.15.59 - - [24/Jan/2015:05:52:07 -0500] "GET /BLA/resoluciones/index.php?dir=RESOLUCIONES%202005/RES%202005%201151-1200/&sort=date&order=asc HTTP/1.1" 200 12362
201.245.192.253 - - [24/Jan/2015:05:52:20 -0500] "GET /forest/session.jsp?a=0.0743726560036222 HTTP/1.1" 200 4
188.165.15.208 - - [24/Jan/2015:05:52:24 -0500] "GET /BLA/resoluciones/RESOLUCIONES%202005/RES%202005%201451-1500/00001453.tif HTTP/1.1" 200 276314
66.249.67.67 - - [24/Jan/2015:05:52:33 -0500] "GET /manual_funciones_Listado/index.php?dir=1.1.%20Oficina%20de%20Control%20Interno/&sort=size&order=desc HTTP/1.1" 404 1018
188.165.15.105 - - [24/Jan/2015:05:52:43 -0500] "GET /BLA/resoluciones/index.php?dir=RESOLUCIONES%202005/RES%202005%201901-1950/&sort=size&order=asc HTTP/1.1" 200 12364
186.85.179.23 - - [24/Jan/2015:05:52:52 -0500] "GET /autoliquidacion/Grupo%20Forestal%20-%20Silvicultura/Solicitud%20y%20lista%20de%20chequeo%20Evaluaci%C3%B3n%20Silvicultural.xlsx HTTP/1.1" 200 100649
186.85.179.23 - - [24/Jan/2015:05:52:53 -0500] "GET /autoliquidacion/Grupo%20Forestal%20-%20Silvicultura/Solicitud%20y%20lista%20de%20chequeo%20Evaluaci%C3%B3n%20Silvicultural.xlsx HTTP/1.1" 200 100649
188.165.15.105 - - [24/Jan/2015:05:53:21 -0500] "GET /BLA/resoluciones/RESOLUCIONES%202006/RES%202006%20%203001-3054/00003019.tif HTTP/1.1" 200 37026
180.76.5.143 - - [24/Jan/2015:05:53:47 -0500] "GET /BLA/boletinlegal;jsessionid=81322CB06B1E63714E2B880D2721A298?/? HTTP/1.1" 404 1018
188.165.15.105 - - [24/Jan/2015:05:53:53 -0500] "GET /BLA/resoluciones/RESOLUCIONES%202003/RES%202003%202051-2100/00002056.tif HTTP/1.1" 200 249890
66.249.67.83 - - [24/Jan/2015:05:54:20 -0500] "GET /manual_funciones_Listado/2.5.%20Direcci%C3%B3n%20de%20Gesti%C3%B3n%20Corporativa/Profesional%20Universitario%20219-18%20(Rec.%20Humanos).pdf HTTP/1.1" 404 1018
201.245.192.253 - - [24/Jan/2015:05:54:53 -0500] "GET /forest/session.jsp?a=0.2846194337805821 HTTP/1.1" 200 4
66.249.67.75 - - [24/Jan/2015:05:55:10 -0500] "GET /BLA/boletinlegal/Circulares/2011/Circular%20003%20de%20Febrero%20de%202011.pdf HTTP/1.1" 200 224758
180.76.6.21 - - [24/Jan/2015:05:55:36 -0500] "GET /BLA/boletinlegal/actos.php HTTP/1.1" 200 7588
180.76.6.62 - - [24/Jan/2015:05:56:31 -0500] "GET /BLA/boletinlegal;jsessionid=5C5E42DE21F1EECE2A67659B6BA939BD?/? HTTP/1.1" 404 1018
74.86.158.107 - - [24/Jan/2015:05:57:01 -0500] "HEAD / HTTP/1.1" 302 -
201.245.192.253 - - [24/Jan/2015:05:57:20 -0500] "GET /forest/session.jsp?a=0.08102747228650986 HTTP/1.1" 200 4
188.165.15.201 - - [24/Jan/2015:05:58:01 -0500] "GET /BLA/resoluciones/RESOLUCIONES%202003/ANEXOS%20RES%202048/00000025.tif HTTP/1.1" 200 2265924
66.249.67.67 - - [24/Jan/2015:05:58:10 -0500] "GET /BLA/resoluciones/RESOLUCIONES%202009/1803.pdf HTTP/1.1" 304 -
66.249.67.83 - - [24/Jan/2015:05:58:10 -0500] "GET /BLA/resoluciones/RESOLUCIONES%202004/RES%202004%2001-%2050/00000035.tif HTTP/1.1" 200 94828
188.165.15.43 - - [24/Jan/2015:05:59:29 -0500] "GET /BLA/resoluciones/RESOLUCIONES%202006/RES%202006%201351-1400/00001393.tif HTTP/1.1" 200 133196
66.249.67.83 - - [24/Jan/2015:05:59:38 -0500] "GET /BLA/resoluciones/AUTOS%202011/2104.pdf HTTP/1.1" 304 -
201.245.192.253 - - [24/Jan/2015:05:59:54 -0500] "GET /forest/session.jsp?a=0.5295056110688329 HTTP/1.1" 200 4
188.165.15.5 - - [24/Jan/2015:06:00:37 -0500] "GET /BLA/resoluciones/RESOLUCIONES%202002/RES%202002%20401-450/00000446.tif HTTP/1.1" 200 151674
180.76.5.23 - - [24/Jan/2015:06:00:50 -0500] "GET /BLA/boletinlegal;jsessionid=AD833EF05F32F05B8A3F5960CB9BF748?/? HTTP/1.1" 404 1018
66.249.67.75 - - [24/Jan/2015:06:01:18 -0500] "GET /BLA/boletinlegal/Circulares/2011/Circular%20003%20de%20Febrero%20de%202011.pdf HTTP/1.1" 200 224758
74.86.158.107 - - [24/Jan/2015:06:02:01 -0500] "HEAD / HTTP/1.1" 302 -
180.76.5.18 - - [24/Jan/2015:06:02:05 -0500] "GET /POT-2013/index.php HTTP/1.1" 200 2679
180.76.6.144 - - [24/Jan/2015:06:02:05 -0500] "GET /POT-2013/ HTTP/1.1" 200 2679
201.245.192.253 - - [24/Jan/2015:06:02:20 -0500] "GET /forest/session.jsp?a=0.8352549881332361 HTTP/1.1" 200 4
188.165.15.177 - - [24/Jan/2015:06:02:29 -0500] "GET /BLA/resoluciones/RESOLUCIONES%202005/RES%202005%20901-950/00000932.tif HTTP/1.1" 200 123854
66.249.67.75 - - [24/Jan/2015:06:04:18 -0500] "GET /BLA/resoluciones/AUTOS%202013/0156.pdf HTTP/1.1" 200 2103746
66.249.67.67 - - [24/Jan/2015:06:04:21 -0500] "GET /BLA/resoluciones/RESOLUCIONES%202013/0779.pdf HTTP/1.1" 200 2461695
66.249.67.75 - - [24/Jan/2015:06:04:24 -0500] "GET /manual_funciones_Listado/index.php?dir=2.2.4.%20Subdirecci%F3n%20del%20Recurso%20H%EDdrico%20y%20del%20Suelo/&sort=size&order=desc HTTP/1.1" 404 1018
66.249.67.75 - - [24/Jan/2015:06:04:25 -0500] "GET /manual_funciones_Listado/2.1.%20Direcci%C3%B3n%20de%20Planeacion%20y%20Sistemas%20de%20Informacion/Director%20Tecnico%20009-07.pdf HTTP/1.1" 404 1018
66.249.67.75 - - [24/Jan/2015:06:04:45 -0500] "GET /manual_funciones_Listado/index.php?dir=2.1.1.%20Subdireccion%20de%20Politicas%20y%20Planes%20Ambientales/&sort=name&order=desc HTTP/1.1" 404 1018
201.245.192.253 - - [24/Jan/2015:06:04:54 -0500] "GET /forest/session.jsp?a=0.6865465002775549 HTTP/1.1" 200 4
66.249.67.75 - - [24/Jan/2015:06:05:10 -0500] "GET /manual_funciones_Listado/index.php?dir=1.3.%20Oficina%20Asesora%20de%20Comunicaciones/&sort=size&order=asc HTTP/1.1" 404 1018
66.249.67.67 - - [24/Jan/2015:06:05:34 -0500] "GET /manual_funciones_Listado/index.php?dir=2.5.1%20Subdirecci%F3n%20%20Financiera/&sort=size&order=desc HTTP/1.1" 404 1018
66.249.67.75 - - [24/Jan/2015:06:06:59 -0500] "GET /BLA/boletinlegal/js/jquery.js HTTP/1.1" 200 57254
66.249.67.67 - - [24/Jan/2015:06:07:00 -0500] "GET /BLA/boletinlegal/js/jquery.scrollTo-min.js HTTP/1.1" 200 1150
66.249.67.67 - - [24/Jan/2015:06:07:00 -0500] "GET /BLA/boletinlegal/js/jquery.scrollShow.js HTTP/1.1" 200 4586
74.86.158.107 - - [24/Jan/2015:06:07:01 -0500] "HEAD / HTTP/1.1" 302 -
180.76.4.144 - - [24/Jan/2015:06:07:11 -0500] "GET / HTTP/1.1" 302 -
201.245.192.253 - - [24/Jan/2015:06:07:20 -0500] "GET /forest/session.jsp?a=0.9123433974557302 HTTP/1.1" 200 4
190.13.109.249 - - [24/Jan/2015:06:07:28 -0500] "GET /galeria/nivo-slider/demo/demo.html HTTP/1.1" 304 -
66.249.67.119 - - [24/Jan/2015:06:07:54 -0500] "GET /BLA/boletinlegal/Circulares/2014/Circular%2008%20de%20Mayo%20de%202014.pdf HTTP/1.1" 304 -
66.249.67.67 - - [24/Jan/2015:06:08:04 -0500] "GET /BLA/resoluciones/RESOLUCIONES%202003/RES%202003%20301-350/311.tif HTTP/1.1" 200 1563796
66.249.67.103 - - [24/Jan/2015:06:08:42 -0500] "GET /BLA/boletinlegal/jurisprudencia/analisis/SENTENCIA%20C-703%20DE%202010.xls HTTP/1.1" 304 -
66.249.67.83 - - [24/Jan/2015:06:09:15 -0500] "GET /BLA/resoluciones/RESOLUCIONES%202008/3085.pdf HTTP/1.1" 200 307211
66.249.67.67 - - [24/Jan/2015:06:09:16 -0500] "GET /BLA/resoluciones/RESOLUCIONES%202010/7241.pdf HTTP/1.1" 200 629252
66.249.67.83 - - [24/Jan/2015:06:09:31 -0500] "GET /BLA/resoluciones/RESOLUCIONES%202014/3530.pdf HTTP/1.1" 200 386033
201.245.192.253 - - [24/Jan/2015:06:09:54 -0500] "GET /forest/session.jsp?a=0.8836190511049887 HTTP/1.1" 200 4
66.249.67.67 - - [24/Jan/2015:06:10:03 -0500] "GET /BLA/circulares/6.pdf HTTP/1.1" 304 -
188.165.15.110 - - [24/Jan/2015:06:10:15 -0500] "GET /BLA/resoluciones/RESOLUCIONES%202006/RES%202006%202351-2400/00002352.tif HTTP/1.1" 200 263346
188.165.15.61 - - [24/Jan/2015:06:10:17 -0500] "GET /BLA/resoluciones/index.php?dir=RESOLUCIONES%202006/RES%202006%201951-2000/&sort=name&order=asc HTTP/1.1" 200 12349
66.249.67.67 - - [24/Jan/2015:06:10:20 -0500] "GET /BLA/resoluciones/RESOLUCIONES%202007/RES%202007%20601%20AL%20700/RESOLUCION%200642%20DE%202007.pdf HTTP/1.1" 200 834473
66.249.67.67 - - [24/Jan/2015:06:11:09 -0500] "GET /BLA/resoluciones/RESOLUCIONES%202008/0577.pdf HTTP/1.1" 304 -
66.249.67.67 - - [24/Jan/2015:06:11:56 -0500] "GET /BLA/resoluciones/RESOLUCIONES%202011/3764.pdf HTTP/1.1" 200 479406
74.86.158.107 - - [24/Jan/2015:06:12:01 -0500] "HEAD / HTTP/1.1" 302 -
201.245.192.253 - - [24/Jan/2015:06:12:20 -0500] "GET /forest/session.jsp?a=0.581378506127231 HTTP/1.1" 200 4
181.54.61.7 - - [24/Jan/2015:06:12:44 -0500] "GET /BLA/boletinlegal/js/jquery.js HTTP/1.1" 200 57254
181.54.61.7 - - [24/Jan/2015:06:12:44 -0500] "GET /BLA/boletinlegal/js/jquery.scrollTo-min.js HTTP/1.1" 200 1150
181.54.61.7 - - [24/Jan/2015:06:12:44 -0500] "GET /BLA/boletinlegal/js/jquery.scrollShow.js HTTP/1.1" 200 4586
66.249.67.75 - - [24/Jan/2015:06:12:45 -0500] "GET /BLA/resoluciones/AUTOS%202012/1995.pdf HTTP/1.1" 304 -
66.249.67.83 - - [24/Jan/2015:06:13:33 -0500] "GET /BLA/resoluciones/RESOLUCIONES%202013/1132.pdf HTTP/1.1" 200 2862937
66.249.67.67 - - [24/Jan/2015:06:14:06 -0500] "GET /BLA/resoluciones/RESOLUCIONES%202007/RES%202007%20301%20AL%20400/RESOLUCION%200371%20DE%202007.pdf HTTP/1.1" 200 438614
201.245.192.253 - - [24/Jan/2015:06:14:54 -0500] "GET /forest/session.jsp?a=0.8571964250124269 HTTP/1.1" 200 4
123.125.71.42 - - [24/Jan/2015:06:14:56 -0500] "GET / HTTP/1.1" 302 -
66.249.67.67 - - [24/Jan/2015:06:15:11 -0500] "GET /BLA/resoluciones/RESOLUCIONES%202012/1281.pdf HTTP/1.1" 304 -
66.249.67.75 - - [24/Jan/2015:06:15:14 -0500] "GET /BLA/resoluciones/RESOLUCIONES%202011/5794.pdf HTTP/1.1" 200 495227
66.249.67.67 - - [24/Jan/2015:06:16:00 -0500] "GET /BLA/resoluciones/RESOLUCIONES%202010/7263.pdf HTTP/1.1" 200 266867
66.249.67.75 - - [24/Jan/2015:06:16:22 -0500] "GET /BLA/resoluciones/RESOLUCIONES%202009/1803.pdf HTTP/1.1" 304 -
220.181.108.109 - - [24/Jan/2015:06:16:23 -0500] "GET / HTTP/1.1" 302 -
180.76.6.130 - - [24/Jan/2015:06:16:26 -0500] "GET /BLA/boletinlegal;jsessionid=1E232DC0EEAC315FD2AC428D787A1787?/? HTTP/1.1" 404 1018
66.249.67.75 - - [24/Jan/2015:06:16:48 -0500] "GET /BLA/resoluciones/RESOLUCIONES%202011/3759.pdf HTTP/1.1" 200 670886
74.86.158.107 - - [24/Jan/2015:06:17:01 -0500] "HEAD / HTTP/1.1" 302 -
66.249.67.67 - - [24/Jan/2015:06:17:10 -0500] "GET /BLA/resoluciones/AUTOS%202009/0022.pdf HTTP/1.1" 304 -
201.245.192.253 - - [24/Jan/2015:06:17:20 -0500] "GET /forest/session.jsp?a=0.8538523049835492 HTTP/1.1" 200 4
188.165.15.200 - - [24/Jan/2015:06:17:21 -0500] "GET /BLA/resoluciones/RESOLUCIONES%202005/RES%202005%201251-1300/00001256.tif HTTP/1.1" 200 222700
66.249.67.67 - - [24/Jan/2015:06:17:37 -0500] "GET /BLA/resoluciones/RESOLUCIONES%202011/0290.pdf HTTP/1.1" 200 801672
66.249.67.67 - - [24/Jan/2015:06:18:26 -0500] "GET /BLA/resoluciones/RESOLUCIONES%202013/0779.pdf HTTP/1.1" 200 2461695
66.249.67.67 - - [24/Jan/2015:06:19:14 -0500] "GET /autoliquidacion/Solicitud%20de%20expedici%C3%B3n%20de%20certificados%20de%20estado%20de%20conservaci%C3%B3n%20ambiental%20(CECA)/Formulario%20de%20solicitud%20de%20CECAS.pdf HTTP/1.1" 304 -
66.249.67.67 - - [24/Jan/2015:06:19:46 -0500] "GET /BLA/resoluciones/RESOLUCIONES%202012/0131.pdf HTTP/1.1" 304 -
201.245.192.253 - - [24/Jan/2015:06:19:54 -0500] "GET /forest/session.jsp?a=0.9711419804892066 HTTP/1.1" 200 4
66.249.67.83 - - [24/Jan/2015:06:20:03 -0500] "GET /autoliquidacion/Solicitudes%20relacionadas%20con%20calidad%20del%20aire%20auditiva%20y%20visual/Registro%20de%20Elementos%20de%20publicidad%20Exterior%20Visual/Resolucion%200877%20126PM04-PR16%20registro%20pev.pdf HTTP/1.1" 304 -
180.76.5.26 - - [24/Jan/2015:06:20:24 -0500] "GET /BLA/resoluciones/AUTOS%202011/5056.pdf HTTP/1.1" 200 446841
66.249.67.67 - - [24/Jan/2015:06:20:52 -0500] "GET /BLA/resoluciones/RESOLUCIONES%202013/0848.pdf HTTP/1.1" 304 -
66.249.67.83 - - [24/Jan/2015:06:20:54 -0500] "GET /BLA/resoluciones/AUTOS%202013/0198.pdf HTTP/1.1" 304 -
66.249.67.83 - - [24/Jan/2015:06:21:41 -0500] "GET /BLA/resoluciones/RESOLUCIONES%202013/0180.pdf HTTP/1.1" 200 3926925
74.86.158.107 - - [24/Jan/2015:06:22:01 -0500] "HEAD / HTTP/1.1" 302 -
188.165.15.41 - - [24/Jan/2015:06:22:02 -0500] "GET /BLA/resoluciones/RESOLUCIONES%202005/RES%202005%20551-600/00000559.tif HTTP/1.1" 200 119210
188.165.15.177 - - [24/Jan/2015:06:22:20 -0500] "GET /BLA/resoluciones/RESOLUCIONES%202004/RES%202004%201251-1300/00001296.tif HTTP/1.1" 200 99452
201.245.192.253 - - [24/Jan/2015:06:22:20 -0500] "GET /forest/session.jsp?a=0.0525645810336981 HTTP/1.1" 200 4
66.249.67.83 - - [24/Jan/2015:06:22:29 -0500] "GET /BLA/resoluciones/RESOLUCIONES%202010/6564.pdf HTTP/1.1" 304 -
66.249.67.83 - - [24/Jan/2015:06:23:10 -0500] "GET /BLA/resoluciones/RESOLUCIONES%202010/2298.pdf HTTP/1.1" 304 -
66.249.67.83 - - [24/Jan/2015:06:23:10 -0500] "GET /BLA/resoluciones/RESOLUCIONES%202011/4658.pdf HTTP/1.1" 304 -
66.249.67.67 - - [24/Jan/2015:06:23:18 -0500] "GET /BLA/resoluciones/RESOLUCIONES%202009/8504.pdf HTTP/1.1" 200 449581
180.76.6.158 - - [24/Jan/2015:06:23:46 -0500] "GET /BLA/boletinlegal;jsessionid=C7031A6738A3154D8A3AACE818E96124?/? HTTP/1.1" 404 1018
188.165.15.200 - - [24/Jan/2015:06:23:53 -0500] "GET /BLA/resoluciones/RESOLUCIONES%202005/RES%202005%203051-3100/00003080.tif HTTP/1.1" 200 120872
66.249.67.67 - - [24/Jan/2015:06:24:07 -0500] "GET /BLA/resoluciones/RESOLUCIONES%202010/3749.pdf HTTP/1.1" 200 345403
188.165.15.43 - - [24/Jan/2015:06:24:07 -0500] "GET /BLA/resoluciones/RESOLUCIONES%202006/RES%202006%202551-2600/00002558.tif HTTP/1.1" 200 248010
201.245.192.253 - - [24/Jan/2015:06:24:54 -0500] "GET /forest/session.jsp?a=0.5446871465084533 HTTP/1.1" 200 4
66.249.67.83 - - [24/Jan/2015:06:24:56 -0500] "GET /BLA/resoluciones/RESOLUCIONES%202012/1238.pdf HTTP/1.1" 304 -
188.165.15.177 - - [24/Jan/2015:06:25:01 -0500] "GET /BLA/resoluciones/RESOLUCIONES%202002/RES%202002%201751-1800/20021751.tif HTTP/1.1" 200 42958
66.249.67.83 - - [24/Jan/2015:06:25:26 -0500] "GET /BLA/resoluciones/RESOLUCIONES%202007/RES%202007%202801%20AL%202900/RESOLUCION%202844%20DE%202007.pdf HTTP/1.1" 304 -
66.249.67.83 - - [24/Jan/2015:06:25:44 -0500] "GET /BLA/resoluciones/AUTOS%202011/4351.pdf HTTP/1.1" 200 398525
66.249.67.75 - - [24/Jan/2015:06:25:58 -0500] "GET /BLA/resoluciones/RESOLUCIONES%202004/RES%202004%2001-%2050/00000009.tif HTTP/1.1" 200 216794
66.249.67.67 - - [24/Jan/2015:06:26:33 -0500] "GET /BLA/resoluciones/RESOLUCIONES%202012/0962.pdf HTTP/1.1" 200 425081
74.86.158.107 - - [24/Jan/2015:06:27:01 -0500] "HEAD / HTTP/1.1" 302 -
201.245.192.253 - - [24/Jan/2015:06:27:20 -0500] "GET /forest/session.jsp?a=0.992236571238623 HTTP/1.1" 200 4
66.249.67.83 - - [24/Jan/2015:06:27:22 -0500] "GET /BLA/resoluciones/RESOLUCIONES%202007/RES%202007%203101%20AL%203200/RESOLUCION%203190%20DE%202007.pdf HTTP/1.1" 200 1032048
188.165.15.59 - - [24/Jan/2015:06:27:28 -0500] "GET /BLA/resoluciones/RESOLUCIONES%202006/RES%202006%202501-2550/00002542.tif HTTP/1.1" 200 194644
66.249.67.83 - - [24/Jan/2015:06:27:41 -0500] "GET /BLA/resoluciones/RESOLUCIONES%202013/1558.pdf HTTP/1.1" 304 -
66.249.67.83 - - [24/Jan/2015:06:28:11 -0500] "GET /BLA/resoluciones/RESOLUCIONES%202009/4800.pdf HTTP/1.1" 304 -
190.85.28.234 - - [24/Jan/2015:06:28:32 -0500] "GET /BLA/boletinlegal/js/jquery.js HTTP/1.1" 200 57254
190.85.28.234 - - [24/Jan/2015:06:28:32 -0500] "GET /BLA/boletinlegal/js/jquery.scrollShow.js HTTP/1.1" 200 4586
190.85.28.234 - - [24/Jan/2015:06:28:32 -0500] "GET /BLA/boletinlegal/js/jquery.scrollTo-min.js HTTP/1.1" 200 1150
66.249.67.67 - - [24/Jan/2015:06:28:59 -0500] "GET /BLA/resoluciones/RESOLUCIONES%202010/6562.pdf HTTP/1.1" 200 173286
188.165.15.59 - - [24/Jan/2015:06:29:05 -0500] "GET /BLA/resoluciones/RESOLUCIONES%202005/RES%202005%20951-1000/00000991.tif HTTP/1.1" 200 77920
66.249.67.83 - - [24/Jan/2015:06:29:48 -0500] "GET /BLA/resoluciones/RESOLUCIONES%202013/0764.pdf HTTP/1.1" 304 -
201.245.192.253 - - [24/Jan/2015:06:29:54 -0500] "GET /forest/session.jsp?a=0.5296780471900194 HTTP/1.1" 200 4
66.249.67.67 - - [24/Jan/2015:06:29:57 -0500] "GET /BLA/resoluciones/RESOLUCIONES%202007/RES%202007%203401%20AL%203500/RESOLUCION%203454%20DE%202007.pdf HTTP/1.1" 304 -
180.76.5.69 - - [24/Jan/2015:06:30:21 -0500] "GET /BLA/boletinlegal/actas/acta%20de%20acuerdo%2002%20adop%20regla%20inter%20mesa%20salud%20ambie.pdf HTTP/1.1" 200 479782
198.27.82.147 - - [24/Jan/2015:06:30:32 -0500] "GET /robots.txt HTTP/1.0" 404 1019
66.249.67.67 - - [24/Jan/2015:06:30:37 -0500] "GET /BLA/resoluciones/AUTOS%202012/1586.pdf HTTP/1.1" 200 1968204
198.27.82.147 - - [24/Jan/2015:06:30:39 -0500] "GET /StormSDA/stormWeb/img/?C=N;O=D HTTP/1.0" 200 2925
66.249.67.75 - - [24/Jan/2015:06:31:28 -0500] "GET /BLA/resoluciones/RESOLUCIONES%202013/0122.pdf HTTP/1.1" 200 696730
74.86.158.107 - - [24/Jan/2015:06:32:01 -0500] "HEAD / HTTP/1.1" 302 -
188.165.15.177 - - [24/Jan/2015:06:32:02 -0500] "GET /BLA/resoluciones/RESOLUCIONES%202006/RES%202006%20751-800/00000785.tif HTTP/1.1" 200 658038
66.249.67.83 - - [24/Jan/2015:06:32:09 -0500] "GET /BLA/resoluciones/RESOLUCIONES%202010/4163.pdf HTTP/1.1" 200 755623
66.249.67.83 - - [24/Jan/2015:06:32:13 -0500] "GET /BLA/resoluciones/RESOLUCIONES%202007/RES%202007%203701%20AL%203800/RESOLUCION%203731%20DE%202007.pdf HTTP/1.1" 304 -
66.249.67.83 - - [24/Jan/2015:06:32:14 -0500] "GET /BLA/resoluciones/RESOLUCIONES%202007/RES%202007%203901%20AL%204000/RESOLUCION%203990%20DE%202007.pdf HTTP/1.1" 200 240508
201.245.192.253 - - [24/Jan/2015:06:32:20 -0500] "GET /forest/session.jsp?a=0.35256663986227843 HTTP/1.1" 200 4
190.145.92.19 - - [24/Jan/2015:06:32:56 -0500] "GET /videos/galeria-cronicas/1V3wnplaylist.htm? HTTP/1.1" 200 4013
190.145.92.19 - - [24/Jan/2015:06:32:57 -0500] "GET /videos/galeria-cronicas/skin/blue.monday/jplayer.blue.monday.css HTTP/1.1" 200 12518
190.145.92.19 - - [24/Jan/2015:06:32:57 -0500] "GET /videos/galeria-cronicas/js/jquery.jplayer.min.js HTTP/1.1" 200 43668
190.145.92.19 - - [24/Jan/2015:06:32:57 -0500] "GET /videos/galeria-cronicas/js/jplayer.playlist.min.js HTTP/1.1" 200 8608
190.145.92.19 - - [24/Jan/2015:06:32:57 -0500] "GET /videos/galeria-cronicas/skin/blue.monday/jplayer.blue.monday.jpg HTTP/1.1" 200 23189
190.145.92.19 - - [24/Jan/2015:06:32:57 -0500] "GET /videos/galeria-cronicas/skin/blue.monday/jplayer.blue.monday.video.play.png HTTP/1.1" 200 14424
66.249.67.103 - - [24/Jan/2015:06:33:03 -0500] "GET /POT-2013/Cartografia/13_Est_Ordenam_D.pdf HTTP/1.1" 304 -
180.76.5.71 - - [24/Jan/2015:06:33:03 -0500] "GET /BLA/boletinlegal;jsessionid=57F4854D7CE65EAAF7D0B74F0C95F90A?/? HTTP/1.1" 404 1018
190.145.92.19 - - [24/Jan/2015:06:33:05 -0500] "GET /videos/galeria-fotografica/index3.html? HTTP/1.1" 200 1972
190.145.92.19 - - [24/Jan/2015:06:33:05 -0500] "GET /videos/galeria-fotografica/js/jquery-flickr-gallery/jquery-flickr.css HTTP/1.1" 200 711
190.145.92.19 - - [24/Jan/2015:06:33:05 -0500] "GET /videos/galeria-fotografica/js/jquery-flickr-gallery/jquery-flickr-gallery.js HTTP/1.1" 200 9050
186.112.186.30 - - [24/Jan/2015:06:33:17 -0500] "GET /BLA/boletinlegal/js/jquery.js HTTP/1.1" 200 57254
186.112.186.30 - - [24/Jan/2015:06:33:17 -0500] "GET /BLA/boletinlegal/js/jquery.scrollTo-min.js HTTP/1.1" 200 1150
186.112.186.30 - - [24/Jan/2015:06:33:17 -0500] "GET /BLA/boletinlegal/js/jquery.scrollShow.js HTTP/1.1" 200 4586
188.165.15.110 - - [24/Jan/2015:06:33:36 -0500] "GET /BLA/resoluciones/RESOLUCIONES%202003/RES%202003%201601-1650/20031603.tif HTTP/1.1" 200 43122
66.249.67.83 - - [24/Jan/2015:06:33:52 -0500] "GET /BLA/resoluciones/RESOLUCIONES%202007/RES%202007%202201%20AL%202300/RESOLUCION%202246%20DE%202007.pdf HTTP/1.1" 200 1009743
66.249.67.67 - - [24/Jan/2015:06:34:29 -0500] "GET /BLA/resoluciones/RESOLUCIONES%202008/0401.pdf HTTP/1.1" 304 -
66.249.67.83 - - [24/Jan/2015:06:34:40 -0500] "GET /BLA/resoluciones/AUTOS%202012/2439.pdf HTTP/1.1" 200 1666463
190.69.119.151 - - [24/Jan/2015:06:34:48 -0500] "GET /BLA/boletinlegal/js/jquery.js HTTP/1.1" 200 57254
190.69.119.151 - - [24/Jan/2015:06:34:48 -0500] "GET /BLA/boletinlegal/js/jquery.scrollTo-min.js HTTP/1.1" 200 1150
190.69.119.151 - - [24/Jan/2015:06:34:48 -0500] "GET /BLA/boletinlegal/js/jquery.scrollShow.js HTTP/1.1" 200 4586
201.245.192.253 - - [24/Jan/2015:06:34:54 -0500] "GET /forest/session.jsp?a=0.06328432047941412 HTTP/1.1" 200 4
180.76.6.53 - - [24/Jan/2015:06:35:17 -0500] "GET /BLA/resoluciones/AUTOS%202011/1807.pdf HTTP/1.1" 200 16060
66.249.67.67 - - [24/Jan/2015:06:35:29 -0500] "GET /BLA/resoluciones/AUTOS%202011/4157.pdf HTTP/1.1" 304 -
188.165.15.200 - - [24/Jan/2015:06:35:38 -0500] "GET /BLA/resoluciones/RESOLUCIONES%202005/RES%202005%20301-351/00000312.tif HTTP/1.1" 200 179794
181.151.66.161 - - [24/Jan/2015:06:36:14 -0500] "GET /BLA/boletinlegal/js/jquery.scrollTo-min.js HTTP/1.1" 200 1150
181.151.66.161 - - [24/Jan/2015:06:36:14 -0500] "GET /galeria/carrusel/Carrusel/jquery-ui-1.8.13.custom.min.js HTTP/1.1" 200 10800
181.151.66.161 - - [24/Jan/2015:06:36:14 -0500] "GET /BLA/boletinlegal/js/jquery.scrollShow.js HTTP/1.1" 200 4586
181.151.66.161 - - [24/Jan/2015:06:36:14 -0500] "GET /galeria/carrusel/Carrusel/jquery.thumbnailScroller.css HTTP/1.1" 200 2066
181.151.66.161 - - [24/Jan/2015:06:36:14 -0500] "GET /BLA/boletinlegal/js/jquery.js HTTP/1.1" 200 57254
181.151.66.161 - - [24/Jan/2015:06:36:14 -0500] "GET /galeria/carrusel/Carrusel/jquery.thumbnailScroller.js HTTP/1.1" 200 8157
66.249.67.67 - - [24/Jan/2015:06:36:18 -0500] "GET /BLA/resoluciones/RESOLUCIONES%202012/1223.pdf HTTP/1.1" 200 386444
181.151.66.161 - - [24/Jan/2015:06:36:19 -0500] "GET /galeria/nivo-slider/demo/demo.html HTTP/1.1" 200 3150
181.151.66.161 - - [24/Jan/2015:06:36:19 -0500] "GET /galeria/nivo-slider/themes/default/default.css HTTP/1.1" 200 1569
181.151.66.161 - - [24/Jan/2015:06:36:19 -0500] "GET /galeria/nivo-slider/demo/images/Ruta-vertimientos-01.jpg HTTP/1.1" 200 130151
181.151.66.161 - - [24/Jan/2015:06:36:19 -0500] "GET /galeria/nivo-slider/demo/images/bolsas-06.jpg HTTP/1.1" 200 90982
181.151.66.161 - - [24/Jan/2015:06:36:20 -0500] "GET /galeria/nivo-slider/demo/style.css HTTP/1.1" 200 2222
181.151.66.161 - - [24/Jan/2015:06:36:20 -0500] "GET /galeria/nivo-slider/themes/orman/orman.css HTTP/1.1" 200 2152
181.151.66.161 - - [24/Jan/2015:06:36:20 -0500] "GET /galeria/nivo-slider/nivo-slider.css HTTP/1.1" 200 1507
181.151.66.161 - - [24/Jan/2015:06:36:20 -0500] "GET /galeria/nivo-slider/demo/scripts/jquery-1.7.1.min.js HTTP/1.1" 200 93868
181.151.66.161 - - [24/Jan/2015:06:36:20 -0500] "GET /galeria/nivo-slider/demo/images/porloshumedales.jpg HTTP/1.1" 200 351238
181.151.66.161 - - [24/Jan/2015:06:36:20 -0500] "GET /galeria/nivo-slider/demo/images/Banner-Caracol-Africano.jpg HTTP/1.1" 200 331986
181.151.66.161 - - [24/Jan/2015:06:36:20 -0500] "GET /galeria/nivo-slider/themes/pascal/pascal.css HTTP/1.1" 200 2258
181.151.66.161 - - [24/Jan/2015:06:36:20 -0500] "GET /galeria/nivo-slider/demo/images/4Simple_Slider.png HTTP/1.1" 200 11722
181.151.66.161 - - [24/Jan/2015:06:36:20 -0500] "GET /galeria/nivo-slider/themes/default/loading.gif HTTP/1.1" 200 1737
181.151.66.161 - - [24/Jan/2015:06:36:20 -0500] "GET /galeria/nivo-slider/jquery.nivo.slider.pack.js HTTP/1.1" 200 11561
181.151.66.161 - - [24/Jan/2015:06:36:21 -0500] "GET /galeria/nivo-slider/demo/images/9Signos.jpg HTTP/1.1" 200 93040
181.151.66.161 - - [24/Jan/2015:06:36:23 -0500] "GET /galeria/nivo-slider/demo/images/bolsas-08.jpg HTTP/1.1" 200 85589
181.151.66.161 - - [24/Jan/2015:06:36:19 -0500] "GET /galeria/nivo-slider/demo/images/ecolecta-Dic2014.png HTTP/1.1" 200 288593
66.249.67.75 - - [24/Jan/2015:06:36:32 -0500] "GET /BLA/resoluciones/RESOLUCIONES%202003/RES%202003%20451-500/465.tif HTTP/1.1" 200 202200
181.151.66.161 - - [24/Jan/2015:06:36:20 -0500] "GET /galeria/nivo-slider/demo/images/Tingua-azul.jpg HTTP/1.1" 200 307638
181.151.66.161 - - [24/Jan/2015:06:36:34 -0500] "GET /galeria/nivo-slider/demo/images/banner-llantas2.jpg HTTP/1.1" 200 73153
181.151.66.161 - - [24/Jan/2015:06:36:20 -0500] "GET /galeria/nivo-slider/demo/images/banner-redes.jpg HTTP/1.1" 200 62209
181.151.66.161 - - [24/Jan/2015:06:36:39 -0500] "GET /galeria/nivo-slider/demo/images/banner-caballos.png HTTP/1.1" 200 389106
66.249.67.83 - - [24/Jan/2015:06:36:45 -0500] "GET /BLA/resoluciones/RESOLUCIONES%202007/RES%202007%202001%20AL%202100/RESOLUCION%202047%20DE%202007.pdf HTTP/1.1" 200 948593
74.86.158.107 - - [24/Jan/2015:06:37:01 -0500] "HEAD / HTTP/1.1" 302 -
66.249.67.75 - - [24/Jan/2015:06:37:07 -0500] "GET /BLA/resoluciones/AUTOS%202009/1102.pdf HTTP/1.1" 200 104250
201.245.192.253 - - [24/Jan/2015:06:37:20 -0500] "GET /forest/session.jsp?a=0.5574857682231641 HTTP/1.1" 200 4
66.249.67.67 - - [24/Jan/2015:06:37:55 -0500] "GET /BLA/resoluciones/RESOLUCIONES%202010/0242.pdf HTTP/1.1" 200 280819
66.249.67.67 - - [24/Jan/2015:06:38:44 -0500] "GET /BLA/resoluciones/RESOLUCIONES%202007/RES%202007%201401%20AL%201500/RESOLUCION%201472%20DE%202007.pdf HTTP/1.1" 200 258364
66.249.67.83 - - [24/Jan/2015:06:39:00 -0500] "GET /BLA/resoluciones/RESOLUCIONES%202013/0492.pdf HTTP/1.1" 200 509633
66.249.67.75 - - [24/Jan/2015:06:39:33 -0500] "GET /BLA/resoluciones/AUTOS%202012/0348.pdf HTTP/1.1" 304 -
201.245.192.253 - - [24/Jan/2015:06:39:54 -0500] "GET /forest/session.jsp?a=0.6183501392303653 HTTP/1.1" 200 4
66.249.67.67 - - [24/Jan/2015:06:40:21 -0500] "GET /BLA/resoluciones/RESOLUCIONES%202009/3792.pdf HTTP/1.1" 200 435294
186.28.7.219 - - [24/Jan/2015:06:40:55 -0500] "GET /BLA/boletinlegal/js/jquery.js HTTP/1.1" 200 57254
186.28.7.219 - - [24/Jan/2015:06:40:55 -0500] "GET /BLA/boletinlegal/js/jquery.scrollTo-min.js HTTP/1.1" 200 1150
186.28.7.219 - - [24/Jan/2015:06:40:55 -0500] "GET /BLA/boletinlegal/js/jquery.scrollShow.js HTTP/1.1" 200 4586
181.50.5.164 - - [24/Jan/2015:06:40:59 -0500] "GET /galeria/nivo-slider/demo/demo.html HTTP/1.1" 304 -
181.50.5.164 - - [24/Jan/2015:06:41:00 -0500] "GET /galeria/nivo-slider/demo/images/porloshumedales.jpg HTTP/1.1" 304 -
66.249.67.75 - - [24/Jan/2015:06:41:11 -0500] "GET /BLA/resoluciones/RESOLUCIONES%202007/RES%202007%202901%20AL%203000/RESOLUCION%202995%20DE%202007.pdf HTTP/1.1" 304 -
181.50.5.164 - - [24/Jan/2015:06:41:12 -0500] "GET /videos/Spot_CambioClimatico.flv HTTP/1.1" 304 -
207.46.13.44 - - [24/Jan/2015:06:41:14 -0500] "GET /BLA/boletinlegal/js/jquery.scrollTo-min.js HTTP/1.1" 200 1150
66.249.67.67 - - [24/Jan/2015:06:41:16 -0500] "GET /BLA/resoluciones/RESOLUCIONES%202008/3111.pdf HTTP/1.1" 304 -
157.55.39.136 - - [24/Jan/2015:06:41:17 -0500] "GET /BLA/boletinlegal/js/jquery.js HTTP/1.1" 200 57254
207.46.13.111 - - [24/Jan/2015:06:41:26 -0500] "GET /BLA/boletinlegal/js/jquery.scrollShow.js HTTP/1.1" 200 4586
181.50.5.164 - - [24/Jan/2015:06:41:27 -0500] "GET /videos/ArchivoSDA.flv HTTP/1.1" 200 31205279
66.249.67.67 - - [24/Jan/2015:06:42:00 -0500] "GET /BLA/resoluciones/AUTOS%202012/0821.pdf HTTP/1.1" 200 379000
74.86.158.107 - - [24/Jan/2015:06:42:01 -0500] "HEAD / HTTP/1.1" 302 -
201.245.192.253 - - [24/Jan/2015:06:42:21 -0500] "GET /forest/session.jsp?a=0.46149525623693777 HTTP/1.1" 200 4
66.249.67.83 - - [24/Jan/2015:06:42:48 -0500] "GET /autoliquidacion/index.php?dir=Solicitud+de+Clasificaci%F3n+de+Impacto+Ambiental%2F HTTP/1.1" 200 3366
66.249.67.67 - - [24/Jan/2015:06:42:54 -0500] "GET /BLA/boletinlegal/Circulares/2010/Circular%2004%20de%2021%20de%20abril%20de%202010.pdf HTTP/1.1" 200 682373
188.165.15.43 - - [24/Jan/2015:06:43:17 -0500] "GET /BLA/resoluciones/RESOLUCIONES%202006/RES%202006%201001-1050/00001018.tif HTTP/1.1" 200 71270
188.165.15.105 - - [24/Jan/2015:06:43:19 -0500] "GET /BLA/resoluciones/RESOLUCIONES%202003/RES%202003%20201-250/2003RES216.tif HTTP/1.1" 200 157696
66.249.67.67 - - [24/Jan/2015:06:43:32 -0500] "GET /BLA/resoluciones/AUTOS%202014/5789.pdf HTTP/1.1" 304 -
66.249.67.75 - - [24/Jan/2015:06:43:36 -0500] "GET /BLA/resoluciones/AUTOS%202009/0022.pdf HTTP/1.1" 304 -
188.165.15.59 - - [24/Jan/2015:06:43:49 -0500] "GET /BLA/resoluciones/index.php?dir=RESOLUCIONES%202003/RES%202003%202101-2150/&sort=date&order=asc HTTP/1.1" 200 12160
66.249.67.67 - - [24/Jan/2015:06:44:25 -0500] "GET /BLA/resoluciones/RESOLUCIONES%202010/7392.pdf HTTP/1.1" 200 376813
201.245.192.253 - - [24/Jan/2015:06:44:54 -0500] "GET /forest/session.jsp?a=0.24974191617449104 HTTP/1.1" 200 4
66.249.67.75 - - [24/Jan/2015:06:45:14 -0500] "GET /BLA/resoluciones/RESOLUCIONES%202010/1748.pdf HTTP/1.1" 200 404414
66.249.67.75 - - [24/Jan/2015:06:45:48 -0500] "GET /BLA/resoluciones/AUTOS%202011/7546.pdf HTTP/1.1" 200 382326
186.28.97.82 - - [24/Jan/2015:06:45:52 -0500] "GET /BLA/boletinlegal/js/jquery.js HTTP/1.1" 200 57254
186.28.97.82 - - [24/Jan/2015:06:45:52 -0500] "GET /BLA/boletinlegal/js/jquery.scrollTo-min.js HTTP/1.1" 200 1150
186.28.97.82 - - [24/Jan/2015:06:45:52 -0500] "GET /BLA/boletinlegal/js/jquery.scrollShow.js HTTP/1.1" 200 4586
66.249.67.67 - - [24/Jan/2015:06:46:03 -0500] "GET /BLA/resoluciones/RESOLUCIONES%202012/0906.pdf HTTP/1.1" 200 328589
66.249.67.83 - - [24/Jan/2015:06:46:51 -0500] "GET /BLA/resoluciones/RESOLUCIONES%202010/4626.pdf HTTP/1.1" 304 -
180.76.6.51 - - [24/Jan/2015:06:46:54 -0500] "GET /BLA/resoluciones/RESOLUCIONES%202010/1282.pdf HTTP/1.1" 200 101316
74.86.158.107 - - [24/Jan/2015:06:47:01 -0500] "HEAD / HTTP/1.1" 302 -
190.145.92.19 - - [24/Jan/2015:06:47:02 -0500] "GET /galeria/mapa/humedal.html? HTTP/1.1" 200 10966
190.145.92.19 - - [24/Jan/2015:06:47:02 -0500] "GET /galeria/mapa/TORCA12.jpg HTTP/1.1" 200 24337
190.145.92.19 - - [24/Jan/2015:06:47:02 -0500] "GET /galeria/mapa/capellania12.jpg HTTP/1.1" 200 22811
190.145.92.19 - - [24/Jan/2015:06:47:02 -0500] "GET /galeria/mapa/JABOQUE12.jpg HTTP/1.1" 200 21815
190.145.92.19 - - [24/Jan/2015:06:47:02 -0500] "GET /galeria/mapa/MEANDRO12.jpg HTTP/1.1" 200 22732
190.145.92.19 - - [24/Jan/2015:06:47:02 -0500] "GET /galeria/mapa/TECHO12.jpg HTTP/1.1" 200 27716
190.145.92.19 - - [24/Jan/2015:06:47:02 -0500] "GET /galeria/mapa/VACA12.jpg HTTP/1.1" 200 22491
190.145.92.19 - - [24/Jan/2015:06:47:02 -0500] "GET /galeria/mapa/CONEJERA12.jpg HTTP/1.1" 200 21841
190.145.92.19 - - [24/Jan/2015:06:47:02 -0500] "GET /galeria/mapa/Aula-Soratama.jpg HTTP/1.1" 200 51270
190.145.92.19 - - [24/Jan/2015:06:47:02 -0500] "GET /galeria/mapa/3MapaBogot%C3%A1.jpg HTTP/1.1" 200 688183
190.145.92.19 - - [24/Jan/2015:06:47:02 -0500] "GET /galeria/mapa/Guaymaral12.jpg HTTP/1.1" 200 53686
190.145.92.19 - - [24/Jan/2015:06:47:02 -0500] "GET /galeria/mapa/TIBANICA12.jpg HTTP/1.1" 200 23039
190.145.92.19 - - [24/Jan/2015:06:47:02 -0500] "GET /galeria/mapa/SANTAMARIA22.jpg HTTP/1.1" 200 22321
190.145.92.19 - - [24/Jan/2015:06:47:02 -0500] "GET /galeria/mapa/Montana-Entrenubes.jpg HTTP/1.1" 200 42011
190.145.92.19 - - [24/Jan/2015:06:47:02 -0500] "GET /galeria/mapa/JUANAMARILLO12.jpg HTTP/1.1" 200 21131
190.145.92.19 - - [24/Jan/2015:06:47:02 -0500] "GET /galeria/mapa/CORDOBA12.jpg HTTP/1.1" 200 23380
190.145.92.19 - - [24/Jan/2015:06:47:02 -0500] "GET /galeria/mapa/BURRO12.jpg HTTP/1.1" 200 24169
190.145.92.19 - - [24/Jan/2015:06:47:02 -0500] "GET /galeria/mapa/aulaSantaM.jpg HTTP/1.1" 200 69216
190.145.92.19 - - [24/Jan/2015:06:47:02 -0500] "GET /galeria/mapa/Aula-Nevados.jpg HTTP/1.1" 200 64761
66.249.67.75 - - [24/Jan/2015:06:47:09 -0500] "GET /BLA/resoluciones/AUTOS%202007/3431.pdf HTTP/1.1" 200 186928
201.245.192.253 - - [24/Jan/2015:06:47:21 -0500] "GET /forest/session.jsp?a=0.04987557659680886 HTTP/1.1" 200 4
66.249.67.103 - - [24/Jan/2015:06:47:40 -0500] "GET /BLA/boletinlegal/documentos-importantes.php HTTP/1.1" 200 4822
66.249.67.67 - - [24/Jan/2015:06:48:04 -0500] "GET /BLA/resoluciones/RESOLUCIONES%202012/0674.pdf HTTP/1.1" 304 -
66.249.67.83 - - [24/Jan/2015:06:48:29 -0500] "GET /BLA/resoluciones/RESOLUCIONES%202013/2070.pdf HTTP/1.1" 200 727057
188.165.15.61 - - [24/Jan/2015:06:48:54 -0500] "GET /BLA/resoluciones/RESOLUCIONES%202004/RES%202004%20851-900/00000887.tif HTTP/1.1" 200 197646
66.249.67.67 - - [24/Jan/2015:06:49:17 -0500] "GET /BLA/resoluciones/RESOLUCIONES%202007/RES%202007%204201%20AL%204300/RESOLUCION%204282%20DE%202007.pdf HTTP/1.1" 200 1251604
180.76.6.36 - - [24/Jan/2015:06:49:24 -0500] "GET /BLA/boletinlegal;jsessionid=4ECEC4D0AE22A5BBC892645157F38E8D?/? HTTP/1.1" 404 1018
181.236.139.205 - - [24/Jan/2015:06:49:37 -0500] "GET /BLA/boletinlegal/js/jquery.js HTTP/1.1" 200 57254
181.236.139.205 - - [24/Jan/2015:06:49:37 -0500] "GET /BLA/boletinlegal/js/jquery.scrollShow.js HTTP/1.1" 200 4586
181.236.139.205 - - [24/Jan/2015:06:49:37 -0500] "GET /BLA/boletinlegal/js/jquery.scrollTo-min.js HTTP/1.1" 200 1150
201.245.192.253 - - [24/Jan/2015:06:49:54 -0500] "GET /forest/session.jsp?a=0.15439160560578014 HTTP/1.1" 200 4
188.165.15.61 - - [24/Jan/2015:06:50:01 -0500] "GET /BLA/resoluciones/RESOLUCIONES%202004/RES%202004%202301-2350/INDEX.DAT HTTP/1.1" 200 2000
66.249.67.75 - - [24/Jan/2015:06:50:06 -0500] "GET /BLA/resoluciones/AUTOS%202013/1048.pdf HTTP/1.1" 200 1771557
66.249.67.75 - - [24/Jan/2015:06:50:20 -0500] "GET /BLA/resoluciones/RESOLUCIONES%202012/1033.pdf HTTP/1.1" 200 640565
188.165.15.27 - - [24/Jan/2015:06:50:31 -0500] "GET /robots.txt HTTP/1.1" 404 1015
66.249.67.75 - - [24/Jan/2015:06:50:55 -0500] "GET /BLA/resoluciones/AUTOS%202013/1321.pdf HTTP/1.1" 200 1876487
188.165.15.208 - - [24/Jan/2015:06:51:03 -0500] "GET /BLA/resoluciones/RESOLUCIONES%202005/RES%202005%20451-500/00000456.tif HTTP/1.1" 200 142664
66.249.67.67 - - [24/Jan/2015:06:51:45 -0500] "GET /BLA/resoluciones/AUTOS%202009/0730.pdf HTTP/1.1" 200 164918
191.107.82.130 - - [24/Jan/2015:06:51:52 -0500] "GET /BLA/resoluciones/RESOLUCIONES%202013/0112.pdf HTTP/1.1" 200 3977193
74.86.158.107 - - [24/Jan/2015:06:52:01 -0500] "HEAD / HTTP/1.1" 302 -
180.76.6.44 - - [24/Jan/2015:06:52:11 -0500] "GET /BLA/resoluciones/AUTOS%202012/0955.pdf HTTP/1.1" 200 172016
201.245.192.253 - - [24/Jan/2015:06:52:21 -0500] "GET /forest/session.jsp?a=0.570434830298695 HTTP/1.1" 200 4
188.165.15.59 - - [24/Jan/2015:06:52:30 -0500] "GET /BLA/resoluciones/index.php?dir=RESOLUCIONES%202005/RES%202005%201101-1150/&sort=date&order=desc HTTP/1.1" 200 12362
66.249.67.83 - - [24/Jan/2015:06:52:32 -0500] "GET /BLA/resoluciones/RESOLUCIONES%202013/0615.pdf HTTP/1.1" 200 1692416
66.249.67.75 - - [24/Jan/2015:06:52:36 -0500] "GET /BLA/resoluciones/RESOLUCIONES%202010/6329.pdf HTTP/1.1" 200 473195
66.249.67.67 - - [24/Jan/2015:06:53:21 -0500] "GET /BLA/resoluciones/RESOLUCIONES%202011/5564.pdf HTTP/1.1" 200 508813
66.249.67.83 - - [24/Jan/2015:06:54:10 -0500] "GET /BLA/resoluciones/RESOLUCIONES%202014/1998.pdf HTTP/1.1" 304 -
188.165.15.177 - - [24/Jan/2015:06:54:25 -0500] "GET /BLA/resoluciones/RESOLUCIONES%202004/RES%202004%201701-1750/00001733.tif HTTP/1.1" 200 26510
66.249.67.75 - - [24/Jan/2015:06:54:46 -0500] "GET /robots.txt HTTP/1.1" 404 1018
66.249.67.83 - - [24/Jan/2015:06:54:46 -0500] "GET /BLA/resoluciones/RESOLUCIONES%202005/RES%202005%20951-1000/00000984.tif HTTP/1.1" 200 355328
66.249.67.67 - - [24/Jan/2015:06:54:51 -0500] "GET /autoliquidacion/Grupo%20Forestal%20-%20Industria%20de%20la%20Madera/Solicitud%20de%20verificaci%C3%B3n%20CITES%20y%20NO%20CITES%20flora.pdf HTTP/1.1" 200 58237
201.245.192.253 - - [24/Jan/2015:06:54:54 -0500] "GET /forest/session.jsp?a=0.789534121954491 HTTP/1.1" 200 4
66.249.67.75 - - [24/Jan/2015:06:54:59 -0500] "GET /BLA/resoluciones/RESOLUCIONES%202008/4595.pdf HTTP/1.1" 200 465959
66.249.67.75 - - [24/Jan/2015:06:55:47 -0500] "GET /BLA/resoluciones/AUTOS%202011/5706.pdf HTTP/1.1" 200 203231
188.165.15.177 - - [24/Jan/2015:06:56:29 -0500] "GET /BLA/resoluciones/RESOLUCIONES%202003/RES%202003%201701-1750/20031740.tif HTTP/1.1" 200 58066
66.249.67.83 - - [24/Jan/2015:06:56:36 -0500] "GET /BLA/resoluciones/AUTOS%202011/4171.pdf HTTP/1.1" 200 200355
180.76.6.66 - - [24/Jan/2015:06:56:40 -0500] "GET /BLA/boletinlegal;jsessionid=619DA8C5E2F405E70D98DD865F787458?/? HTTP/1.1" 404 1018
74.86.158.107 - - [24/Jan/2015:06:57:01 -0500] "HEAD / HTTP/1.1" 302 -
152.61.128.66 - - [24/Jan/2015:06:57:06 -0500] "HEAD / HTTP/1.1" 302 -
152.61.128.66 - - [24/Jan/2015:06:57:06 -0500] "GET /arcgis/services/Calidad_del_Agua_WQI/MapServer/WMSServer?request=GetCapabilities&service=WMS HTTP/1.1" 200 32135
66.249.67.83 - - [24/Jan/2015:06:57:07 -0500] "GET /BLA/resoluciones/RESOLUCIONES%202009/6625.pdf HTTP/1.1" 304 -
152.61.128.66 - - [24/Jan/2015:06:57:07 -0500] "GET /arcgis/services/Calidad_del_Agua_WQI/MapServer/WMSServer?request=GetCapabilities&service=WMS HTTP/1.0" 200 32135
152.61.128.66 - - [24/Jan/2015:06:57:08 -0500] "GET /arcgis/services/Calidad_del_Agua_WQI/MapServer/WMSServer?request=GetCapabilities&service=WMS HTTP/1.0" 200 32135
152.61.128.66 - - [24/Jan/2015:06:57:09 -0500] "GET /arcgis/services/Calidad_del_Agua_WQI/MapServer/WMSServer?request=GetCapabilities&service=WMS HTTP/1.0" 200 32135
152.61.128.66 - - [24/Jan/2015:06:57:10 -0500] "GET /arcgis/services/Calidad_del_Agua_WQI/MapServer/WMSServer?VERSION=1.1.1&REQUEST=GetMap&LAYERS=0&SRS=EPSG:4326&BBOX=-74.473395,3.674381,-73.963300,4.920569&WIDTH=250&HEIGHT=250&FORMAT=image/bmp&STYLES=& HTTP/1.1" 200 188054
201.245.192.253 - - [24/Jan/2015:06:57:21 -0500] "GET /forest/session.jsp?a=0.22522815541899277 HTTP/1.1" 200 4
66.249.67.67 - - [24/Jan/2015:06:57:25 -0500] "GET /BLA/resoluciones/AUTOS%202007/0334.pdf HTTP/1.1" 200 49897
152.61.128.66 - - [24/Jan/2015:06:57:26 -0500] "HEAD / HTTP/1.1" 302 -
152.61.128.66 - - [24/Jan/2015:06:57:26 -0500] "GET /arcgis/services/Calidad_del_Agua_WQI/MapServer/WMSServer?SERVICE=WMS&REQUEST=GetCapabilities HTTP/1.1" 200 32135
152.61.128.66 - - [24/Jan/2015:06:57:27 -0500] "GET /arcgis/services/Calidad_del_Agua_WQI/MapServer/WMSServer?SERVICE=WMS&REQUEST=GetCapabilities HTTP/1.0" 200 32135
152.61.128.66 - - [24/Jan/2015:06:57:28 -0500] "GET /arcgis/services/Calidad_del_Agua_WQI/MapServer/WMSServer?SERVICE=WMS&REQUEST=GetCapabilities HTTP/1.0" 200 32135
152.61.128.66 - - [24/Jan/2015:06:57:29 -0500] "GET /arcgis/services/Calidad_del_Agua_WQI/MapServer/WMSServer?SERVICE=WMS&REQUEST=GetCapabilities HTTP/1.0" 200 32135
152.61.128.66 - - [24/Jan/2015:06:57:30 -0500] "GET /arcgis/services/Calidad_del_Agua_WQI/MapServer/WMSServer?VERSION=1.1.1&REQUEST=GetMap&LAYERS=0&SRS=EPSG:4326&BBOX=-74.473395,3.674381,-73.963300,4.920569&WIDTH=250&HEIGHT=250&FORMAT=image/bmp&STYLES=& HTTP/1.1" 200 188054
66.249.67.83 - - [24/Jan/2015:06:58:13 -0500] "GET /BLA/resoluciones/RESOLUCIONES%202008/4235.pdf HTTP/1.1" 200 311534
66.249.67.67 - - [24/Jan/2015:06:59:02 -0500] "GET /BLA/resoluciones/RESOLUCIONES%202009/7535.pdf HTTP/1.1" 200 544412
188.165.15.177 - - [24/Jan/2015:06:59:48 -0500] "GET /BLA/resoluciones/RESOLUCIONES%202006/RES%202006%201851-1900/00001895.tif HTTP/1.1" 200 383234
66.249.67.83 - - [24/Jan/2015:06:59:51 -0500] "GET /BLA/resoluciones/RESOLUCIONES%202009/2476.pdf HTTP/1.1" 200 206872
201.245.192.253 - - [24/Jan/2015:06:59:54 -0500] "GET /forest/session.jsp?a=0.9283276780877198 HTTP/1.1" 200 4
66.249.67.83 - - [24/Jan/2015:07:00:40 -0500] "GET /BLA/resoluciones/RESOLUCIONES%202009/0597.pdf HTTP/1.1" 200 309934
66.249.67.111 - - [24/Jan/2015:07:01:01 -0500] "GET /inc/ HTTP/1.1" 404 1019
74.86.158.107 - - [24/Jan/2015:07:02:01 -0500] "HEAD / HTTP/1.1" 302 -
66.249.67.83 - - [24/Jan/2015:07:02:03 -0500] "GET /BLA/resoluciones/RESOLUCIONES%202009/8792.pdf HTTP/1.1" 200 564052
66.249.67.75 - - [24/Jan/2015:07:02:17 -0500] "GET /BLA/resoluciones/RESOLUCIONES%202008/3616.pdf HTTP/1.1" 200 359636
201.245.192.253 - - [24/Jan/2015:07:02:21 -0500] "GET /forest/session.jsp?a=0.204234657772848 HTTP/1.1" 200 4
180.76.5.75 - - [24/Jan/2015:07:02:32 -0500] "GET /BLA/resoluciones/AUTOS%202009/2941.pdf HTTP/1.1" 200 177825
62.99.76.224 - - [24/Jan/2015:07:02:37 -0500] "GET /BLA/boletinlegal/js/jquery.js HTTP/1.1" 200 57254
62.99.76.224 - - [24/Jan/2015:07:02:37 -0500] "GET /BLA/boletinlegal/js/jquery.scrollTo-min.js HTTP/1.1" 200 1150
62.99.76.224 - - [24/Jan/2015:07:02:37 -0500] "GET /galeria/carrusel/Carrusel/jquery.thumbnailScroller.css HTTP/1.1" 200 2066
62.99.76.224 - - [24/Jan/2015:07:02:37 -0500] "GET /BLA/boletinlegal/js/jquery.scrollShow.js HTTP/1.1" 200 4586
62.99.76.224 - - [24/Jan/2015:07:02:37 -0500] "GET /galeria/carrusel/Carrusel/jquery-ui-1.8.13.custom.min.js HTTP/1.1" 200 10800
62.99.76.224 - - [24/Jan/2015:07:02:37 -0500] "GET /galeria/carrusel/Carrusel/jquery.thumbnailScroller.js HTTP/1.1" 200 8157
62.99.76.224 - - [24/Jan/2015:07:02:39 -0500] "GET /galeria/nivo-slider/demo/demo.html HTTP/1.1" 200 3150
62.99.76.224 - - [24/Jan/2015:07:02:39 -0500] "GET /galeria/nivo-slider/themes/pascal/pascal.css HTTP/1.1" 200 2258
62.99.76.224 - - [24/Jan/2015:07:02:39 -0500] "GET /galeria/nivo-slider/themes/default/default.css HTTP/1.1" 200 1569
62.99.76.224 - - [24/Jan/2015:07:02:39 -0500] "GET /galeria/nivo-slider/nivo-slider.css HTTP/1.1" 200 1507
62.99.76.224 - - [24/Jan/2015:07:02:39 -0500] "GET /galeria/nivo-slider/themes/orman/orman.css HTTP/1.1" 200 2152
62.99.76.224 - - [24/Jan/2015:07:02:39 -0500] "GET /galeria/nivo-slider/demo/style.css HTTP/1.1" 200 2222
62.99.76.224 - - [24/Jan/2015:07:02:39 -0500] "GET /galeria/nivo-slider/demo/images/bolsas-08.jpg HTTP/1.1" 200 85589
62.99.76.224 - - [24/Jan/2015:07:02:39 -0500] "GET /galeria/nivo-slider/demo/scripts/jquery-1.7.1.min.js HTTP/1.1" 200 93868
62.99.76.224 - - [24/Jan/2015:07:02:39 -0500] "GET /galeria/nivo-slider/jquery.nivo.slider.pack.js HTTP/1.1" 200 11561
62.99.76.224 - - [24/Jan/2015:07:02:39 -0500] "GET /galeria/nivo-slider/demo/images/bolsas-06.jpg HTTP/1.1" 200 90982
62.99.76.224 - - [24/Jan/2015:07:02:39 -0500] "GET /galeria/nivo-slider/demo/images/Ruta-vertimientos-01.jpg HTTP/1.1" 200 130151
62.99.76.224 - - [24/Jan/2015:07:02:39 -0500] "GET /galeria/nivo-slider/demo/images/ecolecta-Dic2014.png HTTP/1.1" 200 288593
