179.32.135.109 - - [24/Jan/2015:09:14:40 -0500] "GET /galeria/nivo-slider/themes/default/arrows.png HTTP/1.1" 200 824
179.32.135.109 - - [24/Jan/2015:09:14:40 -0500] "GET /galeria/nivo-slider/themes/default/bullets.png HTTP/1.1" 200 1281
66.249.67.83 - - [24/Jan/2015:09:14:53 -0500] "GET /BLA/resoluciones/RESOLUCIONES%202007/RES%202007%202501%20AL%202600/RESOLUCION%202591%20DE%202007.pdf HTTP/1.1" 304 -
201.245.192.253 - - [24/Jan/2015:09:14:56 -0500] "GET /forest/session.jsp?a=0.10800904534774036 HTTP/1.1" 200 4
190.66.104.98 - - [24/Jan/2015:09:14:59 -0500] "GET /autoliquidacion HTTP/1.1" 301 310
190.66.104.98 - - [24/Jan/2015:09:15:00 -0500] "GET /autoliquidacion/ HTTP/1.1" 200 6375
190.66.104.98 - - [24/Jan/2015:09:15:00 -0500] "GET /autoliquidacion/dlf/styles.css HTTP/1.1" 200 3045
190.66.104.98 - - [24/Jan/2015:09:15:01 -0500] "GET /autoliquidacion/dlf/folder.png HTTP/1.1" 200 410
190.66.104.98 - - [24/Jan/2015:09:15:01 -0500] "GET /autoliquidacion/dlf/bg.gif HTTP/1.1" 200 54
190.158.137.178 - - [24/Jan/2015:09:15:03 -0500] "GET /BLA/boletinlegal/js/jquery.js HTTP/1.1" 200 57254
190.158.137.178 - - [24/Jan/2015:09:15:03 -0500] "GET /BLA/boletinlegal/js/jquery.scrollShow.js HTTP/1.1" 200 4586
190.158.137.178 - - [24/Jan/2015:09:15:03 -0500] "GET /BLA/boletinlegal/js/jquery.scrollTo-min.js HTTP/1.1" 200 1150
190.158.129.166 - - [24/Jan/2015:09:15:04 -0500] "GET /galeria/carrusel/Carrusel/jquery.thumbnailScroller.css HTTP/1.1" 200 2066
190.158.129.166 - - [24/Jan/2015:09:15:04 -0500] "GET /BLA/boletinlegal/js/jquery.js HTTP/1.1" 200 57254
190.158.129.166 - - [24/Jan/2015:09:15:04 -0500] "GET /BLA/boletinlegal/js/jquery.scrollTo-min.js HTTP/1.1" 200 1150
190.158.129.166 - - [24/Jan/2015:09:15:04 -0500] "GET /BLA/boletinlegal/js/jquery.scrollShow.js HTTP/1.1" 200 4586
190.158.129.166 - - [24/Jan/2015:09:15:04 -0500] "GET /galeria/carrusel/Carrusel/jquery-ui-1.8.13.custom.min.js HTTP/1.1" 200 10800
190.158.129.166 - - [24/Jan/2015:09:15:04 -0500] "GET /galeria/carrusel/Carrusel/jquery.thumbnailScroller.js HTTP/1.1" 200 8157
200.118.49.10 - - [24/Jan/2015:09:15:06 -0500] "GET /crossdomain.xml HTTP/1.1" 404 1280
190.158.129.166 - - [24/Jan/2015:09:15:06 -0500] "GET /galeria/nivo-slider/demo/demo.html HTTP/1.1" 200 3150
190.158.129.166 - - [24/Jan/2015:09:15:06 -0500] "GET /galeria/nivo-slider/themes/default/default.css HTTP/1.1" 200 1569
190.158.129.166 - - [24/Jan/2015:09:15:06 -0500] "GET /galeria/nivo-slider/themes/pascal/pascal.css HTTP/1.1" 200 2258
190.158.129.166 - - [24/Jan/2015:09:15:06 -0500] "GET /galeria/nivo-slider/themes/orman/orman.css HTTP/1.1" 200 2152
190.158.129.166 - - [24/Jan/2015:09:15:06 -0500] "GET /galeria/nivo-slider/nivo-slider.css HTTP/1.1" 200 1507
190.158.129.166 - - [24/Jan/2015:09:15:06 -0500] "GET /galeria/nivo-slider/demo/style.css HTTP/1.1" 200 2222
190.158.129.166 - - [24/Jan/2015:09:15:06 -0500] "GET /galeria/nivo-slider/demo/images/bolsas-08.jpg HTTP/1.1" 200 85589
190.158.129.166 - - [24/Jan/2015:09:15:06 -0500] "GET /galeria/nivo-slider/demo/images/Ruta-vertimientos-01.jpg HTTP/1.1" 200 130151
190.158.129.166 - - [24/Jan/2015:09:15:06 -0500] "GET /galeria/nivo-slider/demo/images/bolsas-06.jpg HTTP/1.1" 200 90982
190.158.129.166 - - [24/Jan/2015:09:15:06 -0500] "GET /galeria/nivo-slider/demo/images/ecolecta-Dic2014.png HTTP/1.1" 200 288593
200.118.49.10 - - [24/Jan/2015:09:15:06 -0500] "GET /arcgis/services/Calidad_del_Agua_WQI/MapServer/WMSServer?HEIGHT=675&VERSION=1%2E1%2E1&STYLES=&WIDTH=1280&TRANSPARENT=TRUE&BBOX=%2D74%2E06642615758122%2C4%2E615388168436815%2C%2D74%2E0511976071439%2C4%2E623418849331492&LAYERS=3%2C4%2C5%2C6%2C7&REQUEST=GetMap&SRS=EPSG%3A4686&SERVICE=WMS&FORMAT=image%2Fpng HTTP/1.1" 200 5580
190.158.129.166 - - [24/Jan/2015:09:15:06 -0500] "GET /galeria/nivo-slider/demo/images/Tingua-azul.jpg HTTP/1.1" 200 307638
190.158.129.166 - - [24/Jan/2015:09:15:06 -0500] "GET /galeria/nivo-slider/demo/images/porloshumedales.jpg HTTP/1.1" 200 351238
190.158.129.166 - - [24/Jan/2015:09:15:06 -0500] "GET /galeria/nivo-slider/demo/images/Banner-Caracol-Africano.jpg HTTP/1.1" 200 331986
190.158.129.166 - - [24/Jan/2015:09:15:06 -0500] "GET /galeria/nivo-slider/demo/images/4Simple_Slider.png HTTP/1.1" 200 11722
190.158.129.166 - - [24/Jan/2015:09:15:06 -0500] "GET /galeria/nivo-slider/demo/images/9Signos.jpg HTTP/1.1" 200 93040
190.158.129.166 - - [24/Jan/2015:09:15:07 -0500] "GET /galeria/nivo-slider/demo/scripts/jquery-1.7.1.min.js HTTP/1.1" 200 93868
190.158.129.166 - - [24/Jan/2015:09:15:07 -0500] "GET /galeria/nivo-slider/jquery.nivo.slider.pack.js HTTP/1.1" 200 11561
190.158.129.166 - - [24/Jan/2015:09:15:06 -0500] "GET /galeria/nivo-slider/demo/images/banner-redes.jpg HTTP/1.1" 200 62209
190.158.129.166 - - [24/Jan/2015:09:15:08 -0500] "GET /galeria/nivo-slider/themes/default/loading.gif HTTP/1.1" 200 1737
200.118.49.10 - - [24/Jan/2015:09:15:08 -0500] "GET /arcgis/services/Calidad_del_Agua_WQI/MapServer/WMSServer?HEIGHT=675&VERSION=1%2E1%2E1&STYLES=&WIDTH=1280&TRANSPARENT=TRUE&BBOX=%2D74%2E06837779687793%2C4%2E612329563224854%2C%2D74%2E05314924644061%2C4%2E6203602441195315&LAYERS=3%2C4%2C5%2C6%2C7&REQUEST=GetMap&SRS=EPSG%3A4686&SERVICE=WMS&FORMAT=image%2Fpng HTTP/1.1" 200 5001
190.158.129.166 - - [24/Jan/2015:09:15:06 -0500] "GET /galeria/nivo-slider/demo/images/banner-caballos.png HTTP/1.1" 200 389106
190.158.129.166 - - [24/Jan/2015:09:15:06 -0500] "GET /galeria/nivo-slider/demo/images/banner-llantas2.jpg HTTP/1.1" 200 73153
200.118.49.10 - - [24/Jan/2015:09:15:11 -0500] "GET /arcgis/services/Calidad_del_Agua_WQI/MapServer/WMSServer?HEIGHT=675&VERSION=1%2E1%2E1&STYLES=&WIDTH=1280&TRANSPARENT=TRUE&BBOX=%2D74%2E06804823901132%2C4%2E613222386868267%2C%2D74%2E052819688574%2C4%2E621253067762944&LAYERS=3%2C4%2C5%2C6%2C7&REQUEST=GetMap&SRS=EPSG%3A4686&SERVICE=WMS&FORMAT=image%2Fpng HTTP/1.1" 200 5001
190.158.129.166 - - [24/Jan/2015:09:15:12 -0500] "GET /galeria/nivo-slider/themes/default/arrows.png HTTP/1.1" 200 824
190.158.129.166 - - [24/Jan/2015:09:15:12 -0500] "GET /galeria/nivo-slider/themes/default/bullets.png HTTP/1.1" 200 1281
200.118.49.10 - - [24/Jan/2015:09:15:14 -0500] "GET /arcgis/services/Calidad_del_Agua_WQI/MapServer/WMSServer?HEIGHT=675&VERSION=1%2E1%2E1&STYLES=&WIDTH=1280&TRANSPARENT=TRUE&BBOX=%2D74%2E06982754851298%2C4%2E609460760606613%2C%2D74%2E05459899807566%2C4%2E61749144150129&LAYERS=3%2C4%2C5%2C6%2C7&REQUEST=GetMap&SRS=EPSG%3A4686&SERVICE=WMS&FORMAT=image%2Fpng HTTP/1.1" 200 5001
5.19.182.216 - - [24/Jan/2015:09:15:23 -0500] "GET / HTTP/1.1" 302 -
186.154.84.82 - - [24/Jan/2015:09:15:21 -0500] "GET /forest/usutareas.do?_a=0.9622533831279725&group_system_actual=3 HTTP/1.1" 200 121059
186.154.84.82 - - [24/Jan/2015:09:15:23 -0500] "GET /forest/session.jsp?a=0.8065848459955305 HTTP/1.1" 200 4
200.118.49.10 - - [24/Jan/2015:09:15:24 -0500] "GET /crossdomain.xml HTTP/1.1" 404 1280
200.118.49.10 - - [24/Jan/2015:09:15:26 -0500] "GET /arcgis/services/Calidad_del_Agua_WQI/MapServer/WMSServer?HEIGHT=675&VERSION=1%2E1%2E1&STYLES=&WIDTH=1280&TRANSPARENT=TRUE&BBOX=%2D74%2E44292703422717%2C4%2E412709078687022%2C%2D73%2E68149951236147%2C4%2E814243123420881&LAYERS=3%2C4%2C5%2C6%2C7&REQUEST=GetMap&SRS=EPSG%3A4686&SERVICE=WMS&FORMAT=image%2Fpng HTTP/1.1" 200 8488
5.19.182.216 - - [24/Jan/2015:09:15:27 -0500] "GET /BLA/boletinlegal/js/jquery.js HTTP/1.1" 200 57254
5.19.182.216 - - [24/Jan/2015:09:15:27 -0500] "GET /BLA/boletinlegal/js/jquery.scrollTo-min.js HTTP/1.1" 200 1150
66.249.67.83 - - [24/Jan/2015:09:15:28 -0500] "GET /BLA/resoluciones/AUTOS%202007/1340.pdf HTTP/1.1" 200 35769
186.154.84.82 - - [24/Jan/2015:09:15:27 -0500] "GET /forest/borrador/1613143/Registro%20de%20vertimientos.docx HTTP/1.1" 200 98167
5.19.182.216 - - [24/Jan/2015:09:15:29 -0500] "GET /galeria/carrusel/Carrusel/jquery.thumbnailScroller.css HTTP/1.1" 200 2066
5.19.182.216 - - [24/Jan/2015:09:15:29 -0500] "GET /BLA/boletinlegal/js/jquery.scrollShow.js HTTP/1.1" 200 4586
5.19.182.216 - - [24/Jan/2015:09:15:29 -0500] "GET /galeria/carrusel/Carrusel/jquery-ui-1.8.13.custom.min.js HTTP/1.1" 200 10800
5.19.182.216 - - [24/Jan/2015:09:15:31 -0500] "GET /galeria/carrusel/Carrusel/jquery.thumbnailScroller.js HTTP/1.1" 200 8157
190.66.104.98 - - [24/Jan/2015:09:15:33 -0500] "GET /autoliquidacion/index.php?dir=Solicitud+de+expedici%F3n+de+certificados+de+estado+de+conservaci%F3n+ambiental+%28CECA%29%2F HTTP/1.1" 200 3596
190.66.104.98 - - [24/Jan/2015:09:15:33 -0500] "GET /autoliquidacion/dlf/dirup.png HTTP/1.1" 200 644
190.66.104.98 - - [24/Jan/2015:09:15:33 -0500] "GET /autoliquidacion/dlf/unknown.png HTTP/1.1" 200 266
190.66.104.98 - - [24/Jan/2015:09:15:33 -0500] "GET /autoliquidacion/dlf/pdf.gif HTTP/1.1" 200 272
190.66.104.98 - - [24/Jan/2015:09:15:41 -0500] "GET /autoliquidacion/Solicitud%20de%20expedici%C3%B3n%20de%20certificados%20de%20estado%20de%20conservaci%C3%B3n%20ambiental%20(CECA)/Formulario%20de%20solicitud%20de%20CECAS.pdf HTTP/1.1" 200 193229
190.66.104.98 - - [24/Jan/2015:09:15:42 -0500] "GET /autoliquidacion/Solicitud%20de%20expedici%C3%B3n%20de%20certificados%20de%20estado%20de%20conservaci%C3%B3n%20ambiental%20(CECA)/Formulario%20de%20solicitud%20de%20CECAS.pdf HTTP/1.1" 206 32768
190.66.104.98 - - [24/Jan/2015:09:15:48 -0500] "GET /autoliquidacion/Solicitud%20de%20expedici%C3%B3n%20de%20certificados%20de%20estado%20de%20conservaci%C3%B3n%20ambiental%20(CECA)/Formulario%20de%20solicitud%20de%20CECAS.pdf HTTP/1.1" 206 160461
180.76.6.48 - - [24/Jan/2015:09:15:51 -0500] "GET /BLA/resoluciones/AUTOS%202011/2054.pdf HTTP/1.1" 200 133650
5.19.182.216 - - [24/Jan/2015:09:15:52 -0500] "GET /galeria/nivo-slider/demo/demo.html HTTP/1.1" 200 3150
200.118.49.10 - - [24/Jan/2015:09:15:56 -0500] "GET /crossdomain.xml HTTP/1.1" 404 1280
200.118.49.10 - - [24/Jan/2015:09:15:57 -0500] "GET /arcgis/services/Calidad_del_Agua_WQI/MapServer/WMSServer?HEIGHT=675&VERSION=1%2E1%2E1&STYLES=&WIDTH=1280&TRANSPARENT=TRUE&BBOX=%2D74%2E11751513161767%2C4%2E5520802683232064%2C%2D73%2E96522962724453%2C4%2E632387077269978&LAYERS=3%2C4%2C5%2C6%2C7&REQUEST=GetMap&SRS=EPSG%3A4686&SERVICE=WMS&FORMAT=image%2Fpng HTTP/1.1" 200 7708
5.19.182.216 - - [24/Jan/2015:09:15:58 -0500] "GET /galeria/nivo-slider/themes/default/default.css HTTP/1.1" 200 1569
5.19.182.216 - - [24/Jan/2015:09:15:58 -0500] "GET /galeria/nivo-slider/themes/pascal/pascal.css HTTP/1.1" 200 2258
5.19.182.216 - - [24/Jan/2015:09:15:59 -0500] "GET /galeria/nivo-slider/themes/orman/orman.css HTTP/1.1" 200 2152
5.19.182.216 - - [24/Jan/2015:09:15:59 -0500] "GET /galeria/nivo-slider/nivo-slider.css HTTP/1.1" 200 1507
5.19.182.216 - - [24/Jan/2015:09:16:00 -0500] "GET /galeria/nivo-slider/demo/style.css HTTP/1.1" 200 2222
5.19.182.216 - - [24/Jan/2015:09:16:00 -0500] "GET /galeria/nivo-slider/demo/scripts/jquery-1.7.1.min.js HTTP/1.1" 200 93868
5.19.182.216 - - [24/Jan/2015:09:16:02 -0500] "GET /galeria/nivo-slider/jquery.nivo.slider.pack.js HTTP/1.1" 200 11561
5.19.182.216 - - [24/Jan/2015:09:16:07 -0500] "GET /galeria/nivo-slider/demo/images/4Simple_Slider.png HTTP/1.1" 200 11722
5.19.182.216 - - [24/Jan/2015:09:16:08 -0500] "GET /galeria/nivo-slider/themes/default/loading.gif HTTP/1.1" 200 1737
5.19.182.216 - - [24/Jan/2015:09:16:08 -0500] "GET /galeria/nivo-slider/demo/images/bolsas-08.jpg HTTP/1.1" 200 85589
5.19.182.216 - - [24/Jan/2015:09:16:08 -0500] "GET /galeria/nivo-slider/demo/images/Ruta-vertimientos-01.jpg HTTP/1.1" 200 130151
5.19.182.216 - - [24/Jan/2015:09:16:10 -0500] "GET /galeria/nivo-slider/demo/images/bolsas-06.jpg HTTP/1.1" 200 90982
5.19.182.216 - - [24/Jan/2015:09:16:11 -0500] "GET /galeria/nivo-slider/demo/images/ecolecta-Dic2014.png HTTP/1.1" 200 288593
5.19.182.216 - - [24/Jan/2015:09:16:11 -0500] "GET /galeria/nivo-slider/demo/images/porloshumedales.jpg HTTP/1.1" 200 351238
5.19.182.216 - - [24/Jan/2015:09:16:12 -0500] "GET /galeria/nivo-slider/demo/images/Tingua-azul.jpg HTTP/1.1" 200 307638
5.19.182.216 - - [24/Jan/2015:09:16:13 -0500] "GET /galeria/nivo-slider/demo/images/Banner-Caracol-Africano.jpg HTTP/1.1" 200 331986
5.19.182.216 - - [24/Jan/2015:09:16:15 -0500] "GET /galeria/nivo-slider/demo/images/banner-redes.jpg HTTP/1.1" 200 62209
5.19.182.216 - - [24/Jan/2015:09:16:16 -0500] "GET /galeria/nivo-slider/demo/images/banner-llantas2.jpg HTTP/1.1" 200 73153
5.19.182.216 - - [24/Jan/2015:09:16:16 -0500] "GET /galeria/nivo-slider/demo/images/banner-caballos.png HTTP/1.1" 200 389106
66.249.67.67 - - [24/Jan/2015:09:16:16 -0500] "GET /BLA/resoluciones/RESOLUCIONES%202008/1698.pdf HTTP/1.1" 200 204743
5.19.182.216 - - [24/Jan/2015:09:16:17 -0500] "GET /galeria/nivo-slider/demo/images/9Signos.jpg HTTP/1.1" 200 93040
188.165.15.59 - - [24/Jan/2015:09:16:18 -0500] "GET /BLA/resoluciones/RESOLUCIONES%202002/RES%202002%20551-600/00000579.tif HTTP/1.1" 200 101016
188.165.15.200 - - [24/Jan/2015:09:16:19 -0500] "GET /BLA/resoluciones/index.php?dir=RESOLUCIONES%202005/RES%202005%20401-450/&sort=size&order=desc HTTP/1.1" 200 12253
5.19.182.216 - - [24/Jan/2015:09:16:20 -0500] "GET /galeria/nivo-slider/themes/default/arrows.png HTTP/1.1" 200 824
5.19.182.216 - - [24/Jan/2015:09:16:20 -0500] "GET /galeria/nivo-slider/themes/default/bullets.png HTTP/1.1" 200 1281
5.19.182.216 - - [24/Jan/2015:09:16:22 -0500] "GET /videos/Spot_CambioClimatico.flv HTTP/1.1" 200 4371917
186.154.84.82 - - [24/Jan/2015:09:16:36 -0500] "GET /forest/skins/gdocs-jar/popup/escritorio/subirborrador.jsp?form=revctvertimientos&codTpl=&codBorr=542397&a=0.7740478434134275 HTTP/1.1" 200 23292
186.154.84.82 - - [24/Jan/2015:09:16:36 -0500] "GET /forest/json.do?query=borradoresByTpls&codInst=2987764&codTare=2993&firma=0&a=0.12245865981094539 HTTP/1.1" 200 184
186.154.84.82 - - [24/Jan/2015:09:16:37 -0500] "GET /forest/json.do?query=plantillasByTarea&codTare=2993&codInst=2987764&firma=0&a=0.777245756238699 HTTP/1.1" 200 131
186.154.84.82 - - [24/Jan/2015:09:16:37 -0500] "GET /forest/json.do?query=terceroById&numTer=830056053&a=0.48472491069696844 HTTP/1.1" 200 711
186.154.84.82 - - [24/Jan/2015:09:16:37 -0500] "GET /forest/json.do?query=datosBorradorByCodTraBorr&codTraBorr=1613143&a=0.3352065575309098 HTTP/1.1" 200 180
186.154.84.82 - - [24/Jan/2015:09:16:37 -0500] "GET /forest/json.do?query=ultimoBorradorByTpl&codTpl=2085&codInst=2987764&a=0.9559065215289593 HTTP/1.1" 200 20
186.154.84.82 - - [24/Jan/2015:09:16:37 -0500] "GET /forest/json.do?query=adjuntosByBorrador&codTraBorr=1613143&a=0.33755235001444817 HTTP/1.1" 200 2
74.86.158.107 - - [24/Jan/2015:09:17:01 -0500] "HEAD / HTTP/1.1" 302 -
188.165.15.208 - - [24/Jan/2015:09:17:05 -0500] "GET /BLA/resoluciones/RESOLUCIONES%202006/RES%202006%201051-1100/00001083.tif HTTP/1.1" 200 462492
66.249.67.83 - - [24/Jan/2015:09:17:05 -0500] "GET /BLA/resoluciones/RESOLUCIONES%202009/0891.pdf HTTP/1.1" 200 213079
186.154.84.82 - - [24/Jan/2015:09:17:03 -0500] "POST /forest/usutareas.do?group_system_actual=3 HTTP/1.1" 200 200
66.249.67.67 - - [24/Jan/2015:09:17:09 -0500] "GET /BLA/resoluciones/Notificaciones/AUTOS%202014/2120.doc HTTP/1.1" 200 258560
186.154.84.82 - - [24/Jan/2015:09:15:23 -0500] "GET /ForestMSG_SDA/channelAsync/template_word_17341698?X-Atmosphere-tracking-id=687eba0f-c5d1-1f11-b399-84a261758550&X-Atmosphere-Framework=1.0.5&X-Atmosphere-Transport=long-polling&tabid=0.6769251066725701&X-Cache-Date=0&Content-Type=application/xml&_=1422109111189 HTTP/1.1" 200 8193
186.154.84.82 - - [24/Jan/2015:09:17:11 -0500] "GET /forest/usutareas.do?group_system_actual=3&a=0.2931808033026755 HTTP/1.1" 200 121060
186.154.84.82 - - [24/Jan/2015:09:17:13 -0500] "GET /forest/session.jsp?a=0.4742396902292967 HTTP/1.1" 200 4
186.154.84.82 - - [24/Jan/2015:09:17:19 -0500] "GET /forest/actions/forms.getList?codForm=revctvertimientos&id=FuncionarioOrigen5&text=C HTTP/1.1" 200 1168
186.154.84.82 - - [24/Jan/2015:09:17:19 -0500] "GET /forest/actions/forms.getList?codForm=revctvertimientos&id=FuncionarioOrigen5&text=CY HTTP/1.1" 200 1053
186.154.84.82 - - [24/Jan/2015:09:17:19 -0500] "GET /forest/actions/forms.getList?codForm=revctvertimientos&id=FuncionarioOrigen5&text=CYN HTTP/1.1" 200 118
201.245.192.253 - - [24/Jan/2015:09:17:22 -0500] "GET /forest/session.jsp?a=0.6153394493583803 HTTP/1.1" 200 4
200.118.49.10 - - [24/Jan/2015:09:17:32 -0500] "GET /crossdomain.xml HTTP/1.1" 404 1280
200.118.49.10 - - [24/Jan/2015:09:17:32 -0500] "GET /arcgis/services/Calidad_del_Agua_WQI/MapServer/WMSServer?HEIGHT=675&VERSION=1%2E1%2E1&STYLES=&WIDTH=1280&TRANSPARENT=TRUE&BBOX=%2D74%2E10619040217071%2C4%2E546299995188969%2C%2D73%2E95390489779757%2C4%2E62660680413574&LAYERS=3%2C4%2C5%2C6%2C7&REQUEST=GetMap&SRS=EPSG%3A4686&SERVICE=WMS&FORMAT=image%2Fpng HTTP/1.1" 200 7311
66.249.67.83 - - [24/Jan/2015:09:17:54 -0500] "GET /autoliquidacion/index.php?dir=Cobro%20Clasificacion%20Uso%20De%20Vivenda%20En%20Suelo%20Restringido/&sort=name&order=desc HTTP/1.1" 200 3194
107.167.103.208 - - [24/Jan/2015:09:18:32 -0500] "GET /BLA/boletinlegal/js/jquery.js HTTP/1.1" 200 57254
107.167.103.208 - - [24/Jan/2015:09:18:32 -0500] "GET /BLA/boletinlegal/js/jquery.scrollTo-min.js HTTP/1.1" 200 1150
107.167.103.208 - - [24/Jan/2015:09:18:33 -0500] "GET /BLA/boletinlegal/js/jquery.scrollShow.js HTTP/1.1" 200 4586
66.249.67.67 - - [24/Jan/2015:09:18:43 -0500] "GET /BLA/resoluciones/RESOLUCIONES%202009/5624.pdf HTTP/1.1" 200 349934
66.249.67.83 - - [24/Jan/2015:09:18:46 -0500] "GET /BLA/resoluciones/RESOLUCIONES%202006/RES%202006%20951-1000/00000964.tif HTTP/1.1" 200 206124
81.107.13.22 - - [24/Jan/2015:09:19:21 -0500] "GET /webdav/x32.php HTTP/1.1" 404 1018
66.249.67.83 - - [24/Jan/2015:09:19:25 -0500] "GET /autoliquidacion/Solicitudes%20relacionadas%20con%20ocupaci%C3%B3n%20de%20cauce/LISTA%20DE%20CHEQUEO%20PERMISO-OCUPACI%C3%93N-CAUCE.pdf HTTP/1.1" 304 -
66.249.67.83 - - [24/Jan/2015:09:19:31 -0500] "GET /BLA/resoluciones/RESOLUCIONES%202009/1030.pdf HTTP/1.1" 200 208573
190.25.226.4 - - [24/Jan/2015:09:19:34 -0500] "GET /BLA/boletinlegal/js/jquery.js HTTP/1.1" 200 57254
190.25.226.4 - - [24/Jan/2015:09:19:34 -0500] "GET /BLA/boletinlegal/js/jquery.scrollTo-min.js HTTP/1.1" 200 1150
190.25.226.4 - - [24/Jan/2015:09:19:34 -0500] "GET /BLA/boletinlegal/js/jquery.scrollShow.js HTTP/1.1" 200 4586
186.154.84.82 - - [24/Jan/2015:09:19:48 -0500] "POST /forest/usutareas.do? HTTP/1.1" 200 76
186.154.84.82 - - [24/Jan/2015:09:19:55 -0500] "GET /forest/usutareas.do?group_system_actual=3&a=0.576092256931588 HTTP/1.1" 200 19879
186.154.84.82 - - [24/Jan/2015:09:19:55 -0500] "GET /forest/session.jsp?a=0.09626196161843836 HTTP/1.1" 200 4
201.245.192.253 - - [24/Jan/2015:09:19:56 -0500] "GET /forest/session.jsp?a=0.6033640268536586 HTTP/1.1" 200 4
186.154.84.82 - - [24/Jan/2015:09:20:16 -0500] "GET /ForestMSG_SDA/channelAsync/template_word_17341698?X-Atmosphere-tracking-id=4dc539ee-0add-78e4-0d6b-e4403ffda981&X-Atmosphere-Framework=1.0.5&X-Atmosphere-Transport=long-polling&tabid=0.4383192032109946&X-Cache-Date=0&Content-Type=application/xml&_=1422109404905 HTTP/1.1" 200 8293
186.154.84.82 - - [24/Jan/2015:09:20:17 -0500] "GET /forest/session.jsp?a=0.0731227146461606 HTTP/1.1" 200 4
66.249.67.83 - - [24/Jan/2015:09:20:20 -0500] "GET /BLA/resoluciones/AUTOS%202012/1584.pdf HTTP/1.1" 200 2145898
186.154.84.82 - - [24/Jan/2015:09:20:39 -0500] "GET /forest/misactividades.do?_a=0.3085249266587198&group_system_actual=3 HTTP/1.1" 200 37897
186.154.84.82 - - [24/Jan/2015:09:20:40 -0500] "GET /forest/session.jsp?a=0.21699550678022206 HTTP/1.1" 200 4
186.154.84.82 - - [24/Jan/2015:09:20:40 -0500] "POST /forest/misactividades.do?ajax=true&a=0.5988870244473219 HTTP/1.1" 200 3460
188.165.15.5 - - [24/Jan/2015:09:20:40 -0500] "GET /BLA/resoluciones/RESOLUCIONES%202005/RES%202005%202201-2250/00002223.tif HTTP/1.1" 200 155854
179.12.70.216 - - [24/Jan/2015:09:20:41 -0500] "GET /BLA/boletinlegal/js/jquery.js HTTP/1.1" 200 57254
179.12.70.216 - - [24/Jan/2015:09:20:41 -0500] "GET /BLA/boletinlegal/js/jquery.scrollTo-min.js HTTP/1.1" 200 1150
179.12.70.216 - - [24/Jan/2015:09:20:42 -0500] "GET /BLA/boletinlegal/js/jquery.scrollShow.js HTTP/1.1" 200 4586
66.249.67.75 - - [24/Jan/2015:09:21:09 -0500] "GET /BLA/resoluciones/RESOLUCIONES%202008/5009.pdf HTTP/1.1" 200 343680
186.154.84.82 - - [24/Jan/2015:09:21:08 -0500] "GET /forest/usutareas.do?_a=0.35011546360328794&group_system_actual=3 HTTP/1.1" 200 121523
186.154.84.82 - - [24/Jan/2015:09:21:10 -0500] "GET /forest/session.jsp?a=0.16321959719061852 HTTP/1.1" 200 4
180.76.5.22 - - [24/Jan/2015:09:21:13 -0500] "GET /BLA/boletinlegal;jsessionid=87AD543E3F896568D8DBC350279B41CE?/? HTTP/1.1" 404 1018
200.106.163.134 - - [24/Jan/2015:09:21:17 -0500] "GET /galeria/nivo-slider/demo/demo.html HTTP/1.1" 304 -
200.106.163.134 - - [24/Jan/2015:09:21:18 -0500] "GET /galeria/nivo-slider/demo/images/bolsas-08.jpg HTTP/1.1" 304 -
200.106.163.134 - - [24/Jan/2015:09:21:18 -0500] "GET /galeria/nivo-slider/demo/images/Ruta-vertimientos-01.jpg HTTP/1.1" 304 -
200.106.163.134 - - [24/Jan/2015:09:21:18 -0500] "GET /galeria/nivo-slider/demo/images/bolsas-06.jpg HTTP/1.1" 304 -
200.106.163.134 - - [24/Jan/2015:09:21:22 -0500] "GET /videos/Spot_CambioClimatico.flv HTTP/1.1" 200 4371917
186.154.84.82 - - [24/Jan/2015:09:21:22 -0500] "GET /forest/usugrafico.do?_a=0.39361827867105603&group_system_actual=3 HTTP/1.1" 200 67155
186.154.84.82 - - [24/Jan/2015:09:21:23 -0500] "GET /forest/session.jsp?a=0.8560804561711848 HTTP/1.1" 200 4
186.154.84.82 - - [24/Jan/2015:09:21:26 -0500] "GET /forest/skins/gdocs-jar/img/contraido.gif HTTP/1.1" 304 -
186.118.46.149 - - [24/Jan/2015:09:21:32 -0500] "GET /BLA/boletinlegal/js/jquery.js HTTP/1.1" 200 57254
186.118.46.149 - - [24/Jan/2015:09:21:32 -0500] "GET /BLA/boletinlegal/js/jquery.scrollShow.js HTTP/1.1" 200 4586
186.118.46.149 - - [24/Jan/2015:09:21:32 -0500] "GET /BLA/boletinlegal/js/jquery.scrollTo-min.js HTTP/1.1" 200 1150
123.125.71.21 - - [24/Jan/2015:09:21:36 -0500] "GET / HTTP/1.1" 302 -
66.249.67.83 - - [24/Jan/2015:09:21:41 -0500] "GET /BLA/resoluciones/RESOLUCIONES%202007/RES%202007%204001%20AL%204100/RESOLUCION%204032%20DE%202007.pdf HTTP/1.1" 200 713379
66.249.67.103 - - [24/Jan/2015:09:21:43 -0500] "GET / HTTP/1.1" 302 -
188.165.15.177 - - [24/Jan/2015:09:21:48 -0500] "GET /BLA/resoluciones/RESOLUCIONES%202005/RES%202005%201-50/RES%202005%20101-150/00000104.tif HTTP/1.1" 200 151758
66.249.67.75 - - [24/Jan/2015:09:21:57 -0500] "GET /BLA/resoluciones/AUTOS%202008/1692.pdf HTTP/1.1" 200 107317
74.86.158.107 - - [24/Jan/2015:09:22:01 -0500] "HEAD / HTTP/1.1" 302 -
186.154.84.82 - - [24/Jan/2015:09:22:20 -0500] "GET /forest/usutareas.do?_a=0.3217218539211899&group_system_actual=3 HTTP/1.1" 200 121523
201.245.192.253 - - [24/Jan/2015:09:22:22 -0500] "GET /forest/session.jsp?a=0.7221773209611178 HTTP/1.1" 200 4
186.154.84.82 - - [24/Jan/2015:09:21:10 -0500] "GET /ForestMSG_SDA/channelAsync/template_word_17343942?X-Atmosphere-tracking-id=dfb78fa0-0a00-f20c-0d55-e3b2a8295605&X-Atmosphere-Framework=1.0.5&X-Atmosphere-Transport=long-polling&tabid=0.14413644885644317&X-Cache-Date=0&Content-Type=application/xml&_=1422109458000 HTTP/1.1" 200 8193
186.154.84.82 - - [24/Jan/2015:09:22:22 -0500] "GET /forest/session.jsp?a=0.11464662896469235 HTTP/1.1" 200 4
66.249.67.67 - - [24/Jan/2015:09:22:46 -0500] "GET /BLA/resoluciones/RESOLUCIONES%202009/7005.pdf HTTP/1.1" 200 724025
186.154.84.82 - - [24/Jan/2015:09:17:12 -0500] "GET /ForestMSG_SDA/channelAsync/template_word_17341698?X-Atmosphere-tracking-id=8d2b89a4-ca80-60e0-0d56-02996eb108ca&X-Atmosphere-Framework=1.0.5&X-Atmosphere-Transport=long-polling&tabid=0.4392011840827763&X-Cache-Date=0&Content-Type=application/xml&_=1422109220699 HTTP/1.1" 200 8193
190.158.129.166 - - [24/Jan/2015:09:23:13 -0500] "GET /galeria/nivo-slider/demo/demo.html HTTP/1.1" 200 3150
220.181.108.80 - - [24/Jan/2015:09:23:23 -0500] "GET / HTTP/1.1" 302 -
66.249.67.75 - - [24/Jan/2015:09:23:35 -0500] "GET /BLA/resoluciones/RESOLUCIONES%202009/4032.pdf HTTP/1.1" 200 247953
186.154.84.82 - - [24/Jan/2015:09:23:35 -0500] "GET /forest/borrador/1613674/Registro%20de%20vertimientos.docx HTTP/1.1" 200 98356
66.249.67.67 - - [24/Jan/2015:09:23:56 -0500] "GET /BLA/resoluciones/RESOLUCIONES%202012/1281.pdf HTTP/1.1" 304 -
66.249.67.83 - - [24/Jan/2015:09:24:24 -0500] "GET /BLA/resoluciones/AUTOS%202008/0730.pdf HTTP/1.1" 200 134080
201.245.192.253 - - [24/Jan/2015:09:24:56 -0500] "GET /forest/session.jsp?a=0.2190987004058197 HTTP/1.1" 200 4
66.249.67.75 - - [24/Jan/2015:09:25:12 -0500] "GET /BLA/resoluciones/RESOLUCIONES%202009/8153.pdf HTTP/1.1" 200 486415
186.154.84.82 - - [24/Jan/2015:09:25:28 -0500] "GET /forest/documentos/1861696/2014ER91320.pdf HTTP/1.1" 200 1746148
107.167.107.175 - - [24/Jan/2015:09:25:50 -0500] "GET /BLA/boletinlegal/js/jquery.js HTTP/1.1" 200 57254
107.167.107.175 - - [24/Jan/2015:09:25:51 -0500] "GET /BLA/boletinlegal/js/jquery.scrollTo-min.js HTTP/1.1" 200 1150
107.167.107.175 - - [24/Jan/2015:09:25:51 -0500] "GET /BLA/boletinlegal/js/jquery.scrollShow.js HTTP/1.1" 200 4586
66.249.67.67 - - [24/Jan/2015:09:26:01 -0500] "GET /BLA/resoluciones/RESOLUCIONES%202008/2125.pdf HTTP/1.1" 200 203229
66.249.67.83 - - [24/Jan/2015:09:26:12 -0500] "GET /BLA/resoluciones/RESOLUCIONES%202009/8604.pdf HTTP/1.1" 200 1175853
81.107.13.22 - - [24/Jan/2015:09:26:14 -0500] "GET /webdav/x32.php HTTP/1.1" 404 1018
201.245.101.19 - - [24/Jan/2015:09:26:19 -0500] "GET /galeria/nivo-slider/demo/images/ecolecta-Dic2014.png HTTP/1.1" 304 -
66.249.67.83 - - [24/Jan/2015:09:26:50 -0500] "GET /BLA/resoluciones/AUTOS%202008/3213.pdf HTTP/1.1" 200 106263
74.86.158.107 - - [24/Jan/2015:09:27:01 -0500] "HEAD / HTTP/1.1" 302 -
201.245.192.253 - - [24/Jan/2015:09:27:22 -0500] "GET /forest/session.jsp?a=0.6079299274063702 HTTP/1.1" 200 4
186.154.84.82 - - [24/Jan/2015:09:27:24 -0500] "GET /forest/session.jsp?a=0.988311436958611 HTTP/1.1" 200 4
181.130.110.93 - - [24/Jan/2015:09:27:27 -0500] "GET /BLA/boletinlegal/js/jquery.js HTTP/1.1" 200 57254
181.130.110.93 - - [24/Jan/2015:09:27:27 -0500] "GET /BLA/boletinlegal/js/jquery.scrollTo-min.js HTTP/1.1" 200 1150
181.130.110.93 - - [24/Jan/2015:09:27:27 -0500] "GET /BLA/boletinlegal/js/jquery.scrollShow.js HTTP/1.1" 200 4586
201.185.141.163 - - [24/Jan/2015:09:27:36 -0500] "GET /BLA/boletinlegal/js/jquery.js HTTP/1.1" 200 57254
201.185.141.163 - - [24/Jan/2015:09:27:36 -0500] "GET /BLA/boletinlegal/js/jquery.scrollTo-min.js HTTP/1.1" 200 1150
201.185.141.163 - - [24/Jan/2015:09:27:36 -0500] "GET /BLA/boletinlegal/js/jquery.scrollShow.js HTTP/1.1" 200 4586
66.249.67.75 - - [24/Jan/2015:09:27:39 -0500] "GET /BLA/resoluciones/RESOLUCIONES%202008/2307.pdf HTTP/1.1" 200 354504
186.154.84.82 - - [24/Jan/2015:09:28:05 -0500] "GET /forest/skins/gdocs-jar/popup/escritorio/subirborrador.jsp?form=revctvertimientos&codTpl=&codBorr=542575&a=0.17406076821498573 HTTP/1.1" 200 23292
186.154.84.82 - - [24/Jan/2015:09:28:06 -0500] "GET /forest/json.do?query=borradoresByTpls&codInst=3041695&codTare=2993&firma=0&a=0.8192538830917329 HTTP/1.1" 200 184
186.154.84.82 - - [24/Jan/2015:09:28:06 -0500] "GET /forest/json.do?query=plantillasByTarea&codTare=2993&codInst=3041695&firma=0&a=0.1011762572452426 HTTP/1.1" 200 131
186.154.84.82 - - [24/Jan/2015:09:28:06 -0500] "GET /forest/json.do?query=terceroById&numTer=900626861-7&a=0.8305703215301037 HTTP/1.1" 200 681
186.154.84.82 - - [24/Jan/2015:09:28:06 -0500] "GET /forest/json.do?query=datosBorradorByCodTraBorr&codTraBorr=1613674&a=0.9681446806062013 HTTP/1.1" 200 180
186.154.84.82 - - [24/Jan/2015:09:28:06 -0500] "GET /forest/json.do?query=adjuntosByBorrador&codTraBorr=1613674&a=0.047364578349515796 HTTP/1.1" 200 2
186.154.84.82 - - [24/Jan/2015:09:28:06 -0500] "GET /forest/json.do?query=ultimoBorradorByTpl&codTpl=2085&codInst=3041695&a=0.7391937139909714 HTTP/1.1" 200 20
186.154.84.82 - - [24/Jan/2015:09:22:22 -0500] "GET /ForestMSG_SDA/channelAsync/template_word_17343942?X-Atmosphere-tracking-id=c5b94d38-0159-4741-0701-023f54d3a993&X-Atmosphere-Framework=1.0.5&X-Atmosphere-Transport=long-polling&tabid=0.267928225453943&X-Cache-Date=0&Content-Type=application/xml&_=1422109530644 HTTP/1.1" 200 8193
66.249.67.75 - - [24/Jan/2015:09:28:27 -0500] "GET /BLA/resoluciones/RESOLUCIONES%202008/2617.pdf HTTP/1.1" 200 232223
66.249.67.75 - - [24/Jan/2015:09:28:28 -0500] "GET /BLA/resoluciones/AUTOS%202013/0515.pdf HTTP/1.1" 200 2868084
66.249.67.119 - - [24/Jan/2015:09:28:33 -0500] "GET /htdocs/contrib/soap.php HTTP/1.1" 404 1019
186.154.84.82 - - [24/Jan/2015:09:28:39 -0500] "POST /forest/usutareas.do?group_system_actual=3 HTTP/1.1" 200 200
186.154.84.82 - - [24/Jan/2015:09:28:47 -0500] "GET /forest/usutareas.do?group_system_actual=3&a=0.07708977744914591 HTTP/1.1" 200 121524
186.154.84.82 - - [24/Jan/2015:09:28:22 -0500] "GET /ForestMSG_SDA/channelAsync/template_word_17343942?X-Atmosphere-tracking-id=c5b94d38-0159-4741-0701-023f54d3a993&X-Atmosphere-Framework=1.0.5&X-Atmosphere-Transport=long-polling&tabid=0.267928225453943&X-Cache-Date=0&Content-Type=application/xml&_=1422109890787 HTTP/1.1" 200 8193
186.154.84.82 - - [24/Jan/2015:09:28:50 -0500] "GET /forest/session.jsp?a=0.43436679732985795 HTTP/1.1" 200 4
186.154.84.82 - - [24/Jan/2015:09:28:57 -0500] "GET /forest/actions/forms.getList?codForm=revctvertimientos&id=FuncionarioOrigen5&text=C HTTP/1.1" 200 1168
186.154.84.82 - - [24/Jan/2015:09:28:57 -0500] "GET /forest/actions/forms.getList?codForm=revctvertimientos&id=FuncionarioOrigen5&text=CY HTTP/1.1" 200 1053
186.154.84.82 - - [24/Jan/2015:09:28:57 -0500] "GET /forest/actions/forms.getList?codForm=revctvertimientos&id=FuncionarioOrigen5&text=CYN HTTP/1.1" 200 118
186.154.84.82 - - [24/Jan/2015:09:28:57 -0500] "GET /forest/actions/forms.getList?codForm=revctvertimientos&id=FuncionarioOrigen5&text=CYNH HTTP/1.1" 200 2
186.154.84.82 - - [24/Jan/2015:09:28:58 -0500] "GET /forest/actions/forms.getList?codForm=revctvertimientos&id=FuncionarioOrigen5&text=CYN HTTP/1.1" 200 118
107.167.107.175 - - [24/Jan/2015:09:28:59 -0500] "GET /BLA/boletinlegal/js/jquery.js HTTP/1.1" 200 57254
107.167.107.175 - - [24/Jan/2015:09:29:00 -0500] "GET /BLA/boletinlegal/js/jquery.scrollTo-min.js HTTP/1.1" 200 1150
107.167.107.175 - - [24/Jan/2015:09:29:00 -0500] "GET /BLA/boletinlegal/js/jquery.scrollShow.js HTTP/1.1" 200 4586
66.249.67.83 - - [24/Jan/2015:09:29:16 -0500] "GET /BLA/resoluciones/AUTOS%202008/2935.pdf HTTP/1.1" 200 69300
66.249.67.83 - - [24/Jan/2015:09:29:20 -0500] "GET /BLA/resoluciones/RESOLUCIONES%202003/RES%202003%20351-400/357.tif HTTP/1.1" 200 227292
186.154.84.82 - - [24/Jan/2015:09:29:24 -0500] "POST /forest/usutareas.do? HTTP/1.1" 200 76
186.154.84.82 - - [24/Jan/2015:09:29:28 -0500] "GET /forest/usutareas.do?group_system_actual=3&a=0.08034622808918357 HTTP/1.1" 200 19880
186.154.84.82 - - [24/Jan/2015:09:29:28 -0500] "GET /forest/session.jsp?a=0.8809627152513713 HTTP/1.1" 200 4
188.165.15.208 - - [24/Jan/2015:09:29:34 -0500] "GET /BLA/resoluciones/RESOLUCIONES%202006/RES%202006%20601-650/00000637.tif HTTP/1.1" 200 122340
186.154.84.82 - - [24/Jan/2015:09:29:35 -0500] "GET /forest/misactividades.do?_a=0.8323037982918322&group_system_actual=3 HTTP/1.1" 200 37897
186.154.84.82 - - [24/Jan/2015:09:29:36 -0500] "GET /forest/session.jsp?a=0.6112866040784866 HTTP/1.1" 200 4
186.154.84.82 - - [24/Jan/2015:09:29:36 -0500] "POST /forest/misactividades.do?ajax=true&a=0.8216844606213272 HTTP/1.1" 200 2885
200.118.49.10 - - [24/Jan/2015:09:29:37 -0500] "GET /crossdomain.xml HTTP/1.1" 404 1280
200.118.49.10 - - [24/Jan/2015:09:29:37 -0500] "GET /arcgis/services/Calidad_del_Agua_WQI/MapServer/WMSServer?HEIGHT=651&VERSION=1%2E1%2E1&STYLES=&WIDTH=1280&TRANSPARENT=TRUE&BBOX=%2D74%2E10619040217071%2C4%2E549155348395965%2C%2D73%2E95390489779757%2C4%2E62660680413574&LAYERS=3%2C4%2C5%2C6%2C7&REQUEST=GetMap&SRS=EPSG%3A4686&SERVICE=WMS&FORMAT=image%2Fpng HTTP/1.1" 200 7134
181.157.155.192 - - [24/Jan/2015:09:29:40 -0500] "GET /BLA/resoluciones/RESOLUCIONES%202014/1892.pdf HTTP/1.1" 200 783016
200.118.49.10 - - [24/Jan/2015:09:29:41 -0500] "GET /arcgis/services/Calidad_del_Agua_WQI/MapServer/WMSServer?HEIGHT=651&VERSION=1%2E1%2E1&STYLES=&WIDTH=1280&TRANSPARENT=TRUE&BBOX=%2D74%2E12178531025087%2C4%2E5075153058912205%2C%2D73%2E96949980587773%2C4%2E584966761630995&LAYERS=3%2C4%2C5%2C6%2C7&REQUEST=GetMap&SRS=EPSG%3A4686&SERVICE=WMS&FORMAT=image%2Fpng HTTP/1.1" 200 6052
200.118.49.10 - - [24/Jan/2015:09:29:43 -0500] "GET /arcgis/services/Calidad_del_Agua_WQI/MapServer/WMSServer?HEIGHT=651&VERSION=1%2E1%2E1&STYLES=&WIDTH=1280&TRANSPARENT=TRUE&BBOX=%2D74%2E11472321679109%2C4%2E522866366310348%2C%2D73%2E96243771241795%2C4%2E600317822050123&LAYERS=3%2C4%2C5%2C6%2C7&REQUEST=GetMap&SRS=EPSG%3A4686&SERVICE=WMS&FORMAT=image%2Fpng HTTP/1.1" 200 6592
181.157.155.192 - - [24/Jan/2015:09:29:46 -0500] "GET /BLA/resoluciones/RESOLUCIONES%202014/1892.pdf HTTP/1.1" 200 783016
200.118.49.10 - - [24/Jan/2015:09:29:48 -0500] "GET /crossdomain.xml HTTP/1.1" 404 1280
200.118.49.10 - - [24/Jan/2015:09:29:49 -0500] "GET /arcgis/services/Calidad_del_Agua_WQI/MapServer/WMSServer?HEIGHT=651&VERSION=1%2E1%2E1&STYLES=&WIDTH=1280&TRANSPARENT=TRUE&BBOX=%2D74%2E1107281448765%2C4%2E535222363512749%2C%2D73%2E95844264050336%2C4%2E612673819252524&LAYERS=3%2C4%2C5%2C6%2C7&REQUEST=GetMap&SRS=EPSG%3A4686&SERVICE=WMS&FORMAT=image%2Fpng HTTP/1.1" 200 6575
200.118.49.10 - - [24/Jan/2015:09:29:50 -0500] "GET /arcgis/services/Calidad_del_Agua_WQI/MapServer/WMSServer?HEIGHT=651&VERSION=1%2E1%2E1&STYLES=&WIDTH=1280&TRANSPARENT=TRUE&BBOX=%2D74%2E06504249356456%2C4%2E558457800234681%2C%2D74%2E0041282918153%2C4%2E5894383825305916&LAYERS=3%2C4%2C5%2C6%2C7&REQUEST=GetMap&SRS=EPSG%3A4686&SERVICE=WMS&FORMAT=image%2Fpng HTTP/1.1" 200 5306
188.165.15.43 - - [24/Jan/2015:09:29:52 -0500] "GET /BLA/resoluciones/RESOLUCIONES%202006/RES%202006%201901-1950/00001903.tif HTTP/1.1" 200 553218
201.245.192.253 - - [24/Jan/2015:09:29:56 -0500] "GET /forest/session.jsp?a=0.6238926494399066 HTTP/1.1" 200 4
200.118.49.10 - - [24/Jan/2015:09:30:05 -0500] "GET /crossdomain.xml HTTP/1.1" 404 1280
200.118.49.10 - - [24/Jan/2015:09:30:06 -0500] "GET /arcgis/services/Calidad_del_Agua_WQI/MapServer/WMSServer?HEIGHT=651&VERSION=1%2E1%2E1&STYLES=&WIDTH=1280&TRANSPARENT=TRUE&BBOX=%2D74%2E0376311027774%2C4%2E5723990622678405%2C%2D74%2E03153968260247%2C4%2E575497120497432&LAYERS=3%2C4%2C5%2C6%2C7&REQUEST=GetMap&SRS=EPSG%3A4686&SERVICE=WMS&FORMAT=image%2Fpng HTTP/1.1" 200 4827
181.157.155.192 - - [24/Jan/2015:09:30:07 -0500] "GET /BLA/resoluciones/RESOLUCIONES%202014/1892.pdf HTTP/1.1" 200 783016
189.241.41.130 - - [24/Jan/2015:09:30:14 -0500] "GET /BLA/boletinlegal/js/jquery.js HTTP/1.1" 200 57254
189.241.41.130 - - [24/Jan/2015:09:30:14 -0500] "GET /BLA/boletinlegal/js/jquery.scrollTo-min.js HTTP/1.1" 200 1150
189.241.41.130 - - [24/Jan/2015:09:30:14 -0500] "GET /BLA/boletinlegal/js/jquery.scrollShow.js HTTP/1.1" 200 4586
66.249.67.83 - - [24/Jan/2015:09:30:15 -0500] "GET /BLA/resoluciones/RESOLUCIONES%202010/7707.pdf HTTP/1.1" 200 525106
200.118.49.10 - - [24/Jan/2015:09:30:18 -0500] "GET /crossdomain.xml HTTP/1.1" 404 1280
200.118.49.10 - - [24/Jan/2015:09:30:18 -0500] "GET /arcgis/services/Calidad_del_Agua_WQI/MapServer/WMSServer?HEIGHT=651&VERSION=1%2E1%2E1&STYLES=&WIDTH=1280&TRANSPARENT=TRUE&BBOX=%2D74%2E0446847667517%2C4%2E575415873111546%2C%2D74%2E03859334657677%2C4%2E578513931341138&LAYERS=3%2C4%2C5%2C6%2C7&REQUEST=GetMap&SRS=EPSG%3A4686&SERVICE=WMS&FORMAT=image%2Fpng HTTP/1.1" 200 4827
200.118.49.10 - - [24/Jan/2015:09:30:19 -0500] "GET /arcgis/services/Calidad_del_Agua_WQI/MapServer/WMSServer?HEIGHT=651&VERSION=1%2E1%2E1&STYLES=&WIDTH=1280&TRANSPARENT=TRUE&BBOX=%2D74%2E0492533318829%2C4%2E573092329439353%2C%2D74%2E03402478144558%2C4%2E580837475013331&LAYERS=3%2C4%2C5%2C6%2C7&REQUEST=GetMap&SRS=EPSG%3A4686&SERVICE=WMS&FORMAT=image%2Fpng HTTP/1.1" 200 4827
200.118.49.10 - - [24/Jan/2015:09:30:20 -0500] "GET /arcgis/services/Calidad_del_Agua_WQI/MapServer/WMSServer?HEIGHT=651&VERSION=1%2E1%2E1&STYLES=&WIDTH=1280&TRANSPARENT=TRUE&BBOX=%2D74%2E05686760710155%2C4%2E569219756652364%2C%2D74%2E02641050622692%2C4%2E5847100478003195&LAYERS=3%2C4%2C5%2C6%2C7&REQUEST=GetMap&SRS=EPSG%3A4686&SERVICE=WMS&FORMAT=image%2Fpng HTTP/1.1" 200 4827
181.157.155.192 - - [24/Jan/2015:09:30:24 -0500] "GET /BLA/resoluciones/RESOLUCIONES%202014/1892.pdf HTTP/1.1" 200 783016
200.118.49.10 - - [24/Jan/2015:09:30:25 -0500] "GET /arcgis/services/Calidad_del_Agua_WQI/MapServer/WMSServer?HEIGHT=651&VERSION=1%2E1%2E1&STYLES=&WIDTH=1280&TRANSPARENT=TRUE&BBOX=%2D74%2E05785663211184%2C4%2E571618384080817%2C%2D74%2E02739953123721%2C4%2E587108675228772&LAYERS=3%2C4%2C5%2C6%2C7&REQUEST=GetMap&SRS=EPSG%3A4686&SERVICE=WMS&FORMAT=image%2Fpng HTTP/1.1" 200 4827
200.118.49.10 - - [24/Jan/2015:09:30:26 -0500] "GET /arcgis/services/Calidad_del_Agua_WQI/MapServer/WMSServer?HEIGHT=651&VERSION=1%2E1%2E1&STYLES=&WIDTH=1280&TRANSPARENT=TRUE&BBOX=%2D74%2E07308518254915%2C4%2E563873238506839%2C%2D74%2E0121709807999%2C4%2E59485382080275&LAYERS=3%2C4%2C5%2C6%2C7&REQUEST=GetMap&SRS=EPSG%3A4686&SERVICE=WMS&FORMAT=image%2Fpng HTTP/1.1" 200 5505
200.118.49.10 - - [24/Jan/2015:09:30:30 -0500] "GET /crossdomain.xml HTTP/1.1" 404 1280
200.118.49.10 - - [24/Jan/2015:09:30:31 -0500] "GET /arcgis/services/Calidad_del_Agua_WQI/MapServer/WMSServer?HEIGHT=651&VERSION=1%2E1%2E1&STYLES=&WIDTH=1280&TRANSPARENT=TRUE&BBOX=%2D74%2E1003526567201%2C4%2E5677365559043634%2C%2D74%2E03943845497085%2C4%2E598717138200274&LAYERS=3%2C4%2C5%2C6%2C7&REQUEST=GetMap&SRS=EPSG%3A4686&SERVICE=WMS&FORMAT=image%2Fpng HTTP/1.1" 200 7037
200.118.49.10 - - [24/Jan/2015:09:30:33 -0500] "GET /arcgis/services/Calidad_del_Agua_WQI/MapServer/WMSServer?HEIGHT=651&VERSION=1%2E1%2E1&STYLES=&WIDTH=1280&TRANSPARENT=TRUE&BBOX=%2D74%2E10088221478188%2C4%2E563263044608886%2C%2D74%2E03996801303262%2C4%2E594243626904797&LAYERS=3%2C4%2C5%2C6%2C7&REQUEST=GetMap&SRS=EPSG%3A4686&SERVICE=WMS&FORMAT=image%2Fpng HTTP/1.1" 200 7377
186.154.84.82 - - [24/Jan/2015:09:30:33 -0500] "GET /forest/usutareas.do?_a=0.6576083740219474&group_system_actual=3 HTTP/1.1" 200 118753
186.154.84.82 - - [24/Jan/2015:09:30:36 -0500] "GET /forest/session.jsp?a=0.14834434143267572 HTTP/1.1" 200 4
66.249.67.75 - - [24/Jan/2015:09:30:44 -0500] "GET /BLA/resoluciones/RESOLUCIONES%202009/5609.pdf HTTP/1.1" 304 -
66.249.67.75 - - [24/Jan/2015:09:30:54 -0500] "GET /BLA/resoluciones/AUTOS%202008/2798.pdf HTTP/1.1" 200 143833
200.118.49.10 - - [24/Jan/2015:09:31:10 -0500] "GET /crossdomain.xml HTTP/1.1" 404 1280
200.118.49.10 - - [24/Jan/2015:09:31:11 -0500] "GET /arcgis/services/Calidad_del_Agua_WQI/MapServer/WMSServer?HEIGHT=651&VERSION=1%2E1%2E1&STYLES=&WIDTH=1280&TRANSPARENT=TRUE&BBOX=%2D74%2E09841096219306%2C4%2E581115099219475%2C%2D74%2E0374967604438%2C4%2E6120956815153855&LAYERS=3%2C4%2C5%2C6%2C7&REQUEST=GetMap&SRS=EPSG%3A4686&SERVICE=WMS&FORMAT=image%2Fpng HTTP/1.1" 200 5452
200.118.49.10 - - [24/Jan/2015:09:31:13 -0500] "GET /arcgis/services/Calidad_del_Agua_WQI/MapServer/WMSServer?HEIGHT=651&VERSION=1%2E1%2E1&STYLES=&WIDTH=1280&TRANSPARENT=TRUE&BBOX=%2D74%2E09190152154225%2C4%2E606156252548776%2C%2D74%2E030987319793%2C4%2E637136834844687&LAYERS=3%2C4%2C5%2C6%2C7&REQUEST=GetMap&SRS=EPSG%3A4686&SERVICE=WMS&FORMAT=image%2Fpng HTTP/1.1" 200 7061
200.118.49.10 - - [24/Jan/2015:09:31:16 -0500] "GET /arcgis/services/Calidad_del_Agua_WQI/MapServer/WMSServer?HEIGHT=651&VERSION=1%2E1%2E1&STYLES=&WIDTH=1280&TRANSPARENT=TRUE&BBOX=%2D74%2E07541946995612%2C4%2E612627578578289%2C%2D74%2E04496236908149%2C4%2E628117869726244&LAYERS=3%2C4%2C5%2C6%2C7&REQUEST=GetMap&SRS=EPSG%3A4686&SERVICE=WMS&FORMAT=image%2Fpng HTTP/1.1" 200 7138
186.154.84.82 - - [24/Jan/2015:09:31:17 -0500] "GET /forest/borrador/1613806/Registro%20de%20vertimientos.docx HTTP/1.1" 200 98371
190.25.226.4 - - [24/Jan/2015:09:31:18 -0500] "GET /videos/CRRFFS.mp4 HTTP/1.1" 200 286784363
189.231.236.117 - - [24/Jan/2015:09:31:29 -0500] "GET /BLA/boletinlegal/js/jquery.js HTTP/1.1" 200 57254
189.231.236.117 - - [24/Jan/2015:09:31:29 -0500] "GET /BLA/boletinlegal/js/jquery.scrollShow.js HTTP/1.1" 200 4586
189.231.236.117 - - [24/Jan/2015:09:31:29 -0500] "GET /BLA/boletinlegal/js/jquery.scrollTo-min.js HTTP/1.1" 200 1150
190.25.226.4 - - [24/Jan/2015:09:31:30 -0500] "GET /videos/CRRFFS.mp4 HTTP/1.1" 206 1
66.249.67.67 - - [24/Jan/2015:09:31:43 -0500] "GET /BLA/resoluciones/RESOLUCIONES%202009/8351.pdf HTTP/1.1" 200 405244
186.154.84.82 - - [24/Jan/2015:09:31:42 -0500] "GET /forest/documentos/1963229/2014ER192828.pdf HTTP/1.1" 200 310966
189.241.41.130 - - [24/Jan/2015:09:30:24 -0500] "GET /videos/CRRFFS.mp4 HTTP/1.1" 200 286784363
66.249.67.67 - - [24/Jan/2015:09:32:01 -0500] "GET /BLA/resoluciones/RESOLUCIONES%202009/8082.pdf HTTP/1.1" 200 480739
74.86.158.107 - - [24/Jan/2015:09:32:01 -0500] "HEAD / HTTP/1.1" 302 -
180.76.6.20 - - [24/Jan/2015:09:32:09 -0500] "GET /BLA/resoluciones/index.php?dir=RESOLUCIONES%202002/RES%202002%20201-250/&sort=name&order=desc HTTP/1.1" 200 12324
201.245.192.253 - - [24/Jan/2015:09:32:22 -0500] "GET /forest/session.jsp?a=0.3501835603262078 HTTP/1.1" 200 4
189.231.236.117 - - [24/Jan/2015:09:31:36 -0500] "GET /videos/CRRFFS.mp4 HTTP/1.1" 200 286784363
200.118.49.10 - - [24/Jan/2015:09:32:27 -0500] "GET /crossdomain.xml HTTP/1.1" 404 1280
200.118.49.10 - - [24/Jan/2015:09:32:27 -0500] "GET /arcgis/services/Calidad_del_Agua_WQI/MapServer/WMSServer?HEIGHT=651&VERSION=1%2E1%2E1&STYLES=&WIDTH=1280&TRANSPARENT=TRUE&BBOX=%2D74%2E07385447783389%2C4%2E618197353118554%2C%2D74%2E04339737695926%2C4%2E63368764426651&LAYERS=3%2C4%2C5%2C6%2C7&REQUEST=GetMap&SRS=EPSG%3A4686&SERVICE=WMS&FORMAT=image%2Fpng HTTP/1.1" 200 7387
200.118.49.10 - - [24/Jan/2015:09:32:29 -0500] "GET /arcgis/services/Calidad_del_Agua_WQI/MapServer/WMSServer?HEIGHT=651&VERSION=1%2E1%2E1&STYLES=&WIDTH=1280&TRANSPARENT=TRUE&BBOX=%2D74%2E07107859304654%2C4%2E622220704284089%2C%2D74%2E04062149217191%2C4%2E637710995432045&LAYERS=3%2C4%2C5%2C6%2C7&REQUEST=GetMap&SRS=EPSG%3A4686&SERVICE=WMS&FORMAT=image%2Fpng HTTP/1.1" 200 6479
200.118.49.10 - - [24/Jan/2015:09:32:30 -0500] "GET /arcgis/services/Calidad_del_Agua_WQI/MapServer/WMSServer?HEIGHT=651&VERSION=1%2E1%2E1&STYLES=&WIDTH=1280&TRANSPARENT=TRUE&BBOX=%2D74%2E07107859304654%2C4%2E626578162587868%2C%2D74%2E04062149217191%2C4%2E642068453735823&LAYERS=3%2C4%2C5%2C6%2C7&REQUEST=GetMap&SRS=EPSG%3A4686&SERVICE=WMS&FORMAT=image%2Fpng HTTP/1.1" 200 5475
66.249.67.75 - - [24/Jan/2015:09:32:31 -0500] "GET /BLA/resoluciones/RESOLUCIONES%202009/1022.pdf HTTP/1.1" 200 217436
200.118.49.10 - - [24/Jan/2015:09:32:34 -0500] "GET /arcgis/services/Calidad_del_Agua_WQI/MapServer/WMSServer?HEIGHT=651&VERSION=1%2E1%2E1&STYLES=&WIDTH=1280&TRANSPARENT=TRUE&BBOX=%2D74%2E07556046574541%2C4%2E614012062541764%2C%2D74%2E04510336487078%2C4%2E62950235368972&LAYERS=3%2C4%2C5%2C6%2C7&REQUEST=GetMap&SRS=EPSG%3A4686&SERVICE=WMS&FORMAT=image%2Fpng HTTP/1.1" 200 7283
181.192.252.232 - - [24/Jan/2015:09:32:37 -0500] "GET /BLA/boletinlegal/js/jquery.scrollTo-min.js HTTP/1.1" 200 1150
181.192.252.232 - - [24/Jan/2015:09:32:40 -0500] "GET /BLA/boletinlegal/js/jquery.js HTTP/1.1" 200 57254
181.192.252.232 - - [24/Jan/2015:09:32:46 -0500] "GET /BLA/boletinlegal/js/jquery.scrollShow.js HTTP/1.1" 200 4586
181.157.155.192 - - [24/Jan/2015:09:32:53 -0500] "GET /BLA/resoluciones/AUTOS%202011/3225.pdf HTTP/1.1" 200 510279
66.249.67.83 - - [24/Jan/2015:09:33:00 -0500] "GET /BLA/resoluciones/AUTOS%202008/0201.pdf HTTP/1.1" 304 -
200.118.49.10 - - [24/Jan/2015:09:33:04 -0500] "GET /crossdomain.xml HTTP/1.1" 404 1280
200.118.49.10 - - [24/Jan/2015:09:33:04 -0500] "GET /arcgis/services/Calidad_del_Agua_WQI/MapServer/WMSServer?HEIGHT=674&VERSION=1%2E1%2E1&STYLES=&WIDTH=1280&TRANSPARENT=TRUE&BBOX=%2D74%2E07556046574541%2C4%2E6134647865104235%2C%2D74%2E04510336487078%2C4%2E62950235368972&LAYERS=3%2C4%2C5%2C6%2C7&REQUEST=GetMap&SRS=EPSG%3A4686&SERVICE=WMS&FORMAT=image%2Fpng HTTP/1.1" 200 7505
181.157.155.192 - - [24/Jan/2015:09:33:07 -0500] "GET /BLA/resoluciones/AUTOS%202011/3225.pdf HTTP/1.1" 200 510279
200.118.49.10 - - [24/Jan/2015:09:33:08 -0500] "GET /arcgis/services/Calidad_del_Agua_WQI/MapServer/WMSServer?HEIGHT=674&VERSION=1%2E1%2E1&STYLES=&WIDTH=1280&TRANSPARENT=TRUE&BBOX=%2D74%2E07570110311946%2C4%2E610541208389138%2C%2D74%2E04524400224483%2C4%2E626578775568435&LAYERS=3%2C4%2C5%2C6%2C7&REQUEST=GetMap&SRS=EPSG%3A4686&SERVICE=WMS&FORMAT=image%2Fpng HTTP/1.1" 200 7029
200.118.49.10 - - [24/Jan/2015:09:33:13 -0500] "GET /arcgis/services/Calidad_del_Agua_WQI/MapServer/WMSServer?HEIGHT=674&VERSION=1%2E1%2E1&STYLES=&WIDTH=1280&TRANSPARENT=TRUE&BBOX=%2D74%2E0680868279008%2C4%2E6145506001839625%2C%2D74%2E05285827746349%2C4%2E622569383773611&LAYERS=3%2C4%2C5%2C6%2C7&REQUEST=GetMap&SRS=EPSG%3A4686&SERVICE=WMS&FORMAT=image%2Fpng HTTP/1.1" 200 5176
200.118.49.10 - - [24/Jan/2015:09:33:15 -0500] "GET /crossdomain.xml HTTP/1.1" 404 1280
200.118.49.10 - - [24/Jan/2015:09:33:17 -0500] "GET /arcgis/services/Calidad_del_Agua_WQI/MapServer/WMSServer?HEIGHT=674&VERSION=1%2E1%2E1&STYLES=&WIDTH=1280&TRANSPARENT=TRUE&BBOX=%2D74%2E07013549267191%2C4%2E6140304318560945%2C%2D74%2E0549069422346%2C4%2E622049215445743&LAYERS=3%2C4%2C5%2C6%2C7&REQUEST=GetMap&SRS=EPSG%3A4686&SERVICE=WMS&FORMAT=image%2Fpng HTTP/1.1" 200 4994
200.118.49.10 - - [24/Jan/2015:09:33:17 -0500] "GET /arcgis/services/Calidad_del_Agua_WQI/MapServer/WMSServer?HEIGHT=674&VERSION=1%2E1%2E1&STYLES=&WIDTH=1280&TRANSPARENT=TRUE&BBOX=%2D74%2E07054542812709%2C4%2E613327198297629%2C%2D74%2E05531687768978%2C4%2E621345981887277&LAYERS=3%2C4%2C5%2C6%2C7&REQUEST=GetMap&SRS=EPSG%3A4686&SERVICE=WMS&FORMAT=image%2Fpng HTTP/1.1" 200 4994
66.249.67.83 - - [24/Jan/2015:09:33:20 -0500] "GET /BLA/resoluciones/RESOLUCIONES%202011/4480.pdf HTTP/1.1" 200 351873
200.118.49.10 - - [24/Jan/2015:09:33:20 -0500] "GET /arcgis/services/Calidad_del_Agua_WQI/MapServer/WMSServer?HEIGHT=674&VERSION=1%2E1%2E1&STYLES=&WIDTH=1280&TRANSPARENT=TRUE&BBOX=%2D74%2E07083253260225%2C4%2E613135264352639%2C%2D74%2E05560398216494%2C4%2E621154047942287&LAYERS=3%2C4%2C5%2C6%2C7&REQUEST=GetMap&SRS=EPSG%3A4686&SERVICE=WMS&FORMAT=image%2Fpng HTTP/1.1" 200 4994
200.118.49.10 - - [24/Jan/2015:09:33:28 -0500] "GET /crossdomain.xml HTTP/1.1" 404 1280
200.118.49.10 - - [24/Jan/2015:09:33:28 -0500] "GET /arcgis/services/Calidad_del_Agua_WQI/MapServer/WMSServer?HEIGHT=674&VERSION=1%2E1%2E1&STYLES=&WIDTH=1280&TRANSPARENT=TRUE&BBOX=%2D74%2E0712161983773%2C4%2E615944560631292%2C%2D74%2E05598764793999%2C4%2E6239633442209405&LAYERS=3%2C4%2C5%2C6%2C7&REQUEST=GetMap&SRS=EPSG%3A4686&SERVICE=WMS&FORMAT=image%2Fpng HTTP/1.1" 200 5309
200.118.49.10 - - [24/Jan/2015:09:33:28 -0500] "GET /arcgis/services/Calidad_del_Agua_WQI/MapServer/WMSServer?HEIGHT=674&VERSION=1%2E1%2E1&STYLES=&WIDTH=1280&TRANSPARENT=TRUE&BBOX=%2D74%2E07105176832378%2C4%2E617052447782445%2C%2D74%2E05582321788647%2C4%2E625071231372093&LAYERS=3%2C4%2C5%2C6%2C7&REQUEST=GetMap&SRS=EPSG%3A4686&SERVICE=WMS&FORMAT=image%2Fpng HTTP/1.1" 200 5956
180.76.6.66 - - [24/Jan/2015:09:33:58 -0500] "GET /BLA/boletinlegal;jsessionid=059EE3346F600A7C9C015A15C8D5C54D?/? HTTP/1.1" 404 1018
200.118.49.10 - - [24/Jan/2015:09:33:59 -0500] "GET /crossdomain.xml HTTP/1.1" 404 1280
200.118.49.10 - - [24/Jan/2015:09:33:59 -0500] "GET /arcgis/services/Calidad_del_Agua_WQI/MapServer/WMSServer?HEIGHT=674&VERSION=1%2E1%2E1&STYLES=&WIDTH=1280&TRANSPARENT=TRUE&BBOX=%2D74%2E06793213593227%2C4%2E61034078000688%2C%2D74%2E05270358549495%2C4%2E618359563596528&LAYERS=3%2C4%2C5%2C6%2C7&REQUEST=GetMap&SRS=EPSG%3A4686&SERVICE=WMS&FORMAT=image%2Fpng HTTP/1.1" 200 4994
200.118.49.10 - - [24/Jan/2015:09:34:06 -0500] "GET /arcgis/services/Calidad_del_Agua_WQI/MapServer/WMSServer?HEIGHT=674&VERSION=1%2E1%2E1&STYLES=&WIDTH=1280&TRANSPARENT=TRUE&BBOX=%2D74%2E06777697511787%2C4%2E608391764001874%2C%2D74%2E05254842468055%2C4%2E6164105475915225&LAYERS=3%2C4%2C5%2C6%2C7&REQUEST=GetMap&SRS=EPSG%3A4686&SERVICE=WMS&FORMAT=image%2Fpng HTTP/1.1" 200 4994
200.118.49.10 - - [24/Jan/2015:09:34:07 -0500] "GET /arcgis/services/Calidad_del_Agua_WQI/MapServer/WMSServer?HEIGHT=674&VERSION=1%2E1%2E1&STYLES=&WIDTH=1280&TRANSPARENT=TRUE&BBOX=%2D74%2E06688848816304%2C4%2E611010895391198%2C%2D74%2E05165993772573%2C4%2E619029678980846&LAYERS=3%2C4%2C5%2C6%2C7&REQUEST=GetMap&SRS=EPSG%3A4686&SERVICE=WMS&FORMAT=image%2Fpng HTTP/1.1" 200 4994
66.249.67.75 - - [24/Jan/2015:09:34:08 -0500] "GET /BLA/resoluciones/AUTOS%202008/2906.pdf HTTP/1.1" 200 175422
200.118.49.10 - - [24/Jan/2015:09:34:11 -0500] "GET /crossdomain.xml HTTP/1.1" 404 1280
200.118.49.10 - - [24/Jan/2015:09:34:11 -0500] "GET /arcgis/services/Calidad_del_Agua_WQI/MapServer/WMSServer?HEIGHT=674&VERSION=1%2E1%2E1&STYLES=&WIDTH=1280&TRANSPARENT=TRUE&BBOX=%2D74%2E06827066995712%2C4%2E606285650257643%2C%2D74%2E0530421195198%2C4%2E614304433847291&LAYERS=3%2C4%2C5%2C6%2C7&REQUEST=GetMap&SRS=EPSG%3A4686&SERVICE=WMS&FORMAT=image%2Fpng HTTP/1.1" 200 4994
200.118.49.10 - - [24/Jan/2015:09:34:13 -0500] "GET /arcgis/services/Calidad_del_Agua_WQI/MapServer/WMSServer?HEIGHT=674&VERSION=1%2E1%2E1&STYLES=&WIDTH=1280&TRANSPARENT=TRUE&BBOX=%2D74%2E06800276038787%2C4%2E605714038740261%2C%2D74%2E05277420995056%2C4%2E613732822329909&LAYERS=3%2C4%2C5%2C6%2C7&REQUEST=GetMap&SRS=EPSG%3A4686&SERVICE=WMS&FORMAT=image%2Fpng HTTP/1.1" 200 4994
186.154.84.82 - - [24/Jan/2015:09:34:36 -0500] "GET /forest/skins/gdocs-jar/popup/escritorio/subirborrador.jsp?form=revctvertimientos&codTpl=&codBorr=542607&a=0.6623503344599158 HTTP/1.1" 200 23292
186.154.84.82 - - [24/Jan/2015:09:34:36 -0500] "GET /forest/json.do?query=borradoresByTpls&codInst=3041814&codTare=2993&firma=0&a=0.9483211783226579 HTTP/1.1" 200 184
186.154.84.82 - - [24/Jan/2015:09:34:36 -0500] "GET /forest/json.do?query=plantillasByTarea&codTare=2993&codInst=3041814&firma=0&a=0.8082800593692809 HTTP/1.1" 200 131
186.154.84.82 - - [24/Jan/2015:09:34:36 -0500] "GET /forest/json.do?query=terceroById&numTer=900221139-8&a=0.8427020132075995 HTTP/1.1" 200 674
