!C99Shell v. 1.0 pre-release build #13!

Software: Apache. PHP/5.5.15 

uname -a: Windows NT SVR-DMZ 6.1 build 7600 (Windows Server 2008 R2 Enterprise Edition) i586 

SYSTEM 

Safe-mode: OFF (not secure)

E:\nuevo\apache\logs\   drwxrwxrwx
Free 8.02 GB of 239.26 GB (3.35%)
Detected drives: [ a ] [ c ] [ d ] [ e ] [ f ]
Home    Back    Forward    UPDIR    Refresh    Search    Buffer    Encoder    Tools    Proc.    FTP brute    Sec.    SQL    PHP-code    Update    Feedback    Self remove    Logout    


Viewing file:     access.2015.01.25.log (2.4 MB)      -rw-rw-rw-
Select action/file-type:
(+) | (+) | (+) | Code (+) | Session (+) | (+) | SDB (+) | (+) | (+) | (+) | (+) | (+) |
66.249.67.67 - - [25/Jan/2015:00:00:02 -0500] "GET /BLA/resoluciones/RESOLUCIONES%202013/0468.pdf HTTP/1.1" 304 -
66.249.67.75 - - [25/Jan/2015:00:00:44 -0500] "GET /BLA/resoluciones/RESOLUCIONES%202007/RES%202007%204001%20AL%204100/RESOLUCION%204013%20DE%202007.pdf HTTP/1.1" 200 167382
188.165.15.110 - - [25/Jan/2015:00:00:50 -0500] "GET /BLA/resoluciones/RESOLUCIONES%202004/RES%202004%201151-1200/00001152.tif HTTP/1.1" 200 179820
180.76.5.195 - - [25/Jan/2015:00:00:51 -0500] "GET /BLA/boletinlegal;jsessionid=B10D5612DF1BDB4436346FA601A66F66?/? HTTP/1.1" 404 1018
66.249.67.67 - - [25/Jan/2015:00:01:18 -0500] "GET /galeria/nivo-slider/themes/pascal/pascal.css HTTP/1.1" 200 2258
66.249.67.67 - - [25/Jan/2015:00:01:19 -0500] "GET /galeria/nivo-slider/demo/scripts/jquery-1.7.1.min.js HTTP/1.1" 200 93868
66.249.67.83 - - [25/Jan/2015:00:01:19 -0500] "GET /galeria/nivo-slider/themes/orman/orman.css HTTP/1.1" 200 2152
66.249.67.75 - - [25/Jan/2015:00:01:20 -0500] "GET /galeria/nivo-slider/jquery.nivo.slider.pack.js HTTP/1.1" 200 11561
66.249.67.75 - - [25/Jan/2015:00:01:20 -0500] "GET /galeria/nivo-slider/nivo-slider.css HTTP/1.1" 200 1507
66.249.67.67 - - [25/Jan/2015:00:01:21 -0500] "GET /galeria/nivo-slider/demo/style.css HTTP/1.1" 200 2222
66.249.67.75 - - [25/Jan/2015:00:01:21 -0500] "GET /galeria/nivo-slider/themes/default/default.css HTTP/1.1" 200 1569
66.249.67.67 - - [25/Jan/2015:00:01:22 -0500] "GET /galeria/nivo-slider/demo/demo.html HTTP/1.1" 200 3150
188.165.15.41 - - [25/Jan/2015:00:01:33 -0500] "GET /BLA/resoluciones/RESOLUCIONES%202005/RES%202005%201201-1250/00001241.tif HTTP/1.1" 200 327842
66.249.67.83 - - [25/Jan/2015:00:02:18 -0500] "GET /BLA/resoluciones/RESOLUCIONES%202013/1489.pdf HTTP/1.1" 304 -
66.249.67.83 - - [25/Jan/2015:00:02:23 -0500] "GET /BLA/resoluciones/RESOLUCIONES%202006/RES%202006%20951-1000/00000975.tif HTTP/1.1" 200 86758
188.165.15.5 - - [25/Jan/2015:00:03:35 -0500] "GET /BLA/resoluciones/RESOLUCIONES%202006/RES%202006%202051-2100/00002067.tif HTTP/1.1" 200 63032
74.86.158.107 - - [25/Jan/2015:00:03:44 -0500] "HEAD / HTTP/1.1" 302 -
66.249.67.111 - - [25/Jan/2015:00:04:22 -0500] "GET /manual_funciones_Listado/2.5.1%20Subdirecci%C3%B3n%20%20Financiera/Auxiliar%20Administrativo%20407-27%20(Presupuesto).pdf HTTP/1.1" 404 1019
66.249.67.83 - - [25/Jan/2015:00:04:34 -0500] "GET /BLA/resoluciones/AUTOS%202011/2146.pdf HTTP/1.1" 304 -
66.249.67.75 - - [25/Jan/2015:00:04:58 -0500] "GET /BLA/boletinlegal/Directivas/2011/Directiva%20No.%202%20del%2017%20de%20Mayo%20de%202011.pdf HTTP/1.1" 200 495382
66.249.67.75 - - [25/Jan/2015:00:05:45 -0500] "GET /BLA/resoluciones/RESOLUCIONES%202006/RES%202006%20251-300/00000274.tif HTTP/1.1" 200 206366
188.165.15.200 - - [25/Jan/2015:00:05:59 -0500] "GET /BLA/resoluciones/RESOLUCIONES%202005/RES%202005%20%201601-1650/00001633.tif HTTP/1.1" 200 142094
66.249.67.119 - - [25/Jan/2015:00:06:50 -0500] "GET /Anexos%20estudio%20Organizacional%20SDA/ANEXO%20No.%201-%20NORMAS%20LEGALES%20DE%20ESTRUCTURA%20Y%20PLANTA/RESE%C3%91A%20HIST%C3%93RICA%20SDA-NORMAS/Decreto%20109%20de%202009%20-%20Modifica%20la%20estructura%20de%20la%20SDA.jsp.htm HTTP/1.1" 304 -
180.76.6.54 - - [25/Jan/2015:00:07:21 -0500] "GET /BLA/resoluciones/AUTOS%202009/2286.pdf HTTP/1.1" 200 402767
186.145.198.85 - - [25/Jan/2015:00:07:24 -0500] "GET /BLA/resoluciones/AUTOS%202014/1291.pdf HTTP/1.1" 200 350583
186.145.198.85 - - [25/Jan/2015:00:07:24 -0500] "GET /BLA/resoluciones/AUTOS%202014/1291.pdf HTTP/1.1" 206 32768
186.145.198.85 - - [25/Jan/2015:00:07:24 -0500] "GET /BLA/resoluciones/AUTOS%202014/1291.pdf HTTP/1.1" 206 32768
186.145.198.85 - - [25/Jan/2015:00:07:24 -0500] "GET /BLA/resoluciones/AUTOS%202014/1291.pdf HTTP/1.1" 206 32768
186.145.198.85 - - [25/Jan/2015:00:07:24 -0500] "GET /BLA/resoluciones/AUTOS%202014/1291.pdf HTTP/1.1" 206 32768
186.145.198.85 - - [25/Jan/2015:00:07:24 -0500] "GET /BLA/resoluciones/AUTOS%202014/1291.pdf HTTP/1.1" 206 32768
186.145.198.85 - - [25/Jan/2015:00:07:25 -0500] "GET /BLA/resoluciones/AUTOS%202014/1291.pdf HTTP/1.1" 206 32768
186.145.198.85 - - [25/Jan/2015:00:07:25 -0500] "GET /BLA/resoluciones/AUTOS%202014/1291.pdf HTTP/1.1" 206 32768
186.145.198.85 - - [25/Jan/2015:00:07:25 -0500] "GET /BLA/resoluciones/AUTOS%202014/1291.pdf HTTP/1.1" 206 32768
186.145.198.85 - - [25/Jan/2015:00:07:25 -0500] "GET /BLA/resoluciones/AUTOS%202014/1291.pdf HTTP/1.1" 206 32768
186.145.198.85 - - [25/Jan/2015:00:07:25 -0500] "GET /BLA/resoluciones/AUTOS%202014/1291.pdf HTTP/1.1" 206 55671
186.145.198.85 - - [25/Jan/2015:00:07:25 -0500] "GET /favicon.ico HTTP/1.1" 200 7782
69.159.119.221 - - [25/Jan/2015:00:07:55 -0500] "GET /BLA/resoluciones/Notificaciones/REGISTROS%202014/00997.doc HTTP/1.1" 200 153088
180.76.6.154 - - [25/Jan/2015:00:07:56 -0500] "GET /BLA/resoluciones/RESOLUCIONES%202011/4604.pdf HTTP/1.1" 200 1055447
188.165.15.61 - - [25/Jan/2015:00:07:58 -0500] "GET /BLA/resoluciones/RESOLUCIONES%202006/RES%202006%20%202801-2850/00002801.tif HTTP/1.1" 200 272104
188.165.15.41 - - [25/Jan/2015:00:08:00 -0500] "GET /BLA/resoluciones/RESOLUCIONES%202005/RES%202005%202201-2250/00002211.tif HTTP/1.1" 200 134056
66.249.67.75 - - [25/Jan/2015:00:08:05 -0500] "GET /BLA/resoluciones/RESOLUCIONES%202011/3903.pdf HTTP/1.1" 200 537066
188.165.15.61 - - [25/Jan/2015:00:08:16 -0500] "GET /BLA/resoluciones/index.php?dir=RESOLUCIONES%202004/RES%202004%20751-800/&sort=name&order=asc HTTP/1.1" 200 12053
190.158.0.11 - - [25/Jan/2015:00:08:16 -0500] "GET /BLA/boletinlegal/js/jquery.js HTTP/1.1" 200 57254
190.158.0.11 - - [25/Jan/2015:00:08:16 -0500] "GET /galeria/carrusel/Carrusel/jquery.thumbnailScroller.css HTTP/1.1" 200 2066
190.158.0.11 - - [25/Jan/2015:00:08:16 -0500] "GET /BLA/boletinlegal/js/jquery.scrollTo-min.js HTTP/1.1" 200 1150
190.158.0.11 - - [25/Jan/2015:00:08:16 -0500] "GET /BLA/boletinlegal/js/jquery.scrollShow.js HTTP/1.1" 200 4586
190.158.0.11 - - [25/Jan/2015:00:08:16 -0500] "GET /galeria/carrusel/Carrusel/jquery-ui-1.8.13.custom.min.js HTTP/1.1" 200 10800
190.158.0.11 - - [25/Jan/2015:00:08:16 -0500] "GET /galeria/carrusel/Carrusel/jquery.thumbnailScroller.js HTTP/1.1" 200 8157
190.158.0.11 - - [25/Jan/2015:00:08:17 -0500] "GET /galeria/nivo-slider/demo/demo.html HTTP/1.1" 200 3150
190.158.0.11 - - [25/Jan/2015:00:08:18 -0500] "GET /galeria/nivo-slider/themes/default/default.css HTTP/1.1" 200 1569
190.158.0.11 - - [25/Jan/2015:00:08:18 -0500] "GET /galeria/nivo-slider/themes/pascal/pascal.css HTTP/1.1" 200 2258
190.158.0.11 - - [25/Jan/2015:00:08:18 -0500] "GET /galeria/nivo-slider/themes/orman/orman.css HTTP/1.1" 200 2152
190.158.0.11 - - [25/Jan/2015:00:08:18 -0500] "GET /galeria/nivo-slider/nivo-slider.css HTTP/1.1" 200 1507
190.158.0.11 - - [25/Jan/2015:00:08:18 -0500] "GET /galeria/nivo-slider/demo/style.css HTTP/1.1" 200 2222
190.158.0.11 - - [25/Jan/2015:00:08:18 -0500] "GET /galeria/nivo-slider/demo/scripts/jquery-1.7.1.min.js HTTP/1.1" 200 93868
190.158.0.11 - - [25/Jan/2015:00:08:18 -0500] "GET /galeria/nivo-slider/jquery.nivo.slider.pack.js HTTP/1.1" 200 11561
190.158.0.11 - - [25/Jan/2015:00:08:18 -0500] "GET /galeria/nivo-slider/demo/images/bolsas-08.jpg HTTP/1.1" 200 85589
190.158.0.11 - - [25/Jan/2015:00:08:18 -0500] "GET /galeria/nivo-slider/demo/images/Ruta-vertimientos-01.jpg HTTP/1.1" 200 130151
190.158.0.11 - - [25/Jan/2015:00:08:18 -0500] "GET /galeria/nivo-slider/demo/images/bolsas-06.jpg HTTP/1.1" 200 90982
190.158.0.11 - - [25/Jan/2015:00:08:18 -0500] "GET /galeria/nivo-slider/demo/images/ecolecta-Dic2014.png HTTP/1.1" 200 288593
190.158.0.11 - - [25/Jan/2015:00:08:18 -0500] "GET /galeria/nivo-slider/demo/images/porloshumedales.jpg HTTP/1.1" 200 351238
190.158.0.11 - - [25/Jan/2015:00:08:18 -0500] "GET /galeria/nivo-slider/demo/images/Tingua-azul.jpg HTTP/1.1" 200 307638
190.158.0.11 - - [25/Jan/2015:00:08:18 -0500] "GET /galeria/nivo-slider/demo/images/4Simple_Slider.png HTTP/1.1" 200 11722
190.158.0.11 - - [25/Jan/2015:00:08:18 -0500] "GET /galeria/nivo-slider/themes/default/loading.gif HTTP/1.1" 200 1737
190.158.0.11 - - [25/Jan/2015:00:08:18 -0500] "GET /galeria/nivo-slider/demo/images/Banner-Caracol-Africano.jpg HTTP/1.1" 200 331986
190.158.0.11 - - [25/Jan/2015:00:08:18 -0500] "GET /galeria/nivo-slider/demo/images/banner-redes.jpg HTTP/1.1" 200 62209
190.158.0.11 - - [25/Jan/2015:00:08:18 -0500] "GET /galeria/nivo-slider/demo/images/9Signos.jpg HTTP/1.1" 200 93040
190.158.0.11 - - [25/Jan/2015:00:08:19 -0500] "GET /galeria/nivo-slider/demo/images/banner-llantas2.jpg HTTP/1.1" 200 73153
190.158.0.11 - - [25/Jan/2015:00:08:19 -0500] "GET /galeria/nivo-slider/demo/images/banner-caballos.png HTTP/1.1" 200 389106
190.158.0.11 - - [25/Jan/2015:00:08:20 -0500] "GET /galeria/nivo-slider/themes/default/bullets.png HTTP/1.1" 200 1281
190.158.0.11 - - [25/Jan/2015:00:08:20 -0500] "GET /galeria/nivo-slider/themes/default/arrows.png HTTP/1.1" 200 824
190.158.0.11 - - [25/Jan/2015:00:08:20 -0500] "GET /videos/Spot_CambioClimatico.flv HTTP/1.1" 200 4371917
181.148.236.165 - - [25/Jan/2015:00:08:24 -0500] "GET /BLA/boletinlegal/js/jquery.js HTTP/1.1" 200 57254
181.148.236.165 - - [25/Jan/2015:00:08:25 -0500] "GET /BLA/boletinlegal/js/jquery.scrollTo-min.js HTTP/1.1" 200 1150
181.148.236.165 - - [25/Jan/2015:00:08:25 -0500] "GET /BLA/boletinlegal/js/jquery.scrollShow.js HTTP/1.1" 200 4586
190.25.232.143 - - [25/Jan/2015:00:08:37 -0500] "GET /galeria/nivo-slider/demo/images/Banner-GAE3.jpg HTTP/1.1" 304 -
66.249.67.67 - - [25/Jan/2015:00:08:42 -0500] "GET /BLA/resoluciones/RESOLUCIONES%202006/RES%202006%20951-1000/00000984.tif HTTP/1.1" 200 166112
74.86.158.107 - - [25/Jan/2015:00:08:44 -0500] "HEAD / HTTP/1.1" 302 -
66.249.67.75 - - [25/Jan/2015:00:09:05 -0500] "GET /BLA/resoluciones/Notificaciones/AUTOS%202014/5841.doc HTTP/1.1" 200 151040
186.28.192.218 - - [25/Jan/2015:00:10:25 -0500] "GET /BLA/resoluciones/AUTOS%202013/0182.pdf HTTP/1.1" 200 1298099
69.159.119.221 - - [25/Jan/2015:00:10:52 -0500] "GET /BLA/resoluciones/Notificaciones/REGISTROS%202014/00997.doc HTTP/1.1" 200 153088
189.217.166.121 - - [25/Jan/2015:00:11:06 -0500] "GET /BLA/boletinlegal/js/jquery.scrollTo-min.js HTTP/1.1" 200 1150
189.217.166.121 - - [25/Jan/2015:00:11:06 -0500] "GET /BLA/boletinlegal/js/jquery.scrollShow.js HTTP/1.1" 200 4586
189.217.166.121 - - [25/Jan/2015:00:11:08 -0500] "GET /BLA/boletinlegal/js/jquery.js HTTP/1.1" 200 57254
201.184.127.19 - - [25/Jan/2015:00:11:15 -0500] "GET /BLA/boletinlegal/js/jquery.scrollTo-min.js HTTP/1.1" 200 1150
201.184.127.19 - - [25/Jan/2015:00:11:15 -0500] "GET /BLA/boletinlegal/js/jquery.scrollShow.js HTTP/1.1" 200 4586
201.184.127.19 - - [25/Jan/2015:00:11:15 -0500] "GET /BLA/boletinlegal/js/jquery.js HTTP/1.1" 200 57254
66.249.67.75 - - [25/Jan/2015:00:11:21 -0500] "GET /BLA/resoluciones/RESOLUCIONES%202013/0350.pdf HTTP/1.1" 304 -
66.249.67.75 - - [25/Jan/2015:00:11:43 -0500] "GET /BLA/resoluciones/RESOLUCIONES%202009/4078.pdf HTTP/1.1" 200 440661
188.165.15.59 - - [25/Jan/2015:00:11:55 -0500] "GET /BLA/resoluciones/RESOLUCIONES%202005/RES%202005%20901-950/00000905.tif HTTP/1.1" 200 161606
66.249.67.67 - - [25/Jan/2015:00:13:37 -0500] "GET /BLA/resoluciones/RESOLUCIONES%202013/0861.pdf HTTP/1.1" 200 393703
74.86.158.107 - - [25/Jan/2015:00:13:44 -0500] "HEAD / HTTP/1.1" 302 -
202.46.62.203 - - [25/Jan/2015:00:14:14 -0500] "GET /BLA/resoluciones/RESOLUCIONES%202011/4604.pdf HTTP/1.1" 200 1055447
180.76.6.145 - - [25/Jan/2015:00:14:49 -0500] "GET /BLA/resoluciones/AUTOS%202007/0023.pdf HTTP/1.1" 200 47919
66.249.67.67 - - [25/Jan/2015:00:14:56 -0500] "GET /BLA/resoluciones/RESOLUCIONES%202006/RES%202006%20951-1000/00000960.tif HTTP/1.1" 200 235298
66.249.67.67 - - [25/Jan/2015:00:15:27 -0500] "GET /BLA/resoluciones/RESOLUCIONES%202010/2111.pdf HTTP/1.1" 200 687651
66.249.67.75 - - [25/Jan/2015:00:15:53 -0500] "GET /BLA/resoluciones/RESOLUCIONES%202007/RES%202007%201726%20AL%201800/RESOLUCION%201788%20DE%202007.pdf HTTP/1.1" 200 1089988
188.165.15.201 - - [25/Jan/2015:00:16:11 -0500] "GET /BLA/resoluciones/RESOLUCIONES%202004/RES%202004%201251-1300/00001252.tif HTTP/1.1" 200 109358
188.165.15.43 - - [25/Jan/2015:00:17:29 -0500] "GET /BLA/resoluciones/RESOLUCIONES%202005/RES%202005%202251-2300/00002284.tif HTTP/1.1" 200 109132
190.27.193.180 - - [25/Jan/2015:00:18:08 -0500] "GET /BLA/boletinlegal/js/jquery.scrollTo-min.js HTTP/1.1" 200 1150
190.27.193.180 - - [25/Jan/2015:00:18:08 -0500] "GET /BLA/boletinlegal/js/jquery.js HTTP/1.1" 200 57254
190.27.193.180 - - [25/Jan/2015:00:18:08 -0500] "GET /BLA/boletinlegal/js/jquery.scrollShow.js HTTP/1.1" 200 4586
66.249.67.67 - - [25/Jan/2015:00:18:09 -0500] "GET /BLA/resoluciones/RESOLUCIONES%202011/2239.pdf HTTP/1.1" 200 760266
188.165.15.5 - - [25/Jan/2015:00:18:28 -0500] "GET /BLA/resoluciones/index.php?dir=RESOLUCIONES%202006/RES%202006%20901-950/&sort=size&order=asc HTTP/1.1" 200 12239
186.29.210.166 - - [25/Jan/2015:00:18:31 -0500] "GET /BLA/resoluciones/Notificaciones/AUTOS%202013/3252.doc HTTP/1.1" 200 858624
186.29.210.166 - - [25/Jan/2015:00:18:34 -0500] "GET /favicon.ico HTTP/1.1" 200 7782
74.86.158.107 - - [25/Jan/2015:00:18:44 -0500] "HEAD / HTTP/1.1" 302 -
66.249.67.83 - - [25/Jan/2015:00:18:47 -0500] "GET /BLA/resoluciones/RESOLUCIONES%202010/0239.pdf HTTP/1.1" 200 108383
66.249.67.67 - - [25/Jan/2015:00:18:55 -0500] "GET /BLA/resoluciones/RESOLUCIONES%202009/3695.pdf HTTP/1.1" 200 60154
66.249.67.75 - - [25/Jan/2015:00:19:02 -0500] "GET /BLA/resoluciones/AUTOS%202008/3447.pdf HTTP/1.1" 200 39364
66.249.67.83 - - [25/Jan/2015:00:19:03 -0500] "GET /Autoliquidacion/index.php?dir=Solicitudes%20relacionadas%20con%20calidad%20del%20aire%20auditiva%20y%20visual/Evaluaci%F3n%20certificado%20de%20Intensidad%20Auditiva/&sort=date&order=asc HTTP/1.1" 200 3407
66.249.67.67 - - [25/Jan/2015:00:19:04 -0500] "GET /BLA/resoluciones/RESOLUCIONES%202009/3957.pdf HTTP/1.1" 304 -
66.249.67.67 - - [25/Jan/2015:00:19:07 -0500] "GET /BLA/resoluciones/RESOLUCIONES%202013/0315.pdf HTTP/1.1" 200 2334878
66.249.67.75 - - [25/Jan/2015:00:19:14 -0500] "GET /BLA/resoluciones/RESOLUCIONES%202003/RES%202003%20551-600/587.tif HTTP/1.1" 200 577528
66.249.67.67 - - [25/Jan/2015:00:19:15 -0500] "GET /BLA/resoluciones/AUTOS%202007/1244.pdf HTTP/1.1" 200 74094
66.249.67.83 - - [25/Jan/2015:00:19:17 -0500] "GET /BLA/resoluciones/RESOLUCIONES%202010/2936.pdf HTTP/1.1" 200 487607
66.249.67.67 - - [25/Jan/2015:00:19:18 -0500] "GET /BLA/resoluciones/AUTOS%202007/1887.pdf HTTP/1.1" 200 74422
188.165.15.110 - - [25/Jan/2015:00:20:01 -0500] "GET /BLA/resoluciones/RESOLUCIONES%202004/RES%202004%201701-1750/00001731.tif HTTP/1.1" 200 49726
188.165.15.200 - - [25/Jan/2015:00:20:09 -0500] "GET /BLA/resoluciones/index.php?dir=AUTOS+2010%2F HTTP/1.1" 200 223219
66.249.67.67 - - [25/Jan/2015:00:20:25 -0500] "GET /BLA/resoluciones/RESOLUCIONES%202011/3705.pdf HTTP/1.1" 200 726786
66.249.67.83 - - [25/Jan/2015:00:21:13 -0500] "GET /BLA/resoluciones/RESOLUCIONES%202006/RES%202006%20951-1000/00000963.tif HTTP/1.1" 200 269012
180.76.5.152 - - [25/Jan/2015:00:22:25 -0500] "GET /BLA/boletinlegal/;jsessionid=4C8C5340048DCD254F598F8DC54CAFDA? HTTP/1.1" 404 1018
66.249.67.75 - - [25/Jan/2015:00:22:41 -0500] "GET /BLA/resoluciones/AUTOS%202007/1497.pdf HTTP/1.1" 200 56212
188.165.15.208 - - [25/Jan/2015:00:22:56 -0500] "GET /BLA/resoluciones/RESOLUCIONES%202006/RES%202006%202001-2050/00002035.tif HTTP/1.1" 200 198390
180.76.6.46 - - [25/Jan/2015:00:23:01 -0500] "GET /BLA/resoluciones/AUTOS%202009/0565.pdf HTTP/1.1" 200 126567
66.249.67.83 - - [25/Jan/2015:00:23:40 -0500] "GET /BLA/resoluciones/RESOLUCIONES%202009/3706.pdf HTTP/1.1" 200 52268
74.86.158.107 - - [25/Jan/2015:00:23:44 -0500] "HEAD / HTTP/1.1" 302 -
188.165.15.177 - - [25/Jan/2015:00:23:49 -0500] "GET /BLA/resoluciones/RESOLUCIONES%202004/RES%202004%202201-2250/00002206.tif HTTP/1.1" 200 193542
180.76.5.71 - - [25/Jan/2015:00:24:12 -0500] "GET /BLA/resoluciones/RESOLUCIONES%202014/0825.pdf HTTP/1.1" 200 439173
180.76.6.57 - - [25/Jan/2015:00:24:47 -0500] "GET /BLA/resoluciones/AUTOS%202012/1813.pdf HTTP/1.1" 200 367619
66.249.67.83 - - [25/Jan/2015:00:24:56 -0500] "GET /BLA/resoluciones/AUTOS%202009/3128.pdf HTTP/1.1" 200 151894
66.249.67.67 - - [25/Jan/2015:00:25:55 -0500] "GET /BLA/resoluciones/RESOLUCIONES%202006/RES%202006%20251-300/00000275.tif HTTP/1.1" 200 221998
66.249.67.67 - - [25/Jan/2015:00:26:29 -0500] "GET /BLA/resoluciones/AUTOS%202009/0171.pdf HTTP/1.1" 200 120291
66.249.67.75 - - [25/Jan/2015:00:26:29 -0500] "GET /Autoliquidacion/dlf/styles.css HTTP/1.1" 200 3045
66.249.67.67 - - [25/Jan/2015:00:27:12 -0500] "GET /BLA/resoluciones/RESOLUCIONES%202011/4232.pdf HTTP/1.1" 200 483285
66.249.67.75 - - [25/Jan/2015:00:27:30 -0500] "GET /BLA/resoluciones/RESOLUCIONES%202006/RES%202006%20951-1000/00000968.tif HTTP/1.1" 200 376242
188.165.15.200 - - [25/Jan/2015:00:28:24 -0500] "GET /BLA/resoluciones/RESOLUCIONES%202006/RES%202006%202251-2300/00002300.tif HTTP/1.1" 200 142188
66.249.67.67 - - [25/Jan/2015:00:28:36 -0500] "GET /BLA/boletinlegal/Circulares/2013/Circular%20No.%207%20del%201%20de%20Agosto%20de%202013.pdf HTTP/1.1" 200 340934
74.86.158.107 - - [25/Jan/2015:00:28:44 -0500] "HEAD / HTTP/1.1" 302 -
66.249.67.67 - - [25/Jan/2015:00:29:28 -0500] "GET /BLA/resoluciones/AUTOS%202008/1945.pdf HTTP/1.1" 304 -
190.252.34.142 - - [25/Jan/2015:00:29:33 -0500] "GET /POT-2013/Cartografia/Anexo01_Sistema_Hidrico.pdf HTTP/1.1" 200 5860035
190.252.34.142 - - [25/Jan/2015:00:29:35 -0500] "GET /POT-2013/Cartografia/Anexo01_Sistema_Hidrico.pdf HTTP/1.1" 206 32768
190.252.34.142 - - [25/Jan/2015:00:29:38 -0500] "GET /POT-2013/Cartografia/Anexo01_Sistema_Hidrico.pdf HTTP/1.1" 206 5827267
66.249.67.83 - - [25/Jan/2015:00:30:09 -0500] "GET /BLA/resoluciones/RESOLUCIONES%202007/RES%202007%204001%20AL%204100/RESOLUCION%204082%20DE%202007.pdf HTTP/1.1" 200 812425
66.249.67.67 - - [25/Jan/2015:00:31:44 -0500] "GET /BLA/resoluciones/AUTOS%202012/2265.pdf HTTP/1.1" 304 -
190.252.34.142 - - [25/Jan/2015:00:32:12 -0500] "GET /favicon.ico HTTP/1.1" 200 7782
74.86.158.107 - - [25/Jan/2015:00:33:44 -0500] "HEAD / HTTP/1.1" 302 -
66.249.67.83 - - [25/Jan/2015:00:33:45 -0500] "GET /BLA/resoluciones/RESOLUCIONES%202006/RES%202006%20951-1000/00001000.tif HTTP/1.1" 200 220730
66.249.67.111 - - [25/Jan/2015:00:33:47 -0500] "GET /POT-2013/Cartografia/14_Sistema%20de%20Movilidad_Subsistema%20Vial_FEB.pdf HTTP/1.1" 304 -
66.249.67.67 - - [25/Jan/2015:00:34:00 -0500] "GET /BLA/resoluciones/AUTOS%202012/1777.pdf HTTP/1.1" 304 -
188.165.15.5 - - [25/Jan/2015:00:34:17 -0500] "GET /BLA/resoluciones/RESOLUCIONES%202004/RES%202004%202351-2401/00002376.tif HTTP/1.1" 200 135952
180.76.5.192 - - [25/Jan/2015:00:35:14 -0500] "GET /BLA/resoluciones/RESOLUCIONES%202010/6744.pdf HTTP/1.1" 200 269254
66.249.67.67 - - [25/Jan/2015:00:35:47 -0500] "GET /BLA/resoluciones/AUTOS%202010/5474.pdf HTTP/1.1" 200 374130
180.76.5.166 - - [25/Jan/2015:00:35:50 -0500] "GET /BLA/resoluciones/RESOLUCIONES%202011/5258.pdf HTTP/1.1" 200 527690
66.249.67.67 - - [25/Jan/2015:00:36:16 -0500] "GET /BLA/resoluciones/RESOLUCIONES%202008/2091.pdf HTTP/1.1" 304 -
180.76.5.26 - - [25/Jan/2015:00:36:26 -0500] "GET /BLA/resoluciones/AUTOS%202009/1371.pdf HTTP/1.1" 200 118058
66.249.67.111 - - [25/Jan/2015:00:37:31 -0500] "GET /Residuos/lavanderias/lavanderias.html HTTP/1.1" 404 1019
66.249.67.83 - - [25/Jan/2015:00:38:31 -0500] "GET /BLA/resoluciones/RESOLUCIONES%202013/0933.pdf HTTP/1.1" 200 2227984
74.86.158.107 - - [25/Jan/2015:00:38:44 -0500] "HEAD / HTTP/1.1" 302 -
188.165.15.177 - - [25/Jan/2015:00:39:40 -0500] "GET /BLA/resoluciones/RESOLUCIONES%202004/RES%202004%20851-900/00000862.tif HTTP/1.1" 200 87892
66.249.67.83 - - [25/Jan/2015:00:40:03 -0500] "GET /BLA/resoluciones/RESOLUCIONES%202006/RES%202006%20951-1000/00000954.tif HTTP/1.1" 200 182926
66.249.67.67 - - [25/Jan/2015:00:40:47 -0500] "GET /BLA/resoluciones/RESOLUCIONES%202010/0224.pdf HTTP/1.1" 200 464747
192.169.96.114 - - [25/Jan/2015:00:40:49 -0500] "PUT /hguve31403.txt HTTP/1.1" 405 938
209.141.38.244 - - [25/Jan/2015:00:40:50 -0500] "GET /webdav/x32.php HTTP/1.1" 404 1018
202.46.63.65 - - [25/Jan/2015:00:41:39 -0500] "GET /BLA/resoluciones/RESOLUCIONES%202010/6744.pdf HTTP/1.1" 200 269254
180.76.5.145 - - [25/Jan/2015:00:42:15 -0500] "GET /BLA/resoluciones/RESOLUCIONES%202009/2642.pdf HTTP/1.1" 200 953590
209.141.38.244 - - [25/Jan/2015:00:43:02 -0500] "GET /webdav/x32.php HTTP/1.1" 404 1018
66.249.67.83 - - [25/Jan/2015:00:43:03 -0500] "GET /BLA/resoluciones/AUTOS%202008/0714.pdf HTTP/1.1" 200 184784
66.249.67.67 - - [25/Jan/2015:00:43:37 -0500] "GET /BLA/boletinlegal/Circulares/2013/Circular%20No.%208%20del%201%20de%20Noviembre%20de%202013.pdf HTTP/1.1" 200 385156
74.86.158.107 - - [25/Jan/2015:00:43:44 -0500] "HEAD / HTTP/1.1" 302 -
186.82.228.196 - - [25/Jan/2015:00:44:20 -0500] "GET /videos/galeria-fotografica/index8.html? HTTP/1.1" 200 1971
186.82.228.196 - - [25/Jan/2015:00:44:21 -0500] "GET /videos/galeria-fotografica/js/jquery-flickr-gallery/jquery-flickr.css HTTP/1.1" 200 711
186.82.228.196 - - [25/Jan/2015:00:44:21 -0500] "GET /videos/galeria-fotografica/js/jquery-flickr-gallery/jquery-flickr-gallery.js HTTP/1.1" 200 9050
186.82.228.196 - - [25/Jan/2015:00:44:21 -0500] "GET /videos/galeria-fotografica/js/jquery-flickr-gallery/loader.gif HTTP/1.1" 200 2129
188.165.15.201 - - [25/Jan/2015:00:44:40 -0500] "GET /BLA/resoluciones/RESOLUCIONES%202005/RES%202005%201251-1300/00001264.tif HTTP/1.1" 200 238028
66.249.67.75 - - [25/Jan/2015:00:45:19 -0500] "GET /BLA/resoluciones/RESOLUCIONES%202011/5660.pdf HTTP/1.1" 304 -
188.165.15.201 - - [25/Jan/2015:00:45:31 -0500] "GET /BLA/resoluciones/RESOLUCIONES%202005/RES%202005%20451-500/00000500.tif HTTP/1.1" 200 269234
188.165.15.105 - - [25/Jan/2015:00:45:57 -0500] "GET /BLA/resoluciones/RESOLUCIONES%202005/RES%202005%20%201651-1700/00001690.tif HTTP/1.1" 200 144322
66.249.67.83 - - [25/Jan/2015:00:46:05 -0500] "GET /BLA/resoluciones/RESOLUCIONES%202006/RES%202006%20251-300/00000290.tif HTTP/1.1" 200 36256
180.76.6.46 - - [25/Jan/2015:00:46:05 -0500] "GET /BLA/resoluciones/RESOLUCIONES%202011/0078.pdf HTTP/1.1" 200 383705
188.165.15.43 - - [25/Jan/2015:00:46:13 -0500] "GET /BLA/resoluciones/RESOLUCIONES%202005/RES%202005%20201-250/00000201.tif HTTP/1.1" 200 290606
66.249.67.75 - - [25/Jan/2015:00:46:18 -0500] "GET /BLA/resoluciones/RESOLUCIONES%202006/RES%202006%20951-1000/00000962.tif HTTP/1.1" 200 188306
209.141.38.244 - - [25/Jan/2015:00:47:15 -0500] "-" 408 -
209.141.38.244 - - [25/Jan/2015:00:47:32 -0500] "GET /webdav/x32.php HTTP/1.1" 404 1018
188.165.15.208 - - [25/Jan/2015:00:47:35 -0500] "GET /BLA/resoluciones/RESOLUCIONES%202004/RES%202004%202351-2401/00002374.tif HTTP/1.1" 200 136340
66.249.67.83 - - [25/Jan/2015:00:47:35 -0500] "GET /BLA/resoluciones/RESOLUCIONES%202007/RES%202007%203101%20AL%203200/RESOLUCION%203190%20DE%202007.pdf HTTP/1.1" 304 -
66.249.67.83 - - [25/Jan/2015:00:48:04 -0500] "GET /BLA/resoluciones/RESOLUCIONES%202003/RES%202003%20801-850/822.tif HTTP/1.1" 200 199216
209.141.38.244 - - [25/Jan/2015:00:48:42 -0500] "GET /webdav/x32.php HTTP/1.1" 404 1018
74.86.158.107 - - [25/Jan/2015:00:48:44 -0500] "HEAD / HTTP/1.1" 302 -
181.51.254.14 - - [25/Jan/2015:00:49:23 -0500] "GET /BLA/boletinlegal/js/jquery.js HTTP/1.1" 200 57254
181.51.254.14 - - [25/Jan/2015:00:49:23 -0500] "GET /BLA/boletinlegal/js/jquery.scrollTo-min.js HTTP/1.1" 200 1150
181.51.254.14 - - [25/Jan/2015:00:49:23 -0500] "GET /BLA/boletinlegal/js/jquery.scrollShow.js HTTP/1.1" 200 4586
181.51.254.14 - - [25/Jan/2015:00:49:25 -0500] "GET /hidrico/aguas%20subterraneas/ HTTP/1.1" 404 1252
66.249.67.83 - - [25/Jan/2015:00:49:51 -0500] "GET /BLA/resoluciones/RESOLUCIONES%202011/4560.pdf HTTP/1.1" 200 836019
188.165.15.41 - - [25/Jan/2015:00:49:58 -0500] "GET /BLA/resoluciones/index.php?dir=RESOLUCIONES%202004/RES%202004%201901-1950/&sort=date&order=desc HTTP/1.1" 200 12349
188.165.15.110 - - [25/Jan/2015:00:50:41 -0500] "GET /BLA/resoluciones/RESOLUCIONES%202005/RES%202005%20551-600/00000555.tif HTTP/1.1" 200 140634
188.165.15.201 - - [25/Jan/2015:00:50:54 -0500] "GET /BLA/resoluciones/RESOLUCIONES%202006/RES%202006%201001-1050/00001032.tif HTTP/1.1" 200 86654
157.55.39.156 - - [25/Jan/2015:00:51:23 -0500] "GET /galeria/mapa/humedal.html? HTTP/1.1" 200 10966
66.249.67.83 - - [25/Jan/2015:00:52:19 -0500] "GET /BLA/resoluciones/RESOLUCIONES%202007/RES%202007%203201%20AL%203300/RESOLUCION%20322_%20DE%202007.pdf HTTP/1.1" 200 2014639
66.249.67.75 - - [25/Jan/2015:00:52:34 -0500] "GET /BLA/resoluciones/RESOLUCIONES%202006/RES%202006%20951-1000/00000979.tif HTTP/1.1" 200 854622
66.249.67.67 - - [25/Jan/2015:00:53:08 -0500] "GET /BLA/resoluciones/Autos%202008/2366.pdf HTTP/1.1" 200 99645
74.86.158.107 - - [25/Jan/2015:00:53:44 -0500] "HEAD / HTTP/1.1" 302 -
66.249.67.67 - - [25/Jan/2015:00:54:22 -0500] "GET /BLA/resoluciones/RESOLUCIONES%202010/7869.pdf HTTP/1.1" 200 576136
66.249.67.119 - - [25/Jan/2015:00:55:06 -0500] "GET /MANUALFUNC/Juridica/219-15%20Profesional%20Universitario%20-%20SJ%20_Expedientes_.pdf HTTP/1.1" 404 1019
66.249.67.83 - - [25/Jan/2015:00:56:38 -0500] "GET /BLA/resoluciones/AUTOS%202013/0079.pdf HTTP/1.1" 200 1552404
188.165.15.43 - - [25/Jan/2015:00:58:12 -0500] "GET /BLA/resoluciones/RESOLUCIONES%202005/RES%202005%20651-700/00000666.tif HTTP/1.1" 200 343584
66.249.67.67 - - [25/Jan/2015:00:58:36 -0500] "GET /BLA/resoluciones/RESOLUCIONES%202011/1586.pdf HTTP/1.1" 200 70605
74.86.158.107 - - [25/Jan/2015:00:58:44 -0500] "HEAD / HTTP/1.1" 302 -
66.249.67.75 - - [25/Jan/2015:00:58:52 -0500] "GET /BLA/resoluciones/RESOLUCIONES%202006/RES%202006%20951-1000/00000969.tif HTTP/1.1" 200 58996
66.249.67.83 - - [25/Jan/2015:00:58:54 -0500] "GET /BLA/resoluciones/RESOLUCIONES%202013/0255.pdf HTTP/1.1" 304 -
190.26.157.73 - - [25/Jan/2015:01:00:21 -0500] "GET /BLA/boletinlegal/js/jquery.js HTTP/1.1" 200 57254
190.26.157.73 - - [25/Jan/2015:01:00:21 -0500] "GET /BLA/boletinlegal/js/jquery.scrollTo-min.js HTTP/1.1" 200 1150
190.26.157.73 - - [25/Jan/2015:01:00:21 -0500] "GET /BLA/boletinlegal/js/jquery.scrollShow.js HTTP/1.1" 200 4586
190.26.157.73 - - [25/Jan/2015:01:00:21 -0500] "GET /galeria/carrusel/Carrusel/jquery.thumbnailScroller.css HTTP/1.1" 200 2066
190.26.157.73 - - [25/Jan/2015:01:00:21 -0500] "GET /galeria/carrusel/Carrusel/jquery-ui-1.8.13.custom.min.js HTTP/1.1" 200 10800
190.26.157.73 - - [25/Jan/2015:01:00:21 -0500] "GET /galeria/carrusel/Carrusel/jquery.thumbnailScroller.js HTTP/1.1" 200 8157
190.26.157.73 - - [25/Jan/2015:01:00:24 -0500] "GET /galeria/nivo-slider/demo/demo.html HTTP/1.1" 200 3150
190.26.157.73 - - [25/Jan/2015:01:00:24 -0500] "GET /galeria/nivo-slider/themes/default/default.css HTTP/1.1" 200 1569
190.26.157.73 - - [25/Jan/2015:01:00:24 -0500] "GET /galeria/nivo-slider/themes/pascal/pascal.css HTTP/1.1" 200 2258
190.26.157.73 - - [25/Jan/2015:01:00:24 -0500] "GET /galeria/nivo-slider/themes/orman/orman.css HTTP/1.1" 200 2152
190.26.157.73 - - [25/Jan/2015:01:00:24 -0500] "GET /galeria/nivo-slider/nivo-slider.css HTTP/1.1" 200 1507
190.26.157.73 - - [25/Jan/2015:01:00:24 -0500] "GET /galeria/nivo-slider/demo/style.css HTTP/1.1" 200 2222
190.26.157.73 - - [25/Jan/2015:01:00:24 -0500] "GET /galeria/nivo-slider/demo/images/bolsas-08.jpg HTTP/1.1" 200 85589
190.26.157.73 - - [25/Jan/2015:01:00:24 -0500] "GET /galeria/nivo-slider/demo/images/Ruta-vertimientos-01.jpg HTTP/1.1" 200 130151
190.26.157.73 - - [25/Jan/2015:01:00:24 -0500] "GET /galeria/nivo-slider/demo/images/bolsas-06.jpg HTTP/1.1" 200 90982
190.26.157.73 - - [25/Jan/2015:01:00:24 -0500] "GET /galeria/nivo-slider/demo/images/ecolecta-Dic2014.png HTTP/1.1" 200 288593
190.26.157.73 - - [25/Jan/2015:01:00:24 -0500] "GET /galeria/nivo-slider/demo/images/porloshumedales.jpg HTTP/1.1" 200 351238
190.26.157.73 - - [25/Jan/2015:01:00:24 -0500] "GET /galeria/nivo-slider/demo/images/Tingua-azul.jpg HTTP/1.1" 200 307638
190.26.157.73 - - [25/Jan/2015:01:00:26 -0500] "GET /galeria/nivo-slider/demo/images/Banner-Caracol-Africano.jpg HTTP/1.1" 200 331986
190.26.157.73 - - [25/Jan/2015:01:00:26 -0500] "GET /galeria/nivo-slider/demo/images/banner-redes.jpg HTTP/1.1" 200 62209
190.26.157.73 - - [25/Jan/2015:01:00:27 -0500] "GET /galeria/nivo-slider/demo/images/9Signos.jpg HTTP/1.1" 200 93040
190.26.157.73 - - [25/Jan/2015:01:00:28 -0500] "GET /galeria/nivo-slider/demo/images/banner-llantas2.jpg HTTP/1.1" 200 73153
190.26.157.73 - - [25/Jan/2015:01:00:28 -0500] "GET /galeria/nivo-slider/demo/images/banner-caballos.png HTTP/1.1" 200 389106
190.26.157.73 - - [25/Jan/2015:01:00:28 -0500] "GET /galeria/nivo-slider/demo/scripts/jquery-1.7.1.min.js HTTP/1.1" 200 93868
190.26.157.73 - - [25/Jan/2015:01:00:29 -0500] "GET /galeria/nivo-slider/jquery.nivo.slider.pack.js HTTP/1.1" 200 11561
190.26.157.73 - - [25/Jan/2015:01:00:29 -0500] "GET /galeria/nivo-slider/demo/images/4Simple_Slider.png HTTP/1.1" 200 11722
190.26.157.73 - - [25/Jan/2015:01:00:29 -0500] "GET /galeria/nivo-slider/themes/default/loading.gif HTTP/1.1" 200 1737
190.26.157.73 - - [25/Jan/2015:01:00:31 -0500] "GET /galeria/nivo-slider/themes/default/arrows.png HTTP/1.1" 200 824
190.26.157.73 - - [25/Jan/2015:01:00:31 -0500] "GET /galeria/nivo-slider/themes/default/bullets.png HTTP/1.1" 200 1281
66.249.67.67 - - [25/Jan/2015:01:01:10 -0500] "GET /BLA/resoluciones/RESOLUCIONES%202009/4406.pdf HTTP/1.1" 304 -
66.249.67.83 - - [25/Jan/2015:01:02:03 -0500] "GET /BLA/resoluciones/RESOLUCIONES%202009/9190.pdf HTTP/1.1" 200 472591
66.249.67.67 - - [25/Jan/2015:01:02:05 -0500] "GET /BLA/boletinlegal/Circulares/2011/Circular%20No.%206%20del%2029%20de%20Julio%20de%202011.pdf HTTP/1.1" 200 262144
188.165.15.110 - - [25/Jan/2015:01:03:08 -0500] "GET /BLA/resoluciones/RESOLUCIONES%202003/RES%202003%201001-1050/1005.tif HTTP/1.1" 200 188752
66.249.67.83 - - [25/Jan/2015:01:03:21 -0500] "GET /BLA/resoluciones/RESOLUCIONES%202006/RES%202006%20251-300/00000285.tif HTTP/1.1" 200 36220
66.249.67.83 - - [25/Jan/2015:01:03:26 -0500] "GET /BLA/resoluciones/RESOLUCIONES%202010/6285.pdf HTTP/1.1" 304 -
207.46.13.39 - - [25/Jan/2015:01:03:34 -0500] "GET /portalsiaccapacitaciones/Soportes%20Capacitaciones%20A%C3%B1o%202014/0105.%20Presentaci%C3%B3n%20Res.%206981-11%20Llantas%20Usadas%2030-09-14.pdf HTTP/1.1" 200 317130
74.86.158.107 - - [25/Jan/2015:01:03:44 -0500] "HEAD / HTTP/1.1" 302 -
186.154.241.194 - - [25/Jan/2015:01:04:00 -0500] "GET /BLA/boletinlegal/js/jquery.js HTTP/1.1" 200 57254
186.154.241.194 - - [25/Jan/2015:01:04:00 -0500] "GET /BLA/boletinlegal/js/jquery.scrollTo-min.js HTTP/1.1" 200 1150
186.154.241.194 - - [25/Jan/2015:01:04:00 -0500] "GET /BLA/boletinlegal/js/jquery.scrollShow.js HTTP/1.1" 200 4586
188.165.15.177 - - [25/Jan/2015:01:04:05 -0500] "GET /BLA/resoluciones/RESOLUCIONES%202005/RES%202005%20451-500/00000467.tif HTTP/1.1" 200 219156
66.249.67.75 - - [25/Jan/2015:01:05:09 -0500] "GET /BLA/resoluciones/RESOLUCIONES%202006/RES%202006%20951-1000/00000965.tif HTTP/1.1" 200 399232
188.165.15.43 - - [25/Jan/2015:01:05:11 -0500] "GET /BLA/resoluciones/RESOLUCIONES%202003/RES%202003%20401-450/418.tif HTTP/1.1" 200 157100
188.165.15.201 - - [25/Jan/2015:01:05:36 -0500] "GET /BLA/resoluciones/RESOLUCIONES%202003/RES%202003%201801-1850/20031832.tif HTTP/1.1" 200 113462
66.249.67.67 - - [25/Jan/2015:01:05:36 -0500] "GET /BLA/resoluciones/RESOLUCIONES%202009/6114.pdf HTTP/1.1" 200 349736
66.249.67.75 - - [25/Jan/2015:01:05:42 -0500] "GET /BLA/resoluciones/AUTOS%202013/0953.pdf HTTP/1.1" 304 -
180.76.5.94 - - [25/Jan/2015:01:06:13 -0500] "GET /BLA/resoluciones/RESOLUCIONES%202009/2614.pdf HTTP/1.1" 200 340824
66.249.67.83 - - [25/Jan/2015:01:06:38 -0500] "GET /BLA/resoluciones/AUTOS%202013/0219.pdf HTTP/1.1" 304 -
188.165.15.208 - - [25/Jan/2015:01:07:04 -0500] "GET /BLA/resoluciones/RESOLUCIONES%202002/RES%202002%201101-1150/00001109.tif HTTP/1.1" 200 131310
190.66.123.57 - - [25/Jan/2015:01:07:14 -0500] "GET /BLA/boletinlegal/js/jquery.scrollTo-min.js HTTP/1.1" 200 1150
190.66.123.57 - - [25/Jan/2015:01:07:14 -0500] "GET /galeria/carrusel/Carrusel/jquery-ui-1.8.13.custom.min.js HTTP/1.1" 200 10800
190.66.123.57 - - [25/Jan/2015:01:07:14 -0500] "GET /galeria/carrusel/Carrusel/jquery.thumbnailScroller.js HTTP/1.1" 200 8157
66.249.67.75 - - [25/Jan/2015:01:07:57 -0500] "GET /BLA/resoluciones/RESOLUCIONES%202010/4867.pdf HTTP/1.1" 200 751623
152.61.128.66 - - [25/Jan/2015:01:07:58 -0500] "HEAD / HTTP/1.1" 302 -
152.61.128.66 - - [25/Jan/2015:01:07:58 -0500] "GET /arcgis/services/Calidad_del_Agua_WQI/MapServer/WMSServer?request=GetCapabilities&service=WMS HTTP/1.1" 200 32135
152.61.128.66 - - [25/Jan/2015:01:08:02 -0500] "GET /arcgis/services/Calidad_del_Agua_WQI/MapServer/WMSServer?request=GetCapabilities&service=WMS HTTP/1.0" 200 32135
152.61.128.66 - - [25/Jan/2015:01:08:03 -0500] "GET /arcgis/services/Calidad_del_Agua_WQI/MapServer/WMSServer?request=GetCapabilities&service=WMS HTTP/1.0" 200 32135
152.61.128.66 - - [25/Jan/2015:01:08:03 -0500] "GET /arcgis/services/Calidad_del_Agua_WQI/MapServer/WMSServer?request=GetCapabilities&service=WMS HTTP/1.0" 200 32135
152.61.128.66 - - [25/Jan/2015:01:08:04 -0500] "GET /arcgis/services/Calidad_del_Agua_WQI/MapServer/WMSServer?VERSION=1.1.1&REQUEST=GetMap&LAYERS=0&SRS=EPSG:4326&BBOX=-74.473395,3.674381,-73.963300,4.920569&WIDTH=250&HEIGHT=250&FORMAT=image/bmp&STYLES=& HTTP/1.1" 200 188054
152.61.128.66 - - [25/Jan/2015:01:08:15 -0500] "HEAD / HTTP/1.1" 302 -
152.61.128.66 - - [25/Jan/2015:01:08:15 -0500] "GET /arcgis/services/Calidad_del_Agua_WQI/MapServer/WMSServer?SERVICE=WMS&REQUEST=GetCapabilities HTTP/1.1" 200 32135
152.61.128.66 - - [25/Jan/2015:01:08:16 -0500] "GET /arcgis/services/Calidad_del_Agua_WQI/MapServer/WMSServer?SERVICE=WMS&REQUEST=GetCapabilities HTTP/1.0" 200 32135
152.61.128.66 - - [25/Jan/2015:01:08:17 -0500] "GET /arcgis/services/Calidad_del_Agua_WQI/MapServer/WMSServer?SERVICE=WMS&REQUEST=GetCapabilities HTTP/1.0" 200 32135
152.61.128.66 - - [25/Jan/2015:01:08:18 -0500] "GET /arcgis/services/Calidad_del_Agua_WQI/MapServer/WMSServer?SERVICE=WMS&REQUEST=GetCapabilities HTTP/1.0" 200 32135
152.61.128.66 - - [25/Jan/2015:01:08:19 -0500] "GET /arcgis/services/Calidad_del_Agua_WQI/MapServer/WMSServer?VERSION=1.1.1&REQUEST=GetMap&LAYERS=0&SRS=EPSG:4326&BBOX=-74.473395,3.674381,-73.963300,4.920569&WIDTH=250&HEIGHT=250&FORMAT=image/bmp&STYLES=& HTTP/1.1" 200 188054
74.86.158.107 - - [25/Jan/2015:01:08:44 -0500] "HEAD / HTTP/1.1" 302 -
66.249.67.83 - - [25/Jan/2015:01:11:25 -0500] "GET /BLA/resoluciones/RESOLUCIONES%202006/RES%202006%20951-1000/00000972.tif HTTP/1.1" 200 881650
100.43.85.25 - - [25/Jan/2015:01:11:49 -0500] "GET /videos/galeria-cronicas/skin/blue.monday/jplayer.blue.monday.seeking.gif HTTP/1.1" 200 3284
66.249.67.67 - - [25/Jan/2015:01:12:29 -0500] "GET /BLA/resoluciones/RESOLUCIONES%202009/6505.pdf HTTP/1.1" 200 432463
66.249.67.75 - - [25/Jan/2015:01:12:32 -0500] "GET /BLA/resoluciones/AUTOS%202007/2942.pdf HTTP/1.1" 200 151511
74.86.158.107 - - [25/Jan/2015:01:13:44 -0500] "HEAD / HTTP/1.1" 302 -
123.125.71.46 - - [25/Jan/2015:01:13:56 -0500] "GET /re/Talleres/papel/imagenes%20papel/fotos%20papel/pintar%20paredes1.jpg HTTP/1.1" 404 1019
66.249.67.67 - - [25/Jan/2015:01:14:24 -0500] "GET /BLA/resoluciones/AUTOS%202010/5421.pdf HTTP/1.1" 304 -
66.249.67.83 - - [25/Jan/2015:01:14:30 -0500] "GET /BLA/resoluciones/AUTOS%202011/2697.pdf HTTP/1.1" 200 127555
181.54.17.45 - - [25/Jan/2015:01:14:44 -0500] "GET /BLA/boletinlegal/js/jquery.js HTTP/1.1" 200 57254
181.54.17.45 - - [25/Jan/2015:01:14:44 -0500] "GET /BLA/boletinlegal/js/jquery.scrollTo-min.js HTTP/1.1" 200 1150
181.54.17.45 - - [25/Jan/2015:01:14:44 -0500] "GET /BLA/boletinlegal/js/jquery.scrollShow.js HTTP/1.1" 200 4586
66.249.67.67 - - [25/Jan/2015:01:14:45 -0500] "GET /BLA/resoluciones/RESOLUCIONES%202012/0958.pdf HTTP/1.1" 304 -
180.76.5.166 - - [25/Jan/2015:01:15:31 -0500] "GET /BLA/resoluciones/RESOLUCIONES%202010/6636.pdf HTTP/1.1" 200 182579
66.249.67.83 - - [25/Jan/2015:01:16:05 -0500] "GET /BLA/resoluciones/AUTOS%202009/1658.pdf HTTP/1.1" 200 108986
66.249.67.83 - - [25/Jan/2015:01:16:49 -0500] "GET /BLA/resoluciones/RESOLUCIONES%202003/RES%202003%20401-450/433.tif HTTP/1.1" 200 128020
66.249.67.83 - - [25/Jan/2015:01:17:01 -0500] "GET /BLA/resoluciones/AUTOS%202011/3938.pdf HTTP/1.1" 304 -
188.186.116.134 - - [25/Jan/2015:01:17:05 -0500] "GET / HTTP/1.0" 302 -
188.186.116.134 - - [25/Jan/2015:01:17:06 -0500] "GET / HTTP/1.0" 302 -
188.186.116.134 - - [25/Jan/2015:01:17:06 -0500] "GET / HTTP/1.0" 302 -
188.165.15.61 - - [25/Jan/2015:01:17:30 -0500] "GET /BLA/resoluciones/RESOLUCIONES%202005/RES%202005%20501-550/00000549.tif HTTP/1.1" 200 123160
188.165.15.5 - - [25/Jan/2015:01:17:38 -0500] "GET /BLA/resoluciones/RESOLUCIONES%202005/RES%202005%203001-3050/00003041.tif HTTP/1.1" 200 138460
66.249.67.75 - - [25/Jan/2015:01:17:41 -0500] "GET /BLA/resoluciones/RESOLUCIONES%202006/RES%202006%20951-1000/00000994.tif HTTP/1.1" 200 201302
188.165.15.41 - - [25/Jan/2015:01:17:41 -0500] "GET /BLA/resoluciones/RESOLUCIONES%202005/RES%202005%20751-800/00000779.tif HTTP/1.1" 200 152550
66.249.67.67 - - [25/Jan/2015:01:18:40 -0500] "GET /BLA/boletinlegal/Circulares/2012/Circular%20No.%2015%20del%2022%20de%20octubre%20de%202012.pdf HTTP/1.1" 200 486506
74.86.158.107 - - [25/Jan/2015:01:18:44 -0500] "HEAD / HTTP/1.1" 302 -
66.249.67.67 - - [25/Jan/2015:01:19:17 -0500] "GET /BLA/resoluciones/AUTOS%202012/1936.pdf HTTP/1.1" 304 -
188.165.15.208 - - [25/Jan/2015:01:19:18 -0500] "GET /BLA/resoluciones/index.php?dir=RESOLUCIONES%202002/RES%202002%201251-1301/&sort=size&order=asc HTTP/1.1" 200 12148
66.249.67.67 - - [25/Jan/2015:01:19:32 -0500] "GET /BLA/resoluciones/AUTOS%202011/1341.pdf HTTP/1.1" 200 215361
66.249.67.75 - - [25/Jan/2015:01:19:34 -0500] "GET /BLA/resoluciones/RESOLUCIONES%202007/RES%202007%203901%20AL%204000/RESOLUCION%203911%20%20DE%202007.pdf HTTP/1.1" 200 94639
188.165.15.201 - - [25/Jan/2015:01:20:02 -0500] "GET /BLA/resoluciones/RESOLUCIONES%202006/RES%202006%202301-2350/00002319.tif HTTP/1.1" 200 245800
66.249.67.67 - - [25/Jan/2015:01:21:32 -0500] "GET /BLA/resoluciones/RESOLUCIONES%202010/1728.pdf HTTP/1.1" 200 440278
66.249.67.67 - - [25/Jan/2015:01:22:03 -0500] "GET /BLA/resoluciones/RESOLUCIONES%202010/6225.pdf HTTP/1.1" 200 15322524
188.165.15.110 - - [25/Jan/2015:01:22:20 -0500] "GET /BLA/resoluciones/RESOLUCIONES%202006/RES%202006%201801-1850/00001846.tif HTTP/1.1" 200 39462
66.249.67.67 - - [25/Jan/2015:01:22:33 -0500] "GET /BLA/circulares/5-2011.pdf HTTP/1.1" 200 431796
66.249.67.111 - - [25/Jan/2015:01:22:55 -0500] "GET /POT-2013/Cartografia/09_EEP.pdf HTTP/1.1" 304 -
66.249.67.83 - - [25/Jan/2015:01:23:01 -0500] "GET /BLA/resoluciones/RESOLUCIONES%202009/2821.pdf HTTP/1.1" 200 332822
66.249.67.67 - - [25/Jan/2015:01:23:30 -0500] "GET /BLA/resoluciones/RESOLUCIONES%202006/RES%202006%20251-300/00000276.tif HTTP/1.1" 200 114128
74.86.158.107 - - [25/Jan/2015:01:23:44 -0500] "HEAD / HTTP/1.1" 302 -
66.249.67.83 - - [25/Jan/2015:01:23:48 -0500] "GET /Autoliquidacion/Grupo%20Forestal%20-%20Silvicultura/ HTTP/1.1" 200 4162
66.249.67.75 - - [25/Jan/2015:01:23:57 -0500] "GET /BLA/resoluciones/RESOLUCIONES%202006/RES%202006%20951-1000/00000974.tif HTTP/1.1" 200 246658
186.28.164.44 - - [25/Jan/2015:01:24:23 -0500] "GET /BLA/boletinlegal/js/jquery.js HTTP/1.1" 200 57254
186.28.164.44 - - [25/Jan/2015:01:24:23 -0500] "GET /BLA/boletinlegal/js/jquery.scrollTo-min.js HTTP/1.1" 200 1150
186.28.164.44 - - [25/Jan/2015:01:24:23 -0500] "GET /BLA/boletinlegal/js/jquery.scrollShow.js HTTP/1.1" 200 4586
66.249.67.67 - - [25/Jan/2015:01:24:50 -0500] "GET /Autoliquidacion/Grupo%20Forestal%20-%20Silvicultura/APLICATIVO%20COSTO%20EVALUACION%20SALVOCONDUCTO%202015-.xls HTTP/1.1" 200 108544
180.76.5.72 - - [25/Jan/2015:01:26:01 -0500] "GET /BLA/resoluciones/AUTOS%202013/0594.pdf HTTP/1.1" 200 1719331
66.249.67.67 - - [25/Jan/2015:01:26:04 -0500] "GET /BLA/resoluciones/RESOLUCIONES%202009/6102.pdf HTTP/1.1" 200 668614
200.118.72.210 - - [25/Jan/2015:01:26:10 -0500] "GET /BLA/resoluciones/AUTOS%202011/2215.pdf HTTP/1.1" 200 143923
188.165.15.200 - - [25/Jan/2015:01:26:14 -0500] "GET /BLA/resoluciones/RESOLUCIONES%202006/RES%202006%201051-1100/00001052.tif HTTP/1.1" 200 185412
66.249.67.83 - - [25/Jan/2015:01:26:20 -0500] "GET /Autoliquidacion/Grupo%20Forestal%20-%20Silvicultura/Aplicativo%20Liquidador%20Permiso%20de%20Aprovechamiento%20forestal%202015%20DEF.xlsx HTTP/1.1" 200 92160
66.249.67.67 - - [25/Jan/2015:01:26:34 -0500] "GET /BLA/resoluciones/RESOLUCIONES%202009/3796.pdf HTTP/1.1" 200 361774
190.25.232.143 - - [25/Jan/2015:01:26:59 -0500] "GET /StormSDA/stormWeb/presentacion.html HTTP/1.1" 304 -
188.165.15.5 - - [25/Jan/2015:01:27:34 -0500] "GET /BLA/resoluciones/RESOLUCIONES%202006/RES%202006%202651-2700/00002658.tif HTTP/1.1" 200 311484
188.165.15.201 - - [25/Jan/2015:01:28:06 -0500] "GET /BLA/resoluciones/RESOLUCIONES%202002/RES%202002%20801-850/00000813.tif HTTP/1.1" 200 485232
66.249.67.67 - - [25/Jan/2015:01:28:20 -0500] "GET /BLA/resoluciones/RESOLUCIONES%202009/6908.pdf HTTP/1.1" 304 -
188.165.15.41 - - [25/Jan/2015:01:28:36 -0500] "GET /BLA/resoluciones/RESOLUCIONES%202005/RES%202005%202651-2700/00002672.tif HTTP/1.1" 200 113498
74.86.158.107 - - [25/Jan/2015:01:28:44 -0500] "HEAD / HTTP/1.1" 302 -
152.61.193.99 - - [25/Jan/2015:01:29:50 -0500] "HEAD / HTTP/1.1" 302 -
152.61.193.99 - - [25/Jan/2015:01:29:50 -0500] "GET /arcgis/services/Calidad_del_Agua_WQI/MapServer/WMSServer?SERVICE=WMS&REQUEST=GetCapabilities HTTP/1.1" 200 32135
152.61.193.99 - - [25/Jan/2015:01:29:54 -0500] "GET /arcgis/services/Calidad_del_Agua_WQI/MapServer/WMSServer?SERVICE=WMS&REQUEST=GetCapabilities HTTP/1.1" 200 32135
152.61.193.99 - - [25/Jan/2015:01:29:54 -0500] "GET /arcgis/services/Calidad_del_Agua_WQI/MapServer/WMSServer?SERVICE=WMS&REQUEST=GetCapabilities HTTP/1.1" 200 32135
152.61.193.99 - - [25/Jan/2015:01:29:55 -0500] "GET /arcgis/services/Calidad_del_Agua_WQI/MapServer/WMSServer?SERVICE=WMS&REQUEST=GetCapabilities HTTP/1.1" 200 32135
152.61.193.99 - - [25/Jan/2015:01:29:56 -0500] "GET /arcgis/services/Calidad_del_Agua_WQI/MapServer/WMSServer?VERSION=1.1.1&REQUEST=GetMap&LAYERS=0&SRS=EPSG:4326&BBOX=-74.473395,3.674381,-73.963300,4.920569&WIDTH=250&HEIGHT=250&FORMAT=image/bmp&STYLES=& HTTP/1.1" 200 188054
66.249.67.83 - - [25/Jan/2015:01:30:03 -0500] "GET /BLA/resoluciones/RESOLUCIONES%202009/6588.pdf HTTP/1.1" 200 577239
66.249.67.83 - - [25/Jan/2015:01:30:11 -0500] "GET /BLA/resoluciones/AUTOS%202009/2069.pdf HTTP/1.1" 200 100325
66.249.67.83 - - [25/Jan/2015:01:30:14 -0500] "GET /BLA/resoluciones/RESOLUCIONES%202006/RES%202006%20951-1000/00000992.tif HTTP/1.1" 200 143768
152.61.193.99 - - [25/Jan/2015:01:30:26 -0500] "HEAD / HTTP/1.1" 302 -
152.61.193.99 - - [25/Jan/2015:01:30:26 -0500] "GET /arcgis/services/Calidad_del_Agua_WQI/MapServer/WMSServer?request=GetCapabilities&service=WMS HTTP/1.1" 200 32135
152.61.193.99 - - [25/Jan/2015:01:30:27 -0500] "GET /arcgis/services/Calidad_del_Agua_WQI/MapServer/WMSServer?request=GetCapabilities&service=WMS HTTP/1.1" 200 32135
152.61.193.99 - - [25/Jan/2015:01:30:28 -0500] "GET /arcgis/services/Calidad_del_Agua_WQI/MapServer/WMSServer?request=GetCapabilities&service=WMS HTTP/1.1" 200 32135
152.61.193.99 - - [25/Jan/2015:01:30:28 -0500] "GET /arcgis/services/Calidad_del_Agua_WQI/MapServer/WMSServer?request=GetCapabilities&service=WMS HTTP/1.1" 200 32135
188.165.15.201 - - [25/Jan/2015:01:30:30 -0500] "GET /BLA/resoluciones/RESOLUCIONES%202005/RES%202005%20251-300/00000262.tif HTTP/1.1" 200 122160
152.61.193.99 - - [25/Jan/2015:01:30:29 -0500] "GET /arcgis/services/Calidad_del_Agua_WQI/MapServer/WMSServer?VERSION=1.1.1&REQUEST=GetMap&LAYERS=0&SRS=EPSG:4326&BBOX=-74.473395,3.674381,-73.963300,4.920569&WIDTH=250&HEIGHT=250&FORMAT=image/bmp&STYLES=& HTTP/1.1" 200 188054
66.249.67.67 - - [25/Jan/2015:01:30:36 -0500] "GET /BLA/resoluciones/RESOLUCIONES%202010/0439.pdf HTTP/1.1" 200 739811
188.165.15.110 - - [25/Jan/2015:01:32:05 -0500] "GET /BLA/resoluciones/RESOLUCIONES%202004/RES%202004%202351-2401/00002390.tif HTTP/1.1" 200 139580
190.27.230.62 - - [25/Jan/2015:01:32:41 -0500] "GET /BLA/boletinlegal/js/jquery.js HTTP/1.1" 200 57254
190.27.230.62 - - [25/Jan/2015:01:32:41 -0500] "GET /BLA/boletinlegal/js/jquery.scrollTo-min.js HTTP/1.1" 200 1150
190.27.230.62 - - [25/Jan/2015:01:32:41 -0500] "GET /BLA/boletinlegal/js/jquery.scrollShow.js HTTP/1.1" 200 4586
190.27.230.62 - - [25/Jan/2015:01:32:45 -0500] "GET /galeria/carrusel/Carrusel/jquery.thumbnailScroller.css HTTP/1.1" 200 2066
190.27.230.62 - - [25/Jan/2015:01:32:45 -0500] "GET /galeria/carrusel/Carrusel/jquery-ui-1.8.13.custom.min.js HTTP/1.1" 200 10800
190.27.230.62 - - [25/Jan/2015:01:32:45 -0500] "GET /galeria/carrusel/Carrusel/jquery.thumbnailScroller.js HTTP/1.1" 200 8157
190.27.230.62 - - [25/Jan/2015:01:32:47 -0500] "GET /galeria/nivo-slider/demo/demo.html HTTP/1.1" 200 3150
190.27.230.62 - - [25/Jan/2015:01:32:49 -0500] "GET /galeria/nivo-slider/themes/default/default.css HTTP/1.1" 200 1569
190.27.230.62 - - [25/Jan/2015:01:32:49 -0500] "GET /galeria/nivo-slider/themes/pascal/pascal.css HTTP/1.1" 200 2258
190.27.230.62 - - [25/Jan/2015:01:32:49 -0500] "GET /galeria/nivo-slider/themes/orman/orman.css HTTP/1.1" 200 2152
190.27.230.62 - - [25/Jan/2015:01:32:49 -0500] "GET /galeria/nivo-slider/nivo-slider.css HTTP/1.1" 200 1507
190.27.230.62 - - [25/Jan/2015:01:32:49 -0500] "GET /galeria/nivo-slider/demo/images/Ruta-vertimientos-01.jpg HTTP/1.1" 200 130151
190.27.230.62 - - [25/Jan/2015:01:32:49 -0500] "GET /galeria/nivo-slider/demo/style.css HTTP/1.1" 200 2222
190.27.230.62 - - [25/Jan/2015:01:32:49 -0500] "GET /galeria/nivo-slider/demo/scripts/jquery-1.7.1.min.js HTTP/1.1" 200 93868
190.27.230.62 - - [25/Jan/2015:01:32:49 -0500] "GET /galeria/nivo-slider/demo/images/bolsas-08.jpg HTTP/1.1" 200 85589
190.27.230.62 - - [25/Jan/2015:01:32:49 -0500] "GET /galeria/nivo-slider/demo/images/bolsas-06.jpg HTTP/1.1" 200 90982
190.27.230.62 - - [25/Jan/2015:01:32:49 -0500] "GET /galeria/nivo-slider/jquery.nivo.slider.pack.js HTTP/1.1" 200 11561
190.27.230.62 - - [25/Jan/2015:01:32:49 -0500] "GET /galeria/nivo-slider/demo/images/ecolecta-Dic2014.png HTTP/1.1" 200 288593
190.27.230.62 - - [25/Jan/2015:01:32:49 -0500] "GET /galeria/nivo-slider/demo/images/porloshumedales.jpg HTTP/1.1" 200 351238
190.27.230.62 - - [25/Jan/2015:01:32:51 -0500] "GET /galeria/nivo-slider/demo/images/4Simple_Slider.png HTTP/1.1" 200 11722
190.27.230.62 - - [25/Jan/2015:01:32:51 -0500] "GET /galeria/nivo-slider/demo/images/Tingua-azul.jpg HTTP/1.1" 200 307638
190.27.230.62 - - [25/Jan/2015:01:32:51 -0500] "GET /galeria/nivo-slider/themes/default/loading.gif HTTP/1.1" 200 1737
190.27.230.62 - - [25/Jan/2015:01:32:51 -0500] "GET /galeria/nivo-slider/demo/images/Banner-Caracol-Africano.jpg HTTP/1.1" 200 331986
190.27.230.62 - - [25/Jan/2015:01:32:51 -0500] "GET /galeria/nivo-slider/demo/images/banner-redes.jpg HTTP/1.1" 200 62209
190.27.230.62 - - [25/Jan/2015:01:32:51 -0500] "GET /galeria/nivo-slider/demo/images/9Signos.jpg HTTP/1.1" 200 93040
190.27.230.62 - - [25/Jan/2015:01:32:51 -0500] "GET /galeria/nivo-slider/demo/images/banner-llantas2.jpg HTTP/1.1" 200 73153
190.27.230.62 - - [25/Jan/2015:01:32:51 -0500] "GET /galeria/nivo-slider/demo/images/banner-caballos.png HTTP/1.1" 200 389106
66.249.67.67 - - [25/Jan/2015:01:32:52 -0500] "GET /BLA/resoluciones/AUTOS%202009/3363.pdf HTTP/1.1" 200 210271
190.27.230.62 - - [25/Jan/2015:01:32:54 -0500] "GET /galeria/nivo-slider/themes/default/arrows.png HTTP/1.1" 200 824
190.27.230.62 - - [25/Jan/2015:01:32:54 -0500] "GET /galeria/nivo-slider/themes/default/bullets.png HTTP/1.1" 200 1281
66.249.67.83 - - [25/Jan/2015:01:33:30 -0500] "GET /BLA/resoluciones/RESOLUCIONES%202009/4241.pdf HTTP/1.1" 200 525493
74.86.158.107 - - [25/Jan/2015:01:33:44 -0500] "HEAD / HTTP/1.1" 302 -
180.76.6.230 - - [25/Jan/2015:01:34:58 -0500] "GET /BLA/resoluciones/RESOLUCIONES%202007/RES%202007%20901%20AL%201000/RESOLUCION%200966%20DE%202007.pdf HTTP/1.1" 200 172209
66.249.67.83 - - [25/Jan/2015:01:35:08 -0500] "GET /BLA/resoluciones/AUTOS%202009/1267.pdf HTTP/1.1" 200 100172
66.249.67.75 - - [25/Jan/2015:01:36:29 -0500] "GET /BLA/resoluciones/RESOLUCIONES%202006/RES%202006%20951-1000/00000976.tif HTTP/1.1" 200 85450
180.76.6.51 - - [25/Jan/2015:01:36:59 -0500] "GET /BLA/boletinlegal;jsessionid=9B043BFA58E0C40DFD67B48C93C16C60?/? HTTP/1.1" 404 1018
66.249.67.75 - - [25/Jan/2015:01:37:03 -0500] "GET /BLA/resoluciones/RESOLUCIONES%202010/6705.pdf HTTP/1.1" 200 132076
66.249.67.75 - - [25/Jan/2015:01:37:23 -0500] "GET /BLA/resoluciones/RESOLUCIONES%202010/6086.pdf HTTP/1.1" 304 -
180.76.5.26 - - [25/Jan/2015:01:37:35 -0500] "GET /BLA/resoluciones/AUTOS%202009/1407.pdf HTTP/1.1" 200 189979
188.165.15.200 - - [25/Jan/2015:01:37:44 -0500] "GET /BLA/resoluciones/index.php?dir=RESOLUCIONES%202003/RES%202003%202101-2150/&sort=name&order=asc HTTP/1.1" 200 12160
74.86.158.107 - - [25/Jan/2015:01:38:44 -0500] "HEAD / HTTP/1.1" 302 -
66.249.67.83 - - [25/Jan/2015:01:39:39 -0500] "GET /BLA/resoluciones/RESOLUCIONES%202012/1720.pdf HTTP/1.1" 200 953842
