186.82.82.112 - - [25/Jan/2015:12:47:10 -0500] "POST /forms/lservlet;jsessionid=ac16012b30d5921ad9c082454f2aa96fd36be22e6504.e3iSbxaKaheRe38RbNmLa3mSc41ynknvrkLOlQzNp65In0 HTTP/1.1" 200 2266
186.82.82.112 - - [25/Jan/2015:12:47:11 -0500] "POST /forms/lservlet;jsessionid=ac16012b30d5921ad9c082454f2aa96fd36be22e6504.e3iSbxaKaheRe38RbNmLa3mSc41ynknvrkLOlQzNp65In0 HTTP/1.1" 200 2
186.82.82.112 - - [25/Jan/2015:12:47:11 -0500] "POST /forms/lservlet;jsessionid=ac16012b30d5921ad9c082454f2aa96fd36be22e6504.e3iSbxaKaheRe38RbNmLa3mSc41ynknvrkLOlQzNp65In0 HTTP/1.1" 200 2
186.155.125.127 - - [25/Jan/2015:12:47:12 -0500] "GET /forest/skins/gdocs-jar/popup/escritorio/subirborrador.jsp?form=Correspondencia_Revisar_Aprobar&codTpl=&codBorr=542792&a=0.551964657381177 HTTP/1.1" 200 23292
186.155.125.127 - - [25/Jan/2015:12:47:12 -0500] "GET /forest/json.do?query=borradoresByTpls&codInst=3007379&codTare=697&firma=0&a=0.7740979504305869 HTTP/1.1" 200 175
186.155.125.127 - - [25/Jan/2015:12:47:12 -0500] "GET /forest/json.do?query=plantillasByTarea&codTare=697&codInst=3007379&firma=0&a=0.05996506288647652 HTTP/1.1" 200 904
186.155.125.127 - - [25/Jan/2015:12:47:12 -0500] "GET /forest/json.do?query=terceroById&numTer=900653548&a=0.1436088215559721 HTTP/1.1" 200 694
186.155.125.127 - - [25/Jan/2015:12:47:12 -0500] "GET /forest/json.do?query=datosBorradorByCodTraBorr&codTraBorr=1614548&a=0.13286594487726688 HTTP/1.1" 200 180
186.155.125.127 - - [25/Jan/2015:12:47:12 -0500] "GET /forest/json.do?query=adjuntosByBorrador&codTraBorr=1614548&a=0.4742367269936949 HTTP/1.1" 200 2
186.82.82.112 - - [25/Jan/2015:12:47:11 -0500] "POST /forms/lservlet;jsessionid=ac16012b30d5921ad9c082454f2aa96fd36be22e6504.e3iSbxaKaheRe38RbNmLa3mSc41ynknvrkLOlQzNp65In0 HTTP/1.1" 200 3218
186.155.125.127 - - [25/Jan/2015:12:47:12 -0500] "GET /forest/json.do?query=ultimoBorradorByTpl&codTpl=621&codInst=3007379&a=0.36568528320640326 HTTP/1.1" 200 2
186.155.125.127 - - [25/Jan/2015:12:47:12 -0500] "GET /forest/json.do?query=ultimoBorradorByTpl&codTpl=1201&codInst=3007379&a=0.284620693186298 HTTP/1.1" 200 2
186.155.125.127 - - [25/Jan/2015:12:47:12 -0500] "GET /forest/json.do?query=ultimoBorradorByTpl&codTpl=641&codInst=3007379&a=0.5636147577315569 HTTP/1.1" 200 20
186.155.125.127 - - [25/Jan/2015:12:47:12 -0500] "GET /forest/json.do?query=ultimoBorradorByTpl&codTpl=901&codInst=3007379&a=0.03677320503629744 HTTP/1.1" 200 2
186.155.125.127 - - [25/Jan/2015:12:47:12 -0500] "GET /forest/json.do?query=ultimoBorradorByTpl&codTpl=501&codInst=3007379&a=0.9094286325853318 HTTP/1.1" 200 2
186.155.125.127 - - [25/Jan/2015:12:47:12 -0500] "GET /forest/json.do?query=ultimoBorradorByTpl&codTpl=1301&codInst=3007379&a=0.9217345400247723 HTTP/1.1" 200 2
186.82.82.112 - - [25/Jan/2015:12:47:12 -0500] "POST /forms/lservlet;jsessionid=ac16012b30d5921ad9c082454f2aa96fd36be22e6504.e3iSbxaKaheRe38RbNmLa3mSc41ynknvrkLOlQzNp65In0 HTTP/1.1" 200 2
186.82.82.112 - - [25/Jan/2015:12:47:17 -0500] "POST /forms/lservlet;jsessionid=ac16012b30d5921ad9c082454f2aa96fd36be22e6504.e3iSbxaKaheRe38RbNmLa3mSc41ynknvrkLOlQzNp65In0 HTTP/1.1" 200 99
66.249.67.75 - - [25/Jan/2015:12:47:23 -0500] "GET /BLA/resoluciones/AUTOS%202009/0752.pdf HTTP/1.1" 200 173721
181.50.12.73 - - [25/Jan/2015:12:47:26 -0500] "GET /galeria/nivo-slider/demo/images/ecolecta-Dic2014.png HTTP/1.1" 200 288593
181.50.12.73 - - [25/Jan/2015:12:47:30 -0500] "GET /galeria/nivo-slider/demo/images/Tingua-azul.jpg HTTP/1.1" 304 -
186.82.82.112 - - [25/Jan/2015:12:47:31 -0500] "POST /forms/lservlet;jsessionid=ac16012b30d5921ad9c082454f2aa96fd36be22e6504.e3iSbxaKaheRe38RbNmLa3mSc41ynknvrkLOlQzNp65In0 HTTP/1.1" 200 2
186.82.82.112 - - [25/Jan/2015:12:47:32 -0500] "POST /forms/lservlet;jsessionid=ac16012b30d5921ad9c082454f2aa96fd36be22e6504.e3iSbxaKaheRe38RbNmLa3mSc41ynknvrkLOlQzNp65In0 HTTP/1.1" 200 14
66.249.67.83 - - [25/Jan/2015:12:47:33 -0500] "GET /BLA/resoluciones/RESOLUCIONES%202008/2212.pdf HTTP/1.1" 200 223090
186.82.82.112 - - [25/Jan/2015:12:47:33 -0500] "POST /forms/lservlet;jsessionid=ac16012b30d5921ad9c082454f2aa96fd36be22e6504.e3iSbxaKaheRe38RbNmLa3mSc41ynknvrkLOlQzNp65In0 HTTP/1.1" 200 14
186.82.82.112 - - [25/Jan/2015:12:47:34 -0500] "POST /forms/lservlet;jsessionid=ac16012b30d5921ad9c082454f2aa96fd36be22e6504.e3iSbxaKaheRe38RbNmLa3mSc41ynknvrkLOlQzNp65In0 HTTP/1.1" 200 131
186.82.82.112 - - [25/Jan/2015:12:47:35 -0500] "GET /reports/rwservlet/getjobid341861?server=rep_srvapsda HTTP/1.0" 200 52537
186.82.82.112 - - [25/Jan/2015:12:47:35 -0500] "POST /forms/lservlet;jsessionid=ac16012b30d5921ad9c082454f2aa96fd36be22e6504.e3iSbxaKaheRe38RbNmLa3mSc41ynknvrkLOlQzNp65In0 HTTP/1.1" 200 2
185.35.62.11 - - [25/Jan/2015:12:47:53 -0500] "HEAD / HTTP/1.1" 302 -
186.155.125.127 - - [25/Jan/2015:12:41:55 -0500] "GET /ForestMSG_SDA/channelAsync/template_word_17354954?X-Atmosphere-tracking-id=8c12523c-e451-576d-9da6-3961590de15f&X-Atmosphere-Framework=1.0.5&X-Atmosphere-Transport=long-polling&tabid=0.7738551378715783&X-Cache-Date=0&Content-Type=application/xml&_=1422207906790 HTTP/1.1" 200 8193
186.82.82.112 - - [25/Jan/2015:12:47:58 -0500] "POST /forms/lservlet;jsessionid=ac16012b30d5921ad9c082454f2aa96fd36be22e6504.e3iSbxaKaheRe38RbNmLa3mSc41ynknvrkLOlQzNp65In0 HTTP/1.1" 200 2
186.82.82.112 - - [25/Jan/2015:12:47:58 -0500] "POST /forms/lservlet;jsessionid=ac16012b30d5921ad9c082454f2aa96fd36be22e6504.e3iSbxaKaheRe38RbNmLa3mSc41ynknvrkLOlQzNp65In0 HTTP/1.1" 200 113
186.82.82.112 - - [25/Jan/2015:12:48:00 -0500] "GET /reports/rwservlet/getjobid341862?server=rep_srvapsda HTTP/1.0" 200 83839
186.82.82.112 - - [25/Jan/2015:12:48:00 -0500] "POST /forms/lservlet;jsessionid=ac16012b30d5921ad9c082454f2aa96fd36be22e6504.e3iSbxaKaheRe38RbNmLa3mSc41ynknvrkLOlQzNp65In0 HTTP/1.1" 200 2
66.249.67.83 - - [25/Jan/2015:12:48:07 -0500] "GET /BLA/resoluciones/RESOLUCIONES%202003/RES%202003%20451-500/469.tif HTTP/1.1" 200 187192
74.86.158.107 - - [25/Jan/2015:12:48:13 -0500] "HEAD / HTTP/1.1" 302 -
66.249.67.75 - - [25/Jan/2015:12:48:20 -0500] "GET /BLA/resoluciones/AUTOS%202009/0502.pdf HTTP/1.1" 200 467027
186.155.125.127 - - [25/Jan/2015:12:48:19 -0500] "POST /forest/usutareas.do?group_system_actual=3 HTTP/1.1" 200 176
181.50.143.223 - - [25/Jan/2015:12:48:27 -0500] "GET /galeria/carrusel/Carrusel/jquery.thumbnailScroller.css HTTP/1.1" 200 2066
181.50.143.223 - - [25/Jan/2015:12:48:27 -0500] "GET /BLA/boletinlegal/js/jquery.js HTTP/1.1" 200 57254
181.50.143.223 - - [25/Jan/2015:12:48:27 -0500] "GET /BLA/boletinlegal/js/jquery.scrollShow.js HTTP/1.1" 200 4586
181.50.143.223 - - [25/Jan/2015:12:48:27 -0500] "GET /galeria/carrusel/Carrusel/jquery.thumbnailScroller.js HTTP/1.1" 200 8157
181.50.143.223 - - [25/Jan/2015:12:48:27 -0500] "GET /galeria/carrusel/Carrusel/jquery-ui-1.8.13.custom.min.js HTTP/1.1" 200 10800
181.50.143.223 - - [25/Jan/2015:12:48:27 -0500] "GET /BLA/boletinlegal/js/jquery.scrollTo-min.js HTTP/1.1" 200 1150
181.50.143.223 - - [25/Jan/2015:12:48:28 -0500] "GET /galeria/nivo-slider/demo/demo.html HTTP/1.1" 304 -
181.50.143.223 - - [25/Jan/2015:12:48:28 -0500] "GET /galeria/nivo-slider/demo/images/bolsas-08.jpg HTTP/1.1" 200 85589
181.50.143.223 - - [25/Jan/2015:12:48:28 -0500] "GET /galeria/nivo-slider/demo/images/Ruta-vertimientos-01.jpg HTTP/1.1" 200 130151
181.50.143.223 - - [25/Jan/2015:12:48:28 -0500] "GET /galeria/nivo-slider/demo/images/bolsas-06.jpg HTTP/1.1" 200 90982
181.50.143.223 - - [25/Jan/2015:12:48:28 -0500] "GET /galeria/nivo-slider/demo/images/ecolecta-Dic2014.png HTTP/1.1" 200 288593
181.50.143.223 - - [25/Jan/2015:12:48:28 -0500] "GET /galeria/nivo-slider/demo/images/porloshumedales.jpg HTTP/1.1" 304 -
181.50.143.223 - - [25/Jan/2015:12:48:28 -0500] "GET /galeria/nivo-slider/demo/images/Tingua-azul.jpg HTTP/1.1" 304 -
181.50.143.223 - - [25/Jan/2015:12:48:29 -0500] "GET /galeria/nivo-slider/demo/images/Banner-Caracol-Africano.jpg HTTP/1.1" 304 -
181.50.143.223 - - [25/Jan/2015:12:48:29 -0500] "GET /galeria/nivo-slider/demo/images/banner-redes.jpg HTTP/1.1" 304 -
181.50.143.223 - - [25/Jan/2015:12:48:29 -0500] "GET /galeria/nivo-slider/demo/images/9Signos.jpg HTTP/1.1" 304 -
181.50.143.223 - - [25/Jan/2015:12:48:29 -0500] "GET /galeria/nivo-slider/demo/images/banner-llantas2.jpg HTTP/1.1" 200 73153
181.50.241.109 - - [25/Jan/2015:12:48:30 -0500] "POST /forms/lservlet;jsessionid=ac16012b30d58ceacfbbcf574491834094438985f5fd.e3iSbxaKaheRe38RbNmLa3mSc41ynknvrkLOlQzNp65In0 HTTP/1.1" 200 2
181.50.143.223 - - [25/Jan/2015:12:48:31 -0500] "GET /videos/Spot_CambioClimatico.flv HTTP/1.1" 304 -
186.82.82.112 - - [25/Jan/2015:12:48:37 -0500] "POST /forms/lservlet;jsessionid=ac16012b30d5921ad9c082454f2aa96fd36be22e6504.e3iSbxaKaheRe38RbNmLa3mSc41ynknvrkLOlQzNp65In0 HTTP/1.1" 200 2
178.162.193.34 - - [25/Jan/2015:12:48:44 -0500] "GET /BLA/resoluciones/AUTOS%202014/1678.pdf HTTP/1.0" 200 1110321
201.244.119.122 - - [25/Jan/2015:12:48:46 -0500] "GET /BLA/boletinlegal/js/jquery.js HTTP/1.1" 200 57254
201.244.119.122 - - [25/Jan/2015:12:48:46 -0500] "GET /BLA/boletinlegal/js/jquery.scrollTo-min.js HTTP/1.1" 200 1150
201.244.119.122 - - [25/Jan/2015:12:48:46 -0500] "GET /BLA/boletinlegal/js/jquery.scrollShow.js HTTP/1.1" 200 4586
66.249.67.75 - - [25/Jan/2015:12:48:54 -0500] "GET /BLA/resoluciones/AUTOS%202008/1845.pdf HTTP/1.1" 200 290771
66.249.67.67 - - [25/Jan/2015:12:49:18 -0500] "GET /BLA/resoluciones/AUTOS%202008/2128.pdf HTTP/1.1" 200 131874
186.155.125.127 - - [25/Jan/2015:12:49:22 -0500] "GET /forest/session.jsp?a=0.9052840529475361 HTTP/1.1" 200 4
186.155.125.127 - - [25/Jan/2015:12:49:39 -0500] "GET /forest/misactividades.do?group_system_actual=3&_a=0.33365720696747303 HTTP/1.1" 200 37523
186.155.125.127 - - [25/Jan/2015:12:49:40 -0500] "GET /forest/session.jsp?a=0.9394382338505238 HTTP/1.1" 200 4
190.66.105.51 - - [25/Jan/2015:12:49:40 -0500] "GET /BLA/boletinlegal/js/jquery.js HTTP/1.1" 200 57254
190.66.105.51 - - [25/Jan/2015:12:49:40 -0500] "GET /BLA/boletinlegal/js/jquery.scrollTo-min.js HTTP/1.1" 200 1150
190.66.105.51 - - [25/Jan/2015:12:49:40 -0500] "GET /BLA/boletinlegal/js/jquery.scrollShow.js HTTP/1.1" 200 4586
186.155.125.127 - - [25/Jan/2015:12:49:40 -0500] "POST /forest/misactividades.do?ajax=true&a=0.3442825984675437 HTTP/1.1" 200 4649
190.66.105.51 - - [25/Jan/2015:12:49:47 -0500] "GET /galeria/carrusel/Carrusel/jquery.thumbnailScroller.css HTTP/1.1" 200 2066
190.66.105.51 - - [25/Jan/2015:12:49:47 -0500] "GET /galeria/carrusel/Carrusel/jquery-ui-1.8.13.custom.min.js HTTP/1.1" 200 10800
190.66.105.51 - - [25/Jan/2015:12:49:47 -0500] "GET /galeria/carrusel/Carrusel/jquery.thumbnailScroller.js HTTP/1.1" 200 8157
190.66.105.51 - - [25/Jan/2015:12:49:49 -0500] "GET /galeria/nivo-slider/demo/demo.html HTTP/1.1" 200 3150
190.66.105.51 - - [25/Jan/2015:12:49:49 -0500] "GET /galeria/nivo-slider/themes/default/default.css HTTP/1.1" 200 1569
190.66.105.51 - - [25/Jan/2015:12:49:49 -0500] "GET /galeria/nivo-slider/themes/pascal/pascal.css HTTP/1.1" 200 2258
190.66.105.51 - - [25/Jan/2015:12:49:49 -0500] "GET /galeria/nivo-slider/themes/orman/orman.css HTTP/1.1" 200 2152
190.66.105.51 - - [25/Jan/2015:12:49:49 -0500] "GET /galeria/nivo-slider/nivo-slider.css HTTP/1.1" 200 1507
190.66.105.51 - - [25/Jan/2015:12:49:49 -0500] "GET /galeria/nivo-slider/demo/style.css HTTP/1.1" 200 2222
190.66.105.51 - - [25/Jan/2015:12:49:49 -0500] "GET /galeria/nivo-slider/demo/scripts/jquery-1.7.1.min.js HTTP/1.1" 200 93868
190.66.105.51 - - [25/Jan/2015:12:49:49 -0500] "GET /galeria/nivo-slider/jquery.nivo.slider.pack.js HTTP/1.1" 200 11561
190.66.105.51 - - [25/Jan/2015:12:49:49 -0500] "GET /galeria/nivo-slider/demo/images/bolsas-08.jpg HTTP/1.1" 200 85589
190.66.105.51 - - [25/Jan/2015:12:49:49 -0500] "GET /galeria/nivo-slider/demo/images/Ruta-vertimientos-01.jpg HTTP/1.1" 200 130151
190.66.105.51 - - [25/Jan/2015:12:49:49 -0500] "GET /galeria/nivo-slider/demo/images/bolsas-06.jpg HTTP/1.1" 200 90982
190.66.105.51 - - [25/Jan/2015:12:49:49 -0500] "GET /galeria/nivo-slider/demo/images/ecolecta-Dic2014.png HTTP/1.1" 200 288593
123.125.71.39 - - [25/Jan/2015:12:49:49 -0500] "GET / HTTP/1.1" 302 -
190.66.105.51 - - [25/Jan/2015:12:49:50 -0500] "GET /galeria/nivo-slider/demo/images/porloshumedales.jpg HTTP/1.1" 200 351238
190.66.105.51 - - [25/Jan/2015:12:49:50 -0500] "GET /galeria/nivo-slider/demo/images/Tingua-azul.jpg HTTP/1.1" 200 307638
190.66.105.51 - - [25/Jan/2015:12:49:50 -0500] "GET /galeria/nivo-slider/demo/images/Banner-Caracol-Africano.jpg HTTP/1.1" 200 331986
190.66.105.51 - - [25/Jan/2015:12:49:51 -0500] "GET /galeria/nivo-slider/demo/images/banner-redes.jpg HTTP/1.1" 200 62209
190.66.105.51 - - [25/Jan/2015:12:49:51 -0500] "GET /galeria/nivo-slider/demo/images/9Signos.jpg HTTP/1.1" 200 93040
190.66.105.51 - - [25/Jan/2015:12:49:51 -0500] "GET /galeria/nivo-slider/demo/images/banner-llantas2.jpg HTTP/1.1" 200 73153
190.66.105.51 - - [25/Jan/2015:12:49:51 -0500] "GET /galeria/nivo-slider/demo/images/banner-caballos.png HTTP/1.1" 200 389106
190.66.105.51 - - [25/Jan/2015:12:49:52 -0500] "GET /galeria/nivo-slider/demo/images/4Simple_Slider.png HTTP/1.1" 200 11722
190.66.105.51 - - [25/Jan/2015:12:49:52 -0500] "GET /galeria/nivo-slider/themes/default/loading.gif HTTP/1.1" 200 1737
178.162.193.34 - - [25/Jan/2015:12:49:53 -0500] "GET /BLA/resoluciones/AUTOS%202008/1574.pdf HTTP/1.0" 200 132760
190.66.105.51 - - [25/Jan/2015:12:49:56 -0500] "GET /galeria/nivo-slider/themes/default/arrows.png HTTP/1.1" 200 824
190.66.105.51 - - [25/Jan/2015:12:49:56 -0500] "GET /galeria/nivo-slider/themes/default/bullets.png HTTP/1.1" 200 1281
186.155.125.127 - - [25/Jan/2015:12:50:03 -0500] "GET /forest/usutareas.do?_a=0.23834103625267744&group_system_actual=3 HTTP/1.1" 200 117250
186.155.125.127 - - [25/Jan/2015:12:50:04 -0500] "GET /forest/session.jsp?a=0.36403918196447194 HTTP/1.1" 200 4
186.155.125.127 - - [25/Jan/2015:12:50:06 -0500] "GET /forest/skins/gdocs-jar/popup/escritorio/subirborrador.jsp?form=Correspondencia_Elaborar_Borrador&codTpl=641&codBorr=&a=0.7020251853391528 HTTP/1.1" 200 23286
186.155.125.127 - - [25/Jan/2015:12:50:07 -0500] "GET /forest/json.do?query=borradoresByTpls&codInst=3028691&codTare=692&firma=0&a=0.3604430593550205 HTTP/1.1" 200 2
186.155.125.127 - - [25/Jan/2015:12:50:07 -0500] "GET /forest/json.do?query=plantillasByTarea&codTare=692&codInst=3028691&firma=0&a=0.7073842755053192 HTTP/1.1" 200 904
186.155.125.127 - - [25/Jan/2015:12:50:07 -0500] "GET /forest/json.do?query=terceroById&numTer=89999906110&a=0.2002699568402022 HTTP/1.1" 200 684
186.155.125.127 - - [25/Jan/2015:12:50:07 -0500] "GET /forest/json.do?query=ultimoBorradorByTpl&codTpl=621&codInst=3028691&a=0.8165651359595358 HTTP/1.1" 200 2
186.155.125.127 - - [25/Jan/2015:12:50:07 -0500] "GET /forest/json.do?query=ultimoBorradorByTpl&codTpl=1201&codInst=3028691&a=0.6109385206364095 HTTP/1.1" 200 2
186.155.125.127 - - [25/Jan/2015:12:50:07 -0500] "GET /forest/json.do?query=ultimoBorradorByTpl&codTpl=641&codInst=3028691&a=0.31772813596762717 HTTP/1.1" 200 2
186.155.125.127 - - [25/Jan/2015:12:50:07 -0500] "GET /forest/json.do?query=ultimoBorradorByTpl&codTpl=901&codInst=3028691&a=0.6327376302797347 HTTP/1.1" 200 2
186.155.125.127 - - [25/Jan/2015:12:50:07 -0500] "GET /forest/json.do?query=ultimoBorradorByTpl&codTpl=501&codInst=3028691&a=0.32121229567565024 HTTP/1.1" 200 2
186.155.125.127 - - [25/Jan/2015:12:50:07 -0500] "GET /forest/json.do?query=ultimoBorradorByTpl&codTpl=1301&codInst=3028691&a=0.36517885024659336 HTTP/1.1" 200 2
100.43.85.25 - - [25/Jan/2015:12:50:11 -0500] "GET /videos/nivo-slider/demo/images/Banner-GAE14.jpg HTTP/1.1" 404 1019
66.249.67.83 - - [25/Jan/2015:12:50:15 -0500] "GET /BLA/resoluciones/RESOLUCIONES%202010/2030.pdf HTTP/1.1" 200 340112
66.249.67.67 - - [25/Jan/2015:12:50:16 -0500] "GET /BLA/resoluciones/RESOLUCIONES%202008/1952.pdf HTTP/1.1" 200 41411
186.155.125.127 - - [25/Jan/2015:12:44:22 -0500] "GET /ForestMSG_SDA/channelAsync/template_word_17355022?X-Atmosphere-tracking-id=3f97a121-53ac-283c-c8cd-6127a000daba&X-Atmosphere-Framework=1.0.5&X-Atmosphere-Transport=long-polling&tabid=0.06029011285863817&X-Cache-Date=0&Content-Type=application/xml&_=1422208053001 HTTP/1.1" 200 8193
66.249.67.67 - - [25/Jan/2015:12:50:27 -0500] "GET /BLA/resoluciones/RESOLUCIONES%202003/RES%202003%202001-2051/20032010.tif HTTP/1.1" 200 113134
186.155.125.127 - - [25/Jan/2015:12:50:25 -0500] "POST /forest/usutareas.do?group_system_actual=3 HTTP/1.1" 200 176
181.50.241.109 - - [25/Jan/2015:12:50:30 -0500] "POST /forms/lservlet;jsessionid=ac16012b30d58ceacfbbcf574491834094438985f5fd.e3iSbxaKaheRe38RbNmLa3mSc41ynknvrkLOlQzNp65In0 HTTP/1.1" 200 2
186.82.82.112 - - [25/Jan/2015:12:50:36 -0500] "POST /forms/lservlet;jsessionid=ac16012b30d5921ad9c082454f2aa96fd36be22e6504.e3iSbxaKaheRe38RbNmLa3mSc41ynknvrkLOlQzNp65In0 HTTP/1.1" 200 2
178.162.193.34 - - [25/Jan/2015:12:50:55 -0500] "GET /BLA/resoluciones/AUTOS%202012/1179.pdf HTTP/1.0" 200 152855
66.249.67.67 - - [25/Jan/2015:12:51:13 -0500] "GET /BLA/resoluciones/Notificaciones/AUTOS%202014/3063.doc HTTP/1.1" 200 138240
220.181.108.106 - - [25/Jan/2015:12:51:27 -0500] "GET / HTTP/1.1" 302 -
66.249.67.67 - - [25/Jan/2015:12:51:36 -0500] "GET /BLA/resoluciones/RESOLUCIONES%202009/2906.pdf HTTP/1.1" 200 42975
178.162.193.34 - - [25/Jan/2015:12:51:37 -0500] "GET /BLA/resoluciones/AUTOS%202007/1691.pdf HTTP/1.0" 200 178954
178.162.193.34 - - [25/Jan/2015:12:51:49 -0500] "GET /BLA/resoluciones/AUTOS%202007/1679.pdf HTTP/1.0" 200 79358
66.249.67.75 - - [25/Jan/2015:12:52:02 -0500] "GET /BLA/resoluciones/RESOLUCIONES%202003/RES%202003%20901-950/931.tif HTTP/1.1" 200 571756
66.249.67.67 - - [25/Jan/2015:12:52:10 -0500] "GET /BLA/resoluciones/RESOLUCIONES%202009/5452.pdf HTTP/1.1" 200 216115
181.50.241.109 - - [25/Jan/2015:12:52:30 -0500] "POST /forms/lservlet;jsessionid=ac16012b30d58ceacfbbcf574491834094438985f5fd.e3iSbxaKaheRe38RbNmLa3mSc41ynknvrkLOlQzNp65In0 HTTP/1.1" 200 2
181.50.54.144 - - [25/Jan/2015:12:52:35 -0500] "GET /BLA/boletinlegal/js/jquery.scrollTo-min.js HTTP/1.1" 200 1150
181.50.54.144 - - [25/Jan/2015:12:52:35 -0500] "GET /BLA/boletinlegal/js/jquery.js HTTP/1.1" 200 57254
181.50.54.144 - - [25/Jan/2015:12:52:35 -0500] "GET /BLA/boletinlegal/js/jquery.scrollShow.js HTTP/1.1" 200 4586
186.82.82.112 - - [25/Jan/2015:12:52:36 -0500] "POST /forms/lservlet;jsessionid=ac16012b30d5921ad9c082454f2aa96fd36be22e6504.e3iSbxaKaheRe38RbNmLa3mSc41ynknvrkLOlQzNp65In0 HTTP/1.1" 200 2
188.165.15.105 - - [25/Jan/2015:12:52:43 -0500] "GET /BLA/resoluciones/RESOLUCIONES%202004/RES%202004%201751-1800/00001786.tif HTTP/1.1" 200 152266
66.249.67.75 - - [25/Jan/2015:12:52:58 -0500] "GET /BLA/resoluciones/RESOLUCIONES%202009/0790.pdf HTTP/1.1" 200 201830
66.249.67.83 - - [25/Jan/2015:12:53:07 -0500] "GET /BLA/resoluciones/RESOLUCIONES%202011/5040.pdf HTTP/1.1" 200 253801
74.86.158.107 - - [25/Jan/2015:12:53:13 -0500] "HEAD / HTTP/1.1" 302 -
186.85.146.83 - - [25/Jan/2015:12:53:45 -0500] "GET /BLA/boletinlegal/js/jquery.scrollTo-min.js HTTP/1.1" 200 1150
186.85.146.83 - - [25/Jan/2015:12:53:45 -0500] "GET /BLA/boletinlegal/js/jquery.js HTTP/1.1" 200 57254
186.85.146.83 - - [25/Jan/2015:12:53:45 -0500] "GET /BLA/boletinlegal/js/jquery.scrollShow.js HTTP/1.1" 200 4586
186.113.10.143 - - [25/Jan/2015:12:53:50 -0500] "GET /galeria/nivo-slider/demo/images/Banner-Ecourbanismo.jpg HTTP/1.1" 304 -
66.249.67.83 - - [25/Jan/2015:12:54:05 -0500] "GET /BLA/resoluciones/AUTOS%202011/2887.pdf HTTP/1.1" 200 490873
66.249.67.67 - - [25/Jan/2015:12:54:19 -0500] "GET /BLA/resoluciones/RESOLUCIONES%202009/2409.pdf HTTP/1.1" 200 411477
190.200.214.196 - - [25/Jan/2015:12:54:27 -0500] "GET /BLA/boletinlegal/js/jquery.js HTTP/1.1" 200 57254
190.200.214.196 - - [25/Jan/2015:12:54:27 -0500] "GET /BLA/boletinlegal/js/jquery.scrollTo-min.js HTTP/1.1" 200 1150
190.200.214.196 - - [25/Jan/2015:12:54:27 -0500] "GET /BLA/boletinlegal/js/jquery.scrollShow.js HTTP/1.1" 200 4586
181.50.241.109 - - [25/Jan/2015:12:54:30 -0500] "POST /forms/lservlet;jsessionid=ac16012b30d58ceacfbbcf574491834094438985f5fd.e3iSbxaKaheRe38RbNmLa3mSc41ynknvrkLOlQzNp65In0 HTTP/1.1" 200 2
188.165.15.59 - - [25/Jan/2015:12:54:32 -0500] "GET /BLA/resoluciones/RESOLUCIONES%202002/RES%202002%201551-1600/20021558.tif HTTP/1.1" 200 123926
186.82.82.112 - - [25/Jan/2015:12:54:36 -0500] "POST /forms/lservlet;jsessionid=ac16012b30d5921ad9c082454f2aa96fd36be22e6504.e3iSbxaKaheRe38RbNmLa3mSc41ynknvrkLOlQzNp65In0 HTTP/1.1" 200 2
190.200.214.196 - - [25/Jan/2015:12:54:35 -0500] "GET /videos/CRRFFS.mp4 HTTP/1.1" 200 286784363
180.76.5.64 - - [25/Jan/2015:12:54:59 -0500] "GET / HTTP/1.1" 302 -
66.249.67.75 - - [25/Jan/2015:12:55:02 -0500] "GET /BLA/resoluciones/AUTOS%202012/1645.pdf HTTP/1.1" 200 329490
186.155.125.127 - - [25/Jan/2015:12:55:05 -0500] "GET /forest/session.jsp?a=0.16368336090818048 HTTP/1.1" 200 4
190.66.108.68 - - [25/Jan/2015:12:55:14 -0500] "GET /BLA/boletinlegal/js/jquery.scrollTo-min.js HTTP/1.1" 200 1150
190.66.108.68 - - [25/Jan/2015:12:55:14 -0500] "GET /BLA/boletinlegal/js/jquery.js HTTP/1.1" 200 57254
190.66.108.68 - - [25/Jan/2015:12:55:14 -0500] "GET /BLA/boletinlegal/js/jquery.scrollShow.js HTTP/1.1" 200 4586
190.66.108.68 - - [25/Jan/2015:12:55:14 -0500] "GET /galeria/carrusel/Carrusel/jquery.thumbnailScroller.css HTTP/1.1" 200 2066
190.66.108.68 - - [25/Jan/2015:12:55:15 -0500] "GET /galeria/carrusel/Carrusel/jquery-ui-1.8.13.custom.min.js HTTP/1.1" 200 10800
190.66.108.68 - - [25/Jan/2015:12:55:15 -0500] "GET /galeria/carrusel/Carrusel/jquery.thumbnailScroller.js HTTP/1.1" 200 8157
190.66.108.68 - - [25/Jan/2015:12:55:18 -0500] "GET /galeria/nivo-slider/demo/demo.html HTTP/1.1" 200 3150
190.66.108.68 - - [25/Jan/2015:12:55:19 -0500] "GET /galeria/nivo-slider/themes/default/default.css HTTP/1.1" 200 1569
190.66.108.68 - - [25/Jan/2015:12:55:19 -0500] "GET /galeria/nivo-slider/themes/pascal/pascal.css HTTP/1.1" 200 2258
190.66.108.68 - - [25/Jan/2015:12:55:19 -0500] "GET /galeria/nivo-slider/themes/orman/orman.css HTTP/1.1" 200 2152
190.66.108.68 - - [25/Jan/2015:12:55:19 -0500] "GET /galeria/nivo-slider/jquery.nivo.slider.pack.js HTTP/1.1" 200 11561
190.66.108.68 - - [25/Jan/2015:12:55:19 -0500] "GET /galeria/nivo-slider/nivo-slider.css HTTP/1.1" 200 1507
190.66.108.68 - - [25/Jan/2015:12:55:19 -0500] "GET /galeria/nivo-slider/demo/style.css HTTP/1.1" 200 2222
190.66.108.68 - - [25/Jan/2015:12:55:19 -0500] "GET /galeria/nivo-slider/demo/scripts/jquery-1.7.1.min.js HTTP/1.1" 200 93868
190.66.108.68 - - [25/Jan/2015:12:55:19 -0500] "GET /galeria/nivo-slider/demo/images/bolsas-08.jpg HTTP/1.1" 200 85589
190.66.108.68 - - [25/Jan/2015:12:55:20 -0500] "GET /galeria/nivo-slider/demo/images/Ruta-vertimientos-01.jpg HTTP/1.1" 200 130151
190.66.108.68 - - [25/Jan/2015:12:55:20 -0500] "GET /galeria/nivo-slider/demo/images/4Simple_Slider.png HTTP/1.1" 200 11722
190.66.108.68 - - [25/Jan/2015:12:55:20 -0500] "GET /galeria/nivo-slider/themes/default/loading.gif HTTP/1.1" 200 1737
190.66.108.68 - - [25/Jan/2015:12:55:20 -0500] "GET /galeria/nivo-slider/demo/images/bolsas-06.jpg HTTP/1.1" 200 90982
190.66.108.68 - - [25/Jan/2015:12:55:20 -0500] "GET /galeria/nivo-slider/demo/images/ecolecta-Dic2014.png HTTP/1.1" 200 288593
190.66.108.68 - - [25/Jan/2015:12:55:21 -0500] "GET /videos/Spot_CambioClimatico.flv HTTP/1.1" 200 4371917
190.66.108.68 - - [25/Jan/2015:12:55:21 -0500] "GET /galeria/nivo-slider/demo/images/porloshumedales.jpg HTTP/1.1" 200 351238
66.249.67.83 - - [25/Jan/2015:12:55:22 -0500] "GET /BLA/boletinlegal/Circulares/2011/Circular%20No.%205%20del%2012%20de%20Agosto%20de%202011.pdf HTTP/1.1" 200 431796
190.66.108.68 - - [25/Jan/2015:12:55:22 -0500] "GET /galeria/nivo-slider/demo/images/Tingua-azul.jpg HTTP/1.1" 200 307638
190.66.108.68 - - [25/Jan/2015:12:55:25 -0500] "GET /galeria/nivo-slider/demo/images/Banner-Caracol-Africano.jpg HTTP/1.1" 200 331986
190.66.108.68 - - [25/Jan/2015:12:55:26 -0500] "GET /galeria/nivo-slider/demo/images/banner-redes.jpg HTTP/1.1" 200 62209
190.66.108.68 - - [25/Jan/2015:12:55:27 -0500] "GET /galeria/nivo-slider/demo/images/9Signos.jpg HTTP/1.1" 200 93040
190.66.108.68 - - [25/Jan/2015:12:55:28 -0500] "GET /galeria/nivo-slider/demo/images/banner-llantas2.jpg HTTP/1.1" 200 73153
190.66.108.68 - - [25/Jan/2015:12:55:29 -0500] "GET /galeria/nivo-slider/demo/images/banner-caballos.png HTTP/1.1" 200 389106
66.249.67.75 - - [25/Jan/2015:12:55:40 -0500] "GET /BLA/resoluciones/AUTOS%202008/2029.pdf HTTP/1.1" 200 182538
186.82.82.112 - - [25/Jan/2015:12:55:53 -0500] "GET /galeria/nivo-slider/demo/demo.html HTTP/1.1" 304 -
186.82.82.112 - - [25/Jan/2015:12:55:54 -0500] "GET /galeria/nivo-slider/demo/images/bolsas-08.jpg HTTP/1.1" 304 -
186.82.82.112 - - [25/Jan/2015:12:55:54 -0500] "GET /galeria/nivo-slider/demo/images/Ruta-vertimientos-01.jpg HTTP/1.1" 304 -
186.82.82.112 - - [25/Jan/2015:12:55:54 -0500] "GET /galeria/nivo-slider/demo/images/bolsas-06.jpg HTTP/1.1" 304 -
186.82.82.112 - - [25/Jan/2015:12:55:54 -0500] "GET /galeria/nivo-slider/demo/images/ecolecta-Dic2014.png HTTP/1.1" 304 -
186.82.82.112 - - [25/Jan/2015:12:55:56 -0500] "GET /galeria/nivo-slider/themes/default/arrows.png HTTP/1.1" 200 824
186.82.82.112 - - [25/Jan/2015:12:55:56 -0500] "GET /galeria/nivo-slider/themes/default/bullets.png HTTP/1.1" 200 1281
186.82.82.112 - - [25/Jan/2015:12:55:58 -0500] "GET /videos/Spot_CambioClimatico.flv HTTP/1.1" 200 4371917
66.249.67.83 - - [25/Jan/2015:12:56:00 -0500] "GET /BLA/resoluciones/RESOLUCIONES%202007/RES%202007%20501%20AL%20600/RESOLUCION%200592%20DE%202007.pdf HTTP/1.1" 200 899119
186.155.125.127 - - [25/Jan/2015:12:50:04 -0500] "GET /ForestMSG_SDA/channelAsync/template_word_17354954?X-Atmosphere-tracking-id=ba5ad407-3846-8c69-1a99-6a5fb623f24d&X-Atmosphere-Framework=1.0.5&X-Atmosphere-Transport=long-polling&tabid=0.5304362317547202&X-Cache-Date=0&Content-Type=application/xml&_=1422208395138 HTTP/1.1" 200 8193
186.82.82.112 - - [25/Jan/2015:12:56:14 -0500] "GET /videos/Disciplinarios.flv HTTP/1.1" 200 3644983
186.82.82.112 - - [25/Jan/2015:12:56:20 -0500] "GET /BLA/resoluciones/ HTTP/1.1" 200 7146
186.82.82.112 - - [25/Jan/2015:12:56:20 -0500] "GET /BLA/resoluciones/dlf/styles.css HTTP/1.1" 200 3049
186.82.82.112 - - [25/Jan/2015:12:56:20 -0500] "GET /BLA/resoluciones/dlf/folder.png HTTP/1.1" 200 410
186.82.82.112 - - [25/Jan/2015:12:56:20 -0500] "GET /BLA/resoluciones/dlf/bg.gif HTTP/1.1" 200 54
186.82.82.112 - - [25/Jan/2015:12:56:21 -0500] "GET /favicon.ico HTTP/1.1" 200 7782
181.50.241.109 - - [25/Jan/2015:12:56:30 -0500] "POST /forms/lservlet;jsessionid=ac16012b30d58ceacfbbcf574491834094438985f5fd.e3iSbxaKaheRe38RbNmLa3mSc41ynknvrkLOlQzNp65In0 HTTP/1.1" 200 2
186.82.82.112 - - [25/Jan/2015:12:56:35 -0500] "GET /BLA/resoluciones/dlf/dirup.png HTTP/1.1" 200 644
186.82.82.112 - - [25/Jan/2015:12:56:35 -0500] "GET /BLA/resoluciones/dlf/pdf.gif HTTP/1.1" 200 272
186.82.82.112 - - [25/Jan/2015:12:56:35 -0500] "GET /BLA/resoluciones/index.php?dir=RESOLUCIONES+2012%2F HTTP/1.1" 200 132057
186.82.82.112 - - [25/Jan/2015:12:56:36 -0500] "POST /forms/lservlet;jsessionid=ac16012b30d5921ad9c082454f2aa96fd36be22e6504.e3iSbxaKaheRe38RbNmLa3mSc41ynknvrkLOlQzNp65In0 HTTP/1.1" 200 2
181.50.241.109 - - [25/Jan/2015:12:56:37 -0500] "POST /forms/lservlet;jsessionid=ac16012b30d58ceacfbbcf574491834094438985f5fd.e3iSbxaKaheRe38RbNmLa3mSc41ynknvrkLOlQzNp65In0 HTTP/1.1" 200 2
181.50.241.109 - - [25/Jan/2015:12:56:37 -0500] "POST /forms/lservlet;jsessionid=ac16012b30d58ceacfbbcf574491834094438985f5fd.e3iSbxaKaheRe38RbNmLa3mSc41ynknvrkLOlQzNp65In0 HTTP/1.1" 200 688
181.50.241.109 - - [25/Jan/2015:12:56:37 -0500] "POST /forms/lservlet;jsessionid=ac16012b30d58ceacfbbcf574491834094438985f5fd.e3iSbxaKaheRe38RbNmLa3mSc41ynknvrkLOlQzNp65In0 HTTP/1.1" 200 10
181.50.241.109 - - [25/Jan/2015:12:56:37 -0500] "POST /forms/lservlet;jsessionid=ac16012b30d58ceacfbbcf574491834094438985f5fd.e3iSbxaKaheRe38RbNmLa3mSc41ynknvrkLOlQzNp65In0 HTTP/1.1" 200 2
181.50.241.109 - - [25/Jan/2015:12:56:37 -0500] "POST /forms/lservlet;jsessionid=ac16012b30d58ceacfbbcf574491834094438985f5fd.e3iSbxaKaheRe38RbNmLa3mSc41ynknvrkLOlQzNp65In0 HTTP/1.1" 200 270
181.50.241.109 - - [25/Jan/2015:12:56:37 -0500] "POST /forms/lservlet;jsessionid=ac16012b30d58ceacfbbcf574491834094438985f5fd.e3iSbxaKaheRe38RbNmLa3mSc41ynknvrkLOlQzNp65In0 HTTP/1.1" 200 10
181.50.241.109 - - [25/Jan/2015:12:56:39 -0500] "POST /forms/lservlet;jsessionid=ac16012b30d58ceacfbbcf574491834094438985f5fd.e3iSbxaKaheRe38RbNmLa3mSc41ynknvrkLOlQzNp65In0 HTTP/1.1" 200 24
181.50.241.109 - - [25/Jan/2015:12:56:39 -0500] "POST /forms/lservlet;jsessionid=ac16012b30d58ceacfbbcf574491834094438985f5fd.e3iSbxaKaheRe38RbNmLa3mSc41ynknvrkLOlQzNp65In0 HTTP/1.1" 200 580
181.50.241.109 - - [25/Jan/2015:12:56:39 -0500] "POST /forms/lservlet;jsessionid=ac16012b30d58ceacfbbcf574491834094438985f5fd.e3iSbxaKaheRe38RbNmLa3mSc41ynknvrkLOlQzNp65In0 HTTP/1.1" 200 11
181.50.241.109 - - [25/Jan/2015:12:56:40 -0500] "POST /forms/lservlet;jsessionid=ac16012b30d58ceacfbbcf574491834094438985f5fd.e3iSbxaKaheRe38RbNmLa3mSc41ynknvrkLOlQzNp65In0 HTTP/1.1" 200 2
181.50.241.109 - - [25/Jan/2015:12:56:40 -0500] "POST /forms/lservlet;jsessionid=ac16012b30d58ceacfbbcf574491834094438985f5fd.e3iSbxaKaheRe38RbNmLa3mSc41ynknvrkLOlQzNp65In0 HTTP/1.1" 200 448
181.50.241.109 - - [25/Jan/2015:12:56:40 -0500] "POST /forms/lservlet;jsessionid=ac16012b30d58ceacfbbcf574491834094438985f5fd.e3iSbxaKaheRe38RbNmLa3mSc41ynknvrkLOlQzNp65In0 HTTP/1.1" 200 11
181.50.241.109 - - [25/Jan/2015:12:56:41 -0500] "POST /forms/lservlet;jsessionid=ac16012b30d58ceacfbbcf574491834094438985f5fd.e3iSbxaKaheRe38RbNmLa3mSc41ynknvrkLOlQzNp65In0 HTTP/1.1" 200 72
186.31.225.110 - - [25/Jan/2015:12:56:42 -0500] "GET /BLA/boletinlegal/js/jquery.js HTTP/1.1" 200 57254
186.31.225.110 - - [25/Jan/2015:12:56:42 -0500] "GET /BLA/boletinlegal/js/jquery.scrollTo-min.js HTTP/1.1" 200 1150
186.31.225.110 - - [25/Jan/2015:12:56:42 -0500] "GET /BLA/boletinlegal/js/jquery.scrollShow.js HTTP/1.1" 200 4586
181.50.241.109 - - [25/Jan/2015:12:56:43 -0500] "POST /forms/lservlet;jsessionid=ac16012b30d58ceacfbbcf574491834094438985f5fd.e3iSbxaKaheRe38RbNmLa3mSc41ynknvrkLOlQzNp65In0 HTTP/1.1" 200 24
181.50.241.109 - - [25/Jan/2015:12:56:43 -0500] "POST /forms/lservlet;jsessionid=ac16012b30d58ceacfbbcf574491834094438985f5fd.e3iSbxaKaheRe38RbNmLa3mSc41ynknvrkLOlQzNp65In0 HTTP/1.1" 200 4168
181.50.241.109 - - [25/Jan/2015:12:56:44 -0500] "POST /forms/lservlet;jsessionid=ac16012b30d58ceacfbbcf574491834094438985f5fd.e3iSbxaKaheRe38RbNmLa3mSc41ynknvrkLOlQzNp65In0 HTTP/1.1" 200 18
181.50.241.109 - - [25/Jan/2015:12:56:45 -0500] "POST /forms/lservlet;jsessionid=ac16012b30d58ceacfbbcf574491834094438985f5fd.e3iSbxaKaheRe38RbNmLa3mSc41ynknvrkLOlQzNp65In0 HTTP/1.1" 200 151
186.82.82.112 - - [25/Jan/2015:12:56:46 -0500] "GET /BLA/resoluciones/RESOLUCIONES%202012/0522.pdf HTTP/1.1" 200 968016
186.82.82.112 - - [25/Jan/2015:12:56:47 -0500] "GET /BLA/resoluciones/RESOLUCIONES%202012/0522.pdf HTTP/1.1" 206 32768
186.82.82.112 - - [25/Jan/2015:12:56:47 -0500] "GET /BLA/resoluciones/RESOLUCIONES%202012/0522.pdf HTTP/1.1" 206 935248
66.249.67.83 - - [25/Jan/2015:12:56:57 -0500] "GET /BLA/resoluciones/RESOLUCIONES%202012/0621.pdf HTTP/1.1" 200 500118
66.249.67.83 - - [25/Jan/2015:12:57:02 -0500] "GET /BLA/resoluciones/RESOLUCIONES%202008/3594.pdf HTTP/1.1" 200 258468
152.61.128.66 - - [25/Jan/2015:12:57:02 -0500] "HEAD / HTTP/1.1" 302 -
152.61.128.66 - - [25/Jan/2015:12:57:02 -0500] "GET /arcgis/services/Calidad_del_Agua_WQI/MapServer/WMSServer?request=GetCapabilities&service=WMS HTTP/1.1" 200 32135
152.61.128.66 - - [25/Jan/2015:12:57:03 -0500] "GET /arcgis/services/Calidad_del_Agua_WQI/MapServer/WMSServer?request=GetCapabilities&service=WMS HTTP/1.0" 200 32135
152.61.128.66 - - [25/Jan/2015:12:57:04 -0500] "GET /arcgis/services/Calidad_del_Agua_WQI/MapServer/WMSServer?request=GetCapabilities&service=WMS HTTP/1.0" 200 32135
152.61.128.66 - - [25/Jan/2015:12:57:05 -0500] "GET /arcgis/services/Calidad_del_Agua_WQI/MapServer/WMSServer?request=GetCapabilities&service=WMS HTTP/1.0" 200 32135
152.61.128.66 - - [25/Jan/2015:12:57:06 -0500] "GET /arcgis/services/Calidad_del_Agua_WQI/MapServer/WMSServer?VERSION=1.1.1&REQUEST=GetMap&LAYERS=0&SRS=EPSG:4326&BBOX=-74.473395,3.674381,-73.963300,4.920569&WIDTH=250&HEIGHT=250&FORMAT=image/bmp&STYLES=& HTTP/1.1" 200 188054
181.50.241.109 - - [25/Jan/2015:12:57:10 -0500] "POST /forms/lservlet;jsessionid=ac16012b30d58ceacfbbcf574491834094438985f5fd.e3iSbxaKaheRe38RbNmLa3mSc41ynknvrkLOlQzNp65In0 HTTP/1.1" 200 79
181.50.241.109 - - [25/Jan/2015:12:57:10 -0500] "POST /forms/lservlet;jsessionid=ac16012b30d58ceacfbbcf574491834094438985f5fd.e3iSbxaKaheRe38RbNmLa3mSc41ynknvrkLOlQzNp65In0 HTTP/1.1" 200 8
181.50.241.109 - - [25/Jan/2015:12:57:10 -0500] "POST /forms/lservlet;jsessionid=ac16012b30d58ceacfbbcf574491834094438985f5fd.e3iSbxaKaheRe38RbNmLa3mSc41ynknvrkLOlQzNp65In0 HTTP/1.1" 200 2
152.61.128.66 - - [25/Jan/2015:12:57:21 -0500] "HEAD / HTTP/1.1" 302 -
152.61.128.66 - - [25/Jan/2015:12:57:21 -0500] "GET /arcgis/services/Calidad_del_Agua_WQI/MapServer/WMSServer?SERVICE=WMS&REQUEST=GetCapabilities HTTP/1.1" 200 32135
152.61.128.66 - - [25/Jan/2015:12:57:22 -0500] "GET /arcgis/services/Calidad_del_Agua_WQI/MapServer/WMSServer?SERVICE=WMS&REQUEST=GetCapabilities HTTP/1.0" 200 32135
152.61.128.66 - - [25/Jan/2015:12:57:23 -0500] "GET /arcgis/services/Calidad_del_Agua_WQI/MapServer/WMSServer?SERVICE=WMS&REQUEST=GetCapabilities HTTP/1.0" 200 32135
152.61.128.66 - - [25/Jan/2015:12:57:24 -0500] "GET /arcgis/services/Calidad_del_Agua_WQI/MapServer/WMSServer?SERVICE=WMS&REQUEST=GetCapabilities HTTP/1.0" 200 32135
152.61.128.66 - - [25/Jan/2015:12:57:25 -0500] "GET /arcgis/services/Calidad_del_Agua_WQI/MapServer/WMSServer?VERSION=1.1.1&REQUEST=GetMap&LAYERS=0&SRS=EPSG:4326&BBOX=-74.473395,3.674381,-73.963300,4.920569&WIDTH=250&HEIGHT=250&FORMAT=image/bmp&STYLES=& HTTP/1.1" 200 188054
178.162.193.34 - - [25/Jan/2015:12:57:26 -0500] "GET /BLA/resoluciones/AUTOS%202009/2830.pdf HTTP/1.0" 200 91148
66.249.67.67 - - [25/Jan/2015:12:57:43 -0500] "GET /BLA/resoluciones/RESOLUCIONES%202003/RES%202003%202001-2051/20032009.tif HTTP/1.1" 200 159680
178.162.193.34 - - [25/Jan/2015:12:57:47 -0500] "GET /BLA/resoluciones/AUTOS%202009/2044.pdf HTTP/1.0" 200 187858
66.249.67.67 - - [25/Jan/2015:12:57:55 -0500] "GET /BLA/resoluciones/RESOLUCIONES%202007/RES%202007%202301%20AL%202400/RESOLUCION%202399%20DE%202007.pdf HTTP/1.1" 304 -
74.86.158.107 - - [25/Jan/2015:12:58:13 -0500] "HEAD / HTTP/1.1" 302 -
191.88.19.204 - - [25/Jan/2015:12:58:19 -0500] "GET /BLA/boletinlegal/js/jquery.js HTTP/1.1" 200 57254
191.88.19.204 - - [25/Jan/2015:12:58:19 -0500] "GET /BLA/boletinlegal/js/jquery.scrollTo-min.js HTTP/1.1" 200 1150
191.88.19.204 - - [25/Jan/2015:12:58:19 -0500] "GET /BLA/boletinlegal/js/jquery.scrollShow.js HTTP/1.1" 200 4586
66.249.67.83 - - [25/Jan/2015:12:58:23 -0500] "GET /BLA/resoluciones/AUTOS%202007/2148.pdf HTTP/1.1" 200 162157
186.31.225.110 - - [25/Jan/2015:12:58:23 -0500] "GET /BLA/resoluciones/RESOLUCIONES%202009/3957.pdf HTTP/1.1" 200 948979
186.31.225.110 - - [25/Jan/2015:12:58:23 -0500] "GET /BLA/resoluciones/RESOLUCIONES%202009/3957.pdf HTTP/1.1" 206 32768
186.31.225.110 - - [25/Jan/2015:12:58:24 -0500] "GET /BLA/resoluciones/RESOLUCIONES%202009/3957.pdf HTTP/1.1" 206 916211
186.31.225.110 - - [25/Jan/2015:12:58:27 -0500] "GET /favicon.ico HTTP/1.1" 200 7782
181.50.241.109 - - [25/Jan/2015:12:58:30 -0500] "POST /forms/lservlet;jsessionid=ac16012b30d58ceacfbbcf574491834094438985f5fd.e3iSbxaKaheRe38RbNmLa3mSc41ynknvrkLOlQzNp65In0 HTTP/1.1" 200 2
186.82.82.112 - - [25/Jan/2015:12:58:37 -0500] "POST /forms/lservlet;jsessionid=ac16012b30d5921ad9c082454f2aa96fd36be22e6504.e3iSbxaKaheRe38RbNmLa3mSc41ynknvrkLOlQzNp65In0 HTTP/1.1" 200 2
190.29.92.179 - - [25/Jan/2015:12:58:46 -0500] "GET /BLA/boletinlegal/js/jquery.scrollShow.js HTTP/1.1" 200 4586
190.29.92.179 - - [25/Jan/2015:12:58:46 -0500] "GET /BLA/boletinlegal/js/jquery.scrollTo-min.js HTTP/1.1" 200 1150
190.29.92.179 - - [25/Jan/2015:12:58:46 -0500] "GET /BLA/boletinlegal/js/jquery.js HTTP/1.1" 200 57254
66.249.67.67 - - [25/Jan/2015:12:58:52 -0500] "GET /BLA/resoluciones/AUTOS%202013/1327.pdf HTTP/1.1" 304 -
186.82.10.225 - - [25/Jan/2015:12:59:13 -0500] "GET /BLA/boletinlegal/js/jquery.scrollShow.js HTTP/1.1" 200 4586
186.82.10.225 - - [25/Jan/2015:12:59:13 -0500] "GET /BLA/boletinlegal/js/jquery.js HTTP/1.1" 200 57254
186.82.10.225 - - [25/Jan/2015:12:59:13 -0500] "GET /BLA/boletinlegal/js/jquery.scrollTo-min.js HTTP/1.1" 200 1150
181.54.232.62 - - [25/Jan/2015:12:59:25 -0500] "GET /BLA/boletinlegal/js/jquery.scrollTo-min.js HTTP/1.1" 200 1150
181.54.232.62 - - [25/Jan/2015:12:59:25 -0500] "GET /BLA/boletinlegal/js/jquery.scrollShow.js HTTP/1.1" 200 4586
181.54.232.62 - - [25/Jan/2015:12:59:25 -0500] "GET /BLA/boletinlegal/js/jquery.js HTTP/1.1" 200 57254
186.155.125.127 - - [25/Jan/2015:12:59:38 -0500] "GET /forest/skins/gdocs-jar/popup/escritorio/subirborrador.jsp?form=Correspondencia_Elaborar_Borrador&codTpl=641&codBorr=&a=0.2694529185537249 HTTP/1.1" 200 23286
186.155.125.127 - - [25/Jan/2015:12:59:38 -0500] "GET /forest/json.do?query=borradoresByTpls&codInst=3028691&codTare=692&firma=0&a=0.04277996881864965 HTTP/1.1" 200 2
186.155.125.127 - - [25/Jan/2015:12:59:38 -0500] "GET /forest/json.do?query=plantillasByTarea&codTare=692&codInst=3028691&firma=0&a=0.22418777621351182 HTTP/1.1" 200 904
186.155.125.127 - - [25/Jan/2015:12:59:38 -0500] "GET /forest/json.do?query=terceroById&numTer=89999906110&a=0.015558662125840783 HTTP/1.1" 200 684
186.155.125.127 - - [25/Jan/2015:12:59:38 -0500] "GET /forest/json.do?query=ultimoBorradorByTpl&codTpl=621&codInst=3028691&a=0.4048581204842776 HTTP/1.1" 200 2
186.155.125.127 - - [25/Jan/2015:12:59:38 -0500] "GET /forest/json.do?query=ultimoBorradorByTpl&codTpl=1201&codInst=3028691&a=0.3811056958511472 HTTP/1.1" 200 2
186.155.125.127 - - [25/Jan/2015:12:59:38 -0500] "GET /forest/json.do?query=ultimoBorradorByTpl&codTpl=641&codInst=3028691&a=0.40777120599523187 HTTP/1.1" 200 2
186.155.125.127 - - [25/Jan/2015:12:59:38 -0500] "GET /forest/json.do?query=ultimoBorradorByTpl&codTpl=901&codInst=3028691&a=0.02883224468678236 HTTP/1.1" 200 2
186.155.125.127 - - [25/Jan/2015:12:59:39 -0500] "GET /forest/json.do?query=ultimoBorradorByTpl&codTpl=501&codInst=3028691&a=0.80625747772865 HTTP/1.1" 200 2
186.155.125.127 - - [25/Jan/2015:12:59:39 -0500] "GET /forest/json.do?query=ultimoBorradorByTpl&codTpl=1301&codInst=3028691&a=0.5853874830063432 HTTP/1.1" 200 2
66.249.67.67 - - [25/Jan/2015:12:59:44 -0500] "GET /BLA/resoluciones/RESOLUCIONES%202008/5521.pdf HTTP/1.1" 200 201701
186.155.125.127 - - [25/Jan/2015:12:59:43 -0500] "POST /forest/usutareas.do?group_system_actual=3 HTTP/1.1" 200 176
66.249.67.67 - - [25/Jan/2015:12:59:50 -0500] "GET /BLA/resoluciones/RESOLUCIONES%202010/5065.pdf HTTP/1.1" 200 407901
186.155.125.127 - - [25/Jan/2015:13:00:05 -0500] "GET /forest/session.jsp?a=0.4956377965863794 HTTP/1.1" 200 4
186.155.125.127 - - [25/Jan/2015:13:00:13 -0500] "GET /forest/index2.jsp?_a=0.47788135684095323 HTTP/1.1" 200 49032
186.155.125.127 - - [25/Jan/2015:13:00:13 -0500] "GET /forest/session.jsp?a=0.2876517837867141 HTTP/1.1" 200 4
186.155.125.127 - - [25/Jan/2015:13:00:20 -0500] "GET /forest/misactividades.do?group_system_actual=3&_a=0.45989250019192696 HTTP/1.1" 200 37523
186.155.125.127 - - [25/Jan/2015:13:00:20 -0500] "GET /forest/session.jsp?a=0.9390403390862048 HTTP/1.1" 200 4
186.155.125.127 - - [25/Jan/2015:13:00:20 -0500] "POST /forest/misactividades.do?ajax=true&a=0.20533152157440782 HTTP/1.1" 200 4649
181.50.241.109 - - [25/Jan/2015:13:00:30 -0500] "POST /forms/lservlet;jsessionid=ac16012b30d58ceacfbbcf574491834094438985f5fd.e3iSbxaKaheRe38RbNmLa3mSc41ynknvrkLOlQzNp65In0 HTTP/1.1" 200 2
186.155.125.127 - - [25/Jan/2015:13:00:36 -0500] "GET /forest/usutareas.do?_a=0.19473916036076844&group_system_actual=3 HTTP/1.1" 200 104201
186.155.125.127 - - [25/Jan/2015:13:00:36 -0500] "GET /forest/session.jsp?a=0.3759346934966743 HTTP/1.1" 200 4
186.82.82.112 - - [25/Jan/2015:13:00:37 -0500] "POST /forms/lservlet;jsessionid=ac16012b30d5921ad9c082454f2aa96fd36be22e6504.e3iSbxaKaheRe38RbNmLa3mSc41ynknvrkLOlQzNp65In0 HTTP/1.1" 200 2
186.155.125.127 - - [25/Jan/2015:13:00:39 -0500] "GET /forest/documentos/1994789/2015ER02415.pdf HTTP/1.1" 200 717775
66.249.67.83 - - [25/Jan/2015:13:00:47 -0500] "GET /BLA/resoluciones/RESOLUCIONES%202009/0082.pdf HTTP/1.1" 304 -
186.29.170.96 - - [25/Jan/2015:13:00:51 -0500] "GET /BLA/boletinlegal/js/jquery.scrollTo-min.js HTTP/1.1" 200 1150
186.29.170.96 - - [25/Jan/2015:13:00:51 -0500] "GET /BLA/boletinlegal/js/jquery.scrollShow.js HTTP/1.1" 200 4586
186.29.170.96 - - [25/Jan/2015:13:00:51 -0500] "GET /BLA/boletinlegal/js/jquery.js HTTP/1.1" 200 57254
190.24.120.181 - - [25/Jan/2015:13:01:04 -0500] "GET /BLA/boletinlegal/js/jquery.scrollTo-min.js HTTP/1.1" 200 1150
190.24.120.181 - - [25/Jan/2015:13:01:04 -0500] "GET /BLA/boletinlegal/js/jquery.js HTTP/1.1" 200 57254
190.24.120.181 - - [25/Jan/2015:13:01:04 -0500] "GET /galeria/carrusel/Carrusel/jquery.thumbnailScroller.css HTTP/1.1" 200 2066
190.24.120.181 - - [25/Jan/2015:13:01:04 -0500] "GET /BLA/boletinlegal/js/jquery.scrollShow.js HTTP/1.1" 200 4586
190.24.120.181 - - [25/Jan/2015:13:01:04 -0500] "GET /galeria/carrusel/Carrusel/jquery-ui-1.8.13.custom.min.js HTTP/1.1" 200 10800
190.24.120.181 - - [25/Jan/2015:13:01:04 -0500] "GET /galeria/carrusel/Carrusel/jquery.thumbnailScroller.js HTTP/1.1" 200 8157
190.24.120.181 - - [25/Jan/2015:13:01:05 -0500] "GET /galeria/nivo-slider/demo/demo.html HTTP/1.1" 200 3150
66.249.67.83 - - [25/Jan/2015:13:01:06 -0500] "GET /BLA/resoluciones/RESOLUCIONES%202009/2992.pdf HTTP/1.1" 200 615148
190.24.120.181 - - [25/Jan/2015:13:01:06 -0500] "GET /galeria/nivo-slider/themes/default/default.css HTTP/1.1" 200 1569
190.24.120.181 - - [25/Jan/2015:13:01:06 -0500] "GET /galeria/nivo-slider/themes/pascal/pascal.css HTTP/1.1" 200 2258
190.24.120.181 - - [25/Jan/2015:13:01:06 -0500] "GET /galeria/nivo-slider/themes/orman/orman.css HTTP/1.1" 200 2152
190.24.120.181 - - [25/Jan/2015:13:01:06 -0500] "GET /galeria/nivo-slider/nivo-slider.css HTTP/1.1" 200 1507
190.24.120.181 - - [25/Jan/2015:13:01:06 -0500] "GET /galeria/nivo-slider/demo/style.css HTTP/1.1" 200 2222
190.24.120.181 - - [25/Jan/2015:13:01:06 -0500] "GET /galeria/nivo-slider/demo/images/bolsas-08.jpg HTTP/1.1" 200 85589
190.24.120.181 - - [25/Jan/2015:13:01:06 -0500] "GET /galeria/nivo-slider/demo/scripts/jquery-1.7.1.min.js HTTP/1.1" 200 93868
190.24.120.181 - - [25/Jan/2015:13:01:06 -0500] "GET /galeria/nivo-slider/demo/images/Ruta-vertimientos-01.jpg HTTP/1.1" 200 130151
190.24.120.181 - - [25/Jan/2015:13:01:06 -0500] "GET /galeria/nivo-slider/jquery.nivo.slider.pack.js HTTP/1.1" 200 11561
190.24.120.181 - - [25/Jan/2015:13:01:06 -0500] "GET /galeria/nivo-slider/demo/images/ecolecta-Dic2014.png HTTP/1.1" 200 288593
190.24.120.181 - - [25/Jan/2015:13:01:06 -0500] "GET /galeria/nivo-slider/demo/images/bolsas-06.jpg HTTP/1.1" 200 90982
190.24.120.181 - - [25/Jan/2015:13:01:06 -0500] "GET /galeria/nivo-slider/demo/images/porloshumedales.jpg HTTP/1.1" 200 351238
190.24.120.181 - - [25/Jan/2015:13:01:06 -0500] "GET /galeria/nivo-slider/demo/images/Tingua-azul.jpg HTTP/1.1" 200 307638
190.24.120.181 - - [25/Jan/2015:13:01:06 -0500] "GET /galeria/nivo-slider/demo/images/Banner-Caracol-Africano.jpg HTTP/1.1" 200 331986
190.24.120.181 - - [25/Jan/2015:13:01:07 -0500] "GET /galeria/nivo-slider/demo/images/4Simple_Slider.png HTTP/1.1" 200 11722
190.24.120.181 - - [25/Jan/2015:13:01:07 -0500] "GET /galeria/nivo-slider/themes/default/loading.gif HTTP/1.1" 200 1737
190.24.120.181 - - [25/Jan/2015:13:01:07 -0500] "GET /galeria/nivo-slider/demo/images/banner-redes.jpg HTTP/1.1" 200 62209
190.24.120.181 - - [25/Jan/2015:13:01:07 -0500] "GET /galeria/nivo-slider/demo/images/9Signos.jpg HTTP/1.1" 200 93040
190.24.120.181 - - [25/Jan/2015:13:01:07 -0500] "GET /galeria/nivo-slider/demo/images/banner-llantas2.jpg HTTP/1.1" 200 73153
190.24.120.181 - - [25/Jan/2015:13:01:07 -0500] "GET /galeria/nivo-slider/demo/images/banner-caballos.png HTTP/1.1" 200 389106
190.24.120.181 - - [25/Jan/2015:13:01:07 -0500] "GET /videos/Spot_CambioClimatico.flv HTTP/1.1" 200 4371917
190.24.120.181 - - [25/Jan/2015:13:01:08 -0500] "GET /galeria/nivo-slider/themes/default/arrows.png HTTP/1.1" 200 824
190.24.120.181 - - [25/Jan/2015:13:01:08 -0500] "GET /galeria/nivo-slider/themes/default/bullets.png HTTP/1.1" 200 1281
186.155.125.127 - - [25/Jan/2015:13:01:09 -0500] "GET /forest/index2.jsp?_a=0.10881240293383598 HTTP/1.1" 200 49026
186.155.125.127 - - [25/Jan/2015:13:01:10 -0500] "GET /forest/session.jsp?a=0.2653709806036204 HTTP/1.1" 200 4
186.155.125.127 - - [25/Jan/2015:13:01:12 -0500] "GET /forest/usutareas.do?group_system_actual=3&codTraEsc=17256416&_a=0.27030612339878 HTTP/1.1" 200 104201
186.155.125.127 - - [25/Jan/2015:13:01:13 -0500] "GET /forest/session.jsp?a=0.17849894403479993 HTTP/1.1" 200 4
181.133.34.123 - - [25/Jan/2015:13:01:29 -0500] "GET /galeria/nivo-slider/demo/demo.html HTTP/1.1" 304 -
181.133.34.123 - - [25/Jan/2015:13:01:30 -0500] "GET /galeria/nivo-slider/demo/images/bolsas-08.jpg HTTP/1.1" 304 -
181.133.34.123 - - [25/Jan/2015:13:01:30 -0500] "GET /galeria/nivo-slider/demo/images/bolsas-06.jpg HTTP/1.1" 304 -
181.133.34.123 - - [25/Jan/2015:13:01:30 -0500] "GET /galeria/nivo-slider/demo/images/Ruta-vertimientos-01.jpg HTTP/1.1" 304 -
178.162.193.34 - - [25/Jan/2015:13:01:36 -0500] "GET /BLA/resoluciones/RESOLUCIONES%202009/8767.pdf HTTP/1.0" 200 717620
190.9.200.130 - - [25/Jan/2015:13:01:39 -0500] "GET /galeria/nivo-slider/demo/demo.html HTTP/1.1" 304 -
66.249.67.75 - - [25/Jan/2015:13:01:44 -0500] "GET /BLA/resoluciones/RESOLUCIONES%202008/1025.pdf HTTP/1.1" 304 -
190.9.200.130 - - [25/Jan/2015:13:01:45 -0500] "GET /galeria/nivo-slider/themes/default/default.css HTTP/1.1" 304 -
190.9.200.130 - - [25/Jan/2015:13:01:46 -0500] "GET /galeria/nivo-slider/demo/images/bolsas-08.jpg HTTP/1.1" 304 -
190.9.200.130 - - [25/Jan/2015:13:01:47 -0500] "GET /galeria/nivo-slider/demo/images/Ruta-vertimientos-01.jpg HTTP/1.1" 304 -
190.9.200.130 - - [25/Jan/2015:13:01:47 -0500] "GET /galeria/nivo-slider/demo/images/bolsas-06.jpg HTTP/1.1" 304 -
190.9.200.130 - - [25/Jan/2015:13:01:47 -0500] "GET /galeria/nivo-slider/demo/images/ecolecta-Dic2014.png HTTP/1.1" 304 -
190.9.200.130 - - [25/Jan/2015:13:01:47 -0500] "GET /galeria/nivo-slider/demo/images/porloshumedales.jpg HTTP/1.1" 304 -
190.9.200.130 - - [25/Jan/2015:13:01:48 -0500] "GET /galeria/nivo-slider/demo/images/Tingua-azul.jpg HTTP/1.1" 304 -
188.165.15.43 - - [25/Jan/2015:13:01:52 -0500] "GET /BLA/resoluciones/RESOLUCIONES%202006/RES%202006%202301-2350/00002304.tif HTTP/1.1" 200 240826
190.9.200.130 - - [25/Jan/2015:13:01:58 -0500] "GET /galeria/nivo-slider/demo/images/Banner-Caracol-Africano.jpg HTTP/1.1" 304 -
190.9.200.130 - - [25/Jan/2015:13:01:58 -0500] "GET /galeria/nivo-slider/demo/images/banner-redes.jpg HTTP/1.1" 304 -
190.9.200.130 - - [25/Jan/2015:13:01:59 -0500] "GET /galeria/nivo-slider/demo/images/9Signos.jpg HTTP/1.1" 304 -
190.9.200.130 - - [25/Jan/2015:13:02:03 -0500] "GET /galeria/nivo-slider/demo/images/banner-llantas2.jpg HTTP/1.1" 304 -
190.9.200.130 - - [25/Jan/2015:13:02:03 -0500] "GET /galeria/nivo-slider/demo/images/banner-caballos.png HTTP/1.1" 304 -
178.162.193.34 - - [25/Jan/2015:13:02:20 -0500] "GET /BLA/resoluciones/AUTOS%202007/2930.pdf HTTP/1.0" 200 303059
66.249.67.75 - - [25/Jan/2015:13:02:26 -0500] "GET /BLA/resoluciones/RESOLUCIONES%202009/4285.pdf HTTP/1.1" 200 542549
181.50.241.109 - - [25/Jan/2015:13:02:31 -0500] "POST /forms/lservlet;jsessionid=ac16012b30d58ceacfbbcf574491834094438985f5fd.e3iSbxaKaheRe38RbNmLa3mSc41ynknvrkLOlQzNp65In0 HTTP/1.1" 200 2
186.82.82.112 - - [25/Jan/2015:13:02:36 -0500] "POST /forms/lservlet;jsessionid=ac16012b30d5921ad9c082454f2aa96fd36be22e6504.e3iSbxaKaheRe38RbNmLa3mSc41ynknvrkLOlQzNp65In0 HTTP/1.1" 200 2
66.249.67.67 - - [25/Jan/2015:13:02:42 -0500] "GET /BLA/resoluciones/RESOLUCIONES%202013/2151.pdf HTTP/1.1" 200 766365
74.86.158.107 - - [25/Jan/2015:13:03:13 -0500] "HEAD / HTTP/1.1" 302 -
188.165.15.41 - - [25/Jan/2015:13:03:19 -0500] "GET /BLA/resoluciones/RESOLUCIONES%202005/RES%202005%202351-2400/00002388.tif HTTP/1.1" 200 200688
66.249.67.75 - - [25/Jan/2015:13:03:39 -0500] "GET /BLA/resoluciones/RESOLUCIONES%202007/RES%202007%203801%20AL%203900/RESOLUCION%203833%20DE%202007.pdf HTTP/1.1" 304 -
66.249.67.75 - - [25/Jan/2015:13:03:45 -0500] "GET /BLA/resoluciones/RESOLUCIONES%202007/RES%202007%201801%20AL%201900/RESOLUCION%201835%20DE%202007.pdf HTTP/1.1" 200 63452
66.249.67.75 - - [25/Jan/2015:13:03:48 -0500] "GET /BLA/resoluciones/RESOLUCIONES%202009/1000.pdf HTTP/1.1" 200 430498
181.139.147.12 - - [25/Jan/2015:13:03:50 -0500] "GET /BLA/boletinlegal/js/jquery.js HTTP/1.1" 200 57254
181.139.147.12 - - [25/Jan/2015:13:03:50 -0500] "GET /BLA/boletinlegal/js/jquery.scrollTo-min.js HTTP/1.1" 200 1150
181.139.147.12 - - [25/Jan/2015:13:03:50 -0500] "GET /BLA/boletinlegal/js/jquery.scrollShow.js HTTP/1.1" 200 4586
180.76.5.76 - - [25/Jan/2015:13:04:02 -0500] "GET /BLA/boletinlegal/circulares/2012IE017270.pdf HTTP/1.1" 200 233051
181.48.9.60 - - [25/Jan/2015:13:04:14 -0500] "GET /BLA/boletinlegal/js/jquery.scrollTo-min.js HTTP/1.1" 304 -
181.48.9.60 - - [25/Jan/2015:13:04:14 -0500] "GET /BLA/boletinlegal/js/jquery.js HTTP/1.1" 304 -
181.48.9.60 - - [25/Jan/2015:13:04:14 -0500] "GET /BLA/boletinlegal/js/jquery.scrollShow.js HTTP/1.1" 304 -
190.24.120.181 - - [25/Jan/2015:13:04:24 -0500] "GET /videos/galeria-fotografica/index19.html? HTTP/1.1" 200 1972
190.24.120.181 - - [25/Jan/2015:13:04:24 -0500] "GET /videos/galeria-fotografica/js/jquery-flickr-gallery/jquery-flickr.css HTTP/1.1" 200 711
