190.158.180.151 - - [25/Jan/2015:14:55:35 -0500] "GET /galeria/nivo-slider/demo/images/banner-redes.jpg HTTP/1.1" 200 62209
190.158.180.151 - - [25/Jan/2015:14:55:35 -0500] "GET /galeria/nivo-slider/demo/images/9Signos.jpg HTTP/1.1" 200 93040
190.158.180.151 - - [25/Jan/2015:14:55:35 -0500] "GET /galeria/nivo-slider/demo/images/banner-llantas2.jpg HTTP/1.1" 200 73153
190.158.180.151 - - [25/Jan/2015:14:55:35 -0500] "GET /galeria/nivo-slider/demo/images/banner-caballos.png HTTP/1.1" 200 389106
190.158.180.151 - - [25/Jan/2015:14:55:36 -0500] "GET /galeria/nivo-slider/themes/default/arrows.png HTTP/1.1" 200 824
190.158.180.151 - - [25/Jan/2015:14:55:36 -0500] "GET /galeria/nivo-slider/themes/default/bullets.png HTTP/1.1" 200 1281
190.158.180.151 - - [25/Jan/2015:14:55:37 -0500] "GET /videos/Spot_CambioClimatico.flv HTTP/1.1" 200 4371917
66.249.67.75 - - [25/Jan/2015:14:55:40 -0500] "GET /BLA/resoluciones/RESOLUCIONES%202009/0348.pdf HTTP/1.1" 200 149432
202.46.49.37 - - [25/Jan/2015:14:55:50 -0500] "GET /BLA/resoluciones/RESOLUCIONES%202007/RES%202007%202201%20AL%202300/RESOLUCION%202290%20DE%202007.pdf HTTP/1.1" 200 1053960
66.249.67.75 - - [25/Jan/2015:14:56:06 -0500] "GET /BLA/resoluciones/RESOLUCIONES%202010/4071.pdf HTTP/1.1" 200 906765
173.29.57.235 - - [25/Jan/2015:14:56:14 -0500] "GET /webdav/x32.php HTTP/1.1" 404 1018
181.50.241.109 - - [25/Jan/2015:14:56:34 -0500] "POST /forms/lservlet;jsessionid=ac16012b30d58ceacfbbcf574491834094438985f5fd.e3iSbxaKaheRe38RbNmLa3mSc41ynknvrkLOlQzNp65In0 HTTP/1.1" 200 2
200.93.53.18 - - [25/Jan/2015:14:56:35 -0500] "GET /BLA/boletinlegal/js/jquery.js HTTP/1.1" 200 57254
200.93.53.18 - - [25/Jan/2015:14:56:35 -0500] "GET /BLA/boletinlegal/js/jquery.scrollTo-min.js HTTP/1.1" 200 1150
66.249.67.75 - - [25/Jan/2015:14:56:38 -0500] "GET /BLA/resoluciones/AUTOS%202007/3770.pdf HTTP/1.1" 200 130534
180.76.5.197 - - [25/Jan/2015:14:56:39 -0500] "GET /BLA/resoluciones/RESOLUCIONES%202007/RES%202007%202201%20AL%202300/RESOLUCION%202237%20DE%202007.pdf HTTP/1.1" 200 509414
186.82.82.112 - - [25/Jan/2015:14:56:43 -0500] "POST /forms/lservlet;jsessionid=ac16012b30d5921ad9c082454f2aa96fd36be22e6504.e3iSbxaKaheRe38RbNmLa3mSc41ynknvrkLOlQzNp65In0 HTTP/1.1" 200 2
188.165.15.59 - - [25/Jan/2015:14:56:45 -0500] "GET /BLA/resoluciones/RESOLUCIONES%202005/RES%202005%201101-1150/00001106.tif HTTP/1.1" 200 68666
66.249.67.75 - - [25/Jan/2015:14:57:27 -0500] "GET /BLA/resoluciones/RESOLUCIONES%202009/1175.pdf HTTP/1.1" 200 267338
66.249.67.83 - - [25/Jan/2015:14:57:35 -0500] "GET /BLA/resoluciones/RESOLUCIONES%202011/2319.pdf HTTP/1.1" 304 -
181.138.183.252 - - [25/Jan/2015:14:57:58 -0500] "GET /BLA/boletinlegal/js/jquery.js HTTP/1.1" 200 57254
181.138.183.252 - - [25/Jan/2015:14:57:58 -0500] "GET /BLA/boletinlegal/js/jquery.scrollTo-min.js HTTP/1.1" 200 1150
181.138.183.252 - - [25/Jan/2015:14:57:58 -0500] "GET /BLA/boletinlegal/js/jquery.scrollShow.js HTTP/1.1" 200 4586
181.138.183.252 - - [25/Jan/2015:14:58:02 -0500] "GET /videos/Comadreja.flv HTTP/1.1" 200 1953549
190.25.221.158 - - [25/Jan/2015:14:58:06 -0500] "GET /crossdomain.xml HTTP/1.1" 404 1280
190.25.221.158 - - [25/Jan/2015:14:58:07 -0500] "GET /arcgis/services/Calidad_del_Agua_WQI/MapServer/WMSServer?HEIGHT=775&STYLES=&WIDTH=1440&LAYERS=3%2C4%2C5%2C6%2C7&BBOX=%2D74%2E16057974159433%2C4%2E599449280300883%2C%2D73%2E98925854917455%2C4%2E6916533942768055&FORMAT=image%2Fpng&SERVICE=WMS&SRS=EPSG%3A4686&REQUEST=GetMap&VERSION=1%2E1%2E1&TRANSPARENT=TRUE HTTP/1.1" 200 10427
74.86.158.107 - - [25/Jan/2015:14:58:13 -0500] "HEAD / HTTP/1.1" 302 -
66.249.67.83 - - [25/Jan/2015:14:58:33 -0500] "GET /BLA/resoluciones/RESOLUCIONES%202010/7209.pdf HTTP/1.1" 304 -
181.50.241.109 - - [25/Jan/2015:14:58:34 -0500] "POST /forms/lservlet;jsessionid=ac16012b30d58ceacfbbcf574491834094438985f5fd.e3iSbxaKaheRe38RbNmLa3mSc41ynknvrkLOlQzNp65In0 HTTP/1.1" 200 2
186.82.82.112 - - [25/Jan/2015:14:58:43 -0500] "POST /forms/lservlet;jsessionid=ac16012b30d5921ad9c082454f2aa96fd36be22e6504.e3iSbxaKaheRe38RbNmLa3mSc41ynknvrkLOlQzNp65In0 HTTP/1.1" 200 2
66.249.67.75 - - [25/Jan/2015:14:58:48 -0500] "GET /BLA/resoluciones/RESOLUCIONES%202010/6543.pdf HTTP/1.1" 200 342475
178.162.193.34 - - [25/Jan/2015:14:58:50 -0500] "GET /BLA/resoluciones/RESOLUCIONES%202014/0587.pdf HTTP/1.0" 200 1996262
189.165.188.116 - - [25/Jan/2015:14:59:00 -0500] "GET /BLA/boletinlegal/js/jquery.js HTTP/1.1" 200 57254
189.165.188.116 - - [25/Jan/2015:14:59:00 -0500] "GET /BLA/boletinlegal/js/jquery.scrollTo-min.js HTTP/1.1" 200 1150
189.165.188.116 - - [25/Jan/2015:14:59:00 -0500] "GET /BLA/boletinlegal/js/jquery.scrollShow.js HTTP/1.1" 200 4586
189.165.188.116 - - [25/Jan/2015:14:59:07 -0500] "GET /videos/CRRFFS.mp4 HTTP/1.1" 200 286784363
190.77.27.178 - - [25/Jan/2015:14:59:24 -0500] "GET /BLA/boletinlegal/js/jquery.scrollShow.js HTTP/1.1" 200 4586
66.249.67.67 - - [25/Jan/2015:14:59:30 -0500] "GET /BLA/resoluciones/AUTOS%202013/0286.pdf HTTP/1.1" 304 -
180.76.5.150 - - [25/Jan/2015:14:59:32 -0500] "GET /BLA/boletinlegal/Circulares/2012/Circular%20No.%202%20del%2014%20de%20Marzo%20de%202012.pdf HTTP/1.1" 200 113666
66.249.67.67 - - [25/Jan/2015:14:59:59 -0500] "GET /BLA/resoluciones/RESOLUCIONES%202003/RES%202003%202001-2051/20032028.tif HTTP/1.1" 200 119812
178.162.193.34 - - [25/Jan/2015:15:00:06 -0500] "GET /BLA/resoluciones/RESOLUCIONES%202012/0654.pdf HTTP/1.0" 200 608207
66.249.67.83 - - [25/Jan/2015:15:00:09 -0500] "GET /BLA/resoluciones/AUTOS%202011/5891.pdf HTTP/1.1" 200 157975
180.76.5.149 - - [25/Jan/2015:15:00:18 -0500] "GET /BLA/resoluciones/RESOLUCIONES%202011/1180.pdf HTTP/1.1" 200 259186
66.249.67.75 - - [25/Jan/2015:15:00:28 -0500] "GET /BLA/resoluciones/RESOLUCIONES%202007/RES%202007%201401%20AL%201500/RESOLUCION%201413%20DE%202007.pdf HTTP/1.1" 200 226529
181.50.241.109 - - [25/Jan/2015:15:00:34 -0500] "POST /forms/lservlet;jsessionid=ac16012b30d58ceacfbbcf574491834094438985f5fd.e3iSbxaKaheRe38RbNmLa3mSc41ynknvrkLOlQzNp65In0 HTTP/1.1" 200 2
186.82.82.112 - - [25/Jan/2015:15:00:44 -0500] "POST /forms/lservlet;jsessionid=ac16012b30d5921ad9c082454f2aa96fd36be22e6504.e3iSbxaKaheRe38RbNmLa3mSc41ynknvrkLOlQzNp65In0 HTTP/1.1" 200 2
66.249.67.67 - - [25/Jan/2015:15:01:25 -0500] "GET /BLA/resoluciones/RESOLUCIONES%202009/4480.pdf HTTP/1.1" 304 -
66.249.67.75 - - [25/Jan/2015:15:01:31 -0500] "GET /BLA/resoluciones/AUTOS%202007/1163.pdf HTTP/1.1" 200 107677
176.214.228.55 - - [25/Jan/2015:15:01:40 -0500] "GET / HTTP/1.0" 302 -
181.53.241.33 - - [25/Jan/2015:15:02:13 -0500] "GET /BLA/boletinlegal/js/jquery.js HTTP/1.1" 200 57254
181.53.241.33 - - [25/Jan/2015:15:02:14 -0500] "GET /BLA/boletinlegal/js/jquery.scrollTo-min.js HTTP/1.1" 200 1150
181.53.241.33 - - [25/Jan/2015:15:02:14 -0500] "GET /BLA/boletinlegal/js/jquery.scrollShow.js HTTP/1.1" 200 4586
181.53.241.33 - - [25/Jan/2015:15:02:20 -0500] "GET /videos/Comadreja.flv HTTP/1.1" 200 1953549
66.249.67.83 - - [25/Jan/2015:15:02:22 -0500] "GET /BLA/resoluciones/RESOLUCIONES%202011/1071.pdf HTTP/1.1" 304 -
186.155.125.127 - - [25/Jan/2015:15:02:30 -0500] "GET /forest/session.jsp?a=0.7892816110979766 HTTP/1.1" 200 5
186.155.125.127 - - [25/Jan/2015:15:02:30 -0500] "GET /forest/login.jsp?a=0.733514028834179 HTTP/1.1" 200 2996
186.30.177.196 - - [25/Jan/2015:15:02:32 -0500] "GET /galeria/carrusel/Carrusel/jquery.thumbnailScroller.css HTTP/1.1" 200 2066
186.30.177.196 - - [25/Jan/2015:15:02:32 -0500] "GET /BLA/boletinlegal/js/jquery.js HTTP/1.1" 200 57254
186.30.177.196 - - [25/Jan/2015:15:02:32 -0500] "GET /BLA/boletinlegal/js/jquery.scrollTo-min.js HTTP/1.1" 200 1150
186.30.177.196 - - [25/Jan/2015:15:02:33 -0500] "GET /BLA/boletinlegal/js/jquery.scrollShow.js HTTP/1.1" 200 4586
186.30.177.196 - - [25/Jan/2015:15:02:33 -0500] "GET /galeria/carrusel/Carrusel/jquery-ui-1.8.13.custom.min.js HTTP/1.1" 200 10800
186.30.177.196 - - [25/Jan/2015:15:02:33 -0500] "GET /galeria/carrusel/Carrusel/jquery.thumbnailScroller.js HTTP/1.1" 200 8157
181.50.241.109 - - [25/Jan/2015:15:02:34 -0500] "POST /forms/lservlet;jsessionid=ac16012b30d58ceacfbbcf574491834094438985f5fd.e3iSbxaKaheRe38RbNmLa3mSc41ynknvrkLOlQzNp65In0 HTTP/1.1" 200 2
186.30.177.196 - - [25/Jan/2015:15:02:36 -0500] "GET /galeria/nivo-slider/demo/demo.html HTTP/1.1" 200 3150
186.30.177.196 - - [25/Jan/2015:15:02:36 -0500] "GET /galeria/nivo-slider/themes/pascal/pascal.css HTTP/1.1" 200 2258
186.30.177.196 - - [25/Jan/2015:15:02:36 -0500] "GET /galeria/nivo-slider/themes/orman/orman.css HTTP/1.1" 200 2152
186.30.177.196 - - [25/Jan/2015:15:02:36 -0500] "GET /galeria/nivo-slider/nivo-slider.css HTTP/1.1" 200 1507
186.30.177.196 - - [25/Jan/2015:15:02:36 -0500] "GET /galeria/nivo-slider/demo/style.css HTTP/1.1" 200 2222
186.30.177.196 - - [25/Jan/2015:15:02:36 -0500] "GET /galeria/nivo-slider/demo/scripts/jquery-1.7.1.min.js HTTP/1.1" 200 93868
186.30.177.196 - - [25/Jan/2015:15:02:36 -0500] "GET /galeria/nivo-slider/jquery.nivo.slider.pack.js HTTP/1.1" 200 11561
186.30.177.196 - - [25/Jan/2015:15:02:37 -0500] "GET /galeria/nivo-slider/themes/default/default.css HTTP/1.1" 200 1569
186.30.177.196 - - [25/Jan/2015:15:02:37 -0500] "GET /galeria/nivo-slider/demo/images/4Simple_Slider.png HTTP/1.1" 200 11722
186.30.177.196 - - [25/Jan/2015:15:02:37 -0500] "GET /galeria/nivo-slider/themes/default/loading.gif HTTP/1.1" 200 1737
186.30.177.196 - - [25/Jan/2015:15:02:37 -0500] "GET /galeria/nivo-slider/demo/images/bolsas-08.jpg HTTP/1.1" 200 85589
186.30.177.196 - - [25/Jan/2015:15:02:37 -0500] "GET /galeria/nivo-slider/demo/images/Ruta-vertimientos-01.jpg HTTP/1.1" 200 130151
186.30.177.196 - - [25/Jan/2015:15:02:37 -0500] "GET /galeria/nivo-slider/demo/images/bolsas-06.jpg HTTP/1.1" 200 90982
186.30.177.196 - - [25/Jan/2015:15:02:37 -0500] "GET /galeria/nivo-slider/demo/images/ecolecta-Dic2014.png HTTP/1.1" 200 288593
186.30.177.196 - - [25/Jan/2015:15:02:38 -0500] "GET /galeria/nivo-slider/demo/images/porloshumedales.jpg HTTP/1.1" 200 351238
186.30.177.196 - - [25/Jan/2015:15:02:38 -0500] "GET /galeria/nivo-slider/demo/images/Tingua-azul.jpg HTTP/1.1" 200 307638
186.30.177.196 - - [25/Jan/2015:15:02:39 -0500] "GET /galeria/nivo-slider/demo/images/Banner-Caracol-Africano.jpg HTTP/1.1" 200 331986
186.30.177.196 - - [25/Jan/2015:15:02:39 -0500] "GET /galeria/nivo-slider/demo/images/banner-redes.jpg HTTP/1.1" 200 62209
186.30.177.196 - - [25/Jan/2015:15:02:40 -0500] "GET /galeria/nivo-slider/demo/images/9Signos.jpg HTTP/1.1" 200 93040
186.30.177.196 - - [25/Jan/2015:15:02:41 -0500] "GET /galeria/nivo-slider/demo/images/banner-llantas2.jpg HTTP/1.1" 200 73153
186.30.177.196 - - [25/Jan/2015:15:02:41 -0500] "GET /galeria/nivo-slider/demo/images/banner-caballos.png HTTP/1.1" 200 389106
186.82.82.112 - - [25/Jan/2015:15:02:44 -0500] "POST /forms/lservlet;jsessionid=ac16012b30d5921ad9c082454f2aa96fd36be22e6504.e3iSbxaKaheRe38RbNmLa3mSc41ynknvrkLOlQzNp65In0 HTTP/1.1" 200 2
186.30.177.196 - - [25/Jan/2015:15:02:44 -0500] "GET /videos/Spot_CambioClimatico.flv HTTP/1.1" 200 4371917
186.30.177.196 - - [25/Jan/2015:15:02:45 -0500] "GET /galeria/nivo-slider/themes/default/arrows.png HTTP/1.1" 200 824
186.30.177.196 - - [25/Jan/2015:15:02:45 -0500] "GET /galeria/nivo-slider/themes/default/bullets.png HTTP/1.1" 200 1281
66.249.67.75 - - [25/Jan/2015:15:02:52 -0500] "GET /BLA/resoluciones/RESOLUCIONES%202011/3569.pdf HTTP/1.1" 200 756398
74.86.158.107 - - [25/Jan/2015:15:03:13 -0500] "HEAD / HTTP/1.1" 302 -
66.249.67.67 - - [25/Jan/2015:15:03:20 -0500] "GET /BLA/resoluciones/RESOLUCIONES%202010/7838.pdf HTTP/1.1" 304 -
66.249.67.75 - - [25/Jan/2015:15:04:14 -0500] "GET /BLA/resoluciones/RESOLUCIONES%202009/7185.pdf HTTP/1.1" 200 1035032
181.50.241.109 - - [25/Jan/2015:15:04:34 -0500] "POST /forms/lservlet;jsessionid=ac16012b30d58ceacfbbcf574491834094438985f5fd.e3iSbxaKaheRe38RbNmLa3mSc41ynknvrkLOlQzNp65In0 HTTP/1.1" 200 2
186.82.82.112 - - [25/Jan/2015:15:04:44 -0500] "POST /forms/lservlet;jsessionid=ac16012b30d5921ad9c082454f2aa96fd36be22e6504.e3iSbxaKaheRe38RbNmLa3mSc41ynknvrkLOlQzNp65In0 HTTP/1.1" 200 2
186.30.33.38 - - [25/Jan/2015:15:04:48 -0500] "GET /POT-2013/index.php?dir=Cartografia%2F HTTP/1.1" 200 11465
186.30.33.38 - - [25/Jan/2015:15:04:48 -0500] "GET /POT-2013/dlf/styles.css HTTP/1.1" 200 3045
186.30.33.38 - - [25/Jan/2015:15:04:49 -0500] "GET /POT-2013/dlf/dirup.png HTTP/1.1" 200 644
186.30.33.38 - - [25/Jan/2015:15:04:49 -0500] "GET /POT-2013/dlf/bg.gif HTTP/1.1" 200 54
186.30.33.38 - - [25/Jan/2015:15:04:49 -0500] "GET /POT-2013/dlf/pdf.gif HTTP/1.1" 200 272
186.30.33.38 - - [25/Jan/2015:15:04:49 -0500] "GET /favicon.ico HTTP/1.1" 200 7782
178.162.193.34 - - [25/Jan/2015:15:04:50 -0500] "GET /BLA/resoluciones/AUTOS%202009/2037.pdf HTTP/1.0" 200 366704
186.30.33.38 - - [25/Jan/2015:15:04:53 -0500] "GET /POT-2013/Cartografia/02_Clasificacion_Urbano_V1_2013.pdf HTTP/1.1" 200 5081898
83.254.148.47 - - [25/Jan/2015:15:05:03 -0500] "GET /BLA/resoluciones/RESOLUCIONES%202009/6081.pdf HTTP/1.1" 200 420952
188.165.15.208 - - [25/Jan/2015:15:05:11 -0500] "GET /BLA/resoluciones/RESOLUCIONES%202005/RES%202005%202601-2650/00002638.tif HTTP/1.1" 200 96780
66.249.67.67 - - [25/Jan/2015:15:05:15 -0500] "GET /BLA/resoluciones/RESOLUCIONES%202009/9048.pdf HTTP/1.1" 200 521479
66.249.67.83 - - [25/Jan/2015:15:05:35 -0500] "GET /BLA/resoluciones/RESOLUCIONES%202008/0305.pdf HTTP/1.1" 200 18018
190.131.196.77 - - [25/Jan/2015:15:05:52 -0500] "GET /BLA/resoluciones/RESOLUCIONES%202007/RES%202007%204001%20AL%204100/RESOLUCION%204062%20DE%202007.pdf HTTP/1.1" 200 303024
190.131.196.77 - - [25/Jan/2015:15:05:53 -0500] "GET /favicon.ico HTTP/1.1" 200 7782
201.132.60.112 - - [25/Jan/2015:15:06:18 -0500] "GET /BLA/resoluciones/RESOLUCIONES%202012/0623.pdf HTTP/1.1" 200 259153
66.249.67.83 - - [25/Jan/2015:15:06:31 -0500] "GET /BLA/resoluciones/RESOLUCIONES%202002/RES%202002%201301-1350/20021320.tif HTTP/1.1" 200 107900
66.249.67.75 - - [25/Jan/2015:15:06:31 -0500] "GET /BLA/resoluciones/RESOLUCIONES%202003/RES%202003%20901-950/946.tif HTTP/1.1" 200 161820
181.50.241.109 - - [25/Jan/2015:15:06:34 -0500] "POST /forms/lservlet;jsessionid=ac16012b30d58ceacfbbcf574491834094438985f5fd.e3iSbxaKaheRe38RbNmLa3mSc41ynknvrkLOlQzNp65In0 HTTP/1.1" 200 2
178.162.193.34 - - [25/Jan/2015:15:06:40 -0500] "GET /BLA/resoluciones/RESOLUCIONES%202007/RES%202007%202801%20AL%202900/RESOLUCION%202843%20DE%202007.pdf HTTP/1.0" 200 661081
186.82.82.112 - - [25/Jan/2015:15:06:44 -0500] "POST /forms/lservlet;jsessionid=ac16012b30d5921ad9c082454f2aa96fd36be22e6504.e3iSbxaKaheRe38RbNmLa3mSc41ynknvrkLOlQzNp65In0 HTTP/1.1" 200 2
178.162.193.34 - - [25/Jan/2015:15:06:51 -0500] "GET /BLA/resoluciones/RESOLUCIONES%202008/0167.pdf HTTP/1.0" 200 283229
66.249.67.83 - - [25/Jan/2015:15:06:56 -0500] "GET /BLA/resoluciones/RESOLUCIONES%202010/0469.pdf HTTP/1.1" 200 106666
190.158.184.18 - - [25/Jan/2015:15:07:03 -0500] "GET /BLA/boletinlegal/js/jquery.js HTTP/1.1" 200 57254
190.158.184.18 - - [25/Jan/2015:15:07:03 -0500] "GET /BLA/boletinlegal/js/jquery.scrollTo-min.js HTTP/1.1" 200 1150
190.158.184.18 - - [25/Jan/2015:15:07:03 -0500] "GET /BLA/boletinlegal/js/jquery.scrollShow.js HTTP/1.1" 200 4586
178.162.193.34 - - [25/Jan/2015:15:07:07 -0500] "GET /BLA/resoluciones/RESOLUCIONES%202014/1177.pdf HTTP/1.0" 200 515104
66.249.67.83 - - [25/Jan/2015:15:07:10 -0500] "GET /BLA/resoluciones/RESOLUCIONES%202009/6873.pdf HTTP/1.1" 200 329264
186.147.58.174 - - [25/Jan/2015:15:07:36 -0500] "GET /huelladecarbono/index.html HTTP/1.1" 404 1316
190.25.162.249 - - [25/Jan/2015:15:07:51 -0500] "GET /BLA/boletinlegal/js/jquery.js HTTP/1.1" 200 57254
190.25.162.249 - - [25/Jan/2015:15:07:51 -0500] "GET /BLA/boletinlegal/js/jquery.scrollTo-min.js HTTP/1.1" 200 1150
190.25.162.249 - - [25/Jan/2015:15:07:51 -0500] "GET /BLA/boletinlegal/js/jquery.scrollShow.js HTTP/1.1" 200 4586
66.249.67.75 - - [25/Jan/2015:15:08:07 -0500] "GET /BLA/resoluciones/AUTOS%202007/2238.pdf HTTP/1.1" 200 112468
74.86.158.107 - - [25/Jan/2015:15:08:13 -0500] "HEAD / HTTP/1.1" 302 -
180.76.5.95 - - [25/Jan/2015:15:08:17 -0500] "GET /BLA/boletinlegal/Directivas/2011/Directiva%20No.%207%20del%2015%20de%20Septiembre%20de%202011.pdf HTTP/1.1" 200 268084
66.249.67.75 - - [25/Jan/2015:15:08:17 -0500] "GET /BLA/resoluciones/RESOLUCIONES%202009/4240.pdf HTTP/1.1" 200 724728
181.50.241.109 - - [25/Jan/2015:15:08:34 -0500] "POST /forms/lservlet;jsessionid=ac16012b30d58ceacfbbcf574491834094438985f5fd.e3iSbxaKaheRe38RbNmLa3mSc41ynknvrkLOlQzNp65In0 HTTP/1.1" 200 2
200.85.231.60 - - [25/Jan/2015:15:08:45 -0500] "GET /BLA/boletinlegal/js/jquery.js HTTP/1.1" 200 57254
200.85.231.60 - - [25/Jan/2015:15:08:45 -0500] "GET /BLA/boletinlegal/js/jquery.scrollTo-min.js HTTP/1.1" 200 1150
200.85.231.60 - - [25/Jan/2015:15:08:45 -0500] "GET /BLA/boletinlegal/js/jquery.scrollShow.js HTTP/1.1" 200 4586
186.82.82.112 - - [25/Jan/2015:15:08:45 -0500] "POST /forms/lservlet;jsessionid=ac16012b30d5921ad9c082454f2aa96fd36be22e6504.e3iSbxaKaheRe38RbNmLa3mSc41ynknvrkLOlQzNp65In0 HTTP/1.1" 200 2
188.165.15.110 - - [25/Jan/2015:15:08:56 -0500] "GET /BLA/resoluciones/RESOLUCIONES%202003/RES%202003%20601-650/604.tif HTTP/1.1" 200 77964
66.249.67.83 - - [25/Jan/2015:15:09:05 -0500] "GET /BLA/resoluciones/RESOLUCIONES%202009/0407.pdf HTTP/1.1" 200 248082
188.165.15.200 - - [25/Jan/2015:15:09:24 -0500] "GET /BLA/resoluciones/RESOLUCIONES%202006/RES%202006%20251-300/00000295.tif HTTP/1.1" 200 42942
190.25.232.143 - - [25/Jan/2015:15:09:34 -0500] "GET /galeria/nivo-slider/demo/images/banner-conejera1.jpg HTTP/1.1" 304 -
200.93.53.18 - - [25/Jan/2015:15:09:38 -0500] "GET /BLA/boletinlegal/js/jquery.scrollShow.js HTTP/1.1" 206 1950
66.249.67.67 - - [25/Jan/2015:15:09:39 -0500] "GET /BLA/resoluciones/RESOLUCIONES%202009/3593.pdf HTTP/1.1" 200 100496
66.249.67.75 - - [25/Jan/2015:15:10:02 -0500] "GET /BLA/resoluciones/AUTOS%202007/0252.pdf HTTP/1.1" 200 99400
190.159.230.170 - - [25/Jan/2015:15:10:17 -0500] "GET /BLA/resoluciones/AUTOS%202009/0527.pdf HTTP/1.1" 200 128665
181.50.241.109 - - [25/Jan/2015:15:10:34 -0500] "POST /forms/lservlet;jsessionid=ac16012b30d58ceacfbbcf574491834094438985f5fd.e3iSbxaKaheRe38RbNmLa3mSc41ynknvrkLOlQzNp65In0 HTTP/1.1" 200 2
200.118.166.213 - - [25/Jan/2015:15:10:37 -0500] "GET /BLA/boletinlegal/js/jquery.js HTTP/1.1" 200 57254
200.118.166.213 - - [25/Jan/2015:15:10:37 -0500] "GET /BLA/boletinlegal/js/jquery.scrollShow.js HTTP/1.1" 200 4586
200.118.166.213 - - [25/Jan/2015:15:10:37 -0500] "GET /BLA/boletinlegal/js/jquery.scrollTo-min.js HTTP/1.1" 200 1150
186.82.82.112 - - [25/Jan/2015:15:10:45 -0500] "POST /forms/lservlet;jsessionid=ac16012b30d5921ad9c082454f2aa96fd36be22e6504.e3iSbxaKaheRe38RbNmLa3mSc41ynknvrkLOlQzNp65In0 HTTP/1.1" 200 2
66.249.67.67 - - [25/Jan/2015:15:10:59 -0500] "GET /BLA/resoluciones/AUTOS%202012/3009.pdf HTTP/1.1" 304 -
66.249.67.83 - - [25/Jan/2015:15:11:01 -0500] "GET /BLA/resoluciones/RESOLUCIONES%202011/4788.pdf HTTP/1.1" 200 616614
200.84.196.45 - - [25/Jan/2015:15:11:49 -0500] "GET /BLA/boletinlegal/js/jquery.js HTTP/1.1" 200 57254
200.84.196.45 - - [25/Jan/2015:15:11:49 -0500] "GET /BLA/boletinlegal/js/jquery.scrollTo-min.js HTTP/1.1" 200 1150
200.84.196.45 - - [25/Jan/2015:15:11:49 -0500] "GET /BLA/boletinlegal/js/jquery.scrollShow.js HTTP/1.1" 200 4586
188.165.15.177 - - [25/Jan/2015:15:11:53 -0500] "GET /BLA/resoluciones/RESOLUCIONES%202004/RES%202004%201851-1900/00001863.tif HTTP/1.1" 200 107574
66.249.67.67 - - [25/Jan/2015:15:11:57 -0500] "GET /BLA/resoluciones/RESOLUCIONES%202010/2797.pdf HTTP/1.1" 200 402802
189.163.247.165 - - [25/Jan/2015:15:12:06 -0500] "GET /BLA/boletinlegal/js/jquery.scrollTo-min.js HTTP/1.1" 200 1150
189.163.247.165 - - [25/Jan/2015:15:12:06 -0500] "GET /BLA/boletinlegal/js/jquery.js HTTP/1.1" 200 57254
189.163.247.165 - - [25/Jan/2015:15:12:06 -0500] "GET /BLA/boletinlegal/js/jquery.scrollShow.js HTTP/1.1" 200 4586
66.249.67.67 - - [25/Jan/2015:15:12:21 -0500] "GET /BLA/resoluciones/RESOLUCIONES%202010/4410.pdf HTTP/1.1" 200 589920
181.50.241.109 - - [25/Jan/2015:15:12:34 -0500] "POST /forms/lservlet;jsessionid=ac16012b30d58ceacfbbcf574491834094438985f5fd.e3iSbxaKaheRe38RbNmLa3mSc41ynknvrkLOlQzNp65In0 HTTP/1.1" 200 2
186.82.82.112 - - [25/Jan/2015:15:12:46 -0500] "POST /forms/lservlet;jsessionid=ac16012b30d5921ad9c082454f2aa96fd36be22e6504.e3iSbxaKaheRe38RbNmLa3mSc41ynknvrkLOlQzNp65In0 HTTP/1.1" 200 2
180.76.5.25 - - [25/Jan/2015:15:12:51 -0500] "GET /BLA/resoluciones/RESOLUCIONES%202007/RES%202007%203501%20AL%203600/RESOLUCION%203544%20DE%202007.pdf HTTP/1.1" 200 174099
66.249.67.75 - - [25/Jan/2015:15:12:54 -0500] "GET /BLA/resoluciones/RESOLUCIONES%202008/5199.pdf HTTP/1.1" 200 60338
188.165.15.208 - - [25/Jan/2015:15:12:59 -0500] "GET /BLA/resoluciones/RESOLUCIONES%202006/RES%202006%201301-1350/00001325.tif HTTP/1.1" 200 154414
66.249.67.83 - - [25/Jan/2015:15:13:04 -0500] "GET /BLA/resoluciones/RESOLUCIONES%202003/RES%202003%202001-2051/20032003.tif HTTP/1.1" 200 103578
74.86.158.107 - - [25/Jan/2015:15:13:13 -0500] "HEAD / HTTP/1.1" 302 -
181.240.208.225 - - [25/Jan/2015:15:13:21 -0500] "GET /BLA/boletinlegal/js/jquery.js HTTP/1.1" 200 57254
181.240.208.225 - - [25/Jan/2015:15:13:21 -0500] "GET /BLA/boletinlegal/js/jquery.scrollTo-min.js HTTP/1.1" 200 1150
181.240.208.225 - - [25/Jan/2015:15:13:21 -0500] "GET /BLA/boletinlegal/js/jquery.scrollShow.js HTTP/1.1" 200 4586
66.249.67.67 - - [25/Jan/2015:15:13:42 -0500] "GET /BLA/resoluciones/RESOLUCIONES%202008/0813.pdf HTTP/1.1" 200 74146
66.249.67.67 - - [25/Jan/2015:15:13:52 -0500] "GET /BLA/resoluciones/AUTOS%202007/1769.pdf HTTP/1.1" 200 35373
188.165.15.201 - - [25/Jan/2015:15:13:55 -0500] "GET /BLA/resoluciones/RESOLUCIONES%202004/RES%202004%20451-500/00000489.tif HTTP/1.1" 200 57546
181.66.157.153 - - [25/Jan/2015:15:14:09 -0500] "GET /BLA/boletinlegal/js/jquery.js HTTP/1.1" 200 57254
181.66.157.235 - - [25/Jan/2015:15:14:09 -0500] "GET /BLA/boletinlegal/js/jquery.scrollTo-min.js HTTP/1.1" 200 1150
181.66.157.235 - - [25/Jan/2015:15:14:10 -0500] "GET /BLA/boletinlegal/js/jquery.scrollShow.js HTTP/1.1" 200 4586
188.165.15.41 - - [25/Jan/2015:15:14:15 -0500] "GET /BLA/resoluciones/RESOLUCIONES%202004/RES%202004%201751-1800/00001755.tif HTTP/1.1" 200 145076
181.50.241.109 - - [25/Jan/2015:15:14:34 -0500] "POST /forms/lservlet;jsessionid=ac16012b30d58ceacfbbcf574491834094438985f5fd.e3iSbxaKaheRe38RbNmLa3mSc41ynknvrkLOlQzNp65In0 HTTP/1.1" 200 2
190.25.65.12 - - [25/Jan/2015:15:14:36 -0500] "GET /BLA/boletinlegal/js/jquery.scrollShow.js HTTP/1.1" 200 4586
190.25.65.12 - - [25/Jan/2015:15:14:36 -0500] "GET /BLA/boletinlegal/js/jquery.js HTTP/1.1" 200 57254
190.25.65.12 - - [25/Jan/2015:15:14:36 -0500] "GET /BLA/boletinlegal/js/jquery.scrollTo-min.js HTTP/1.1" 200 1150
190.25.65.12 - - [25/Jan/2015:15:14:36 -0500] "GET /galeria/carrusel/Carrusel/jquery.thumbnailScroller.css HTTP/1.1" 200 2066
190.25.65.12 - - [25/Jan/2015:15:14:36 -0500] "GET /galeria/carrusel/Carrusel/jquery.thumbnailScroller.js HTTP/1.1" 200 8157
190.25.65.12 - - [25/Jan/2015:15:14:36 -0500] "GET /galeria/carrusel/Carrusel/jquery-ui-1.8.13.custom.min.js HTTP/1.1" 200 10800
190.25.65.12 - - [25/Jan/2015:15:14:41 -0500] "GET /galeria/nivo-slider/demo/demo.html HTTP/1.1" 200 3150
190.25.65.12 - - [25/Jan/2015:15:14:42 -0500] "GET /galeria/nivo-slider/themes/default/default.css HTTP/1.1" 200 1569
190.25.65.12 - - [25/Jan/2015:15:14:42 -0500] "GET /galeria/nivo-slider/themes/pascal/pascal.css HTTP/1.1" 200 2258
190.25.65.12 - - [25/Jan/2015:15:14:42 -0500] "GET /galeria/nivo-slider/themes/orman/orman.css HTTP/1.1" 200 2152
190.25.65.12 - - [25/Jan/2015:15:14:42 -0500] "GET /galeria/nivo-slider/nivo-slider.css HTTP/1.1" 200 1507
190.25.65.12 - - [25/Jan/2015:15:14:42 -0500] "GET /galeria/nivo-slider/demo/images/Ruta-vertimientos-01.jpg HTTP/1.1" 200 130151
190.25.65.12 - - [25/Jan/2015:15:14:42 -0500] "GET /galeria/nivo-slider/demo/images/bolsas-06.jpg HTTP/1.1" 200 90982
190.25.65.12 - - [25/Jan/2015:15:14:42 -0500] "GET /galeria/nivo-slider/demo/images/ecolecta-Dic2014.png HTTP/1.1" 200 288593
190.25.65.12 - - [25/Jan/2015:15:14:42 -0500] "GET /galeria/nivo-slider/demo/style.css HTTP/1.1" 200 2222
190.25.65.12 - - [25/Jan/2015:15:14:42 -0500] "GET /galeria/nivo-slider/demo/images/bolsas-08.jpg HTTP/1.1" 200 85589
190.25.65.12 - - [25/Jan/2015:15:14:43 -0500] "GET /galeria/nivo-slider/demo/images/porloshumedales.jpg HTTP/1.1" 200 351238
190.25.65.12 - - [25/Jan/2015:15:14:43 -0500] "GET /galeria/nivo-slider/demo/images/Tingua-azul.jpg HTTP/1.1" 200 307638
186.82.82.112 - - [25/Jan/2015:15:14:48 -0500] "POST /forms/lservlet;jsessionid=ac16012b30d5921ad9c082454f2aa96fd36be22e6504.e3iSbxaKaheRe38RbNmLa3mSc41ynknvrkLOlQzNp65In0 HTTP/1.1" 200 2
66.249.67.83 - - [25/Jan/2015:15:14:49 -0500] "GET /autoliquidacion/index.php?dir=TR%C1MITES%20VERTIMIENTOS/PERMISOS%20DE%20VERTIMIENTOS/&sort=date&order=asc HTTP/1.1" 200 3490
186.146.83.61 - - [25/Jan/2015:15:15:01 -0500] "GET /BLA/boletinlegal/js/jquery.js HTTP/1.1" 200 57254
186.146.83.61 - - [25/Jan/2015:15:15:01 -0500] "GET /BLA/boletinlegal/js/jquery.scrollShow.js HTTP/1.1" 200 4586
186.146.83.61 - - [25/Jan/2015:15:15:01 -0500] "GET /BLA/boletinlegal/js/jquery.scrollTo-min.js HTTP/1.1" 200 1150
66.249.67.83 - - [25/Jan/2015:15:15:04 -0500] "GET /BLA/resoluciones/AUTOS%202011/1416.pdf HTTP/1.1" 200 99280
181.142.196.45 - - [25/Jan/2015:15:15:09 -0500] "GET /BLA/boletinlegal/js/jquery.scrollTo-min.js HTTP/1.1" 200 1150
181.142.196.45 - - [25/Jan/2015:15:15:09 -0500] "GET /BLA/boletinlegal/js/jquery.scrollShow.js HTTP/1.1" 200 4586
181.142.196.45 - - [25/Jan/2015:15:15:09 -0500] "GET /BLA/boletinlegal/js/jquery.js HTTP/1.1" 200 57254
201.184.225.183 - - [25/Jan/2015:15:15:35 -0500] "GET /BLA/boletinlegal/js/jquery.js HTTP/1.1" 200 57254
201.184.225.183 - - [25/Jan/2015:15:15:35 -0500] "GET /BLA/boletinlegal/js/jquery.scrollTo-min.js HTTP/1.1" 200 1150
201.184.225.183 - - [25/Jan/2015:15:15:35 -0500] "GET /BLA/boletinlegal/js/jquery.scrollShow.js HTTP/1.1" 200 4586
188.165.15.41 - - [25/Jan/2015:15:15:45 -0500] "GET /BLA/resoluciones/index.php?dir=RESOLUCIONES%202003/RES%202003%20751-800/&sort=name&order=desc HTTP/1.1" 200 11301
66.249.67.83 - - [25/Jan/2015:15:15:47 -0500] "GET /BLA/resoluciones/AUTOS%202011/6859.pdf HTTP/1.1" 200 213444
181.135.98.179 - - [25/Jan/2015:15:15:48 -0500] "GET /galeria/carrusel/Carrusel/jquery.thumbnailScroller.css HTTP/1.1" 200 2066
181.135.98.179 - - [25/Jan/2015:15:15:48 -0500] "GET /BLA/boletinlegal/js/jquery.js HTTP/1.1" 200 57254
181.135.98.179 - - [25/Jan/2015:15:15:48 -0500] "GET /BLA/boletinlegal/js/jquery.scrollTo-min.js HTTP/1.1" 200 1150
181.135.98.179 - - [25/Jan/2015:15:15:48 -0500] "GET /BLA/boletinlegal/js/jquery.scrollShow.js HTTP/1.1" 200 4586
181.135.98.179 - - [25/Jan/2015:15:15:48 -0500] "GET /galeria/carrusel/Carrusel/jquery-ui-1.8.13.custom.min.js HTTP/1.1" 200 10800
181.135.98.179 - - [25/Jan/2015:15:15:49 -0500] "GET /galeria/carrusel/Carrusel/jquery.thumbnailScroller.js HTTP/1.1" 200 8157
181.135.98.179 - - [25/Jan/2015:15:15:54 -0500] "GET /galeria/nivo-slider/demo/demo.html HTTP/1.1" 200 3150
181.135.98.179 - - [25/Jan/2015:15:15:54 -0500] "GET /galeria/nivo-slider/themes/pascal/pascal.css HTTP/1.1" 200 2258
181.135.98.179 - - [25/Jan/2015:15:15:54 -0500] "GET /galeria/nivo-slider/themes/orman/orman.css HTTP/1.1" 200 2152
181.135.98.179 - - [25/Jan/2015:15:15:54 -0500] "GET /galeria/nivo-slider/nivo-slider.css HTTP/1.1" 200 1507
181.135.98.179 - - [25/Jan/2015:15:15:54 -0500] "GET /galeria/nivo-slider/demo/style.css HTTP/1.1" 200 2222
181.135.98.179 - - [25/Jan/2015:15:15:54 -0500] "GET /galeria/nivo-slider/demo/scripts/jquery-1.7.1.min.js HTTP/1.1" 200 93868
181.135.98.179 - - [25/Jan/2015:15:15:54 -0500] "GET /galeria/nivo-slider/themes/default/default.css HTTP/1.1" 200 1569
181.135.98.179 - - [25/Jan/2015:15:15:54 -0500] "GET /galeria/nivo-slider/jquery.nivo.slider.pack.js HTTP/1.1" 200 11561
178.162.193.34 - - [25/Jan/2015:15:15:56 -0500] "GET /BLA/resoluciones/RESOLUCIONES%202009/3242.pdf HTTP/1.0" 200 1365445
181.135.98.179 - - [25/Jan/2015:15:15:58 -0500] "GET /galeria/nivo-slider/demo/images/bolsas-08.jpg HTTP/1.1" 200 85589
181.135.98.179 - - [25/Jan/2015:15:15:58 -0500] "GET /galeria/nivo-slider/demo/images/Ruta-vertimientos-01.jpg HTTP/1.1" 200 130151
181.135.98.179 - - [25/Jan/2015:15:15:58 -0500] "GET /galeria/nivo-slider/demo/images/bolsas-06.jpg HTTP/1.1" 200 90982
181.135.98.179 - - [25/Jan/2015:15:15:58 -0500] "GET /galeria/nivo-slider/demo/images/ecolecta-Dic2014.png HTTP/1.1" 200 288593
181.135.98.179 - - [25/Jan/2015:15:15:59 -0500] "GET /galeria/nivo-slider/demo/images/porloshumedales.jpg HTTP/1.1" 200 351238
181.135.98.179 - - [25/Jan/2015:15:16:04 -0500] "GET /galeria/nivo-slider/demo/images/Tingua-azul.jpg HTTP/1.1" 200 307638
181.135.98.179 - - [25/Jan/2015:15:16:06 -0500] "GET /galeria/nivo-slider/demo/images/Banner-Caracol-Africano.jpg HTTP/1.1" 200 331986
181.135.98.179 - - [25/Jan/2015:15:16:11 -0500] "GET /galeria/nivo-slider/demo/images/banner-redes.jpg HTTP/1.1" 200 62209
181.135.98.179 - - [25/Jan/2015:15:16:18 -0500] "GET /galeria/nivo-slider/demo/images/9Signos.jpg HTTP/1.1" 200 93040
181.135.98.179 - - [25/Jan/2015:15:16:22 -0500] "GET /galeria/nivo-slider/demo/images/banner-llantas2.jpg HTTP/1.1" 200 73153
66.249.67.75 - - [25/Jan/2015:15:16:25 -0500] "GET /BLA/resoluciones/RESOLUCIONES%202013/2150.pdf HTTP/1.1" 200 576740
181.135.98.179 - - [25/Jan/2015:15:16:25 -0500] "GET /galeria/nivo-slider/demo/images/banner-caballos.png HTTP/1.1" 200 389106
181.135.98.179 - - [25/Jan/2015:15:16:30 -0500] "GET /galeria/nivo-slider/demo/images/4Simple_Slider.png HTTP/1.1" 200 11722
181.135.98.179 - - [25/Jan/2015:15:16:31 -0500] "GET /galeria/nivo-slider/themes/default/loading.gif HTTP/1.1" 200 1737
181.50.241.109 - - [25/Jan/2015:15:16:34 -0500] "POST /forms/lservlet;jsessionid=ac16012b30d58ceacfbbcf574491834094438985f5fd.e3iSbxaKaheRe38RbNmLa3mSc41ynknvrkLOlQzNp65In0 HTTP/1.1" 200 2
191.95.245.254 - - [25/Jan/2015:15:16:40 -0500] "GET /BLA/boletinlegal/js/jquery.js HTTP/1.1" 200 57254
191.95.245.254 - - [25/Jan/2015:15:16:40 -0500] "GET /BLA/boletinlegal/js/jquery.scrollTo-min.js HTTP/1.1" 200 1150
191.95.245.254 - - [25/Jan/2015:15:16:40 -0500] "GET /BLA/boletinlegal/js/jquery.scrollShow.js HTTP/1.1" 200 4586
66.249.67.83 - - [25/Jan/2015:15:16:44 -0500] "GET /BLA/resoluciones/RESOLUCIONES%202013/1330.pdf HTTP/1.1" 200 2788158
186.82.82.112 - - [25/Jan/2015:15:16:48 -0500] "POST /forms/lservlet;jsessionid=ac16012b30d5921ad9c082454f2aa96fd36be22e6504.e3iSbxaKaheRe38RbNmLa3mSc41ynknvrkLOlQzNp65In0 HTTP/1.1" 200 2
181.135.98.179 - - [25/Jan/2015:15:16:55 -0500] "GET /galeria/nivo-slider/themes/default/arrows.png HTTP/1.1" 200 824
181.135.98.179 - - [25/Jan/2015:15:16:55 -0500] "GET /galeria/nivo-slider/themes/default/bullets.png HTTP/1.1" 200 1281
66.249.67.67 - - [25/Jan/2015:15:17:42 -0500] "GET /BLA/resoluciones/AUTOS%202011/1531.pdf HTTP/1.1" 200 182154
190.27.143.98 - - [25/Jan/2015:15:17:45 -0500] "GET /BLA/boletinlegal/js/jquery.js HTTP/1.1" 200 57254
190.27.143.98 - - [25/Jan/2015:15:17:45 -0500] "GET /BLA/boletinlegal/js/jquery.scrollTo-min.js HTTP/1.1" 200 1150
190.27.143.98 - - [25/Jan/2015:15:17:45 -0500] "GET /BLA/boletinlegal/js/jquery.scrollShow.js HTTP/1.1" 200 4586
66.249.67.75 - - [25/Jan/2015:15:17:46 -0500] "GET /BLA/resoluciones/RESOLUCIONES%202011/0025.pdf HTTP/1.1" 304 -
201.245.215.32 - - [25/Jan/2015:15:17:48 -0500] "GET /BLA/boletinlegal/js/jquery.js HTTP/1.1" 200 57254
201.245.215.32 - - [25/Jan/2015:15:17:48 -0500] "GET /BLA/boletinlegal/js/jquery.scrollTo-min.js HTTP/1.1" 200 1150
201.245.215.32 - - [25/Jan/2015:15:17:48 -0500] "GET /BLA/boletinlegal/js/jquery.scrollShow.js HTTP/1.1" 200 4586
74.86.158.107 - - [25/Jan/2015:15:18:13 -0500] "HEAD / HTTP/1.1" 302 -
181.50.241.109 - - [25/Jan/2015:15:18:34 -0500] "POST /forms/lservlet;jsessionid=ac16012b30d58ceacfbbcf574491834094438985f5fd.e3iSbxaKaheRe38RbNmLa3mSc41ynknvrkLOlQzNp65In0 HTTP/1.1" 200 2
66.249.67.83 - - [25/Jan/2015:15:18:39 -0500] "GET /BLA/resoluciones/RESOLUCIONES%202008/3108.pdf HTTP/1.1" 200 831278
186.82.82.112 - - [25/Jan/2015:15:18:49 -0500] "POST /forms/lservlet;jsessionid=ac16012b30d5921ad9c082454f2aa96fd36be22e6504.e3iSbxaKaheRe38RbNmLa3mSc41ynknvrkLOlQzNp65In0 HTTP/1.1" 200 2
66.249.67.83 - - [25/Jan/2015:15:19:03 -0500] "GET /BLA/resoluciones/AUTOS%202007/3153.pdf HTTP/1.1" 200 75718
66.249.67.75 - - [25/Jan/2015:15:19:07 -0500] "GET /BLA/resoluciones/RESOLUCIONES%202013/0675.pdf HTTP/1.1" 200 661257
66.249.67.83 - - [25/Jan/2015:15:19:36 -0500] "GET /BLA/resoluciones/RESOLUCIONES%202007/RES%202007%202201%20AL%202300/RESOLUCION%202256%20DE%202007.pdf HTTP/1.1" 200 726749
66.249.67.83 - - [25/Jan/2015:15:19:38 -0500] "GET /BLA/resoluciones/RESOLUCIONES%202002/RES%202002%201301-1350/20021350.tif HTTP/1.1" 200 36664
207.46.13.139 - - [25/Jan/2015:15:20:05 -0500] "GET /POT-2013/Cartografia/15_Sistema%20de%20Movilidad%20_Secciones%20Viales_Circuitos_movilida.pdf HTTP/1.1" 200 4830571
178.162.193.34 - - [25/Jan/2015:15:20:28 -0500] "GET /BLA/resoluciones/RESOLUCIONES%202013/0669.pdf HTTP/1.0" 200 741209
66.249.67.75 - - [25/Jan/2015:15:20:29 -0500] "GET /BLA/resoluciones/RESOLUCIONES%202009/2364.pdf HTTP/1.1" 200 494052
66.249.67.67 - - [25/Jan/2015:15:20:34 -0500] "GET /BLA/resoluciones/RESOLUCIONES%202009/4758.pdf HTTP/1.1" 200 598511
181.50.241.109 - - [25/Jan/2015:15:20:34 -0500] "POST /forms/lservlet;jsessionid=ac16012b30d58ceacfbbcf574491834094438985f5fd.e3iSbxaKaheRe38RbNmLa3mSc41ynknvrkLOlQzNp65In0 HTTP/1.1" 200 2
186.82.82.112 - - [25/Jan/2015:15:20:49 -0500] "POST /forms/lservlet;jsessionid=ac16012b30d5921ad9c082454f2aa96fd36be22e6504.e3iSbxaKaheRe38RbNmLa3mSc41ynknvrkLOlQzNp65In0 HTTP/1.1" 200 2
186.115.70.121 - - [25/Jan/2015:15:20:50 -0500] "GET /BLA/boletinlegal/js/jquery.js HTTP/1.1" 200 57254
186.115.70.121 - - [25/Jan/2015:15:20:50 -0500] "GET /BLA/boletinlegal/js/jquery.scrollTo-min.js HTTP/1.1" 200 1150
186.115.70.121 - - [25/Jan/2015:15:20:50 -0500] "GET /BLA/boletinlegal/js/jquery.scrollShow.js HTTP/1.1" 200 4586
206.53.226.251 - - [25/Jan/2015:15:21:05 -0500] "GET /galeria/nivo-slider/demo/images/Banner-Caracol-Africano.jpg HTTP/1.1" 304 -
178.162.193.34 - - [25/Jan/2015:15:21:24 -0500] "GET /BLA/resoluciones/RESOLUCIONES%202011/2078.pdf HTTP/1.0" 200 507629
66.249.67.75 - - [25/Jan/2015:15:21:31 -0500] "GET /BLA/resoluciones/RESOLUCIONES%202009/1514.pdf HTTP/1.1" 200 492142
66.249.67.67 - - [25/Jan/2015:15:21:50 -0500] "GET /BLA/resoluciones/Notificaciones/AUTOS%202013/03257.doc HTTP/1.1" 200 226816
66.249.67.83 - - [25/Jan/2015:15:22:29 -0500] "GET /BLA/resoluciones/AUTOS%202010/5308.pdf HTTP/1.1" 200 167583
66.249.67.67 - - [25/Jan/2015:15:22:29 -0500] "GET /BLA/resoluciones/RESOLUCIONES%202009/4656.pdf HTTP/1.1" 200 457093
181.50.241.109 - - [25/Jan/2015:15:22:34 -0500] "POST /forms/lservlet;jsessionid=ac16012b30d58ceacfbbcf574491834094438985f5fd.e3iSbxaKaheRe38RbNmLa3mSc41ynknvrkLOlQzNp65In0 HTTP/1.1" 200 2
181.159.216.172 - - [25/Jan/2015:15:22:47 -0500] "GET /BLA/resoluciones/AUTOS%202013/1567.pdf HTTP/1.1" 200 1734513
186.82.82.112 - - [25/Jan/2015:15:22:50 -0500] "POST /forms/lservlet;jsessionid=ac16012b30d5921ad9c082454f2aa96fd36be22e6504.e3iSbxaKaheRe38RbNmLa3mSc41ynknvrkLOlQzNp65In0 HTTP/1.1" 200 2
178.162.193.34 - - [25/Jan/2015:15:23:08 -0500] "GET /BLA/resoluciones/RESOLUCIONES%202009/2662.pdf HTTP/1.0" 200 849990
178.162.193.34 - - [25/Jan/2015:15:23:08 -0500] "GET /BLA/resoluciones/RESOLUCIONES%202008/4228.pdf HTTP/1.0" 200 400251
66.249.67.83 - - [25/Jan/2015:15:23:11 -0500] "GET /BLA/resoluciones/RESOLUCIONES%202010/6396.pdf HTTP/1.1" 200 3362879
74.86.158.107 - - [25/Jan/2015:15:23:13 -0500] "HEAD / HTTP/1.1" 302 -
66.249.67.83 - - [25/Jan/2015:15:23:26 -0500] "GET /BLA/resoluciones/RESOLUCIONES%202009/4014.pdf HTTP/1.1" 200 510005
188.165.15.59 - - [25/Jan/2015:15:23:47 -0500] "GET /BLA/resoluciones/RESOLUCIONES%202006/RES%202006%20101-150/00000123.tif HTTP/1.1" 200 477748
178.162.193.34 - - [25/Jan/2015:15:24:08 -0500] "GET /BLA/resoluciones/RESOLUCIONES%202007/RES%202007%201501%20AL%201600/RESOLUCION%201566%20DE%202007.pdf HTTP/1.0" 200 620273
66.249.67.75 - - [25/Jan/2015:15:24:17 -0500] "GET /BLA/resoluciones/RESOLUCIONES%202003/RES%202003%20901-950/905.tif HTTP/1.1" 200 91356
66.249.67.75 - - [25/Jan/2015:15:24:24 -0500] "GET /BLA/resoluciones/RESOLUCIONES%202008/2810.pdf HTTP/1.1" 200 271966
181.50.241.109 - - [25/Jan/2015:15:24:34 -0500] "POST /forms/lservlet;jsessionid=ac16012b30d58ceacfbbcf574491834094438985f5fd.e3iSbxaKaheRe38RbNmLa3mSc41ynknvrkLOlQzNp65In0 HTTP/1.1" 200 2
178.162.193.34 - - [25/Jan/2015:15:24:40 -0500] "GET /BLA/resoluciones/RESOLUCIONES%202011/3209.pdf HTTP/1.0" 200 279339
186.82.82.112 - - [25/Jan/2015:15:24:50 -0500] "POST /forms/lservlet;jsessionid=ac16012b30d5921ad9c082454f2aa96fd36be22e6504.e3iSbxaKaheRe38RbNmLa3mSc41ynknvrkLOlQzNp65In0 HTTP/1.1" 200 2
190.158.133.246 - - [25/Jan/2015:15:24:52 -0500] "GET /isolucionsda/ HTTP/1.1" 502 1326
190.158.133.246 - - [25/Jan/2015:15:24:52 -0500] "GET /favicon.ico HTTP/1.1" 200 7782
190.158.133.246 - - [25/Jan/2015:15:25:02 -0500] "GET /isolucionsda/ HTTP/1.1" 200 739
178.162.193.34 - - [25/Jan/2015:15:25:09 -0500] "GET /BLA/resoluciones/RESOLUCIONES%202008/4342.pdf HTTP/1.0" 200 570435
66.249.67.67 - - [25/Jan/2015:15:25:21 -0500] "GET /BLA/resoluciones/RESOLUCIONES%202009/2151.pdf HTTP/1.1" 200 482003
190.158.133.246 - - [25/Jan/2015:15:25:24 -0500] "GET /isolucionsda/ HTTP/1.1" 200 739
190.158.133.246 - - [25/Jan/2015:15:25:35 -0500] "GET /isolucionsda/ HTTP/1.1" 200 739
190.158.133.246 - - [25/Jan/2015:15:25:35 -0500] "GET /isolucionsda/IdentificaUsuario.asp?Pagina1=FrameSetGeneral.asp& HTTP/1.1" 200 4997
190.158.133.246 - - [25/Jan/2015:15:25:35 -0500] "GET /isolucionsda/g/Img_LogoIsoCabezote.jpg HTTP/1.1" 200 7960
190.158.133.246 - - [25/Jan/2015:15:25:35 -0500] "GET /isolucionsda/StyleSheet/StyleSheet.css HTTP/1.1" 200 22894
190.158.133.246 - - [25/Jan/2015:15:25:36 -0500] "GET /isolucionsda/g/Img_DivBarraSup.jpg HTTP/1.1" 200 323
190.158.133.246 - - [25/Jan/2015:15:25:36 -0500] "GET /isolucionsda/g/shim.gif HTTP/1.1" 200 43
190.158.133.246 - - [25/Jan/2015:15:25:36 -0500] "GET /isolucionsda/g/Bgr_BarraSuperior.jpg HTTP/1.1" 200 419
190.158.133.246 - - [25/Jan/2015:15:25:47 -0500] "POST /isolucionsda/IdentificaUsuario.asp?Pagina1=FrameSetGeneral.asp& HTTP/1.1" 302 173
190.158.133.246 - - [25/Jan/2015:15:25:47 -0500] "GET /isolucionsda/FrameSetGeneral.asp?Pagina1=FrameSetGeneral.asp& HTTP/1.1" 200 6613
190.158.133.246 - - [25/Jan/2015:15:25:47 -0500] "GET /isolucionsda/Encabezado.asp?Pagina1=FrameSetGeneral.asp&&Pagina=MagazinHome.asp HTTP/1.1" 200 15388
190.158.133.246 - - [25/Jan/2015:15:25:47 -0500] "GET /isolucionsda/BarraTitulos.asp?Pagina1=FrameSetGeneral.asp&&Pagina=MagazinHome.asp HTTP/1.1" 200 6972
190.158.133.246 - - [25/Jan/2015:15:25:48 -0500] "GET /isolucionsda/g/Bot_Anterior.jpg HTTP/1.1" 200 1797
190.158.133.246 - - [25/Jan/2015:15:25:48 -0500] "GET /isolucionsda/g/Bot_Siguiente.jpg HTTP/1.1" 200 1727
190.158.133.246 - - [25/Jan/2015:15:25:48 -0500] "GET /isolucionsda/g/Bot_Administrador.jpg HTTP/1.1" 200 1694
190.158.133.246 - - [25/Jan/2015:15:25:48 -0500] "GET /isolucionsda/g/Bot_Home.jpg HTTP/1.1" 200 1936
190.158.133.246 - - [25/Jan/2015:15:25:48 -0500] "GET /isolucionsda/g/Bot_Ayuda.jpg HTTP/1.1" 200 1702
190.158.133.246 - - [25/Jan/2015:15:25:48 -0500] "GET /isolucionsda/g/Bot_Glosario.jpg HTTP/1.1" 200 1989
190.158.133.246 - - [25/Jan/2015:15:25:48 -0500] "GET /isolucionsda/g/Bgr_BarraBotPrins.jpg HTTP/1.1" 200 944
190.158.133.246 - - [25/Jan/2015:15:25:48 -0500] "GET /isolucionsda/g/Img_DivVertBarraSup.jpg HTTP/1.1" 200 810
190.158.133.246 - - [25/Jan/2015:15:25:48 -0500] "GET /isolucionsda/g/Bot_Procesos_ESP.jpg HTTP/1.1" 200 4441
190.158.133.246 - - [25/Jan/2015:15:25:48 -0500] "GET /isolucionsda/g/Bot_Ambiental_ESP.jpg HTTP/1.1" 200 5259
190.158.133.246 - - [25/Jan/2015:15:25:48 -0500] "GET /isolucionsda/g/Bot_ClientesOff_ESP.jpg HTTP/1.1" 200 2917
190.158.133.246 - - [25/Jan/2015:15:25:48 -0500] "GET /isolucionsda/g/Bot_Meci_ESP.jpg HTTP/1.1" 200 4380
190.158.133.246 - - [25/Jan/2015:15:25:47 -0500] "GET /isolucionsda/BarraFavoritos.asp HTTP/1.1" 200 911
190.158.133.246 - - [25/Jan/2015:15:25:48 -0500] "GET /isolucionsda/g/Bot_ProveedoresOff_ESP.jpg HTTP/1.1" 200 3801
190.158.133.246 - - [25/Jan/2015:15:25:48 -0500] "GET /isolucionsda/g/Bot_Cerrar.jpg HTTP/1.1" 200 1944
190.158.133.246 - - [25/Jan/2015:15:25:48 -0500] "GET /isolucionsda/Session.asp?Continue=1 HTTP/1.1" 200 6324
190.158.133.246 - - [25/Jan/2015:15:25:48 -0500] "GET /isolucionsda/g/Bot_TareasOff_ESP.jpg HTTP/1.1" 200 3028
190.158.133.246 - - [25/Jan/2015:15:25:48 -0500] "GET /isolucionsda/g/Bot_Documentos_ESP.jpg HTTP/1.1" 200 5825
190.158.133.246 - - [25/Jan/2015:15:25:48 -0500] "GET /isolucionsda/g/Bot_CalibracionOff_ESP.jpg HTTP/1.1" 200 3850
190.158.133.246 - - [25/Jan/2015:15:25:47 -0500] "GET /isolucionsda/MagazinHome.asp HTTP/1.1" 200 28099
190.158.133.246 - - [25/Jan/2015:15:25:48 -0500] "GET /isolucionsda/g/Bot_Manual_ESP.jpg HTTP/1.1" 200 4512
190.158.133.246 - - [25/Jan/2015:15:25:48 -0500] "GET /isolucionsda/g/Bot_Indicadores_ESP.jpg HTTP/1.1" 200 5267
190.158.133.246 - - [25/Jan/2015:15:25:48 -0500] "GET /isolucionsda/TareasSFRedirect.asp HTTP/1.1" 302 195
190.158.133.246 - - [25/Jan/2015:15:25:48 -0500] "GET /isolucionsda/g/Bot_Mejoramiento_ESP.jpg HTTP/1.1" 200 5904
190.158.133.246 - - [25/Jan/2015:15:25:48 -0500] "GET /isolucionsda/g/Bot_SySOOff_ESP.jpg HTTP/1.1" 200 3270
190.158.133.246 - - [25/Jan/2015:15:25:48 -0500] "GET /isolucionsda/g/Bgr_BarraMediaHome.jpg HTTP/1.1" 200 446
190.158.133.246 - - [25/Jan/2015:15:25:48 -0500] "GET /isolucionsda/g/Bot_TalentoOff_ESP.jpg HTTP/1.1" 200 3258
190.158.133.246 - - [25/Jan/2015:15:25:48 -0500] "GET /isolucionsda/g/Bgr_TituloCabezote3.jpg HTTP/1.1" 200 841
190.158.133.246 - - [25/Jan/2015:15:25:48 -0500] "GET /isolucionsda/grafvinetas/logo%2030.jpg HTTP/1.1" 200 36055
190.158.133.246 - - [25/Jan/2015:15:25:48 -0500] "GET /isolucionsda/g/GifTransparente.gif HTTP/1.1" 200 51
190.158.133.246 - - [25/Jan/2015:15:25:48 -0500] "GET /isolucionsda/g/Bullet_PuntoAzul.gif HTTP/1.1" 200 75
190.158.133.246 - - [25/Jan/2015:15:25:48 -0500] "GET /isolucionsda/g/Bot_Riesgos_ESP.jpg HTTP/1.1" 200 4903
190.158.133.246 - - [25/Jan/2015:15:25:48 -0500] "GET /isolucionsda/g/Bgr_BarraCurva2.jpg HTTP/1.1" 200 409
190.158.133.246 - - [25/Jan/2015:15:25:48 -0500] "GET /isolucionsda/g/Img_BarraCurva.jpg HTTP/1.1" 200 1826
190.158.133.246 - - [25/Jan/2015:15:25:48 -0500] "GET /isolucionsda/g/Bgr_BarraCurva.jpg HTTP/1.1" 200 374
190.158.133.246 - - [25/Jan/2015:15:25:48 -0500] "GET /isolucionsda/g/Img_LogoIcono.jpg HTTP/1.1" 200 7870
190.158.133.246 - - [25/Jan/2015:15:25:48 -0500] "GET /isolucionsda/g/Bgr_BarraInferior.jpg HTTP/1.1" 200 398
190.158.133.246 - - [25/Jan/2015:15:25:48 -0500] "GET /isolucionsda/g/Bullet_FlechaAzul.gif HTTP/1.1" 200 72
190.158.133.246 - - [25/Jan/2015:15:25:48 -0500] "GET /isolucionsda/g/Bgr_Destacado3399CC.jpg HTTP/1.1" 404 5217
190.158.133.246 - - [25/Jan/2015:15:25:48 -0500] "GET /isolucionsda/g/Img_LineaPunteada.gif HTTP/1.1" 200 123
190.158.133.246 - - [25/Jan/2015:15:25:49 -0500] "GET /isolucionsda/g/Bot_ProcesosOver_ESP.jpg HTTP/1.1" 200 4659
190.158.133.246 - - [25/Jan/2015:15:25:49 -0500] "GET /isolucionsda/g/Bot_DocumentosOver_ESP.jpg HTTP/1.1" 200 5899
190.158.133.246 - - [25/Jan/2015:15:25:48 -0500] "GET /isolucionsda/Login.aspx?TARGET=SFContainerFiltrado.aspx&number=53686850545370684570 HTTP/1.1" 302 886
190.158.133.246 - - [25/Jan/2015:15:25:50 -0500] "GET /isolucionsda/SFContainerFiltrado.aspx?Number=53686850545370684570 HTTP/1.1" 200 14314
190.158.133.246 - - [25/Jan/2015:15:25:50 -0500] "GET /isolucionsda/g/img_titulo_Tpendientes.jpg HTTP/1.1" 200 2433
190.158.133.246 - - [25/Jan/2015:15:25:50 -0500] "GET /isolucionsda/g/Bgr_TituloCabezote3Avanzado.jpg HTTP/1.1" 200 745
190.158.133.246 - - [25/Jan/2015:15:25:50 -0500] "GET /isolucionsda/DetalleTareas.aspx?Number=53686850545370684570 HTTP/1.1" 200 5355
190.158.133.246 - - [25/Jan/2015:15:25:51 -0500] "GET /isolucionsda/StyleSheet/StyleSheetSF.css HTTP/1.1" 200 7210
190.158.133.246 - - [25/Jan/2015:15:25:51 -0500] "GET /isolucionsda/auxlib.js HTTP/1.1" 404 5185
190.158.133.246 - - [25/Jan/2015:15:25:51 -0500] "GET /isolucionsda/infowndpublic.js HTTP/1.1" 404 5199
190.158.133.246 - - [25/Jan/2015:15:25:51 -0500] "GET /isolucionsda/infowndcore.js HTTP/1.1" 404 5195
190.158.133.246 - - [25/Jan/2015:15:25:51 -0500] "GET /isolucionsda/g/bt_rojo.jpg HTTP/1.1" 200 132
190.158.133.246 - - [25/Jan/2015:15:25:52 -0500] "GET /isolucionsda/FrameSetGeneral.asp?Pagina=Menu.asp&IdModulo=4 HTTP/1.1" 200 6583
190.158.133.246 - - [25/Jan/2015:15:25:52 -0500] "GET /isolucionsda/Menu.asp?Pagina=Menu.asp&IdModulo=4 HTTP/1.1" 200 9682
190.158.133.246 - - [25/Jan/2015:15:25:52 -0500] "GET /isolucionsda/BarraTitulos.asp?Pagina=Menu.asp&IdModulo=4 HTTP/1.1" 200 6985
190.158.133.246 - - [25/Jan/2015:15:25:52 -0500] "GET /isolucionsda/BarraFavoritos.asp HTTP/1.1" 200 911
190.158.133.246 - - [25/Jan/2015:15:25:52 -0500] "GET /isolucionsda/Encabezado.asp?Pagina=Menu.asp&IdModulo=4 HTTP/1.1" 200 15389
190.158.133.246 - - [25/Jan/2015:15:25:52 -0500] "GET /isolucionsda/g/MenuIcono/ico_doc.jpg HTTP/1.1" 200 3103
190.158.133.246 - - [25/Jan/2015:15:25:52 -0500] "GET /isolucionsda/g/Img_BordeTitulo01.jpg HTTP/1.1" 200 444
190.158.133.246 - - [25/Jan/2015:15:25:52 -0500] "GET /isolucionsda/g/Img_BordeTitulo02.jpg HTTP/1.1" 200 451
190.158.133.246 - - [25/Jan/2015:15:25:52 -0500] "GET /isolucionsda/Session.asp?Continue=1 HTTP/1.1" 200 6324
66.249.67.75 - - [25/Jan/2015:15:25:54 -0500] "GET /BLA/resoluciones/AUTOS%202008/1683.pdf HTTP/1.1" 200 183151
190.158.133.246 - - [25/Jan/2015:15:25:55 -0500] "GET /isolucionsda/FrameSetGeneral.asp?Pagina=ListadoMaestroDocumentos3.asp HTTP/1.1" 200 6634
190.158.133.246 - - [25/Jan/2015:15:25:55 -0500] "GET /isolucionsda/Encabezado.asp?Pagina=ListadoMaestroDocumentos3.asp HTTP/1.1" 200 15364
190.158.133.246 - - [25/Jan/2015:15:25:55 -0500] "GET /isolucionsda/BarraTitulos.asp?Pagina=ListadoMaestroDocumentos3.asp HTTP/1.1" 200 6985
190.158.133.246 - - [25/Jan/2015:15:25:55 -0500] "GET /isolucionsda/BarraFavoritos.asp HTTP/1.1" 200 911
190.158.133.246 - - [25/Jan/2015:15:25:55 -0500] "GET /isolucionsda/ListadoMaestroDocumentos3.asp?Pagina=ListadoMaestroDocumentos3.asp HTTP/1.1" 200 11467
190.158.133.246 - - [25/Jan/2015:15:25:55 -0500] "GET /isolucionsda/Session.asp?Continue=1 HTTP/1.1" 200 6324
191.102.120.134 - - [25/Jan/2015:15:25:57 -0500] "GET /BLA/boletinlegal/js/jquery.js HTTP/1.1" 200 57254
191.102.120.134 - - [25/Jan/2015:15:25:57 -0500] "GET /BLA/boletinlegal/js/jquery.scrollTo-min.js HTTP/1.1" 200 1150
191.102.120.134 - - [25/Jan/2015:15:25:57 -0500] "GET /BLA/boletinlegal/js/jquery.scrollShow.js HTTP/1.1" 200 4586
191.102.120.134 - - [25/Jan/2015:15:25:57 -0500] "GET /galeria/carrusel/Carrusel/jquery.thumbnailScroller.css HTTP/1.1" 200 2066
191.102.120.134 - - [25/Jan/2015:15:25:57 -0500] "GET /galeria/carrusel/Carrusel/jquery-ui-1.8.13.custom.min.js HTTP/1.1" 200 10800
191.102.120.134 - - [25/Jan/2015:15:25:57 -0500] "GET /galeria/carrusel/Carrusel/jquery.thumbnailScroller.js HTTP/1.1" 200 8157
190.158.133.246 - - [25/Jan/2015:15:26:01 -0500] "POST /isolucionsda/ListadoMaestroDocumentos3.asp HTTP/1.1" 200 16887
191.102.120.134 - - [25/Jan/2015:15:26:03 -0500] "GET /galeria/nivo-slider/demo/demo.html HTTP/1.1" 200 3150
191.102.120.134 - - [25/Jan/2015:15:26:06 -0500] "GET /galeria/nivo-slider/themes/default/default.css HTTP/1.1" 200 1569
191.102.120.134 - - [25/Jan/2015:15:26:06 -0500] "GET /galeria/nivo-slider/themes/pascal/pascal.css HTTP/1.1" 200 2258
191.102.120.134 - - [25/Jan/2015:15:26:06 -0500] "GET /galeria/nivo-slider/themes/orman/orman.css HTTP/1.1" 200 2152
191.102.120.134 - - [25/Jan/2015:15:26:06 -0500] "GET /galeria/nivo-slider/demo/style.css HTTP/1.1" 200 2222
191.102.120.134 - - [25/Jan/2015:15:26:06 -0500] "GET /galeria/nivo-slider/nivo-slider.css HTTP/1.1" 200 1507
191.102.120.134 - - [25/Jan/2015:15:26:06 -0500] "GET /galeria/nivo-slider/demo/images/bolsas-08.jpg HTTP/1.1" 200 85589
191.102.120.134 - - [25/Jan/2015:15:26:06 -0500] "GET /galeria/nivo-slider/demo/images/Ruta-vertimientos-01.jpg HTTP/1.1" 200 130151
191.102.120.134 - - [25/Jan/2015:15:26:06 -0500] "GET /galeria/nivo-slider/demo/images/bolsas-06.jpg HTTP/1.1" 200 90982
191.102.120.134 - - [25/Jan/2015:15:26:06 -0500] "GET /galeria/nivo-slider/demo/images/ecolecta-Dic2014.png HTTP/1.1" 200 288593
191.102.120.134 - - [25/Jan/2015:15:26:06 -0500] "GET /galeria/nivo-slider/demo/images/porloshumedales.jpg HTTP/1.1" 200 351238
191.102.120.134 - - [25/Jan/2015:15:26:06 -0500] "GET /galeria/nivo-slider/demo/images/Tingua-azul.jpg HTTP/1.1" 200 307638
191.102.120.134 - - [25/Jan/2015:15:26:08 -0500] "GET /galeria/nivo-slider/demo/images/Banner-Caracol-Africano.jpg HTTP/1.1" 200 331986
191.102.120.134 - - [25/Jan/2015:15:26:08 -0500] "GET /galeria/nivo-slider/demo/images/banner-redes.jpg HTTP/1.1" 200 62209
191.102.120.134 - - [25/Jan/2015:15:26:09 -0500] "GET /galeria/nivo-slider/demo/images/9Signos.jpg HTTP/1.1" 200 93040
190.158.133.246 - - [25/Jan/2015:15:26:09 -0500] "GET /isolucionsda/FramesetArticulo.asp?Pagina=bancoconocimiento%2FE%2FESTUDIOSPREVIOS%5F%5Fv4%2FESTUDIOSPREVIOS%5F%5Fv4%2Easp&IdArticulo=8090 HTTP/1.1" 200 7245
191.102.120.134 - - [25/Jan/2015:15:26:09 -0500] "GET /galeria/nivo-slider/demo/images/banner-llantas2.jpg HTTP/1.1" 200 73153
190.158.133.246 - - [25/Jan/2015:15:26:10 -0500] "GET /isolucionsda/Arriba.asp?Pagina=bancoconocimiento%2FE%2FESTUDIOSPREVIOS%5F%5Fv4%2FESTUDIOSPREVIOS%5F%5Fv4%2Easp&IdArticulo=8090 HTTP/1.1" 200 10524
