186.82.82.112 - - [25/Jan/2015:10:56:12 -0500] "GET /imagenes/rt_rec3.gif HTTP/1.1" 200 844
186.82.82.112 - - [25/Jan/2015:10:56:12 -0500] "GET /imagenes/rt_rec2.gif HTTP/1.1" 200 847
186.82.82.112 - - [25/Jan/2015:10:56:12 -0500] "GET /imagenes/rt_rdel.gif HTTP/1.1" 200 899
186.82.82.112 - - [25/Jan/2015:10:56:12 -0500] "GET /imagenes/rt_radd.gif HTTP/1.1" 200 907
186.82.82.112 - - [25/Jan/2015:10:56:12 -0500] "GET /imagenes/rt_quer3.gif HTTP/1.1" 200 939
186.82.82.112 - - [25/Jan/2015:10:56:12 -0500] "GET /imagenes/rt_quer2.gif HTTP/1.1" 200 936
186.82.82.112 - - [25/Jan/2015:10:56:12 -0500] "GET /imagenes/rt_quer1.gif HTTP/1.1" 200 930
186.82.82.112 - - [25/Jan/2015:10:56:12 -0500] "GET /imagenes/rt_save.gif HTTP/1.1" 200 903
186.82.82.112 - - [25/Jan/2015:10:56:12 -0500] "GET /imagenes/rt_pset.gif HTTP/1.1" 200 914
186.82.82.112 - - [25/Jan/2015:10:56:12 -0500] "GET /imagenes/QUEJA.gif HTTP/1.1" 200 1091
186.82.82.112 - - [25/Jan/2015:10:56:12 -0500] "GET /imagenes/ARBOL.gif HTTP/1.1" 200 1026
186.82.82.112 - - [25/Jan/2015:10:56:12 -0500] "GET /imagenes/Clipboard.gif HTTP/1.1" 200 1466
186.82.82.112 - - [25/Jan/2015:10:56:12 -0500] "GET /imagenes/DINERO.gif HTTP/1.1" 200 1766
186.82.82.112 - - [25/Jan/2015:10:56:12 -0500] "GET /imagenes/URGENTE.gif HTTP/1.1" 200 964
186.82.82.112 - - [25/Jan/2015:10:56:12 -0500] "GET /imagenes/TREE4.gif HTTP/1.1" 200 4150
186.82.82.112 - - [25/Jan/2015:10:56:12 -0500] "POST /forms/lservlet;jsessionid=ac16012b30d5612769510e59427a8c888dd1c7f40de7.e3iSbxaKaheRe38RbNmLa3mSc41ynknvrkLOlQzNp65In0 HTTP/1.1" 200 7
186.82.82.112 - - [25/Jan/2015:10:56:12 -0500] "POST /forms/lservlet;jsessionid=ac16012b30d5612769510e59427a8c888dd1c7f40de7.e3iSbxaKaheRe38RbNmLa3mSc41ynknvrkLOlQzNp65In0 HTTP/1.1" 200 34
186.82.82.112 - - [25/Jan/2015:10:56:12 -0500] "POST /forms/lservlet;jsessionid=ac16012b30d5612769510e59427a8c888dd1c7f40de7.e3iSbxaKaheRe38RbNmLa3mSc41ynknvrkLOlQzNp65In0 HTTP/1.1" 200 2
66.249.67.75 - - [25/Jan/2015:10:56:19 -0500] "GET /BLA/resoluciones/RESOLUCIONES%202007/RES%202007%202101%20AL%202200/RESOLUCION%202185%20DE%202007.pdf HTTP/1.1" 304 -
186.82.82.112 - - [25/Jan/2015:10:56:20 -0500] "POST /forms/lservlet;jsessionid=ac16012b30d5612769510e59427a8c888dd1c7f40de7.e3iSbxaKaheRe38RbNmLa3mSc41ynknvrkLOlQzNp65In0 HTTP/1.1" 200 2
186.82.82.112 - - [25/Jan/2015:10:56:20 -0500] "POST /forms/lservlet;jsessionid=ac16012b30d5612769510e59427a8c888dd1c7f40de7.e3iSbxaKaheRe38RbNmLa3mSc41ynknvrkLOlQzNp65In0 HTTP/1.1" 200 699
186.82.82.112 - - [25/Jan/2015:10:56:20 -0500] "GET /imagenes/Srch_frw.gif HTTP/1.1" 200 925
186.82.82.112 - - [25/Jan/2015:10:56:21 -0500] "POST /forms/lservlet;jsessionid=ac16012b30d5612769510e59427a8c888dd1c7f40de7.e3iSbxaKaheRe38RbNmLa3mSc41ynknvrkLOlQzNp65In0 HTTP/1.1" 200 10
181.54.127.77 - - [25/Jan/2015:10:56:24 -0500] "GET /BLA/boletinlegal/js/jquery.js HTTP/1.1" 200 57254
181.54.127.77 - - [25/Jan/2015:10:56:24 -0500] "GET /BLA/boletinlegal/js/jquery.scrollTo-min.js HTTP/1.1" 200 1150
181.54.127.77 - - [25/Jan/2015:10:56:24 -0500] "GET /BLA/boletinlegal/js/jquery.scrollShow.js HTTP/1.1" 200 4586
66.249.67.75 - - [25/Jan/2015:10:56:32 -0500] "GET /BLA/resoluciones/RESOLUCIONES%202008/3795.pdf HTTP/1.1" 200 228061
186.82.82.112 - - [25/Jan/2015:10:56:38 -0500] "POST /forms/lservlet;jsessionid=ac16012b30d5612769510e59427a8c888dd1c7f40de7.e3iSbxaKaheRe38RbNmLa3mSc41ynknvrkLOlQzNp65In0 HTTP/1.1" 200 2
186.30.84.220 - - [25/Jan/2015:10:56:38 -0500] "GET /BLA/boletinlegal/js/jquery.js HTTP/1.1" 200 57254
186.30.84.220 - - [25/Jan/2015:10:56:38 -0500] "GET /BLA/boletinlegal/js/jquery.scrollTo-min.js HTTP/1.1" 200 1150
186.30.84.220 - - [25/Jan/2015:10:56:38 -0500] "GET /BLA/boletinlegal/js/jquery.scrollShow.js HTTP/1.1" 200 4586
66.249.67.75 - - [25/Jan/2015:10:57:17 -0500] "GET /BLA/resoluciones/AUTOS%202011/4997.pdf HTTP/1.1" 200 174457
161.18.107.47 - - [25/Jan/2015:10:57:45 -0500] "GET /BLA/boletinlegal/js/jquery.js HTTP/1.1" 200 57254
161.18.107.47 - - [25/Jan/2015:10:57:45 -0500] "GET /BLA/boletinlegal/js/jquery.scrollTo-min.js HTTP/1.1" 200 1150
161.18.107.47 - - [25/Jan/2015:10:57:45 -0500] "GET /BLA/boletinlegal/js/jquery.scrollShow.js HTTP/1.1" 200 4586
66.249.67.83 - - [25/Jan/2015:10:57:53 -0500] "GET /BLA/resoluciones/RESOLUCIONES%202009/8648.pdf HTTP/1.1" 200 92131
213.246.49.13 - - [25/Jan/2015:10:57:54 -0500] "GET /webdav/x32.php?act=phptools&ip=78.53.78.223&time=30&port=80 HTTP/1.1" 404 1018
188.165.15.59 - - [25/Jan/2015:10:57:57 -0500] "GET /BLA/resoluciones/RESOLUCIONES%202002/RES%202002%20651-700/00000652.tif HTTP/1.1" 200 101194
186.115.22.128 - - [25/Jan/2015:10:58:00 -0500] "GET /BLA/boletinlegal/js/jquery.js HTTP/1.1" 200 57254
186.115.22.128 - - [25/Jan/2015:10:58:00 -0500] "GET /BLA/boletinlegal/js/jquery.scrollTo-min.js HTTP/1.1" 200 1150
186.115.22.128 - - [25/Jan/2015:10:58:00 -0500] "GET /BLA/boletinlegal/js/jquery.scrollShow.js HTTP/1.1" 200 4586
178.162.193.34 - - [25/Jan/2015:10:58:13 -0500] "GET /BLA/resoluciones/RESOLUCIONES%202009/8229.pdf HTTP/1.0" 200 1633336
74.86.158.107 - - [25/Jan/2015:10:58:14 -0500] "HEAD / HTTP/1.1" 302 -
66.249.67.75 - - [25/Jan/2015:10:58:14 -0500] "GET /BLA/resoluciones/AUTOS%202007/0183.pdf HTTP/1.1" 200 121022
213.246.49.13 - - [25/Jan/2015:10:58:25 -0500] "GET /webdav/x32.php?act=phptools&ip=78.53.78.223&time=30&port=80 HTTP/1.1" 404 1018
181.131.8.200 - - [25/Jan/2015:10:58:32 -0500] "GET /galeria/mapa/MEANDRO12.jpg HTTP/1.1" 200 22732
186.82.82.112 - - [25/Jan/2015:10:58:38 -0500] "POST /forms/lservlet;jsessionid=ac16012b30d5612769510e59427a8c888dd1c7f40de7.e3iSbxaKaheRe38RbNmLa3mSc41ynknvrkLOlQzNp65In0 HTTP/1.1" 200 2
191.102.73.101 - - [25/Jan/2015:10:58:40 -0500] "GET /BLA/boletinlegal/js/jquery.scrollTo-min.js HTTP/1.1" 200 1150
191.102.73.101 - - [25/Jan/2015:10:58:40 -0500] "GET /BLA/boletinlegal/js/jquery.js HTTP/1.1" 200 57254
191.102.73.101 - - [25/Jan/2015:10:58:40 -0500] "GET /BLA/boletinlegal/js/jquery.scrollShow.js HTTP/1.1" 200 4586
186.155.125.127 - - [25/Jan/2015:10:58:56 -0500] "GET /forest/session.jsp?a=0.2769492582883686 HTTP/1.1" 200 4
186.155.125.127 - - [25/Jan/2015:10:59:06 -0500] "GET /forest/usutareas.do?group_system_actual=3&codTraEsc=17234793&_a=0.4685339285789545 HTTP/1.1" 200 115961
186.155.125.127 - - [25/Jan/2015:10:59:07 -0500] "GET /forest/skins/gdocs-jar/css/forms.css HTTP/1.1" 304 -
186.155.125.127 - - [25/Jan/2015:10:59:07 -0500] "GET /forest/skins/gdocs-jar/js/tareas.js?version=1412.231748 HTTP/1.1" 304 -
186.155.125.127 - - [25/Jan/2015:10:59:07 -0500] "GET /forest/skins/gdocs-jar/js/number-functions.js?version=1412.231748 HTTP/1.1" 304 -
186.155.125.127 - - [25/Jan/2015:10:59:07 -0500] "GET /forest/skins/gdocs-jar/js/formsBase.js?version=1412.231748 HTTP/1.1" 304 -
186.155.125.127 - - [25/Jan/2015:10:59:07 -0500] "GET /forest/skins/gdocs-jar/js/swfobject.js?version=1412.231748 HTTP/1.1" 304 -
186.155.125.127 - - [25/Jan/2015:10:59:07 -0500] "GET /forest/skins/gdocs-jar/js/graphicForm.js?version=1412.231748 HTTP/1.1" 304 -
186.155.125.127 - - [25/Jan/2015:10:59:07 -0500] "GET /forest/skins/gdocs-jar/img/desasociarUser.gif HTTP/1.1" 304 -
186.155.125.127 - - [25/Jan/2015:10:59:07 -0500] "GET /forest/skins/gdocs-jar/img/comments.gif HTTP/1.1" 304 -
186.155.125.127 - - [25/Jan/2015:10:59:07 -0500] "GET /forest/img/asociarUser.gif HTTP/1.1" 304 -
186.155.125.127 - - [25/Jan/2015:10:59:07 -0500] "GET /forest/skins/gdocs-jar/img/asociarUserOtraDependencia.gif HTTP/1.1" 304 -
186.155.125.127 - - [25/Jan/2015:10:59:07 -0500] "GET /forest/skins/gdocs-jar/img/actividad2.gif HTTP/1.1" 304 -
186.155.125.127 - - [25/Jan/2015:10:59:07 -0500] "GET /forest/skins/gdocs-jar/img/print.gif HTTP/1.1" 304 -
186.155.125.127 - - [25/Jan/2015:10:59:07 -0500] "GET /forest/skins/gdocs-jar/img/vertodossubprocesos.gif HTTP/1.1" 304 -
186.155.125.127 - - [25/Jan/2015:10:59:07 -0500] "GET /forest/skins/gdocs-jar/img/plus.gif HTTP/1.1" 304 -
186.155.125.127 - - [25/Jan/2015:10:59:07 -0500] "GET /forest/skins/gdocs-jar/img/minus.png HTTP/1.1" 304 -
186.155.125.127 - - [25/Jan/2015:10:59:07 -0500] "GET /forest/skins/gdocs-jar/img/pencil.png HTTP/1.1" 304 -
186.155.125.127 - - [25/Jan/2015:10:59:07 -0500] "GET /forest/skins/gdocs-jar/img/spacer.gif HTTP/1.1" 304 -
186.155.125.127 - - [25/Jan/2015:10:59:07 -0500] "GET /forest/skins/gdocs-jar/img/prev.gif HTTP/1.1" 304 -
186.155.125.127 - - [25/Jan/2015:10:59:07 -0500] "GET /forest/skins/gdocs-jar/img/disk.png HTTP/1.1" 304 -
186.155.125.127 - - [25/Jan/2015:10:59:07 -0500] "GET /forest/skins/gdocs-jar/img/control-double.png HTTP/1.1" 304 -
186.155.125.127 - - [25/Jan/2015:10:59:07 -0500] "GET /forest/skins/gdocs-jar/img/close.gif HTTP/1.1" 304 -
186.155.125.127 - - [25/Jan/2015:10:59:07 -0500] "GET /forest/session.jsp?a=0.4139139144681394 HTTP/1.1" 200 4
186.155.125.127 - - [25/Jan/2015:10:59:07 -0500] "GET /forest/skins/gdocs-jar/img/bgPanel.jpg HTTP/1.1" 304 -
186.155.125.127 - - [25/Jan/2015:10:59:07 -0500] "GET /forest/skins/gdocs-jar/img/green.gif HTTP/1.1" 304 -
180.76.5.177 - - [25/Jan/2015:10:59:07 -0500] "GET /videos/60sgsAbril2.flv HTTP/1.1" 200 8359637
188.165.15.43 - - [25/Jan/2015:10:59:08 -0500] "GET /BLA/resoluciones/RESOLUCIONES%202005/RES%202005%20351-400/00000358.tif HTTP/1.1" 200 171714
66.249.67.67 - - [25/Jan/2015:10:59:12 -0500] "GET /BLA/resoluciones/RESOLUCIONES%202011/5631.pdf HTTP/1.1" 200 727730
66.249.67.67 - - [25/Jan/2015:10:59:14 -0500] "GET /BLA/resoluciones/RESOLUCIONES%202008/4254.pdf HTTP/1.1" 200 314200
213.246.49.13 - - [25/Jan/2015:10:59:28 -0500] "GET /webdav/x32.php?act=phptools&ip=78.53.78.223&time=30&port=80 HTTP/1.1" 404 1018
100.43.85.25 - - [25/Jan/2015:10:59:56 -0500] "GET /robots.txt HTTP/1.1" 404 1019
178.162.193.34 - - [25/Jan/2015:10:59:56 -0500] "GET /BLA/resoluciones/AUTOS%202013/2407.pdf HTTP/1.0" 200 992522
213.246.49.13 - - [25/Jan/2015:11:00:06 -0500] "GET /webdav/x32.php?act=phptools&ip=78.53.78.223&time=30&port=80 HTTP/1.1" 404 1018
66.249.67.67 - - [25/Jan/2015:11:00:09 -0500] "GET /BLA/resoluciones/AUTOS%202009/0719.pdf HTTP/1.1" 200 215113
186.82.82.112 - - [25/Jan/2015:11:00:11 -0500] "POST /forms/lservlet;jsessionid=ac16012b30d5612769510e59427a8c888dd1c7f40de7.e3iSbxaKaheRe38RbNmLa3mSc41ynknvrkLOlQzNp65In0 HTTP/1.1" 200 2
186.82.82.112 - - [25/Jan/2015:11:00:11 -0500] "POST /forms/lservlet;jsessionid=ac16012b30d5612769510e59427a8c888dd1c7f40de7.e3iSbxaKaheRe38RbNmLa3mSc41ynknvrkLOlQzNp65In0 HTTP/1.1" 200 8
186.82.82.112 - - [25/Jan/2015:11:00:11 -0500] "POST /forms/lservlet;jsessionid=ac16012b30d5612769510e59427a8c888dd1c7f40de7.e3iSbxaKaheRe38RbNmLa3mSc41ynknvrkLOlQzNp65In0 HTTP/1.1" 200 2
186.82.82.112 - - [25/Jan/2015:11:00:13 -0500] "POST /forms/lservlet;jsessionid=ac16012b30d5612769510e59427a8c888dd1c7f40de7.e3iSbxaKaheRe38RbNmLa3mSc41ynknvrkLOlQzNp65In0 HTTP/1.1" 200 2
66.249.67.83 - - [25/Jan/2015:11:00:13 -0500] "GET /BLA/resoluciones/RESOLUCIONES%202006/RES%202006%20251-300/00000252.tif HTTP/1.1" 200 75196
186.82.82.112 - - [25/Jan/2015:11:00:14 -0500] "POST /forms/lservlet;jsessionid=ac16012b30d5612769510e59427a8c888dd1c7f40de7.e3iSbxaKaheRe38RbNmLa3mSc41ynknvrkLOlQzNp65In0 HTTP/1.1" 200 239
186.82.82.112 - - [25/Jan/2015:11:00:14 -0500] "POST /forms/lservlet;jsessionid=ac16012b30d5612769510e59427a8c888dd1c7f40de7.e3iSbxaKaheRe38RbNmLa3mSc41ynknvrkLOlQzNp65In0 HTTP/1.1" 200 44
186.82.82.112 - - [25/Jan/2015:11:00:14 -0500] "POST /forms/lservlet;jsessionid=ac16012b30d5612769510e59427a8c888dd1c7f40de7.e3iSbxaKaheRe38RbNmLa3mSc41ynknvrkLOlQzNp65In0 HTTP/1.1" 200 15
186.82.82.112 - - [25/Jan/2015:11:00:15 -0500] "POST /forms/lservlet;jsessionid=ac16012b30d5612769510e59427a8c888dd1c7f40de7.e3iSbxaKaheRe38RbNmLa3mSc41ynknvrkLOlQzNp65In0 HTTP/1.1" 200 2
190.27.209.111 - - [25/Jan/2015:11:00:20 -0500] "GET /BLA/boletinlegal/js/jquery.js HTTP/1.1" 200 57254
190.27.209.111 - - [25/Jan/2015:11:00:20 -0500] "GET /BLA/boletinlegal/js/jquery.scrollTo-min.js HTTP/1.1" 200 1150
190.27.209.111 - - [25/Jan/2015:11:00:20 -0500] "GET /BLA/boletinlegal/js/jquery.scrollShow.js HTTP/1.1" 200 4586
190.27.209.111 - - [25/Jan/2015:11:00:20 -0500] "GET /galeria/carrusel/Carrusel/jquery.thumbnailScroller.css HTTP/1.1" 200 2066
190.27.209.111 - - [25/Jan/2015:11:00:20 -0500] "GET /galeria/carrusel/Carrusel/jquery-ui-1.8.13.custom.min.js HTTP/1.1" 200 10800
190.27.209.111 - - [25/Jan/2015:11:00:20 -0500] "GET /galeria/carrusel/Carrusel/jquery.thumbnailScroller.js HTTP/1.1" 200 8157
186.82.82.112 - - [25/Jan/2015:11:00:21 -0500] "POST /forms/lservlet;jsessionid=ac16012b30d5612769510e59427a8c888dd1c7f40de7.e3iSbxaKaheRe38RbNmLa3mSc41ynknvrkLOlQzNp65In0 HTTP/1.1" 200 76
186.82.82.112 - - [25/Jan/2015:11:00:21 -0500] "POST /forms/lservlet;jsessionid=ac16012b30d5612769510e59427a8c888dd1c7f40de7.e3iSbxaKaheRe38RbNmLa3mSc41ynknvrkLOlQzNp65In0 HTTP/1.1" 200 37
178.162.193.34 - - [25/Jan/2015:11:00:22 -0500] "GET /BLA/resoluciones/RESOLUCIONES%202009/7389.pdf HTTP/1.0" 200 951675
186.82.82.112 - - [25/Jan/2015:11:00:25 -0500] "POST /forms/lservlet;jsessionid=ac16012b30d5612769510e59427a8c888dd1c7f40de7.e3iSbxaKaheRe38RbNmLa3mSc41ynknvrkLOlQzNp65In0 HTTP/1.1" 200 71
186.155.125.127 - - [25/Jan/2015:11:00:29 -0500] "GET /forest/actions/forms.getList?codForm=Revision_reparto_Correspondencias&id=funcionarioasignado&text=m HTTP/1.1" 200 1269
186.155.125.127 - - [25/Jan/2015:11:00:29 -0500] "GET /forest/actions/forms.getList?codForm=Revision_reparto_Correspondencias&id=funcionarioasignado&text=ma HTTP/1.1" 200 1216
186.155.125.127 - - [25/Jan/2015:11:00:29 -0500] "GET /forest/actions/forms.getList?codForm=Revision_reparto_Correspondencias&id=funcionarioasignado&text=mar HTTP/1.1" 200 1235
186.155.125.127 - - [25/Jan/2015:11:00:29 -0500] "GET /forest/actions/forms.getList?codForm=Revision_reparto_Correspondencias&id=funcionarioasignado&text=marc HTTP/1.1" 200 1265
186.155.125.127 - - [25/Jan/2015:11:00:29 -0500] "GET /forest/actions/forms.getList?codForm=Revision_reparto_Correspondencias&id=funcionarioasignado&text=marco HTTP/1.1" 200 312
186.155.125.127 - - [25/Jan/2015:11:00:30 -0500] "GET /forest/actions/forms.getList?codForm=Revision_reparto_Correspondencias&id=funcionarioasignado&text=marco%20 HTTP/1.1" 200 312
186.155.125.127 - - [25/Jan/2015:11:00:30 -0500] "GET /forest/actions/forms.getList?codForm=Revision_reparto_Correspondencias&id=funcionarioasignado&text=marco%20a HTTP/1.1" 200 132
186.82.82.112 - - [25/Jan/2015:11:00:32 -0500] "POST /forms/lservlet;jsessionid=ac16012b30d5612769510e59427a8c888dd1c7f40de7.e3iSbxaKaheRe38RbNmLa3mSc41ynknvrkLOlQzNp65In0 HTTP/1.1" 200 18
186.82.82.112 - - [25/Jan/2015:11:00:33 -0500] "POST /forms/lservlet;jsessionid=ac16012b30d5612769510e59427a8c888dd1c7f40de7.e3iSbxaKaheRe38RbNmLa3mSc41ynknvrkLOlQzNp65In0 HTTP/1.1" 200 8
186.82.82.112 - - [25/Jan/2015:11:00:33 -0500] "POST /forms/lservlet;jsessionid=ac16012b30d5612769510e59427a8c888dd1c7f40de7.e3iSbxaKaheRe38RbNmLa3mSc41ynknvrkLOlQzNp65In0 HTTP/1.1" 200 2
186.82.82.112 - - [25/Jan/2015:11:00:34 -0500] "POST /forms/lservlet;jsessionid=ac16012b30d5612769510e59427a8c888dd1c7f40de7.e3iSbxaKaheRe38RbNmLa3mSc41ynknvrkLOlQzNp65In0 HTTP/1.1" 200 2
186.82.82.112 - - [25/Jan/2015:11:00:34 -0500] "POST /forms/lservlet;jsessionid=ac16012b30d5612769510e59427a8c888dd1c7f40de7.e3iSbxaKaheRe38RbNmLa3mSc41ynknvrkLOlQzNp65In0 HTTP/1.1" 200 8
186.82.82.112 - - [25/Jan/2015:11:00:34 -0500] "POST /forms/lservlet;jsessionid=ac16012b30d5612769510e59427a8c888dd1c7f40de7.e3iSbxaKaheRe38RbNmLa3mSc41ynknvrkLOlQzNp65In0 HTTP/1.1" 200 2
66.249.67.75 - - [25/Jan/2015:11:00:35 -0500] "GET /BLA/resoluciones/AUTOS%202007/0171.pdf HTTP/1.1" 200 136901
190.27.209.111 - - [25/Jan/2015:11:00:36 -0500] "GET /galeria/nivo-slider/demo/demo.html HTTP/1.1" 200 3150
186.155.125.127 - - [25/Jan/2015:11:00:36 -0500] "GET /forest/actions/forms.getList?codForm=Revision_reparto_Correspondencias&id=codigoFuncionario&text=j HTTP/1.1" 200 1284
186.155.125.127 - - [25/Jan/2015:11:00:37 -0500] "GET /forest/actions/forms.getList?codForm=Revision_reparto_Correspondencias&id=codigoFuncionario&text=ju HTTP/1.1" 200 1254
186.155.125.127 - - [25/Jan/2015:11:00:37 -0500] "GET /forest/actions/forms.getList?codForm=Revision_reparto_Correspondencias&id=codigoFuncionario&text=jua HTTP/1.1" 200 1212
186.155.125.127 - - [25/Jan/2015:11:00:37 -0500] "GET /forest/actions/forms.getList?codForm=Revision_reparto_Correspondencias&id=codigoFuncionario&text=juan HTTP/1.1" 200 1212
190.27.209.111 - - [25/Jan/2015:11:00:37 -0500] "GET /galeria/nivo-slider/themes/default/default.css HTTP/1.1" 200 1569
190.27.209.111 - - [25/Jan/2015:11:00:37 -0500] "GET /galeria/nivo-slider/themes/pascal/pascal.css HTTP/1.1" 200 2258
190.27.209.111 - - [25/Jan/2015:11:00:37 -0500] "GET /galeria/nivo-slider/themes/orman/orman.css HTTP/1.1" 200 2152
190.27.209.111 - - [25/Jan/2015:11:00:37 -0500] "GET /galeria/nivo-slider/nivo-slider.css HTTP/1.1" 200 1507
190.27.209.111 - - [25/Jan/2015:11:00:37 -0500] "GET /galeria/nivo-slider/demo/style.css HTTP/1.1" 200 2222
190.27.209.111 - - [25/Jan/2015:11:00:37 -0500] "GET /galeria/nivo-slider/demo/scripts/jquery-1.7.1.min.js HTTP/1.1" 200 93868
190.27.209.111 - - [25/Jan/2015:11:00:37 -0500] "GET /galeria/nivo-slider/jquery.nivo.slider.pack.js HTTP/1.1" 200 11561
190.27.209.111 - - [25/Jan/2015:11:00:37 -0500] "GET /galeria/nivo-slider/demo/images/bolsas-08.jpg HTTP/1.1" 200 85589
190.27.209.111 - - [25/Jan/2015:11:00:37 -0500] "GET /galeria/nivo-slider/demo/images/Ruta-vertimientos-01.jpg HTTP/1.1" 200 130151
190.27.209.111 - - [25/Jan/2015:11:00:37 -0500] "GET /galeria/nivo-slider/demo/images/bolsas-06.jpg HTTP/1.1" 200 90982
190.27.209.111 - - [25/Jan/2015:11:00:37 -0500] "GET /galeria/nivo-slider/demo/images/ecolecta-Dic2014.png HTTP/1.1" 200 288593
186.155.125.127 - - [25/Jan/2015:11:00:37 -0500] "GET /forest/actions/forms.getList?codForm=Revision_reparto_Correspondencias&id=codigoFuncionario&text=juan%20 HTTP/1.1" 200 1212
186.155.125.127 - - [25/Jan/2015:11:00:38 -0500] "GET /forest/actions/forms.getList?codForm=Revision_reparto_Correspondencias&id=codigoFuncionario&text=juan%20m HTTP/1.1" 200 185
190.27.209.111 - - [25/Jan/2015:11:00:38 -0500] "GET /galeria/nivo-slider/demo/images/porloshumedales.jpg HTTP/1.1" 200 351238
186.155.125.127 - - [25/Jan/2015:11:00:38 -0500] "GET /forest/actions/forms.getList?codForm=Revision_reparto_Correspondencias&id=codigoFuncionario&text=juan%20ma HTTP/1.1" 200 185
186.155.125.127 - - [25/Jan/2015:11:00:38 -0500] "GET /forest/actions/forms.getList?codForm=Revision_reparto_Correspondencias&id=codigoFuncionario&text=juan%20mau HTTP/1.1" 200 61
186.155.125.127 - - [25/Jan/2015:11:00:38 -0500] "GET /forest/actions/forms.getList?codForm=Revision_reparto_Correspondencias&id=codigoFuncionario&text=juan%20maur HTTP/1.1" 200 61
186.82.82.112 - - [25/Jan/2015:11:00:38 -0500] "POST /forms/lservlet;jsessionid=ac16012b30d5612769510e59427a8c888dd1c7f40de7.e3iSbxaKaheRe38RbNmLa3mSc41ynknvrkLOlQzNp65In0 HTTP/1.1" 200 24
190.27.209.111 - - [25/Jan/2015:11:00:39 -0500] "GET /galeria/nivo-slider/demo/images/Tingua-azul.jpg HTTP/1.1" 200 307638
190.27.209.111 - - [25/Jan/2015:11:00:39 -0500] "GET /galeria/nivo-slider/demo/images/Banner-Caracol-Africano.jpg HTTP/1.1" 200 331986
190.27.209.111 - - [25/Jan/2015:11:00:39 -0500] "GET /galeria/nivo-slider/demo/images/banner-redes.jpg HTTP/1.1" 200 62209
190.27.209.111 - - [25/Jan/2015:11:00:40 -0500] "GET /galeria/nivo-slider/demo/images/9Signos.jpg HTTP/1.1" 200 93040
190.27.209.111 - - [25/Jan/2015:11:00:42 -0500] "GET /galeria/nivo-slider/demo/images/banner-llantas2.jpg HTTP/1.1" 200 73153
190.27.209.111 - - [25/Jan/2015:11:00:42 -0500] "GET /galeria/nivo-slider/demo/images/banner-caballos.png HTTP/1.1" 200 389106
190.27.209.111 - - [25/Jan/2015:11:00:42 -0500] "GET /galeria/nivo-slider/demo/images/4Simple_Slider.png HTTP/1.1" 200 11722
190.27.209.111 - - [25/Jan/2015:11:00:42 -0500] "GET /galeria/nivo-slider/themes/default/loading.gif HTTP/1.1" 200 1737
190.27.209.111 - - [25/Jan/2015:11:00:45 -0500] "GET /galeria/nivo-slider/themes/default/arrows.png HTTP/1.1" 200 824
190.27.209.111 - - [25/Jan/2015:11:00:46 -0500] "GET /galeria/nivo-slider/themes/default/bullets.png HTTP/1.1" 200 1281
180.76.6.21 - - [25/Jan/2015:11:00:48 -0500] "GET /BLA/resoluciones/RESOLUCIONES%202007/RES%202007%203301%20AL%203400/RESOLUCION%203302%20DE%202007.pdf HTTP/1.1" 200 667749
190.27.209.111 - - [25/Jan/2015:11:00:48 -0500] "GET /videos/Spot_CambioClimatico.flv HTTP/1.1" 200 4371917
186.82.82.112 - - [25/Jan/2015:11:00:54 -0500] "POST /forms/lservlet;jsessionid=ac16012b30d5612769510e59427a8c888dd1c7f40de7.e3iSbxaKaheRe38RbNmLa3mSc41ynknvrkLOlQzNp65In0 HTTP/1.1" 200 2
186.82.82.112 - - [25/Jan/2015:11:00:54 -0500] "POST /forms/lservlet;jsessionid=ac16012b30d5612769510e59427a8c888dd1c7f40de7.e3iSbxaKaheRe38RbNmLa3mSc41ynknvrkLOlQzNp65In0 HTTP/1.1" 200 14
186.82.82.112 - - [25/Jan/2015:11:00:56 -0500] "POST /forms/lservlet;jsessionid=ac16012b30d5612769510e59427a8c888dd1c7f40de7.e3iSbxaKaheRe38RbNmLa3mSc41ynknvrkLOlQzNp65In0 HTTP/1.1" 200 14
186.82.82.112 - - [25/Jan/2015:11:00:58 -0500] "POST /forms/lservlet;jsessionid=ac16012b30d5612769510e59427a8c888dd1c7f40de7.e3iSbxaKaheRe38RbNmLa3mSc41ynknvrkLOlQzNp65In0 HTTP/1.1" 200 4088
186.82.82.112 - - [25/Jan/2015:11:01:00 -0500] "POST /forms/lservlet;jsessionid=ac16012b30d5612769510e59427a8c888dd1c7f40de7.e3iSbxaKaheRe38RbNmLa3mSc41ynknvrkLOlQzNp65In0 HTTP/1.1" 200 20
186.155.125.127 - - [25/Jan/2015:11:01:04 -0500] "POST /forest/usutareas.do? HTTP/1.1" 200 76
186.155.125.127 - - [25/Jan/2015:11:01:05 -0500] "GET /forest/skins/gdocs-jar/img/ok.gif HTTP/1.1" 304 -
66.249.67.75 - - [25/Jan/2015:11:01:06 -0500] "GET /BLA/resoluciones/AUTOS%202007/2266.pdf HTTP/1.1" 200 79036
186.155.125.127 - - [25/Jan/2015:11:01:06 -0500] "GET /forest/usutareas.do?group_system_actual=3&a=0.9831914615351707 HTTP/1.1" 200 117250
186.155.125.127 - - [25/Jan/2015:11:01:08 -0500] "GET /forest/js/usutareas-docs.js HTTP/1.1" 304 -
186.155.125.127 - - [25/Jan/2015:11:01:08 -0500] "GET /forest/skins/gdocs-jar/js/grid.js?version=1412.231748 HTTP/1.1" 304 -
186.155.125.127 - - [25/Jan/2015:11:01:08 -0500] "GET /forest/js/jquery/jquery-1.5.2.min.js HTTP/1.1" 304 -
186.155.125.127 - - [25/Jan/2015:11:01:08 -0500] "GET /forest/js/jquery/jquery.atmosphere.js HTTP/1.1" 304 -
186.155.125.127 - - [25/Jan/2015:11:01:08 -0500] "GET /forest/js/socketConnection.js HTTP/1.1" 304 -
186.155.125.127 - - [25/Jan/2015:11:01:08 -0500] "GET /forest/skins/gdocs-jar/img/clip.gif HTTP/1.1" 304 -
186.155.125.127 - - [25/Jan/2015:11:01:08 -0500] "GET /forest/skins/gdocs-jar/img/bola.gif HTTP/1.1" 304 -
186.155.125.127 - - [25/Jan/2015:11:01:08 -0500] "GET /forest/session.jsp?a=0.9380160744767636 HTTP/1.1" 200 4
186.82.82.112 - - [25/Jan/2015:11:01:09 -0500] "POST /forms/lservlet;jsessionid=ac16012b30d5612769510e59427a8c888dd1c7f40de7.e3iSbxaKaheRe38RbNmLa3mSc41ynknvrkLOlQzNp65In0 HTTP/1.1" 200 96
213.246.49.13 - - [25/Jan/2015:11:01:09 -0500] "GET /webdav/x32.php?act=phptools&ip=46.253.54.210&time=30&port=80 HTTP/1.1" 404 1018
186.155.125.127 - - [25/Jan/2015:11:01:11 -0500] "GET /forest/actions/sgc.getPlantillaByInst?codForm=641&codInst=3028691 HTTP/1.1" 200 97846
186.82.82.112 - - [25/Jan/2015:11:01:17 -0500] "POST /forms/lservlet;jsessionid=ac16012b30d5612769510e59427a8c888dd1c7f40de7.e3iSbxaKaheRe38RbNmLa3mSc41ynknvrkLOlQzNp65In0 HTTP/1.1" 200 66
186.82.82.112 - - [25/Jan/2015:11:01:21 -0500] "POST /forms/lservlet;jsessionid=ac16012b30d5612769510e59427a8c888dd1c7f40de7.e3iSbxaKaheRe38RbNmLa3mSc41ynknvrkLOlQzNp65In0 HTTP/1.1" 200 2
186.82.82.112 - - [25/Jan/2015:11:01:21 -0500] "POST /forms/lservlet;jsessionid=ac16012b30d5612769510e59427a8c888dd1c7f40de7.e3iSbxaKaheRe38RbNmLa3mSc41ynknvrkLOlQzNp65In0 HTTP/1.1" 200 3112
186.82.82.112 - - [25/Jan/2015:11:01:22 -0500] "POST /forms/lservlet;jsessionid=ac16012b30d5612769510e59427a8c888dd1c7f40de7.e3iSbxaKaheRe38RbNmLa3mSc41ynknvrkLOlQzNp65In0 HTTP/1.1" 200 2
190.250.36.155 - - [25/Jan/2015:11:01:24 -0500] "GET /BLA/resoluciones/AUTOS%202010/5467.pdf HTTP/1.1" 200 919345
190.250.36.155 - - [25/Jan/2015:11:01:25 -0500] "GET /BLA/resoluciones/AUTOS%202010/5467.pdf HTTP/1.1" 206 32768
190.250.36.155 - - [25/Jan/2015:11:01:25 -0500] "GET /BLA/resoluciones/AUTOS%202010/5467.pdf HTTP/1.1" 206 886577
190.250.36.155 - - [25/Jan/2015:11:01:27 -0500] "GET /favicon.ico HTTP/1.1" 200 7782
186.82.82.112 - - [25/Jan/2015:11:01:30 -0500] "POST /forms/lservlet;jsessionid=ac16012b30d5612769510e59427a8c888dd1c7f40de7.e3iSbxaKaheRe38RbNmLa3mSc41ynknvrkLOlQzNp65In0 HTTP/1.1" 200 2
188.165.15.59 - - [25/Jan/2015:11:01:30 -0500] "GET /BLA/resoluciones/index.php?dir=RESOLUCIONES%202004/RES%202004%20451-500/&sort=name&order=desc HTTP/1.1" 200 12036
186.82.82.112 - - [25/Jan/2015:11:01:31 -0500] "POST /forms/lservlet;jsessionid=ac16012b30d5612769510e59427a8c888dd1c7f40de7.e3iSbxaKaheRe38RbNmLa3mSc41ynknvrkLOlQzNp65In0 HTTP/1.1" 200 2253
186.82.82.112 - - [25/Jan/2015:11:01:31 -0500] "POST /forms/lservlet;jsessionid=ac16012b30d5612769510e59427a8c888dd1c7f40de7.e3iSbxaKaheRe38RbNmLa3mSc41ynknvrkLOlQzNp65In0 HTTP/1.1" 200 10
186.82.82.112 - - [25/Jan/2015:11:01:33 -0500] "POST /forms/lservlet;jsessionid=ac16012b30d5612769510e59427a8c888dd1c7f40de7.e3iSbxaKaheRe38RbNmLa3mSc41ynknvrkLOlQzNp65In0 HTTP/1.1" 200 2
180.76.5.95 - - [25/Jan/2015:11:01:34 -0500] "GET /BLA/resoluciones/RESOLUCIONES%202007/RES%202007%202201%20AL%202300/RESOLUCION%20222_%20DE%202007.pdf HTTP/1.1" 200 1479808
186.82.82.112 - - [25/Jan/2015:11:01:34 -0500] "POST /forms/lservlet;jsessionid=ac16012b30d5612769510e59427a8c888dd1c7f40de7.e3iSbxaKaheRe38RbNmLa3mSc41ynknvrkLOlQzNp65In0 HTTP/1.1" 200 3192
186.82.82.112 - - [25/Jan/2015:11:01:34 -0500] "POST /forms/lservlet;jsessionid=ac16012b30d5612769510e59427a8c888dd1c7f40de7.e3iSbxaKaheRe38RbNmLa3mSc41ynknvrkLOlQzNp65In0 HTTP/1.1" 200 2
213.246.49.13 - - [25/Jan/2015:11:01:40 -0500] "GET /webdav/x32.php?act=phptools&ip=46.253.54.210&time=30&port=80 HTTP/1.1" 404 1018
186.82.25.113 - - [25/Jan/2015:11:01:40 -0500] "GET /BLA/boletinlegal/js/jquery.js HTTP/1.1" 200 57254
186.82.25.113 - - [25/Jan/2015:11:01:40 -0500] "GET /BLA/boletinlegal/js/jquery.scrollTo-min.js HTTP/1.1" 200 1150
186.82.25.113 - - [25/Jan/2015:11:01:40 -0500] "GET /BLA/boletinlegal/js/jquery.scrollShow.js HTTP/1.1" 200 4586
186.82.25.113 - - [25/Jan/2015:11:01:41 -0500] "GET /galeria/carrusel/Carrusel/jquery.thumbnailScroller.css HTTP/1.1" 200 2066
186.82.25.113 - - [25/Jan/2015:11:01:41 -0500] "GET /galeria/carrusel/Carrusel/jquery-ui-1.8.13.custom.min.js HTTP/1.1" 200 10800
186.82.25.113 - - [25/Jan/2015:11:01:41 -0500] "GET /galeria/carrusel/Carrusel/jquery.thumbnailScroller.js HTTP/1.1" 200 8157
186.82.82.112 - - [25/Jan/2015:11:01:42 -0500] "POST /forms/lservlet;jsessionid=ac16012b30d5612769510e59427a8c888dd1c7f40de7.e3iSbxaKaheRe38RbNmLa3mSc41ynknvrkLOlQzNp65In0 HTTP/1.1" 200 2
186.82.82.112 - - [25/Jan/2015:11:01:43 -0500] "POST /forms/lservlet;jsessionid=ac16012b30d5612769510e59427a8c888dd1c7f40de7.e3iSbxaKaheRe38RbNmLa3mSc41ynknvrkLOlQzNp65In0 HTTP/1.1" 200 2473
186.82.82.112 - - [25/Jan/2015:11:01:43 -0500] "POST /forms/lservlet;jsessionid=ac16012b30d5612769510e59427a8c888dd1c7f40de7.e3iSbxaKaheRe38RbNmLa3mSc41ynknvrkLOlQzNp65In0 HTTP/1.1" 200 10
66.249.67.83 - - [25/Jan/2015:11:01:45 -0500] "GET /reports/images/blaf-en.css HTTP/1.1" 200 16003
186.82.82.112 - - [25/Jan/2015:11:01:48 -0500] "POST /forms/lservlet;jsessionid=ac16012b30d5612769510e59427a8c888dd1c7f40de7.e3iSbxaKaheRe38RbNmLa3mSc41ynknvrkLOlQzNp65In0 HTTP/1.1" 200 2
186.82.82.112 - - [25/Jan/2015:11:01:48 -0500] "POST /forms/lservlet;jsessionid=ac16012b30d5612769510e59427a8c888dd1c7f40de7.e3iSbxaKaheRe38RbNmLa3mSc41ynknvrkLOlQzNp65In0 HTTP/1.1" 200 239
186.82.82.112 - - [25/Jan/2015:11:01:48 -0500] "POST /forms/lservlet;jsessionid=ac16012b30d5612769510e59427a8c888dd1c7f40de7.e3iSbxaKaheRe38RbNmLa3mSc41ynknvrkLOlQzNp65In0 HTTP/1.1" 200 44
186.82.82.112 - - [25/Jan/2015:11:01:48 -0500] "POST /forms/lservlet;jsessionid=ac16012b30d5612769510e59427a8c888dd1c7f40de7.e3iSbxaKaheRe38RbNmLa3mSc41ynknvrkLOlQzNp65In0 HTTP/1.1" 200 16
186.82.82.112 - - [25/Jan/2015:11:01:49 -0500] "POST /forms/lservlet;jsessionid=ac16012b30d5612769510e59427a8c888dd1c7f40de7.e3iSbxaKaheRe38RbNmLa3mSc41ynknvrkLOlQzNp65In0 HTTP/1.1" 200 2
186.82.25.113 - - [25/Jan/2015:11:01:49 -0500] "GET /galeria/nivo-slider/demo/demo.html HTTP/1.1" 200 3150
188.165.15.200 - - [25/Jan/2015:11:01:50 -0500] "GET /BLA/resoluciones/RESOLUCIONES%202002/RES%202002%201001-1050/2002RES1033.tif HTTP/1.1" 200 64042
186.82.25.113 - - [25/Jan/2015:11:01:50 -0500] "GET /galeria/nivo-slider/themes/default/default.css HTTP/1.1" 200 1569
186.82.25.113 - - [25/Jan/2015:11:01:50 -0500] "GET /galeria/nivo-slider/themes/pascal/pascal.css HTTP/1.1" 200 2258
186.82.25.113 - - [25/Jan/2015:11:01:52 -0500] "GET /galeria/nivo-slider/themes/orman/orman.css HTTP/1.1" 200 2152
186.82.25.113 - - [25/Jan/2015:11:01:52 -0500] "GET /galeria/nivo-slider/nivo-slider.css HTTP/1.1" 200 1507
186.82.25.113 - - [25/Jan/2015:11:01:52 -0500] "GET /galeria/nivo-slider/demo/style.css HTTP/1.1" 200 2222
186.82.25.113 - - [25/Jan/2015:11:01:52 -0500] "GET /galeria/nivo-slider/demo/scripts/jquery-1.7.1.min.js HTTP/1.1" 200 93868
186.82.25.113 - - [25/Jan/2015:11:01:52 -0500] "GET /galeria/nivo-slider/jquery.nivo.slider.pack.js HTTP/1.1" 200 11561
186.82.25.113 - - [25/Jan/2015:11:01:52 -0500] "GET /galeria/nivo-slider/demo/images/bolsas-08.jpg HTTP/1.1" 200 85589
186.82.25.113 - - [25/Jan/2015:11:01:52 -0500] "GET /galeria/nivo-slider/demo/images/Ruta-vertimientos-01.jpg HTTP/1.1" 200 130151
186.82.25.113 - - [25/Jan/2015:11:01:52 -0500] "GET /galeria/nivo-slider/demo/images/bolsas-06.jpg HTTP/1.1" 200 90982
186.82.25.113 - - [25/Jan/2015:11:01:53 -0500] "GET /galeria/nivo-slider/demo/images/ecolecta-Dic2014.png HTTP/1.1" 200 288593
186.82.25.113 - - [25/Jan/2015:11:01:53 -0500] "GET /galeria/nivo-slider/demo/images/porloshumedales.jpg HTTP/1.1" 200 351238
186.82.25.113 - - [25/Jan/2015:11:01:53 -0500] "GET /galeria/nivo-slider/demo/images/Tingua-azul.jpg HTTP/1.1" 200 307638
186.82.25.113 - - [25/Jan/2015:11:01:53 -0500] "GET /galeria/nivo-slider/demo/images/Banner-Caracol-Africano.jpg HTTP/1.1" 200 331986
186.82.25.113 - - [25/Jan/2015:11:01:54 -0500] "GET /galeria/nivo-slider/demo/images/banner-redes.jpg HTTP/1.1" 200 62209
186.82.25.113 - - [25/Jan/2015:11:01:54 -0500] "GET /galeria/nivo-slider/demo/images/9Signos.jpg HTTP/1.1" 200 93040
186.82.25.113 - - [25/Jan/2015:11:01:54 -0500] "GET /galeria/nivo-slider/demo/images/banner-llantas2.jpg HTTP/1.1" 200 73153
186.82.25.113 - - [25/Jan/2015:11:01:54 -0500] "GET /galeria/nivo-slider/demo/images/banner-caballos.png HTTP/1.1" 200 389106
186.82.25.113 - - [25/Jan/2015:11:01:55 -0500] "GET /galeria/nivo-slider/themes/default/loading.gif HTTP/1.1" 200 1737
186.82.25.113 - - [25/Jan/2015:11:01:55 -0500] "GET /galeria/nivo-slider/demo/images/4Simple_Slider.png HTTP/1.1" 200 11722
186.82.82.112 - - [25/Jan/2015:11:01:55 -0500] "POST /forms/lservlet;jsessionid=ac16012b30d5612769510e59427a8c888dd1c7f40de7.e3iSbxaKaheRe38RbNmLa3mSc41ynknvrkLOlQzNp65In0 HTTP/1.1" 200 76
186.82.82.112 - - [25/Jan/2015:11:01:55 -0500] "POST /forms/lservlet;jsessionid=ac16012b30d5612769510e59427a8c888dd1c7f40de7.e3iSbxaKaheRe38RbNmLa3mSc41ynknvrkLOlQzNp65In0 HTTP/1.1" 200 37
66.249.67.75 - - [25/Jan/2015:11:01:56 -0500] "GET /BLA/resoluciones/RESOLUCIONES%202008/4509.pdf HTTP/1.1" 200 386315
186.82.82.112 - - [25/Jan/2015:11:01:57 -0500] "POST /forms/lservlet;jsessionid=ac16012b30d5612769510e59427a8c888dd1c7f40de7.e3iSbxaKaheRe38RbNmLa3mSc41ynknvrkLOlQzNp65In0 HTTP/1.1" 200 56
186.82.82.112 - - [25/Jan/2015:11:01:59 -0500] "POST /forms/lservlet;jsessionid=ac16012b30d5612769510e59427a8c888dd1c7f40de7.e3iSbxaKaheRe38RbNmLa3mSc41ynknvrkLOlQzNp65In0 HTTP/1.1" 200 18
186.82.82.112 - - [25/Jan/2015:11:02:00 -0500] "POST /forms/lservlet;jsessionid=ac16012b30d5612769510e59427a8c888dd1c7f40de7.e3iSbxaKaheRe38RbNmLa3mSc41ynknvrkLOlQzNp65In0 HTTP/1.1" 200 8
186.82.82.112 - - [25/Jan/2015:11:02:00 -0500] "POST /forms/lservlet;jsessionid=ac16012b30d5612769510e59427a8c888dd1c7f40de7.e3iSbxaKaheRe38RbNmLa3mSc41ynknvrkLOlQzNp65In0 HTTP/1.1" 200 2
66.249.67.67 - - [25/Jan/2015:11:02:04 -0500] "GET /BLA/resoluciones/AUTOS%202012/1670.pdf HTTP/1.1" 200 208127
186.82.82.112 - - [25/Jan/2015:11:02:06 -0500] "POST /forms/lservlet;jsessionid=ac16012b30d5612769510e59427a8c888dd1c7f40de7.e3iSbxaKaheRe38RbNmLa3mSc41ynknvrkLOlQzNp65In0 HTTP/1.1" 200 24
186.82.82.112 - - [25/Jan/2015:11:02:07 -0500] "POST /forms/lservlet;jsessionid=ac16012b30d5612769510e59427a8c888dd1c7f40de7.e3iSbxaKaheRe38RbNmLa3mSc41ynknvrkLOlQzNp65In0 HTTP/1.1" 200 4205
186.82.82.112 - - [25/Jan/2015:11:02:08 -0500] "POST /forms/lservlet;jsessionid=ac16012b30d5612769510e59427a8c888dd1c7f40de7.e3iSbxaKaheRe38RbNmLa3mSc41ynknvrkLOlQzNp65In0 HTTP/1.1" 200 20
186.82.82.112 - - [25/Jan/2015:11:02:20 -0500] "POST /forms/lservlet;jsessionid=ac16012b30d5612769510e59427a8c888dd1c7f40de7.e3iSbxaKaheRe38RbNmLa3mSc41ynknvrkLOlQzNp65In0 HTTP/1.1" 200 2
186.82.82.112 - - [25/Jan/2015:11:02:20 -0500] "POST /forms/lservlet;jsessionid=ac16012b30d5612769510e59427a8c888dd1c7f40de7.e3iSbxaKaheRe38RbNmLa3mSc41ynknvrkLOlQzNp65In0 HTTP/1.1" 200 2178
186.82.82.112 - - [25/Jan/2015:11:02:20 -0500] "POST /forms/lservlet;jsessionid=ac16012b30d5612769510e59427a8c888dd1c7f40de7.e3iSbxaKaheRe38RbNmLa3mSc41ynknvrkLOlQzNp65In0 HTTP/1.1" 200 10
190.29.91.49 - - [25/Jan/2015:11:02:21 -0500] "GET /BLA/boletinlegal/js/jquery.js HTTP/1.1" 200 57254
190.29.91.49 - - [25/Jan/2015:11:02:21 -0500] "GET /BLA/boletinlegal/js/jquery.scrollTo-min.js HTTP/1.1" 200 1150
186.82.82.112 - - [25/Jan/2015:11:02:23 -0500] "POST /forms/lservlet;jsessionid=ac16012b30d5612769510e59427a8c888dd1c7f40de7.e3iSbxaKaheRe38RbNmLa3mSc41ynknvrkLOlQzNp65In0 HTTP/1.1" 200 2
186.82.82.112 - - [25/Jan/2015:11:02:23 -0500] "POST /forms/lservlet;jsessionid=ac16012b30d5612769510e59427a8c888dd1c7f40de7.e3iSbxaKaheRe38RbNmLa3mSc41ynknvrkLOlQzNp65In0 HTTP/1.1" 200 2987
186.82.82.112 - - [25/Jan/2015:11:02:24 -0500] "POST /forms/lservlet;jsessionid=ac16012b30d5612769510e59427a8c888dd1c7f40de7.e3iSbxaKaheRe38RbNmLa3mSc41ynknvrkLOlQzNp65In0 HTTP/1.1" 200 2
190.29.91.49 - - [25/Jan/2015:11:02:24 -0500] "GET /BLA/boletinlegal/js/jquery.scrollShow.js HTTP/1.1" 200 4586
213.246.49.13 - - [25/Jan/2015:11:02:24 -0500] "GET /webdav/x32.php?act=phptools&ip=46.253.54.210&time=30&port=80 HTTP/1.1" 404 1018
181.48.9.60 - - [25/Jan/2015:11:02:27 -0500] "GET /galeria/carrusel/Carrusel/jquery.thumbnailScroller.css HTTP/1.1" 304 -
181.48.9.60 - - [25/Jan/2015:11:02:27 -0500] "GET /BLA/boletinlegal/js/jquery.scrollShow.js HTTP/1.1" 304 -
181.48.9.60 - - [25/Jan/2015:11:02:27 -0500] "GET /BLA/boletinlegal/js/jquery.js HTTP/1.1" 304 -
181.48.9.60 - - [25/Jan/2015:11:02:27 -0500] "GET /galeria/carrusel/Carrusel/jquery-ui-1.8.13.custom.min.js HTTP/1.1" 304 -
181.48.9.60 - - [25/Jan/2015:11:02:27 -0500] "GET /BLA/boletinlegal/js/jquery.scrollTo-min.js HTTP/1.1" 304 -
181.48.9.60 - - [25/Jan/2015:11:02:29 -0500] "GET /galeria/nivo-slider/demo/demo.html HTTP/1.1" 304 -
181.48.9.60 - - [25/Jan/2015:11:02:29 -0500] "GET /galeria/nivo-slider/themes/pascal/pascal.css HTTP/1.1" 304 -
181.48.9.60 - - [25/Jan/2015:11:02:29 -0500] "GET /galeria/nivo-slider/themes/default/default.css HTTP/1.1" 304 -
181.48.9.60 - - [25/Jan/2015:11:02:29 -0500] "GET /galeria/nivo-slider/themes/orman/orman.css HTTP/1.1" 304 -
181.48.9.60 - - [25/Jan/2015:11:02:29 -0500] "GET /galeria/nivo-slider/demo/style.css HTTP/1.1" 304 -
181.48.9.60 - - [25/Jan/2015:11:02:29 -0500] "GET /galeria/nivo-slider/demo/images/bolsas-08.jpg HTTP/1.1" 304 -
181.48.9.60 - - [25/Jan/2015:11:02:29 -0500] "GET /galeria/nivo-slider/nivo-slider.css HTTP/1.1" 304 -
181.48.9.60 - - [25/Jan/2015:11:02:29 -0500] "GET /galeria/nivo-slider/jquery.nivo.slider.pack.js HTTP/1.1" 304 -
181.48.9.60 - - [25/Jan/2015:11:02:29 -0500] "GET /galeria/nivo-slider/demo/scripts/jquery-1.7.1.min.js HTTP/1.1" 304 -
181.48.9.60 - - [25/Jan/2015:11:02:29 -0500] "GET /galeria/nivo-slider/demo/images/Ruta-vertimientos-01.jpg HTTP/1.1" 304 -
181.48.9.60 - - [25/Jan/2015:11:02:29 -0500] "GET /galeria/nivo-slider/demo/images/bolsas-06.jpg HTTP/1.1" 304 -
181.48.9.60 - - [25/Jan/2015:11:02:29 -0500] "GET /galeria/nivo-slider/demo/images/ecolecta-Dic2014.png HTTP/1.1" 304 -
181.48.9.60 - - [25/Jan/2015:11:02:30 -0500] "GET /galeria/nivo-slider/demo/images/porloshumedales.jpg HTTP/1.1" 304 -
181.48.9.60 - - [25/Jan/2015:11:02:30 -0500] "GET /galeria/nivo-slider/demo/images/Tingua-azul.jpg HTTP/1.1" 304 -
181.48.9.60 - - [25/Jan/2015:11:02:30 -0500] "GET /galeria/nivo-slider/demo/images/Banner-Caracol-Africano.jpg HTTP/1.1" 304 -
181.48.9.60 - - [25/Jan/2015:11:02:31 -0500] "GET /galeria/nivo-slider/demo/images/banner-redes.jpg HTTP/1.1" 304 -
181.48.9.60 - - [25/Jan/2015:11:02:31 -0500] "GET /galeria/nivo-slider/demo/images/9Signos.jpg HTTP/1.1" 304 -
181.48.9.60 - - [25/Jan/2015:11:02:31 -0500] "GET /galeria/nivo-slider/demo/images/banner-llantas2.jpg HTTP/1.1" 304 -
181.48.9.60 - - [25/Jan/2015:11:02:32 -0500] "GET /galeria/nivo-slider/demo/images/banner-caballos.png HTTP/1.1" 304 -
181.48.9.60 - - [25/Jan/2015:11:02:32 -0500] "GET /galeria/nivo-slider/demo/images/4Simple_Slider.png HTTP/1.1" 304 -
181.48.9.60 - - [25/Jan/2015:11:02:32 -0500] "GET /galeria/nivo-slider/themes/default/loading.gif HTTP/1.1" 304 -
181.48.9.60 - - [25/Jan/2015:11:02:32 -0500] "GET /videos/Spot_CambioClimatico.flv HTTP/1.1" 304 -
190.29.91.49 - - [25/Jan/2015:11:02:33 -0500] "GET /galeria/carrusel/Carrusel/jquery.thumbnailScroller.css HTTP/1.1" 200 2066
190.29.91.49 - - [25/Jan/2015:11:02:33 -0500] "GET /galeria/carrusel/Carrusel/jquery-ui-1.8.13.custom.min.js HTTP/1.1" 200 10800
190.29.91.49 - - [25/Jan/2015:11:02:33 -0500] "GET /galeria/carrusel/Carrusel/jquery.thumbnailScroller.js HTTP/1.1" 200 8157
190.29.91.49 - - [25/Jan/2015:11:02:34 -0500] "GET /galeria/nivo-slider/demo/demo.html HTTP/1.1" 200 3150
190.29.91.49 - - [25/Jan/2015:11:02:34 -0500] "GET /galeria/nivo-slider/themes/default/default.css HTTP/1.1" 200 1569
190.29.91.49 - - [25/Jan/2015:11:02:34 -0500] "GET /galeria/nivo-slider/themes/orman/orman.css HTTP/1.1" 200 2152
190.29.91.49 - - [25/Jan/2015:11:02:34 -0500] "GET /galeria/nivo-slider/themes/pascal/pascal.css HTTP/1.1" 200 2258
190.29.91.49 - - [25/Jan/2015:11:02:34 -0500] "GET /galeria/nivo-slider/nivo-slider.css HTTP/1.1" 200 1507
190.29.91.49 - - [25/Jan/2015:11:02:34 -0500] "GET /galeria/nivo-slider/demo/style.css HTTP/1.1" 200 2222
190.29.91.49 - - [25/Jan/2015:11:02:34 -0500] "GET /galeria/nivo-slider/demo/images/Ruta-vertimientos-01.jpg HTTP/1.1" 200 130151
190.29.91.49 - - [25/Jan/2015:11:02:34 -0500] "GET /galeria/nivo-slider/demo/images/bolsas-06.jpg HTTP/1.1" 200 90982
190.29.91.49 - - [25/Jan/2015:11:02:34 -0500] "GET /galeria/nivo-slider/demo/images/porloshumedales.jpg HTTP/1.1" 200 351238
190.29.91.49 - - [25/Jan/2015:11:02:34 -0500] "GET /galeria/nivo-slider/demo/images/ecolecta-Dic2014.png HTTP/1.1" 200 288593
190.29.91.49 - - [25/Jan/2015:11:02:35 -0500] "GET /galeria/nivo-slider/demo/images/bolsas-08.jpg HTTP/1.1" 200 85589
190.29.91.49 - - [25/Jan/2015:11:02:35 -0500] "GET /galeria/nivo-slider/demo/scripts/jquery-1.7.1.min.js HTTP/1.1" 200 93868
181.48.9.60 - - [25/Jan/2015:11:02:35 -0500] "GET /galeria/nivo-slider/themes/default/arrows.png HTTP/1.1" 304 -
181.48.9.60 - - [25/Jan/2015:11:02:35 -0500] "GET /galeria/nivo-slider/themes/default/bullets.png HTTP/1.1" 304 -
190.29.91.49 - - [25/Jan/2015:11:02:35 -0500] "GET /galeria/nivo-slider/jquery.nivo.slider.pack.js HTTP/1.1" 200 11561
190.29.91.49 - - [25/Jan/2015:11:02:35 -0500] "GET /galeria/nivo-slider/demo/images/Banner-Caracol-Africano.jpg HTTP/1.1" 200 331986
190.29.91.49 - - [25/Jan/2015:11:02:37 -0500] "GET /galeria/nivo-slider/demo/images/banner-redes.jpg HTTP/1.1" 200 62209
190.29.91.49 - - [25/Jan/2015:11:02:37 -0500] "GET /galeria/nivo-slider/demo/images/9Signos.jpg HTTP/1.1" 200 93040
190.29.91.49 - - [25/Jan/2015:11:02:37 -0500] "GET /galeria/nivo-slider/demo/images/Tingua-azul.jpg HTTP/1.1" 200 307638
190.29.91.49 - - [25/Jan/2015:11:02:37 -0500] "GET /galeria/nivo-slider/demo/images/banner-llantas2.jpg HTTP/1.1" 200 73153
190.29.91.49 - - [25/Jan/2015:11:02:37 -0500] "GET /galeria/nivo-slider/demo/images/banner-caballos.png HTTP/1.1" 200 389106
190.29.91.49 - - [25/Jan/2015:11:02:38 -0500] "GET /galeria/nivo-slider/demo/images/4Simple_Slider.png HTTP/1.1" 200 11722
190.29.91.49 - - [25/Jan/2015:11:02:38 -0500] "GET /galeria/nivo-slider/themes/default/loading.gif HTTP/1.1" 200 1737
186.82.82.112 - - [25/Jan/2015:11:02:39 -0500] "POST /forms/lservlet;jsessionid=ac16012b30d5612769510e59427a8c888dd1c7f40de7.e3iSbxaKaheRe38RbNmLa3mSc41ynknvrkLOlQzNp65In0 HTTP/1.1" 200 2
190.29.91.49 - - [25/Jan/2015:11:02:40 -0500] "GET /videos/Spot_CambioClimatico.flv HTTP/1.1" 200 4371917
190.29.91.49 - - [25/Jan/2015:11:02:44 -0500] "GET /galeria/nivo-slider/themes/default/bullets.png HTTP/1.1" 200 1281
190.29.91.49 - - [25/Jan/2015:11:02:44 -0500] "GET /galeria/nivo-slider/themes/default/arrows.png HTTP/1.1" 200 824
213.246.49.13 - - [25/Jan/2015:11:02:53 -0500] "GET /webdav/x32.php?act=phptools&ip=46.253.54.210&time=30&port=80 HTTP/1.1" 404 1018
186.82.82.112 - - [25/Jan/2015:11:02:56 -0500] "POST /forms/lservlet;jsessionid=ac16012b30d5612769510e59427a8c888dd1c7f40de7.e3iSbxaKaheRe38RbNmLa3mSc41ynknvrkLOlQzNp65In0 HTTP/1.1" 200 10
186.82.82.112 - - [25/Jan/2015:11:02:56 -0500] "POST /forms/lservlet;jsessionid=ac16012b30d5612769510e59427a8c888dd1c7f40de7.e3iSbxaKaheRe38RbNmLa3mSc41ynknvrkLOlQzNp65In0 HTTP/1.1" 200 239
186.82.82.112 - - [25/Jan/2015:11:02:56 -0500] "POST /forms/lservlet;jsessionid=ac16012b30d5612769510e59427a8c888dd1c7f40de7.e3iSbxaKaheRe38RbNmLa3mSc41ynknvrkLOlQzNp65In0 HTTP/1.1" 200 67
186.82.82.112 - - [25/Jan/2015:11:02:56 -0500] "POST /forms/lservlet;jsessionid=ac16012b30d5612769510e59427a8c888dd1c7f40de7.e3iSbxaKaheRe38RbNmLa3mSc41ynknvrkLOlQzNp65In0 HTTP/1.1" 200 19
186.82.82.112 - - [25/Jan/2015:11:02:57 -0500] "POST /forms/lservlet;jsessionid=ac16012b30d5612769510e59427a8c888dd1c7f40de7.e3iSbxaKaheRe38RbNmLa3mSc41ynknvrkLOlQzNp65In0 HTTP/1.1" 200 2
66.249.67.67 - - [25/Jan/2015:11:03:01 -0500] "GET /BLA/resoluciones/AUTOS%202008/0924.pdf HTTP/1.1" 200 381949
186.82.25.113 - - [25/Jan/2015:11:03:08 -0500] "GET /galeria/nivo-slider/themes/default/arrows.png HTTP/1.1" 200 824
186.82.25.113 - - [25/Jan/2015:11:03:09 -0500] "GET /galeria/nivo-slider/themes/default/bullets.png HTTP/1.1" 200 1281
74.86.158.107 - - [25/Jan/2015:11:03:14 -0500] "HEAD / HTTP/1.1" 302 -
66.249.67.75 - - [25/Jan/2015:11:03:18 -0500] "GET /BLA/resoluciones/AUTOS%202007/0064.pdf HTTP/1.1" 200 106997
178.162.193.34 - - [25/Jan/2015:11:03:57 -0500] "GET /BLA/resoluciones/RESOLUCIONES%202009/1308.pdf HTTP/1.0" 200 510877
66.249.67.67 - - [25/Jan/2015:11:03:59 -0500] "GET /BLA/resoluciones/RESOLUCIONES%202010/0615.pdf HTTP/1.1" 200 490025
178.162.193.34 - - [25/Jan/2015:11:04:13 -0500] "GET /BLA/resoluciones/RESOLUCIONES%202010/1974.pdf HTTP/1.0" 200 476525
188.165.15.41 - - [25/Jan/2015:11:04:24 -0500] "GET /BLA/resoluciones/RESOLUCIONES%202005/RES%202005%202401-2450/00002423.tif HTTP/1.1" 200 121556
186.82.82.112 - - [25/Jan/2015:11:04:39 -0500] "POST /forms/lservlet;jsessionid=ac16012b30d5612769510e59427a8c888dd1c7f40de7.e3iSbxaKaheRe38RbNmLa3mSc41ynknvrkLOlQzNp65In0 HTTP/1.1" 200 2
66.249.67.67 - - [25/Jan/2015:11:04:39 -0500] "GET /BLA/resoluciones/AUTOS%202007/0739.pdf HTTP/1.1" 200 22211
186.154.170.95 - - [25/Jan/2015:11:04:41 -0500] "GET /BLA/boletinlegal/js/jquery.js HTTP/1.1" 200 57254
186.154.170.95 - - [25/Jan/2015:11:04:41 -0500] "GET /BLA/boletinlegal/js/jquery.scrollTo-min.js HTTP/1.1" 200 1150
186.154.170.95 - - [25/Jan/2015:11:04:41 -0500] "GET /BLA/boletinlegal/js/jquery.scrollShow.js HTTP/1.1" 200 4586
66.249.67.67 - - [25/Jan/2015:11:04:56 -0500] "GET /BLA/resoluciones/RESOLUCIONES%202007/RES%202007%204001%20AL%204100/RESOLUCION%204018%20DE%202007.pdf HTTP/1.1" 304 -
181.131.25.131 - - [25/Jan/2015:11:05:02 -0500] "GET /BLA/boletinlegal/js/jquery.js HTTP/1.1" 200 57254
181.131.25.131 - - [25/Jan/2015:11:05:02 -0500] "GET /BLA/boletinlegal/js/jquery.scrollTo-min.js HTTP/1.1" 200 1150
181.131.25.131 - - [25/Jan/2015:11:05:02 -0500] "GET /BLA/boletinlegal/js/jquery.scrollShow.js HTTP/1.1" 200 4586
181.48.9.61 - - [25/Jan/2015:11:05:31 -0500] "GET /BLA/boletinlegal/js/jquery.scrollTo-min.js HTTP/1.1" 304 -
181.48.9.61 - - [25/Jan/2015:11:05:31 -0500] "GET /BLA/boletinlegal/js/jquery.js HTTP/1.1" 304 -
181.48.9.61 - - [25/Jan/2015:11:05:31 -0500] "GET /BLA/boletinlegal/js/jquery.scrollShow.js HTTP/1.1" 304 -
66.249.67.83 - - [25/Jan/2015:11:05:54 -0500] "GET /BLA/resoluciones/AUTOS%202011/6811.pdf HTTP/1.1" 200 165874
66.249.67.67 - - [25/Jan/2015:11:06:00 -0500] "GET /BLA/resoluciones/AUTOS%202008/2858.pdf HTTP/1.1" 200 188752
186.155.125.127 - - [25/Jan/2015:11:06:08 -0500] "GET /forest/session.jsp?a=0.398688463261351 HTTP/1.1" 200 4
161.10.109.149 - - [25/Jan/2015:11:06:14 -0500] "GET /galeria/carrusel/Carrusel/jquery.thumbnailScroller.css HTTP/1.1" 200 2066
161.10.109.149 - - [25/Jan/2015:11:06:14 -0500] "GET /galeria/carrusel/Carrusel/jquery-ui-1.8.13.custom.min.js HTTP/1.1" 200 10800
161.10.109.149 - - [25/Jan/2015:11:06:14 -0500] "GET /galeria/carrusel/Carrusel/jquery.thumbnailScroller.js HTTP/1.1" 200 8157
161.10.109.149 - - [25/Jan/2015:11:06:15 -0500] "GET /galeria/nivo-slider/demo/demo.html HTTP/1.1" 200 3150
161.10.109.149 - - [25/Jan/2015:11:06:15 -0500] "GET /galeria/nivo-slider/themes/pascal/pascal.css HTTP/1.1" 200 2258
161.10.109.149 - - [25/Jan/2015:11:06:15 -0500] "GET /galeria/nivo-slider/themes/default/default.css HTTP/1.1" 200 1569
161.10.109.149 - - [25/Jan/2015:11:06:15 -0500] "GET /galeria/nivo-slider/themes/orman/orman.css HTTP/1.1" 200 2152
161.10.109.149 - - [25/Jan/2015:11:06:15 -0500] "GET /galeria/nivo-slider/nivo-slider.css HTTP/1.1" 200 1507
161.10.109.149 - - [25/Jan/2015:11:06:15 -0500] "GET /galeria/nivo-slider/demo/style.css HTTP/1.1" 200 2222
161.10.109.149 - - [25/Jan/2015:11:06:15 -0500] "GET /galeria/nivo-slider/demo/scripts/jquery-1.7.1.min.js HTTP/1.1" 200 93868
161.10.109.149 - - [25/Jan/2015:11:06:15 -0500] "GET /galeria/nivo-slider/jquery.nivo.slider.pack.js HTTP/1.1" 200 11561
161.10.109.149 - - [25/Jan/2015:11:06:15 -0500] "GET /galeria/nivo-slider/demo/images/bolsas-08.jpg HTTP/1.1" 200 85589
161.10.109.149 - - [25/Jan/2015:11:06:15 -0500] "GET /galeria/nivo-slider/demo/images/Ruta-vertimientos-01.jpg HTTP/1.1" 200 130151
161.10.109.149 - - [25/Jan/2015:11:06:16 -0500] "GET /galeria/nivo-slider/demo/images/bolsas-06.jpg HTTP/1.1" 200 90982
161.10.109.149 - - [25/Jan/2015:11:06:17 -0500] "GET /galeria/nivo-slider/demo/images/4Simple_Slider.png HTTP/1.1" 200 11722
161.10.109.149 - - [25/Jan/2015:11:06:17 -0500] "GET /galeria/nivo-slider/themes/default/loading.gif HTTP/1.1" 200 1737
161.10.109.149 - - [25/Jan/2015:11:06:17 -0500] "GET /galeria/nivo-slider/demo/images/ecolecta-Dic2014.png HTTP/1.1" 200 288593
161.10.109.149 - - [25/Jan/2015:11:06:17 -0500] "GET /galeria/nivo-slider/demo/images/porloshumedales.jpg HTTP/1.1" 200 351238
161.10.109.149 - - [25/Jan/2015:11:06:18 -0500] "GET /galeria/nivo-slider/demo/images/Tingua-azul.jpg HTTP/1.1" 200 307638
161.10.109.149 - - [25/Jan/2015:11:06:18 -0500] "GET /galeria/nivo-slider/demo/images/Banner-Caracol-Africano.jpg HTTP/1.1" 200 331986
161.10.109.149 - - [25/Jan/2015:11:06:20 -0500] "GET /galeria/nivo-slider/demo/images/banner-redes.jpg HTTP/1.1" 200 62209
161.10.109.149 - - [25/Jan/2015:11:06:22 -0500] "GET /galeria/nivo-slider/demo/images/banner-llantas2.jpg HTTP/1.1" 200 73153
161.10.109.149 - - [25/Jan/2015:11:06:23 -0500] "GET /galeria/nivo-slider/demo/images/9Signos.jpg HTTP/1.1" 200 93040
161.10.109.149 - - [25/Jan/2015:11:06:24 -0500] "GET /galeria/nivo-slider/demo/images/banner-caballos.png HTTP/1.1" 200 389106
161.10.109.149 - - [25/Jan/2015:11:06:28 -0500] "GET /videos/Spot_CambioClimatico.flv HTTP/1.1" 200 4371917
186.82.82.112 - - [25/Jan/2015:11:06:39 -0500] "POST /forms/lservlet;jsessionid=ac16012b30d5612769510e59427a8c888dd1c7f40de7.e3iSbxaKaheRe38RbNmLa3mSc41ynknvrkLOlQzNp65In0 HTTP/1.1" 200 2
66.249.67.67 - - [25/Jan/2015:11:06:51 -0500] "GET /BLA/resoluciones/RESOLUCIONES%202007/RES%202007%203801%20AL%203900/RESOLUCION%203865%20DE%202007.pdf HTTP/1.1" 200 881369
191.102.72.232 - - [25/Jan/2015:11:06:55 -0500] "GET /BLA/boletinlegal/js/jquery.js HTTP/1.1" 200 57254
191.102.72.232 - - [25/Jan/2015:11:06:55 -0500] "GET /BLA/boletinlegal/js/jquery.scrollShow.js HTTP/1.1" 200 4586
191.102.72.232 - - [25/Jan/2015:11:06:56 -0500] "GET /BLA/boletinlegal/js/jquery.scrollTo-min.js HTTP/1.1" 200 1150
181.130.4.200 - - [25/Jan/2015:11:07:07 -0500] "GET /videos/galeria-fotografica/index19.html? HTTP/1.1" 200 1972
181.130.4.200 - - [25/Jan/2015:11:07:07 -0500] "GET /videos/galeria-fotografica/js/jquery-flickr-gallery/jquery-flickr.css HTTP/1.1" 200 711
181.130.4.200 - - [25/Jan/2015:11:07:07 -0500] "GET /videos/galeria-fotografica/js/jquery-flickr-gallery/jquery-flickr-gallery.js HTTP/1.1" 200 9050
181.130.4.200 - - [25/Jan/2015:11:07:07 -0500] "GET /videos/galeria-fotografica/js/jquery-flickr-gallery/loader.gif HTTP/1.1" 200 2129
178.162.193.34 - - [25/Jan/2015:11:07:07 -0500] "GET /BLA/resoluciones/RESOLUCIONES%202010/5827.pdf HTTP/1.0" 200 2163164
186.155.125.127 - - [25/Jan/2015:11:01:08 -0500] "GET /ForestMSG_SDA/channelAsync/template_word_17354954?X-Atmosphere-tracking-id=ff80fba8-587a-a5a8-3687-85953306b554&X-Atmosphere-Framework=1.0.5&X-Atmosphere-Transport=long-polling&tabid=0.7193142850883305&X-Cache-Date=0&Content-Type=application/xml&_=1422201859206 HTTP/1.1" 200 8193
208.123.223.87 - - [25/Jan/2015:11:07:14 -0500] "GET /webdav/x32.php HTTP/1.1" 404 1018
