66.249.67.75 - - [25/Jan/2015:03:36:29 -0500] "GET /BLA/resoluciones/Autos%202008/2242.pdf HTTP/1.1" 200 151720
188.165.15.177 - - [25/Jan/2015:03:36:57 -0500] "GET /BLA/resoluciones/RESOLUCIONES%202005/RES%202005%202451-2500/00002493.tif HTTP/1.1" 200 193592
66.249.67.83 - - [25/Jan/2015:03:37:09 -0500] "GET /BLA/resoluciones/RESOLUCIONES%202008/1041.pdf HTTP/1.1" 200 250516
50.63.197.17 - - [25/Jan/2015:03:37:11 -0500] "GET /old/wp-admin/ HTTP/1.1" 404 1018
74.86.158.107 - - [25/Jan/2015:03:38:44 -0500] "HEAD / HTTP/1.1" 302 -
66.249.67.83 - - [25/Jan/2015:03:39:22 -0500] "GET /BLA/resoluciones/RESOLUCIONES%202010/0164.pdf HTTP/1.1" 200 439591
66.249.67.83 - - [25/Jan/2015:03:40:08 -0500] "GET /BLA/resoluciones/RESOLUCIONES%202007/RES%202007%204101%20AL%204200/RESOLUCION%204102%20DE%202007.pdf HTTP/1.1" 200 13222310
66.249.67.83 - - [25/Jan/2015:03:40:48 -0500] "GET /BLA/resoluciones/RESOLUCIONES%202003/RES%202003%20551-600/585.tif HTTP/1.1" 200 70884
66.249.67.75 - - [25/Jan/2015:03:41:09 -0500] "GET /BLA/resoluciones/Autos%202008/0087.pdf HTTP/1.1" 200 146092
188.165.15.59 - - [25/Jan/2015:03:41:19 -0500] "GET /BLA/resoluciones/RESOLUCIONES%202003/RES%202003%201101-1150/1123.tif HTTP/1.1" 200 1513776
188.165.15.208 - - [25/Jan/2015:03:41:21 -0500] "GET /BLA/resoluciones/index.php?dir=RESOLUCIONES%202006/RES%202006%20101-150/&sort=date&order=desc HTTP/1.1" 200 12240
188.165.15.59 - - [25/Jan/2015:03:41:53 -0500] "GET /BLA/resoluciones/RESOLUCIONES%202004/RES%202004%201851-1900/00001869.tif HTTP/1.1" 200 155026
66.249.67.67 - - [25/Jan/2015:03:41:59 -0500] "GET /BLA/resoluciones/RESOLUCIONES%202003/RES%202003%202001-2051/20032020.tif HTTP/1.1" 200 93588
66.249.67.83 - - [25/Jan/2015:03:42:01 -0500] "GET /BLA/resoluciones/RESOLUCIONES%202003/RES%202003%20901-950/949.tif HTTP/1.1" 200 181980
180.76.6.65 - - [25/Jan/2015:03:42:17 -0500] "GET /BLA/resoluciones/AUTOS%202013/0113.pdf HTTP/1.1" 200 1160383
66.249.67.75 - - [25/Jan/2015:03:42:52 -0500] "GET /BLA/resoluciones/RESOLUCIONES%202009/9208.pdf HTTP/1.1" 200 533467
180.76.5.171 - - [25/Jan/2015:03:42:52 -0500] "GET /BLA/boletinlegal;jsessionid=CAC44CDD516614F772A2670868499EE3?/? HTTP/1.1" 404 1018
66.249.67.67 - - [25/Jan/2015:03:42:59 -0500] "GET /BLA/resoluciones/Autos%202008/3453.pdf HTTP/1.1" 200 171474
74.86.158.107 - - [25/Jan/2015:03:43:44 -0500] "HEAD / HTTP/1.1" 302 -
180.76.5.78 - - [25/Jan/2015:03:44:23 -0500] "GET /BLA/resoluciones/RESOLUCIONES%202010/5869.pdf HTTP/1.1" 200 116734
66.249.67.83 - - [25/Jan/2015:03:44:34 -0500] "GET /BLA/resoluciones/AUTOS%202011/2509.pdf HTTP/1.1" 200 76527
66.249.67.67 - - [25/Jan/2015:03:45:01 -0500] "GET /BLA/resoluciones/RESOLUCIONES%202007/RES%202007%204201%20AL%204300/RESOLUCION%204209%20DE%202007.pdf HTTP/1.1" 200 113871
123.125.71.46 - - [25/Jan/2015:03:45:55 -0500] "GET / HTTP/1.1" 302 -
66.249.67.67 - - [25/Jan/2015:03:46:22 -0500] "GET /BLA/resoluciones/RESOLUCIONES%202010/1482.pdf HTTP/1.1" 200 336084
180.76.5.197 - - [25/Jan/2015:03:46:22 -0500] "GET /robots.txt HTTP/1.1" 404 1019
188.165.15.105 - - [25/Jan/2015:03:46:31 -0500] "GET /BLA/resoluciones/index.php?dir=RESOLUCIONES%202005/RES%202005%202751-2800/&sort=date&order=asc HTTP/1.1" 200 12345
66.249.67.83 - - [25/Jan/2015:03:46:39 -0500] "GET /BLA/resoluciones/AUTOS%202011/0837.pdf HTTP/1.1" 200 46720
220.181.108.101 - - [25/Jan/2015:03:47:27 -0500] "GET / HTTP/1.1" 302 -
180.76.6.144 - - [25/Jan/2015:03:47:44 -0500] "GET /pga/maps1.htm HTTP/1.1" 404 1019
66.249.67.67 - - [25/Jan/2015:03:47:53 -0500] "GET /BLA/resoluciones/RESOLUCIONES%202004/RES%202004%201151-1200/00001181.tif HTTP/1.1" 200 197442
74.86.158.107 - - [25/Jan/2015:03:48:44 -0500] "HEAD / HTTP/1.1" 302 -
66.249.67.67 - - [25/Jan/2015:03:49:51 -0500] "GET /BLA/resoluciones/RESOLUCIONES%202013/0160.pdf HTTP/1.1" 304 -
66.249.67.83 - - [25/Jan/2015:03:50:42 -0500] "GET /BLA/boletinlegal/Directivas/2011/Directiva%20No.%2010%20del%2028%20de%20Septiembre%20de%202011.pdf HTTP/1.1" 200 465887
66.249.67.67 - - [25/Jan/2015:03:50:51 -0500] "GET /BLA/resoluciones/RESOLUCIONES%202007/RES%202007%202901%20AL%203000/RESOLUCION%202931%20DE%202007.pdf HTTP/1.1" 200 399486
74.86.158.107 - - [25/Jan/2015:03:53:44 -0500] "HEAD / HTTP/1.1" 302 -
92.48.105.158 - - [25/Jan/2015:03:54:00 -0500] "GET /wp-admin/ HTTP/1.1" 404 1018
66.249.67.83 - - [25/Jan/2015:03:54:09 -0500] "GET /BLA/resoluciones/RESOLUCIONES%202004/RES%202004%201151-1200/00001172.tif HTTP/1.1" 200 183676
180.76.4.10 - - [25/Jan/2015:03:54:21 -0500] "GET / HTTP/1.1" 302 -
66.249.67.67 - - [25/Jan/2015:03:54:38 -0500] "GET /BLA/resoluciones/RESOLUCIONES%202007/RES%202007%203601%20AL%203700/RESOLUCION%203677%20DE%202007.pdf HTTP/1.1" 304 -
66.249.67.83 - - [25/Jan/2015:03:54:56 -0500] "GET /BLA/resoluciones/RESOLUCIONES%202010/0123.pdf HTTP/1.1" 200 390492
66.249.67.67 - - [25/Jan/2015:03:55:14 -0500] "GET /BLA/resoluciones/RESOLUCIONES%202010/4010.pdf HTTP/1.1" 304 -
66.249.67.67 - - [25/Jan/2015:03:55:32 -0500] "GET /BLA/resoluciones/AUTOS%202008/0751.pdf HTTP/1.1" 200 132094
180.76.6.141 - - [25/Jan/2015:03:55:34 -0500] "GET /BLA/resoluciones/AUTOS%202009/1349.pdf HTTP/1.1" 200 111917
66.249.67.83 - - [25/Jan/2015:03:55:49 -0500] "GET /BLA/resoluciones/RESOLUCIONES%202012/0417.pdf HTTP/1.1" 200 544681
66.249.67.67 - - [25/Jan/2015:03:56:25 -0500] "GET /BLA/resoluciones/AUTOS%202009/0495.pdf HTTP/1.1" 200 97204
66.249.67.75 - - [25/Jan/2015:03:57:01 -0500] "GET /BLA/resoluciones/AUTOS%202007/2052.pdf HTTP/1.1" 200 194720
188.165.15.208 - - [25/Jan/2015:03:57:30 -0500] "GET /BLA/resoluciones/RESOLUCIONES%202006/RES%202006%2051-100/00000070.tif HTTP/1.1" 200 436056
180.76.5.176 - - [25/Jan/2015:03:57:37 -0500] "GET /BLA/resoluciones/RESOLUCIONES%202012/0880.pdf HTTP/1.1" 200 429577
66.249.67.83 - - [25/Jan/2015:03:57:37 -0500] "GET /BLA/resoluciones/AUTOS%202010/1063.pdf HTTP/1.1" 200 178357
66.249.67.75 - - [25/Jan/2015:03:58:13 -0500] "GET /BLA/resoluciones/AUTOS%202007/0333.pdf HTTP/1.1" 200 158955
74.86.158.107 - - [25/Jan/2015:03:58:44 -0500] "HEAD / HTTP/1.1" 302 -
66.249.67.75 - - [25/Jan/2015:03:58:49 -0500] "GET /BLA/resoluciones/RESOLUCIONES%202008/4225.pdf HTTP/1.1" 200 651163
66.249.67.83 - - [25/Jan/2015:03:59:25 -0500] "GET /BLA/resoluciones/AUTOS%202013/2693.pdf HTTP/1.1" 304 -
66.249.67.83 - - [25/Jan/2015:04:00:18 -0500] "GET /BLA/resoluciones/RESOLUCIONES%202010/1425.pdf HTTP/1.1" 304 -
66.249.67.75 - - [25/Jan/2015:04:00:28 -0500] "GET /BLA/resoluciones/RESOLUCIONES%202003/RES%202003%202001-2051/20032050.tif HTTP/1.1" 200 80634
66.249.67.75 - - [25/Jan/2015:04:00:36 -0500] "GET /BLA/resoluciones/RESOLUCIONES%202011/2394.pdf HTTP/1.1" 304 -
66.249.67.67 - - [25/Jan/2015:04:01:12 -0500] "GET /BLA/resoluciones/AUTOS%202009/1102.pdf HTTP/1.1" 304 -
100.43.85.25 - - [25/Jan/2015:04:02:14 -0500] "GET /videos/galeria-cronicas/skin/pink.flag/jplayer.pink.flag.seeking.gif HTTP/1.1" 200 3284
66.249.67.67 - - [25/Jan/2015:04:02:28 -0500] "GET /BLA/resoluciones/RESOLUCIONES%202003/RES%202003%20901-950/911.tif HTTP/1.1" 200 147108
66.249.67.75 - - [25/Jan/2015:04:02:29 -0500] "GET /BLA/resoluciones/RESOLUCIONES%202007/RES%202007%203601%20AL%203700/RESOLUCION%203677%20DE%202007.pdf HTTP/1.1" 304 -
66.249.67.67 - - [25/Jan/2015:04:02:29 -0500] "GET /BLA/resoluciones/RESOLUCIONES%202009/8010.pdf HTTP/1.1" 200 778729
66.249.67.67 - - [25/Jan/2015:04:02:31 -0500] "GET /BLA/resoluciones/RESOLUCIONES%202014/0649.pdf HTTP/1.1" 304 -
92.48.105.158 - - [25/Jan/2015:04:02:49 -0500] "GET /test/wp-admin/ HTTP/1.1" 404 1018
66.249.67.75 - - [25/Jan/2015:04:03:00 -0500] "GET /BLA/resoluciones/RESOLUCIONES%202013/1002.pdf HTTP/1.1" 304 -
66.249.67.83 - - [25/Jan/2015:04:03:36 -0500] "GET /BLA/resoluciones/RESOLUCIONES%202010/0417.pdf HTTP/1.1" 304 -
74.86.158.107 - - [25/Jan/2015:04:03:44 -0500] "HEAD / HTTP/1.1" 302 -
66.249.67.83 - - [25/Jan/2015:04:04:12 -0500] "GET /BLA/resoluciones/index.php?dir=RESOLUCIONES%202003/RES%202003%202001-2051/&sort=date&order=asc HTTP/1.1" 200 12159
188.165.15.41 - - [25/Jan/2015:04:05:18 -0500] "GET /BLA/resoluciones/index.php?dir=RESOLUCIONES%202005/RES%202005%20251-300/&sort=name&order=asc HTTP/1.1" 200 12254
66.249.67.67 - - [25/Jan/2015:04:06:52 -0500] "GET /BLA/resoluciones/RESOLUCIONES%202003/RES%202003%202001-2051/20032033.tif HTTP/1.1" 200 210752
74.86.158.107 - - [25/Jan/2015:04:08:44 -0500] "HEAD / HTTP/1.1" 302 -
66.249.67.67 - - [25/Jan/2015:04:09:04 -0500] "GET /BLA/resoluciones/index.php?dir=RESOLUCIONES%202003/RES%202003%202001-2051/&sort=name&order=desc HTTP/1.1" 200 12158
188.165.15.41 - - [25/Jan/2015:04:09:10 -0500] "GET /BLA/resoluciones/RESOLUCIONES%202004/RES%202004%20451-500/00000497.tif HTTP/1.1" 200 164584
66.249.67.83 - - [25/Jan/2015:04:09:36 -0500] "GET /BLA/resoluciones/RESOLUCIONES%202003/RES%202003%20501-550/548.tif HTTP/1.1" 200 128420
180.76.5.26 - - [25/Jan/2015:04:10:25 -0500] "GET /BLA/resoluciones/AUTOS%202012/1473.pdf HTTP/1.1" 200 251613
188.165.15.61 - - [25/Jan/2015:04:10:44 -0500] "GET /BLA/resoluciones/RESOLUCIONES%202004/RES%202004%201401-1450/00001405.tif HTTP/1.1" 200 303780
188.165.15.177 - - [25/Jan/2015:04:11:18 -0500] "GET /BLA/resoluciones/RESOLUCIONES%202002/RES%202002%20551-600/00000577.tif HTTP/1.1" 200 94084
188.165.15.177 - - [25/Jan/2015:04:11:40 -0500] "GET /BLA/resoluciones/RESOLUCIONES%202005/RES%202005%20501-550/00000524.tif HTTP/1.1" 200 47458
92.48.105.158 - - [25/Jan/2015:04:11:51 -0500] "GET /wordpress/wp-admin/ HTTP/1.1" 404 1018
66.249.67.75 - - [25/Jan/2015:04:13:01 -0500] "GET /BLA/resoluciones/RESOLUCIONES%202004/RES%202004%201151-1200/00001176.tif HTTP/1.1" 200 201506
74.86.158.107 - - [25/Jan/2015:04:13:44 -0500] "HEAD / HTTP/1.1" 302 -
66.249.67.83 - - [25/Jan/2015:04:13:57 -0500] "GET /BLA/resoluciones/AUTOS%202011/3292.pdf HTTP/1.1" 200 244251
201.170.111.65 - - [25/Jan/2015:04:14:37 -0500] "GET /BLA/boletinlegal/js/jquery.js HTTP/1.1" 200 57254
201.170.111.65 - - [25/Jan/2015:04:14:37 -0500] "GET /galeria/carrusel/Carrusel/jquery.thumbnailScroller.css HTTP/1.1" 200 2066
201.170.111.65 - - [25/Jan/2015:04:14:37 -0500] "GET /BLA/boletinlegal/js/jquery.scrollTo-min.js HTTP/1.1" 200 1150
201.170.111.65 - - [25/Jan/2015:04:14:37 -0500] "GET /BLA/boletinlegal/js/jquery.scrollShow.js HTTP/1.1" 200 4586
201.170.111.65 - - [25/Jan/2015:04:14:37 -0500] "GET /galeria/carrusel/Carrusel/jquery-ui-1.8.13.custom.min.js HTTP/1.1" 200 10800
201.170.111.65 - - [25/Jan/2015:04:14:37 -0500] "GET /galeria/carrusel/Carrusel/jquery.thumbnailScroller.js HTTP/1.1" 200 8157
201.170.111.65 - - [25/Jan/2015:04:14:41 -0500] "GET /galeria/nivo-slider/demo/demo.html HTTP/1.1" 200 3150
201.170.111.65 - - [25/Jan/2015:04:14:42 -0500] "GET /galeria/nivo-slider/themes/default/default.css HTTP/1.1" 200 1569
201.170.111.65 - - [25/Jan/2015:04:14:42 -0500] "GET /galeria/nivo-slider/themes/pascal/pascal.css HTTP/1.1" 200 2258
201.170.111.65 - - [25/Jan/2015:04:14:42 -0500] "GET /galeria/nivo-slider/themes/orman/orman.css HTTP/1.1" 200 2152
201.170.111.65 - - [25/Jan/2015:04:14:42 -0500] "GET /galeria/nivo-slider/demo/scripts/jquery-1.7.1.min.js HTTP/1.1" 200 93868
201.170.111.65 - - [25/Jan/2015:04:14:42 -0500] "GET /galeria/nivo-slider/nivo-slider.css HTTP/1.1" 200 1507
201.170.111.65 - - [25/Jan/2015:04:14:42 -0500] "GET /galeria/nivo-slider/demo/style.css HTTP/1.1" 200 2222
201.170.111.65 - - [25/Jan/2015:04:14:42 -0500] "GET /galeria/nivo-slider/jquery.nivo.slider.pack.js HTTP/1.1" 200 11561
201.170.111.65 - - [25/Jan/2015:04:14:42 -0500] "GET /galeria/nivo-slider/demo/images/4Simple_Slider.png HTTP/1.1" 200 11722
201.170.111.65 - - [25/Jan/2015:04:14:42 -0500] "GET /galeria/nivo-slider/themes/default/loading.gif HTTP/1.1" 200 1737
201.170.111.65 - - [25/Jan/2015:04:14:43 -0500] "GET /galeria/nivo-slider/demo/images/bolsas-08.jpg HTTP/1.1" 200 85589
201.170.111.65 - - [25/Jan/2015:04:14:43 -0500] "GET /galeria/nivo-slider/demo/images/Ruta-vertimientos-01.jpg HTTP/1.1" 200 130151
201.170.111.65 - - [25/Jan/2015:04:14:43 -0500] "GET /galeria/nivo-slider/demo/images/bolsas-06.jpg HTTP/1.1" 200 90982
201.170.111.65 - - [25/Jan/2015:04:14:43 -0500] "GET /galeria/nivo-slider/demo/images/ecolecta-Dic2014.png HTTP/1.1" 200 288593
201.170.111.65 - - [25/Jan/2015:04:14:45 -0500] "GET /galeria/nivo-slider/demo/images/porloshumedales.jpg HTTP/1.1" 200 351238
201.170.111.65 - - [25/Jan/2015:04:14:45 -0500] "GET /galeria/nivo-slider/demo/images/Tingua-azul.jpg HTTP/1.1" 200 307638
201.170.111.65 - - [25/Jan/2015:04:14:46 -0500] "GET /galeria/nivo-slider/demo/images/Banner-Caracol-Africano.jpg HTTP/1.1" 200 331986
201.170.111.65 - - [25/Jan/2015:04:14:48 -0500] "GET /galeria/nivo-slider/demo/images/banner-redes.jpg HTTP/1.1" 200 62209
201.170.111.65 - - [25/Jan/2015:04:14:49 -0500] "GET /galeria/nivo-slider/demo/images/9Signos.jpg HTTP/1.1" 200 93040
201.170.111.65 - - [25/Jan/2015:04:14:49 -0500] "GET /galeria/nivo-slider/demo/images/banner-llantas2.jpg HTTP/1.1" 200 73153
201.170.111.65 - - [25/Jan/2015:04:14:52 -0500] "GET /galeria/nivo-slider/demo/images/banner-caballos.png HTTP/1.1" 200 389106
201.170.111.65 - - [25/Jan/2015:04:14:53 -0500] "GET /videos/Spot_CambioClimatico.flv HTTP/1.1" 200 4371917
201.170.111.65 - - [25/Jan/2015:04:14:57 -0500] "GET /galeria/nivo-slider/themes/default/bullets.png HTTP/1.1" 200 1281
201.170.111.65 - - [25/Jan/2015:04:14:57 -0500] "GET /galeria/nivo-slider/themes/default/arrows.png HTTP/1.1" 200 824
190.25.232.143 - - [25/Jan/2015:04:15:24 -0500] "GET /galeria/nivo-slider/themes/orman/orman.css HTTP/1.1" 304 -
201.170.111.65 - - [25/Jan/2015:04:16:22 -0500] "GET /videos/ArchivoSDA.flv HTTP/1.1" 200 31205279
180.76.5.17 - - [25/Jan/2015:04:17:39 -0500] "GET /BLA/boletinlegal;jsessionid=A622C8EA987BE7696E8C61A5211A8396?/? HTTP/1.1" 404 1018
201.170.111.65 - - [25/Jan/2015:04:17:43 -0500] "GET /videos/ArchivoSDA.flv HTTP/1.1" 206 1
201.170.111.65 - - [25/Jan/2015:04:17:43 -0500] "GET /videos/ArchivoSDA.flv HTTP/1.1" 206 27344359
74.86.158.107 - - [25/Jan/2015:04:18:44 -0500] "HEAD / HTTP/1.1" 302 -
201.170.111.65 - - [25/Jan/2015:04:18:53 -0500] "GET /videos/ArchivoSDA.flv HTTP/1.1" 206 1
201.170.111.65 - - [25/Jan/2015:04:18:54 -0500] "GET /videos/ArchivoSDA.flv HTTP/1.1" 206 26440299
66.249.67.67 - - [25/Jan/2015:04:20:02 -0500] "GET /BLA/resoluciones/AUTOS%202007/1602.pdf HTTP/1.1" 200 47159
66.249.67.83 - - [25/Jan/2015:04:20:03 -0500] "GET /BLA/resoluciones/RESOLUCIONES%202003/RES%202003%202001-2051/20032025.tif HTTP/1.1" 200 253510
92.48.105.158 - - [25/Jan/2015:04:20:55 -0500] "GET /blog/wp-admin/ HTTP/1.1" 404 1018
188.165.15.201 - - [25/Jan/2015:04:21:15 -0500] "GET /BLA/resoluciones/RESOLUCIONES%202003/RES%202003%20851-900/853.tif HTTP/1.1" 200 137916
188.165.15.43 - - [25/Jan/2015:04:22:07 -0500] "GET /BLA/resoluciones/RESOLUCIONES%202006/RES%202006%201001-1050/00001028.tif HTTP/1.1" 200 87352
66.249.67.75 - - [25/Jan/2015:04:22:12 -0500] "GET /BLA/resoluciones/RESOLUCIONES%202003/RES%202003%20901-950/922.tif HTTP/1.1" 200 332152
180.76.5.72 - - [25/Jan/2015:04:22:51 -0500] "GET /BLA/resoluciones/AUTOS%202009/0886.pdf HTTP/1.1" 200 115824
198.252.44.15 - - [25/Jan/2015:04:23:13 -0500] "GET /galeria/nivo-slider/demo/demo.html HTTP/1.0" 200 3150
180.76.6.51 - - [25/Jan/2015:04:23:26 -0500] "GET /BLA/boletinlegal;jsessionid=FE83DEE5D63E2D14956CAC1AF461EA74?/? HTTP/1.1" 404 1018
66.249.67.83 - - [25/Jan/2015:04:23:35 -0500] "GET /BLA/boletinlegal/Circulares/2011/Circular%20003%20de%20Febrero%20de%202011.pdf HTTP/1.1" 200 224758
74.86.158.107 - - [25/Jan/2015:04:23:44 -0500] "HEAD / HTTP/1.1" 302 -
144.76.201.175 - - [25/Jan/2015:04:26:30 -0500] "GET /robots.txt HTTP/1.0" 404 1015
66.249.67.83 - - [25/Jan/2015:04:26:34 -0500] "GET /BLA/resoluciones/RESOLUCIONES%202008/4494.pdf HTTP/1.1" 200 384054
66.249.67.75 - - [25/Jan/2015:04:26:35 -0500] "GET /BLA/resoluciones/RESOLUCIONES%202004/RES%202004%201151-1200/00001163.tif HTTP/1.1" 200 191566
66.249.67.75 - - [25/Jan/2015:04:27:03 -0500] "GET /BLA/resoluciones/RESOLUCIONES%202010/4010.pdf HTTP/1.1" 304 -
188.165.15.5 - - [25/Jan/2015:04:27:05 -0500] "GET /BLA/resoluciones/RESOLUCIONES%202006/RES%202006%202651-2700/00002652.tif HTTP/1.1" 200 254676
66.249.67.75 - - [25/Jan/2015:04:27:57 -0500] "GET /BLA/resoluciones/RESOLUCIONES%202011/3878.pdf HTTP/1.1" 200 559422
74.86.158.107 - - [25/Jan/2015:04:28:44 -0500] "HEAD / HTTP/1.1" 302 -
92.48.105.158 - - [25/Jan/2015:04:29:26 -0500] "GET /wp/wp-admin/ HTTP/1.1" 404 1018
66.249.67.75 - - [25/Jan/2015:04:29:36 -0500] "GET /BLA/boletinlegal/Circulares/2011/Circular%20003%20de%20Febrero%20de%202011.pdf HTTP/1.1" 200 224758
144.76.201.175 - - [25/Jan/2015:04:30:10 -0500] "GET /portalsiaccapacitaciones/Soportes%20Capacitaciones%20A%C3%B1o%202014/?C=D;O=A HTTP/1.0" 200 18973
190.216.141.202 - - [25/Jan/2015:04:30:27 -0500] "GET /BLA/boletinlegal/js/jquery.js HTTP/1.1" 200 57254
181.49.10.206 - - [25/Jan/2015:04:30:27 -0500] "GET /BLA/boletinlegal/js/jquery.scrollTo-min.js HTTP/1.1" 200 1150
181.49.10.206 - - [25/Jan/2015:04:30:27 -0500] "GET /BLA/boletinlegal/js/jquery.scrollShow.js HTTP/1.1" 200 4586
181.49.10.206 - - [25/Jan/2015:04:30:27 -0500] "GET /galeria/carrusel/Carrusel/jquery.thumbnailScroller.css HTTP/1.1" 200 2066
181.49.10.206 - - [25/Jan/2015:04:30:27 -0500] "GET /galeria/carrusel/Carrusel/jquery-ui-1.8.13.custom.min.js HTTP/1.1" 200 10800
190.216.141.202 - - [25/Jan/2015:04:30:27 -0500] "GET /galeria/carrusel/Carrusel/jquery.thumbnailScroller.js HTTP/1.1" 200 8157
190.216.141.202 - - [25/Jan/2015:04:30:28 -0500] "GET /galeria/nivo-slider/demo/demo.html HTTP/1.1" 200 3150
190.216.141.202 - - [25/Jan/2015:04:30:29 -0500] "GET /galeria/nivo-slider/themes/default/default.css HTTP/1.1" 200 1569
181.49.10.206 - - [25/Jan/2015:04:30:29 -0500] "GET /galeria/nivo-slider/themes/orman/orman.css HTTP/1.1" 200 2152
190.216.141.202 - - [25/Jan/2015:04:30:29 -0500] "GET /galeria/nivo-slider/nivo-slider.css HTTP/1.1" 200 1507
181.49.10.206 - - [25/Jan/2015:04:30:29 -0500] "GET /galeria/nivo-slider/themes/pascal/pascal.css HTTP/1.1" 200 2258
181.49.10.206 - - [25/Jan/2015:04:30:29 -0500] "GET /galeria/nivo-slider/jquery.nivo.slider.pack.js HTTP/1.1" 200 11561
190.216.141.202 - - [25/Jan/2015:04:30:29 -0500] "GET /galeria/nivo-slider/demo/images/bolsas-08.jpg HTTP/1.1" 200 85589
181.49.10.206 - - [25/Jan/2015:04:30:29 -0500] "GET /galeria/nivo-slider/demo/images/Ruta-vertimientos-01.jpg HTTP/1.1" 200 130151
181.49.10.206 - - [25/Jan/2015:04:30:29 -0500] "GET /galeria/nivo-slider/demo/style.css HTTP/1.1" 200 2222
181.49.10.206 - - [25/Jan/2015:04:30:29 -0500] "GET /galeria/nivo-slider/demo/scripts/jquery-1.7.1.min.js HTTP/1.1" 200 93868
181.49.10.206 - - [25/Jan/2015:04:30:29 -0500] "GET /galeria/nivo-slider/demo/images/bolsas-06.jpg HTTP/1.1" 200 90982
181.49.10.206 - - [25/Jan/2015:04:30:29 -0500] "GET /galeria/nivo-slider/demo/images/ecolecta-Dic2014.png HTTP/1.1" 200 288593
190.216.141.202 - - [25/Jan/2015:04:30:29 -0500] "GET /galeria/nivo-slider/demo/images/porloshumedales.jpg HTTP/1.1" 200 351238
181.49.10.206 - - [25/Jan/2015:04:30:29 -0500] "GET /galeria/nivo-slider/demo/images/Tingua-azul.jpg HTTP/1.1" 200 307638
181.49.10.206 - - [25/Jan/2015:04:30:29 -0500] "GET /galeria/nivo-slider/demo/images/4Simple_Slider.png HTTP/1.1" 200 11722
181.49.10.206 - - [25/Jan/2015:04:30:29 -0500] "GET /galeria/nivo-slider/themes/default/loading.gif HTTP/1.1" 200 1737
181.49.10.206 - - [25/Jan/2015:04:30:29 -0500] "GET /galeria/nivo-slider/demo/images/Banner-Caracol-Africano.jpg HTTP/1.1" 200 331986
181.49.10.206 - - [25/Jan/2015:04:30:29 -0500] "GET /galeria/nivo-slider/demo/images/banner-redes.jpg HTTP/1.1" 200 62209
181.49.10.206 - - [25/Jan/2015:04:30:30 -0500] "GET /videos/Spot_CambioClimatico.flv HTTP/1.1" 200 4371917
181.49.10.206 - - [25/Jan/2015:04:30:30 -0500] "GET /galeria/nivo-slider/demo/images/9Signos.jpg HTTP/1.1" 200 93040
181.49.10.206 - - [25/Jan/2015:04:30:30 -0500] "GET /galeria/nivo-slider/demo/images/banner-llantas2.jpg HTTP/1.1" 200 73153
181.49.10.206 - - [25/Jan/2015:04:30:30 -0500] "GET /galeria/nivo-slider/demo/images/banner-caballos.png HTTP/1.1" 200 389106
181.49.10.206 - - [25/Jan/2015:04:30:31 -0500] "GET /galeria/nivo-slider/themes/default/arrows.png HTTP/1.1" 200 824
181.49.10.206 - - [25/Jan/2015:04:30:31 -0500] "GET /galeria/nivo-slider/themes/default/bullets.png HTTP/1.1" 200 1281
144.76.201.175 - - [25/Jan/2015:04:30:48 -0500] "GET /portalsiaccapacitaciones/Soportes%20Capacitaciones%20A%C3%B1o%202014/?C=M;O=A HTTP/1.0" 200 18973
144.76.201.175 - - [25/Jan/2015:04:31:07 -0500] "GET /portalsiaccapacitaciones/Soportes%20Capacitaciones%20A%C3%B1o%202014/?C=N;O=D HTTP/1.0" 200 18973
188.165.15.43 - - [25/Jan/2015:04:31:56 -0500] "GET /BLA/resoluciones/RESOLUCIONES%202005/RES%202005%20151-200/00000177.tif HTTP/1.1" 200 167608
188.165.15.41 - - [25/Jan/2015:04:32:17 -0500] "GET /BLA/resoluciones/RESOLUCIONES%202006/RES%202006%20251-300/00000294.tif HTTP/1.1" 200 69834
66.249.67.83 - - [25/Jan/2015:04:32:36 -0500] "GET /BLA/resoluciones/RESOLUCIONES%202012/1282.pdf HTTP/1.1" 200 689958
66.249.67.83 - - [25/Jan/2015:04:32:37 -0500] "GET /BLA/resoluciones/RESOLUCIONES%202003/RES%202003%202001-2051/20032049.tif HTTP/1.1" 200 80460
180.76.6.43 - - [25/Jan/2015:04:32:45 -0500] "GET /videos/NuestraGente_MarchaPaz.flv HTTP/1.1" 200 53323931
66.249.67.83 - - [25/Jan/2015:04:33:04 -0500] "GET /BLA/resoluciones/RESOLUCIONES%202009/9464.pdf HTTP/1.1" 200 394839
100.43.85.25 - - [25/Jan/2015:04:33:12 -0500] "GET /videos/?C=D;O=A HTTP/1.1" 200 48637
74.86.158.107 - - [25/Jan/2015:04:33:44 -0500] "HEAD / HTTP/1.1" 302 -
66.249.67.83 - - [25/Jan/2015:04:35:47 -0500] "GET /BLA/boletinlegal/Circulares/2011/Circular%20003%20de%20Febrero%20de%202011.pdf HTTP/1.1" 200 224758
180.76.5.152 - - [25/Jan/2015:04:35:53 -0500] "GET /BLA/resoluciones/Autos%202008/0019.pdf HTTP/1.1" 200 123503
218.30.103.61 - - [25/Jan/2015:04:36:48 -0500] "GET /robots.txt HTTP/1.1" 404 1018
218.30.103.61 - - [25/Jan/2015:04:36:58 -0500] "GET /resoluciones/RESOLUCIONES%202008/1191.pdf HTTP/1.1" 404 1018
218.30.103.61 - - [25/Jan/2015:04:37:21 -0500] "GET /resoluciones/RESOLUCIONES%202008/3466.pdf HTTP/1.1" 404 1018
218.30.103.61 - - [25/Jan/2015:04:37:45 -0500] "GET /silvicultura/6.pdf HTTP/1.1" 404 1018
218.30.103.61 - - [25/Jan/2015:04:38:07 -0500] "GET /silvicultura/11.pdf HTTP/1.1" 404 1018
92.48.105.158 - - [25/Jan/2015:04:38:20 -0500] "GET /old/wp-admin/ HTTP/1.1" 404 1018
188.165.15.201 - - [25/Jan/2015:04:38:20 -0500] "GET /BLA/resoluciones/RESOLUCIONES%202005/RES%202005%20401-450/00000433.tif HTTP/1.1" 200 140206
74.86.158.107 - - [25/Jan/2015:04:38:44 -0500] "HEAD / HTTP/1.1" 302 -
66.249.67.67 - - [25/Jan/2015:04:38:47 -0500] "GET /BLA/resoluciones/RESOLUCIONES%202007/RES%202007%203901%20AL%204000/RESOLUCION%203952%20DE%202007.pdf HTTP/1.1" 200 1060715
66.249.67.83 - - [25/Jan/2015:04:38:50 -0500] "GET /BLA/resoluciones/RESOLUCIONES%202003/RES%202003%202001-2051/20032017.tif HTTP/1.1" 200 154038
66.249.67.67 - - [25/Jan/2015:04:39:17 -0500] "GET /BLA/resoluciones/RESOLUCIONES%202003/RES%202003%20551-600/573.tif HTTP/1.1" 200 293148
66.249.67.67 - - [25/Jan/2015:04:39:46 -0500] "GET /BLA/resoluciones/RESOLUCIONES%202011/3139.pdf HTTP/1.1" 200 1048479
188.165.15.200 - - [25/Jan/2015:04:40:24 -0500] "GET /BLA/resoluciones/RESOLUCIONES%202004/RES%202004%201751-1800/00001762.tif HTTP/1.1" 200 142612
66.249.67.67 - - [25/Jan/2015:04:40:57 -0500] "GET /BLA/resoluciones/RESOLUCIONES%202010/3230.pdf HTTP/1.1" 200 761385
188.165.15.105 - - [25/Jan/2015:04:41:23 -0500] "GET /BLA/resoluciones/RESOLUCIONES%202003/RES%202003%20351-400/354.tif HTTP/1.1" 200 115092
180.76.6.232 - - [25/Jan/2015:04:41:34 -0500] "GET /BLA/resoluciones/AUTOS%202007/0992.pdf HTTP/1.1" 200 27637
188.165.15.61 - - [25/Jan/2015:04:41:44 -0500] "GET /BLA/resoluciones/RESOLUCIONES%202001/2001%20350-399.TIF HTTP/1.1" 200 11619082
66.249.67.67 - - [25/Jan/2015:04:41:56 -0500] "GET /BLA/resoluciones/RESOLUCIONES%202003/RES%202003%20901-950/925.tif HTTP/1.1" 200 67948
74.86.158.107 - - [25/Jan/2015:04:43:44 -0500] "HEAD / HTTP/1.1" 302 -
66.249.67.75 - - [25/Jan/2015:04:44:00 -0500] "GET /BLA/resoluciones/RESOLUCIONES%202008/3621.pdf HTTP/1.1" 200 425825
66.249.67.67 - - [25/Jan/2015:04:44:03 -0500] "GET /BLA/resoluciones/RESOLUCIONES%202003/RES%202003%202001-2051/20032027.tif HTTP/1.1" 200 125110
66.249.67.75 - - [25/Jan/2015:04:45:02 -0500] "GET /BLA/boletinlegal/Directivas/2011/Directiva%20No.%204%20del%2028%20de%20Junio%20de%202011.pdf HTTP/1.1" 200 960158
66.249.67.75 - - [25/Jan/2015:04:45:25 -0500] "GET /BLA/resoluciones/RESOLUCIONES%202010/6355.pdf HTTP/1.1" 200 469076
200.26.146.14 - - [25/Jan/2015:04:46:24 -0500] "GET /dama/libreria/jpg/ecosistemas/aulas/aa2_1.jpg HTTP/1.1" 404 1345
66.249.67.75 - - [25/Jan/2015:04:47:33 -0500] "GET /stormWeb/ HTTP/1.1" 200 12126
66.249.67.67 - - [25/Jan/2015:04:47:38 -0500] "GET /BLA/resoluciones/RESOLUCIONES%202007/RES%202007%20801%20AL%20900/RESOLUCION%200869%20DE%202007.pdf HTTP/1.1" 200 356229
74.86.158.107 - - [25/Jan/2015:04:48:44 -0500] "HEAD / HTTP/1.1" 302 -
66.249.67.75 - - [25/Jan/2015:04:49:01 -0500] "GET /BLA/resoluciones/RESOLUCIONES%202009/3350.pdf HTTP/1.1" 200 555689
188.165.15.201 - - [25/Jan/2015:04:49:42 -0500] "GET /BLA/resoluciones/RESOLUCIONES%202006/RES%202006%20251-300/00000251.tif HTTP/1.1" 200 70466
66.249.67.83 - - [25/Jan/2015:04:49:50 -0500] "GET /BLA/resoluciones/RESOLUCIONES%202010/1419.pdf HTTP/1.1" 200 506371
188.165.15.208 - - [25/Jan/2015:04:49:56 -0500] "GET /BLA/resoluciones/RESOLUCIONES%202005/RES%202005%201151-1200/00001175.tif HTTP/1.1" 200 192396
66.249.67.83 - - [25/Jan/2015:04:50:09 -0500] "GET /BLA/resoluciones/RESOLUCIONES%202007/RES%202007%203601%20AL%203700/RESOLUCION%203656%20DE%202007.pdf HTTP/1.1" 304 -
66.249.67.83 - - [25/Jan/2015:04:50:19 -0500] "GET /BLA/resoluciones/RESOLUCIONES%202004/RES%202004%201151-1200/00001173.tif HTTP/1.1" 200 191448
66.249.67.75 - - [25/Jan/2015:04:52:03 -0500] "GET /BLA/resoluciones/RESOLUCIONES%202008/1676.pdf HTTP/1.1" 200 69026
66.249.67.75 - - [25/Jan/2015:04:52:10 -0500] "GET /autoliquidacion/index.php?dir=Grupo+Forestal+-+Industria+de+la+Madera%2F HTTP/1.1" 200 7201
66.249.67.67 - - [25/Jan/2015:04:52:28 -0500] "GET /BLA/resoluciones/RESOLUCIONES%202010/0724.pdf HTTP/1.1" 304 -
66.249.67.67 - - [25/Jan/2015:04:52:46 -0500] "GET /BLA/resoluciones/RESOLUCIONES%202012/1067.pdf HTTP/1.1" 200 593977
66.249.67.75 - - [25/Jan/2015:04:53:04 -0500] "GET /BLA/resoluciones/RESOLUCIONES%202012/1560.pdf HTTP/1.1" 200 1086443
66.249.67.67 - - [25/Jan/2015:04:53:22 -0500] "GET /BLA/resoluciones/RESOLUCIONES%202010/4848.pdf HTTP/1.1" 304 -
66.249.67.75 - - [25/Jan/2015:04:53:40 -0500] "GET /BLA/resoluciones/RESOLUCIONES%202012/1913.pdf HTTP/1.1" 200 422045
74.86.158.107 - - [25/Jan/2015:04:53:44 -0500] "HEAD / HTTP/1.1" 302 -
66.249.67.67 - - [25/Jan/2015:04:54:05 -0500] "GET /BLA/resoluciones/RESOLUCIONES%202009/2140.pdf HTTP/1.1" 304 -
188.165.15.208 - - [25/Jan/2015:04:54:11 -0500] "GET /BLA/resoluciones/RESOLUCIONES%202005/RES%202005%203101-3150/00003105.tif HTTP/1.1" 200 132636
66.249.67.83 - - [25/Jan/2015:04:54:16 -0500] "GET /BLA/resoluciones/Notificaciones/AUTOS%202014/1507.doc HTTP/1.1" 200 255488
66.249.67.83 - - [25/Jan/2015:04:54:41 -0500] "GET /BLA/resoluciones/RESOLUCIONES%202012/0985.pdf HTTP/1.1" 200 811042
66.249.67.67 - - [25/Jan/2015:04:54:44 -0500] "GET /autoliquidacion/Grupo%20Forestal%20-%20Industria%20de%20la%20Madera/APLICATIVO%20COSTO%20REGISTRO%20DE%20LIBRO%20DE%20OPERACIONES%20FLORA%202015%20DEF.xls HTTP/1.1" 200 153088
66.249.67.83 - - [25/Jan/2015:04:55:17 -0500] "GET /BLA/resoluciones/RESOLUCIONES%202012/1860.pdf HTTP/1.1" 200 506087
66.249.67.83 - - [25/Jan/2015:04:55:53 -0500] "GET /BLA/resoluciones/AUTOS%202012/1606.pdf HTTP/1.1" 200 189084
66.249.67.75 - - [25/Jan/2015:04:55:59 -0500] "GET /autoliquidacion/Grupo%20Forestal%20-%20Industria%20de%20la%20Madera/APLICATIVO%20COSTO%20EVALUACION%20SALVOCONDUCTO%202015-.xls HTTP/1.1" 200 108544
66.249.67.83 - - [25/Jan/2015:04:56:28 -0500] "GET /BLA/resoluciones/RESOLUCIONES%202007/RES%202007%202201%20AL%202300/RESOLUCION%202243%20DE%202007.pdf HTTP/1.1" 304 -
66.249.67.83 - - [25/Jan/2015:04:56:29 -0500] "GET /BLA/resoluciones/RESOLUCIONES%202009/7634.pdf HTTP/1.1" 200 492439
66.249.67.75 - - [25/Jan/2015:04:56:38 -0500] "GET /BLA/resoluciones/RESOLUCIONES%202003/RES%202003%202001-2051/20032031.tif HTTP/1.1" 200 112340
188.165.15.59 - - [25/Jan/2015:04:56:54 -0500] "GET /BLA/resoluciones/index.php?dir=RESOLUCIONES%202002/RES%202002%201051-1100/&sort=name&order=desc HTTP/1.1" 200 12142
66.249.67.67 - - [25/Jan/2015:04:57:04 -0500] "GET /BLA/resoluciones/RESOLUCIONES%202010/7295.pdf HTTP/1.1" 304 -
188.165.15.41 - - [25/Jan/2015:04:57:28 -0500] "GET /BLA/resoluciones/RESOLUCIONES%202006/RES%202006%20651-700/00000699.tif HTTP/1.1" 200 312520
66.249.67.83 - - [25/Jan/2015:04:57:40 -0500] "GET /BLA/resoluciones/RESOLUCIONES%202008/3698.pdf HTTP/1.1" 304 -
66.249.67.67 - - [25/Jan/2015:04:57:41 -0500] "GET /autoliquidacion/Grupo%20Forestal%20-%20Industria%20de%20la%20Madera/APLICATIVO%20COSTO%20EVALUACION%20CERTIFICACIONES%202015-.xls HTTP/1.1" 200 349696
180.76.5.67 - - [25/Jan/2015:04:57:54 -0500] "GET /BLA/boletinlegal/;jsessionid=67B4C45C9F78D2E7D159DDEF76CF2357? HTTP/1.1" 404 1018
66.249.67.75 - - [25/Jan/2015:04:58:16 -0500] "GET /BLA/resoluciones/RESOLUCIONES%202007/RES%202007%20901%20AL%201000/RESOLUCION%200987%20DE%202007.pdf HTTP/1.1" 200 476666
66.249.67.83 - - [25/Jan/2015:04:58:41 -0500] "GET /BLA/resoluciones/RESOLUCIONES%202007/RES%202007%201201%20AL%201300/RESOLUCION%201256%20DE%202007.pdf HTTP/1.1" 200 380999
74.86.158.107 - - [25/Jan/2015:04:58:44 -0500] "HEAD / HTTP/1.1" 302 -
66.249.67.67 - - [25/Jan/2015:04:58:52 -0500] "GET /BLA/resoluciones/RESOLUCIONES%202010/3740.pdf HTTP/1.1" 304 -
66.249.67.83 - - [25/Jan/2015:04:59:28 -0500] "GET /BLA/resoluciones/AUTOS%202008/0824.pdf HTTP/1.1" 200 209039
66.249.67.75 - - [25/Jan/2015:05:00:04 -0500] "GET /BLA/resoluciones/RESOLUCIONES%202010/0406.pdf HTTP/1.1" 200 515303
66.249.67.75 - - [25/Jan/2015:05:00:40 -0500] "GET /BLA/resoluciones/RESOLUCIONES%202010/3476.pdf HTTP/1.1" 200 520617
66.249.67.75 - - [25/Jan/2015:05:00:54 -0500] "GET /BLA/resoluciones/RESOLUCIONES%202008/3157.pdf HTTP/1.1" 200 190534
66.249.67.67 - - [25/Jan/2015:05:01:15 -0500] "GET /BLA/resoluciones/AUTOS%202008/1727.pdf HTTP/1.1" 200 157378
66.249.67.67 - - [25/Jan/2015:05:01:50 -0500] "GET /BLA/resoluciones/RESOLUCIONES%202003/RES%202003%20901-950/921.tif HTTP/1.1" 200 320924
66.249.67.75 - - [25/Jan/2015:05:01:51 -0500] "GET /BLA/resoluciones/RESOLUCIONES%202010/0452.pdf HTTP/1.1" 200 107866
66.249.67.75 - - [25/Jan/2015:05:02:27 -0500] "GET /BLA/resoluciones/RESOLUCIONES%202012/1041.pdf HTTP/1.1" 200 218069
66.249.67.75 - - [25/Jan/2015:05:02:56 -0500] "GET /BLA/resoluciones/RESOLUCIONES%202003/RES%202003%202001-2051/20032006.tif HTTP/1.1" 200 731980
66.249.67.75 - - [25/Jan/2015:05:03:03 -0500] "GET /BLA/resoluciones/RESOLUCIONES%202013/2004.pdf HTTP/1.1" 200 1185658
66.249.67.75 - - [25/Jan/2015:05:03:07 -0500] "GET /BLA/resoluciones/RESOLUCIONES%202008/2856.pdf HTTP/1.1" 200 226736
66.249.67.75 - - [25/Jan/2015:05:03:39 -0500] "GET /BLA/resoluciones/RESOLUCIONES%202009/2042.pdf HTTP/1.1" 200 654627
74.86.158.107 - - [25/Jan/2015:05:03:44 -0500] "HEAD / HTTP/1.1" 302 -
66.249.67.75 - - [25/Jan/2015:05:04:04 -0500] "GET /BLA/boletinlegal/Directivas/2014/Directiva%20No.%204%20del%2006%20de%20Junio%20de%202014.pdf HTTP/1.1" 200 236794
100.43.85.25 - - [25/Jan/2015:05:04:10 -0500] "GET /videos/flowplayer-3.2.6.swf HTTP/1.1" 200 120222
66.249.67.83 - - [25/Jan/2015:05:04:15 -0500] "GET /BLA/resoluciones/AUTOS%202013/1100.pdf HTTP/1.1" 200 2430787
66.249.67.67 - - [25/Jan/2015:05:04:51 -0500] "GET /BLA/resoluciones/RESOLUCIONES%202010/1588.pdf HTTP/1.1" 304 -
66.249.67.83 - - [25/Jan/2015:05:05:21 -0500] "GET /BLA/resoluciones/RESOLUCIONES%202008/3842.pdf HTTP/1.1" 200 578536
66.249.67.67 - - [25/Jan/2015:05:05:27 -0500] "GET /BLA/resoluciones/RESOLUCIONES%202011/0716.pdf HTTP/1.1" 304 -
188.165.15.61 - - [25/Jan/2015:05:05:57 -0500] "GET /BLA/resoluciones/RESOLUCIONES%202004/RES%202004%20751-800/00000765.tif HTTP/1.1" 200 192236
66.249.67.75 - - [25/Jan/2015:05:06:03 -0500] "GET /BLA/resoluciones/RESOLUCIONES%202011/4653.pdf HTTP/1.1" 200 613026
66.249.67.83 - - [25/Jan/2015:05:06:38 -0500] "GET /BLA/resoluciones/RESOLUCIONES%202011/0158.pdf HTTP/1.1" 304 -
66.249.67.67 - - [25/Jan/2015:05:07:14 -0500] "GET /BLA/resoluciones/AUTOS%202011/4340.pdf HTTP/1.1" 304 -
66.249.67.75 - - [25/Jan/2015:05:07:34 -0500] "GET /BLA/resoluciones/RESOLUCIONES%202008/0891.pdf HTTP/1.1" 200 188990
66.249.67.75 - - [25/Jan/2015:05:07:50 -0500] "GET /BLA/resoluciones/AUTOS%202009/1892.pdf HTTP/1.1" 200 213792
66.249.67.75 - - [25/Jan/2015:05:08:02 -0500] "GET /BLA/resoluciones/RESOLUCIONES%202003/RES%202003%20801-850/803.tif HTTP/1.1" 200 234452
66.249.67.75 - - [25/Jan/2015:05:08:26 -0500] "GET /BLA/resoluciones/RESOLUCIONES%202007/RES%202007%201201%20AL%201300/RESOLUCION%201295%20DE%202007.pdf HTTP/1.1" 200 2503255
74.86.158.107 - - [25/Jan/2015:05:08:44 -0500] "HEAD / HTTP/1.1" 302 -
66.249.67.67 - - [25/Jan/2015:05:09:02 -0500] "GET /BLA/resoluciones/RESOLUCIONES%202007/RES%202007%201601%20AL%201725/RESOLUCION%201616%20DE%202007.pdf HTTP/1.1" 304 -
180.76.6.21 - - [25/Jan/2015:05:09:10 -0500] "GET /BLA/resoluciones/AUTOS%202007/2823.pdf HTTP/1.1" 200 202193
66.249.67.83 - - [25/Jan/2015:05:09:15 -0500] "GET /BLA/resoluciones/RESOLUCIONES%202004/RES%202004%201151-1200/00001166.tif HTTP/1.1" 200 194514
66.249.67.75 - - [25/Jan/2015:05:09:38 -0500] "GET /BLA/resoluciones/RESOLUCIONES%202007/RES%202007%203101%20AL%203200/RESOLUCION%203158%20DE%202007.pdf HTTP/1.1" 304 -
66.249.67.75 - - [25/Jan/2015:05:09:49 -0500] "GET /BLA/resoluciones/RESOLUCIONES%202008/0657.pdf HTTP/1.1" 200 252436
207.46.13.39 - - [25/Jan/2015:05:10:10 -0500] "GET /phpold/LOGOS%20NAVIDAD/ HTTP/1.1" 404 1019
66.249.67.67 - - [25/Jan/2015:05:10:14 -0500] "GET /BLA/resoluciones/RESOLUCIONES%202009/2879.pdf HTTP/1.1" 304 -
188.165.15.41 - - [25/Jan/2015:05:10:34 -0500] "GET /BLA/resoluciones/RESOLUCIONES%202004/RES%202004%201251-1300/00001279.tif HTTP/1.1" 200 140972
66.249.67.83 - - [25/Jan/2015:05:10:50 -0500] "GET /BLA/resoluciones/RESOLUCIONES%202010/6289.pdf HTTP/1.1" 304 -
66.249.67.75 - - [25/Jan/2015:05:11:25 -0500] "GET /BLA/resoluciones/RESOLUCIONES%202009/5422.pdf HTTP/1.1" 200 527073
188.165.15.43 - - [25/Jan/2015:05:11:44 -0500] "GET /BLA/resoluciones/index.php?dir=RESOLUCIONES%202005/RES%202005%202601-2650/&sort=date&order=asc HTTP/1.1" 200 12161
188.165.15.200 - - [25/Jan/2015:05:11:52 -0500] "GET /BLA/resoluciones/RESOLUCIONES%202006/RES%202006%20651-700/00000683.tif HTTP/1.1" 200 243910
66.249.67.75 - - [25/Jan/2015:05:12:01 -0500] "GET /BLA/resoluciones/RESOLUCIONES%202007/RES%202007%201101%20AL%201200/RESOLUCION%201159%20DE%202007.pdf HTTP/1.1" 200 189591
66.249.67.83 - - [25/Jan/2015:05:12:04 -0500] "GET /BLA/resoluciones/RESOLUCIONES%202008/1682.pdf HTTP/1.1" 200 291636
188.165.15.177 - - [25/Jan/2015:05:12:12 -0500] "GET /BLA/resoluciones/RESOLUCIONES%202003/RES%202003%20151-200/2003RES196.tif HTTP/1.1" 200 153552
66.249.67.75 - - [25/Jan/2015:05:12:37 -0500] "GET /BLA/resoluciones/AUTOS%202012/0515.pdf HTTP/1.1" 304 -
66.249.67.83 - - [25/Jan/2015:05:13:13 -0500] "GET /BLA/resoluciones/AUTOS%202009/2868.pdf HTTP/1.1" 200 129051
74.86.158.107 - - [25/Jan/2015:05:13:44 -0500] "HEAD / HTTP/1.1" 302 -
66.249.67.67 - - [25/Jan/2015:05:13:49 -0500] "GET /BLA/resoluciones/RESOLUCIONES%202011/3878.pdf HTTP/1.1" 200 559422
66.249.67.75 - - [25/Jan/2015:05:14:21 -0500] "GET /BLA/resoluciones/RESOLUCIONES%202007/RES%202007%202201%20AL%202300/RESOLUCION%202281%20DE%202007.pdf HTTP/1.1" 200 640008
66.249.67.83 - - [25/Jan/2015:05:14:25 -0500] "GET /BLA/resoluciones/RESOLUCIONES%202007/RES%202007%203001%20AL%203100/RESOLUCION%203006%20DE%202007.pdf HTTP/1.1" 304 -
66.249.67.67 - - [25/Jan/2015:05:15:01 -0500] "GET /BLA/resoluciones/AUTOS%202011/3641.pdf HTTP/1.1" 200 265041
66.249.67.75 - - [25/Jan/2015:05:15:34 -0500] "GET /BLA/resoluciones/RESOLUCIONES%202004/RES%202004%201151-1200/00001198.tif HTTP/1.1" 200 200888
66.249.67.67 - - [25/Jan/2015:05:15:37 -0500] "GET /BLA/resoluciones/RESOLUCIONES%202009/6453.pdf HTTP/1.1" 200 437367
66.249.67.75 - - [25/Jan/2015:05:16:12 -0500] "GET /BLA/resoluciones/AUTOS%202008/2866.pdf HTTP/1.1" 200 156783
66.249.67.83 - - [25/Jan/2015:05:16:43 -0500] "GET /BLA/resoluciones/AUTOS%202007/2035.pdf HTTP/1.1" 200 172040
180.76.6.50 - - [25/Jan/2015:05:16:48 -0500] "GET /BLA/boletinlegal;jsessionid=E07EB4EB4EEADCDB5837A964FA172268?/? HTTP/1.1" 404 1018
66.249.67.83 - - [25/Jan/2015:05:16:48 -0500] "GET /BLA/resoluciones/AUTOS%202008/1512.pdf HTTP/1.1" 200 116662
188.165.15.61 - - [25/Jan/2015:05:16:57 -0500] "GET /BLA/resoluciones/RESOLUCIONES%202004/RES%202004%202251-2300/00002268.tif HTTP/1.1" 200 114862
66.249.67.83 - - [25/Jan/2015:05:17:24 -0500] "GET /BLA/resoluciones/RESOLUCIONES%202007/RES%202007%202901%20AL%203000/RESOLUCION%202987%20DE%202007.pdf HTTP/1.1" 200 839552
66.249.67.83 - - [25/Jan/2015:05:18:00 -0500] "GET /BLA/resoluciones/RESOLUCIONES%202009/4324.pdf HTTP/1.1" 200 2768199
66.249.67.75 - - [25/Jan/2015:05:18:34 -0500] "GET /BLA/boletinlegal/Circulares/2011/Circular%20No.%204%20del%2014%20de%20Julio%20de%202011.pdf HTTP/1.1" 200 399895
66.249.67.75 - - [25/Jan/2015:05:18:36 -0500] "GET /BLA/resoluciones/AUTOS%202011/1831.pdf HTTP/1.1" 200 252743
74.86.158.107 - - [25/Jan/2015:05:18:44 -0500] "HEAD / HTTP/1.1" 302 -
66.249.67.67 - - [25/Jan/2015:05:19:11 -0500] "GET /BLA/resoluciones/RESOLUCIONES%202009/3720.pdf HTTP/1.1" 200 623231
66.249.67.67 - - [25/Jan/2015:05:19:12 -0500] "GET /BLA/resoluciones/RESOLUCIONES%202007/RES%202007%203901%20AL%204000/RESOLUCION%203941%20DE%202007.pdf HTTP/1.1" 200 237832
66.249.67.67 - - [25/Jan/2015:05:19:26 -0500] "GET /BLA/resoluciones/RESOLUCIONES%202009/2171.pdf HTTP/1.1" 200 3985126
66.249.67.75 - - [25/Jan/2015:05:19:48 -0500] "GET /BLA/resoluciones/RESOLUCIONES%202012/0252.pdf HTTP/1.1" 200 120648
188.165.15.110 - - [25/Jan/2015:05:20:00 -0500] "GET /BLA/resoluciones/RESOLUCIONES%202004/RES%202004%201351-1400/00001388.tif HTTP/1.1" 200 263498
188.165.15.208 - - [25/Jan/2015:05:20:09 -0500] "GET /BLA/resoluciones/RESOLUCIONES%202005/RES%202005%201201-1250/00001217.tif HTTP/1.1" 200 181048
66.249.67.75 - - [25/Jan/2015:05:20:24 -0500] "GET /BLA/resoluciones/AUTOS%202007/1922.pdf HTTP/1.1" 200 105348
66.249.67.67 - - [25/Jan/2015:05:20:59 -0500] "GET /BLA/resoluciones/RESOLUCIONES%202010/1166.pdf HTTP/1.1" 200 93793
66.249.67.75 - - [25/Jan/2015:05:21:02 -0500] "GET /BLA/resoluciones/RESOLUCIONES%202009/0433.pdf HTTP/1.1" 200 390217
66.249.67.75 - - [25/Jan/2015:05:21:35 -0500] "GET /BLA/resoluciones/RESOLUCIONES%202009/6175.pdf HTTP/1.1" 200 655186
66.249.67.67 - - [25/Jan/2015:05:21:51 -0500] "GET /BLA/resoluciones/RESOLUCIONES%202003/RES%202003%20901-950/940.tif HTTP/1.1" 200 631144
66.249.67.75 - - [25/Jan/2015:05:21:53 -0500] "GET /BLA/resoluciones/RESOLUCIONES%202004/RES%202004%201151-1200/00001174.tif HTTP/1.1" 200 185238
180.76.5.24 - - [25/Jan/2015:05:21:55 -0500] "GET /BLA/boletinlegal;jsessionid=37B7B393520203A32A98D0E00ADC6503?/? HTTP/1.1" 404 1018
66.249.67.67 - - [25/Jan/2015:05:22:11 -0500] "GET /BLA/resoluciones/RESOLUCIONES%202009/3099.pdf HTTP/1.1" 200 475067
180.76.5.195 - - [25/Jan/2015:05:22:31 -0500] "GET /BLA/boletinlegal;jsessionid=94A9C8C7BEC50522DAA11CAFCB99D042?/? HTTP/1.1" 404 1018
188.165.15.59 - - [25/Jan/2015:05:22:34 -0500] "GET /BLA/resoluciones/RESOLUCIONES%202003/RES%202003%201451-1500/20031499.tif HTTP/1.1" 200 157700
66.249.67.67 - - [25/Jan/2015:05:22:47 -0500] "GET /BLA/resoluciones/AUTOS%202010/0051.pdf HTTP/1.1" 200 221037
66.249.67.75 - - [25/Jan/2015:05:23:23 -0500] "GET /BLA/resoluciones/RESOLUCIONES%202009/2864.pdf HTTP/1.1" 200 391719
74.86.158.107 - - [25/Jan/2015:05:23:44 -0500] "HEAD / HTTP/1.1" 302 -
66.249.67.83 - - [25/Jan/2015:05:23:59 -0500] "GET /BLA/resoluciones/AUTOS%202007/3154.pdf HTTP/1.1" 200 65199
188.165.15.200 - - [25/Jan/2015:05:24:34 -0500] "GET /BLA/resoluciones/RESOLUCIONES%202005/RES%202005%201201-1250/00001250.tif HTTP/1.1" 200 109880
66.249.67.83 - - [25/Jan/2015:05:24:35 -0500] "GET /BLA/resoluciones/RESOLUCIONES%202011/1206.pdf HTTP/1.1" 304 -
66.249.67.75 - - [25/Jan/2015:05:25:11 -0500] "GET /BLA/resoluciones/RESOLUCIONES%202010/6147.pdf HTTP/1.1" 200 4945927
66.249.67.67 - - [25/Jan/2015:05:25:47 -0500] "GET /BLA/resoluciones/RESOLUCIONES%202012/1875.pdf HTTP/1.1" 200 450868
66.249.67.83 - - [25/Jan/2015:05:26:22 -0500] "GET /BLA/resoluciones/RESOLUCIONES%202009/7542.pdf HTTP/1.1" 200 518232
66.249.67.75 - - [25/Jan/2015:05:26:58 -0500] "GET /BLA/resoluciones/AUTOS%202008/0152.pdf HTTP/1.1" 200 123734
66.249.67.67 - - [25/Jan/2015:05:27:34 -0500] "GET /BLA/resoluciones/RESOLUCIONES%202007/RES%202007%204001%20AL%204100/RESOLUCION%204092%20DE%202007.pdf HTTP/1.1" 304 -
66.249.67.75 - - [25/Jan/2015:05:28:07 -0500] "GET /BLA/resoluciones/RESOLUCIONES%202009/2650.pdf HTTP/1.1" 200 695480
66.249.67.67 - - [25/Jan/2015:05:28:10 -0500] "GET /BLA/resoluciones/RESOLUCIONES%202008/5544.pdf HTTP/1.1" 200 311132
66.249.67.83 - - [25/Jan/2015:05:28:12 -0500] "GET /BLA/resoluciones/RESOLUCIONES%202004/RES%202004%201151-1200/00001152.tif HTTP/1.1" 200 179820
74.86.158.107 - - [25/Jan/2015:05:28:44 -0500] "HEAD / HTTP/1.1" 302 -
66.249.67.67 - - [25/Jan/2015:05:28:46 -0500] "GET /BLA/resoluciones/AUTOS%202012/0525.pdf HTTP/1.1" 200 268564
66.249.67.83 - - [25/Jan/2015:05:29:22 -0500] "GET /BLA/resoluciones/RESOLUCIONES%202007/RES%202007%20901%20AL%201000/RESOLUCION%200994%20DE%202007.pdf HTTP/1.1" 200 320795
188.165.15.43 - - [25/Jan/2015:05:29:34 -0500] "GET /BLA/resoluciones/RESOLUCIONES%202003/RES%202003%201501-1550/20031535.tif HTTP/1.1" 200 82704
188.165.15.61 - - [25/Jan/2015:05:29:47 -0500] "GET /BLA/resoluciones/RESOLUCIONES%202005/RES%202005%20751-800/00000787.tif HTTP/1.1" 200 120716
66.249.67.83 - - [25/Jan/2015:05:29:58 -0500] "GET /BLA/resoluciones/RESOLUCIONES%202008/3806.pdf HTTP/1.1" 304 -
66.249.67.83 - - [25/Jan/2015:05:30:32 -0500] "GET /BLA/resoluciones/AUTOS%202007/2145.pdf HTTP/1.1" 200 162110
66.249.67.83 - - [25/Jan/2015:05:30:34 -0500] "GET /BLA/resoluciones/AUTOS%202008/0410.pdf HTTP/1.1" 200 70330
188.186.116.134 - - [25/Jan/2015:05:30:59 -0500] "GET / HTTP/1.0" 302 -
66.249.67.67 - - [25/Jan/2015:05:31:09 -0500] "GET /BLA/resoluciones/RESOLUCIONES%202008/0911.pdf HTTP/1.1" 304 -
66.249.67.67 - - [25/Jan/2015:05:31:46 -0500] "GET /BLA/resoluciones/RESOLUCIONES%202009/9414.pdf HTTP/1.1" 304 -
66.249.67.83 - - [25/Jan/2015:05:32:04 -0500] "GET /BLA/resoluciones/RESOLUCIONES%202012/0031.pdf HTTP/1.1" 304 -
66.249.67.75 - - [25/Jan/2015:05:32:21 -0500] "GET /BLA/resoluciones/RESOLUCIONES%202007/RES%202007%204201%20AL%204300/RESOLUCION%204236%20DE%202007.pdf HTTP/1.1" 304 -
66.249.67.83 - - [25/Jan/2015:05:32:57 -0500] "GET /BLA/resoluciones/RESOLUCIONES%202007/RES%202007%203901%20AL%204000/RESOLUCION%203914%20DE%202007.pdf HTTP/1.1" 304 -
181.54.232.60 - - [25/Jan/2015:05:33:06 -0500] "POST /forms/lservlet;jsessionid=ac16012b30d5bdd70aafdce148629443f41b7eff01ca.e3iSbxaKaheRe38RbNmLa3mSc41ynknvrkLOlQzNp65In0 HTTP/1.1" 200 13
181.54.232.60 - - [25/Jan/2015:05:33:07 -0500] "POST /forms/lservlet;jsessionid=ac16012b30d5bdd70aafdce148629443f41b7eff01ca.e3iSbxaKaheRe38RbNmLa3mSc41ynknvrkLOlQzNp65In0 HTTP/1.1" 200 13
181.54.232.60 - - [25/Jan/2015:05:33:08 -0500] "POST /forms/lservlet;jsessionid=ac16012b30d5bdd70aafdce148629443f41b7eff01ca.e3iSbxaKaheRe38RbNmLa3mSc41ynknvrkLOlQzNp65In0 HTTP/1.1" 200 13
181.54.232.60 - - [25/Jan/2015:05:33:09 -0500] "POST /forms/lservlet;jsessionid=ac16012b30d5bdd70aafdce148629443f41b7eff01ca.e3iSbxaKaheRe38RbNmLa3mSc41ynknvrkLOlQzNp65In0 HTTP/1.1" 200 13
181.54.232.60 - - [25/Jan/2015:05:33:10 -0500] "POST /forms/lservlet;jsessionid=ac16012b30d5bdd70aafdce148629443f41b7eff01ca.e3iSbxaKaheRe38RbNmLa3mSc41ynknvrkLOlQzNp65In0 HTTP/1.1" 200 13
181.54.232.60 - - [25/Jan/2015:05:33:11 -0500] "POST /forms/lservlet;jsessionid=ac16012b30d5bdd70aafdce148629443f41b7eff01ca.e3iSbxaKaheRe38RbNmLa3mSc41ynknvrkLOlQzNp65In0 HTTP/1.1" 200 13
66.249.67.75 - - [25/Jan/2015:05:33:29 -0500] "GET /BLA/resoluciones/index.php?dir=Notificaciones/AUTOS%202012/&sort=date&order=asc HTTP/1.1" 200 2555
66.249.67.75 - - [25/Jan/2015:05:33:33 -0500] "GET /BLA/resoluciones/RESOLUCIONES%202007/RES%202007%201801%20AL%201900/RESOLUCION%201899%20DE%202007.pdf HTTP/1.1" 304 -
66.249.67.83 - - [25/Jan/2015:05:33:36 -0500] "GET /BLA/boletinlegal/Circulares/2012/Circular%20No.%204%20del%2019%20de%20abril%20de%202012.pdf HTTP/1.1" 200 253045
74.86.158.107 - - [25/Jan/2015:05:33:44 -0500] "HEAD / HTTP/1.1" 302 -
66.249.67.75 - - [25/Jan/2015:05:34:09 -0500] "GET /BLA/resoluciones/RESOLUCIONES%202007/RES%202007%201001%20AL%201100/RESOLUCION%201089%20DE%202007.pdf HTTP/1.1" 304 -
66.249.67.75 - - [25/Jan/2015:05:34:38 -0500] "GET /BLA/resoluciones/RESOLUCIONES%202004/RES%202004%201151-1200/00001153.tif HTTP/1.1" 200 202516
66.249.67.83 - - [25/Jan/2015:05:34:45 -0500] "GET /BLA/resoluciones/RESOLUCIONES%202009/2046.pdf HTTP/1.1" 304 -
190.204.38.188 - - [25/Jan/2015:05:35:00 -0500] "GET /BLA/boletinlegal/js/jquery.js HTTP/1.1" 200 57254
190.204.38.188 - - [25/Jan/2015:05:35:00 -0500] "GET /BLA/boletinlegal/js/jquery.scrollShow.js HTTP/1.1" 200 4586
190.204.38.188 - - [25/Jan/2015:05:35:00 -0500] "GET /BLA/boletinlegal/js/jquery.scrollTo-min.js HTTP/1.1" 200 1150
100.43.85.25 - - [25/Jan/2015:05:35:09 -0500] "GET /StormSDA/stormWeb/img/nombre.png HTTP/1.1" 200 24401
66.249.67.75 - - [25/Jan/2015:05:35:21 -0500] "GET /BLA/resoluciones/AUTOS%202013/1992.pdf HTTP/1.1" 304 -
66.249.67.67 - - [25/Jan/2015:05:35:41 -0500] "GET /BLA/resoluciones/RESOLUCIONES%202009/4800.pdf HTTP/1.1" 304 -
66.249.67.83 - - [25/Jan/2015:05:35:56 -0500] "GET /BLA/resoluciones/RESOLUCIONES%202010/4328.pdf HTTP/1.1" 304 -
66.249.67.75 - - [25/Jan/2015:05:36:00 -0500] "GET /BLA/resoluciones/RESOLUCIONES%202003/RES%202003%20501-550/509.tif HTTP/1.1" 200 242200
66.249.67.83 - - [25/Jan/2015:05:36:32 -0500] "GET /BLA/resoluciones/RESOLUCIONES%202009/3465.pdf HTTP/1.1" 304 -
66.249.67.83 - - [25/Jan/2015:05:36:56 -0500] "GET /BLA/resoluciones/RESOLUCIONES%202003/RES%202003%20901-950/901.tif HTTP/1.1" 200 299148
180.76.6.230 - - [25/Jan/2015:05:36:58 -0500] "GET /BLA/resoluciones/AUTOS%202010/0606.pdf HTTP/1.1" 200 194821
66.249.67.83 - - [25/Jan/2015:05:37:08 -0500] "GET /BLA/resoluciones/AUTOS%202008/1876.pdf HTTP/1.1" 200 71458
66.249.67.75 - - [25/Jan/2015:05:37:44 -0500] "GET /BLA/resoluciones/RESOLUCIONES%202011/1660.pdf HTTP/1.1" 304 -
66.249.67.111 - - [25/Jan/2015:05:38:20 -0500] "GET /PORTAL_SIAC/swf/Residuos/curtiembres/files/search/searchtext.xml HTTP/1.1" 304 -
180.76.5.169 - - [25/Jan/2015:05:38:28 -0500] "GET /BLA/resoluciones/index.php?dir=AUTOS%202010/&sort=size&order=asc HTTP/1.1" 200 223219
66.249.67.67 - - [25/Jan/2015:05:38:32 -0500] "GET /BLA/resoluciones/AUTOS%202011/2104.pdf HTTP/1.1" 304 -
74.86.158.107 - - [25/Jan/2015:05:38:44 -0500] "HEAD / HTTP/1.1" 302 -
66.249.67.83 - - [25/Jan/2015:05:38:56 -0500] "GET /BLA/resoluciones/RESOLUCIONES%202011/6215.pdf HTTP/1.1" 304 -
66.249.67.75 - - [25/Jan/2015:05:39:32 -0500] "GET /BLA/resoluciones/AUTOS%202013/1320.pdf HTTP/1.1" 304 -
188.165.15.61 - - [25/Jan/2015:05:39:40 -0500] "GET /BLA/resoluciones/RESOLUCIONES%202006/RES%202006%20401-450/00000413.tif HTTP/1.1" 200 242852
66.249.67.75 - - [25/Jan/2015:05:40:08 -0500] "GET /BLA/resoluciones/RESOLUCIONES%202010/7564.pdf HTTP/1.1" 304 -
180.76.5.18 - - [25/Jan/2015:05:40:43 -0500] "GET /BLA/resoluciones/RESOLUCIONES%202009/2175.pdf HTTP/1.1" 200 902265
66.249.67.75 - - [25/Jan/2015:05:40:43 -0500] "GET /BLA/resoluciones/RESOLUCIONES%202010/2514.pdf HTTP/1.1" 304 -
188.165.15.201 - - [25/Jan/2015:05:40:46 -0500] "GET /BLA/resoluciones/RESOLUCIONES%202005/RES%202005%202001-2050/00002004.tif HTTP/1.1" 200 202062
66.249.67.83 - - [25/Jan/2015:05:41:03 -0500] "GET /BLA/resoluciones/RESOLUCIONES%202003/RES%202003%202001-2051/20032023.tif HTTP/1.1" 200 100926
66.249.67.83 - - [25/Jan/2015:05:41:19 -0500] "GET /BLA/resoluciones/AUTOS%202012/0259.pdf HTTP/1.1" 304 -
66.249.67.67 - - [25/Jan/2015:05:41:25 -0500] "GET /BLA/resoluciones/RESOLUCIONES%202009/5815.pdf HTTP/1.1" 200 517384
66.249.67.67 - - [25/Jan/2015:05:41:55 -0500] "GET /BLA/resoluciones/RESOLUCIONES%202007/RES%202007%202301%20AL%202400/RESOLUCION%202396%20DE%202007.pdf HTTP/1.1" 304 -
66.249.67.83 - - [25/Jan/2015:05:42:31 -0500] "GET /BLA/resoluciones/RESOLUCIONES%202009/9548.pdf HTTP/1.1" 200 495921
180.76.6.130 - - [25/Jan/2015:05:42:40 -0500] "GET /BLA/resoluciones/RESOLUCIONES%202008/0579.pdf HTTP/1.1" 200 299628
66.249.67.67 - - [25/Jan/2015:05:43:07 -0500] "GET /BLA/resoluciones/RESOLUCIONES%202007/RES%202007%201401%20AL%201500/RESOLUCION%201472%20DE%202007.pdf HTTP/1.1" 304 -
66.249.67.67 - - [25/Jan/2015:05:43:43 -0500] "GET /BLA/resoluciones/RESOLUCIONES%202012/1223.pdf HTTP/1.1" 200 386444
74.86.158.107 - - [25/Jan/2015:05:43:44 -0500] "HEAD / HTTP/1.1" 302 -
190.109.168.19 - - [25/Jan/2015:05:43:48 -0500] "GET /galeria/nivo-slider/demo/images/bolsas-06.jpg HTTP/1.1" 200 90982
190.109.168.19 - - [25/Jan/2015:05:43:58 -0500] "GET /galeria/nivo-slider/demo/images/ecolecta-Dic2014.png HTTP/1.1" 200 288593
66.249.67.83 - - [25/Jan/2015:05:44:08 -0500] "GET /BLA/resoluciones/AUTOS%202011/2105.pdf HTTP/1.1" 304 -
190.109.168.19 - - [25/Jan/2015:05:44:09 -0500] "GET /galeria/nivo-slider/demo/images/porloshumedales.jpg HTTP/1.1" 200 351238
66.249.67.67 - - [25/Jan/2015:05:44:19 -0500] "GET /BLA/resoluciones/RESOLUCIONES%202014/3163.pdf HTTP/1.1" 304 -
