180.76.6.153 - - [25/Jan/2015:14:12:36 -0500] "GET /BLA/resoluciones/RESOLUCIONES%202007/RES%202007%202201%20AL%202300/RESOLUCION%202251%20DE%202007.pdf HTTP/1.1" 200 463696
186.82.82.112 - - [25/Jan/2015:14:12:37 -0500] "POST /forms/lservlet;jsessionid=ac16012b30d5921ad9c082454f2aa96fd36be22e6504.e3iSbxaKaheRe38RbNmLa3mSc41ynknvrkLOlQzNp65In0 HTTP/1.1" 200 2
66.249.67.75 - - [25/Jan/2015:14:12:51 -0500] "GET /BLA/resoluciones/AUTOS%202011/0235.pdf HTTP/1.1" 200 152483
74.86.158.107 - - [25/Jan/2015:14:13:13 -0500] "HEAD / HTTP/1.1" 302 -
181.130.148.2 - - [25/Jan/2015:14:13:29 -0500] "GET /BLA/resoluciones/RESOLUCIONES%202007/RES%202007%201301%20AL%201400/RESOLUCION%201367%20DE%202007.pdf HTTP/1.1" 200 391596
181.130.148.2 - - [25/Jan/2015:14:13:30 -0500] "GET /BLA/resoluciones/RESOLUCIONES%202007/RES%202007%201301%20AL%201400/RESOLUCION%201367%20DE%202007.pdf HTTP/1.1" 200 391596
180.76.5.189 - - [25/Jan/2015:14:13:33 -0500] "GET /BLA/resoluciones/RESOLUCIONES%202007/RES%202007%203301%20AL%203400/RESOLUCION%203399%20DE%202007.pdf HTTP/1.1" 200 445820
66.249.67.75 - - [25/Jan/2015:14:13:33 -0500] "GET /BLA/resoluciones/RESOLUCIONES%202009/0804.pdf HTTP/1.1" 200 202217
66.249.67.75 - - [25/Jan/2015:14:13:51 -0500] "GET /BLA/resoluciones/RESOLUCIONES%202004/RES%202004%201151-1200/00001162.tif HTTP/1.1" 200 199004
179.32.238.179 - - [25/Jan/2015:14:14:05 -0500] "GET /BLA/resoluciones/RESOLUCIONES%202014/2884.pdf HTTP/1.1" 200 193114
179.32.238.179 - - [25/Jan/2015:14:14:05 -0500] "GET /BLA/resoluciones/RESOLUCIONES%202014/2884.pdf HTTP/1.1" 206 32768
190.84.181.172 - - [25/Jan/2015:14:14:06 -0500] "GET /BLA/boletinlegal/js/jquery.scrollTo-min.js HTTP/1.1" 200 1150
190.84.181.172 - - [25/Jan/2015:14:14:06 -0500] "GET /BLA/boletinlegal/js/jquery.scrollShow.js HTTP/1.1" 200 4586
190.84.181.172 - - [25/Jan/2015:14:14:06 -0500] "GET /BLA/boletinlegal/js/jquery.js HTTP/1.1" 200 57254
179.32.238.179 - - [25/Jan/2015:14:14:06 -0500] "GET /BLA/resoluciones/RESOLUCIONES%202014/2884.pdf HTTP/1.1" 206 32768
179.32.238.179 - - [25/Jan/2015:14:14:06 -0500] "GET /BLA/resoluciones/RESOLUCIONES%202014/2884.pdf HTTP/1.1" 206 32768
179.32.238.179 - - [25/Jan/2015:14:14:06 -0500] "GET /BLA/resoluciones/RESOLUCIONES%202014/2884.pdf HTTP/1.1" 206 32768
179.32.238.179 - - [25/Jan/2015:14:14:06 -0500] "GET /BLA/resoluciones/RESOLUCIONES%202014/2884.pdf HTTP/1.1" 206 62042
179.32.238.179 - - [25/Jan/2015:14:14:07 -0500] "GET /favicon.ico HTTP/1.1" 200 7782
66.249.67.83 - - [25/Jan/2015:14:14:12 -0500] "GET /BLA/resoluciones/RESOLUCIONES%202008/1963.pdf HTTP/1.1" 200 63336
66.249.67.75 - - [25/Jan/2015:14:14:30 -0500] "GET /BLA/resoluciones/AUTOS%202007/2212.pdf HTTP/1.1" 200 88934
190.66.217.140 - - [25/Jan/2015:14:14:32 -0500] "GET /BLA/boletinlegal/js/jquery.js HTTP/1.1" 200 57254
190.66.217.140 - - [25/Jan/2015:14:14:32 -0500] "GET /BLA/boletinlegal/js/jquery.scrollTo-min.js HTTP/1.1" 200 1150
190.66.217.140 - - [25/Jan/2015:14:14:32 -0500] "GET /BLA/boletinlegal/js/jquery.scrollShow.js HTTP/1.1" 200 4586
181.50.241.109 - - [25/Jan/2015:14:14:33 -0500] "POST /forms/lservlet;jsessionid=ac16012b30d58ceacfbbcf574491834094438985f5fd.e3iSbxaKaheRe38RbNmLa3mSc41ynknvrkLOlQzNp65In0 HTTP/1.1" 200 2
178.162.193.34 - - [25/Jan/2015:14:14:36 -0500] "GET /BLA/resoluciones/RESOLUCIONES%202009/3113.pdf HTTP/1.0" 200 477427
186.82.82.112 - - [25/Jan/2015:14:14:37 -0500] "POST /forms/lservlet;jsessionid=ac16012b30d5921ad9c082454f2aa96fd36be22e6504.e3iSbxaKaheRe38RbNmLa3mSc41ynknvrkLOlQzNp65In0 HTTP/1.1" 200 2
66.249.67.75 - - [25/Jan/2015:14:15:28 -0500] "GET /BLA/resoluciones/RESOLUCIONES%202009/6214.pdf HTTP/1.1" 200 908133
178.162.193.34 - - [25/Jan/2015:14:15:29 -0500] "GET /BLA/resoluciones/AUTOS%202013/0099.pdf HTTP/1.0" 200 1312510
189.163.138.56 - - [25/Jan/2015:14:15:31 -0500] "GET /BLA/boletinlegal/js/jquery.js HTTP/1.1" 200 57254
189.163.138.56 - - [25/Jan/2015:14:15:31 -0500] "GET /BLA/boletinlegal/js/jquery.scrollTo-min.js HTTP/1.1" 200 1150
189.163.138.56 - - [25/Jan/2015:14:15:31 -0500] "GET /BLA/boletinlegal/js/jquery.scrollShow.js HTTP/1.1" 200 4586
66.249.67.67 - - [25/Jan/2015:14:15:33 -0500] "GET /BLA/resoluciones/RESOLUCIONES%202009/4123.pdf HTTP/1.1" 200 761870
186.117.178.102 - - [25/Jan/2015:14:15:57 -0500] "GET /BLA/resoluciones/RESOLUCIONES%202007/RES%202007%20501%20AL%20600/RESOLUCION%200507%20DE%202007.pdf HTTP/1.1" 200 317943
66.249.67.75 - - [25/Jan/2015:14:16:06 -0500] "GET /BLA/resoluciones/RESOLUCIONES%202004/RES%202004%201151-1200/00001157.tif HTTP/1.1" 200 192234
66.249.67.67 - - [25/Jan/2015:14:16:25 -0500] "GET /BLA/resoluciones/RESOLUCIONES%202009/8024.pdf HTTP/1.1" 200 517158
181.50.241.109 - - [25/Jan/2015:14:16:33 -0500] "POST /forms/lservlet;jsessionid=ac16012b30d58ceacfbbcf574491834094438985f5fd.e3iSbxaKaheRe38RbNmLa3mSc41ynknvrkLOlQzNp65In0 HTTP/1.1" 200 2
186.82.82.112 - - [25/Jan/2015:14:16:38 -0500] "POST /forms/lservlet;jsessionid=ac16012b30d5921ad9c082454f2aa96fd36be22e6504.e3iSbxaKaheRe38RbNmLa3mSc41ynknvrkLOlQzNp65In0 HTTP/1.1" 200 2
190.24.76.64 - - [25/Jan/2015:14:16:41 -0500] "GET /BLA/boletinlegal/js/jquery.js HTTP/1.1" 200 57254
190.24.76.64 - - [25/Jan/2015:14:16:41 -0500] "GET /BLA/boletinlegal/js/jquery.scrollTo-min.js HTTP/1.1" 200 1150
190.24.76.64 - - [25/Jan/2015:14:16:41 -0500] "GET /BLA/boletinlegal/js/jquery.scrollShow.js HTTP/1.1" 200 4586
190.24.76.64 - - [25/Jan/2015:14:16:42 -0500] "GET /galeria/carrusel/Carrusel/jquery.thumbnailScroller.js HTTP/1.1" 200 8157
190.24.76.64 - - [25/Jan/2015:14:16:42 -0500] "GET /galeria/carrusel/Carrusel/jquery.thumbnailScroller.css HTTP/1.1" 200 2066
190.24.76.64 - - [25/Jan/2015:14:16:42 -0500] "GET /galeria/carrusel/Carrusel/jquery-ui-1.8.13.custom.min.js HTTP/1.1" 200 10800
190.24.76.64 - - [25/Jan/2015:14:16:43 -0500] "GET /galeria/nivo-slider/demo/demo.html HTTP/1.1" 200 3150
190.24.76.64 - - [25/Jan/2015:14:16:44 -0500] "GET /galeria/nivo-slider/themes/default/default.css HTTP/1.1" 200 1569
190.24.76.64 - - [25/Jan/2015:14:16:44 -0500] "GET /galeria/nivo-slider/themes/pascal/pascal.css HTTP/1.1" 200 2258
190.24.76.64 - - [25/Jan/2015:14:16:44 -0500] "GET /galeria/nivo-slider/themes/orman/orman.css HTTP/1.1" 200 2152
190.24.76.64 - - [25/Jan/2015:14:16:44 -0500] "GET /galeria/nivo-slider/nivo-slider.css HTTP/1.1" 200 1507
190.24.76.64 - - [25/Jan/2015:14:16:44 -0500] "GET /galeria/nivo-slider/jquery.nivo.slider.pack.js HTTP/1.1" 200 11561
190.24.76.64 - - [25/Jan/2015:14:16:44 -0500] "GET /galeria/nivo-slider/demo/scripts/jquery-1.7.1.min.js HTTP/1.1" 200 93868
190.24.76.64 - - [25/Jan/2015:14:16:44 -0500] "GET /galeria/nivo-slider/demo/style.css HTTP/1.1" 200 2222
190.24.76.64 - - [25/Jan/2015:14:16:44 -0500] "GET /galeria/nivo-slider/demo/images/bolsas-08.jpg HTTP/1.1" 200 85589
190.24.76.64 - - [25/Jan/2015:14:16:44 -0500] "GET /galeria/nivo-slider/demo/images/Ruta-vertimientos-01.jpg HTTP/1.1" 200 130151
190.24.76.64 - - [25/Jan/2015:14:16:44 -0500] "GET /galeria/nivo-slider/demo/images/bolsas-06.jpg HTTP/1.1" 200 90982
190.24.76.64 - - [25/Jan/2015:14:16:44 -0500] "GET /galeria/nivo-slider/demo/images/ecolecta-Dic2014.png HTTP/1.1" 200 288593
190.24.76.64 - - [25/Jan/2015:14:16:45 -0500] "GET /galeria/nivo-slider/demo/images/porloshumedales.jpg HTTP/1.1" 200 351238
190.24.76.64 - - [25/Jan/2015:14:16:45 -0500] "GET /galeria/nivo-slider/demo/images/Tingua-azul.jpg HTTP/1.1" 200 307638
190.24.76.64 - - [25/Jan/2015:14:16:46 -0500] "GET /galeria/nivo-slider/demo/images/Banner-Caracol-Africano.jpg HTTP/1.1" 200 331986
190.24.76.64 - - [25/Jan/2015:14:16:46 -0500] "GET /galeria/nivo-slider/demo/images/banner-redes.jpg HTTP/1.1" 200 62209
190.24.76.64 - - [25/Jan/2015:14:16:46 -0500] "GET /galeria/nivo-slider/demo/images/9Signos.jpg HTTP/1.1" 200 93040
190.24.76.64 - - [25/Jan/2015:14:16:47 -0500] "GET /galeria/nivo-slider/demo/images/banner-llantas2.jpg HTTP/1.1" 200 73153
190.24.76.64 - - [25/Jan/2015:14:16:48 -0500] "GET /galeria/nivo-slider/demo/images/banner-caballos.png HTTP/1.1" 200 389106
190.24.76.64 - - [25/Jan/2015:14:16:48 -0500] "GET /galeria/nivo-slider/demo/images/4Simple_Slider.png HTTP/1.1" 200 11722
190.24.76.64 - - [25/Jan/2015:14:16:48 -0500] "GET /galeria/nivo-slider/themes/default/loading.gif HTTP/1.1" 200 1737
190.24.76.64 - - [25/Jan/2015:14:16:49 -0500] "GET /galeria/nivo-slider/themes/default/arrows.png HTTP/1.1" 200 824
190.24.76.64 - - [25/Jan/2015:14:16:49 -0500] "GET /galeria/nivo-slider/themes/default/bullets.png HTTP/1.1" 200 1281
190.24.76.64 - - [25/Jan/2015:14:16:50 -0500] "GET /videos/Spot_CambioClimatico.flv HTTP/1.1" 200 4371917
66.249.67.75 - - [25/Jan/2015:14:16:55 -0500] "GET /BLA/resoluciones/RESOLUCIONES%202008/5299.pdf HTTP/1.1" 200 259764
139.18.2.68 - - [25/Jan/2015:14:17:20 -0500] "GET /robots.txt HTTP/1.0" 404 1015
66.249.67.75 - - [25/Jan/2015:14:17:23 -0500] "GET /BLA/resoluciones/AUTOS%202007/1552.pdf HTTP/1.1" 200 29569
139.18.2.68 - - [25/Jan/2015:14:17:24 -0500] "GET / HTTP/1.0" 302 -
180.76.6.37 - - [25/Jan/2015:14:17:36 -0500] "GET /BLA/boletinlegal/Circulares/2009/Circular%20Instructiva%20-%20Memorando%202009IE24363.pdf HTTP/1.1" 200 1544636
191.103.236.233 - - [25/Jan/2015:14:18:05 -0500] "GET /BLA/boletinlegal/js/jquery.js HTTP/1.1" 200 57254
191.103.236.233 - - [25/Jan/2015:14:18:05 -0500] "GET /BLA/boletinlegal/js/jquery.scrollTo-min.js HTTP/1.1" 200 1150
191.103.236.233 - - [25/Jan/2015:14:18:05 -0500] "GET /BLA/boletinlegal/js/jquery.scrollShow.js HTTP/1.1" 200 4586
74.86.158.107 - - [25/Jan/2015:14:18:13 -0500] "HEAD / HTTP/1.1" 302 -
66.249.67.83 - - [25/Jan/2015:14:18:16 -0500] "GET /BLA/resoluciones/AUTOS%202008/2075.pdf HTTP/1.1" 200 146876
188.165.15.61 - - [25/Jan/2015:14:18:18 -0500] "GET /BLA/resoluciones/RESOLUCIONES%202005/RES%202005%20301-351/00000307.tif HTTP/1.1" 200 52220
66.249.67.75 - - [25/Jan/2015:14:18:20 -0500] "GET /BLA/resoluciones/RESOLUCIONES%202009/3363.pdf HTTP/1.1" 200 556061
181.50.241.109 - - [25/Jan/2015:14:18:33 -0500] "POST /forms/lservlet;jsessionid=ac16012b30d58ceacfbbcf574491834094438985f5fd.e3iSbxaKaheRe38RbNmLa3mSc41ynknvrkLOlQzNp65In0 HTTP/1.1" 200 2
186.82.82.112 - - [25/Jan/2015:14:18:38 -0500] "POST /forms/lservlet;jsessionid=ac16012b30d5921ad9c082454f2aa96fd36be22e6504.e3iSbxaKaheRe38RbNmLa3mSc41ynknvrkLOlQzNp65In0 HTTP/1.1" 200 2
66.249.67.75 - - [25/Jan/2015:14:19:17 -0500] "GET /BLA/resoluciones/AUTOS%202007/0194.pdf HTTP/1.1" 200 104948
178.162.193.34 - - [25/Jan/2015:14:19:27 -0500] "GET /BLA/resoluciones/RESOLUCIONES%202010/5907.pdf HTTP/1.0" 200 937372
66.249.67.75 - - [25/Jan/2015:14:19:37 -0500] "GET /BLA/resoluciones/RESOLUCIONES%202009/2458.pdf HTTP/1.1" 200 261451
66.249.67.67 - - [25/Jan/2015:14:20:15 -0500] "GET /BLA/resoluciones/RESOLUCIONES%202010/2507.pdf HTTP/1.1" 200 457247
181.50.241.109 - - [25/Jan/2015:14:20:33 -0500] "POST /forms/lservlet;jsessionid=ac16012b30d58ceacfbbcf574491834094438985f5fd.e3iSbxaKaheRe38RbNmLa3mSc41ynknvrkLOlQzNp65In0 HTTP/1.1" 200 2
186.82.82.112 - - [25/Jan/2015:14:20:38 -0500] "POST /forms/lservlet;jsessionid=ac16012b30d5921ad9c082454f2aa96fd36be22e6504.e3iSbxaKaheRe38RbNmLa3mSc41ynknvrkLOlQzNp65In0 HTTP/1.1" 200 2
178.162.193.34 - - [25/Jan/2015:14:20:39 -0500] "GET /BLA/resoluciones/RESOLUCIONES%202007/RES%202007%202201%20AL%202300/RESOLUCION%202247%20DE%202007.pdf HTTP/1.0" 200 684546
202.46.63.66 - - [25/Jan/2015:14:20:42 -0500] "GET /BLA/resoluciones/RESOLUCIONES%202007/RES%202007%202201%20AL%202300/RESOLUCION%202251%20DE%202007.pdf HTTP/1.1" 200 463696
66.249.67.75 - - [25/Jan/2015:14:20:58 -0500] "GET /BLA/resoluciones/RESOLUCIONES%202004/RES%202004%201151-1200/00001191.tif HTTP/1.1" 200 194628
66.249.67.75 - - [25/Jan/2015:14:20:59 -0500] "GET /BLA/resoluciones/RESOLUCIONES%202007/RES%202007%201201%20AL%201300/RESOLUCION%201289%20DE%202007.pdf HTTP/1.1" 200 1037348
178.162.193.34 - - [25/Jan/2015:14:21:08 -0500] "GET /BLA/resoluciones/RESOLUCIONES%202008/4806.pdf HTTP/1.0" 200 543109
66.249.67.75 - - [25/Jan/2015:14:21:12 -0500] "GET /BLA/resoluciones/RESOLUCIONES%202012/1552.pdf HTTP/1.1" 200 450745
202.46.48.202 - - [25/Jan/2015:14:21:31 -0500] "GET /BLA/resoluciones/RESOLUCIONES%202007/RES%202007%203301%20AL%203400/RESOLUCION%203399%20DE%202007.pdf HTTP/1.1" 200 445820
66.249.67.83 - - [25/Jan/2015:14:22:10 -0500] "GET /BLA/resoluciones/AUTOS%202011/7646.pdf HTTP/1.1" 200 480011
180.76.5.57 - - [25/Jan/2015:14:22:16 -0500] "GET /BLA/resoluciones/RESOLUCIONES%202007/RES%202007%202201%20AL%202300/RESOLUCION%202252%20DE%202007.pdf HTTP/1.1" 200 417497
66.249.67.67 - - [25/Jan/2015:14:22:19 -0500] "GET /BLA/resoluciones/RESOLUCIONES%202007/RES%202007%201%20AL%20100/RESOLUCION%200014%20DE%202007.pdf HTTP/1.1" 200 413552
181.50.241.109 - - [25/Jan/2015:14:22:33 -0500] "POST /forms/lservlet;jsessionid=ac16012b30d58ceacfbbcf574491834094438985f5fd.e3iSbxaKaheRe38RbNmLa3mSc41ynknvrkLOlQzNp65In0 HTTP/1.1" 200 2
186.82.82.112 - - [25/Jan/2015:14:22:38 -0500] "POST /forms/lservlet;jsessionid=ac16012b30d5921ad9c082454f2aa96fd36be22e6504.e3iSbxaKaheRe38RbNmLa3mSc41ynknvrkLOlQzNp65In0 HTTP/1.1" 200 2
188.165.15.61 - - [25/Jan/2015:14:22:41 -0500] "GET /BLA/resoluciones/RESOLUCIONES%202006/RES%202006%20501-550/00000527.tif HTTP/1.1" 200 215178
189.192.218.68 - - [25/Jan/2015:14:22:54 -0500] "GET /BLA/boletinlegal/js/jquery.js HTTP/1.1" 200 57254
189.192.218.68 - - [25/Jan/2015:14:22:54 -0500] "GET /BLA/boletinlegal/js/jquery.scrollTo-min.js HTTP/1.1" 200 1150
189.192.218.68 - - [25/Jan/2015:14:22:54 -0500] "GET /BLA/boletinlegal/js/jquery.scrollShow.js HTTP/1.1" 200 4586
66.249.67.67 - - [25/Jan/2015:14:23:07 -0500] "GET /BLA/resoluciones/RESOLUCIONES%202010/5435.pdf HTTP/1.1" 304 -
186.85.187.129 - - [25/Jan/2015:14:23:11 -0500] "GET /BLA/boletinlegal/js/jquery.js HTTP/1.1" 200 57254
186.85.187.129 - - [25/Jan/2015:14:23:11 -0500] "GET /BLA/boletinlegal/js/jquery.scrollTo-min.js HTTP/1.1" 200 1150
186.85.187.129 - - [25/Jan/2015:14:23:11 -0500] "GET /BLA/boletinlegal/js/jquery.scrollShow.js HTTP/1.1" 200 4586
74.86.158.107 - - [25/Jan/2015:14:23:13 -0500] "HEAD / HTTP/1.1" 302 -
66.249.67.83 - - [25/Jan/2015:14:23:41 -0500] "GET /BLA/resoluciones/AUTOS%202008/2266.pdf HTTP/1.1" 200 240007
66.249.67.67 - - [25/Jan/2015:14:24:05 -0500] "GET /BLA/resoluciones/RESOLUCIONES%202009/4923.pdf HTTP/1.1" 200 153932
181.50.241.109 - - [25/Jan/2015:14:24:33 -0500] "POST /forms/lservlet;jsessionid=ac16012b30d58ceacfbbcf574491834094438985f5fd.e3iSbxaKaheRe38RbNmLa3mSc41ynknvrkLOlQzNp65In0 HTTP/1.1" 200 2
186.119.84.206 - - [25/Jan/2015:14:24:37 -0500] "GET /BLA/boletinlegal/js/jquery.js HTTP/1.1" 200 57254
186.119.84.206 - - [25/Jan/2015:14:24:37 -0500] "GET /BLA/boletinlegal/js/jquery.scrollShow.js HTTP/1.1" 200 4586
186.119.84.206 - - [25/Jan/2015:14:24:37 -0500] "GET /BLA/boletinlegal/js/jquery.scrollTo-min.js HTTP/1.1" 200 1150
186.82.82.112 - - [25/Jan/2015:14:24:38 -0500] "POST /forms/lservlet;jsessionid=ac16012b30d5921ad9c082454f2aa96fd36be22e6504.e3iSbxaKaheRe38RbNmLa3mSc41ynknvrkLOlQzNp65In0 HTTP/1.1" 200 2
178.162.193.34 - - [25/Jan/2015:14:24:46 -0500] "GET /BLA/resoluciones/RESOLUCIONES%202008/4187.pdf HTTP/1.0" 200 588463
66.249.67.83 - - [25/Jan/2015:14:25:02 -0500] "GET /BLA/resoluciones/AUTOS%202007/2763.pdf HTTP/1.1" 200 145318
66.249.67.67 - - [25/Jan/2015:14:25:03 -0500] "GET /BLA/resoluciones/RESOLUCIONES%202009/1148.pdf HTTP/1.1" 200 438707
188.165.15.110 - - [25/Jan/2015:14:25:42 -0500] "GET /BLA/resoluciones/RESOLUCIONES%202005/RES%202005%20351-400/00000397.tif HTTP/1.1" 200 185648
66.249.67.83 - - [25/Jan/2015:14:26:00 -0500] "GET /BLA/resoluciones/RESOLUCIONES%202009/6818.pdf HTTP/1.1" 200 576285
178.162.193.34 - - [25/Jan/2015:14:26:23 -0500] "GET /BLA/resoluciones/AUTOS%202013/1127.pdf HTTP/1.0" 200 1019207
66.249.67.75 - - [25/Jan/2015:14:26:23 -0500] "GET /BLA/resoluciones/RESOLUCIONES%202008/2709.pdf HTTP/1.1" 200 294247
181.50.241.109 - - [25/Jan/2015:14:26:33 -0500] "POST /forms/lservlet;jsessionid=ac16012b30d58ceacfbbcf574491834094438985f5fd.e3iSbxaKaheRe38RbNmLa3mSc41ynknvrkLOlQzNp65In0 HTTP/1.1" 200 2
186.82.82.112 - - [25/Jan/2015:14:26:39 -0500] "POST /forms/lservlet;jsessionid=ac16012b30d5921ad9c082454f2aa96fd36be22e6504.e3iSbxaKaheRe38RbNmLa3mSc41ynknvrkLOlQzNp65In0 HTTP/1.1" 200 2
181.112.20.132 - - [25/Jan/2015:14:26:41 -0500] "GET /BLA/boletinlegal/js/jquery.js HTTP/1.1" 200 57254
181.112.20.132 - - [25/Jan/2015:14:26:41 -0500] "GET /BLA/boletinlegal/js/jquery.scrollTo-min.js HTTP/1.1" 200 1150
181.112.20.132 - - [25/Jan/2015:14:26:41 -0500] "GET /BLA/boletinlegal/js/jquery.scrollShow.js HTTP/1.1" 200 4586
181.112.20.132 - - [25/Jan/2015:14:26:46 -0500] "GET /hidrico/aguas%20subterraneas/ HTTP/1.1" 404 1296
186.85.187.129 - - [25/Jan/2015:14:26:46 -0500] "GET /BLA/boletinlegal/js/jquery.js HTTP/1.1" 304 -
186.85.187.129 - - [25/Jan/2015:14:26:46 -0500] "GET /BLA/boletinlegal/js/jquery.scrollTo-min.js HTTP/1.1" 304 -
186.85.187.129 - - [25/Jan/2015:14:26:46 -0500] "GET /BLA/boletinlegal/js/jquery.scrollShow.js HTTP/1.1" 304 -
66.249.67.67 - - [25/Jan/2015:14:26:57 -0500] "GET /BLA/resoluciones/AUTOS%202013/1689.pdf HTTP/1.1" 200 1901505
66.249.67.75 - - [25/Jan/2015:14:27:13 -0500] "GET /BLA/resoluciones/RESOLUCIONES%202002/RES%202002%201301-1350/20021342.tif HTTP/1.1" 200 40164
66.249.67.75 - - [25/Jan/2015:14:27:14 -0500] "GET /BLA/resoluciones/RESOLUCIONES%202003/RES%202003%20901-950/906.tif HTTP/1.1" 200 132264
186.180.21.27 - - [25/Jan/2015:14:27:15 -0500] "GET /BLA/boletinlegal/js/jquery.scrollTo-min.js HTTP/1.1" 200 1150
186.180.21.27 - - [25/Jan/2015:14:27:15 -0500] "GET /BLA/boletinlegal/js/jquery.js HTTP/1.1" 200 57254
186.180.21.27 - - [25/Jan/2015:14:27:15 -0500] "GET /BLA/boletinlegal/js/jquery.scrollShow.js HTTP/1.1" 200 4586
188.165.15.59 - - [25/Jan/2015:14:27:29 -0500] "GET /BLA/resoluciones/RESOLUCIONES%202005/RES%202005%202701%20-2750/00002716.tif HTTP/1.1" 200 467266
186.85.187.129 - - [25/Jan/2015:14:27:29 -0500] "GET /BLA/boletinlegal/js/jquery.scrollTo-min.js HTTP/1.1" 200 1150
186.85.187.129 - - [25/Jan/2015:14:27:29 -0500] "GET /BLA/boletinlegal/js/jquery.js HTTP/1.1" 200 57254
186.85.187.129 - - [25/Jan/2015:14:27:29 -0500] "GET /BLA/boletinlegal/js/jquery.scrollShow.js HTTP/1.1" 200 4586
66.249.67.83 - - [25/Jan/2015:14:27:45 -0500] "GET /BLA/resoluciones/RESOLUCIONES%202009/4493.pdf HTTP/1.1" 200 492841
180.76.5.27 - - [25/Jan/2015:14:27:46 -0500] "GET /BLA/resoluciones/index.php?dir=RESOLUCIONES+2007%2FRES+2007+2901+AL+3000%2F HTTP/1.1" 200 26859
188.165.15.110 - - [25/Jan/2015:14:27:49 -0500] "GET /BLA/resoluciones/index.php?dir=RESOLUCIONES%202006/RES%202006%201-50/&sort=size&order=desc HTTP/1.1" 200 11866
66.249.67.83 - - [25/Jan/2015:14:27:55 -0500] "GET /BLA/resoluciones/RESOLUCIONES%202013/0079.pdf HTTP/1.1" 200 2372591
186.82.88.144 - - [25/Jan/2015:14:27:56 -0500] "GET /galeria/carrusel/Carrusel/jquery.thumbnailScroller.css HTTP/1.1" 200 2066
186.82.88.144 - - [25/Jan/2015:14:27:56 -0500] "GET /BLA/boletinlegal/js/jquery.js HTTP/1.1" 200 57254
186.82.88.144 - - [25/Jan/2015:14:27:57 -0500] "GET /BLA/boletinlegal/js/jquery.scrollShow.js HTTP/1.1" 200 4586
186.82.88.144 - - [25/Jan/2015:14:27:57 -0500] "GET /galeria/carrusel/Carrusel/jquery-ui-1.8.13.custom.min.js HTTP/1.1" 200 10800
186.82.88.144 - - [25/Jan/2015:14:27:58 -0500] "GET /galeria/carrusel/Carrusel/jquery.thumbnailScroller.js HTTP/1.1" 200 8157
186.82.88.144 - - [25/Jan/2015:14:27:59 -0500] "GET /BLA/boletinlegal/js/jquery.scrollTo-min.js HTTP/1.1" 200 1150
186.82.88.144 - - [25/Jan/2015:14:28:08 -0500] "GET /galeria/nivo-slider/demo/demo.html HTTP/1.1" 200 3150
186.82.88.144 - - [25/Jan/2015:14:28:10 -0500] "GET /galeria/nivo-slider/themes/default/default.css HTTP/1.1" 200 1569
186.82.88.144 - - [25/Jan/2015:14:28:10 -0500] "GET /galeria/nivo-slider/themes/pascal/pascal.css HTTP/1.1" 200 2258
186.82.88.144 - - [25/Jan/2015:14:28:10 -0500] "GET /galeria/nivo-slider/nivo-slider.css HTTP/1.1" 200 1507
186.82.88.144 - - [25/Jan/2015:14:28:10 -0500] "GET /galeria/nivo-slider/demo/style.css HTTP/1.1" 200 2222
186.82.88.144 - - [25/Jan/2015:14:28:10 -0500] "GET /galeria/nivo-slider/themes/orman/orman.css HTTP/1.1" 200 2152
186.82.88.144 - - [25/Jan/2015:14:28:10 -0500] "GET /galeria/nivo-slider/demo/scripts/jquery-1.7.1.min.js HTTP/1.1" 200 93868
186.82.88.144 - - [25/Jan/2015:14:28:11 -0500] "GET /galeria/nivo-slider/jquery.nivo.slider.pack.js HTTP/1.1" 200 11561
74.86.158.107 - - [25/Jan/2015:14:28:13 -0500] "HEAD / HTTP/1.1" 302 -
186.82.88.144 - - [25/Jan/2015:14:28:16 -0500] "GET /galeria/nivo-slider/demo/images/bolsas-08.jpg HTTP/1.1" 200 85589
186.119.84.206 - - [25/Jan/2015:14:24:47 -0500] "GET /videos/CRRFFS.mp4 HTTP/1.1" 200 286784363
180.76.6.64 - - [25/Jan/2015:14:28:32 -0500] "GET /BLA/resoluciones/RESOLUCIONES%202007/RES%202007%203501%20AL%203600/RESOLUCION%203556%20DE%202007.pdf HTTP/1.1" 200 108455
181.50.241.109 - - [25/Jan/2015:14:28:33 -0500] "POST /forms/lservlet;jsessionid=ac16012b30d58ceacfbbcf574491834094438985f5fd.e3iSbxaKaheRe38RbNmLa3mSc41ynknvrkLOlQzNp65In0 HTTP/1.1" 200 2
186.82.82.112 - - [25/Jan/2015:14:28:39 -0500] "POST /forms/lservlet;jsessionid=ac16012b30d5921ad9c082454f2aa96fd36be22e6504.e3iSbxaKaheRe38RbNmLa3mSc41ynknvrkLOlQzNp65In0 HTTP/1.1" 200 2
66.249.67.67 - - [25/Jan/2015:14:28:52 -0500] "GET /BLA/resoluciones/RESOLUCIONES%202007/RES%202007%203101%20AL%203200/RESOLUCION%203191%20DE%202007.pdf HTTP/1.1" 200 702698
188.165.15.177 - - [25/Jan/2015:14:29:02 -0500] "GET /BLA/resoluciones/RESOLUCIONES%202004/RES%202004%201351-1400/00001386.tif HTTP/1.1" 200 197712
66.249.67.75 - - [25/Jan/2015:14:29:06 -0500] "GET /BLA/resoluciones/RESOLUCIONES%202008/5311.pdf HTTP/1.1" 200 204171
180.76.5.191 - - [25/Jan/2015:14:29:19 -0500] "GET /BLA/resoluciones/AUTOS%202012/0543.pdf HTTP/1.1" 200 271045
66.249.67.83 - - [25/Jan/2015:14:29:49 -0500] "GET /BLA/resoluciones/AUTOS%202009/1944.pdf HTTP/1.1" 304 -
180.76.5.145 - - [25/Jan/2015:14:29:53 -0500] "GET /cyber/pml/pml1/pml34.htm HTTP/1.1" 404 1019
66.249.67.83 - - [25/Jan/2015:14:30:27 -0500] "GET /BLA/resoluciones/RESOLUCIONES%202009/1572.pdf HTTP/1.1" 200 86111
181.50.241.109 - - [25/Jan/2015:14:30:33 -0500] "POST /forms/lservlet;jsessionid=ac16012b30d58ceacfbbcf574491834094438985f5fd.e3iSbxaKaheRe38RbNmLa3mSc41ynknvrkLOlQzNp65In0 HTTP/1.1" 200 2
186.82.82.112 - - [25/Jan/2015:14:30:40 -0500] "POST /forms/lservlet;jsessionid=ac16012b30d5921ad9c082454f2aa96fd36be22e6504.e3iSbxaKaheRe38RbNmLa3mSc41ynknvrkLOlQzNp65In0 HTTP/1.1" 200 2
66.249.67.83 - - [25/Jan/2015:14:30:47 -0500] "GET /BLA/resoluciones/RESOLUCIONES%202010/5694.pdf HTTP/1.1" 200 107187
201.184.106.23 - - [25/Jan/2015:14:31:17 -0500] "GET /BLA/boletinlegal/js/jquery.js HTTP/1.1" 200 57254
201.184.106.23 - - [25/Jan/2015:14:31:17 -0500] "GET /BLA/boletinlegal/js/jquery.scrollTo-min.js HTTP/1.1" 200 1150
201.184.106.23 - - [25/Jan/2015:14:31:17 -0500] "GET /BLA/boletinlegal/js/jquery.scrollShow.js HTTP/1.1" 200 4586
66.249.67.83 - - [25/Jan/2015:14:31:44 -0500] "GET /BLA/resoluciones/RESOLUCIONES%202009/8419.pdf HTTP/1.1" 200 460675
66.249.67.83 - - [25/Jan/2015:14:31:47 -0500] "GET /BLA/resoluciones/RESOLUCIONES%202007/RES%202007%202301%20AL%202400/RESOLUCION%202313%20DE%202007.pdf HTTP/1.1" 200 779380
188.165.15.110 - - [25/Jan/2015:14:32:29 -0500] "GET /BLA/resoluciones/RESOLUCIONES%202003/RES%202003%201801-1850/20031837.tif HTTP/1.1" 200 259770
181.50.241.109 - - [25/Jan/2015:14:32:33 -0500] "POST /forms/lservlet;jsessionid=ac16012b30d58ceacfbbcf574491834094438985f5fd.e3iSbxaKaheRe38RbNmLa3mSc41ynknvrkLOlQzNp65In0 HTTP/1.1" 200 2
186.82.82.112 - - [25/Jan/2015:14:32:40 -0500] "POST /forms/lservlet;jsessionid=ac16012b30d5921ad9c082454f2aa96fd36be22e6504.e3iSbxaKaheRe38RbNmLa3mSc41ynknvrkLOlQzNp65In0 HTTP/1.1" 200 2
66.249.67.75 - - [25/Jan/2015:14:32:42 -0500] "GET /BLA/resoluciones/RESOLUCIONES%202010/3118.pdf HTTP/1.1" 200 516103
66.249.67.75 - - [25/Jan/2015:14:33:09 -0500] "GET /BLA/resoluciones/RESOLUCIONES%202008/1802.pdf HTTP/1.1" 200 391835
74.86.158.107 - - [25/Jan/2015:14:33:13 -0500] "HEAD / HTTP/1.1" 302 -
66.249.67.75 - - [25/Jan/2015:14:33:39 -0500] "GET /BLA/resoluciones/RESOLUCIONES%202007/RES%202007%201726%20AL%201800/RESOLUCION%201790%20DE%202007.pdf HTTP/1.1" 200 96428
66.249.67.75 - - [25/Jan/2015:14:33:46 -0500] "GET /BLA/resoluciones/RESOLUCIONES%202002/RES%202002%201301-1350/20021330.tif HTTP/1.1" 200 87060
66.249.67.67 - - [25/Jan/2015:14:34:31 -0500] "GET /BLA/resoluciones/AUTOS%202007/0890.pdf HTTP/1.1" 200 156957
181.50.241.109 - - [25/Jan/2015:14:34:33 -0500] "POST /forms/lservlet;jsessionid=ac16012b30d58ceacfbbcf574491834094438985f5fd.e3iSbxaKaheRe38RbNmLa3mSc41ynknvrkLOlQzNp65In0 HTTP/1.1" 200 2
66.249.67.83 - - [25/Jan/2015:14:34:37 -0500] "GET /BLA/resoluciones/RESOLUCIONES%202009/5695.pdf HTTP/1.1" 200 327632
186.82.82.112 - - [25/Jan/2015:14:34:40 -0500] "POST /forms/lservlet;jsessionid=ac16012b30d5921ad9c082454f2aa96fd36be22e6504.e3iSbxaKaheRe38RbNmLa3mSc41ynknvrkLOlQzNp65In0 HTTP/1.1" 200 2
202.46.62.147 - - [25/Jan/2015:14:35:25 -0500] "GET /BLA/resoluciones/AUTOS%202012/0543.pdf HTTP/1.1" 200 271045
66.249.67.67 - - [25/Jan/2015:14:35:34 -0500] "GET /BLA/resoluciones/RESOLUCIONES%202009/3786.pdf HTTP/1.1" 304 -
66.249.67.83 - - [25/Jan/2015:14:35:52 -0500] "GET /BLA/resoluciones/RESOLUCIONES%202009/2861.pdf HTTP/1.1" 200 781613
190.3.252.189 - - [25/Jan/2015:14:36:10 -0500] "GET /BLA/resoluciones/RESOLUCIONES%202007/RES%202007%201501%20AL%201600/RESOLUCION%201517%20DE%202007.pdf HTTP/1.1" 200 376088
180.76.5.169 - - [25/Jan/2015:14:36:11 -0500] "GET /BLA/resoluciones/RESOLUCIONES%202007/RES%202007%202201%20AL%202300/RESOLUCION%202213%20DE%202007.pdf HTTP/1.1" 200 1147672
190.3.252.189 - - [25/Jan/2015:14:36:12 -0500] "GET /BLA/resoluciones/RESOLUCIONES%202007/RES%202007%201501%20AL%201600/RESOLUCION%201517%20DE%202007.pdf HTTP/1.1" 200 376088
66.249.67.67 - - [25/Jan/2015:14:36:28 -0500] "GET /BLA/boletinlegal/js/jquery.js HTTP/1.1" 200 57254
66.249.67.67 - - [25/Jan/2015:14:36:28 -0500] "GET /BLA/boletinlegal/js/jquery.scrollShow.js HTTP/1.1" 200 4586
66.249.67.67 - - [25/Jan/2015:14:36:29 -0500] "GET /BLA/boletinlegal/js/jquery.scrollTo-min.js HTTP/1.1" 200 1150
66.249.67.75 - - [25/Jan/2015:14:36:31 -0500] "GET /BLA/resoluciones/AUTOS%202013/3447.pdf HTTP/1.1" 200 354271
181.50.241.109 - - [25/Jan/2015:14:36:33 -0500] "POST /forms/lservlet;jsessionid=ac16012b30d58ceacfbbcf574491834094438985f5fd.e3iSbxaKaheRe38RbNmLa3mSc41ynknvrkLOlQzNp65In0 HTTP/1.1" 200 2
186.82.82.112 - - [25/Jan/2015:14:36:40 -0500] "POST /forms/lservlet;jsessionid=ac16012b30d5921ad9c082454f2aa96fd36be22e6504.e3iSbxaKaheRe38RbNmLa3mSc41ynknvrkLOlQzNp65In0 HTTP/1.1" 200 2
186.115.40.122 - - [25/Jan/2015:14:36:42 -0500] "GET /BLA/boletinlegal/js/jquery.js HTTP/1.1" 200 57254
186.115.40.122 - - [25/Jan/2015:14:36:42 -0500] "GET /BLA/boletinlegal/js/jquery.scrollTo-min.js HTTP/1.1" 200 1150
186.115.40.122 - - [25/Jan/2015:14:36:42 -0500] "GET /BLA/boletinlegal/js/jquery.scrollShow.js HTTP/1.1" 200 4586
180.76.5.58 - - [25/Jan/2015:14:36:57 -0500] "GET /BLA/resoluciones/RESOLUCIONES%202007/RES%202007%203301%20AL%203400/RESOLUCION%203312%20DE%202007.pdf HTTP/1.1" 200 3029388
66.249.67.83 - - [25/Jan/2015:14:37:13 -0500] "GET /BLA/resoluciones/RESOLUCIONES%202007/RES%202007%202701%20AL%202800/RESOLUCION%202764%20DE%202007.pdf HTTP/1.1" 200 746338
190.65.35.161 - - [25/Jan/2015:14:37:27 -0500] "GET /BLA/boletinlegal/js/jquery.js HTTP/1.1" 200 57254
190.65.35.161 - - [25/Jan/2015:14:37:27 -0500] "GET /BLA/boletinlegal/js/jquery.scrollTo-min.js HTTP/1.1" 200 1150
190.65.35.161 - - [25/Jan/2015:14:37:27 -0500] "GET /BLA/boletinlegal/js/jquery.scrollShow.js HTTP/1.1" 200 4586
66.249.67.75 - - [25/Jan/2015:14:37:29 -0500] "GET /BLA/resoluciones/RESOLUCIONES%202009/5237.pdf HTTP/1.1" 304 -
185.10.104.131 - - [25/Jan/2015:14:37:43 -0500] "GET /BLA/boletinlegal/Circulares/2012/Circular%20No.%2014%20del%2011%20de%20Septiembre%20de%202012.pdf HTTP/1.1" 200 3427471
186.168.118.213 - - [25/Jan/2015:14:37:47 -0500] "GET /BLA/boletinlegal/js/jquery.scrollTo-min.js HTTP/1.1" 200 1150
186.168.118.213 - - [25/Jan/2015:14:37:47 -0500] "GET /BLA/boletinlegal/js/jquery.js HTTP/1.1" 200 57254
186.168.118.213 - - [25/Jan/2015:14:37:47 -0500] "GET /BLA/boletinlegal/js/jquery.scrollShow.js HTTP/1.1" 200 4586
186.82.189.152 - - [25/Jan/2015:14:37:56 -0500] "GET /BLA/boletinlegal/js/jquery.js HTTP/1.1" 200 57254
186.82.189.152 - - [25/Jan/2015:14:37:56 -0500] "GET /BLA/boletinlegal/js/jquery.scrollShow.js HTTP/1.1" 200 4586
186.82.189.152 - - [25/Jan/2015:14:37:56 -0500] "GET /BLA/boletinlegal/js/jquery.scrollTo-min.js HTTP/1.1" 200 1150
74.86.158.107 - - [25/Jan/2015:14:38:13 -0500] "HEAD / HTTP/1.1" 302 -
66.249.67.75 - - [25/Jan/2015:14:38:26 -0500] "GET /BLA/resoluciones/RESOLUCIONES%202011/5447.pdf HTTP/1.1" 200 574250
181.50.241.109 - - [25/Jan/2015:14:38:33 -0500] "POST /forms/lservlet;jsessionid=ac16012b30d58ceacfbbcf574491834094438985f5fd.e3iSbxaKaheRe38RbNmLa3mSc41ynknvrkLOlQzNp65In0 HTTP/1.1" 200 2
66.249.79.67 - - [25/Jan/2015:14:38:34 -0500] "GET /BLA/resoluciones/AUTOS%202007/2691.pdf HTTP/1.1" 200 167137
186.82.82.112 - - [25/Jan/2015:14:38:40 -0500] "POST /forms/lservlet;jsessionid=ac16012b30d5921ad9c082454f2aa96fd36be22e6504.e3iSbxaKaheRe38RbNmLa3mSc41ynknvrkLOlQzNp65In0 HTTP/1.1" 200 2
188.165.15.43 - - [25/Jan/2015:14:39:01 -0500] "GET /BLA/resoluciones/index.php?dir=RESOLUCIONES+2006%2FRES+2006+1401-1450%2F HTTP/1.1" 200 12367
66.249.67.75 - - [25/Jan/2015:14:39:24 -0500] "GET /BLA/resoluciones/AUTOS%202007/1983.pdf HTTP/1.1" 200 40239
66.249.67.83 - - [25/Jan/2015:14:39:56 -0500] "GET /BLA/resoluciones/AUTOS%202007/0658.pdf HTTP/1.1" 200 143558
66.249.67.83 - - [25/Jan/2015:14:40:18 -0500] "GET /BLA/resoluciones/RESOLUCIONES%202003/RES%202003%20501-550/511.tif HTTP/1.1" 200 119664
66.249.67.83 - - [25/Jan/2015:14:40:20 -0500] "GET /BLA/resoluciones/RESOLUCIONES%202002/RES%202002%201301-1350/20021339.tif HTTP/1.1" 200 100518
66.249.67.75 - - [25/Jan/2015:14:40:21 -0500] "GET /BLA/resoluciones/AUTOS%202011/5759.pdf HTTP/1.1" 304 -
181.50.241.109 - - [25/Jan/2015:14:40:33 -0500] "POST /forms/lservlet;jsessionid=ac16012b30d58ceacfbbcf574491834094438985f5fd.e3iSbxaKaheRe38RbNmLa3mSc41ynknvrkLOlQzNp65In0 HTTP/1.1" 200 2
186.82.82.112 - - [25/Jan/2015:14:40:41 -0500] "POST /forms/lservlet;jsessionid=ac16012b30d5921ad9c082454f2aa96fd36be22e6504.e3iSbxaKaheRe38RbNmLa3mSc41ynknvrkLOlQzNp65In0 HTTP/1.1" 200 2
188.165.15.208 - - [25/Jan/2015:14:41:18 -0500] "GET /BLA/resoluciones/RESOLUCIONES%202006/RES%202006%201901-1950/00001941.tif HTTP/1.1" 200 120094
66.249.67.83 - - [25/Jan/2015:14:41:19 -0500] "GET /BLA/resoluciones/RESOLUCIONES%202011/4253.pdf HTTP/1.1" 200 655582
178.162.193.34 - - [25/Jan/2015:14:41:37 -0500] "GET /BLA/circulares/3-2011.pdf HTTP/1.0" 200 1452758
180.76.5.177 - - [25/Jan/2015:14:41:56 -0500] "GET /BLA/boletinlegal/Circulares/2013/Circular%20No.%205%20del%2013%20de%20junio%20de%202013.pdf HTTP/1.1" 200 110904
66.249.67.67 - - [25/Jan/2015:14:42:16 -0500] "GET /BLA/resoluciones/RESOLUCIONES%202011/5979.pdf HTTP/1.1" 200 795208
188.165.15.41 - - [25/Jan/2015:14:42:16 -0500] "GET /BLA/resoluciones/index.php?dir=RESOLUCIONES%202003/RES%202003%201351-1400/&sort=size&order=desc HTTP/1.1" 200 12156
66.249.67.83 - - [25/Jan/2015:14:42:33 -0500] "GET /BLA/resoluciones/RESOLUCIONES%202009/9431.pdf HTTP/1.1" 200 530947
181.50.241.109 - - [25/Jan/2015:14:42:33 -0500] "POST /forms/lservlet;jsessionid=ac16012b30d58ceacfbbcf574491834094438985f5fd.e3iSbxaKaheRe38RbNmLa3mSc41ynknvrkLOlQzNp65In0 HTTP/1.1" 200 2
190.158.173.156 - - [25/Jan/2015:14:42:40 -0500] "GET /BLA/boletinlegal/js/jquery.scrollTo-min.js HTTP/1.1" 200 1150
190.158.173.156 - - [25/Jan/2015:14:42:40 -0500] "GET /BLA/boletinlegal/js/jquery.js HTTP/1.1" 200 57254
190.158.173.156 - - [25/Jan/2015:14:42:40 -0500] "GET /BLA/boletinlegal/js/jquery.scrollShow.js HTTP/1.1" 200 4586
190.158.173.156 - - [25/Jan/2015:14:42:40 -0500] "GET /galeria/carrusel/Carrusel/jquery.thumbnailScroller.css HTTP/1.1" 200 2066
190.158.173.156 - - [25/Jan/2015:14:42:40 -0500] "GET /galeria/carrusel/Carrusel/jquery-ui-1.8.13.custom.min.js HTTP/1.1" 200 10800
190.158.173.156 - - [25/Jan/2015:14:42:41 -0500] "GET /galeria/carrusel/Carrusel/jquery.thumbnailScroller.js HTTP/1.1" 200 8157
186.82.82.112 - - [25/Jan/2015:14:42:41 -0500] "POST /forms/lservlet;jsessionid=ac16012b30d5921ad9c082454f2aa96fd36be22e6504.e3iSbxaKaheRe38RbNmLa3mSc41ynknvrkLOlQzNp65In0 HTTP/1.1" 200 2
180.76.6.17 - - [25/Jan/2015:14:42:42 -0500] "GET /BLA/resoluciones/RESOLUCIONES%202007/RES%202007%202201%20AL%202300/RESOLUCION%202260%20%20DE%202007.pdf HTTP/1.1" 200 621914
190.158.173.156 - - [25/Jan/2015:14:42:42 -0500] "GET /galeria/nivo-slider/demo/demo.html HTTP/1.1" 200 3150
190.158.173.156 - - [25/Jan/2015:14:42:43 -0500] "GET /galeria/nivo-slider/themes/default/default.css HTTP/1.1" 200 1569
190.158.173.156 - - [25/Jan/2015:14:42:43 -0500] "GET /galeria/nivo-slider/themes/pascal/pascal.css HTTP/1.1" 200 2258
190.158.173.156 - - [25/Jan/2015:14:42:43 -0500] "GET /galeria/nivo-slider/themes/orman/orman.css HTTP/1.1" 200 2152
190.158.173.156 - - [25/Jan/2015:14:42:43 -0500] "GET /galeria/nivo-slider/demo/style.css HTTP/1.1" 200 2222
190.158.173.156 - - [25/Jan/2015:14:42:43 -0500] "GET /galeria/nivo-slider/demo/images/bolsas-08.jpg HTTP/1.1" 200 85589
190.158.173.156 - - [25/Jan/2015:14:42:43 -0500] "GET /galeria/nivo-slider/nivo-slider.css HTTP/1.1" 200 1507
190.158.173.156 - - [25/Jan/2015:14:42:43 -0500] "GET /galeria/nivo-slider/demo/images/bolsas-06.jpg HTTP/1.1" 200 90982
190.158.173.156 - - [25/Jan/2015:14:42:43 -0500] "GET /galeria/nivo-slider/demo/images/ecolecta-Dic2014.png HTTP/1.1" 200 288593
190.158.173.156 - - [25/Jan/2015:14:42:43 -0500] "GET /galeria/nivo-slider/demo/images/Ruta-vertimientos-01.jpg HTTP/1.1" 200 130151
190.158.173.156 - - [25/Jan/2015:14:42:43 -0500] "GET /galeria/nivo-slider/demo/images/porloshumedales.jpg HTTP/1.1" 200 351238
190.158.173.156 - - [25/Jan/2015:14:42:43 -0500] "GET /galeria/nivo-slider/demo/images/Tingua-azul.jpg HTTP/1.1" 200 307638
190.158.173.156 - - [25/Jan/2015:14:42:43 -0500] "GET /galeria/nivo-slider/demo/images/Banner-Caracol-Africano.jpg HTTP/1.1" 200 331986
190.158.173.156 - - [25/Jan/2015:14:42:44 -0500] "GET /galeria/nivo-slider/demo/images/banner-redes.jpg HTTP/1.1" 200 62209
190.158.173.156 - - [25/Jan/2015:14:42:44 -0500] "GET /galeria/nivo-slider/demo/images/9Signos.jpg HTTP/1.1" 200 93040
190.158.173.156 - - [25/Jan/2015:14:42:44 -0500] "GET /galeria/nivo-slider/demo/images/banner-llantas2.jpg HTTP/1.1" 200 73153
190.158.173.156 - - [25/Jan/2015:14:42:45 -0500] "GET /galeria/nivo-slider/demo/images/banner-caballos.png HTTP/1.1" 200 389106
190.158.173.156 - - [25/Jan/2015:14:42:45 -0500] "GET /galeria/nivo-slider/demo/scripts/jquery-1.7.1.min.js HTTP/1.1" 200 93868
190.158.173.156 - - [25/Jan/2015:14:42:45 -0500] "GET /galeria/nivo-slider/jquery.nivo.slider.pack.js HTTP/1.1" 200 11561
190.158.173.156 - - [25/Jan/2015:14:42:46 -0500] "GET /galeria/nivo-slider/demo/images/4Simple_Slider.png HTTP/1.1" 200 11722
190.158.173.156 - - [25/Jan/2015:14:42:46 -0500] "GET /galeria/nivo-slider/themes/default/loading.gif HTTP/1.1" 200 1737
178.162.193.34 - - [25/Jan/2015:14:42:46 -0500] "GET /BLA/resoluciones/RESOLUCIONES%202007/RES%202007%203101%20AL%203200/RESOLUCION%203183%20%20DE%202007.pdf HTTP/1.0" 200 883329
190.158.173.156 - - [25/Jan/2015:14:42:47 -0500] "GET /galeria/nivo-slider/themes/default/arrows.png HTTP/1.1" 200 824
190.158.173.156 - - [25/Jan/2015:14:42:47 -0500] "GET /galeria/nivo-slider/themes/default/bullets.png HTTP/1.1" 200 1281
178.162.193.34 - - [25/Jan/2015:14:42:49 -0500] "GET /BLA/resoluciones/RESOLUCIONES%202010/3044.pdf HTTP/1.0" 200 1221834
74.86.158.107 - - [25/Jan/2015:14:43:13 -0500] "HEAD / HTTP/1.1" 302 -
66.249.67.67 - - [25/Jan/2015:14:43:14 -0500] "GET /BLA/resoluciones/RESOLUCIONES%202011/6114.pdf HTTP/1.1" 200 1061557
66.249.67.83 - - [25/Jan/2015:14:43:54 -0500] "GET /BLA/resoluciones/AUTOS%202013/2335.pdf HTTP/1.1" 200 1913330
66.249.67.67 - - [25/Jan/2015:14:44:11 -0500] "GET /BLA/resoluciones/AUTOS%202009/0615.pdf HTTP/1.1" 200 120338
66.249.67.67 - - [25/Jan/2015:14:44:21 -0500] "GET /BLA/resoluciones/RESOLUCIONES%202007/RES%202007%201501%20AL%201600/RESOLUCION%201577%20DE%202007.pdf HTTP/1.1" 200 532471
186.145.211.33 - - [25/Jan/2015:14:44:28 -0500] "GET /BLA/boletinlegal/js/jquery.scrollTo-min.js HTTP/1.1" 200 1150
186.145.211.33 - - [25/Jan/2015:14:44:28 -0500] "GET /BLA/boletinlegal/js/jquery.js HTTP/1.1" 200 57254
186.145.211.33 - - [25/Jan/2015:14:44:28 -0500] "GET /BLA/boletinlegal/js/jquery.scrollShow.js HTTP/1.1" 200 4586
186.145.211.33 - - [25/Jan/2015:14:44:32 -0500] "GET /hidrico/aguas%20subterraneas/ HTTP/1.1" 404 1296
181.50.241.109 - - [25/Jan/2015:14:44:34 -0500] "POST /forms/lservlet;jsessionid=ac16012b30d58ceacfbbcf574491834094438985f5fd.e3iSbxaKaheRe38RbNmLa3mSc41ynknvrkLOlQzNp65In0 HTTP/1.1" 200 2
186.82.82.112 - - [25/Jan/2015:14:44:42 -0500] "POST /forms/lservlet;jsessionid=ac16012b30d5921ad9c082454f2aa96fd36be22e6504.e3iSbxaKaheRe38RbNmLa3mSc41ynknvrkLOlQzNp65In0 HTTP/1.1" 200 2
190.3.252.189 - - [25/Jan/2015:14:44:47 -0500] "GET /BLA/resoluciones/RESOLUCIONES%202007/RES%202007%201501%20AL%201600/RESOLUCION%201517%20DE%202007.pdf HTTP/1.1" 200 376088
190.3.252.189 - - [25/Jan/2015:14:44:53 -0500] "GET /BLA/resoluciones/RESOLUCIONES%202007/RES%202007%201501%20AL%201600/RESOLUCION%201517%20DE%202007.pdf HTTP/1.1" 200 376088
188.165.15.208 - - [25/Jan/2015:14:45:08 -0500] "GET /BLA/resoluciones/RESOLUCIONES%202003/RES%202003%201801-1850/20031841.tif HTTP/1.1" 200 258754
66.249.67.75 - - [25/Jan/2015:14:45:08 -0500] "GET /BLA/resoluciones/RESOLUCIONES%202009/6146.pdf HTTP/1.1" 200 663100
66.249.67.67 - - [25/Jan/2015:14:45:15 -0500] "GET /BLA/resoluciones/RESOLUCIONES%202008/2359.pdf HTTP/1.1" 200 286746
181.234.203.35 - - [25/Jan/2015:14:45:22 -0500] "GET /galeria/mapa/JABOQUE12.jpg HTTP/1.1" 200 21815
181.58.245.141 - - [25/Jan/2015:14:45:32 -0500] "GET /BLA/boletinlegal/js/jquery.scrollTo-min.js HTTP/1.1" 200 1150
181.58.245.141 - - [25/Jan/2015:14:45:32 -0500] "GET /BLA/boletinlegal/js/jquery.js HTTP/1.1" 200 57254
181.58.245.141 - - [25/Jan/2015:14:45:32 -0500] "GET /BLA/boletinlegal/js/jquery.scrollShow.js HTTP/1.1" 200 4586
191.69.104.155 - - [25/Jan/2015:14:45:56 -0500] "GET /BLA/boletinlegal/js/jquery.js HTTP/1.1" 200 57254
191.69.104.155 - - [25/Jan/2015:14:45:56 -0500] "GET /BLA/boletinlegal/js/jquery.scrollTo-min.js HTTP/1.1" 200 1150
191.69.104.155 - - [25/Jan/2015:14:45:56 -0500] "GET /BLA/boletinlegal/js/jquery.scrollShow.js HTTP/1.1" 200 4586
66.249.67.75 - - [25/Jan/2015:14:46:06 -0500] "GET /BLA/resoluciones/RESOLUCIONES%202010/2060.pdf HTTP/1.1" 200 270663
181.50.241.109 - - [25/Jan/2015:14:46:34 -0500] "POST /forms/lservlet;jsessionid=ac16012b30d58ceacfbbcf574491834094438985f5fd.e3iSbxaKaheRe38RbNmLa3mSc41ynknvrkLOlQzNp65In0 HTTP/1.1" 200 2
66.249.67.83 - - [25/Jan/2015:14:46:37 -0500] "GET /BLA/resoluciones/RESOLUCIONES%202009/8426.pdf HTTP/1.1" 200 556346
186.82.82.112 - - [25/Jan/2015:14:46:42 -0500] "POST /forms/lservlet;jsessionid=ac16012b30d5921ad9c082454f2aa96fd36be22e6504.e3iSbxaKaheRe38RbNmLa3mSc41ynknvrkLOlQzNp65In0 HTTP/1.1" 200 2
190.25.232.143 - - [25/Jan/2015:14:46:50 -0500] "GET /StormSDA/stormWeb/presentacion.html HTTP/1.1" 304 -
66.249.67.67 - - [25/Jan/2015:14:46:51 -0500] "GET /BLA/resoluciones/RESOLUCIONES%202003/RES%202003%20901-950/919.tif HTTP/1.1" 200 1511868
66.249.67.67 - - [25/Jan/2015:14:46:53 -0500] "GET /BLA/resoluciones/RESOLUCIONES%202002/RES%202002%201301-1350/20021346.tif HTTP/1.1" 200 167708
66.249.88.211 - - [25/Jan/2015:14:47:02 -0500] "GET /BLA/boletinlegal/js/jquery.js HTTP/1.1" 200 57254
66.249.88.209 - - [25/Jan/2015:14:47:02 -0500] "GET /BLA/boletinlegal/js/jquery.scrollTo-min.js HTTP/1.1" 200 1150
66.249.88.213 - - [25/Jan/2015:14:47:02 -0500] "GET /BLA/boletinlegal/js/jquery.scrollShow.js HTTP/1.1" 200 4586
66.249.67.67 - - [25/Jan/2015:14:47:03 -0500] "GET /BLA/resoluciones/RESOLUCIONES%202011/2243.pdf HTTP/1.1" 200 772252
180.76.5.187 - - [25/Jan/2015:14:47:51 -0500] "GET /BLA/resoluciones/RESOLUCIONES%202008/1245.pdf HTTP/1.1" 200 284096
66.249.67.83 - - [25/Jan/2015:14:47:58 -0500] "GET /BLA/resoluciones/RESOLUCIONES%202014/0826.pdf HTTP/1.1" 304 -
66.249.67.83 - - [25/Jan/2015:14:48:01 -0500] "GET /BLA/resoluciones/AUTOS%202007/2859.pdf HTTP/1.1" 200 185860
74.86.158.107 - - [25/Jan/2015:14:48:13 -0500] "HEAD / HTTP/1.1" 302 -
181.50.241.109 - - [25/Jan/2015:14:48:34 -0500] "POST /forms/lservlet;jsessionid=ac16012b30d58ceacfbbcf574491834094438985f5fd.e3iSbxaKaheRe38RbNmLa3mSc41ynknvrkLOlQzNp65In0 HTTP/1.1" 200 2
186.82.82.112 - - [25/Jan/2015:14:48:42 -0500] "POST /forms/lservlet;jsessionid=ac16012b30d5921ad9c082454f2aa96fd36be22e6504.e3iSbxaKaheRe38RbNmLa3mSc41ynknvrkLOlQzNp65In0 HTTP/1.1" 200 2
180.76.5.168 - - [25/Jan/2015:14:48:39 -0500] "GET /BLA/resoluciones/index.php?dir=RESOLUCIONES+2010%2F HTTP/1.1" 200 607298
66.249.67.83 - - [25/Jan/2015:14:48:58 -0500] "GET /BLA/resoluciones/RESOLUCIONES%202011/5272.pdf HTTP/1.1" 200 592118
66.249.67.83 - - [25/Jan/2015:14:49:19 -0500] "GET /BLA/resoluciones/AUTOS%202008/1525.pdf HTTP/1.1" 200 393728
180.76.6.213 - - [25/Jan/2015:14:49:25 -0500] "GET /BLA/resoluciones/RESOLUCIONES%202007/RES%202007%202201%20AL%202300/RESOLUCION%202290%20DE%202007.pdf HTTP/1.1" 200 1053960
188.165.15.61 - - [25/Jan/2015:14:49:39 -0500] "GET /BLA/resoluciones/RESOLUCIONES%202004/RES%202004%201401-1450/00001427.tif HTTP/1.1" 200 117986
66.249.67.75 - - [25/Jan/2015:14:49:56 -0500] "GET /BLA/resoluciones/RESOLUCIONES%202009/0772.pdf HTTP/1.1" 200 356715
181.131.212.160 - - [25/Jan/2015:14:50:27 -0500] "GET /BLA/boletinlegal/js/jquery.scrollShow.js HTTP/1.1" 200 4586
181.131.212.160 - - [25/Jan/2015:14:50:27 -0500] "GET /BLA/boletinlegal/js/jquery.js HTTP/1.1" 200 57254
181.131.212.160 - - [25/Jan/2015:14:50:27 -0500] "GET /BLA/boletinlegal/js/jquery.scrollTo-min.js HTTP/1.1" 200 1150
181.50.241.109 - - [25/Jan/2015:14:50:34 -0500] "POST /forms/lservlet;jsessionid=ac16012b30d58ceacfbbcf574491834094438985f5fd.e3iSbxaKaheRe38RbNmLa3mSc41ynknvrkLOlQzNp65In0 HTTP/1.1" 200 2
66.249.67.67 - - [25/Jan/2015:14:50:40 -0500] "GET /BLA/resoluciones/AUTOS%202009/2959.pdf HTTP/1.1" 200 129918
186.82.82.112 - - [25/Jan/2015:14:50:42 -0500] "POST /forms/lservlet;jsessionid=ac16012b30d5921ad9c082454f2aa96fd36be22e6504.e3iSbxaKaheRe38RbNmLa3mSc41ynknvrkLOlQzNp65In0 HTTP/1.1" 200 2
66.249.67.67 - - [25/Jan/2015:14:50:53 -0500] "GET /BLA/resoluciones/AUTOS%202009/1589.pdf HTTP/1.1" 200 124488
66.249.67.83 - - [25/Jan/2015:14:51:49 -0500] "GET /galeria/nivo-slider/demo/demo.html HTTP/1.1" 200 3150
66.249.67.83 - - [25/Jan/2015:14:51:50 -0500] "GET /BLA/resoluciones/AUTOS%202008/1049.pdf HTTP/1.1" 304 -
66.249.67.83 - - [25/Jan/2015:14:51:51 -0500] "GET /galeria/nivo-slider/themes/default/default.css HTTP/1.1" 200 1569
66.249.67.75 - - [25/Jan/2015:14:51:52 -0500] "GET /galeria/nivo-slider/jquery.nivo.slider.pack.js HTTP/1.1" 200 11561
66.249.67.67 - - [25/Jan/2015:14:51:53 -0500] "GET /galeria/nivo-slider/demo/scripts/jquery-1.7.1.min.js HTTP/1.1" 200 93868
66.249.67.67 - - [25/Jan/2015:14:51:54 -0500] "GET /galeria/nivo-slider/themes/orman/orman.css HTTP/1.1" 200 2152
66.249.67.75 - - [25/Jan/2015:14:51:55 -0500] "GET /galeria/nivo-slider/nivo-slider.css HTTP/1.1" 200 1507
66.249.67.67 - - [25/Jan/2015:14:51:56 -0500] "GET /galeria/nivo-slider/demo/style.css HTTP/1.1" 200 2222
66.249.67.83 - - [25/Jan/2015:14:51:57 -0500] "GET /galeria/nivo-slider/themes/pascal/pascal.css HTTP/1.1" 200 2258
66.249.67.83 - - [25/Jan/2015:14:52:01 -0500] "GET /BLA/resoluciones/RESOLUCIONES%202011/0234.pdf HTTP/1.1" 200 1399963
188.165.15.208 - - [25/Jan/2015:14:52:12 -0500] "GET /BLA/resoluciones/RESOLUCIONES%202002/RES%202002%201001-1050/2002RES1014.tif HTTP/1.1" 200 75476
181.50.241.109 - - [25/Jan/2015:14:52:34 -0500] "POST /forms/lservlet;jsessionid=ac16012b30d58ceacfbbcf574491834094438985f5fd.e3iSbxaKaheRe38RbNmLa3mSc41ynknvrkLOlQzNp65In0 HTTP/1.1" 200 2
186.82.82.112 - - [25/Jan/2015:14:52:42 -0500] "POST /forms/lservlet;jsessionid=ac16012b30d5921ad9c082454f2aa96fd36be22e6504.e3iSbxaKaheRe38RbNmLa3mSc41ynknvrkLOlQzNp65In0 HTTP/1.1" 200 2
66.249.67.67 - - [25/Jan/2015:14:52:48 -0500] "GET /BLA/resoluciones/AUTOS%202011/0247.pdf HTTP/1.1" 200 167532
180.76.5.23 - - [25/Jan/2015:14:52:51 -0500] "GET /BLA/resoluciones/RESOLUCIONES%202007/RES%202007%202001%20AL%202100/RESOLUCION%202024%20DE%202007.pdf HTTP/1.1" 200 251452
74.86.158.107 - - [25/Jan/2015:14:53:13 -0500] "HEAD / HTTP/1.1" 302 -
188.165.15.208 - - [25/Jan/2015:14:53:15 -0500] "GET /BLA/resoluciones/RESOLUCIONES%202005/RES%202005%201101-1150/00001140.tif HTTP/1.1" 200 138914
66.249.67.83 - - [25/Jan/2015:14:53:23 -0500] "GET /BLA/resoluciones/AUTOS%202008/2336.pdf HTTP/1.1" 200 174933
66.249.67.83 - - [25/Jan/2015:14:53:25 -0500] "GET /BLA/resoluciones/RESOLUCIONES%202002/RES%202002%201301-1350/20021314.tif HTTP/1.1" 200 100836
180.76.5.66 - - [25/Jan/2015:14:53:33 -0500] "GET /BLA/resoluciones/index.php?dir=RESOLUCIONES%202007/RES%202007%20201%20AL%20300/&sort=size&order=asc HTTP/1.1" 200 27110
178.162.193.34 - - [25/Jan/2015:14:53:35 -0500] "GET /BLA/resoluciones/RESOLUCIONES%202008/1821.pdf HTTP/1.0" 200 185959
66.249.67.83 - - [25/Jan/2015:14:53:45 -0500] "GET /BLA/resoluciones/AUTOS%202013/0531.pdf HTTP/1.1" 200 1181948
186.147.58.174 - - [25/Jan/2015:14:53:53 -0500] "GET /BLA/boletinlegal/js/jquery.js HTTP/1.1" 200 57254
186.147.58.174 - - [25/Jan/2015:14:53:53 -0500] "GET /BLA/boletinlegal/js/jquery.scrollTo-min.js HTTP/1.1" 200 1150
186.147.58.174 - - [25/Jan/2015:14:53:53 -0500] "GET /BLA/boletinlegal/js/jquery.scrollShow.js HTTP/1.1" 200 4586
178.162.193.34 - - [25/Jan/2015:14:54:19 -0500] "GET /BLA/resoluciones/AUTOS%202008/2175.pdf HTTP/1.0" 200 80375
202.46.50.183 - - [25/Jan/2015:14:54:19 -0500] "GET /BLA/resoluciones/RESOLUCIONES%202008/1245.pdf HTTP/1.1" 200 284096
190.26.54.212 - - [25/Jan/2015:14:54:25 -0500] "GET /BLA/boletinlegal/js/jquery.js HTTP/1.1" 200 57254
190.26.54.212 - - [25/Jan/2015:14:54:25 -0500] "GET /BLA/boletinlegal/js/jquery.scrollTo-min.js HTTP/1.1" 200 1150
190.26.54.212 - - [25/Jan/2015:14:54:25 -0500] "GET /BLA/boletinlegal/js/jquery.scrollShow.js HTTP/1.1" 200 4586
181.50.241.109 - - [25/Jan/2015:14:54:34 -0500] "POST /forms/lservlet;jsessionid=ac16012b30d58ceacfbbcf574491834094438985f5fd.e3iSbxaKaheRe38RbNmLa3mSc41ynknvrkLOlQzNp65In0 HTTP/1.1" 200 2
186.82.82.112 - - [25/Jan/2015:14:54:43 -0500] "POST /forms/lservlet;jsessionid=ac16012b30d5921ad9c082454f2aa96fd36be22e6504.e3iSbxaKaheRe38RbNmLa3mSc41ynknvrkLOlQzNp65In0 HTTP/1.1" 200 2
66.249.67.83 - - [25/Jan/2015:14:54:43 -0500] "GET /BLA/resoluciones/RESOLUCIONES%202011/5341.pdf HTTP/1.1" 200 986864
66.249.67.67 - - [25/Jan/2015:14:54:45 -0500] "GET /BLA/resoluciones/AUTOS%202008/3210.pdf HTTP/1.1" 200 65365
180.76.6.37 - - [25/Jan/2015:14:55:03 -0500] "GET /BLA/resoluciones/RESOLUCIONES%202007/RES%202007%202201%20AL%202300/RESOLUCION%202277%20DE%202007.pdf HTTP/1.1" 200 46938
190.158.180.151 - - [25/Jan/2015:14:55:33 -0500] "GET /BLA/boletinlegal/js/jquery.scrollTo-min.js HTTP/1.1" 200 1150
190.158.180.151 - - [25/Jan/2015:14:55:33 -0500] "GET /BLA/boletinlegal/js/jquery.js HTTP/1.1" 200 57254
190.158.180.151 - - [25/Jan/2015:14:55:33 -0500] "GET /BLA/boletinlegal/js/jquery.scrollShow.js HTTP/1.1" 200 4586
190.158.180.151 - - [25/Jan/2015:14:55:33 -0500] "GET /galeria/carrusel/Carrusel/jquery.thumbnailScroller.css HTTP/1.1" 200 2066
190.158.180.151 - - [25/Jan/2015:14:55:33 -0500] "GET /galeria/carrusel/Carrusel/jquery-ui-1.8.13.custom.min.js HTTP/1.1" 200 10800
190.158.180.151 - - [25/Jan/2015:14:55:33 -0500] "GET /galeria/carrusel/Carrusel/jquery.thumbnailScroller.js HTTP/1.1" 200 8157
190.158.180.151 - - [25/Jan/2015:14:55:34 -0500] "GET /galeria/nivo-slider/demo/demo.html HTTP/1.1" 200 3150
190.158.180.151 - - [25/Jan/2015:14:55:34 -0500] "GET /galeria/nivo-slider/themes/default/default.css HTTP/1.1" 200 1569
190.158.180.151 - - [25/Jan/2015:14:55:34 -0500] "GET /galeria/nivo-slider/themes/pascal/pascal.css HTTP/1.1" 200 2258
190.158.180.151 - - [25/Jan/2015:14:55:34 -0500] "GET /galeria/nivo-slider/themes/orman/orman.css HTTP/1.1" 200 2152
190.158.180.151 - - [25/Jan/2015:14:55:34 -0500] "GET /galeria/nivo-slider/nivo-slider.css HTTP/1.1" 200 1507
190.158.180.151 - - [25/Jan/2015:14:55:34 -0500] "GET /galeria/nivo-slider/demo/scripts/jquery-1.7.1.min.js HTTP/1.1" 200 93868
190.158.180.151 - - [25/Jan/2015:14:55:34 -0500] "GET /galeria/nivo-slider/jquery.nivo.slider.pack.js HTTP/1.1" 200 11561
190.158.180.151 - - [25/Jan/2015:14:55:34 -0500] "GET /galeria/nivo-slider/demo/style.css HTTP/1.1" 200 2222
190.158.180.151 - - [25/Jan/2015:14:55:34 -0500] "GET /galeria/nivo-slider/demo/images/Ruta-vertimientos-01.jpg HTTP/1.1" 200 130151
190.158.180.151 - - [25/Jan/2015:14:55:34 -0500] "GET /galeria/nivo-slider/demo/images/bolsas-08.jpg HTTP/1.1" 200 85589
190.158.180.151 - - [25/Jan/2015:14:55:34 -0500] "GET /galeria/nivo-slider/demo/images/bolsas-06.jpg HTTP/1.1" 200 90982
190.158.180.151 - - [25/Jan/2015:14:55:34 -0500] "GET /galeria/nivo-slider/demo/images/ecolecta-Dic2014.png HTTP/1.1" 200 288593
190.158.180.151 - - [25/Jan/2015:14:55:34 -0500] "GET /galeria/nivo-slider/demo/images/porloshumedales.jpg HTTP/1.1" 200 351238
190.158.180.151 - - [25/Jan/2015:14:55:34 -0500] "GET /galeria/nivo-slider/demo/images/Tingua-azul.jpg HTTP/1.1" 200 307638
190.158.180.151 - - [25/Jan/2015:14:55:35 -0500] "GET /galeria/nivo-slider/demo/images/4Simple_Slider.png HTTP/1.1" 200 11722
190.158.180.151 - - [25/Jan/2015:14:55:35 -0500] "GET /galeria/nivo-slider/themes/default/loading.gif HTTP/1.1" 200 1737
190.158.180.151 - - [25/Jan/2015:14:55:35 -0500] "GET /galeria/nivo-slider/demo/images/Banner-Caracol-Africano.jpg HTTP/1.1" 200 331986
