186.82.82.112 - - [25/Jan/2015:13:42:35 -0500] "POST /forms/lservlet;jsessionid=ac16012b30d5921ad9c082454f2aa96fd36be22e6504.e3iSbxaKaheRe38RbNmLa3mSc41ynknvrkLOlQzNp65In0 HTTP/1.1" 200 2
66.249.67.75 - - [25/Jan/2015:13:42:55 -0500] "GET /BLA/resoluciones/AUTOS%202007/0783.pdf HTTP/1.1" 200 155642
66.249.67.67 - - [25/Jan/2015:13:43:04 -0500] "GET /BLA/resoluciones/AUTOS%202010/0180.pdf HTTP/1.1" 200 352266
74.86.158.107 - - [25/Jan/2015:13:43:13 -0500] "HEAD / HTTP/1.1" 302 -
220.181.108.182 - - [25/Jan/2015:13:43:18 -0500] "GET /BLA/boletinlegal/js/jquery.js HTTP/1.1" 200 57254
178.162.193.34 - - [25/Jan/2015:13:43:21 -0500] "GET /BLA/resoluciones/AUTOS%202007/0147.pdf HTTP/1.0" 200 179974
220.181.108.176 - - [25/Jan/2015:13:43:22 -0500] "GET /BLA/boletinlegal/js/jquery.scrollTo-min.js HTTP/1.1" 200 1150
220.181.108.159 - - [25/Jan/2015:13:43:23 -0500] "GET /BLA/boletinlegal/js/jquery.scrollShow.js HTTP/1.1" 200 4586
66.249.67.83 - - [25/Jan/2015:13:43:52 -0500] "GET /BLA/resoluciones/AUTOS%202007/2227.pdf HTTP/1.1" 304 -
186.155.125.127 - - [25/Jan/2015:13:44:12 -0500] "GET /forest/session.jsp?a=0.0885920524597168 HTTP/1.1" 200 4
178.162.193.34 - - [25/Jan/2015:13:44:12 -0500] "GET /BLA/resoluciones/AUTOS%202011/3522.pdf HTTP/1.0" 200 217661
66.249.67.67 - - [25/Jan/2015:13:44:25 -0500] "GET /BLA/resoluciones/AUTOS%202008/2086.pdf HTTP/1.1" 200 106047
179.12.62.236 - - [25/Jan/2015:13:44:28 -0500] "GET /BLA/resoluciones/RESOLUCIONES%202010/3934.pdf HTTP/1.1" 200 502485
178.162.193.34 - - [25/Jan/2015:13:44:28 -0500] "GET /BLA/resoluciones/RESOLUCIONES%202008/5111.pdf HTTP/1.0" 200 451787
179.12.62.236 - - [25/Jan/2015:13:44:30 -0500] "GET /BLA/resoluciones/RESOLUCIONES%202010/3934.pdf HTTP/1.1" 200 502485
181.50.241.109 - - [25/Jan/2015:13:44:32 -0500] "POST /forms/lservlet;jsessionid=ac16012b30d58ceacfbbcf574491834094438985f5fd.e3iSbxaKaheRe38RbNmLa3mSc41ynknvrkLOlQzNp65In0 HTTP/1.1" 200 2
186.82.82.112 - - [25/Jan/2015:13:44:35 -0500] "POST /forms/lservlet;jsessionid=ac16012b30d5921ad9c082454f2aa96fd36be22e6504.e3iSbxaKaheRe38RbNmLa3mSc41ynknvrkLOlQzNp65In0 HTTP/1.1" 200 2
66.249.67.83 - - [25/Jan/2015:13:44:49 -0500] "GET /BLA/resoluciones/AUTOS%202009/2085.pdf HTTP/1.1" 200 97933
178.162.193.34 - - [25/Jan/2015:13:45:10 -0500] "GET /BLA/resoluciones/RESOLUCIONES%202009/7563.pdf HTTP/1.0" 200 494195
66.249.67.83 - - [25/Jan/2015:13:45:35 -0500] "GET /BLA/resoluciones/RESOLUCIONES%202003/RES%202003%20351-400/387.tif HTTP/1.1" 200 69552
66.249.67.75 - - [25/Jan/2015:13:45:46 -0500] "GET /BLA/resoluciones/AUTOS%202008/3014.pdf HTTP/1.1" 200 190533
66.249.67.67 - - [25/Jan/2015:13:45:47 -0500] "GET /BLA/resoluciones/RESOLUCIONES%202011/1361.pdf HTTP/1.1" 200 71003
186.181.135.121 - - [25/Jan/2015:13:45:59 -0500] "GET /BLA/boletinlegal/js/jquery.scrollTo-min.js HTTP/1.1" 200 1150
186.181.135.121 - - [25/Jan/2015:13:45:59 -0500] "GET /BLA/boletinlegal/js/jquery.js HTTP/1.1" 200 57254
186.181.135.121 - - [25/Jan/2015:13:45:59 -0500] "GET /BLA/boletinlegal/js/jquery.scrollShow.js HTTP/1.1" 200 4586
201.221.161.244 - - [25/Jan/2015:13:46:06 -0500] "GET /BLA/boletinlegal/js/jquery.js HTTP/1.1" 200 57254
201.221.161.244 - - [25/Jan/2015:13:46:06 -0500] "GET /BLA/boletinlegal/js/jquery.scrollShow.js HTTP/1.1" 200 4586
201.221.161.244 - - [25/Jan/2015:13:46:06 -0500] "GET /BLA/boletinlegal/js/jquery.scrollTo-min.js HTTP/1.1" 200 1150
201.221.161.244 - - [25/Jan/2015:13:46:08 -0500] "GET /galeria/carrusel/Carrusel/jquery-ui-1.8.13.custom.min.js HTTP/1.1" 200 10800
201.221.161.244 - - [25/Jan/2015:13:46:08 -0500] "GET /galeria/carrusel/Carrusel/jquery.thumbnailScroller.css HTTP/1.1" 200 2066
201.221.161.244 - - [25/Jan/2015:13:46:08 -0500] "GET /galeria/carrusel/Carrusel/jquery.thumbnailScroller.js HTTP/1.1" 200 8157
201.221.161.244 - - [25/Jan/2015:13:46:10 -0500] "GET /galeria/nivo-slider/demo/demo.html HTTP/1.1" 200 3150
201.221.161.244 - - [25/Jan/2015:13:46:11 -0500] "GET /galeria/nivo-slider/themes/pascal/pascal.css HTTP/1.1" 200 2258
201.221.161.244 - - [25/Jan/2015:13:46:11 -0500] "GET /galeria/nivo-slider/themes/default/default.css HTTP/1.1" 200 1569
201.221.161.244 - - [25/Jan/2015:13:46:11 -0500] "GET /galeria/nivo-slider/themes/orman/orman.css HTTP/1.1" 200 2152
201.221.161.244 - - [25/Jan/2015:13:46:11 -0500] "GET /galeria/nivo-slider/nivo-slider.css HTTP/1.1" 200 1507
201.221.161.244 - - [25/Jan/2015:13:46:11 -0500] "GET /galeria/nivo-slider/demo/scripts/jquery-1.7.1.min.js HTTP/1.1" 200 93868
201.221.161.244 - - [25/Jan/2015:13:46:11 -0500] "GET /galeria/nivo-slider/demo/style.css HTTP/1.1" 200 2222
201.221.161.244 - - [25/Jan/2015:13:46:11 -0500] "GET /galeria/nivo-slider/demo/images/bolsas-06.jpg HTTP/1.1" 200 90982
201.221.161.244 - - [25/Jan/2015:13:46:11 -0500] "GET /galeria/nivo-slider/demo/images/bolsas-08.jpg HTTP/1.1" 200 85589
201.221.161.244 - - [25/Jan/2015:13:46:11 -0500] "GET /galeria/nivo-slider/demo/images/Ruta-vertimientos-01.jpg HTTP/1.1" 200 130151
201.221.161.244 - - [25/Jan/2015:13:46:11 -0500] "GET /galeria/nivo-slider/jquery.nivo.slider.pack.js HTTP/1.1" 200 11561
201.221.161.244 - - [25/Jan/2015:13:46:11 -0500] "GET /galeria/nivo-slider/demo/images/ecolecta-Dic2014.png HTTP/1.1" 200 288593
201.221.161.244 - - [25/Jan/2015:13:46:11 -0500] "GET /galeria/nivo-slider/demo/images/porloshumedales.jpg HTTP/1.1" 200 351238
201.221.161.244 - - [25/Jan/2015:13:46:11 -0500] "GET /galeria/nivo-slider/demo/images/Tingua-azul.jpg HTTP/1.1" 200 307638
201.221.161.244 - - [25/Jan/2015:13:46:12 -0500] "GET /galeria/nivo-slider/demo/images/banner-redes.jpg HTTP/1.1" 200 62209
201.221.161.244 - - [25/Jan/2015:13:46:12 -0500] "GET /galeria/nivo-slider/demo/images/Banner-Caracol-Africano.jpg HTTP/1.1" 200 331986
201.221.161.244 - - [25/Jan/2015:13:46:12 -0500] "GET /galeria/nivo-slider/demo/images/9Signos.jpg HTTP/1.1" 200 93040
201.221.161.244 - - [25/Jan/2015:13:46:13 -0500] "GET /galeria/nivo-slider/demo/images/4Simple_Slider.png HTTP/1.1" 200 11722
201.221.161.244 - - [25/Jan/2015:13:46:13 -0500] "GET /galeria/nivo-slider/themes/default/loading.gif HTTP/1.1" 200 1737
201.221.161.244 - - [25/Jan/2015:13:46:13 -0500] "GET /galeria/nivo-slider/demo/images/banner-llantas2.jpg HTTP/1.1" 200 73153
201.221.161.244 - - [25/Jan/2015:13:46:13 -0500] "GET /galeria/nivo-slider/demo/images/banner-caballos.png HTTP/1.1" 200 389106
181.159.123.244 - - [25/Jan/2015:13:46:14 -0500] "GET /BLA/boletinlegal/js/jquery.js HTTP/1.1" 200 57254
181.159.123.244 - - [25/Jan/2015:13:46:14 -0500] "GET /BLA/boletinlegal/js/jquery.scrollTo-min.js HTTP/1.1" 200 1150
181.159.123.244 - - [25/Jan/2015:13:46:14 -0500] "GET /BLA/boletinlegal/js/jquery.scrollShow.js HTTP/1.1" 200 4586
201.221.161.244 - - [25/Jan/2015:13:46:16 -0500] "GET /galeria/nivo-slider/themes/default/arrows.png HTTP/1.1" 200 824
201.221.161.244 - - [25/Jan/2015:13:46:16 -0500] "GET /galeria/nivo-slider/themes/default/bullets.png HTTP/1.1" 200 1281
181.50.241.109 - - [25/Jan/2015:13:46:32 -0500] "POST /forms/lservlet;jsessionid=ac16012b30d58ceacfbbcf574491834094438985f5fd.e3iSbxaKaheRe38RbNmLa3mSc41ynknvrkLOlQzNp65In0 HTTP/1.1" 200 2
186.82.82.112 - - [25/Jan/2015:13:46:35 -0500] "POST /forms/lservlet;jsessionid=ac16012b30d5921ad9c082454f2aa96fd36be22e6504.e3iSbxaKaheRe38RbNmLa3mSc41ynknvrkLOlQzNp65In0 HTTP/1.1" 200 2
66.249.67.83 - - [25/Jan/2015:13:46:44 -0500] "GET /BLA/resoluciones/RESOLUCIONES%202011/3496.pdf HTTP/1.1" 200 526381
66.249.67.83 - - [25/Jan/2015:13:47:07 -0500] "GET /BLA/resoluciones/RESOLUCIONES%202009/9191.pdf HTTP/1.1" 200 563329
191.71.210.195 - - [25/Jan/2015:13:47:20 -0500] "GET /BLA/boletinlegal/js/jquery.scrollTo-min.js HTTP/1.1" 200 1150
191.71.210.195 - - [25/Jan/2015:13:47:20 -0500] "GET /BLA/boletinlegal/js/jquery.js HTTP/1.1" 200 57254
191.71.210.195 - - [25/Jan/2015:13:47:20 -0500] "GET /BLA/boletinlegal/js/jquery.scrollShow.js HTTP/1.1" 200 4586
180.76.6.16 - - [25/Jan/2015:13:47:28 -0500] "GET /BLA/resoluciones/RESOLUCIONES%202007/RES%202007%202901%20AL%203000/RESOLUCION%202960%20DE%202007.pdf HTTP/1.1" 200 363293
66.249.67.75 - - [25/Jan/2015:13:47:42 -0500] "GET /BLA/resoluciones/AUTOS%202011/3254.pdf HTTP/1.1" 200 313825
74.86.158.107 - - [25/Jan/2015:13:48:13 -0500] "HEAD / HTTP/1.1" 302 -
178.162.193.34 - - [25/Jan/2015:13:48:19 -0500] "GET /BLA/resoluciones/AUTOS%202013/3091.pdf HTTP/1.0" 200 389266
66.249.67.67 - - [25/Jan/2015:13:48:29 -0500] "GET /BLA/resoluciones/RESOLUCIONES%202007/RES%202007%202701%20AL%202800/RESOLUCION%202738%20DE%202007.pdf HTTP/1.1" 200 398467
181.50.241.109 - - [25/Jan/2015:13:48:32 -0500] "POST /forms/lservlet;jsessionid=ac16012b30d58ceacfbbcf574491834094438985f5fd.e3iSbxaKaheRe38RbNmLa3mSc41ynknvrkLOlQzNp65In0 HTTP/1.1" 200 2
186.82.82.112 - - [25/Jan/2015:13:48:35 -0500] "POST /forms/lservlet;jsessionid=ac16012b30d5921ad9c082454f2aa96fd36be22e6504.e3iSbxaKaheRe38RbNmLa3mSc41ynknvrkLOlQzNp65In0 HTTP/1.1" 200 2
66.249.67.67 - - [25/Jan/2015:13:48:39 -0500] "GET /BLA/resoluciones/RESOLUCIONES%202009/4218.pdf HTTP/1.1" 200 773656
186.155.125.127 - - [25/Jan/2015:13:48:49 -0500] "GET /forest/actions/sgc.getPlantillaByInst?codForm=2021&codInst=3030855 HTTP/1.1" 200 97224
186.155.125.127 - - [25/Jan/2015:13:49:12 -0500] "GET /forest/session.jsp?a=0.1228907098993659 HTTP/1.1" 200 4
66.249.67.67 - - [25/Jan/2015:13:49:36 -0500] "GET /BLA/resoluciones/RESOLUCIONES%202004/RES%202004%201151-1200/00001158.tif HTTP/1.1" 200 184592
66.249.67.75 - - [25/Jan/2015:13:49:37 -0500] "GET /BLA/resoluciones/RESOLUCIONES%202007/RES%202007%202001%20AL%202100/RESOLUCION%202014%20DE%202007.pdf HTTP/1.1" 200 870864
66.249.67.67 - - [25/Jan/2015:13:49:50 -0500] "GET /BLA/resoluciones/AUTOS%202007/0184.pdf HTTP/1.1" 200 89569
188.165.15.208 - - [25/Jan/2015:13:50:04 -0500] "GET /BLA/resoluciones/RESOLUCIONES%202005/RES%202005%20901-950/00000942.tif HTTP/1.1" 200 131846
178.162.193.34 - - [25/Jan/2015:13:50:08 -0500] "GET /BLA/resoluciones/RESOLUCIONES%202010/0974.pdf HTTP/1.0" 200 99399
181.50.241.109 - - [25/Jan/2015:13:50:32 -0500] "POST /forms/lservlet;jsessionid=ac16012b30d58ceacfbbcf574491834094438985f5fd.e3iSbxaKaheRe38RbNmLa3mSc41ynknvrkLOlQzNp65In0 HTTP/1.1" 200 2
66.249.67.83 - - [25/Jan/2015:13:50:34 -0500] "GET /BLA/directivas/2011/4.pdf HTTP/1.1" 304 -
186.82.82.112 - - [25/Jan/2015:13:50:35 -0500] "POST /forms/lservlet;jsessionid=ac16012b30d5921ad9c082454f2aa96fd36be22e6504.e3iSbxaKaheRe38RbNmLa3mSc41ynknvrkLOlQzNp65In0 HTTP/1.1" 200 2
186.82.90.102 - - [25/Jan/2015:13:50:37 -0500] "GET /BLA/boletinlegal/js/jquery.scrollTo-min.js HTTP/1.1" 200 1150
186.82.90.102 - - [25/Jan/2015:13:50:37 -0500] "GET /galeria/carrusel/Carrusel/jquery.thumbnailScroller.css HTTP/1.1" 200 2066
186.82.90.102 - - [25/Jan/2015:13:50:37 -0500] "GET /BLA/boletinlegal/js/jquery.js HTTP/1.1" 200 57254
186.82.90.102 - - [25/Jan/2015:13:50:37 -0500] "GET /BLA/boletinlegal/js/jquery.scrollShow.js HTTP/1.1" 200 4586
186.82.90.102 - - [25/Jan/2015:13:50:37 -0500] "GET /galeria/carrusel/Carrusel/jquery-ui-1.8.13.custom.min.js HTTP/1.1" 200 10800
186.82.90.102 - - [25/Jan/2015:13:50:37 -0500] "GET /galeria/carrusel/Carrusel/jquery.thumbnailScroller.js HTTP/1.1" 200 8157
186.82.90.102 - - [25/Jan/2015:13:50:39 -0500] "GET /galeria/nivo-slider/demo/demo.html HTTP/1.1" 200 3150
186.82.90.102 - - [25/Jan/2015:13:50:39 -0500] "GET /galeria/nivo-slider/themes/default/default.css HTTP/1.1" 200 1569
186.82.90.102 - - [25/Jan/2015:13:50:39 -0500] "GET /galeria/nivo-slider/nivo-slider.css HTTP/1.1" 200 1507
186.82.90.102 - - [25/Jan/2015:13:50:39 -0500] "GET /galeria/nivo-slider/demo/style.css HTTP/1.1" 200 2222
186.82.90.102 - - [25/Jan/2015:13:50:39 -0500] "GET /galeria/nivo-slider/themes/pascal/pascal.css HTTP/1.1" 200 2258
186.82.90.102 - - [25/Jan/2015:13:50:39 -0500] "GET /galeria/nivo-slider/themes/orman/orman.css HTTP/1.1" 200 2152
186.82.90.102 - - [25/Jan/2015:13:50:39 -0500] "GET /galeria/nivo-slider/demo/scripts/jquery-1.7.1.min.js HTTP/1.1" 200 93868
186.82.90.102 - - [25/Jan/2015:13:50:39 -0500] "GET /galeria/nivo-slider/jquery.nivo.slider.pack.js HTTP/1.1" 200 11561
186.82.90.102 - - [25/Jan/2015:13:50:39 -0500] "GET /galeria/nivo-slider/demo/images/4Simple_Slider.png HTTP/1.1" 200 11722
186.82.90.102 - - [25/Jan/2015:13:50:39 -0500] "GET /galeria/nivo-slider/themes/default/loading.gif HTTP/1.1" 200 1737
186.82.90.102 - - [25/Jan/2015:13:50:40 -0500] "GET /galeria/nivo-slider/demo/images/bolsas-08.jpg HTTP/1.1" 200 85589
186.82.90.102 - - [25/Jan/2015:13:50:40 -0500] "GET /galeria/nivo-slider/demo/images/Ruta-vertimientos-01.jpg HTTP/1.1" 200 130151
186.82.90.102 - - [25/Jan/2015:13:50:40 -0500] "GET /galeria/nivo-slider/demo/images/bolsas-06.jpg HTTP/1.1" 200 90982
186.82.90.102 - - [25/Jan/2015:13:50:40 -0500] "GET /galeria/nivo-slider/demo/images/ecolecta-Dic2014.png HTTP/1.1" 200 288593
186.82.90.102 - - [25/Jan/2015:13:50:40 -0500] "GET /galeria/nivo-slider/demo/images/porloshumedales.jpg HTTP/1.1" 200 351238
186.82.90.102 - - [25/Jan/2015:13:50:41 -0500] "GET /galeria/nivo-slider/demo/images/Tingua-azul.jpg HTTP/1.1" 200 307638
186.82.90.102 - - [25/Jan/2015:13:50:41 -0500] "GET /galeria/nivo-slider/demo/images/Banner-Caracol-Africano.jpg HTTP/1.1" 200 331986
186.82.90.102 - - [25/Jan/2015:13:50:41 -0500] "GET /galeria/nivo-slider/demo/images/banner-redes.jpg HTTP/1.1" 200 62209
186.82.90.102 - - [25/Jan/2015:13:50:42 -0500] "GET /galeria/nivo-slider/demo/images/9Signos.jpg HTTP/1.1" 200 93040
186.82.90.102 - - [25/Jan/2015:13:50:43 -0500] "GET /galeria/nivo-slider/demo/images/banner-llantas2.jpg HTTP/1.1" 200 73153
186.82.90.102 - - [25/Jan/2015:13:50:44 -0500] "GET /galeria/nivo-slider/demo/images/banner-caballos.png HTTP/1.1" 200 389106
186.82.90.102 - - [25/Jan/2015:13:50:44 -0500] "GET /videos/Spot_CambioClimatico.flv HTTP/1.1" 200 4371917
186.82.90.102 - - [25/Jan/2015:13:50:45 -0500] "GET /galeria/nivo-slider/themes/default/arrows.png HTTP/1.1" 200 824
186.82.90.102 - - [25/Jan/2015:13:50:45 -0500] "GET /galeria/nivo-slider/themes/default/bullets.png HTTP/1.1" 200 1281
188.165.15.59 - - [25/Jan/2015:13:51:10 -0500] "GET /BLA/resoluciones/RESOLUCIONES%202005/RES%202005%201301-1350/00001317.tif HTTP/1.1" 200 176712
66.249.67.75 - - [25/Jan/2015:13:51:11 -0500] "GET /BLA/resoluciones/AUTOS%202008/1530.pdf HTTP/1.1" 200 196141
66.249.67.75 - - [25/Jan/2015:13:51:32 -0500] "GET /BLA/resoluciones/RESOLUCIONES%202007/RES%202007%201501%20AL%201600/RESOLUCION%201573%20DE%202007.pdf HTTP/1.1" 200 744004
66.249.67.67 - - [25/Jan/2015:13:52:01 -0500] "GET /BLA/resoluciones/RESOLUCIONES%202003/RES%202003%20901-950/928.tif HTTP/1.1" 200 458024
66.249.67.75 - - [25/Jan/2015:13:52:29 -0500] "GET /BLA/resoluciones/RESOLUCIONES%202007/RES%202007%201101%20AL%201200/RESOLUCION%201167%20DE%202007.pdf HTTP/1.1" 200 277043
66.249.67.67 - - [25/Jan/2015:13:52:32 -0500] "GET /BLA/resoluciones/AUTOS%202007/0714.pdf HTTP/1.1" 200 79843
181.50.241.109 - - [25/Jan/2015:13:52:32 -0500] "POST /forms/lservlet;jsessionid=ac16012b30d58ceacfbbcf574491834094438985f5fd.e3iSbxaKaheRe38RbNmLa3mSc41ynknvrkLOlQzNp65In0 HTTP/1.1" 200 2
186.82.82.112 - - [25/Jan/2015:13:52:36 -0500] "POST /forms/lservlet;jsessionid=ac16012b30d5921ad9c082454f2aa96fd36be22e6504.e3iSbxaKaheRe38RbNmLa3mSc41ynknvrkLOlQzNp65In0 HTTP/1.1" 200 2
74.86.158.107 - - [25/Jan/2015:13:53:13 -0500] "HEAD / HTTP/1.1" 302 -
186.155.101.228 - - [25/Jan/2015:13:53:15 -0500] "GET /BLA/boletinlegal/js/jquery.js HTTP/1.1" 200 57254
186.155.101.228 - - [25/Jan/2015:13:53:15 -0500] "GET /BLA/boletinlegal/js/jquery.scrollTo-min.js HTTP/1.1" 200 1150
186.155.101.228 - - [25/Jan/2015:13:53:15 -0500] "GET /BLA/boletinlegal/js/jquery.scrollShow.js HTTP/1.1" 200 4586
178.162.193.34 - - [25/Jan/2015:13:53:18 -0500] "GET /BLA/resoluciones/RESOLUCIONES%202009/2276.pdf HTTP/1.0" 200 400441
66.249.67.75 - - [25/Jan/2015:13:53:26 -0500] "GET /BLA/resoluciones/RESOLUCIONES%202009/9481.pdf HTTP/1.1" 200 353666
191.111.71.74 - - [25/Jan/2015:13:53:38 -0500] "GET /BLA/resoluciones/AUTOS%202012/1743.pdf HTTP/1.1" 200 696456
181.64.209.247 - - [25/Jan/2015:13:53:49 -0500] "GET /BLA/boletinlegal/jurisprudencia/analisis/Analisis%20jurisprudencial%20Sentencia%20C-366-11.doc HTTP/1.1" 200 59392
66.249.67.83 - - [25/Jan/2015:13:53:50 -0500] "GET /BLA/resoluciones/RESOLUCIONES%202002/RES%202002%201301-1350/20021331.tif HTTP/1.1" 200 161754
66.249.67.75 - - [25/Jan/2015:13:53:54 -0500] "GET /BLA/resoluciones/AUTOS%202013/2671.pdf HTTP/1.1" 200 243349
186.155.125.127 - - [25/Jan/2015:13:54:13 -0500] "GET /forest/session.jsp?a=0.5332592877093703 HTTP/1.1" 200 4
190.84.216.189 - - [25/Jan/2015:13:54:23 -0500] "GET /BLA/boletinlegal/js/jquery.scrollShow.js HTTP/1.1" 200 4586
190.84.216.189 - - [25/Jan/2015:13:54:23 -0500] "GET /BLA/boletinlegal/js/jquery.scrollTo-min.js HTTP/1.1" 200 1150
190.84.216.189 - - [25/Jan/2015:13:54:23 -0500] "GET /BLA/boletinlegal/js/jquery.js HTTP/1.1" 200 57254
66.249.67.83 - - [25/Jan/2015:13:54:24 -0500] "GET /BLA/resoluciones/RESOLUCIONES%202007/RES%202007%203901%20AL%204000/RESOLUCION%203909%20DE%202007.pdf HTTP/1.1" 304 -
181.50.241.109 - - [25/Jan/2015:13:54:32 -0500] "POST /forms/lservlet;jsessionid=ac16012b30d58ceacfbbcf574491834094438985f5fd.e3iSbxaKaheRe38RbNmLa3mSc41ynknvrkLOlQzNp65In0 HTTP/1.1" 200 2
186.82.82.112 - - [25/Jan/2015:13:54:36 -0500] "POST /forms/lservlet;jsessionid=ac16012b30d5921ad9c082454f2aa96fd36be22e6504.e3iSbxaKaheRe38RbNmLa3mSc41ynknvrkLOlQzNp65In0 HTTP/1.1" 200 2
190.84.216.189 - - [25/Jan/2015:13:54:47 -0500] "GET /videos/CRRFFS.mp4 HTTP/1.1" 200 286784363
188.165.15.201 - - [25/Jan/2015:13:55:05 -0500] "GET /BLA/resoluciones/RESOLUCIONES%202004/RES%202004%201401-1450/INDEX.DAT HTTP/1.1" 200 2000
66.249.67.83 - - [25/Jan/2015:13:55:15 -0500] "GET /BLA/resoluciones/AUTOS%202007/3673.pdf HTTP/1.1" 200 218340
66.249.67.75 - - [25/Jan/2015:13:55:21 -0500] "GET /BLA/resoluciones/RESOLUCIONES%202009/8103.pdf HTTP/1.1" 304 -
191.108.134.213 - - [25/Jan/2015:13:55:30 -0500] "GET /BLA/boletinlegal/js/jquery.scrollShow.js HTTP/1.1" 200 4586
191.108.134.213 - - [25/Jan/2015:13:55:30 -0500] "GET /BLA/boletinlegal/js/jquery.scrollTo-min.js HTTP/1.1" 200 1150
191.108.134.213 - - [25/Jan/2015:13:55:30 -0500] "GET /BLA/boletinlegal/js/jquery.js HTTP/1.1" 200 57254
180.76.4.124 - - [25/Jan/2015:13:55:34 -0500] "GET / HTTP/1.1" 302 -
178.162.193.34 - - [25/Jan/2015:13:55:52 -0500] "GET /BLA/resoluciones/RESOLUCIONES%202010/5662.pdf HTTP/1.0" 200 140221
66.249.67.67 - - [25/Jan/2015:13:56:19 -0500] "GET /BLA/resoluciones/RESOLUCIONES%202012/1198.pdf HTTP/1.1" 200 729855
181.50.241.109 - - [25/Jan/2015:13:56:32 -0500] "POST /forms/lservlet;jsessionid=ac16012b30d58ceacfbbcf574491834094438985f5fd.e3iSbxaKaheRe38RbNmLa3mSc41ynknvrkLOlQzNp65In0 HTTP/1.1" 200 2
173.29.57.235 - - [25/Jan/2015:13:56:34 -0500] "GET /webdav/x32.php HTTP/1.1" 404 1018
186.87.11.54 - - [25/Jan/2015:13:56:35 -0500] "GET /BLA/boletinlegal/js/jquery.js HTTP/1.1" 200 57254
186.87.11.54 - - [25/Jan/2015:13:56:35 -0500] "GET /BLA/boletinlegal/js/jquery.scrollTo-min.js HTTP/1.1" 200 1150
186.87.11.54 - - [25/Jan/2015:13:56:35 -0500] "GET /BLA/boletinlegal/js/jquery.scrollShow.js HTTP/1.1" 200 4586
186.87.11.54 - - [25/Jan/2015:13:56:35 -0500] "GET /galeria/carrusel/Carrusel/jquery.thumbnailScroller.css HTTP/1.1" 200 2066
186.87.11.54 - - [25/Jan/2015:13:56:35 -0500] "GET /galeria/carrusel/Carrusel/jquery-ui-1.8.13.custom.min.js HTTP/1.1" 200 10800
186.87.11.54 - - [25/Jan/2015:13:56:35 -0500] "GET /galeria/carrusel/Carrusel/jquery.thumbnailScroller.js HTTP/1.1" 200 8157
66.249.67.83 - - [25/Jan/2015:13:56:36 -0500] "GET /BLA/resoluciones/AUTOS%202007/2163.pdf HTTP/1.1" 200 146539
178.162.193.34 - - [25/Jan/2015:13:56:36 -0500] "GET /BLA/resoluciones/RESOLUCIONES%202007/RES%202007%203301%20AL%203400/RESOLUCION%203400%20DE%202007.pdf HTTP/1.0" 200 669605
186.82.82.112 - - [25/Jan/2015:13:56:36 -0500] "POST /forms/lservlet;jsessionid=ac16012b30d5921ad9c082454f2aa96fd36be22e6504.e3iSbxaKaheRe38RbNmLa3mSc41ynknvrkLOlQzNp65In0 HTTP/1.1" 200 2
186.87.11.54 - - [25/Jan/2015:13:56:37 -0500] "GET /galeria/nivo-slider/demo/demo.html HTTP/1.1" 200 3150
186.87.11.54 - - [25/Jan/2015:13:56:39 -0500] "GET /galeria/nivo-slider/themes/default/default.css HTTP/1.1" 200 1569
186.87.11.54 - - [25/Jan/2015:13:56:39 -0500] "GET /galeria/nivo-slider/themes/pascal/pascal.css HTTP/1.1" 200 2258
186.87.11.54 - - [25/Jan/2015:13:56:39 -0500] "GET /galeria/nivo-slider/themes/orman/orman.css HTTP/1.1" 200 2152
186.87.11.54 - - [25/Jan/2015:13:56:39 -0500] "GET /galeria/nivo-slider/nivo-slider.css HTTP/1.1" 200 1507
186.87.11.54 - - [25/Jan/2015:13:56:39 -0500] "GET /galeria/nivo-slider/demo/style.css HTTP/1.1" 200 2222
186.87.11.54 - - [25/Jan/2015:13:56:39 -0500] "GET /galeria/nivo-slider/demo/scripts/jquery-1.7.1.min.js HTTP/1.1" 200 93868
186.87.11.54 - - [25/Jan/2015:13:56:40 -0500] "GET /galeria/nivo-slider/demo/images/Ruta-vertimientos-01.jpg HTTP/1.1" 200 130151
186.87.11.54 - - [25/Jan/2015:13:56:40 -0500] "GET /galeria/nivo-slider/demo/images/ecolecta-Dic2014.png HTTP/1.1" 200 288593
186.87.11.54 - - [25/Jan/2015:13:56:40 -0500] "GET /galeria/nivo-slider/demo/images/bolsas-08.jpg HTTP/1.1" 200 85589
186.87.11.54 - - [25/Jan/2015:13:56:40 -0500] "GET /galeria/nivo-slider/demo/images/bolsas-06.jpg HTTP/1.1" 200 90982
186.87.11.54 - - [25/Jan/2015:13:56:40 -0500] "GET /galeria/nivo-slider/jquery.nivo.slider.pack.js HTTP/1.1" 200 11561
186.87.11.54 - - [25/Jan/2015:13:56:40 -0500] "GET /galeria/nivo-slider/demo/images/4Simple_Slider.png HTTP/1.1" 200 11722
186.87.11.54 - - [25/Jan/2015:13:56:40 -0500] "GET /galeria/nivo-slider/themes/default/loading.gif HTTP/1.1" 200 1737
186.87.11.54 - - [25/Jan/2015:13:56:40 -0500] "GET /galeria/nivo-slider/demo/images/porloshumedales.jpg HTTP/1.1" 200 351238
186.87.11.54 - - [25/Jan/2015:13:56:40 -0500] "GET /galeria/nivo-slider/demo/images/Tingua-azul.jpg HTTP/1.1" 200 307638
186.87.11.54 - - [25/Jan/2015:13:56:40 -0500] "GET /galeria/nivo-slider/demo/images/Banner-Caracol-Africano.jpg HTTP/1.1" 200 331986
186.87.11.54 - - [25/Jan/2015:13:56:40 -0500] "GET /galeria/nivo-slider/demo/images/banner-redes.jpg HTTP/1.1" 200 62209
186.87.11.54 - - [25/Jan/2015:13:56:41 -0500] "GET /galeria/nivo-slider/demo/images/9Signos.jpg HTTP/1.1" 200 93040
186.87.11.54 - - [25/Jan/2015:13:56:41 -0500] "GET /galeria/nivo-slider/demo/images/banner-llantas2.jpg HTTP/1.1" 200 73153
186.87.11.54 - - [25/Jan/2015:13:56:42 -0500] "GET /galeria/nivo-slider/demo/images/banner-caballos.png HTTP/1.1" 200 389106
186.87.11.54 - - [25/Jan/2015:13:56:44 -0500] "GET /galeria/nivo-slider/themes/default/arrows.png HTTP/1.1" 200 824
186.87.11.54 - - [25/Jan/2015:13:56:44 -0500] "GET /galeria/nivo-slider/themes/default/bullets.png HTTP/1.1" 200 1281
66.249.67.83 - - [25/Jan/2015:13:57:02 -0500] "GET /BLA/resoluciones/RESOLUCIONES%202003/RES%202003%202001-2051/20032007.tif HTTP/1.1" 200 162726
66.249.67.75 - - [25/Jan/2015:13:57:16 -0500] "GET /BLA/normas/1208.pdf HTTP/1.1" 200 1485145
66.249.67.75 - - [25/Jan/2015:13:57:57 -0500] "GET /BLA/resoluciones/RESOLUCIONES%202009/0858.pdf HTTP/1.1" 200 302116
181.54.176.210 - - [25/Jan/2015:13:58:11 -0500] "GET /BLA/boletinlegal/js/jquery.scrollShow.js HTTP/1.1" 200 4586
181.54.176.210 - - [25/Jan/2015:13:58:11 -0500] "GET /BLA/boletinlegal/js/jquery.js HTTP/1.1" 200 57254
181.54.176.210 - - [25/Jan/2015:13:58:11 -0500] "GET /BLA/boletinlegal/js/jquery.scrollTo-min.js HTTP/1.1" 200 1150
181.54.176.210 - - [25/Jan/2015:13:58:11 -0500] "GET /galeria/carrusel/Carrusel/jquery.thumbnailScroller.css HTTP/1.1" 200 2066
181.54.176.210 - - [25/Jan/2015:13:58:11 -0500] "GET /galeria/carrusel/Carrusel/jquery-ui-1.8.13.custom.min.js HTTP/1.1" 200 10800
181.54.176.210 - - [25/Jan/2015:13:58:11 -0500] "GET /galeria/carrusel/Carrusel/jquery.thumbnailScroller.js HTTP/1.1" 200 8157
74.86.158.107 - - [25/Jan/2015:13:58:13 -0500] "HEAD / HTTP/1.1" 302 -
66.249.67.67 - - [25/Jan/2015:13:58:14 -0500] "GET /BLA/resoluciones/RESOLUCIONES%202007/RES%202007%204201%20AL%204300/RESOLUCION%204280%20DE%202007.pdf HTTP/1.1" 200 528136
181.54.176.210 - - [25/Jan/2015:13:58:17 -0500] "GET /galeria/nivo-slider/demo/demo.html HTTP/1.1" 200 3150
181.54.176.210 - - [25/Jan/2015:13:58:17 -0500] "GET /galeria/nivo-slider/themes/default/default.css HTTP/1.1" 200 1569
181.54.176.210 - - [25/Jan/2015:13:58:17 -0500] "GET /galeria/nivo-slider/themes/pascal/pascal.css HTTP/1.1" 200 2258
181.54.176.210 - - [25/Jan/2015:13:58:17 -0500] "GET /galeria/nivo-slider/nivo-slider.css HTTP/1.1" 200 1507
181.54.176.210 - - [25/Jan/2015:13:58:17 -0500] "GET /galeria/nivo-slider/themes/orman/orman.css HTTP/1.1" 200 2152
181.54.176.210 - - [25/Jan/2015:13:58:17 -0500] "GET /galeria/nivo-slider/demo/style.css HTTP/1.1" 200 2222
181.54.176.210 - - [25/Jan/2015:13:58:17 -0500] "GET /galeria/nivo-slider/demo/images/bolsas-08.jpg HTTP/1.1" 200 85589
181.54.176.210 - - [25/Jan/2015:13:58:18 -0500] "GET /galeria/nivo-slider/demo/images/Ruta-vertimientos-01.jpg HTTP/1.1" 200 130151
181.54.176.210 - - [25/Jan/2015:13:58:18 -0500] "GET /galeria/nivo-slider/demo/images/ecolecta-Dic2014.png HTTP/1.1" 200 288593
181.54.176.210 - - [25/Jan/2015:13:58:18 -0500] "GET /galeria/nivo-slider/demo/images/bolsas-06.jpg HTTP/1.1" 200 90982
181.54.176.210 - - [25/Jan/2015:13:58:18 -0500] "GET /galeria/nivo-slider/demo/images/porloshumedales.jpg HTTP/1.1" 200 351238
181.54.176.210 - - [25/Jan/2015:13:58:18 -0500] "GET /galeria/nivo-slider/demo/images/Tingua-azul.jpg HTTP/1.1" 200 307638
181.54.176.210 - - [25/Jan/2015:13:58:21 -0500] "GET /galeria/nivo-slider/demo/images/Banner-Caracol-Africano.jpg HTTP/1.1" 200 331986
181.54.176.210 - - [25/Jan/2015:13:58:22 -0500] "GET /galeria/nivo-slider/demo/images/banner-redes.jpg HTTP/1.1" 200 62209
181.54.176.210 - - [25/Jan/2015:13:58:24 -0500] "GET /galeria/nivo-slider/demo/images/9Signos.jpg HTTP/1.1" 200 93040
181.54.176.210 - - [25/Jan/2015:13:58:26 -0500] "GET /galeria/nivo-slider/demo/images/banner-llantas2.jpg HTTP/1.1" 200 73153
181.54.176.210 - - [25/Jan/2015:13:58:27 -0500] "GET /galeria/nivo-slider/demo/images/banner-caballos.png HTTP/1.1" 200 389106
181.54.176.210 - - [25/Jan/2015:13:58:28 -0500] "GET /galeria/nivo-slider/demo/scripts/jquery-1.7.1.min.js HTTP/1.1" 200 93868
181.50.241.109 - - [25/Jan/2015:13:58:32 -0500] "POST /forms/lservlet;jsessionid=ac16012b30d58ceacfbbcf574491834094438985f5fd.e3iSbxaKaheRe38RbNmLa3mSc41ynknvrkLOlQzNp65In0 HTTP/1.1" 200 2
186.82.82.112 - - [25/Jan/2015:13:58:36 -0500] "POST /forms/lservlet;jsessionid=ac16012b30d5921ad9c082454f2aa96fd36be22e6504.e3iSbxaKaheRe38RbNmLa3mSc41ynknvrkLOlQzNp65In0 HTTP/1.1" 200 2
188.165.15.61 - - [25/Jan/2015:13:58:50 -0500] "GET /BLA/resoluciones/RESOLUCIONES%202006/RES%202006%201801-1850/00001814.tif HTTP/1.1" 200 92622
186.29.63.176 - - [25/Jan/2015:13:59:02 -0500] "GET /galeria/carrusel/Carrusel/jquery.thumbnailScroller.css HTTP/1.1" 200 2066
186.29.63.176 - - [25/Jan/2015:13:59:02 -0500] "GET /BLA/boletinlegal/js/jquery.js HTTP/1.1" 200 57254
186.29.63.176 - - [25/Jan/2015:13:59:02 -0500] "GET /BLA/boletinlegal/js/jquery.scrollTo-min.js HTTP/1.1" 200 1150
186.29.63.176 - - [25/Jan/2015:13:59:02 -0500] "GET /galeria/carrusel/Carrusel/jquery-ui-1.8.13.custom.min.js HTTP/1.1" 200 10800
186.29.63.176 - - [25/Jan/2015:13:59:02 -0500] "GET /BLA/boletinlegal/js/jquery.scrollShow.js HTTP/1.1" 200 4586
186.29.63.176 - - [25/Jan/2015:13:59:02 -0500] "GET /galeria/carrusel/Carrusel/jquery.thumbnailScroller.js HTTP/1.1" 200 8157
186.29.63.176 - - [25/Jan/2015:13:59:06 -0500] "GET /galeria/nivo-slider/demo/demo.html HTTP/1.1" 200 3150
186.29.63.176 - - [25/Jan/2015:13:59:06 -0500] "GET /galeria/nivo-slider/themes/pascal/pascal.css HTTP/1.1" 200 2258
186.29.63.176 - - [25/Jan/2015:13:59:06 -0500] "GET /galeria/nivo-slider/themes/default/default.css HTTP/1.1" 200 1569
186.29.63.176 - - [25/Jan/2015:13:59:07 -0500] "GET /galeria/nivo-slider/themes/orman/orman.css HTTP/1.1" 200 2152
186.29.63.176 - - [25/Jan/2015:13:59:07 -0500] "GET /galeria/nivo-slider/nivo-slider.css HTTP/1.1" 200 1507
186.29.63.176 - - [25/Jan/2015:13:59:07 -0500] "GET /galeria/nivo-slider/demo/style.css HTTP/1.1" 200 2222
186.29.63.176 - - [25/Jan/2015:13:59:07 -0500] "GET /galeria/nivo-slider/demo/scripts/jquery-1.7.1.min.js HTTP/1.1" 200 93868
186.29.63.176 - - [25/Jan/2015:13:59:07 -0500] "GET /galeria/nivo-slider/jquery.nivo.slider.pack.js HTTP/1.1" 200 11561
186.29.63.176 - - [25/Jan/2015:13:59:08 -0500] "GET /galeria/nivo-slider/demo/images/bolsas-08.jpg HTTP/1.1" 200 85589
186.29.63.176 - - [25/Jan/2015:13:59:08 -0500] "GET /galeria/nivo-slider/demo/images/4Simple_Slider.png HTTP/1.1" 200 11722
186.29.63.176 - - [25/Jan/2015:13:59:08 -0500] "GET /galeria/nivo-slider/themes/default/loading.gif HTTP/1.1" 200 1737
186.29.63.176 - - [25/Jan/2015:13:59:08 -0500] "GET /galeria/nivo-slider/demo/images/Ruta-vertimientos-01.jpg HTTP/1.1" 200 130151
186.29.63.176 - - [25/Jan/2015:13:59:08 -0500] "GET /galeria/nivo-slider/demo/images/bolsas-06.jpg HTTP/1.1" 200 90982
186.29.63.176 - - [25/Jan/2015:13:59:08 -0500] "GET /galeria/nivo-slider/demo/images/ecolecta-Dic2014.png HTTP/1.1" 200 288593
186.29.63.176 - - [25/Jan/2015:13:59:08 -0500] "GET /galeria/nivo-slider/demo/images/porloshumedales.jpg HTTP/1.1" 200 351238
186.29.63.176 - - [25/Jan/2015:13:59:10 -0500] "GET /galeria/nivo-slider/demo/images/Tingua-azul.jpg HTTP/1.1" 200 307638
66.249.67.67 - - [25/Jan/2015:13:59:11 -0500] "GET /BLA/resoluciones/RESOLUCIONES%202012/0415.pdf HTTP/1.1" 200 422093
186.29.63.176 - - [25/Jan/2015:13:59:12 -0500] "GET /galeria/nivo-slider/demo/images/Banner-Caracol-Africano.jpg HTTP/1.1" 200 331986
186.29.63.176 - - [25/Jan/2015:13:59:12 -0500] "GET /galeria/nivo-slider/demo/images/banner-redes.jpg HTTP/1.1" 200 62209
186.29.63.176 - - [25/Jan/2015:13:59:12 -0500] "GET /galeria/nivo-slider/demo/images/9Signos.jpg HTTP/1.1" 200 93040
186.29.63.176 - - [25/Jan/2015:13:59:14 -0500] "GET /galeria/nivo-slider/demo/images/banner-llantas2.jpg HTTP/1.1" 200 73153
186.29.63.176 - - [25/Jan/2015:13:59:15 -0500] "GET /galeria/nivo-slider/demo/images/banner-caballos.png HTTP/1.1" 200 389106
181.130.148.2 - - [25/Jan/2015:13:59:15 -0500] "GET /BLA/resoluciones/RESOLUCIONES%202007/RES%202007%201301%20AL%201400/RESOLUCION%201367%20DE%202007.pdf HTTP/1.1" 200 391596
181.130.148.2 - - [25/Jan/2015:13:59:16 -0500] "GET /BLA/resoluciones/RESOLUCIONES%202007/RES%202007%201301%20AL%201400/RESOLUCION%201367%20DE%202007.pdf HTTP/1.1" 200 391596
186.29.63.176 - - [25/Jan/2015:13:59:16 -0500] "GET /videos/Spot_CambioClimatico.flv HTTP/1.1" 200 4371917
66.249.67.83 - - [25/Jan/2015:13:59:19 -0500] "GET /BLA/resoluciones/AUTOS%202007/0478.pdf HTTP/1.1" 200 29782
186.29.63.176 - - [25/Jan/2015:13:59:23 -0500] "GET /galeria/nivo-slider/themes/default/bullets.png HTTP/1.1" 200 1281
186.29.63.176 - - [25/Jan/2015:13:59:23 -0500] "GET /galeria/nivo-slider/themes/default/arrows.png HTTP/1.1" 200 824
190.157.176.28 - - [25/Jan/2015:13:59:34 -0500] "GET /BLA/resoluciones/RESOLUCIONES%202007/RES%202007%202501%20AL%202600/RESOLUCION%202505%20DE%202007.pdf HTTP/1.1" 200 107850
190.157.176.28 - - [25/Jan/2015:13:59:35 -0500] "GET /BLA/resoluciones/RESOLUCIONES%202007/RES%202007%202501%20AL%202600/RESOLUCION%202505%20DE%202007.pdf HTTP/1.1" 206 32768
190.157.176.28 - - [25/Jan/2015:13:59:35 -0500] "GET /BLA/resoluciones/RESOLUCIONES%202007/RES%202007%202501%20AL%202600/RESOLUCION%202505%20DE%202007.pdf HTTP/1.1" 206 75082
190.157.176.28 - - [25/Jan/2015:13:59:36 -0500] "GET /favicon.ico HTTP/1.1" 200 7782
178.162.193.34 - - [25/Jan/2015:13:59:47 -0500] "GET /BLA/resoluciones/AUTOS%202011/3221.pdf HTTP/1.0" 200 313051
66.249.67.83 - - [25/Jan/2015:14:00:09 -0500] "GET /BLA/resoluciones/AUTOS%202011/0111.pdf HTTP/1.1" 200 214451
181.50.241.109 - - [25/Jan/2015:14:00:32 -0500] "POST /forms/lservlet;jsessionid=ac16012b30d58ceacfbbcf574491834094438985f5fd.e3iSbxaKaheRe38RbNmLa3mSc41ynknvrkLOlQzNp65In0 HTTP/1.1" 200 2
181.253.196.175 - - [25/Jan/2015:14:00:35 -0500] "GET /BLA/boletinlegal/js/jquery.js HTTP/1.1" 200 57254
181.253.196.175 - - [25/Jan/2015:14:00:35 -0500] "GET /BLA/boletinlegal/js/jquery.scrollShow.js HTTP/1.1" 200 4586
181.253.196.175 - - [25/Jan/2015:14:00:35 -0500] "GET /BLA/boletinlegal/js/jquery.scrollTo-min.js HTTP/1.1" 200 1150
186.82.82.112 - - [25/Jan/2015:14:00:36 -0500] "POST /forms/lservlet;jsessionid=ac16012b30d5921ad9c082454f2aa96fd36be22e6504.e3iSbxaKaheRe38RbNmLa3mSc41ynknvrkLOlQzNp65In0 HTTP/1.1" 200 2
188.165.15.110 - - [25/Jan/2015:14:00:38 -0500] "GET /BLA/resoluciones/RESOLUCIONES%202005/RES%202005%20751-800/00000796.tif HTTP/1.1" 200 321326
66.249.67.75 - - [25/Jan/2015:14:00:40 -0500] "GET /BLA/resoluciones/RESOLUCIONES%202008/1854.pdf HTTP/1.1" 200 120847
66.249.67.67 - - [25/Jan/2015:14:01:06 -0500] "GET /autoliquidacion/PERMISO%20DE%20OCUPACION%20DE%20SUELO/FORMATO%20DE%20SOLICITUD%20PERMISO%20DE%20CAUCES%20POC%20MODIFICADO_29072014.xls HTTP/1.1" 200 723456
181.130.148.2 - - [25/Jan/2015:14:01:09 -0500] "GET /BLA/resoluciones/RESOLUCIONES%202007/RES%202007%201301%20AL%201400/RESOLUCION%201367%20DE%202007.pdf HTTP/1.1" 200 391596
181.130.148.2 - - [25/Jan/2015:14:01:10 -0500] "GET /BLA/resoluciones/RESOLUCIONES%202007/RES%202007%201301%20AL%201400/RESOLUCION%201367%20DE%202007.pdf HTTP/1.1" 200 391596
186.99.126.196 - - [25/Jan/2015:14:01:44 -0500] "GET /BLA/boletinlegal/js/jquery.js HTTP/1.1" 200 57254
186.99.126.196 - - [25/Jan/2015:14:01:46 -0500] "GET /BLA/boletinlegal/js/jquery.scrollShow.js HTTP/1.1" 200 4586
186.99.126.196 - - [25/Jan/2015:14:01:46 -0500] "GET /BLA/boletinlegal/js/jquery.scrollTo-min.js HTTP/1.1" 200 1150
186.99.126.196 - - [25/Jan/2015:14:01:46 -0500] "GET /galeria/carrusel/Carrusel/jquery.thumbnailScroller.css HTTP/1.1" 200 2066
186.99.126.196 - - [25/Jan/2015:14:01:46 -0500] "GET /galeria/carrusel/Carrusel/jquery-ui-1.8.13.custom.min.js HTTP/1.1" 200 10800
186.99.126.196 - - [25/Jan/2015:14:01:47 -0500] "GET /galeria/carrusel/Carrusel/jquery.thumbnailScroller.js HTTP/1.1" 200 8157
66.249.67.67 - - [25/Jan/2015:14:02:00 -0500] "GET /BLA/resoluciones/RESOLUCIONES%202009/2876.pdf HTTP/1.1" 200 1534182
66.249.67.75 - - [25/Jan/2015:14:02:03 -0500] "GET /BLA/resoluciones/RESOLUCIONES%202009/9527.pdf HTTP/1.1" 304 -
186.30.149.198 - - [25/Jan/2015:14:02:21 -0500] "GET /BLA/resoluciones/RESOLUCIONES%202013/2596.pdf HTTP/1.1" 200 644956
186.30.149.198 - - [25/Jan/2015:14:02:22 -0500] "GET /BLA/resoluciones/RESOLUCIONES%202013/2596.pdf HTTP/1.1" 206 528156
186.30.149.198 - - [25/Jan/2015:14:02:22 -0500] "GET /BLA/resoluciones/RESOLUCIONES%202013/2596.pdf HTTP/1.1" 206 263783
186.30.149.198 - - [25/Jan/2015:14:02:24 -0500] "GET /BLA/resoluciones/RESOLUCIONES%202013/2596.pdf HTTP/1.1" 206 131847
186.30.149.198 - - [25/Jan/2015:14:02:27 -0500] "GET /BLA/resoluciones/RESOLUCIONES%202013/2596.pdf HTTP/1.1" 200 644956
186.30.149.198 - - [25/Jan/2015:14:02:28 -0500] "GET /BLA/resoluciones/RESOLUCIONES%202013/2596.pdf HTTP/1.1" 206 528156
186.30.149.198 - - [25/Jan/2015:14:02:28 -0500] "GET /BLA/resoluciones/RESOLUCIONES%202013/2596.pdf HTTP/1.1" 206 263783
186.30.149.198 - - [25/Jan/2015:14:02:30 -0500] "GET /BLA/resoluciones/RESOLUCIONES%202013/2596.pdf HTTP/1.1" 206 131847
186.155.125.127 - - [25/Jan/2015:14:02:30 -0500] "GET /forest/session.jsp?a=0.5114969739224762 HTTP/1.1" 200 4
181.50.241.109 - - [25/Jan/2015:14:02:32 -0500] "POST /forms/lservlet;jsessionid=ac16012b30d58ceacfbbcf574491834094438985f5fd.e3iSbxaKaheRe38RbNmLa3mSc41ynknvrkLOlQzNp65In0 HTTP/1.1" 200 2
201.243.97.230 - - [25/Jan/2015:14:02:32 -0500] "GET /BLA/boletinlegal/js/jquery.js HTTP/1.1" 200 57254
201.243.97.230 - - [25/Jan/2015:14:02:32 -0500] "GET /BLA/boletinlegal/js/jquery.scrollTo-min.js HTTP/1.1" 200 1150
201.243.97.230 - - [25/Jan/2015:14:02:32 -0500] "GET /BLA/boletinlegal/js/jquery.scrollShow.js HTTP/1.1" 200 4586
186.82.82.112 - - [25/Jan/2015:14:02:36 -0500] "POST /forms/lservlet;jsessionid=ac16012b30d5921ad9c082454f2aa96fd36be22e6504.e3iSbxaKaheRe38RbNmLa3mSc41ynknvrkLOlQzNp65In0 HTTP/1.1" 200 2
66.249.67.75 - - [25/Jan/2015:14:03:01 -0500] "GET /autoliquidacion/Solicitud%20de%20expedici%C3%B3n%20de%20certificados%20de%20estado%20de%20conservaci%C3%B3n%20ambiental%20(CECA)/Formulario%20de%20solicitud%20de%20CECAS.pdf HTTP/1.1" 304 -
74.86.158.107 - - [25/Jan/2015:14:03:13 -0500] "HEAD / HTTP/1.1" 302 -
178.162.193.34 - - [25/Jan/2015:14:03:17 -0500] "GET /BLA/resoluciones/RESOLUCIONES%202011/1656.pdf HTTP/1.0" 200 715834
66.249.67.83 - - [25/Jan/2015:14:03:22 -0500] "GET /BLA/resoluciones/AUTOS%202007/2350.pdf HTTP/1.1" 200 72221
180.76.6.141 - - [25/Jan/2015:14:03:27 -0500] "GET /BLA/boletinlegal/Directivas/2011/Directiva%20No.%208%20del%2020%20de%20Septiembre%20de%202011.pdf HTTP/1.1" 200 727150
201.110.229.84 - - [25/Jan/2015:14:03:42 -0500] "GET /BLA/boletinlegal/js/jquery.scrollTo-min.js HTTP/1.0" 200 1150
201.110.229.84 - - [25/Jan/2015:14:03:42 -0500] "GET /BLA/boletinlegal/js/jquery.scrollShow.js HTTP/1.0" 200 4586
201.110.229.84 - - [25/Jan/2015:14:03:42 -0500] "GET /BLA/boletinlegal/js/jquery.js HTTP/1.0" 200 57254
178.162.193.34 - - [25/Jan/2015:14:03:53 -0500] "GET /BLA/resoluciones/RESOLUCIONES%202011/2144.pdf HTTP/1.0" 200 515983
66.249.67.83 - - [25/Jan/2015:14:03:58 -0500] "GET /BLA/resoluciones/AUTOS%202011/0217.pdf HTTP/1.1" 304 -
66.249.67.75 - - [25/Jan/2015:14:04:25 -0500] "GET /BLA/resoluciones/RESOLUCIONES%202003/RES%202003%202001-2051/20032014.tif HTTP/1.1" 200 207736
181.50.241.109 - - [25/Jan/2015:14:04:32 -0500] "POST /forms/lservlet;jsessionid=ac16012b30d58ceacfbbcf574491834094438985f5fd.e3iSbxaKaheRe38RbNmLa3mSc41ynknvrkLOlQzNp65In0 HTTP/1.1" 200 2
186.82.82.112 - - [25/Jan/2015:14:04:36 -0500] "POST /forms/lservlet;jsessionid=ac16012b30d5921ad9c082454f2aa96fd36be22e6504.e3iSbxaKaheRe38RbNmLa3mSc41ynknvrkLOlQzNp65In0 HTTP/1.1" 200 2
66.249.67.83 - - [25/Jan/2015:14:04:43 -0500] "GET /BLA/resoluciones/RESOLUCIONES%202008/0716.pdf HTTP/1.1" 200 77031
181.130.148.2 - - [25/Jan/2015:14:04:45 -0500] "GET /BLA/resoluciones/RESOLUCIONES%202007/RES%202007%201301%20AL%201400/RESOLUCION%201367%20DE%202007.pdf HTTP/1.1" 200 391596
181.130.148.2 - - [25/Jan/2015:14:04:46 -0500] "GET /BLA/resoluciones/RESOLUCIONES%202007/RES%202007%201301%20AL%201400/RESOLUCION%201367%20DE%202007.pdf HTTP/1.1" 200 391596
180.76.6.48 - - [25/Jan/2015:14:04:13 -0500] "GET /BLA/boletinlegal/index.php HTTP/1.1" 200 50274
66.249.67.75 - - [25/Jan/2015:14:04:56 -0500] "GET /BLA/resoluciones/RESOLUCIONES%202009/9544.pdf HTTP/1.1" 200 498339
180.76.5.20 - - [25/Jan/2015:14:05:01 -0500] "GET /BLA/resoluciones/index.php?dir=RESOLUCIONES%202004/&sort=name&order=desc HTTP/1.1" 200 12999
178.162.193.34 - - [25/Jan/2015:14:05:16 -0500] "GET /BLA/resoluciones/RESOLUCIONES%202010/6873.pdf HTTP/1.0" 200 190705
180.76.5.148 - - [25/Jan/2015:14:04:54 -0500] "GET /BLA/boletinlegal/ HTTP/1.1" 200 50275
186.99.126.196 - - [25/Jan/2015:14:05:37 -0500] "GET /galeria/nivo-slider/demo/demo.html HTTP/1.1" 200 3150
186.99.126.196 - - [25/Jan/2015:14:05:41 -0500] "GET /galeria/nivo-slider/themes/default/default.css HTTP/1.1" 200 1569
186.99.126.196 - - [25/Jan/2015:14:05:41 -0500] "GET /galeria/nivo-slider/themes/orman/orman.css HTTP/1.1" 200 2152
186.99.126.196 - - [25/Jan/2015:14:05:41 -0500] "GET /galeria/nivo-slider/demo/style.css HTTP/1.1" 200 2222
186.99.126.196 - - [25/Jan/2015:14:05:41 -0500] "GET /galeria/nivo-slider/nivo-slider.css HTTP/1.1" 200 1507
186.99.126.196 - - [25/Jan/2015:14:05:42 -0500] "GET /galeria/nivo-slider/themes/pascal/pascal.css HTTP/1.1" 200 2258
186.99.126.196 - - [25/Jan/2015:14:05:42 -0500] "GET /galeria/nivo-slider/demo/images/bolsas-08.jpg HTTP/1.1" 200 85589
186.99.126.196 - - [25/Jan/2015:14:05:44 -0500] "GET /galeria/nivo-slider/demo/images/banner-caballos.png HTTP/1.1" 200 389106
186.99.126.196 - - [25/Jan/2015:14:05:44 -0500] "GET /galeria/nivo-slider/demo/images/9Signos.jpg HTTP/1.1" 200 93040
186.99.126.196 - - [25/Jan/2015:14:05:44 -0500] "GET /galeria/nivo-slider/demo/images/porloshumedales.jpg HTTP/1.1" 200 351238
186.99.126.196 - - [25/Jan/2015:14:05:44 -0500] "GET /galeria/nivo-slider/demo/images/banner-redes.jpg HTTP/1.1" 200 62209
186.99.126.196 - - [25/Jan/2015:14:05:44 -0500] "GET /galeria/nivo-slider/demo/images/Banner-Caracol-Africano.jpg HTTP/1.1" 200 331986
186.99.126.196 - - [25/Jan/2015:14:05:44 -0500] "GET /galeria/nivo-slider/demo/images/Tingua-azul.jpg HTTP/1.1" 200 307638
180.76.6.140 - - [25/Jan/2015:14:05:46 -0500] "GET /BLA/resoluciones/RESOLUCIONES%202007/RES%202007%203301%20AL%203400/RESOLUCION%203316%20DE%202007.pdf HTTP/1.1" 200 380151
66.249.67.103 - - [25/Jan/2015:14:05:53 -0500] "GET /portalsiaccapacitaciones/Soportes%20Capacitaciones%20A%C3%B1o%202013/0018.%20Presentacion%20Instrumentos%20de%20Planeaci%C3%B3n%20Ambiental%20del%20D.C.%20%2020%20Junio%202013.pdf HTTP/1.1" 304 -
178.162.193.34 - - [25/Jan/2015:14:05:54 -0500] "GET /BLA/resoluciones/AUTOS%202008/3465.pdf HTTP/1.0" 200 105195
188.165.15.41 - - [25/Jan/2015:14:05:55 -0500] "GET /BLA/resoluciones/RESOLUCIONES%202004/RES%202004%201451-1500/00001493.tif HTTP/1.1" 200 85728
190.37.218.170 - - [25/Jan/2015:14:05:58 -0500] "GET /BLA/boletinlegal/js/jquery.scrollShow.js HTTP/1.1" 200 4586
190.37.218.170 - - [25/Jan/2015:14:05:58 -0500] "GET /BLA/boletinlegal/js/jquery.js HTTP/1.1" 200 57254
190.37.218.170 - - [25/Jan/2015:14:05:58 -0500] "GET /BLA/boletinlegal/js/jquery.scrollTo-min.js HTTP/1.1" 200 1150
66.249.67.75 - - [25/Jan/2015:14:06:05 -0500] "GET /BLA/resoluciones/RESOLUCIONES%202009/9386.pdf HTTP/1.1" 200 464878
178.162.193.34 - - [25/Jan/2015:14:06:11 -0500] "GET /BLA/resoluciones/RESOLUCIONES%202013/0860.pdf HTTP/1.0" 200 382415
190.115.253.151 - - [25/Jan/2015:14:06:32 -0500] "GET /BLA/boletinlegal/js/jquery.scrollShow.js HTTP/1.1" 200 4586
190.115.253.151 - - [25/Jan/2015:14:06:32 -0500] "GET /BLA/boletinlegal/js/jquery.js HTTP/1.1" 200 57254
181.50.241.109 - - [25/Jan/2015:14:06:32 -0500] "POST /forms/lservlet;jsessionid=ac16012b30d58ceacfbbcf574491834094438985f5fd.e3iSbxaKaheRe38RbNmLa3mSc41ynknvrkLOlQzNp65In0 HTTP/1.1" 200 2
190.115.253.151 - - [25/Jan/2015:14:06:33 -0500] "GET /BLA/boletinlegal/js/jquery.scrollTo-min.js HTTP/1.1" 200 1150
186.99.126.196 - - [25/Jan/2015:14:06:36 -0500] "GET /galeria/nivo-slider/demo/style.css HTTP/1.1" 200 2222
186.82.82.112 - - [25/Jan/2015:14:06:37 -0500] "POST /forms/lservlet;jsessionid=ac16012b30d5921ad9c082454f2aa96fd36be22e6504.e3iSbxaKaheRe38RbNmLa3mSc41ynknvrkLOlQzNp65In0 HTTP/1.1" 200 2
186.28.91.119 - - [25/Jan/2015:14:06:59 -0500] "GET /BLA/boletinlegal/js/jquery.js HTTP/1.1" 200 57254
186.28.91.119 - - [25/Jan/2015:14:06:59 -0500] "GET /BLA/boletinlegal/js/jquery.scrollTo-min.js HTTP/1.1" 200 1150
186.28.91.119 - - [25/Jan/2015:14:06:59 -0500] "GET /BLA/boletinlegal/js/jquery.scrollShow.js HTTP/1.1" 200 4586
201.220.84.214 - - [25/Jan/2015:14:07:16 -0500] "GET /BLA/boletinlegal/js/jquery.scrollTo-min.js HTTP/1.1" 200 1150
201.220.84.214 - - [25/Jan/2015:14:07:16 -0500] "GET /BLA/boletinlegal/js/jquery.js HTTP/1.1" 200 57254
201.220.84.214 - - [25/Jan/2015:14:07:16 -0500] "GET /BLA/boletinlegal/js/jquery.scrollShow.js HTTP/1.1" 200 4586
180.76.6.232 - - [25/Jan/2015:14:07:18 -0500] "GET /BLA/resoluciones/RESOLUCIONES%202007/RES%202007%202201%20AL%202300/RESOLUCION%202292%20DE%202007.pdf HTTP/1.1" 200 888165
66.249.67.67 - - [25/Jan/2015:14:07:26 -0500] "GET /BLA/resoluciones/RESOLUCIONES%202011/4815.pdf HTTP/1.1" 200 651048
186.155.125.127 - - [25/Jan/2015:14:07:30 -0500] "GET /forest/session.jsp?a=0.3090243253391236 HTTP/1.1" 200 4
178.162.193.34 - - [25/Jan/2015:14:07:42 -0500] "GET /BLA/resoluciones/RESOLUCIONES%202008/0109.pdf HTTP/1.0" 200 14974
66.249.67.83 - - [25/Jan/2015:14:07:48 -0500] "GET /BLA/ HTTP/1.1" 200 538
202.46.62.147 - - [25/Jan/2015:14:08:04 -0500] "GET /BLA/resoluciones/index.php?dir=RESOLUCIONES%202007/RES%202007%203801%20AL%203900/&sort=size&order=desc HTTP/1.1" 200 26636
74.86.158.107 - - [25/Jan/2015:14:08:13 -0500] "HEAD / HTTP/1.1" 302 -
181.50.241.109 - - [25/Jan/2015:14:08:32 -0500] "POST /forms/lservlet;jsessionid=ac16012b30d58ceacfbbcf574491834094438985f5fd.e3iSbxaKaheRe38RbNmLa3mSc41ynknvrkLOlQzNp65In0 HTTP/1.1" 200 2
186.82.82.112 - - [25/Jan/2015:14:08:37 -0500] "POST /forms/lservlet;jsessionid=ac16012b30d5921ad9c082454f2aa96fd36be22e6504.e3iSbxaKaheRe38RbNmLa3mSc41ynknvrkLOlQzNp65In0 HTTP/1.1" 200 2
66.249.67.75 - - [25/Jan/2015:14:08:46 -0500] "GET /BLA/resoluciones/RESOLUCIONES%202014/0760.pdf HTTP/1.1" 200 1650562
66.249.67.75 - - [25/Jan/2015:14:08:49 -0500] "GET /BLA/resoluciones/RESOLUCIONES%202009/4033.pdf HTTP/1.1" 200 233827
180.76.6.16 - - [25/Jan/2015:14:08:50 -0500] "GET /BLA/boletinlegal/Directivas/2011/Directiva%20No.%2010%20del%2028%20de%20Septiembre%20de%202011.pdf HTTP/1.1" 200 465887
178.162.193.34 - - [25/Jan/2015:14:09:09 -0500] "GET /BLA/resoluciones/RESOLUCIONES%202009/1037.pdf HTTP/1.0" 200 213643
190.158.19.13 - - [25/Jan/2015:14:09:15 -0500] "GET /BLA/boletinlegal/js/jquery.js HTTP/1.1" 200 57254
190.158.19.13 - - [25/Jan/2015:14:09:15 -0500] "GET /BLA/boletinlegal/js/jquery.scrollTo-min.js HTTP/1.1" 200 1150
190.158.19.13 - - [25/Jan/2015:14:09:15 -0500] "GET /BLA/boletinlegal/js/jquery.scrollShow.js HTTP/1.1" 200 4586
186.29.74.16 - - [25/Jan/2015:14:10:16 -0500] "GET /galeria/nivo-slider/demo/images/banner-llantas2.jpg HTTP/1.1" 200 73153
186.29.74.16 - - [25/Jan/2015:14:10:16 -0500] "GET /galeria/nivo-slider/jquery.nivo.slider.pack.js HTTP/1.1" 200 11561
186.29.74.16 - - [25/Jan/2015:14:10:16 -0500] "GET /galeria/nivo-slider/demo/scripts/jquery-1.7.1.min.js HTTP/1.1" 200 93868
186.29.74.16 - - [25/Jan/2015:14:10:16 -0500] "GET /galeria/nivo-slider/themes/orman/orman.css HTTP/1.1" 200 2152
186.29.74.16 - - [25/Jan/2015:14:10:16 -0500] "GET /galeria/nivo-slider/demo/images/bolsas-08.jpg HTTP/1.1" 200 85589
186.29.74.16 - - [25/Jan/2015:14:10:16 -0500] "GET /galeria/nivo-slider/nivo-slider.css HTTP/1.1" 200 1507
186.29.74.16 - - [25/Jan/2015:14:10:17 -0500] "GET /galeria/nivo-slider/themes/default/default.css HTTP/1.1" 200 1569
186.29.74.16 - - [25/Jan/2015:14:10:17 -0500] "GET /galeria/nivo-slider/themes/pascal/pascal.css HTTP/1.1" 200 2258
186.29.74.16 - - [25/Jan/2015:14:10:17 -0500] "GET /galeria/nivo-slider/demo/images/Ruta-vertimientos-01.jpg HTTP/1.1" 200 130151
186.29.74.16 - - [25/Jan/2015:14:10:18 -0500] "GET /galeria/nivo-slider/demo/images/ecolecta-Dic2014.png HTTP/1.1" 200 288593
186.29.74.16 - - [25/Jan/2015:14:10:18 -0500] "GET /galeria/nivo-slider/demo/images/bolsas-06.jpg HTTP/1.1" 200 90982
186.29.74.16 - - [25/Jan/2015:14:10:19 -0500] "GET /galeria/nivo-slider/themes/default/loading.gif HTTP/1.1" 200 1737
186.29.74.16 - - [25/Jan/2015:14:10:19 -0500] "GET /galeria/nivo-slider/demo/images/4Simple_Slider.png HTTP/1.1" 200 11722
66.249.67.83 - - [25/Jan/2015:14:09:41 -0500] "GET /BLA/boletinlegal/index.php HTTP/1.1" 200 50275
66.249.67.75 - - [25/Jan/2015:14:10:20 -0500] "GET /BLA/resoluciones/AUTOS%202007/0738.pdf HTTP/1.1" 200 22997
186.29.74.16 - - [25/Jan/2015:14:10:21 -0500] "GET /galeria/nivo-slider/themes/default/bullets.png HTTP/1.1" 200 1281
186.29.74.16 - - [25/Jan/2015:14:10:24 -0500] "GET /galeria/nivo-slider/themes/default/arrows.png HTTP/1.1" 200 824
181.50.241.109 - - [25/Jan/2015:14:10:33 -0500] "POST /forms/lservlet;jsessionid=ac16012b30d58ceacfbbcf574491834094438985f5fd.e3iSbxaKaheRe38RbNmLa3mSc41ynknvrkLOlQzNp65In0 HTTP/1.1" 200 2
186.82.82.112 - - [25/Jan/2015:14:10:37 -0500] "POST /forms/lservlet;jsessionid=ac16012b30d5921ad9c082454f2aa96fd36be22e6504.e3iSbxaKaheRe38RbNmLa3mSc41ynknvrkLOlQzNp65In0 HTTP/1.1" 200 2
66.249.67.83 - - [25/Jan/2015:14:10:40 -0500] "GET /BLA/resoluciones/AUTOS%202007/1790.pdf HTTP/1.1" 200 41615
66.249.67.67 - - [25/Jan/2015:14:11:09 -0500] "GET /BLA/boletinlegal/Circulares/2011/Circular%20No.%207%20del%2015%20de%20Septiembre%20de%202011.pdf HTTP/1.1" 200 314873
66.249.67.83 - - [25/Jan/2015:14:11:22 -0500] "GET /BLA/resoluciones/RESOLUCIONES%202008/4599.pdf HTTP/1.1" 200 442147
66.249.67.75 - - [25/Jan/2015:14:11:29 -0500] "GET /BLA/resoluciones/RESOLUCIONES%202009/8967.pdf HTTP/1.1" 200 373356
66.249.67.67 - - [25/Jan/2015:14:11:38 -0500] "GET /BLA/resoluciones/RESOLUCIONES%202009/1118.pdf HTTP/1.1" 200 275022
66.249.67.67 - - [25/Jan/2015:14:11:52 -0500] "GET /BLA/resoluciones/RESOLUCIONES%202004/RES%202004%201151-1200/00001182.tif HTTP/1.1" 200 192214
186.113.142.160 - - [25/Jan/2015:14:12:02 -0500] "GET /BLA/boletinlegal/js/jquery.js HTTP/1.1" 200 57254
201.153.197.188 - - [25/Jan/2015:14:12:02 -0500] "GET /BLA/boletinlegal/js/jquery.js HTTP/1.1" 200 57254
201.153.197.188 - - [25/Jan/2015:14:12:02 -0500] "GET /BLA/boletinlegal/js/jquery.scrollShow.js HTTP/1.1" 200 4586
201.153.197.188 - - [25/Jan/2015:14:12:02 -0500] "GET /BLA/boletinlegal/js/jquery.scrollTo-min.js HTTP/1.1" 200 1150
186.113.142.160 - - [25/Jan/2015:14:12:03 -0500] "GET /BLA/boletinlegal/js/jquery.scrollShow.js HTTP/1.1" 200 4586
186.113.142.160 - - [25/Jan/2015:14:12:05 -0500] "GET /BLA/boletinlegal/js/jquery.scrollTo-min.js HTTP/1.1" 200 1150
66.249.67.75 - - [25/Jan/2015:14:12:06 -0500] "GET /BLA/resoluciones/RESOLUCIONES%202003/RES%202003%20901-950/929.tif HTTP/1.1" 200 196260
181.54.201.1 - - [25/Jan/2015:14:12:22 -0500] "GET /BLA/boletinlegal/js/jquery.js HTTP/1.1" 200 57254
181.54.201.1 - - [25/Jan/2015:14:12:22 -0500] "GET /BLA/boletinlegal/js/jquery.scrollShow.js HTTP/1.1" 200 4586
181.54.201.1 - - [25/Jan/2015:14:12:22 -0500] "GET /BLA/boletinlegal/js/jquery.scrollTo-min.js HTTP/1.1" 200 1150
181.50.241.109 - - [25/Jan/2015:14:12:33 -0500] "POST /forms/lservlet;jsessionid=ac16012b30d58ceacfbbcf574491834094438985f5fd.e3iSbxaKaheRe38RbNmLa3mSc41ynknvrkLOlQzNp65In0 HTTP/1.1" 200 2
66.249.67.67 - - [25/Jan/2015:14:12:35 -0500] "GET /BLA/resoluciones/AUTOS%202010/1133.pdf HTTP/1.1" 200 189505
