190.24.120.181 - - [25/Jan/2015:13:04:24 -0500] "GET /videos/galeria-fotografica/js/jquery-flickr-gallery/jquery-flickr-gallery.js HTTP/1.1" 200 9050
190.24.120.181 - - [25/Jan/2015:13:04:25 -0500] "GET /videos/galeria-fotografica/js/jquery-flickr-gallery/loader.gif HTTP/1.1" 200 2129
181.50.241.109 - - [25/Jan/2015:13:04:31 -0500] "POST /forms/lservlet;jsessionid=ac16012b30d58ceacfbbcf574491834094438985f5fd.e3iSbxaKaheRe38RbNmLa3mSc41ynknvrkLOlQzNp65In0 HTTP/1.1" 200 2
66.249.67.67 - - [25/Jan/2015:13:04:37 -0500] "GET /BLA/resoluciones/AUTOS%202011/4800.pdf HTTP/1.1" 304 -
186.82.82.112 - - [25/Jan/2015:13:04:37 -0500] "POST /forms/lservlet;jsessionid=ac16012b30d5921ad9c082454f2aa96fd36be22e6504.e3iSbxaKaheRe38RbNmLa3mSc41ynknvrkLOlQzNp65In0 HTTP/1.1" 200 2
180.76.5.20 - - [25/Jan/2015:13:04:48 -0500] "GET /BLA/resoluciones/RESOLUCIONES%202007/RES%202007%202801%20AL%202900/RESOLUCION%202887%20DE%202007.pdf HTTP/1.1" 200 433564
66.249.67.83 - - [25/Jan/2015:13:05:09 -0500] "GET /BLA/resoluciones/RESOLUCIONES%202009/8039.pdf HTTP/1.1" 200 415304
66.249.67.67 - - [25/Jan/2015:13:05:14 -0500] "GET /BLA/resoluciones/RESOLUCIONES%202003/RES%202003%202001-2051/20032048.tif HTTP/1.1" 200 234078
180.76.5.19 - - [25/Jan/2015:13:05:34 -0500] "GET /BLA/resoluciones/RESOLUCIONES%202011/4301.pdf HTTP/1.1" 200 682017
66.249.67.75 - - [25/Jan/2015:13:05:34 -0500] "GET /BLA/resoluciones/AUTOS%202012/2545.pdf HTTP/1.1" 304 -
186.155.125.127 - - [25/Jan/2015:13:06:14 -0500] "GET /forest/session.jsp?a=0.4406530160922557 HTTP/1.1" 200 4
180.76.6.50 - - [25/Jan/2015:13:06:20 -0500] "GET /BLA/resoluciones/RESOLUCIONES%202011/3692.pdf HTTP/1.1" 200 475046
66.249.67.75 - - [25/Jan/2015:13:06:30 -0500] "GET /BLA/resoluciones/RESOLUCIONES%202007/RES%202007%20701%20AL%20800/RESOLUCION%200761%20DE%202007.pdf HTTP/1.1" 200 295632
181.50.241.109 - - [25/Jan/2015:13:06:31 -0500] "POST /forms/lservlet;jsessionid=ac16012b30d58ceacfbbcf574491834094438985f5fd.e3iSbxaKaheRe38RbNmLa3mSc41ynknvrkLOlQzNp65In0 HTTP/1.1" 200 2
66.249.67.75 - - [25/Jan/2015:13:06:32 -0500] "GET /BLA/resoluciones/RESOLUCIONES%202009/5487.pdf HTTP/1.1" 200 499431
186.82.82.112 - - [25/Jan/2015:13:06:37 -0500] "POST /forms/lservlet;jsessionid=ac16012b30d5921ad9c082454f2aa96fd36be22e6504.e3iSbxaKaheRe38RbNmLa3mSc41ynknvrkLOlQzNp65In0 HTTP/1.1" 200 2
181.50.241.109 - - [25/Jan/2015:13:06:51 -0500] "POST /forms/lservlet;jsessionid=ac16012b30d58ceacfbbcf574491834094438985f5fd.e3iSbxaKaheRe38RbNmLa3mSc41ynknvrkLOlQzNp65In0 HTTP/1.1" 200 63
180.76.6.139 - - [25/Jan/2015:13:07:06 -0500] "GET /BLA/resoluciones/RESOLUCIONES%202008/2282.pdf HTTP/1.1" 200 370123
66.249.67.111 - - [25/Jan/2015:13:07:29 -0500] "GET /Anexos%20estudio%20Organizacional%20SDA/ANEXO%20No.%201-%20NORMAS%20LEGALES%20DE%20ESTRUCTURA%20Y%20PLANTA/Ley%2099%20de%201993%20-%20Crea%20MimAmbiente.htm HTTP/1.1" 304 -
181.50.241.109 - - [25/Jan/2015:13:07:42 -0500] "POST /forms/lservlet;jsessionid=ac16012b30d58ceacfbbcf574491834094438985f5fd.e3iSbxaKaheRe38RbNmLa3mSc41ynknvrkLOlQzNp65In0 HTTP/1.1" 200 91
181.50.241.109 - - [25/Jan/2015:13:07:42 -0500] "POST /forms/lservlet;jsessionid=ac16012b30d58ceacfbbcf574491834094438985f5fd.e3iSbxaKaheRe38RbNmLa3mSc41ynknvrkLOlQzNp65In0 HTTP/1.1" 200 2
181.50.241.109 - - [25/Jan/2015:13:07:42 -0500] "POST /forms/lservlet;jsessionid=ac16012b30d58ceacfbbcf574491834094438985f5fd.e3iSbxaKaheRe38RbNmLa3mSc41ynknvrkLOlQzNp65In0 HTTP/1.1" 200 2
181.50.241.109 - - [25/Jan/2015:13:07:42 -0500] "POST /forms/lservlet;jsessionid=ac16012b30d58ceacfbbcf574491834094438985f5fd.e3iSbxaKaheRe38RbNmLa3mSc41ynknvrkLOlQzNp65In0 HTTP/1.1" 200 118
181.50.241.109 - - [25/Jan/2015:13:07:43 -0500] "POST /forms/lservlet;jsessionid=ac16012b30d58ceacfbbcf574491834094438985f5fd.e3iSbxaKaheRe38RbNmLa3mSc41ynknvrkLOlQzNp65In0 HTTP/1.1" 200 7
181.50.241.109 - - [25/Jan/2015:13:07:45 -0500] "POST /forms/lservlet;jsessionid=ac16012b30d58ceacfbbcf574491834094438985f5fd.e3iSbxaKaheRe38RbNmLa3mSc41ynknvrkLOlQzNp65In0 HTTP/1.1" 200 7
66.249.67.75 - - [25/Jan/2015:13:07:51 -0500] "GET /BLA/resoluciones/AUTOS%202007/0529.pdf HTTP/1.1" 200 92702
180.76.5.173 - - [25/Jan/2015:13:07:52 -0500] "GET /BLA/boletinlegal;jsessionid=8B877808E952A309A98003F966B45C12?/? HTTP/1.1" 404 1018
181.50.241.109 - - [25/Jan/2015:13:08:06 -0500] "POST /forms/lservlet;jsessionid=ac16012b30d58ceacfbbcf574491834094438985f5fd.e3iSbxaKaheRe38RbNmLa3mSc41ynknvrkLOlQzNp65In0 HTTP/1.1" 200 98
181.50.241.109 - - [25/Jan/2015:13:08:07 -0500] "POST /forms/lservlet;jsessionid=ac16012b30d58ceacfbbcf574491834094438985f5fd.e3iSbxaKaheRe38RbNmLa3mSc41ynknvrkLOlQzNp65In0 HTTP/1.1" 200 7
181.50.241.109 - - [25/Jan/2015:13:08:07 -0500] "POST /forms/lservlet;jsessionid=ac16012b30d58ceacfbbcf574491834094438985f5fd.e3iSbxaKaheRe38RbNmLa3mSc41ynknvrkLOlQzNp65In0 HTTP/1.1" 200 14242
181.50.241.109 - - [25/Jan/2015:13:08:09 -0500] "GET /imagenes/open.gif HTTP/1.1" 200 919
181.50.241.109 - - [25/Jan/2015:13:08:09 -0500] "GET /imagenes/listval.gif HTTP/1.1" 200 905
181.50.241.109 - - [25/Jan/2015:13:08:09 -0500] "GET /imagenes/rt_print.gif HTTP/1.1" 200 916
181.50.241.109 - - [25/Jan/2015:13:08:09 -0500] "POST /forms/lservlet;jsessionid=ac16012b30d58ceacfbbcf574491834094438985f5fd.e3iSbxaKaheRe38RbNmLa3mSc41ynknvrkLOlQzNp65In0 HTTP/1.1" 200 2
181.50.241.109 - - [25/Jan/2015:13:08:09 -0500] "POST /forms/lservlet;jsessionid=ac16012b30d58ceacfbbcf574491834094438985f5fd.e3iSbxaKaheRe38RbNmLa3mSc41ynknvrkLOlQzNp65In0 HTTP/1.1" 200 34
181.50.241.109 - - [25/Jan/2015:13:08:10 -0500] "POST /forms/lservlet;jsessionid=ac16012b30d58ceacfbbcf574491834094438985f5fd.e3iSbxaKaheRe38RbNmLa3mSc41ynknvrkLOlQzNp65In0 HTTP/1.1" 200 2
181.50.241.109 - - [25/Jan/2015:13:08:10 -0500] "GET /imagenes/listval.gif HTTP/1.1" 200 905
181.50.241.109 - - [25/Jan/2015:13:08:10 -0500] "POST /forms/lservlet;jsessionid=ac16012b30d58ceacfbbcf574491834094438985f5fd.e3iSbxaKaheRe38RbNmLa3mSc41ynknvrkLOlQzNp65In0 HTTP/1.1" 200 168
178.162.193.34 - - [25/Jan/2015:13:08:13 -0500] "GET /BLA/resoluciones/RESOLUCIONES%202008/2625.pdf HTTP/1.0" 200 209731
181.50.241.109 - - [25/Jan/2015:13:08:13 -0500] "POST /forms/lservlet;jsessionid=ac16012b30d58ceacfbbcf574491834094438985f5fd.e3iSbxaKaheRe38RbNmLa3mSc41ynknvrkLOlQzNp65In0 HTTP/1.1" 200 35156
74.86.158.107 - - [25/Jan/2015:13:08:13 -0500] "HEAD / HTTP/1.1" 302 -
181.50.241.109 - - [25/Jan/2015:13:08:31 -0500] "POST /forms/lservlet;jsessionid=ac16012b30d58ceacfbbcf574491834094438985f5fd.e3iSbxaKaheRe38RbNmLa3mSc41ynknvrkLOlQzNp65In0 HTTP/1.1" 200 2
186.82.82.112 - - [25/Jan/2015:13:08:38 -0500] "POST /forms/lservlet;jsessionid=ac16012b30d5921ad9c082454f2aa96fd36be22e6504.e3iSbxaKaheRe38RbNmLa3mSc41ynknvrkLOlQzNp65In0 HTTP/1.1" 200 2
181.50.241.109 - - [25/Jan/2015:13:08:38 -0500] "POST /forms/lservlet;jsessionid=ac16012b30d58ceacfbbcf574491834094438985f5fd.e3iSbxaKaheRe38RbNmLa3mSc41ynknvrkLOlQzNp65In0 HTTP/1.1" 200 2
181.50.241.109 - - [25/Jan/2015:13:08:38 -0500] "POST /forms/lservlet;jsessionid=ac16012b30d58ceacfbbcf574491834094438985f5fd.e3iSbxaKaheRe38RbNmLa3mSc41ynknvrkLOlQzNp65In0 HTTP/1.1" 200 69
180.76.5.22 - - [25/Jan/2015:13:08:39 -0500] "GET /BLA/resoluciones/AUTOS%202009/1640.pdf HTTP/1.1" 200 85032
181.50.241.109 - - [25/Jan/2015:13:08:39 -0500] "POST /forms/lservlet;jsessionid=ac16012b30d58ceacfbbcf574491834094438985f5fd.e3iSbxaKaheRe38RbNmLa3mSc41ynknvrkLOlQzNp65In0 HTTP/1.1" 200 2
181.50.241.109 - - [25/Jan/2015:13:08:39 -0500] "POST /forms/lservlet;jsessionid=ac16012b30d58ceacfbbcf574491834094438985f5fd.e3iSbxaKaheRe38RbNmLa3mSc41ynknvrkLOlQzNp65In0 HTTP/1.1" 200 7799
181.50.241.109 - - [25/Jan/2015:13:08:40 -0500] "POST /forms/lservlet;jsessionid=ac16012b30d58ceacfbbcf574491834094438985f5fd.e3iSbxaKaheRe38RbNmLa3mSc41ynknvrkLOlQzNp65In0 HTTP/1.1" 200 2
181.50.241.109 - - [25/Jan/2015:13:08:42 -0500] "POST /forms/lservlet;jsessionid=ac16012b30d58ceacfbbcf574491834094438985f5fd.e3iSbxaKaheRe38RbNmLa3mSc41ynknvrkLOlQzNp65In0 HTTP/1.1" 200 2
181.50.241.109 - - [25/Jan/2015:13:08:42 -0500] "POST /forms/lservlet;jsessionid=ac16012b30d58ceacfbbcf574491834094438985f5fd.e3iSbxaKaheRe38RbNmLa3mSc41ynknvrkLOlQzNp65In0 HTTP/1.1" 200 14
181.50.241.109 - - [25/Jan/2015:13:08:43 -0500] "POST /forms/lservlet;jsessionid=ac16012b30d58ceacfbbcf574491834094438985f5fd.e3iSbxaKaheRe38RbNmLa3mSc41ynknvrkLOlQzNp65In0 HTTP/1.1" 200 113
181.50.241.109 - - [25/Jan/2015:13:08:44 -0500] "POST /forms/lservlet;jsessionid=ac16012b30d58ceacfbbcf574491834094438985f5fd.e3iSbxaKaheRe38RbNmLa3mSc41ynknvrkLOlQzNp65In0 HTTP/1.1" 200 2
186.155.125.127 - - [25/Jan/2015:13:08:43 -0500] "GET /forest/index2.jsp?_a=0.8480020037386566 HTTP/1.1" 200 49027
186.155.125.127 - - [25/Jan/2015:13:08:44 -0500] "GET /forest/session.jsp?a=0.8742747385986149 HTTP/1.1" 200 4
186.155.125.127 - - [25/Jan/2015:13:08:48 -0500] "GET /forest/usutareas.do?group_system_actual=3&codTraEsc=17312782&_a=0.5291525922171213 HTTP/1.1" 200 116383
186.155.125.127 - - [25/Jan/2015:13:08:49 -0500] "GET /forest/session.jsp?a=0.5774636787828058 HTTP/1.1" 200 4
186.155.125.127 - - [25/Jan/2015:13:08:53 -0500] "GET /forest/documentos/2000397/2015IE08023.docx HTTP/1.1" 200 142382
181.54.239.191 - - [25/Jan/2015:13:08:55 -0500] "GET /BLA/boletinlegal/js/jquery.js HTTP/1.1" 200 57254
181.54.239.191 - - [25/Jan/2015:13:08:55 -0500] "GET /BLA/boletinlegal/js/jquery.scrollTo-min.js HTTP/1.1" 200 1150
181.54.239.191 - - [25/Jan/2015:13:08:55 -0500] "GET /BLA/boletinlegal/js/jquery.scrollShow.js HTTP/1.1" 200 4586
181.50.241.109 - - [25/Jan/2015:13:09:03 -0500] "POST /forms/lservlet;jsessionid=ac16012b30d58ceacfbbcf574491834094438985f5fd.e3iSbxaKaheRe38RbNmLa3mSc41ynknvrkLOlQzNp65In0 HTTP/1.1" 200 2
181.50.241.109 - - [25/Jan/2015:13:09:03 -0500] "POST /forms/lservlet;jsessionid=ac16012b30d58ceacfbbcf574491834094438985f5fd.e3iSbxaKaheRe38RbNmLa3mSc41ynknvrkLOlQzNp65In0 HTTP/1.1" 200 14
181.50.241.109 - - [25/Jan/2015:13:09:04 -0500] "POST /forms/lservlet;jsessionid=ac16012b30d58ceacfbbcf574491834094438985f5fd.e3iSbxaKaheRe38RbNmLa3mSc41ynknvrkLOlQzNp65In0 HTTP/1.1" 200 97
181.50.241.109 - - [25/Jan/2015:13:09:05 -0500] "POST /forms/lservlet;jsessionid=ac16012b30d58ceacfbbcf574491834094438985f5fd.e3iSbxaKaheRe38RbNmLa3mSc41ynknvrkLOlQzNp65In0 HTTP/1.1" 200 2
181.50.241.109 - - [25/Jan/2015:13:09:06 -0500] "POST /forms/lservlet;jsessionid=ac16012b30d58ceacfbbcf574491834094438985f5fd.e3iSbxaKaheRe38RbNmLa3mSc41ynknvrkLOlQzNp65In0 HTTP/1.1" 200 71
181.50.241.109 - - [25/Jan/2015:13:09:08 -0500] "POST /forms/lservlet;jsessionid=ac16012b30d58ceacfbbcf574491834094438985f5fd.e3iSbxaKaheRe38RbNmLa3mSc41ynknvrkLOlQzNp65In0 HTTP/1.1" 200 2
181.50.241.109 - - [25/Jan/2015:13:09:08 -0500] "POST /forms/lservlet;jsessionid=ac16012b30d58ceacfbbcf574491834094438985f5fd.e3iSbxaKaheRe38RbNmLa3mSc41ynknvrkLOlQzNp65In0 HTTP/1.1" 200 14
181.50.241.109 - - [25/Jan/2015:13:09:09 -0500] "POST /forms/lservlet;jsessionid=ac16012b30d58ceacfbbcf574491834094438985f5fd.e3iSbxaKaheRe38RbNmLa3mSc41ynknvrkLOlQzNp65In0 HTTP/1.1" 200 95
181.50.241.109 - - [25/Jan/2015:13:09:10 -0500] "POST /forms/lservlet;jsessionid=ac16012b30d58ceacfbbcf574491834094438985f5fd.e3iSbxaKaheRe38RbNmLa3mSc41ynknvrkLOlQzNp65In0 HTTP/1.1" 200 11
181.50.241.109 - - [25/Jan/2015:13:09:13 -0500] "POST /forms/lservlet;jsessionid=ac16012b30d58ceacfbbcf574491834094438985f5fd.e3iSbxaKaheRe38RbNmLa3mSc41ynknvrkLOlQzNp65In0 HTTP/1.1" 200 2
66.249.67.67 - - [25/Jan/2015:13:09:13 -0500] "GET /BLA/resoluciones/AUTOS%202007/0697.pdf HTTP/1.1" 200 107661
181.50.241.109 - - [25/Jan/2015:13:09:13 -0500] "POST /forms/lservlet;jsessionid=ac16012b30d58ceacfbbcf574491834094438985f5fd.e3iSbxaKaheRe38RbNmLa3mSc41ynknvrkLOlQzNp65In0 HTTP/1.1" 200 14064
181.50.241.109 - - [25/Jan/2015:13:09:14 -0500] "GET /imagenes/listval.gif HTTP/1.1" 200 905
181.50.241.109 - - [25/Jan/2015:13:09:14 -0500] "POST /forms/lservlet;jsessionid=ac16012b30d58ceacfbbcf574491834094438985f5fd.e3iSbxaKaheRe38RbNmLa3mSc41ynknvrkLOlQzNp65In0 HTTP/1.1" 200 2
181.50.241.109 - - [25/Jan/2015:13:09:14 -0500] "GET /imagenes/rt_print.gif HTTP/1.1" 200 916
181.50.241.109 - - [25/Jan/2015:13:09:14 -0500] "POST /forms/lservlet;jsessionid=ac16012b30d58ceacfbbcf574491834094438985f5fd.e3iSbxaKaheRe38RbNmLa3mSc41ynknvrkLOlQzNp65In0 HTTP/1.1" 200 34
181.50.241.109 - - [25/Jan/2015:13:09:14 -0500] "GET /imagenes/listval.gif HTTP/1.1" 200 905
181.50.241.109 - - [25/Jan/2015:13:09:14 -0500] "POST /forms/lservlet;jsessionid=ac16012b30d58ceacfbbcf574491834094438985f5fd.e3iSbxaKaheRe38RbNmLa3mSc41ynknvrkLOlQzNp65In0 HTTP/1.1" 200 168
178.162.193.34 - - [25/Jan/2015:13:09:14 -0500] "GET /BLA/resoluciones/RESOLUCIONES%202008/3505.pdf HTTP/1.0" 200 388347
186.155.125.127 - - [25/Jan/2015:13:09:14 -0500] "GET /forest/index2.jsp?_a=0.6973842543084174 HTTP/1.1" 200 49028
186.155.125.127 - - [25/Jan/2015:13:09:14 -0500] "GET /forest/session.jsp?a=0.24782597017474473 HTTP/1.1" 200 4
181.50.241.109 - - [25/Jan/2015:13:09:15 -0500] "POST /forms/lservlet;jsessionid=ac16012b30d58ceacfbbcf574491834094438985f5fd.e3iSbxaKaheRe38RbNmLa3mSc41ynknvrkLOlQzNp65In0 HTTP/1.1" 200 35156
66.249.67.67 - - [25/Jan/2015:13:09:24 -0500] "GET /BLA/resoluciones/RESOLUCIONES%202009/8626.pdf HTTP/1.1" 200 330654
181.50.241.109 - - [25/Jan/2015:13:10:01 -0500] "POST /forms/lservlet;jsessionid=ac16012b30d58ceacfbbcf574491834094438985f5fd.e3iSbxaKaheRe38RbNmLa3mSc41ynknvrkLOlQzNp65In0 HTTP/1.1" 200 2
181.50.241.109 - - [25/Jan/2015:13:10:01 -0500] "POST /forms/lservlet;jsessionid=ac16012b30d58ceacfbbcf574491834094438985f5fd.e3iSbxaKaheRe38RbNmLa3mSc41ynknvrkLOlQzNp65In0 HTTP/1.1" 200 69
181.50.241.109 - - [25/Jan/2015:13:10:02 -0500] "POST /forms/lservlet;jsessionid=ac16012b30d58ceacfbbcf574491834094438985f5fd.e3iSbxaKaheRe38RbNmLa3mSc41ynknvrkLOlQzNp65In0 HTTP/1.1" 200 2
181.50.241.109 - - [25/Jan/2015:13:10:02 -0500] "POST /forms/lservlet;jsessionid=ac16012b30d58ceacfbbcf574491834094438985f5fd.e3iSbxaKaheRe38RbNmLa3mSc41ynknvrkLOlQzNp65In0 HTTP/1.1" 200 7799
181.50.241.109 - - [25/Jan/2015:13:10:02 -0500] "POST /forms/lservlet;jsessionid=ac16012b30d58ceacfbbcf574491834094438985f5fd.e3iSbxaKaheRe38RbNmLa3mSc41ynknvrkLOlQzNp65In0 HTTP/1.1" 200 2
181.50.241.109 - - [25/Jan/2015:13:10:03 -0500] "POST /forms/lservlet;jsessionid=ac16012b30d58ceacfbbcf574491834094438985f5fd.e3iSbxaKaheRe38RbNmLa3mSc41ynknvrkLOlQzNp65In0 HTTP/1.1" 200 84
178.162.193.34 - - [25/Jan/2015:13:10:10 -0500] "GET /BLA/resoluciones/RESOLUCIONES%202010/7400.pdf HTTP/1.0" 200 494123
188.165.15.43 - - [25/Jan/2015:13:10:10 -0500] "GET /BLA/resoluciones/RESOLUCIONES%202005/RES%202005%202051-2100/00002092.tif HTTP/1.1" 200 138220
66.249.67.83 - - [25/Jan/2015:13:10:21 -0500] "GET /BLA/resoluciones/AUTOS%202007/0233.pdf HTTP/1.1" 200 16202
191.103.158.83 - - [25/Jan/2015:13:10:24 -0500] "GET /BLA/boletinlegal/js/jquery.js HTTP/1.1" 200 57254
191.103.158.83 - - [25/Jan/2015:13:10:27 -0500] "GET /BLA/boletinlegal/js/jquery.scrollTo-min.js HTTP/1.1" 200 1150
191.103.158.83 - - [25/Jan/2015:13:10:28 -0500] "GET /BLA/boletinlegal/js/jquery.scrollShow.js HTTP/1.1" 200 4586
181.50.241.109 - - [25/Jan/2015:13:10:31 -0500] "POST /forms/lservlet;jsessionid=ac16012b30d58ceacfbbcf574491834094438985f5fd.e3iSbxaKaheRe38RbNmLa3mSc41ynknvrkLOlQzNp65In0 HTTP/1.1" 200 2
66.249.67.83 - - [25/Jan/2015:13:10:34 -0500] "GET /BLA/resoluciones/RESOLUCIONES%202008/3165.pdf HTTP/1.1" 200 179834
186.82.82.112 - - [25/Jan/2015:13:10:38 -0500] "POST /forms/lservlet;jsessionid=ac16012b30d5921ad9c082454f2aa96fd36be22e6504.e3iSbxaKaheRe38RbNmLa3mSc41ynknvrkLOlQzNp65In0 HTTP/1.1" 200 2
178.162.193.34 - - [25/Jan/2015:13:10:45 -0500] "GET /BLA/resoluciones/RESOLUCIONES%202011/1739.pdf HTTP/1.0" 200 517504
190.9.200.130 - - [25/Jan/2015:13:10:52 -0500] "GET /videos/Spot_CambioClimatico.flv HTTP/1.1" 304 -
186.31.5.28 - - [25/Jan/2015:13:10:59 -0500] "GET /BLA/boletinlegal/js/jquery.js HTTP/1.1" 200 57254
186.31.5.28 - - [25/Jan/2015:13:10:59 -0500] "GET /BLA/boletinlegal/js/jquery.scrollTo-min.js HTTP/1.1" 200 1150
186.31.5.28 - - [25/Jan/2015:13:10:59 -0500] "GET /BLA/boletinlegal/js/jquery.scrollShow.js HTTP/1.1" 200 4586
181.128.120.49 - - [25/Jan/2015:13:11:16 -0500] "GET /BLA/boletinlegal/js/jquery.js HTTP/1.1" 200 57254
181.128.120.49 - - [25/Jan/2015:13:11:16 -0500] "GET /BLA/boletinlegal/js/jquery.scrollTo-min.js HTTP/1.1" 200 1150
181.128.120.49 - - [25/Jan/2015:13:11:16 -0500] "GET /BLA/boletinlegal/js/jquery.scrollShow.js HTTP/1.1" 200 4586
66.249.67.75 - - [25/Jan/2015:13:11:19 -0500] "GET /BLA/resoluciones/RESOLUCIONES%202007/RES%202007%202701%20AL%202800/RESOLUCION%202705%20DE%202007.pdf HTTP/1.1" 200 522480
66.249.67.67 - - [25/Jan/2015:13:11:55 -0500] "GET /BLA/resoluciones/AUTOS%202008/3174.pdf HTTP/1.1" 200 104436
66.249.67.67 - - [25/Jan/2015:13:12:01 -0500] "GET /BLA/resoluciones/RESOLUCIONES%202003/RES%202003%20901-950/910.tif HTTP/1.1" 200 123708
66.249.67.75 - - [25/Jan/2015:13:12:16 -0500] "GET /BLA/resoluciones/RESOLUCIONES%202009/0936.pdf HTTP/1.1" 200 273288
66.249.67.75 - - [25/Jan/2015:13:12:28 -0500] "GET /BLA/resoluciones/RESOLUCIONES%202003/RES%202003%202001-2051/20032022.tif HTTP/1.1" 200 91438
181.50.241.109 - - [25/Jan/2015:13:12:31 -0500] "POST /forms/lservlet;jsessionid=ac16012b30d58ceacfbbcf574491834094438985f5fd.e3iSbxaKaheRe38RbNmLa3mSc41ynknvrkLOlQzNp65In0 HTTP/1.1" 200 2
186.82.82.112 - - [25/Jan/2015:13:12:38 -0500] "POST /forms/lservlet;jsessionid=ac16012b30d5921ad9c082454f2aa96fd36be22e6504.e3iSbxaKaheRe38RbNmLa3mSc41ynknvrkLOlQzNp65In0 HTTP/1.1" 200 2
200.118.157.95 - - [25/Jan/2015:13:12:59 -0500] "GET /BLA/boletinlegal/js/jquery.scrollTo-min.js HTTP/1.1" 200 1150
200.118.157.95 - - [25/Jan/2015:13:12:59 -0500] "GET /BLA/boletinlegal/js/jquery.scrollShow.js HTTP/1.1" 200 4586
200.118.157.95 - - [25/Jan/2015:13:12:59 -0500] "GET /BLA/boletinlegal/js/jquery.js HTTP/1.1" 200 57254
188.165.15.177 - - [25/Jan/2015:13:13:12 -0500] "GET /BLA/resoluciones/RESOLUCIONES%202004/RES%202004%2001-%2050/00000013.tif HTTP/1.1" 200 64688
74.86.158.107 - - [25/Jan/2015:13:13:13 -0500] "HEAD / HTTP/1.1" 302 -
66.249.67.83 - - [25/Jan/2015:13:13:14 -0500] "GET /BLA/resoluciones/RESOLUCIONES%202007/RES%202007%20901%20AL%201000/RESOLUCION%200909%20DE%202007.pdf HTTP/1.1" 200 228137
186.82.82.112 - - [25/Jan/2015:13:13:16 -0500] "POST /forms/lservlet;jsessionid=ac16012b30d5921ad9c082454f2aa96fd36be22e6504.e3iSbxaKaheRe38RbNmLa3mSc41ynknvrkLOlQzNp65In0 HTTP/1.1" 200 2
66.249.67.75 - - [25/Jan/2015:13:13:17 -0500] "GET /BLA/resoluciones/RESOLUCIONES%202009/5048.pdf HTTP/1.1" 200 491387
186.82.82.112 - - [25/Jan/2015:13:13:16 -0500] "POST /forms/lservlet;jsessionid=ac16012b30d5921ad9c082454f2aa96fd36be22e6504.e3iSbxaKaheRe38RbNmLa3mSc41ynknvrkLOlQzNp65In0 HTTP/1.1" 200 2551
186.82.82.112 - - [25/Jan/2015:13:13:17 -0500] "POST /forms/lservlet;jsessionid=ac16012b30d5921ad9c082454f2aa96fd36be22e6504.e3iSbxaKaheRe38RbNmLa3mSc41ynknvrkLOlQzNp65In0 HTTP/1.1" 200 15
186.82.82.112 - - [25/Jan/2015:13:13:22 -0500] "POST /forms/lservlet;jsessionid=ac16012b30d5921ad9c082454f2aa96fd36be22e6504.e3iSbxaKaheRe38RbNmLa3mSc41ynknvrkLOlQzNp65In0 HTTP/1.1" 200 24
186.82.82.112 - - [25/Jan/2015:13:13:23 -0500] "POST /forms/lservlet;jsessionid=ac16012b30d5921ad9c082454f2aa96fd36be22e6504.e3iSbxaKaheRe38RbNmLa3mSc41ynknvrkLOlQzNp65In0 HTTP/1.1" 200 4146
186.82.82.112 - - [25/Jan/2015:13:13:24 -0500] "POST /forms/lservlet;jsessionid=ac16012b30d5921ad9c082454f2aa96fd36be22e6504.e3iSbxaKaheRe38RbNmLa3mSc41ynknvrkLOlQzNp65In0 HTTP/1.1" 200 2
188.165.15.110 - - [25/Jan/2015:13:13:30 -0500] "GET /BLA/resoluciones/RESOLUCIONES%202003/RES%202003%201201-1250/2003RES1216.tif HTTP/1.1" 200 176580
186.82.82.112 - - [25/Jan/2015:13:13:30 -0500] "POST /forms/lservlet;jsessionid=ac16012b30d5921ad9c082454f2aa96fd36be22e6504.e3iSbxaKaheRe38RbNmLa3mSc41ynknvrkLOlQzNp65In0 HTTP/1.1" 200 2
186.82.82.112 - - [25/Jan/2015:13:13:30 -0500] "POST /forms/lservlet;jsessionid=ac16012b30d5921ad9c082454f2aa96fd36be22e6504.e3iSbxaKaheRe38RbNmLa3mSc41ynknvrkLOlQzNp65In0 HTTP/1.1" 200 14
186.82.82.112 - - [25/Jan/2015:13:13:32 -0500] "POST /forms/lservlet;jsessionid=ac16012b30d5921ad9c082454f2aa96fd36be22e6504.e3iSbxaKaheRe38RbNmLa3mSc41ynknvrkLOlQzNp65In0 HTTP/1.1" 200 112
186.82.82.112 - - [25/Jan/2015:13:13:32 -0500] "POST /forms/lservlet;jsessionid=ac16012b30d5921ad9c082454f2aa96fd36be22e6504.e3iSbxaKaheRe38RbNmLa3mSc41ynknvrkLOlQzNp65In0 HTTP/1.1" 200 2
186.82.82.112 - - [25/Jan/2015:13:13:32 -0500] "GET /reports/rwservlet/getjobid341866?server=rep_srvapsda HTTP/1.0" 200 723635
181.61.178.210 - - [25/Jan/2015:13:13:48 -0500] "GET /BLA/boletinlegal/js/jquery.scrollShow.js HTTP/1.1" 200 4586
181.61.178.210 - - [25/Jan/2015:13:13:48 -0500] "GET /BLA/boletinlegal/js/jquery.js HTTP/1.1" 200 57254
181.61.178.210 - - [25/Jan/2015:13:13:48 -0500] "GET /BLA/boletinlegal/js/jquery.scrollTo-min.js HTTP/1.1" 200 1150
66.249.67.67 - - [25/Jan/2015:13:14:11 -0500] "GET /BLA/resoluciones/RESOLUCIONES%202009/8773.pdf HTTP/1.1" 200 1277891
186.118.14.100 - - [25/Jan/2015:13:14:12 -0500] "GET /BLA/boletinlegal/js/jquery.js HTTP/1.1" 200 57254
186.118.14.100 - - [25/Jan/2015:13:14:12 -0500] "GET /BLA/boletinlegal/js/jquery.scrollTo-min.js HTTP/1.1" 200 1150
186.118.14.100 - - [25/Jan/2015:13:14:12 -0500] "GET /BLA/boletinlegal/js/jquery.scrollShow.js HTTP/1.1" 200 4586
186.155.125.127 - - [25/Jan/2015:13:14:15 -0500] "GET /forest/session.jsp?a=0.2904983563348651 HTTP/1.1" 200 4
181.50.241.109 - - [25/Jan/2015:13:14:31 -0500] "POST /forms/lservlet;jsessionid=ac16012b30d58ceacfbbcf574491834094438985f5fd.e3iSbxaKaheRe38RbNmLa3mSc41ynknvrkLOlQzNp65In0 HTTP/1.1" 200 2
186.82.82.112 - - [25/Jan/2015:13:14:37 -0500] "POST /forms/lservlet;jsessionid=ac16012b30d5921ad9c082454f2aa96fd36be22e6504.e3iSbxaKaheRe38RbNmLa3mSc41ynknvrkLOlQzNp65In0 HTTP/1.1" 200 2
66.249.67.67 - - [25/Jan/2015:13:14:38 -0500] "GET /BLA/resoluciones/RESOLUCIONES%202012/0674.pdf HTTP/1.1" 200 184902
186.155.140.58 - - [25/Jan/2015:13:14:48 -0500] "GET /BLA/boletinlegal/js/jquery.js HTTP/1.1" 200 57254
186.155.140.58 - - [25/Jan/2015:13:14:48 -0500] "GET /BLA/boletinlegal/js/jquery.scrollShow.js HTTP/1.1" 200 4586
186.155.140.58 - - [25/Jan/2015:13:14:48 -0500] "GET /BLA/boletinlegal/js/jquery.scrollTo-min.js HTTP/1.1" 200 1150
186.155.140.58 - - [25/Jan/2015:13:14:48 -0500] "GET /galeria/carrusel/Carrusel/jquery.thumbnailScroller.css HTTP/1.1" 200 2066
186.155.140.58 - - [25/Jan/2015:13:14:48 -0500] "GET /galeria/carrusel/Carrusel/jquery-ui-1.8.13.custom.min.js HTTP/1.1" 200 10800
186.155.140.58 - - [25/Jan/2015:13:14:48 -0500] "GET /galeria/carrusel/Carrusel/jquery.thumbnailScroller.js HTTP/1.1" 200 8157
186.155.140.58 - - [25/Jan/2015:13:14:49 -0500] "GET /galeria/nivo-slider/demo/demo.html HTTP/1.1" 200 3150
186.155.140.58 - - [25/Jan/2015:13:14:49 -0500] "GET /galeria/nivo-slider/themes/default/default.css HTTP/1.1" 200 1569
186.155.140.58 - - [25/Jan/2015:13:14:49 -0500] "GET /galeria/nivo-slider/themes/orman/orman.css HTTP/1.1" 200 2152
186.155.140.58 - - [25/Jan/2015:13:14:49 -0500] "GET /galeria/nivo-slider/themes/pascal/pascal.css HTTP/1.1" 200 2258
186.155.140.58 - - [25/Jan/2015:13:14:49 -0500] "GET /galeria/nivo-slider/nivo-slider.css HTTP/1.1" 200 1507
186.155.140.58 - - [25/Jan/2015:13:14:49 -0500] "GET /galeria/nivo-slider/demo/style.css HTTP/1.1" 200 2222
186.155.140.58 - - [25/Jan/2015:13:14:49 -0500] "GET /galeria/nivo-slider/demo/scripts/jquery-1.7.1.min.js HTTP/1.1" 200 93868
186.155.140.58 - - [25/Jan/2015:13:14:49 -0500] "GET /galeria/nivo-slider/jquery.nivo.slider.pack.js HTTP/1.1" 200 11561
186.155.140.58 - - [25/Jan/2015:13:14:49 -0500] "GET /galeria/nivo-slider/demo/images/bolsas-08.jpg HTTP/1.1" 200 85589
186.155.140.58 - - [25/Jan/2015:13:14:49 -0500] "GET /galeria/nivo-slider/demo/images/Ruta-vertimientos-01.jpg HTTP/1.1" 200 130151
186.155.140.58 - - [25/Jan/2015:13:14:49 -0500] "GET /galeria/nivo-slider/demo/images/bolsas-06.jpg HTTP/1.1" 200 90982
186.155.140.58 - - [25/Jan/2015:13:14:49 -0500] "GET /galeria/nivo-slider/demo/images/ecolecta-Dic2014.png HTTP/1.1" 200 288593
186.155.140.58 - - [25/Jan/2015:13:14:49 -0500] "GET /galeria/nivo-slider/demo/images/porloshumedales.jpg HTTP/1.1" 200 351238
186.155.140.58 - - [25/Jan/2015:13:14:52 -0500] "GET /galeria/nivo-slider/demo/images/Tingua-azul.jpg HTTP/1.1" 200 307638
186.155.140.58 - - [25/Jan/2015:13:14:52 -0500] "GET /galeria/nivo-slider/demo/images/Banner-Caracol-Africano.jpg HTTP/1.1" 200 331986
186.155.140.58 - - [25/Jan/2015:13:14:53 -0500] "GET /galeria/nivo-slider/demo/images/banner-redes.jpg HTTP/1.1" 200 62209
186.155.140.58 - - [25/Jan/2015:13:14:53 -0500] "GET /galeria/nivo-slider/demo/images/9Signos.jpg HTTP/1.1" 200 93040
186.155.140.58 - - [25/Jan/2015:13:14:54 -0500] "GET /galeria/nivo-slider/demo/images/banner-llantas2.jpg HTTP/1.1" 200 73153
186.155.140.58 - - [25/Jan/2015:13:14:54 -0500] "GET /galeria/nivo-slider/demo/images/banner-caballos.png HTTP/1.1" 200 389106
186.155.140.58 - - [25/Jan/2015:13:14:55 -0500] "GET /galeria/nivo-slider/demo/images/4Simple_Slider.png HTTP/1.1" 200 11722
186.155.140.58 - - [25/Jan/2015:13:14:55 -0500] "GET /galeria/nivo-slider/themes/default/loading.gif HTTP/1.1" 200 1737
66.249.67.83 - - [25/Jan/2015:13:15:09 -0500] "GET /BLA/resoluciones/AUTOS%202007/1419.pdf HTTP/1.1" 200 25180
180.76.5.81 - - [25/Jan/2015:13:15:14 -0500] "GET /BLA/boletinlegal/Circulares/2013/Circular%20No.%202%20del%2022%20de%20enero%20de%202013.pdf HTTP/1.1" 200 85466
186.146.182.17 - - [25/Jan/2015:13:15:55 -0500] "GET /BLA/boletinlegal/js/jquery.js HTTP/1.1" 200 57254
186.146.182.17 - - [25/Jan/2015:13:15:55 -0500] "GET /BLA/boletinlegal/js/jquery.scrollTo-min.js HTTP/1.1" 200 1150
186.146.182.17 - - [25/Jan/2015:13:15:55 -0500] "GET /BLA/boletinlegal/js/jquery.scrollShow.js HTTP/1.1" 200 4586
191.102.119.112 - - [25/Jan/2015:13:15:56 -0500] "GET /BLA/boletinlegal/js/jquery.scrollTo-min.js HTTP/1.1" 200 1150
191.102.119.112 - - [25/Jan/2015:13:15:56 -0500] "GET /BLA/boletinlegal/js/jquery.js HTTP/1.1" 200 57254
191.102.119.112 - - [25/Jan/2015:13:15:56 -0500] "GET /BLA/boletinlegal/js/jquery.scrollShow.js HTTP/1.1" 200 4586
66.249.67.75 - - [25/Jan/2015:13:15:59 -0500] "GET /BLA/resoluciones/AUTOS%202008/2893.pdf HTTP/1.1" 200 153208
180.76.6.29 - - [25/Jan/2015:13:16:01 -0500] "GET /BLA/resoluciones/RESOLUCIONES%202007/RES%202007%204101%20AL%204200/RESOLUCION%204120%20DE%202007.pdf HTTP/1.1" 200 808100
66.249.67.83 - - [25/Jan/2015:13:16:06 -0500] "GET /BLA/resoluciones/RESOLUCIONES%202009/7039.pdf HTTP/1.1" 200 723223
178.162.193.34 - - [25/Jan/2015:13:16:12 -0500] "GET /BLA/resoluciones/RESOLUCIONES%202009/4035.pdf HTTP/1.0" 200 591473
188.165.15.59 - - [25/Jan/2015:13:16:29 -0500] "GET /BLA/resoluciones/RESOLUCIONES%202003/RES%202003%202051-2100/00002057.tif HTTP/1.1" 200 294402
181.50.241.109 - - [25/Jan/2015:13:16:31 -0500] "POST /forms/lservlet;jsessionid=ac16012b30d58ceacfbbcf574491834094438985f5fd.e3iSbxaKaheRe38RbNmLa3mSc41ynknvrkLOlQzNp65In0 HTTP/1.1" 200 2
186.82.82.112 - - [25/Jan/2015:13:16:36 -0500] "POST /forms/lservlet;jsessionid=ac16012b30d5921ad9c082454f2aa96fd36be22e6504.e3iSbxaKaheRe38RbNmLa3mSc41ynknvrkLOlQzNp65In0 HTTP/1.1" 200 2
180.76.5.80 - - [25/Jan/2015:13:16:47 -0500] "GET /BLA/resoluciones/RESOLUCIONES%202007/RES%202007%202801%20AL%202900/RESOLUCION%202844%20DE%202007.pdf HTTP/1.1" 200 872806
66.249.67.75 - - [25/Jan/2015:13:16:47 -0500] "GET /BLA/resoluciones/RESOLUCIONES%202003/RES%202003%20451-500/480.tif HTTP/1.1" 200 192240
178.162.193.34 - - [25/Jan/2015:13:16:56 -0500] "GET /BLA/resoluciones/RESOLUCIONES%202013/0592.pdf HTTP/1.0" 200 188334
66.249.67.75 - - [25/Jan/2015:13:17:04 -0500] "GET /BLA/resoluciones/RESOLUCIONES%202009/7852.pdf HTTP/1.1" 200 646684
178.162.193.34 - - [25/Jan/2015:13:17:08 -0500] "GET /BLA/resoluciones/RESOLUCIONES%202007/RES%202007%201001%20AL%201100/RESOLUCION%201002%20DE%202007.pdf HTTP/1.0" 200 362511
66.249.67.75 - - [25/Jan/2015:13:17:20 -0500] "GET /BLA/resoluciones/RESOLUCIONES%202008/5704.pdf HTTP/1.1" 200 18146
66.249.67.67 - - [25/Jan/2015:13:18:01 -0500] "GET /BLA/resoluciones/RESOLUCIONES%202009/1302.pdf HTTP/1.1" 200 506369
188.165.15.105 - - [25/Jan/2015:13:18:02 -0500] "GET /BLA/resoluciones/index.php?dir=RESOLUCIONES%202002/RES%202002%201701-1750/&sort=name&order=asc HTTP/1.1" 200 12141
74.86.158.107 - - [25/Jan/2015:13:18:13 -0500] "HEAD / HTTP/1.1" 302 -
190.146.175.100 - - [25/Jan/2015:13:18:19 -0500] "GET /BLA/boletinlegal/js/jquery.js HTTP/1.1" 200 57254
190.146.175.100 - - [25/Jan/2015:13:18:19 -0500] "GET /BLA/boletinlegal/js/jquery.scrollTo-min.js HTTP/1.1" 200 1150
190.146.175.100 - - [25/Jan/2015:13:18:19 -0500] "GET /BLA/boletinlegal/js/jquery.scrollShow.js HTTP/1.1" 200 4586
186.155.125.127 - - [25/Jan/2015:13:18:24 -0500] "GET /forest/usutareas.do?group_system_actual=3&codTraEsc=17256416&_a=0.5916755228436771 HTTP/1.1" 200 104201
186.155.125.127 - - [25/Jan/2015:13:18:25 -0500] "GET /forest/session.jsp?a=0.8756202277727425 HTTP/1.1" 200 4
181.50.241.109 - - [25/Jan/2015:13:18:31 -0500] "POST /forms/lservlet;jsessionid=ac16012b30d58ceacfbbcf574491834094438985f5fd.e3iSbxaKaheRe38RbNmLa3mSc41ynknvrkLOlQzNp65In0 HTTP/1.1" 200 2
186.82.82.112 - - [25/Jan/2015:13:18:34 -0500] "POST /forms/lservlet;jsessionid=ac16012b30d5921ad9c082454f2aa96fd36be22e6504.e3iSbxaKaheRe38RbNmLa3mSc41ynknvrkLOlQzNp65In0 HTTP/1.1" 200 2
66.249.67.67 - - [25/Jan/2015:13:18:41 -0500] "GET /BLA/resoluciones/RESOLUCIONES%202009/7886.pdf HTTP/1.1" 200 459416
186.155.116.158 - - [25/Jan/2015:13:18:44 -0500] "GET /BLA/boletinlegal/js/jquery.js HTTP/1.1" 200 57254
186.155.116.158 - - [25/Jan/2015:13:18:44 -0500] "GET /BLA/boletinlegal/js/jquery.scrollTo-min.js HTTP/1.1" 200 1150
186.155.116.158 - - [25/Jan/2015:13:18:44 -0500] "GET /BLA/boletinlegal/js/jquery.scrollShow.js HTTP/1.1" 200 4586
186.155.116.158 - - [25/Jan/2015:13:18:44 -0500] "GET /galeria/carrusel/Carrusel/jquery.thumbnailScroller.css HTTP/1.1" 200 2066
186.155.116.158 - - [25/Jan/2015:13:18:44 -0500] "GET /galeria/carrusel/Carrusel/jquery-ui-1.8.13.custom.min.js HTTP/1.1" 200 10800
186.155.116.158 - - [25/Jan/2015:13:18:44 -0500] "GET /galeria/carrusel/Carrusel/jquery.thumbnailScroller.js HTTP/1.1" 200 8157
186.155.116.158 - - [25/Jan/2015:13:18:47 -0500] "GET /galeria/nivo-slider/demo/demo.html HTTP/1.1" 200 3150
186.155.116.158 - - [25/Jan/2015:13:18:50 -0500] "GET /galeria/nivo-slider/themes/default/default.css HTTP/1.1" 200 1569
186.155.116.158 - - [25/Jan/2015:13:18:50 -0500] "GET /galeria/nivo-slider/themes/pascal/pascal.css HTTP/1.1" 200 2258
186.155.116.158 - - [25/Jan/2015:13:18:50 -0500] "GET /galeria/nivo-slider/themes/orman/orman.css HTTP/1.1" 200 2152
186.155.116.158 - - [25/Jan/2015:13:18:50 -0500] "GET /galeria/nivo-slider/nivo-slider.css HTTP/1.1" 200 1507
186.155.116.158 - - [25/Jan/2015:13:18:50 -0500] "GET /galeria/nivo-slider/demo/style.css HTTP/1.1" 200 2222
186.155.116.158 - - [25/Jan/2015:13:18:50 -0500] "GET /galeria/nivo-slider/demo/images/bolsas-08.jpg HTTP/1.1" 200 85589
186.155.116.158 - - [25/Jan/2015:13:18:50 -0500] "GET /galeria/nivo-slider/demo/scripts/jquery-1.7.1.min.js HTTP/1.1" 200 93868
186.155.116.158 - - [25/Jan/2015:13:18:50 -0500] "GET /galeria/nivo-slider/jquery.nivo.slider.pack.js HTTP/1.1" 200 11561
186.155.116.158 - - [25/Jan/2015:13:18:50 -0500] "GET /galeria/nivo-slider/demo/images/Ruta-vertimientos-01.jpg HTTP/1.1" 200 130151
186.155.116.158 - - [25/Jan/2015:13:18:50 -0500] "GET /galeria/nivo-slider/demo/images/bolsas-06.jpg HTTP/1.1" 200 90982
186.155.116.158 - - [25/Jan/2015:13:18:50 -0500] "GET /galeria/nivo-slider/demo/images/ecolecta-Dic2014.png HTTP/1.1" 200 288593
186.155.116.158 - - [25/Jan/2015:13:18:50 -0500] "GET /galeria/nivo-slider/demo/images/porloshumedales.jpg HTTP/1.1" 200 351238
186.155.116.158 - - [25/Jan/2015:13:18:51 -0500] "GET /galeria/nivo-slider/demo/images/Tingua-azul.jpg HTTP/1.1" 200 307638
186.155.116.158 - - [25/Jan/2015:13:18:51 -0500] "GET /galeria/nivo-slider/demo/images/Banner-Caracol-Africano.jpg HTTP/1.1" 200 331986
190.146.175.100 - - [25/Jan/2015:13:18:51 -0500] "GET /BLA/resoluciones/RESOLUCIONES%202009/3957.pdf HTTP/1.1" 200 948979
190.146.175.100 - - [25/Jan/2015:13:18:51 -0500] "GET /BLA/resoluciones/RESOLUCIONES%202009/3957.pdf HTTP/1.1" 200 948979
190.146.175.100 - - [25/Jan/2015:13:18:51 -0500] "GET /BLA/resoluciones/RESOLUCIONES%202009/3957.pdf HTTP/1.1" 206 32768
190.146.175.100 - - [25/Jan/2015:13:18:51 -0500] "GET /BLA/resoluciones/RESOLUCIONES%202009/3957.pdf HTTP/1.1" 206 916211
186.155.116.158 - - [25/Jan/2015:13:18:52 -0500] "GET /galeria/nivo-slider/demo/images/banner-redes.jpg HTTP/1.1" 200 62209
186.155.116.158 - - [25/Jan/2015:13:18:53 -0500] "GET /galeria/nivo-slider/demo/images/9Signos.jpg HTTP/1.1" 200 93040
190.146.175.100 - - [25/Jan/2015:13:18:53 -0500] "GET /favicon.ico HTTP/1.1" 200 7782
186.155.116.158 - - [25/Jan/2015:13:18:53 -0500] "GET /galeria/nivo-slider/demo/images/4Simple_Slider.png HTTP/1.1" 200 11722
186.155.116.158 - - [25/Jan/2015:13:18:54 -0500] "GET /galeria/nivo-slider/themes/default/loading.gif HTTP/1.1" 200 1737
186.155.116.158 - - [25/Jan/2015:13:18:54 -0500] "GET /galeria/nivo-slider/demo/images/banner-llantas2.jpg HTTP/1.1" 200 73153
186.155.116.158 - - [25/Jan/2015:13:18:55 -0500] "GET /galeria/nivo-slider/demo/images/banner-caballos.png HTTP/1.1" 200 389106
66.249.67.67 - - [25/Jan/2015:13:18:59 -0500] "GET /BLA/resoluciones/AUTOS%202007/3095.pdf HTTP/1.1" 200 372168
178.162.193.34 - - [25/Jan/2015:13:19:32 -0500] "GET /BLA/resoluciones/RESOLUCIONES%202008/3983.pdf HTTP/1.0" 200 351540
66.249.67.67 - - [25/Jan/2015:13:19:56 -0500] "GET /BLA/resoluciones/RESOLUCIONES%202009/7903.pdf HTTP/1.1" 200 525959
66.249.67.75 - - [25/Jan/2015:13:20:02 -0500] "GET /BLA/resoluciones/RESOLUCIONES%202003/RES%202003%202001-2051/20032013.tif HTTP/1.1" 200 121064
66.249.67.67 - - [25/Jan/2015:13:20:03 -0500] "GET /BLA/resoluciones/AUTOS%202009/1943.pdf HTTP/1.1" 200 273738
188.165.15.59 - - [25/Jan/2015:13:20:09 -0500] "GET /BLA/resoluciones/RESOLUCIONES%202006/RES%202006%20101-150/00000128.tif HTTP/1.1" 200 37844
181.50.241.109 - - [25/Jan/2015:13:20:31 -0500] "POST /forms/lservlet;jsessionid=ac16012b30d58ceacfbbcf574491834094438985f5fd.e3iSbxaKaheRe38RbNmLa3mSc41ynknvrkLOlQzNp65In0 HTTP/1.1" 200 2
186.82.82.112 - - [25/Jan/2015:13:20:34 -0500] "POST /forms/lservlet;jsessionid=ac16012b30d5921ad9c082454f2aa96fd36be22e6504.e3iSbxaKaheRe38RbNmLa3mSc41ynknvrkLOlQzNp65In0 HTTP/1.1" 200 2
178.162.193.34 - - [25/Jan/2015:13:20:35 -0500] "GET /BLA/resoluciones/RESOLUCIONES%202009/2820.pdf HTTP/1.0" 200 441134
66.249.67.67 - - [25/Jan/2015:13:20:53 -0500] "GET /BLA/resoluciones/AUTOS%202007/1000.pdf HTTP/1.1" 200 34430
178.162.193.34 - - [25/Jan/2015:13:21:04 -0500] "GET /BLA/resoluciones/RESOLUCIONES%202009/0672.pdf HTTP/1.0" 200 300019
188.165.15.200 - - [25/Jan/2015:13:21:07 -0500] "GET /BLA/resoluciones/RESOLUCIONES%202006/RES%202006%20501-550/00000503.tif HTTP/1.1" 200 471166
66.249.67.75 - - [25/Jan/2015:13:21:24 -0500] "GET /BLA/resoluciones/AUTOS%202007/3249.pdf HTTP/1.1" 200 91827
66.249.67.67 - - [25/Jan/2015:13:21:51 -0500] "GET /BLA/resoluciones/RESOLUCIONES%202010/7629.pdf HTTP/1.1" 200 387718
186.82.82.112 - - [25/Jan/2015:13:22:02 -0500] "POST /forms/lservlet;jsessionid=ac16012b30d5921ad9c082454f2aa96fd36be22e6504.e3iSbxaKaheRe38RbNmLa3mSc41ynknvrkLOlQzNp65In0 HTTP/1.1" 200 2
186.82.82.112 - - [25/Jan/2015:13:22:02 -0500] "POST /forms/lservlet;jsessionid=ac16012b30d5921ad9c082454f2aa96fd36be22e6504.e3iSbxaKaheRe38RbNmLa3mSc41ynknvrkLOlQzNp65In0 HTTP/1.1" 200 2344
186.82.82.112 - - [25/Jan/2015:13:22:02 -0500] "POST /forms/lservlet;jsessionid=ac16012b30d5921ad9c082454f2aa96fd36be22e6504.e3iSbxaKaheRe38RbNmLa3mSc41ynknvrkLOlQzNp65In0 HTTP/1.1" 200 10
186.82.82.112 - - [25/Jan/2015:13:22:08 -0500] "POST /forms/lservlet;jsessionid=ac16012b30d5921ad9c082454f2aa96fd36be22e6504.e3iSbxaKaheRe38RbNmLa3mSc41ynknvrkLOlQzNp65In0 HTTP/1.1" 200 24
186.82.82.112 - - [25/Jan/2015:13:22:08 -0500] "POST /forms/lservlet;jsessionid=ac16012b30d5921ad9c082454f2aa96fd36be22e6504.e3iSbxaKaheRe38RbNmLa3mSc41ynknvrkLOlQzNp65In0 HTTP/1.1" 200 3802
186.82.82.112 - - [25/Jan/2015:13:22:09 -0500] "POST /forms/lservlet;jsessionid=ac16012b30d5921ad9c082454f2aa96fd36be22e6504.e3iSbxaKaheRe38RbNmLa3mSc41ynknvrkLOlQzNp65In0 HTTP/1.1" 200 2
186.82.82.112 - - [25/Jan/2015:13:22:12 -0500] "POST /forms/lservlet;jsessionid=ac16012b30d5921ad9c082454f2aa96fd36be22e6504.e3iSbxaKaheRe38RbNmLa3mSc41ynknvrkLOlQzNp65In0 HTTP/1.1" 200 2
186.82.82.112 - - [25/Jan/2015:13:22:13 -0500] "POST /forms/lservlet;jsessionid=ac16012b30d5921ad9c082454f2aa96fd36be22e6504.e3iSbxaKaheRe38RbNmLa3mSc41ynknvrkLOlQzNp65In0 HTTP/1.1" 200 14
186.82.82.112 - - [25/Jan/2015:13:22:14 -0500] "POST /forms/lservlet;jsessionid=ac16012b30d5921ad9c082454f2aa96fd36be22e6504.e3iSbxaKaheRe38RbNmLa3mSc41ynknvrkLOlQzNp65In0 HTTP/1.1" 200 112
186.82.82.112 - - [25/Jan/2015:13:22:15 -0500] "POST /forms/lservlet;jsessionid=ac16012b30d5921ad9c082454f2aa96fd36be22e6504.e3iSbxaKaheRe38RbNmLa3mSc41ynknvrkLOlQzNp65In0 HTTP/1.1" 200 2
186.82.82.112 - - [25/Jan/2015:13:22:15 -0500] "GET /reports/rwservlet/getjobid341867?server=rep_srvapsda HTTP/1.0" 200 753983
186.113.171.13 - - [25/Jan/2015:13:22:25 -0500] "GET /galeria/nivo-slider/demo/demo.html HTTP/1.1" 200 3150
186.113.171.13 - - [25/Jan/2015:13:22:25 -0500] "GET /galeria/nivo-slider/demo/images/bolsas-08.jpg HTTP/1.1" 200 85589
186.113.171.13 - - [25/Jan/2015:13:22:25 -0500] "GET /galeria/nivo-slider/demo/images/ecolecta-Dic2014.png HTTP/1.1" 200 288593
186.113.171.13 - - [25/Jan/2015:13:22:25 -0500] "GET /galeria/nivo-slider/demo/images/Ruta-vertimientos-01.jpg HTTP/1.1" 200 130151
186.113.171.13 - - [25/Jan/2015:13:22:25 -0500] "GET /galeria/nivo-slider/demo/images/bolsas-06.jpg HTTP/1.1" 200 90982
186.113.171.13 - - [25/Jan/2015:13:22:25 -0500] "GET /galeria/nivo-slider/demo/images/porloshumedales.jpg HTTP/1.1" 304 -
186.113.171.13 - - [25/Jan/2015:13:22:25 -0500] "GET /galeria/nivo-slider/demo/images/banner-redes.jpg HTTP/1.1" 304 -
181.61.160.181 - - [25/Jan/2015:13:22:27 -0500] "GET /POT-2013/index.php?dir=Cartografia%2F HTTP/1.1" 200 11465
181.61.160.181 - - [25/Jan/2015:13:22:27 -0500] "GET /POT-2013/dlf/styles.css HTTP/1.1" 200 3045
181.61.160.181 - - [25/Jan/2015:13:22:27 -0500] "GET /POT-2013/dlf/dirup.png HTTP/1.1" 200 644
181.61.160.181 - - [25/Jan/2015:13:22:27 -0500] "GET /POT-2013/dlf/pdf.gif HTTP/1.1" 200 272
181.61.160.181 - - [25/Jan/2015:13:22:27 -0500] "GET /POT-2013/dlf/bg.gif HTTP/1.1" 200 54
181.61.160.181 - - [25/Jan/2015:13:22:27 -0500] "GET /favicon.ico HTTP/1.1" 200 7782
186.113.171.13 - - [25/Jan/2015:13:22:28 -0500] "GET /videos/Spot_CambioClimatico.flv HTTP/1.1" 304 -
181.50.241.109 - - [25/Jan/2015:13:22:31 -0500] "POST /forms/lservlet;jsessionid=ac16012b30d58ceacfbbcf574491834094438985f5fd.e3iSbxaKaheRe38RbNmLa3mSc41ynknvrkLOlQzNp65In0 HTTP/1.1" 200 2
186.82.82.112 - - [25/Jan/2015:13:22:33 -0500] "POST /forms/lservlet;jsessionid=ac16012b30d5921ad9c082454f2aa96fd36be22e6504.e3iSbxaKaheRe38RbNmLa3mSc41ynknvrkLOlQzNp65In0 HTTP/1.1" 200 2
66.249.67.83 - - [25/Jan/2015:13:22:45 -0500] "GET /BLA/resoluciones/AUTOS%202008/2855.pdf HTTP/1.1" 200 157651
186.84.25.138 - - [25/Jan/2015:13:22:46 -0500] "GET /videos/galeria-fotografica/index16.html? HTTP/1.1" 200 1971
186.84.25.138 - - [25/Jan/2015:13:22:47 -0500] "GET /videos/galeria-fotografica/js/jquery-flickr-gallery/jquery-flickr.css HTTP/1.1" 200 711
186.84.25.138 - - [25/Jan/2015:13:22:47 -0500] "GET /videos/galeria-fotografica/js/jquery-flickr-gallery/jquery-flickr-gallery.js HTTP/1.1" 200 9050
190.159.27.197 - - [25/Jan/2015:13:22:47 -0500] "GET /BLA/boletinlegal/js/jquery.js HTTP/1.1" 200 57254
190.159.27.197 - - [25/Jan/2015:13:22:47 -0500] "GET /BLA/boletinlegal/js/jquery.scrollShow.js HTTP/1.1" 200 4586
190.159.27.197 - - [25/Jan/2015:13:22:47 -0500] "GET /BLA/boletinlegal/js/jquery.scrollTo-min.js HTTP/1.1" 200 1150
186.84.25.138 - - [25/Jan/2015:13:22:48 -0500] "GET /videos/galeria-fotografica/js/jquery-flickr-gallery/loader.gif HTTP/1.1" 200 2129
66.249.67.75 - - [25/Jan/2015:13:22:48 -0500] "GET /BLA/resoluciones/RESOLUCIONES%202011/4306.pdf HTTP/1.1" 200 311443
74.86.158.107 - - [25/Jan/2015:13:23:13 -0500] "HEAD / HTTP/1.1" 302 -
190.39.199.73 - - [25/Jan/2015:13:23:16 -0500] "GET /BLA/boletinlegal/js/jquery.js HTTP/1.1" 200 57254
190.39.199.73 - - [25/Jan/2015:13:23:16 -0500] "GET /BLA/boletinlegal/js/jquery.scrollTo-min.js HTTP/1.1" 200 1150
190.39.199.73 - - [25/Jan/2015:13:23:16 -0500] "GET /BLA/boletinlegal/js/jquery.scrollShow.js HTTP/1.1" 200 4586
186.155.125.127 - - [25/Jan/2015:13:23:25 -0500] "GET /forest/session.jsp?a=0.4181430416647345 HTTP/1.1" 200 4
66.249.67.67 - - [25/Jan/2015:13:23:46 -0500] "GET /BLA/resoluciones/AUTOS%202011/7738.pdf HTTP/1.1" 200 262399
190.26.68.41 - - [25/Jan/2015:13:23:46 -0500] "GET /BLA/boletinlegal/js/jquery.js HTTP/1.1" 200 57254
190.26.68.41 - - [25/Jan/2015:13:23:46 -0500] "GET /BLA/boletinlegal/js/jquery.scrollTo-min.js HTTP/1.1" 200 1150
190.26.68.41 - - [25/Jan/2015:13:23:46 -0500] "GET /BLA/boletinlegal/js/jquery.scrollShow.js HTTP/1.1" 200 4586
186.82.82.112 - - [25/Jan/2015:13:23:58 -0500] "POST /forms/lservlet;jsessionid=ac16012b30d5921ad9c082454f2aa96fd36be22e6504.e3iSbxaKaheRe38RbNmLa3mSc41ynknvrkLOlQzNp65In0 HTTP/1.1" 200 2
186.82.82.112 - - [25/Jan/2015:13:23:59 -0500] "POST /forms/lservlet;jsessionid=ac16012b30d5921ad9c082454f2aa96fd36be22e6504.e3iSbxaKaheRe38RbNmLa3mSc41ynknvrkLOlQzNp65In0 HTTP/1.1" 200 14
186.82.82.112 - - [25/Jan/2015:13:24:00 -0500] "POST /forms/lservlet;jsessionid=ac16012b30d5921ad9c082454f2aa96fd36be22e6504.e3iSbxaKaheRe38RbNmLa3mSc41ynknvrkLOlQzNp65In0 HTTP/1.1" 200 116
186.82.82.112 - - [25/Jan/2015:13:24:01 -0500] "POST /forms/lservlet;jsessionid=ac16012b30d5921ad9c082454f2aa96fd36be22e6504.e3iSbxaKaheRe38RbNmLa3mSc41ynknvrkLOlQzNp65In0 HTTP/1.1" 200 2
186.82.82.112 - - [25/Jan/2015:13:24:01 -0500] "GET /reports/rwservlet/getjobid341868?server=rep_srvapsda HTTP/1.0" 200 753983
178.162.193.34 - - [25/Jan/2015:13:24:06 -0500] "GET /BLA/resoluciones/RESOLUCIONES%202007/RES%202007%20501%20AL%20600/RESOLUCION%200548%20DE%202007.pdf HTTP/1.0" 200 500946
66.249.67.67 - - [25/Jan/2015:13:24:06 -0500] "GET /BLA/resoluciones/AUTOS%202007/1074.pdf HTTP/1.1" 200 22305
188.165.15.61 - - [25/Jan/2015:13:24:17 -0500] "GET /BLA/resoluciones/RESOLUCIONES%202002/RES%202002%20701-750/00000741.tif HTTP/1.1" 200 82116
181.50.241.109 - - [25/Jan/2015:13:24:31 -0500] "POST /forms/lservlet;jsessionid=ac16012b30d58ceacfbbcf574491834094438985f5fd.e3iSbxaKaheRe38RbNmLa3mSc41ynknvrkLOlQzNp65In0 HTTP/1.1" 200 2
186.82.82.112 - - [25/Jan/2015:13:24:34 -0500] "POST /forms/lservlet;jsessionid=ac16012b30d5921ad9c082454f2aa96fd36be22e6504.e3iSbxaKaheRe38RbNmLa3mSc41ynknvrkLOlQzNp65In0 HTTP/1.1" 200 2
66.249.67.67 - - [25/Jan/2015:13:24:43 -0500] "GET /BLA/resoluciones/RESOLUCIONES%202009/1231.pdf HTTP/1.1" 200 408998
190.159.207.53 - - [25/Jan/2015:13:24:45 -0500] "GET /BLA/boletinlegal/js/jquery.scrollTo-min.js HTTP/1.1" 200 1150
190.159.207.53 - - [25/Jan/2015:13:24:45 -0500] "GET /BLA/boletinlegal/js/jquery.scrollShow.js HTTP/1.1" 200 4586
190.159.207.53 - - [25/Jan/2015:13:24:45 -0500] "GET /BLA/boletinlegal/js/jquery.js HTTP/1.1" 200 57254
66.249.67.75 - - [25/Jan/2015:13:25:28 -0500] "GET /BLA/resoluciones/AUTOS%202007/1155.pdf HTTP/1.1" 200 26653
152.200.39.31 - - [25/Jan/2015:13:25:38 -0500] "GET /BLA/boletinlegal/js/jquery.js HTTP/1.1" 200 57254
152.200.39.31 - - [25/Jan/2015:13:25:38 -0500] "GET /BLA/boletinlegal/js/jquery.scrollTo-min.js HTTP/1.1" 200 1150
152.200.39.31 - - [25/Jan/2015:13:25:38 -0500] "GET /BLA/boletinlegal/js/jquery.scrollShow.js HTTP/1.1" 200 4586
66.249.67.67 - - [25/Jan/2015:13:25:41 -0500] "GET /BLA/resoluciones/RESOLUCIONES%202013/1192.pdf HTTP/1.1" 200 436422
186.113.64.93 - - [25/Jan/2015:13:26:28 -0500] "GET /galeria/nivo-slider/demo/demo.html HTTP/1.1" 304 -
186.113.64.93 - - [25/Jan/2015:13:26:29 -0500] "GET /galeria/nivo-slider/demo/images/bolsas-06.jpg HTTP/1.1" 304 -
186.113.64.93 - - [25/Jan/2015:13:26:29 -0500] "GET /galeria/nivo-slider/demo/images/ecolecta-Dic2014.png HTTP/1.1" 304 -
186.113.64.93 - - [25/Jan/2015:13:26:29 -0500] "GET /galeria/nivo-slider/demo/images/Ruta-vertimientos-01.jpg HTTP/1.1" 304 -
186.113.64.93 - - [25/Jan/2015:13:26:29 -0500] "GET /galeria/nivo-slider/demo/images/bolsas-08.jpg HTTP/1.1" 304 -
186.113.64.93 - - [25/Jan/2015:13:26:29 -0500] "GET /galeria/nivo-slider/demo/images/porloshumedales.jpg HTTP/1.1" 304 -
186.113.64.93 - - [25/Jan/2015:13:26:29 -0500] "GET /galeria/nivo-slider/demo/images/Tingua-azul.jpg HTTP/1.1" 304 -
186.113.64.93 - - [25/Jan/2015:13:26:29 -0500] "GET /galeria/nivo-slider/demo/images/Banner-Caracol-Africano.jpg HTTP/1.1" 304 -
186.113.64.93 - - [25/Jan/2015:13:26:29 -0500] "GET /galeria/nivo-slider/demo/images/banner-redes.jpg HTTP/1.1" 304 -
186.113.64.93 - - [25/Jan/2015:13:26:29 -0500] "GET /galeria/nivo-slider/demo/images/9Signos.jpg HTTP/1.1" 304 -
181.50.241.109 - - [25/Jan/2015:13:26:31 -0500] "POST /forms/lservlet;jsessionid=ac16012b30d58ceacfbbcf574491834094438985f5fd.e3iSbxaKaheRe38RbNmLa3mSc41ynknvrkLOlQzNp65In0 HTTP/1.1" 200 2
186.82.82.112 - - [25/Jan/2015:13:26:34 -0500] "POST /forms/lservlet;jsessionid=ac16012b30d5921ad9c082454f2aa96fd36be22e6504.e3iSbxaKaheRe38RbNmLa3mSc41ynknvrkLOlQzNp65In0 HTTP/1.1" 200 2
66.249.67.67 - - [25/Jan/2015:13:26:38 -0500] "GET /BLA/resoluciones/RESOLUCIONES%202009/2175.pdf HTTP/1.1" 200 902265
180.76.6.58 - - [25/Jan/2015:13:26:39 -0500] "GET /BLA/boletinlegal/Circulares/2011/Circular%20No.%207%20del%2023%20de%20Diciembre%20de%202011.pdf HTTP/1.1" 200 1107785
66.249.67.75 - - [25/Jan/2015:13:26:49 -0500] "GET /BLA/resoluciones/AUTOS%202007/0934.pdf HTTP/1.1" 200 25858
186.82.82.112 - - [25/Jan/2015:13:27:05 -0500] "POST /forms/lservlet;jsessionid=ac16012b30d5921ad9c082454f2aa96fd36be22e6504.e3iSbxaKaheRe38RbNmLa3mSc41ynknvrkLOlQzNp65In0 HTTP/1.1" 200 2
186.82.82.112 - - [25/Jan/2015:13:27:05 -0500] "POST /forms/lservlet;jsessionid=ac16012b30d5921ad9c082454f2aa96fd36be22e6504.e3iSbxaKaheRe38RbNmLa3mSc41ynknvrkLOlQzNp65In0 HTTP/1.1" 200 2344
186.82.82.112 - - [25/Jan/2015:13:27:05 -0500] "POST /forms/lservlet;jsessionid=ac16012b30d5921ad9c082454f2aa96fd36be22e6504.e3iSbxaKaheRe38RbNmLa3mSc41ynknvrkLOlQzNp65In0 HTTP/1.1" 200 10
186.82.82.112 - - [25/Jan/2015:13:27:11 -0500] "POST /forms/lservlet;jsessionid=ac16012b30d5921ad9c082454f2aa96fd36be22e6504.e3iSbxaKaheRe38RbNmLa3mSc41ynknvrkLOlQzNp65In0 HTTP/1.1" 200 24
186.82.82.112 - - [25/Jan/2015:13:27:11 -0500] "POST /forms/lservlet;jsessionid=ac16012b30d5921ad9c082454f2aa96fd36be22e6504.e3iSbxaKaheRe38RbNmLa3mSc41ynknvrkLOlQzNp65In0 HTTP/1.1" 200 3806
186.82.82.112 - - [25/Jan/2015:13:27:12 -0500] "POST /forms/lservlet;jsessionid=ac16012b30d5921ad9c082454f2aa96fd36be22e6504.e3iSbxaKaheRe38RbNmLa3mSc41ynknvrkLOlQzNp65In0 HTTP/1.1" 200 2
186.82.82.112 - - [25/Jan/2015:13:27:17 -0500] "POST /forms/lservlet;jsessionid=ac16012b30d5921ad9c082454f2aa96fd36be22e6504.e3iSbxaKaheRe38RbNmLa3mSc41ynknvrkLOlQzNp65In0 HTTP/1.1" 200 2
186.82.82.112 - - [25/Jan/2015:13:27:17 -0500] "POST /forms/lservlet;jsessionid=ac16012b30d5921ad9c082454f2aa96fd36be22e6504.e3iSbxaKaheRe38RbNmLa3mSc41ynknvrkLOlQzNp65In0 HTTP/1.1" 200 14
186.82.82.112 - - [25/Jan/2015:13:27:19 -0500] "POST /forms/lservlet;jsessionid=ac16012b30d5921ad9c082454f2aa96fd36be22e6504.e3iSbxaKaheRe38RbNmLa3mSc41ynknvrkLOlQzNp65In0 HTTP/1.1" 200 112
186.82.82.112 - - [25/Jan/2015:13:27:19 -0500] "POST /forms/lservlet;jsessionid=ac16012b30d5921ad9c082454f2aa96fd36be22e6504.e3iSbxaKaheRe38RbNmLa3mSc41ynknvrkLOlQzNp65In0 HTTP/1.1" 200 2
186.82.82.112 - - [25/Jan/2015:13:27:19 -0500] "GET /reports/rwservlet/getjobid341869?server=rep_srvapsda HTTP/1.0" 200 311695
66.249.67.75 - - [25/Jan/2015:13:27:25 -0500] "GET /BLA/resoluciones/RESOLUCIONES%202003/RES%202003%202001-2051/20032002.tif HTTP/1.1" 200 83902
180.76.6.230 - - [25/Jan/2015:13:27:25 -0500] "GET /BLA/boletinlegal/Circulares/2011/Circular%20No.%204%20del%2012%20de%20Agosto%20de%202011.pdf HTTP/1.1" 200 601047
66.249.67.67 - - [25/Jan/2015:13:27:35 -0500] "GET /BLA/resoluciones/RESOLUCIONES%202008/2027.pdf HTTP/1.1" 304 -
186.29.38.0 - - [25/Jan/2015:13:28:06 -0500] "GET /BLA/boletinlegal/js/jquery.js HTTP/1.1" 200 57254
186.29.38.0 - - [25/Jan/2015:13:28:07 -0500] "GET /BLA/boletinlegal/js/jquery.scrollShow.js HTTP/1.1" 200 4586
186.29.38.0 - - [25/Jan/2015:13:28:07 -0500] "GET /BLA/boletinlegal/js/jquery.scrollTo-min.js HTTP/1.1" 200 1150
66.249.67.75 - - [25/Jan/2015:13:28:10 -0500] "GET /BLA/resoluciones/AUTOS%202007/0512.pdf HTTP/1.1" 200 127836
180.76.5.27 - - [25/Jan/2015:13:28:11 -0500] "GET /BLA/resoluciones/RESOLUCIONES%202007/RES%202007%20201%20AL%20300/RESOLUCION%200201%20DE%202007.pdf HTTP/1.1" 200 21900
74.86.158.107 - - [25/Jan/2015:13:28:13 -0500] "HEAD / HTTP/1.1" 302 -
180.76.5.194 - - [25/Jan/2015:13:28:22 -0500] "GET /BLA/boletinlegal/jurisprudencia/analisis/CUADRO%20ANALISIS%20SENTENCIA%20C-554%20DE%202007.doc HTTP/1.1" 200 35328
186.155.125.127 - - [25/Jan/2015:13:28:25 -0500] "GET /forest/session.jsp?a=0.2437328698579222 HTTP/1.1" 200 4
181.50.241.109 - - [25/Jan/2015:13:28:31 -0500] "POST /forms/lservlet;jsessionid=ac16012b30d58ceacfbbcf574491834094438985f5fd.e3iSbxaKaheRe38RbNmLa3mSc41ynknvrkLOlQzNp65In0 HTTP/1.1" 200 2
66.249.67.83 - - [25/Jan/2015:13:28:33 -0500] "GET /BLA/resoluciones/RESOLUCIONES%202010/2216.pdf HTTP/1.1" 200 492836
186.82.82.112 - - [25/Jan/2015:13:28:34 -0500] "POST /forms/lservlet;jsessionid=ac16012b30d5921ad9c082454f2aa96fd36be22e6504.e3iSbxaKaheRe38RbNmLa3mSc41ynknvrkLOlQzNp65In0 HTTP/1.1" 200 2
180.76.5.155 - - [25/Jan/2015:13:28:59 -0500] "GET /BLA/resoluciones/RESOLUCIONES%202007/RES%202007%201726%20AL%201800/RESOLUCION%201727%20DE%202007.pdf HTTP/1.1" 200 1494429
