188.165.15.41 - - [31/Jan/2015:02:01:42 -0500] "GET /BLA/resoluciones/RESOLUCIONES%202002/RES%202002%201701-1750/20021720.tif HTTP/1.1" 200 75020
66.249.64.171 - - [31/Jan/2015:02:01:44 -0500] "GET /BLA/resoluciones/AUTOS%202008/2067.pdf HTTP/1.1" 200 272504
66.249.64.167 - - [31/Jan/2015:02:01:45 -0500] "GET /BLA/resoluciones/RESOLUCIONES%202005/RES%202005%201451-1500/00001491.tif HTTP/1.1" 200 303002
66.249.64.167 - - [31/Jan/2015:02:01:46 -0500] "GET /BLA/resoluciones/RESOLUCIONES%202010/4439.pdf HTTP/1.1" 200 518653
66.249.64.163 - - [31/Jan/2015:02:02:02 -0500] "GET /BLA/resoluciones/RESOLUCIONES%202008/4583.pdf HTTP/1.1" 200 252911
66.249.64.163 - - [31/Jan/2015:02:02:19 -0500] "GET /BLA/resoluciones/RESOLUCIONES%202007/RES%202007%20201%20AL%20300/RESOLUCION%200284%20DE%202007.pdf HTTP/1.1" 200 336985
188.165.15.152 - - [31/Jan/2015:02:02:23 -0500] "GET /BLA/resoluciones/RESOLUCIONES%202001/2001%2001-49.TIF HTTP/1.1" 200 8692410
66.249.64.171 - - [31/Jan/2015:02:02:29 -0500] "GET /Autoliquidacion/dlf/styles.css HTTP/1.1" 200 3045
201.245.192.253 - - [31/Jan/2015:02:02:33 -0500] "GET /forest/session.jsp?a=0.08804263500496745 HTTP/1.1" 200 4
66.249.64.163 - - [31/Jan/2015:02:02:37 -0500] "GET /BLA/resoluciones/AUTOS%202008/1580.pdf HTTP/1.1" 200 132221
186.181.17.161 - - [31/Jan/2015:02:02:55 -0500] "GET /forest/session.jsp?a=0.8756744074635208 HTTP/1.1" 200 4
66.249.64.171 - - [31/Jan/2015:02:02:55 -0500] "GET /BLA/resoluciones/AUTOS%202010/0535.pdf HTTP/1.1" 200 179077
74.86.158.107 - - [31/Jan/2015:02:03:03 -0500] "HEAD / HTTP/1.1" 302 -
66.249.64.171 - - [31/Jan/2015:02:03:03 -0500] "GET /BLA/resoluciones/RESOLUCIONES%202006/RES%202006%20301-350/00000343.tif HTTP/1.1" 200 63762
66.249.64.171 - - [31/Jan/2015:02:03:13 -0500] "GET /BLA/resoluciones/AUTOS%202008/3062.pdf HTTP/1.1" 200 59901
188.165.15.61 - - [31/Jan/2015:02:03:17 -0500] "GET /BLA/resoluciones/RESOLUCIONES%202006/RES%202006%202451-2500/00002497.tif HTTP/1.1" 200 114964
190.26.210.162 - - [31/Jan/2015:02:03:19 -0500] "GET /galeria/nivo-slider/demo/ HTTP/1.1" 200 2278
66.249.64.171 - - [31/Jan/2015:02:03:30 -0500] "GET /BLA/resoluciones/RESOLUCIONES%202010/0734.pdf HTTP/1.1" 200 117582
66.249.64.167 - - [31/Jan/2015:02:03:48 -0500] "GET /BLA/resoluciones/AUTOS%202008/3280.pdf HTTP/1.1" 200 56658
66.249.64.167 - - [31/Jan/2015:02:03:58 -0500] "GET /BLA/resoluciones/index.php?dir=RESOLUCIONES%202005/RES%202005%202351-2400/&sort=date&order=desc HTTP/1.1" 200 12365
66.249.64.167 - - [31/Jan/2015:02:04:06 -0500] "GET /BLA/resoluciones/AUTOS%202007/1860.pdf HTTP/1.1" 200 63600
188.165.15.41 - - [31/Jan/2015:02:04:14 -0500] "GET /BLA/resoluciones/RESOLUCIONES%202005/RES%202005%202601-2650/00002617.tif HTTP/1.1" 200 116636
66.249.64.167 - - [31/Jan/2015:02:04:23 -0500] "GET /BLA/resoluciones/RESOLUCIONES%202010/4903.pdf HTTP/1.1" 200 754281
66.249.64.163 - - [31/Jan/2015:02:04:41 -0500] "GET /BLA/resoluciones/AUTOS%202007/3405.pdf HTTP/1.1" 200 203504
186.181.17.161 - - [31/Jan/2015:02:04:45 -0500] "GET /forest/usudocumentos.do?_a=0.5139305777847767&group_system_actual=3 HTTP/1.1" 200 18065
186.181.17.161 - - [31/Jan/2015:02:04:48 -0500] "GET /forest/skins/gdocs-jar/img/activity2.gif HTTP/1.1" 200 374
186.181.17.161 - - [31/Jan/2015:02:04:49 -0500] "GET /forest/skins/gdocs-jar/img/itemlist.gif HTTP/1.1" 200 134
186.181.17.161 - - [31/Jan/2015:02:04:49 -0500] "GET /forest/skins/gdocs-jar/img/mueveactividad.gif HTTP/1.1" 200 90
186.181.17.161 - - [31/Jan/2015:02:04:47 -0500] "GET /forest/usugrafico.do?_a=0.14667233219370246&group_system_actual=3 HTTP/1.1" 200 136628
186.181.17.161 - - [31/Jan/2015:02:04:50 -0500] "GET /forest/session.jsp?a=0.9949694257229567 HTTP/1.1" 200 4
66.249.64.171 - - [31/Jan/2015:02:04:59 -0500] "GET /BLA/resoluciones/RESOLUCIONES%202009/2723.pdf HTTP/1.1" 200 399026
66.249.64.171 - - [31/Jan/2015:02:05:10 -0500] "GET /BLA/resoluciones/RESOLUCIONES%202009/7619.pdf HTTP/1.1" 200 396302
66.249.64.163 - - [31/Jan/2015:02:05:17 -0500] "GET /BLA/resoluciones/RESOLUCIONES%202010/2379.pdf HTTP/1.1" 200 448046
66.249.64.163 - - [31/Jan/2015:02:05:20 -0500] "GET /BLA/resoluciones/RESOLUCIONES%202006/RES%202006%20301-350/00000310.tif HTTP/1.1" 200 119306
66.249.64.167 - - [31/Jan/2015:02:05:33 -0500] "GET /BLA/resoluciones/index.php?dir=RESOLUCIONES%202005/RES%202005%202351-2400/&sort=name&order=asc HTTP/1.1" 200 12366
66.249.64.171 - - [31/Jan/2015:02:05:34 -0500] "GET /BLA/resoluciones/RESOLUCIONES%202008/3384.pdf HTTP/1.1" 200 297526
186.98.5.82 - - [31/Jan/2015:02:05:39 -0500] "GET /BLA/boletinlegal/js/jquery.scrollTo-min.js HTTP/1.1" 200 1150
186.98.5.82 - - [31/Jan/2015:02:05:39 -0500] "GET /BLA/boletinlegal/js/jquery.js HTTP/1.1" 200 57254
186.98.5.82 - - [31/Jan/2015:02:05:39 -0500] "GET /BLA/boletinlegal/js/jquery.scrollShow.js HTTP/1.1" 200 4586
66.249.64.171 - - [31/Jan/2015:02:05:52 -0500] "GET /BLA/resoluciones/RESOLUCIONES%202009/0486.pdf HTTP/1.1" 200 239794
186.181.17.161 - - [31/Jan/2015:02:00:03 -0500] "GET /ForestMSG_SDA/channelAsync/template_word_17405290?X-Atmosphere-tracking-id=b0ad5771-a929-fdac-3671-905824ca3282&X-Atmosphere-Framework=1.0.5&X-Atmosphere-Transport=long-polling&tabid=0.44169525639154017&X-Cache-Date=0&Content-Type=application/xml&_=1422687814424 HTTP/1.1" 200 8193
66.249.64.163 - - [31/Jan/2015:02:06:10 -0500] "GET /BLA/resoluciones/AUTOS%202009/3282.pdf HTTP/1.1" 200 92884
66.249.64.171 - - [31/Jan/2015:02:06:27 -0500] "GET /BLA/resoluciones/AUTOS%202008/2877.pdf HTTP/1.1" 200 173061
186.181.17.161 - - [31/Jan/2015:02:06:27 -0500] "GET /forest/usutareas.do?_a=0.38790587871335447&group_system_actual=3 HTTP/1.1" 200 105141
186.181.17.161 - - [31/Jan/2015:02:06:30 -0500] "GET /forest/session.jsp?a=0.3497255884576589 HTTP/1.1" 200 4
186.181.17.161 - - [31/Jan/2015:02:06:30 -0500] "GET /forest/actions/forms.getItemList?codForm=REPORTE_CT_SEGUI&id=finciodestino3&value=VIVIANA.ZAMBRANO&a=0.6447170032188296 HTTP/1.1" 200 72
186.181.17.161 - - [31/Jan/2015:02:06:31 -0500] "GET /forest/actions/forms.getMappedValues?id=tercero9182&value=800220011-7&codForm=REPORTE_CT_SEGUI&a=0.296040611108765 HTTP/1.1" 200 82
186.181.17.161 - - [31/Jan/2015:02:06:31 -0500] "GET /forest/actions/forms.getMappedValues?id=numexpediente152&value=9673&codForm=REPORTE_CT_SEGUI&a=0.7022456633858383 HTTP/1.1" 200 34
188.165.15.41 - - [31/Jan/2015:02:06:33 -0500] "GET /BLA/resoluciones/RESOLUCIONES%202006/RES%202006%201601-1650/00001611.tif HTTP/1.1" 200 186788
66.249.64.171 - - [31/Jan/2015:02:06:45 -0500] "GET /BLA/resoluciones/AUTOS%202008/2662.pdf HTTP/1.1" 200 116478
186.181.17.161 - - [31/Jan/2015:02:06:58 -0500] "GET /forest/skins/gdocs-jar/popup/escritorio/reasignar.jsp?codTraEsc=17405290&a=0.4684614965226501 HTTP/1.1" 200 3744
66.249.64.171 - - [31/Jan/2015:02:07:03 -0500] "GET /BLA/resoluciones/AUTOS%202007/2008.pdf HTTP/1.1" 200 103108
66.249.64.47 - - [31/Jan/2015:02:07:03 -0500] "GET /dama/libreria/pdf/pigas/PIGA%20servcivil/Cuadro%20y%20fechas.pdf HTTP/1.1" 404 1019
66.249.64.163 - - [31/Jan/2015:02:07:21 -0500] "GET /BLA/resoluciones/RESOLUCIONES%202009/7463.pdf HTTP/1.1" 200 719145
201.245.192.253 - - [31/Jan/2015:02:07:34 -0500] "GET /forest/session.jsp?a=0.6623887931928039 HTTP/1.1" 200 4
201.184.4.78 - - [31/Jan/2015:02:07:35 -0500] "GET /galeria/nivo-slider/demo/demo.html HTTP/1.1" 200 3150
66.249.64.167 - - [31/Jan/2015:02:07:35 -0500] "GET /BLA/resoluciones/RESOLUCIONES%202003/RES%202003%201751-1800/20031783.tif HTTP/1.1" 200 44652
201.184.4.78 - - [31/Jan/2015:02:07:36 -0500] "GET /galeria/nivo-slider/themes/default/default.css HTTP/1.1" 200 1569
201.184.4.78 - - [31/Jan/2015:02:07:36 -0500] "GET /galeria/nivo-slider/themes/pascal/pascal.css HTTP/1.1" 200 2258
201.184.4.78 - - [31/Jan/2015:02:07:36 -0500] "GET /galeria/nivo-slider/demo/style.css HTTP/1.1" 200 2222
201.184.4.78 - - [31/Jan/2015:02:07:36 -0500] "GET /galeria/nivo-slider/themes/orman/orman.css HTTP/1.1" 200 2152
201.184.4.78 - - [31/Jan/2015:02:07:36 -0500] "GET /galeria/nivo-slider/nivo-slider.css HTTP/1.1" 200 1507
201.184.4.78 - - [31/Jan/2015:02:07:36 -0500] "GET /galeria/nivo-slider/demo/images/bolsas-06.jpg HTTP/1.1" 200 90982
201.184.4.78 - - [31/Jan/2015:02:07:36 -0500] "GET /galeria/nivo-slider/demo/images/ecolecta-Dic2014.png HTTP/1.1" 200 288593
201.184.4.78 - - [31/Jan/2015:02:07:36 -0500] "GET /galeria/nivo-slider/demo/images/bolsas-08.jpg HTTP/1.1" 200 85589
201.184.4.78 - - [31/Jan/2015:02:07:36 -0500] "GET /galeria/nivo-slider/demo/images/porloshumedales.jpg HTTP/1.1" 200 351238
201.184.4.78 - - [31/Jan/2015:02:07:36 -0500] "GET /galeria/nivo-slider/demo/images/Tingua-azul.jpg HTTP/1.1" 200 307638
201.184.4.78 - - [31/Jan/2015:02:07:37 -0500] "GET /galeria/nivo-slider/demo/images/Ruta-vertimientos-01.jpg HTTP/1.1" 200 130151
66.249.64.163 - - [31/Jan/2015:02:07:38 -0500] "GET /BLA/resoluciones/AUTOS%202007/0204.pdf HTTP/1.1" 200 65810
201.184.4.78 - - [31/Jan/2015:02:07:43 -0500] "GET /galeria/nivo-slider/demo/images/Banner-Caracol-Africano.jpg HTTP/1.1" 200 331986
201.184.4.78 - - [31/Jan/2015:02:07:43 -0500] "GET /galeria/nivo-slider/demo/images/banner-redes.jpg HTTP/1.1" 200 62209
66.249.64.171 - - [31/Jan/2015:02:07:56 -0500] "GET /BLA/resoluciones/AUTOS%202007/0352.pdf HTTP/1.1" 200 125774
74.86.158.107 - - [31/Jan/2015:02:08:03 -0500] "HEAD / HTTP/1.1" 302 -
201.184.4.78 - - [31/Jan/2015:02:08:10 -0500] "GET /galeria/nivo-slider/demo/images/ecolecta-Dic2014.png HTTP/1.1" 206 1
201.184.4.78 - - [31/Jan/2015:02:08:10 -0500] "GET /galeria/nivo-slider/demo/images/porloshumedales.jpg HTTP/1.1" 206 1
201.184.4.78 - - [31/Jan/2015:02:08:10 -0500] "GET /galeria/nivo-slider/demo/images/Tingua-azul.jpg HTTP/1.1" 206 1
201.184.4.78 - - [31/Jan/2015:02:08:10 -0500] "GET /galeria/nivo-slider/demo/images/Ruta-vertimientos-01.jpg HTTP/1.1" 206 1
201.184.4.78 - - [31/Jan/2015:02:08:10 -0500] "GET /galeria/nivo-slider/demo/images/Banner-Caracol-Africano.jpg HTTP/1.1" 200 331986
201.184.4.78 - - [31/Jan/2015:02:08:10 -0500] "GET /galeria/nivo-slider/demo/images/banner-redes.jpg HTTP/1.1" 200 62209
201.184.4.78 - - [31/Jan/2015:02:08:10 -0500] "GET /galeria/nivo-slider/demo/images/ecolecta-Dic2014.png HTTP/1.1" 206 176866
201.184.4.78 - - [31/Jan/2015:02:08:10 -0500] "GET /galeria/nivo-slider/demo/images/porloshumedales.jpg HTTP/1.1" 206 332879
201.184.4.78 - - [31/Jan/2015:02:08:10 -0500] "GET /galeria/nivo-slider/demo/images/Tingua-azul.jpg HTTP/1.1" 206 269329
201.184.4.78 - - [31/Jan/2015:02:08:10 -0500] "GET /galeria/nivo-slider/demo/images/Ruta-vertimientos-01.jpg HTTP/1.1" 206 85193
66.249.64.171 - - [31/Jan/2015:02:08:14 -0500] "GET /BLA/resoluciones/RESOLUCIONES%202007/RES%202007%201201%20AL%201300/RESOLUCION%201223%20DE%202007.pdf HTTP/1.1" 200 256790
201.184.4.78 - - [31/Jan/2015:02:08:14 -0500] "GET /galeria/nivo-slider/demo/images/9Signos.jpg HTTP/1.1" 200 93040
201.184.4.78 - - [31/Jan/2015:02:08:20 -0500] "GET /galeria/nivo-slider/demo/images/banner-llantas2.jpg HTTP/1.1" 200 73153
201.184.4.78 - - [31/Jan/2015:02:08:23 -0500] "GET /galeria/nivo-slider/demo/images/banner-caballos.png HTTP/1.1" 200 389106
66.249.64.167 - - [31/Jan/2015:02:08:31 -0500] "GET /BLA/resoluciones/RESOLUCIONES%202009/5850.pdf HTTP/1.1" 200 104118
66.249.64.167 - - [31/Jan/2015:02:08:33 -0500] "GET /BLA/resoluciones/RESOLUCIONES%202007/RES%202007%202201%20AL%202300/RESOLUCION%202248%20DE%202007.pdf HTTP/1.1" 200 1060479
66.249.64.167 - - [31/Jan/2015:02:08:49 -0500] "GET /BLA/resoluciones/RESOLUCIONES%202009/3023.pdf HTTP/1.1" 200 614252
66.249.64.163 - - [31/Jan/2015:02:08:53 -0500] "GET /BLA/resoluciones/index.php?dir=RESOLUCIONES%202009/&sort=size&order=desc HTTP/1.1" 200 1672911
66.249.64.167 - - [31/Jan/2015:02:09:07 -0500] "GET /BLA/resoluciones/RESOLUCIONES%202009/3096.pdf HTTP/1.1" 200 480917
66.249.64.163 - - [31/Jan/2015:02:09:25 -0500] "GET /BLA/resoluciones/AUTOS%202007/3055.pdf HTTP/1.1" 200 82604
186.29.155.228 - - [31/Jan/2015:02:09:29 -0500] "GET /BLA/resoluciones/AUTOS%202009/1584.pdf HTTP/1.1" 200 124758
186.181.17.161 - - [31/Jan/2015:02:09:31 -0500] "POST /forest/usutareas.do?group_system_actual=3 HTTP/1.1" 200 156
186.181.17.161 - - [31/Jan/2015:02:09:39 -0500] "GET /forest/usutareas.do?group_system_actual=3&a=0.528501495718956 HTTP/1.1" 200 19879
186.181.17.161 - - [31/Jan/2015:02:09:39 -0500] "GET /forest/session.jsp?a=0.572396142873913 HTTP/1.1" 200 4
66.249.64.163 - - [31/Jan/2015:02:09:42 -0500] "GET /BLA/resoluciones/RESOLUCIONES%202009/1564.pdf HTTP/1.1" 200 446652
186.181.17.161 - - [31/Jan/2015:02:09:42 -0500] "GET /forest/misactividades.do?_a=0.2144509421195835&group_system_actual=3 HTTP/1.1" 200 37897
186.181.17.161 - - [31/Jan/2015:02:09:43 -0500] "GET /forest/session.jsp?a=0.9654425384942442 HTTP/1.1" 200 4
186.181.17.161 - - [31/Jan/2015:02:09:44 -0500] "POST /forest/misactividades.do?ajax=true&a=0.4384770297911018 HTTP/1.1" 200 10104
180.76.6.40 - - [31/Jan/2015:02:09:49 -0500] "GET /BLA/resoluciones/AUTOS%202007/0839.pdf HTTP/1.1" 200 228489
66.249.64.163 - - [31/Jan/2015:02:09:51 -0500] "GET /BLA/resoluciones/RESOLUCIONES%202003/RES%202003%201751-1800/20031755.tif HTTP/1.1" 200 114972
66.249.64.163 - - [31/Jan/2015:02:10:00 -0500] "GET /BLA/resoluciones/AUTOS%202007/1966.pdf HTTP/1.1" 200 49026
66.249.64.171 - - [31/Jan/2015:02:10:18 -0500] "GET /BLA/resoluciones/RESOLUCIONES%202008/5425.pdf HTTP/1.1" 200 27990
66.249.64.171 - - [31/Jan/2015:02:10:36 -0500] "GET /BLA/resoluciones/RESOLUCIONES%202008/0276.pdf HTTP/1.1" 200 398263
186.181.17.161 - - [31/Jan/2015:02:10:51 -0500] "GET /forest/usutareas.do?_a=0.9875523180235177&group_system_actual=3 HTTP/1.1" 200 110168
66.249.64.163 - - [31/Jan/2015:02:10:53 -0500] "GET /BLA/resoluciones/RESOLUCIONES%202009/4206.pdf HTTP/1.1" 200 1062757
186.181.17.161 - - [31/Jan/2015:02:10:54 -0500] "GET /forest/session.jsp?a=0.6222890864592046 HTTP/1.1" 200 4
186.181.17.161 - - [31/Jan/2015:02:11:01 -0500] "GET /forest/borrador/1614925/Concepto%20Tecnico.docx HTTP/1.1" 200 114418
66.249.64.163 - - [31/Jan/2015:02:11:11 -0500] "GET /BLA/resoluciones/RESOLUCIONES%202008/3282.pdf HTTP/1.1" 304 -
186.181.17.161 - - [31/Jan/2015:02:11:18 -0500] "GET /forest/borrador/1614925/Concepto%20Tecnico.docx HTTP/1.1" 200 114418
66.249.64.167 - - [31/Jan/2015:02:11:29 -0500] "GET /BLA/resoluciones/RESOLUCIONES%202010/2108.pdf HTTP/1.1" 200 581717
188.165.15.94 - - [31/Jan/2015:02:11:31 -0500] "GET /BLA/resoluciones/RESOLUCIONES%202005/RES%202005%202901-2950/00002943.tif HTTP/1.1" 200 36372
66.249.64.163 - - [31/Jan/2015:02:11:46 -0500] "GET /BLA/resoluciones/RESOLUCIONES%202008/0340.pdf HTTP/1.1" 200 460260
66.249.64.167 - - [31/Jan/2015:02:11:57 -0500] "GET /BLA/resoluciones/RESOLUCIONES%202011/0198.pdf HTTP/1.1" 200 69405
66.249.64.171 - - [31/Jan/2015:02:12:04 -0500] "GET /BLA/resoluciones/RESOLUCIONES%202010/3751.pdf HTTP/1.1" 200 345692
66.249.64.171 - - [31/Jan/2015:02:12:05 -0500] "GET /BLA/resoluciones/RESOLUCIONES%202005/RES%202005%201251-1300/00001296.tif HTTP/1.1" 200 156356
66.249.64.163 - - [31/Jan/2015:02:12:06 -0500] "GET /BLA/resoluciones/RESOLUCIONES%202006/RES%202006%20301-350/00000346.tif HTTP/1.1" 200 41230
66.249.64.163 - - [31/Jan/2015:02:12:22 -0500] "GET /BLA/resoluciones/AUTOS%202007/3324.pdf HTTP/1.1" 200 89323
66.249.64.163 - - [31/Jan/2015:02:12:24 -0500] "GET /PruebasSTORM/StormSDA_pruebas/Storm.ico HTTP/1.1" 200 38072
186.181.17.161 - - [31/Jan/2015:02:06:30 -0500] "GET /ForestMSG_SDA/channelAsync/template_word_17405290?X-Atmosphere-tracking-id=2a501cc7-d326-263e-9cbb-84df3cf0f3ae&X-Atmosphere-Framework=1.0.5&X-Atmosphere-Transport=long-polling&tabid=0.20451125991530716&X-Cache-Date=0&Content-Type=application/xml&_=1422688204832 HTTP/1.1" 200 8193
181.55.140.247 - - [31/Jan/2015:02:12:35 -0500] "GET /BLA/boletinlegal/js/jquery.js HTTP/1.1" 200 57254
181.55.140.247 - - [31/Jan/2015:02:12:35 -0500] "GET /BLA/boletinlegal/js/jquery.scrollTo-min.js HTTP/1.1" 200 1150
181.55.140.247 - - [31/Jan/2015:02:12:35 -0500] "GET /BLA/boletinlegal/js/jquery.scrollShow.js HTTP/1.1" 200 4586
181.55.140.247 - - [31/Jan/2015:02:12:35 -0500] "GET /galeria/carrusel/Carrusel/jquery.thumbnailScroller.css HTTP/1.1" 200 2066
181.55.140.247 - - [31/Jan/2015:02:12:35 -0500] "GET /galeria/carrusel/Carrusel/jquery-ui-1.8.13.custom.min.js HTTP/1.1" 200 10800
181.55.140.247 - - [31/Jan/2015:02:12:35 -0500] "GET /galeria/carrusel/Carrusel/jquery.thumbnailScroller.js HTTP/1.1" 200 8157
180.76.6.64 - - [31/Jan/2015:02:12:35 -0500] "GET /BLA/boletinlegal;jsessionid=05C64CF095763BA796C6D2191C08BC4D?/? HTTP/1.1" 404 1018
201.245.192.253 - - [31/Jan/2015:02:12:35 -0500] "GET /forest/session.jsp?a=0.7679755792487413 HTTP/1.1" 200 4
181.55.140.247 - - [31/Jan/2015:02:12:36 -0500] "GET /galeria/nivo-slider/demo/demo.html HTTP/1.1" 200 3150
181.55.140.247 - - [31/Jan/2015:02:12:37 -0500] "GET /galeria/nivo-slider/themes/default/default.css HTTP/1.1" 200 1569
181.55.140.247 - - [31/Jan/2015:02:12:37 -0500] "GET /galeria/nivo-slider/themes/pascal/pascal.css HTTP/1.1" 200 2258
181.55.140.247 - - [31/Jan/2015:02:12:37 -0500] "GET /galeria/nivo-slider/themes/orman/orman.css HTTP/1.1" 200 2152
181.55.140.247 - - [31/Jan/2015:02:12:37 -0500] "GET /galeria/nivo-slider/nivo-slider.css HTTP/1.1" 200 1507
181.55.140.247 - - [31/Jan/2015:02:12:37 -0500] "GET /galeria/nivo-slider/demo/style.css HTTP/1.1" 200 2222
181.55.140.247 - - [31/Jan/2015:02:12:37 -0500] "GET /galeria/nivo-slider/demo/scripts/jquery-1.7.1.min.js HTTP/1.1" 200 93868
181.55.140.247 - - [31/Jan/2015:02:12:37 -0500] "GET /galeria/nivo-slider/jquery.nivo.slider.pack.js HTTP/1.1" 200 11561
181.55.140.247 - - [31/Jan/2015:02:12:37 -0500] "GET /galeria/nivo-slider/demo/images/bolsas-08.jpg HTTP/1.1" 200 85589
181.55.140.247 - - [31/Jan/2015:02:12:37 -0500] "GET /galeria/nivo-slider/demo/images/Ruta-vertimientos-01.jpg HTTP/1.1" 200 130151
181.55.140.247 - - [31/Jan/2015:02:12:37 -0500] "GET /galeria/nivo-slider/demo/images/bolsas-06.jpg HTTP/1.1" 200 90982
181.55.140.247 - - [31/Jan/2015:02:12:37 -0500] "GET /galeria/nivo-slider/demo/images/ecolecta-Dic2014.png HTTP/1.1" 200 288593
181.55.140.247 - - [31/Jan/2015:02:12:37 -0500] "GET /galeria/nivo-slider/demo/images/porloshumedales.jpg HTTP/1.1" 200 351238
181.55.140.247 - - [31/Jan/2015:02:12:37 -0500] "GET /galeria/nivo-slider/demo/images/Tingua-azul.jpg HTTP/1.1" 200 307638
181.55.140.247 - - [31/Jan/2015:02:12:38 -0500] "GET /galeria/nivo-slider/demo/images/Banner-Caracol-Africano.jpg HTTP/1.1" 200 331986
181.55.140.247 - - [31/Jan/2015:02:12:38 -0500] "GET /galeria/nivo-slider/demo/images/banner-redes.jpg HTTP/1.1" 200 62209
66.249.64.163 - - [31/Jan/2015:02:12:40 -0500] "GET /BLA/resoluciones/RESOLUCIONES%202010/5180.pdf HTTP/1.1" 200 1435192
181.55.140.247 - - [31/Jan/2015:02:12:40 -0500] "GET /galeria/nivo-slider/demo/images/9Signos.jpg HTTP/1.1" 200 93040
181.55.140.247 - - [31/Jan/2015:02:12:40 -0500] "GET /galeria/nivo-slider/demo/images/banner-llantas2.jpg HTTP/1.1" 200 73153
181.55.140.247 - - [31/Jan/2015:02:12:42 -0500] "GET /galeria/nivo-slider/demo/images/banner-caballos.png HTTP/1.1" 200 389106
181.55.140.247 - - [31/Jan/2015:02:12:43 -0500] "GET /galeria/nivo-slider/demo/images/4Simple_Slider.png HTTP/1.1" 200 11722
181.55.140.247 - - [31/Jan/2015:02:12:43 -0500] "GET /galeria/nivo-slider/themes/default/loading.gif HTTP/1.1" 200 1737
181.55.140.247 - - [31/Jan/2015:02:12:44 -0500] "GET /galeria/nivo-slider/themes/default/arrows.png HTTP/1.1" 200 824
181.55.140.247 - - [31/Jan/2015:02:12:44 -0500] "GET /galeria/nivo-slider/themes/default/bullets.png HTTP/1.1" 200 1281
66.249.64.163 - - [31/Jan/2015:02:12:57 -0500] "GET /BLA/resoluciones/RESOLUCIONES%202009/3454.pdf HTTP/1.1" 200 1860020
74.86.158.107 - - [31/Jan/2015:02:13:03 -0500] "HEAD / HTTP/1.1" 302 -
66.249.64.171 - - [31/Jan/2015:02:13:15 -0500] "GET /BLA/resoluciones/RESOLUCIONES%202008/3174.pdf HTTP/1.1" 200 235108
66.249.64.171 - - [31/Jan/2015:02:13:33 -0500] "GET /BLA/resoluciones/RESOLUCIONES%202008/1066.pdf HTTP/1.1" 200 571389
66.249.64.171 - - [31/Jan/2015:02:13:50 -0500] "GET /BLA/resoluciones/RESOLUCIONES%202008/3863.pdf HTTP/1.1" 200 814691
188.165.15.202 - - [31/Jan/2015:02:13:54 -0500] "GET /BLA/resoluciones/RESOLUCIONES%202005/RES%202005%20801-850/00000822.tif HTTP/1.1" 200 182506
188.165.15.41 - - [31/Jan/2015:02:13:57 -0500] "GET /BLA/resoluciones/index.php?dir=RESOLUCIONES%202002/&sort=name&order=desc HTTP/1.1" 200 11294
66.249.64.163 - - [31/Jan/2015:02:14:08 -0500] "GET /BLA/resoluciones/RESOLUCIONES%202010/4574.pdf HTTP/1.1" 200 1227733
66.249.64.171 - - [31/Jan/2015:02:14:23 -0500] "GET /BLA/resoluciones/RESOLUCIONES%202003/RES%202003%201751-1800/20031788.tif HTTP/1.1" 200 49408
66.249.64.171 - - [31/Jan/2015:02:14:26 -0500] "GET /BLA/resoluciones/RESOLUCIONES%202008/0596.pdf HTTP/1.1" 200 300768
66.249.64.167 - - [31/Jan/2015:02:14:44 -0500] "GET /BLA/resoluciones/AUTOS%202007/0850.pdf HTTP/1.1" 200 90765
66.249.64.171 - - [31/Jan/2015:02:15:01 -0500] "GET /BLA/resoluciones/RESOLUCIONES%202008/5260.pdf HTTP/1.1" 200 331519
66.249.64.163 - - [31/Jan/2015:02:15:03 -0500] "GET /BLA/boletinlegal/js/jquery.scrollShow.js HTTP/1.1" 200 4586
66.249.64.167 - - [31/Jan/2015:02:15:04 -0500] "GET /BLA/boletinlegal/js/jquery.scrollTo-min.js HTTP/1.1" 200 1150
66.249.64.167 - - [31/Jan/2015:02:15:04 -0500] "GET /BLA/boletinlegal/js/jquery.js HTTP/1.1" 200 57254
180.76.5.19 - - [31/Jan/2015:02:15:07 -0500] "GET /BLA/boletinlegal;jsessionid=ACB687D8E221D175691F6B8A10098E01?/? HTTP/1.1" 404 1018
66.249.64.167 - - [31/Jan/2015:02:15:19 -0500] "GET /BLA/resoluciones/RESOLUCIONES%202010/6348.pdf HTTP/1.1" 200 543909
66.249.64.167 - - [31/Jan/2015:02:15:21 -0500] "GET /BLA/resoluciones/AUTOS%202010/5884.pdf HTTP/1.1" 200 281591
192.185.82.138 - - [31/Jan/2015:02:15:30 -0500] "GET /Autoliquidacion/index.php?dir=Solicitudes%20relacionadas%20con%20calidad%20del%20aire%20auditiva%20y%20visual/Registro%20de%20Elementos%20de%20publicidad%20Exterior%20Visual/'&sort=date'&order=desc'\" HTTP/1.1" 200 7001
192.185.82.138 - - [31/Jan/2015:02:15:30 -0500] "GET /Autoliquidacion/index.php?dir=Solicitudes%20relacionadas%20con%20calidad%20del%20aire%20auditiva%20y%20visual%2FRegistro%20de%20Elementos%20de%20publicidad%20Exterior%20Visual%2F&sort=date&order=desc HTTP/1.0" 200 4036
66.249.64.163 - - [31/Jan/2015:02:15:37 -0500] "GET /BLA/resoluciones/RESOLUCIONES%202009/6190.pdf HTTP/1.1" 200 642506
186.181.17.161 - - [31/Jan/2015:02:15:54 -0500] "GET /forest/session.jsp?a=0.8706226223148406 HTTP/1.1" 200 4
66.249.64.167 - - [31/Jan/2015:02:15:54 -0500] "GET /BLA/resoluciones/RESOLUCIONES%202010/0659.pdf HTTP/1.1" 200 508951
66.249.64.171 - - [31/Jan/2015:02:16:12 -0500] "GET /BLA/resoluciones/AUTOS%202007/2495.pdf HTTP/1.1" 200 87099
66.249.64.167 - - [31/Jan/2015:02:16:30 -0500] "GET /BLA/resoluciones/AUTOS%202012/1043.pdf HTTP/1.1" 200 175707
66.249.64.163 - - [31/Jan/2015:02:16:38 -0500] "GET /BLA/resoluciones/RESOLUCIONES%202003/RES%202003%201751-1800/20031798.tif HTTP/1.1" 200 55818
66.249.64.163 - - [31/Jan/2015:02:16:48 -0500] "GET /BLA/resoluciones/RESOLUCIONES%202008/2398.pdf HTTP/1.1" 200 211124
186.181.17.161 - - [31/Jan/2015:02:10:53 -0500] "GET /ForestMSG_SDA/channelAsync/template_word_17351871?X-Atmosphere-tracking-id=9becc2aa-4bf1-bd1c-feec-456e2f6654ee&X-Atmosphere-Framework=1.0.5&X-Atmosphere-Transport=long-polling&tabid=0.8414110655430704&X-Cache-Date=0&Content-Type=application/xml&_=1422688468162 HTTP/1.1" 200 8193
66.249.64.163 - - [31/Jan/2015:02:17:01 -0500] "GET /BLA/resoluciones/AUTOS%202007/1259.pdf HTTP/1.1" 200 60628
66.249.64.167 - - [31/Jan/2015:02:17:05 -0500] "GET /BLA/resoluciones/RESOLUCIONES%202008/3002.pdf HTTP/1.1" 200 167693
188.165.15.177 - - [31/Jan/2015:02:17:08 -0500] "GET /BLA/resoluciones/RESOLUCIONES%202003/RES%202003%20801-850/811.tif HTTP/1.1" 200 252432
213.251.182.11 - - [31/Jan/2015:02:17:10 -0500] "GET /BLA/resoluciones/index.php?dir=RESOLUCIONES%202005/RES%202005%202151-2200/'&sort=name'&order=desc'\" HTTP/1.1" 200 7457
213.251.182.11 - - [31/Jan/2015:02:17:11 -0500] "GET /BLA/resoluciones/index.php?dir=RESOLUCIONES%202005%2FRES%202005%202151-2200%2F&sort=name&order=desc HTTP/1.0" 200 16990
66.249.64.163 - - [31/Jan/2015:02:17:23 -0500] "GET /BLA/resoluciones/AUTOS%202007/2903.pdf HTTP/1.1" 200 397779
201.245.192.253 - - [31/Jan/2015:02:17:36 -0500] "GET /forest/session.jsp?a=0.38918277667835355 HTTP/1.1" 200 4
66.249.64.163 - - [31/Jan/2015:02:17:41 -0500] "GET /BLA/resoluciones/RESOLUCIONES%202009/8900.pdf HTTP/1.1" 200 270673
188.165.15.94 - - [31/Jan/2015:02:17:44 -0500] "GET /BLA/resoluciones/RESOLUCIONES%202002/RES%202002%201501-1550/20021508.tif HTTP/1.1" 200 44028
188.165.15.183 - - [31/Jan/2015:02:17:52 -0500] "GET /BLA/resoluciones/RESOLUCIONES%202003/RES%202003%20101-150/2003RES144.tif HTTP/1.1" 200 90508
66.249.64.171 - - [31/Jan/2015:02:17:58 -0500] "GET /BLA/resoluciones/AUTOS%202013/0534.pdf HTTP/1.1" 304 -
74.86.158.107 - - [31/Jan/2015:02:18:03 -0500] "HEAD / HTTP/1.1" 302 -
66.249.64.171 - - [31/Jan/2015:02:18:16 -0500] "GET /BLA/resoluciones/AUTOS%202010/5383.pdf HTTP/1.1" 304 -
66.249.64.163 - - [31/Jan/2015:02:18:34 -0500] "GET /BLA/resoluciones/AUTOS%202012/1743.pdf HTTP/1.1" 200 696456
66.249.64.167 - - [31/Jan/2015:02:18:45 -0500] "GET /BLA/resoluciones/RESOLUCIONES%202007/RES%202007%20101%20AL%20200/RESOLUCION%200156%20DE%202007.pdf HTTP/1.1" 304 -
66.249.64.167 - - [31/Jan/2015:02:18:52 -0500] "GET /BLA/resoluciones/RESOLUCIONES%202013/1138.pdf HTTP/1.1" 304 -
66.249.64.171 - - [31/Jan/2015:02:18:54 -0500] "GET /BLA/resoluciones/RESOLUCIONES%202003/RES%202003%201751-1800/20031771.tif HTTP/1.1" 200 268328
66.249.64.167 - - [31/Jan/2015:02:19:09 -0500] "GET /BLA/resoluciones/RESOLUCIONES%202007/RES%202007%201301%20AL%201400/RESOLUCION%201367%20DE%202007.pdf HTTP/1.1" 304 -
188.165.15.94 - - [31/Jan/2015:02:19:13 -0500] "GET /BLA/resoluciones/RESOLUCIONES%202004/RES%202004%202251-2300/00002278.tif HTTP/1.1" 200 146952
66.249.64.171 - - [31/Jan/2015:02:19:27 -0500] "GET /BLA/resoluciones/RESOLUCIONES%202013/0883.pdf HTTP/1.1" 304 -
66.249.64.167 - - [31/Jan/2015:02:19:45 -0500] "GET /BLA/resoluciones/AUTOS%202008/0520.pdf HTTP/1.1" 304 -
66.249.64.163 - - [31/Jan/2015:02:20:03 -0500] "GET /BLA/resoluciones/RESOLUCIONES%202007/RES%202007%202301%20AL%202400/RESOLUCION%202343%20DE%202007.pdf HTTP/1.1" 304 -
66.249.64.167 - - [31/Jan/2015:02:20:20 -0500] "GET /BLA/resoluciones/RESOLUCIONES%202013/1223.pdf HTTP/1.1" 304 -
192.185.82.138 - - [31/Jan/2015:02:20:31 -0500] "-" 408 -
66.249.64.171 - - [31/Jan/2015:02:20:38 -0500] "GET /BLA/resoluciones/RESOLUCIONES%202013/2383.pdf HTTP/1.1" 304 -
186.181.17.161 - - [31/Jan/2015:02:20:54 -0500] "GET /forest/session.jsp?a=0.46291891345754266 HTTP/1.1" 200 4
66.249.64.167 - - [31/Jan/2015:02:21:10 -0500] "GET /BLA/resoluciones/RESOLUCIONES%202006/RES%202006%20301-350/00000342.tif HTTP/1.1" 200 209316
188.165.15.94 - - [31/Jan/2015:02:21:40 -0500] "GET /BLA/resoluciones/RESOLUCIONES%202006/RES%202006%20851-900/00000890.tif HTTP/1.1" 200 25432
66.249.64.171 - - [31/Jan/2015:02:21:46 -0500] "GET /BLA/resoluciones/AUTOS%202010/1426.pdf HTTP/1.1" 200 154662
66.249.64.171 - - [31/Jan/2015:02:22:08 -0500] "GET /BLA/resoluciones/RESOLUCIONES%202007/RES%202007%203801%20AL%203900/RESOLUCION%203847%20DE%202007.pdf HTTP/1.1" 200 1232649
213.251.182.11 - - [31/Jan/2015:02:22:11 -0500] "-" 408 -
201.245.192.253 - - [31/Jan/2015:02:22:37 -0500] "GET /forest/session.jsp?a=0.6164979450404644 HTTP/1.1" 200 4
180.76.5.71 - - [31/Jan/2015:02:22:39 -0500] "GET /BLA/resoluciones/RESOLUCIONES%202007/RES%202007%20201%20AL%20300/RESOLUCION%200279%20DE%202007.pdf HTTP/1.1" 200 158805
188.165.15.61 - - [31/Jan/2015:02:22:40 -0500] "GET /BLA/resoluciones/RESOLUCIONES%202004/RES%202004%20401-450/00000412.tif HTTP/1.1" 200 182982
188.165.15.177 - - [31/Jan/2015:02:22:45 -0500] "GET /BLA/resoluciones/RESOLUCIONES%202002/RES%202002%201751-1800/20021797.tif HTTP/1.1" 200 123074
186.181.17.161 - - [31/Jan/2015:02:16:53 -0500] "GET /ForestMSG_SDA/channelAsync/template_word_17351871?X-Atmosphere-tracking-id=9becc2aa-4bf1-bd1c-feec-456e2f6654ee&X-Atmosphere-Framework=1.0.5&X-Atmosphere-Transport=long-polling&tabid=0.8414110655430704&X-Cache-Date=0&Content-Type=application/xml&_=1422688828509 HTTP/1.1" 200 8193
74.86.158.107 - - [31/Jan/2015:02:23:03 -0500] "HEAD / HTTP/1.1" 302 -
180.76.5.149 - - [31/Jan/2015:02:23:19 -0500] "GET /BLA/resoluciones/RESOLUCIONES%202010/2265.pdf HTTP/1.1" 200 460900
66.249.64.59 - - [31/Jan/2015:02:23:25 -0500] "GET /BLA/resoluciones/RESOLUCIONES%202003/RES%202003%201751-1800/20031777.tif HTTP/1.1" 200 154220
188.165.15.94 - - [31/Jan/2015:02:23:30 -0500] "GET /BLA/resoluciones/RESOLUCIONES%202006/RES%202006%201001-1050/00001020.tif HTTP/1.1" 200 76926
180.76.6.132 - - [31/Jan/2015:02:23:58 -0500] "GET /BLA/resoluciones/AUTOS%202012/2812.pdf HTTP/1.1" 200 315131
180.76.6.133 - - [31/Jan/2015:02:24:37 -0500] "GET /BLA/resoluciones/AUTOS%202011/0706.pdf HTTP/1.1" 200 92993
186.181.17.161 - - [31/Jan/2015:02:24:53 -0500] "GET /forest/skins/gdocs-jar/jsp/escritorio/usudocumentos-borr-adj.jsp?codBorr=1614925&a=0.4326073583215475 HTTP/1.1" 200 3651
186.181.17.161 - - [31/Jan/2015:02:24:53 -0500] "GET /forest/skins/gdocs-jar/img/icons/%60item.nombre.toLowerCase().substring(item.nombre.lastIndexOf('.')+1)%60.gif HTTP/1.1" 404 185
186.181.17.161 - - [31/Jan/2015:02:24:54 -0500] "GET /forest/json.do?query=listBorradorAdj&codtraborr=1614925&a=0.940129766240716 HTTP/1.1" 200 286
188.165.15.90 - - [31/Jan/2015:02:24:55 -0500] "GET /BLA/resoluciones/RESOLUCIONES%202003/RES%202003%202001-2051/20032027.tif HTTP/1.1" 200 125110
186.181.17.161 - - [31/Jan/2015:02:24:59 -0500] "GET /forest/file/3161376 HTTP/1.1" 200 222086
188.165.15.202 - - [31/Jan/2015:02:25:19 -0500] "GET /BLA/resoluciones/RESOLUCIONES%202005/RES%202005%20201-250/00000223.tif HTTP/1.1" 200 233226
180.76.6.51 - - [31/Jan/2015:02:25:32 -0500] "GET /POT-2013/index.php?dir=Articulado%2F HTTP/1.1" 200 1857
66.249.64.167 - - [31/Jan/2015:02:25:32 -0500] "GET /BLA/resoluciones/RESOLUCIONES%202011/6145.pdf HTTP/1.1" 200 373865
188.165.15.183 - - [31/Jan/2015:02:25:32 -0500] "GET /BLA/resoluciones/index.php?dir=RESOLUCIONES+2006%2FRES+2006+2601-2650%2F HTTP/1.1" 200 11939
66.249.64.171 - - [31/Jan/2015:02:25:34 -0500] "GET /BLA/resoluciones/Autos%202008/2317.pdf HTTP/1.1" 200 128604
66.249.64.167 - - [31/Jan/2015:02:25:41 -0500] "GET /BLA/resoluciones/RESOLUCIONES%202006/RES%202006%20301-350/00000306.tif HTTP/1.1" 200 121178
66.249.64.167 - - [31/Jan/2015:02:25:48 -0500] "GET /BLA/resoluciones/Autos%202008/1220.pdf HTTP/1.1" 200 110752
66.249.64.163 - - [31/Jan/2015:02:25:53 -0500] "GET /BLA/resoluciones/RESOLUCIONES%202003/RES%202003%20351-400/355.tif HTTP/1.1" 200 232736
186.181.17.161 - - [31/Jan/2015:02:25:55 -0500] "GET /forest/session.jsp?a=0.563962685642764 HTTP/1.1" 200 4
162.213.42.130 - - [31/Jan/2015:02:26:15 -0500] "GET /videos/60Sgs_Ene7.flv HTTP/1.1" 200 8307722
186.181.17.161 - - [31/Jan/2015:02:27:15 -0500] "GET /forest/usutareas.do?group_system_actual=3&codAct=916&numPro=2440469&codPro=95&fecTra=2012-10-11%2010:55:31%20AM&codInst=2446301&codTraEsc=12416489 HTTP/1.1" 200 19879
188.165.15.152 - - [31/Jan/2015:02:27:16 -0500] "GET /BLA/resoluciones/RESOLUCIONES%202002/RES%202002%20951-1000/00000964.tif HTTP/1.1" 200 98140
186.181.17.161 - - [31/Jan/2015:02:27:16 -0500] "GET /forest/session.jsp?a=0.6173783817794174 HTTP/1.1" 200 4
186.181.17.161 - - [31/Jan/2015:02:27:35 -0500] "GET /forest/misactividades.do?_a=0.45406550518237054&group_system_actual=3 HTTP/1.1" 200 37897
186.181.17.161 - - [31/Jan/2015:02:27:36 -0500] "GET /forest/session.jsp?a=0.8982276313472539 HTTP/1.1" 200 4
201.245.192.253 - - [31/Jan/2015:02:27:38 -0500] "GET /forest/session.jsp?a=0.1497993681114167 HTTP/1.1" 200 4
186.181.17.161 - - [31/Jan/2015:02:27:36 -0500] "POST /forest/misactividades.do?ajax=true&a=0.9044067093636841 HTTP/1.1" 200 10143
186.181.17.161 - - [31/Jan/2015:02:22:54 -0500] "GET /ForestMSG_SDA/channelAsync/template_word_17351871?X-Atmosphere-tracking-id=9becc2aa-4bf1-bd1c-feec-456e2f6654ee&X-Atmosphere-Framework=1.0.5&X-Atmosphere-Transport=long-polling&tabid=0.8414110655430704&X-Cache-Date=0&Content-Type=application/xml&_=1422689188867 HTTP/1.1" 200 8193
186.181.17.161 - - [31/Jan/2015:02:27:51 -0500] "GET /forest/usutareas.do?_a=0.4349231868982315&group_system_actual=3 HTTP/1.1" 200 110168
186.181.17.161 - - [31/Jan/2015:02:27:54 -0500] "GET /forest/session.jsp?a=0.6373323684092611 HTTP/1.1" 200 4
186.181.17.161 - - [31/Jan/2015:02:27:56 -0500] "GET /forest/skins/gdocs-jar/jsp/escritorio/usudocumentos-borr-adj.jsp?codBorr=1614925&a=0.2831453119870275 HTTP/1.1" 200 3651
186.181.17.161 - - [31/Jan/2015:02:27:56 -0500] "GET /forest/skins/gdocs-jar/img/icons/%60item.nombre.toLowerCase().substring(item.nombre.lastIndexOf('.')+1)%60.gif HTTP/1.1" 404 185
186.181.17.161 - - [31/Jan/2015:02:27:57 -0500] "GET /forest/json.do?query=listBorradorAdj&codtraborr=1614925&a=0.22722977818921208 HTTP/1.1" 200 286
66.249.64.163 - - [31/Jan/2015:02:27:57 -0500] "GET /BLA/resoluciones/RESOLUCIONES%202006/RES%202006%20301-350/00000348.tif HTTP/1.1" 200 224588
74.86.158.107 - - [31/Jan/2015:02:28:03 -0500] "HEAD / HTTP/1.1" 302 -
186.181.17.161 - - [31/Jan/2015:02:28:06 -0500] "GET /forest/file/3161375 HTTP/1.1" 200 202506
186.181.17.161 - - [31/Jan/2015:02:28:23 -0500] "GET /forest/file/3161375 HTTP/1.1" 200 202506
186.181.17.161 - - [31/Jan/2015:02:28:26 -0500] "GET /forest/file/3030215 HTTP/1.1" 200 602167
186.181.17.161 - - [31/Jan/2015:02:28:47 -0500] "GET /forest/file/3737670 HTTP/1.1" 200 359245
66.249.64.171 - - [31/Jan/2015:02:28:56 -0500] "GET /BLA/resoluciones/RESOLUCIONES%202007/RES%202007%20401%20AL%20500/RESOLUCION%200476%20DE%202007.pdf HTTP/1.1" 200 827704
66.249.64.163 - - [31/Jan/2015:02:29:11 -0500] "GET /BLA/resoluciones/index.php?dir=RESOLUCIONES+2010%2F HTTP/1.1" 200 1288157
66.249.64.167 - - [31/Jan/2015:02:29:36 -0500] "GET /BLA/resoluciones/Autos%202008/1475.pdf HTTP/1.1" 200 142452
188.165.15.177 - - [31/Jan/2015:02:29:47 -0500] "GET /BLA/resoluciones/RESOLUCIONES%202005/RES%202005%20701-750/00000724.tif HTTP/1.1" 200 42608
66.249.64.167 - - [31/Jan/2015:02:29:52 -0500] "GET /BLA/resoluciones/RESOLUCIONES%202007/RES%202007%202601%20AL%202700/RESOLUCION%202693%20DE%202007.pdf HTTP/1.1" 200 360674
188.165.15.202 - - [31/Jan/2015:02:30:06 -0500] "GET /BLA/resoluciones/RESOLUCIONES%202004/RES%202004%201951-2000/00001991.tif HTTP/1.1" 200 109988
66.249.64.167 - - [31/Jan/2015:02:30:13 -0500] "GET /BLA/resoluciones/RESOLUCIONES%202006/RES%202006%20301-350/00000349.tif HTTP/1.1" 200 62670
66.249.64.167 - - [31/Jan/2015:02:30:14 -0500] "GET /BLA/resoluciones/AUTOS%202011/1772.pdf HTTP/1.1" 200 243359
180.76.5.74 - - [31/Jan/2015:02:30:18 -0500] "GET /BLA/resoluciones/RESOLUCIONES%202007/RES%202007%20201%20AL%20300/RESOLUCION%200271%20DE%202007.pdf HTTP/1.1" 200 69083
188.165.15.41 - - [31/Jan/2015:02:30:22 -0500] "GET /BLA/resoluciones/RESOLUCIONES%202005/RES%202005%202501-2550/00002538.tif HTTP/1.1" 200 119600
66.249.64.167 - - [31/Jan/2015:02:30:26 -0500] "GET /BLA/resoluciones/AUTOS%202013/0550.pdf HTTP/1.1" 304 -
188.165.15.152 - - [31/Jan/2015:02:30:48 -0500] "GET /BLA/resoluciones/RESOLUCIONES%202005/RES%202005%20651-700/00000696.tif HTTP/1.1" 200 39524
180.76.5.62 - - [31/Jan/2015:02:30:58 -0500] "GET /BLA/boletinlegal/Circulares/2009/Circular%20No.%2035%20del%2024%20de%20Diciembre%20de%202009.pdf HTTP/1.1" 200 578234
186.181.17.161 - - [31/Jan/2015:02:31:26 -0500] "GET /forest/skins/gdocs-jar/popup/escritorio/subirborrador.jsp?form=REVI_CON_TEC_SEGUI&codTpl=&codBorr=464466&a=0.829772524535656 HTTP/1.1" 200 23292
186.181.17.161 - - [31/Jan/2015:02:31:27 -0500] "GET /forest/json.do?query=borradoresByTpls&codInst=2901867&codTare=2780&firma=0&a=0.5936659215949476 HTTP/1.1" 200 176
186.181.17.161 - - [31/Jan/2015:02:31:27 -0500] "GET /forest/json.do?query=plantillasByTarea&codTare=2780&codInst=2901867&firma=0&a=0.8900811211206019 HTTP/1.1" 200 153
186.181.17.161 - - [31/Jan/2015:02:31:27 -0500] "GET /forest/json.do?query=terceroById&numTer=860011298&a=0.2278948740568012 HTTP/1.1" 200 674
186.181.17.161 - - [31/Jan/2015:02:31:28 -0500] "GET /forest/json.do?query=datosBorradorByCodTraBorr&codTraBorr=1614925&a=0.10184596967883408 HTTP/1.1" 200 180
186.181.17.161 - - [31/Jan/2015:02:31:28 -0500] "GET /forest/json.do?query=adjuntosByBorrador&codTraBorr=1614925&a=0.1866703242994845 HTTP/1.1" 200 214
186.181.17.161 - - [31/Jan/2015:02:31:28 -0500] "GET /forest/json.do?query=ultimoBorradorByTpl&codTpl=1904&codInst=2901867&a=0.5216479483060539 HTTP/1.1" 200 20
186.181.17.161 - - [31/Jan/2015:02:31:54 -0500] "POST /forest/usutareas.do?group_system_actual=3 HTTP/1.1" 200 192
186.181.17.161 - - [31/Jan/2015:02:31:59 -0500] "GET /forest/skins/gdocs-jar/jsp/usuario/usutareas-docs.jsp?codTraEsc=17351871&codInst=2901867&a=0.1657992866821587 HTTP/1.1" 200 7273
186.181.17.161 - - [31/Jan/2015:02:32:00 -0500] "GET /ForestMSG_SDA/channelAsync/template_word_?X-Atmosphere-tracking-id=d2dfa2ff-fd95-e0dd-52b9-5f5bf1dc2ec3&X-Atmosphere-Framework=1.0.5&X-Atmosphere-Transport=long-polling&tabid=0.18712488352321088&X-Cache-Date=0&Content-Type=application/xml&_=1422689735818 HTTP/1.1" 200 8293
66.249.64.163 - - [31/Jan/2015:02:32:20 -0500] "GET /BLA/resoluciones/RESOLUCIONES%202012/1570.pdf HTTP/1.1" 200 767512
66.249.64.167 - - [31/Jan/2015:02:32:26 -0500] "GET /BLA/resoluciones/RESOLUCIONES%202003/RES%202003%201751-1800/20031761.tif HTTP/1.1" 200 106318
157.55.39.107 - - [31/Jan/2015:02:32:39 -0500] "GET /BLA/boletinlegal/js/jquery.scrollTo-min.js HTTP/1.1" 200 1150
201.245.192.253 - - [31/Jan/2015:02:32:39 -0500] "GET /forest/session.jsp?a=0.3856512426864356 HTTP/1.1" 200 4
186.181.17.161 - - [31/Jan/2015:02:32:41 -0500] "GET /forest/usudocumentos.do?_a=0.673169186571613&group_system_actual=3 HTTP/1.1" 200 66731
186.181.17.161 - - [31/Jan/2015:02:32:56 -0500] "GET /forest/session.jsp?a=0.7505290156695992 HTTP/1.1" 200 4
74.86.158.107 - - [31/Jan/2015:02:33:03 -0500] "HEAD / HTTP/1.1" 302 -
186.181.17.161 - - [31/Jan/2015:02:33:17 -0500] "GET /forest/usutareas.do?_a=0.06997204199433327&group_system_actual=3 HTTP/1.1" 200 110179
186.181.17.161 - - [31/Jan/2015:02:27:54 -0500] "GET /ForestMSG_SDA/channelAsync/template_word_17351871?X-Atmosphere-tracking-id=8bce96e8-6e26-e1d8-391d-b6981506ded0&X-Atmosphere-Framework=1.0.5&X-Atmosphere-Transport=long-polling&tabid=0.6871161439921707&X-Cache-Date=0&Content-Type=application/xml&_=1422689488947 HTTP/1.1" 200 8193
186.181.17.161 - - [31/Jan/2015:02:33:19 -0500] "GET /forest/session.jsp?a=0.9313899744302034 HTTP/1.1" 200 4
186.181.17.161 - - [31/Jan/2015:02:33:30 -0500] "GET /forest/actions/forms.getList?codForm=REVI_CON_TEC_SEGUI&id=finciodestino4&text=Sandra%20Milena%20Moncada%20Saavedra HTTP/1.1" 200 68
186.181.17.161 - - [31/Jan/2015:02:33:30 -0500] "GET /forest/actions/forms.getList?codForm=REVI_CON_TEC_SEGUI&id=finciodestino4&text=Sandra%20Milena%20Moncada%20Saavedr HTTP/1.1" 200 68
186.181.17.161 - - [31/Jan/2015:02:33:31 -0500] "GET /forest/actions/forms.getList?codForm=REVI_CON_TEC_SEGUI&id=finciodestino4&text=Sandra%20Milena%20Moncada%20Saaved HTTP/1.1" 200 68
186.181.17.161 - - [31/Jan/2015:02:33:31 -0500] "GET /forest/actions/forms.getList?codForm=REVI_CON_TEC_SEGUI&id=finciodestino4&text=Sandra%20Milena%20Moncada%20Saave HTTP/1.1" 200 68
186.181.17.161 - - [31/Jan/2015:02:33:31 -0500] "GET /forest/actions/forms.getList?codForm=REVI_CON_TEC_SEGUI&id=finciodestino4&text=Sandra%20Milena%20Moncada%20Saav HTTP/1.1" 200 68
186.181.17.161 - - [31/Jan/2015:02:33:31 -0500] "GET /forest/actions/forms.getList?codForm=REVI_CON_TEC_SEGUI&id=finciodestino4&text=Sandra%20Milena%20Moncada%20Saa HTTP/1.1" 200 68
186.181.17.161 - - [31/Jan/2015:02:33:31 -0500] "GET /forest/actions/forms.getList?codForm=REVI_CON_TEC_SEGUI&id=finciodestino4&text=Sandra%20Milena%20Moncada%20Sa HTTP/1.1" 200 68
186.181.17.161 - - [31/Jan/2015:02:33:32 -0500] "GET /forest/actions/forms.getList?codForm=REVI_CON_TEC_SEGUI&id=finciodestino4&text=Sandra%20Milena%20Moncada%20S HTTP/1.1" 200 68
186.181.17.161 - - [31/Jan/2015:02:33:32 -0500] "GET /forest/actions/forms.getList?codForm=REVI_CON_TEC_SEGUI&id=finciodestino4&text=Sandra%20Milena%20Moncada%20 HTTP/1.1" 200 68
186.181.17.161 - - [31/Jan/2015:02:33:32 -0500] "GET /forest/actions/forms.getList?codForm=REVI_CON_TEC_SEGUI&id=finciodestino4&text=Sandra%20Milena%20Moncada HTTP/1.1" 200 68
186.181.17.161 - - [31/Jan/2015:02:33:32 -0500] "GET /forest/actions/forms.getList?codForm=REVI_CON_TEC_SEGUI&id=finciodestino4&text=Sandra%20Milena%20Moncad HTTP/1.1" 200 68
186.181.17.161 - - [31/Jan/2015:02:33:32 -0500] "GET /forest/actions/forms.getList?codForm=REVI_CON_TEC_SEGUI&id=finciodestino4&text=Sandra%20Milena%20Monca HTTP/1.1" 200 68
186.181.17.161 - - [31/Jan/2015:02:33:32 -0500] "GET /forest/actions/forms.getList?codForm=REVI_CON_TEC_SEGUI&id=finciodestino4&text=Sandra%20Milena%20Monc HTTP/1.1" 200 68
186.181.17.161 - - [31/Jan/2015:02:33:33 -0500] "GET /forest/actions/forms.getList?codForm=REVI_CON_TEC_SEGUI&id=finciodestino4&text=Sandra%20Milena%20Mon HTTP/1.1" 200 68
186.181.17.161 - - [31/Jan/2015:02:33:33 -0500] "GET /forest/actions/forms.getList?codForm=REVI_CON_TEC_SEGUI&id=finciodestino4&text=Sandra%20Milena%20Mo HTTP/1.1" 200 68
186.181.17.161 - - [31/Jan/2015:02:33:33 -0500] "GET /forest/actions/forms.getList?codForm=REVI_CON_TEC_SEGUI&id=finciodestino4&text=Sandra%20Milena%20M HTTP/1.1" 200 135
186.181.17.161 - - [31/Jan/2015:02:33:33 -0500] "GET /forest/actions/forms.getList?codForm=REVI_CON_TEC_SEGUI&id=finciodestino4&text=Sandra%20Milena%20 HTTP/1.1" 200 1186
186.181.17.161 - - [31/Jan/2015:02:33:34 -0500] "GET /forest/actions/forms.getList?codForm=REVI_CON_TEC_SEGUI&id=finciodestino4&text=Sandra%20Milena HTTP/1.1" 200 1151
186.181.17.161 - - [31/Jan/2015:02:33:34 -0500] "GET /forest/actions/forms.getList?codForm=REVI_CON_TEC_SEGUI&id=finciodestino4&text=Sandra%20Milen HTTP/1.1" 200 1151
186.181.17.161 - - [31/Jan/2015:02:33:34 -0500] "GET /forest/actions/forms.getList?codForm=REVI_CON_TEC_SEGUI&id=finciodestino4&text=Sandra%20Mile HTTP/1.1" 200 1151
186.181.17.161 - - [31/Jan/2015:02:33:34 -0500] "GET /forest/actions/forms.getList?codForm=REVI_CON_TEC_SEGUI&id=finciodestino4&text=Sandra%20Mil HTTP/1.1" 200 1151
186.181.17.161 - - [31/Jan/2015:02:33:34 -0500] "GET /forest/actions/forms.getList?codForm=REVI_CON_TEC_SEGUI&id=finciodestino4&text=Sandra%20Mi HTTP/1.1" 200 1151
186.181.17.161 - - [31/Jan/2015:02:33:34 -0500] "GET /forest/actions/forms.getList?codForm=REVI_CON_TEC_SEGUI&id=finciodestino4&text=Sandra%20M HTTP/1.1" 200 1160
186.181.17.161 - - [31/Jan/2015:02:33:34 -0500] "GET /forest/actions/forms.getList?codForm=REVI_CON_TEC_SEGUI&id=finciodestino4&text=Sandra%20 HTTP/1.1" 200 1067
188.165.15.152 - - [31/Jan/2015:02:33:34 -0500] "GET /BLA/resoluciones/RESOLUCIONES%202006/RES%202006%201151-1200/00001153.tif HTTP/1.1" 200 246554
186.181.17.161 - - [31/Jan/2015:02:33:34 -0500] "GET /forest/actions/forms.getList?codForm=REVI_CON_TEC_SEGUI&id=finciodestino4&text=Sandra HTTP/1.1" 200 805
186.181.17.161 - - [31/Jan/2015:02:33:34 -0500] "GET /forest/actions/forms.getList?codForm=REVI_CON_TEC_SEGUI&id=finciodestino4&text=Sandra. HTTP/1.1" 200 1312
186.181.17.161 - - [31/Jan/2015:02:33:34 -0500] "GET /forest/actions/forms.getList?codForm=REVI_CON_TEC_SEGUI&id=finciodestino4&text=Sandra.M HTTP/1.1" 200 400
186.181.17.161 - - [31/Jan/2015:02:33:34 -0500] "GET /forest/actions/forms.getList?codForm=REVI_CON_TEC_SEGUI&id=finciodestino4&text=Sandra.MO HTTP/1.1" 200 205
186.181.17.161 - - [31/Jan/2015:02:33:34 -0500] "GET /forest/actions/forms.getList?codForm=REVI_CON_TEC_SEGUI&id=finciodestino4&text=Sandra.MON HTTP/1.1" 200 139
186.181.17.161 - - [31/Jan/2015:02:33:34 -0500] "GET /forest/actions/forms.getList?codForm=REVI_CON_TEC_SEGUI&id=finciodestino4&text=Sandra.MONT HTTP/1.1" 200 72
186.181.17.161 - - [31/Jan/2015:02:33:34 -0500] "GET /forest/actions/forms.getList?codForm=REVI_CON_TEC_SEGUI&id=finciodestino4&text=Sandra.MONTO HTTP/1.1" 200 72
186.181.17.161 - - [31/Jan/2015:02:33:34 -0500] "GET /forest/actions/forms.getList?codForm=REVI_CON_TEC_SEGUI&id=finciodestino4&text=Sandra.MONTOY HTTP/1.1" 200 72
186.181.17.161 - - [31/Jan/2015:02:33:34 -0500] "GET /forest/actions/forms.getList?codForm=REVI_CON_TEC_SEGUI&id=finciodestino4&text=Sandra.MONTOYA HTTP/1.1" 200 72
190.254.36.12 - - [31/Jan/2015:02:33:39 -0500] "GET /BLA/boletinlegal/js/jquery.js HTTP/1.1" 200 57254
190.254.36.12 - - [31/Jan/2015:02:33:39 -0500] "GET /BLA/boletinlegal/js/jquery.scrollTo-min.js HTTP/1.1" 200 1150
190.254.36.12 - - [31/Jan/2015:02:33:39 -0500] "GET /BLA/boletinlegal/js/jquery.scrollShow.js HTTP/1.1" 200 4586
188.165.15.183 - - [31/Jan/2015:02:33:42 -0500] "GET /BLA/resoluciones/RESOLUCIONES%202006/RES%202006%201651-1700/00001685.tif HTTP/1.1" 200 145746
186.181.17.161 - - [31/Jan/2015:02:33:41 -0500] "POST /forest/usutareas.do? HTTP/1.1" 200 76
186.181.17.161 - - [31/Jan/2015:02:33:47 -0500] "GET /forest/usutareas.do?group_system_actual=3&a=0.0625631941948086 HTTP/1.1" 200 19879
186.181.17.161 - - [31/Jan/2015:02:33:48 -0500] "GET /forest/session.jsp?a=0.01103461836464703 HTTP/1.1" 200 4
186.181.17.161 - - [31/Jan/2015:02:33:50 -0500] "GET /forest/misactividades.do?_a=0.14311174978502095&group_system_actual=3 HTTP/1.1" 200 37897
186.181.17.161 - - [31/Jan/2015:02:33:51 -0500] "GET /forest/session.jsp?a=0.29414480412378907 HTTP/1.1" 200 4
186.181.17.161 - - [31/Jan/2015:02:33:51 -0500] "POST /forest/misactividades.do?ajax=true&a=0.037649259669706225 HTTP/1.1" 200 9627
66.249.64.171 - - [31/Jan/2015:02:34:10 -0500] "GET /BLA/resoluciones/RESOLUCIONES%202007/RES%202007%202801%20AL%202900/RESOLUCION%202832%20DE%202007.pdf HTTP/1.1" 304 -
207.46.13.119 - - [31/Jan/2015:02:34:39 -0500] "GET /dama/libreria/php/decide.php?patron=03.131701 HTTP/1.1" 404 1015
66.249.64.163 - - [31/Jan/2015:02:34:44 -0500] "GET /BLA/resoluciones/RESOLUCIONES%202006/RES%202006%20301-350/00000314.tif HTTP/1.1" 200 120234
188.165.15.203 - - [31/Jan/2015:02:34:49 -0500] "GET /BLA/resoluciones/RESOLUCIONES%202002/RES%202002%201151-1200/20021172.tif HTTP/1.1" 200 102982
188.165.15.177 - - [31/Jan/2015:02:34:55 -0500] "GET /BLA/resoluciones/RESOLUCIONES%202002/RES%202002%201151-1200/20021177.tif HTTP/1.1" 200 86448
66.249.64.167 - - [31/Jan/2015:02:35:44 -0500] "GET /BLA/resoluciones/RESOLUCIONES%202010/2875.pdf HTTP/1.1" 200 263283
188.165.15.61 - - [31/Jan/2015:02:36:03 -0500] "GET /BLA/resoluciones/RESOLUCIONES%202005/RES%202005%20%201701-1750/00001725.tif HTTP/1.1" 200 141058
188.165.15.89 - - [31/Jan/2015:02:36:10 -0500] "GET /BLA/resoluciones/RESOLUCIONES%202002/RES%202002%201301-1350/20021338.tif HTTP/1.1" 200 98164
66.249.64.171 - - [31/Jan/2015:02:36:26 -0500] "GET /BLA/resoluciones/Autos%202008/2688.pdf HTTP/1.1" 200 203390
186.84.5.38 - - [31/Jan/2015:02:36:48 -0500] "GET /BLA/boletinlegal/js/jquery.js HTTP/1.1" 200 57254
186.84.5.38 - - [31/Jan/2015:02:36:48 -0500] "GET /BLA/boletinlegal/js/jquery.scrollShow.js HTTP/1.1" 200 4586
186.84.5.38 - - [31/Jan/2015:02:36:48 -0500] "GET /BLA/boletinlegal/js/jquery.scrollTo-min.js HTTP/1.1" 200 1150
66.249.64.163 - - [31/Jan/2015:02:36:49 -0500] "GET /BLA/resoluciones/Autos%202008/0941.pdf HTTP/1.1" 200 110340
66.249.64.167 - - [31/Jan/2015:02:37:00 -0500] "GET /BLA/resoluciones/RESOLUCIONES%202006/RES%202006%20301-350/00000340.tif HTTP/1.1" 200 189588
188.165.15.90 - - [31/Jan/2015:02:37:04 -0500] "GET /BLA/resoluciones/RESOLUCIONES%202004/RES%202004%201001-1050/00001039.tif HTTP/1.1" 200 139500
201.245.192.253 - - [31/Jan/2015:02:37:40 -0500] "GET /forest/session.jsp?a=0.035812570014968514 HTTP/1.1" 200 4
188.165.15.61 - - [31/Jan/2015:02:37:47 -0500] "GET /BLA/resoluciones/RESOLUCIONES%202002/RES%202002%2051-100/2002RES86.tif HTTP/1.1" 200 90098
74.86.158.107 - - [31/Jan/2015:02:38:03 -0500] "HEAD / HTTP/1.1" 302 -
66.249.64.171 - - [31/Jan/2015:02:38:41 -0500] "GET /BLA/resoluciones/AUTOS%202011/1329.pdf HTTP/1.1" 200 152967
66.249.64.171 - - [31/Jan/2015:02:38:50 -0500] "GET /BLA/resoluciones/RESOLUCIONES%202007/RES%202007%20401%20AL%20500/RESOLUCION%200458%20DE%202007.pdf HTTP/1.1" 200 1197726
178.162.193.32 - - [31/Jan/2015:02:38:56 -0500] "GET /BLA/boletinlegal/Circulares/2012/Circular%20No.%203%20del%2023%20de%20Marzo%20de%202012.pdf HTTP/1.0" 200 572950
66.249.64.163 - - [31/Jan/2015:02:38:58 -0500] "GET /BLA/resoluciones/RESOLUCIONES%202012/0623.pdf HTTP/1.1" 200 259153
66.249.64.167 - - [31/Jan/2015:02:39:07 -0500] "GET /BLA/resoluciones/RESOLUCIONES%202010/4654.pdf HTTP/1.1" 200 54910
66.249.64.167 - - [31/Jan/2015:02:39:08 -0500] "GET /BLA/resoluciones/RESOLUCIONES%202009/7251.pdf HTTP/1.1" 200 117132
66.249.64.167 - - [31/Jan/2015:02:39:15 -0500] "GET /BLA/resoluciones/RESOLUCIONES%202003/RES%202003%201751-1800/20031758.tif HTTP/1.1" 200 106528
66.249.64.163 - - [31/Jan/2015:02:39:16 -0500] "GET /BLA/resoluciones/RESOLUCIONES%202007/RES%202007%20501%20AL%20600/RESOLUCION%200535%20DE%202007.pdf HTTP/1.1" 304 -
186.181.17.161 - - [31/Jan/2015:02:33:19 -0500] "GET /ForestMSG_SDA/channelAsync/template_word_17351871?X-Atmosphere-tracking-id=3ccbb136-f9ed-6296-a536-dc538b1df113&X-Atmosphere-Framework=1.0.5&X-Atmosphere-Transport=long-polling&tabid=0.22696710005402565&X-Cache-Date=0&Content-Type=application/xml&_=1422689814191 HTTP/1.1" 200 8193
207.46.13.137 - - [31/Jan/2015:02:39:24 -0500] "GET /dama/libreria/pdf/reportesredaire/mensuales/09_2005.pdf HTTP/1.1" 404 1019
66.249.64.163 - - [31/Jan/2015:02:39:25 -0500] "GET /BLA/resoluciones/RESOLUCIONES%202010/2235.pdf HTTP/1.1" 200 473965
66.249.64.171 - - [31/Jan/2015:02:39:34 -0500] "GET /BLA/resoluciones/AUTOS%202010/0419.pdf HTTP/1.1" 304 -
66.249.75.51 - - [31/Jan/2015:02:39:52 -0500] "GET /BLA/resoluciones/AUTOS%202011/0208.pdf HTTP/1.1" 200 220507
