66.249.64.167 - - [31/Jan/2015:02:40:09 -0500] "GET /BLA/resoluciones/RESOLUCIONES%202007/RES%202007%202401%20AL%202500/RESOLUCION%202423%20DE%202007.pdf HTTP/1.1" 304 -
66.249.64.171 - - [31/Jan/2015:02:40:27 -0500] "GET /BLA/resoluciones/RESOLUCIONES%202010/3247.pdf HTTP/1.1" 200 767179
206.53.226.251 - - [31/Jan/2015:02:40:30 -0500] "GET /videos/Spot_CambioClimatico.flv HTTP/1.1" 304 -
188.165.15.90 - - [31/Jan/2015:02:40:40 -0500] "GET /BLA/resoluciones/index.php?dir=RESOLUCIONES+2006%2FRES+2006+2301-2350%2F HTTP/1.1" 200 12364
66.249.64.167 - - [31/Jan/2015:02:40:45 -0500] "GET /BLA/resoluciones/RESOLUCIONES%202008/1571.pdf HTTP/1.1" 200 306862
66.249.64.163 - - [31/Jan/2015:02:41:03 -0500] "GET /BLA/resoluciones/AUTOS%202011/1421.pdf HTTP/1.1" 200 153371
66.249.64.171 - - [31/Jan/2015:02:41:20 -0500] "GET /BLA/resoluciones/RESOLUCIONES%202009/3083.pdf HTTP/1.1" 200 576243
207.46.13.39 - - [31/Jan/2015:02:41:22 -0500] "GET /dama/libreria/php/quejas_1.php HTTP/1.1" 404 1019
188.165.15.94 - - [31/Jan/2015:02:41:25 -0500] "GET /BLA/resoluciones/RESOLUCIONES%202004/RES%202004%20951-1000/00001000.tif HTTP/1.1" 200 199906
66.249.64.171 - - [31/Jan/2015:02:41:31 -0500] "GET /BLA/resoluciones/RESOLUCIONES%202003/RES%202003%201751-1800/20031775.tif HTTP/1.1" 200 1355478
66.249.64.171 - - [31/Jan/2015:02:41:38 -0500] "GET /BLA/resoluciones/RESOLUCIONES%202008/4874.pdf HTTP/1.1" 200 257437
66.249.64.171 - - [31/Jan/2015:02:41:56 -0500] "GET /BLA/resoluciones/RESOLUCIONES%202011/6305.pdf HTTP/1.1" 304 -
66.249.64.167 - - [31/Jan/2015:02:42:13 -0500] "GET /BLA/resoluciones/RESOLUCIONES%202013/0227.pdf HTTP/1.1" 200 1664299
201.233.136.96 - - [31/Jan/2015:02:42:25 -0500] "GET /BLA/boletinlegal/js/jquery.scrollShow.js HTTP/1.1" 200 4586
201.233.136.96 - - [31/Jan/2015:02:42:25 -0500] "GET /BLA/boletinlegal/js/jquery.scrollTo-min.js HTTP/1.1" 200 1150
201.233.136.96 - - [31/Jan/2015:02:42:25 -0500] "GET /BLA/boletinlegal/js/jquery.js HTTP/1.1" 200 57254
66.249.64.171 - - [31/Jan/2015:02:42:31 -0500] "GET /BLA/resoluciones/RESOLUCIONES%202009/9442.pdf HTTP/1.1" 200 432972
66.249.64.167 - - [31/Jan/2015:02:42:32 -0500] "GET /BLA/resoluciones/RESOLUCIONES%202007/RES%202007%202801%20AL%202900/RESOLUCION%202875%20DE%202007.pdf HTTP/1.1" 200 484823
201.245.192.253 - - [31/Jan/2015:02:42:41 -0500] "GET /forest/session.jsp?a=0.5071168025024235 HTTP/1.1" 200 4
66.249.64.171 - - [31/Jan/2015:02:42:49 -0500] "GET /BLA/resoluciones/RESOLUCIONES%202008/4452.pdf HTTP/1.1" 200 495132
180.76.6.135 - - [31/Jan/2015:02:42:56 -0500] "GET /BLA/boletinlegal;jsessionid=76DA9719ADBDEF96720B8DD47666C267?/? HTTP/1.1" 404 1018
188.165.15.90 - - [31/Jan/2015:02:42:56 -0500] "GET /BLA/resoluciones/RESOLUCIONES%202002/RES%202002%20801-850/00000802.tif HTTP/1.1" 200 85264
74.86.158.107 - - [31/Jan/2015:02:43:03 -0500] "HEAD / HTTP/1.1" 302 -
66.249.64.167 - - [31/Jan/2015:02:43:07 -0500] "GET /BLA/resoluciones/RESOLUCIONES%202010/3497.pdf HTTP/1.1" 200 512259
188.165.15.94 - - [31/Jan/2015:02:43:13 -0500] "GET /BLA/resoluciones/RESOLUCIONES%202003/RES%202003%20951-1000/997.tif HTTP/1.1" 200 118488
188.165.15.23 - - [31/Jan/2015:02:43:16 -0500] "GET /BLA/resoluciones/RESOLUCIONES%202006/RES%202006%20%202901-2950/00002912.tif HTTP/1.1" 200 63842
66.249.64.167 - - [31/Jan/2015:02:43:24 -0500] "GET /BLA/resoluciones/RESOLUCIONES%202010/7208.pdf HTTP/1.1" 200 111024
180.76.6.232 - - [31/Jan/2015:02:43:35 -0500] "GET /BLA/resoluciones/RESOLUCIONES%202007/RES%202007%20201%20AL%20300/RESOLUCION%200217%20DE%202007.pdf HTTP/1.1" 200 295110
66.249.64.163 - - [31/Jan/2015:02:43:42 -0500] "GET /BLA/resoluciones/RESOLUCIONES%202009/4777.pdf HTTP/1.1" 200 159594
66.249.64.167 - - [31/Jan/2015:02:43:46 -0500] "GET /BLA/resoluciones/RESOLUCIONES%202006/RES%202006%20301-350/00000320.tif HTTP/1.1" 200 214244
66.249.64.163 - - [31/Jan/2015:02:43:58 -0500] "GET /BLA/resoluciones/Autos%202008/2392.pdf HTTP/1.1" 200 131431
66.249.64.171 - - [31/Jan/2015:02:44:00 -0500] "GET /BLA/resoluciones/RESOLUCIONES%202011/4574.pdf HTTP/1.1" 304 -
66.249.64.167 - - [31/Jan/2015:02:44:17 -0500] "GET /BLA/resoluciones/AUTOS%202011/0811.pdf HTTP/1.1" 304 -
66.249.64.163 - - [31/Jan/2015:02:44:35 -0500] "GET /BLA/resoluciones/RESOLUCIONES%202011/0027.pdf HTTP/1.1" 200 498695
66.249.64.167 - - [31/Jan/2015:02:44:53 -0500] "GET /BLA/resoluciones/AUTOS%202008/2932.pdf HTTP/1.1" 200 69948
180.76.5.95 - - [31/Jan/2015:02:44:54 -0500] "GET /BLA/resoluciones/AUTOS%202011/0770.pdf HTTP/1.1" 200 168713
220.181.108.93 - - [31/Jan/2015:02:44:59 -0500] "GET / HTTP/1.1" 302 -
66.249.64.171 - - [31/Jan/2015:02:45:11 -0500] "GET /BLA/resoluciones/AUTOS%202012/2270.pdf HTTP/1.1" 200 332130
66.249.64.171 - - [31/Jan/2015:02:45:28 -0500] "GET /BLA/resoluciones/RESOLUCIONES%202008/1685.pdf HTTP/1.1" 304 -
188.165.15.202 - - [31/Jan/2015:02:45:42 -0500] "GET /BLA/resoluciones/RESOLUCIONES%202004/RES%202004%20451-500/00000472.tif HTTP/1.1" 200 54032
66.249.64.167 - - [31/Jan/2015:02:45:46 -0500] "GET /BLA/resoluciones/AUTOS%202007/1925.pdf HTTP/1.1" 200 71287
66.249.64.171 - - [31/Jan/2015:02:46:03 -0500] "GET /BLA/resoluciones/RESOLUCIONES%202006/RES%202006%20301-350/00000339.tif HTTP/1.1" 200 198318
66.249.64.171 - - [31/Jan/2015:02:46:04 -0500] "GET /BLA/resoluciones/AUTOS%202007/3225.pdf HTTP/1.1" 200 117354
66.249.64.163 - - [31/Jan/2015:02:46:21 -0500] "GET /BLA/resoluciones/RESOLUCIONES%202007/RES%202007%20101%20AL%20200/RESOLUCION%200129%20%20DE%202007.pdf HTTP/1.1" 200 345673
66.249.64.171 - - [31/Jan/2015:02:46:39 -0500] "GET /BLA/resoluciones/AUTOS%202013/1140.pdf HTTP/1.1" 200 1220286
66.249.64.167 - - [31/Jan/2015:02:46:57 -0500] "GET /BLA/resoluciones/AUTOS%202007/0877.pdf HTTP/1.1" 200 87740
66.249.64.163 - - [31/Jan/2015:02:47:15 -0500] "GET /BLA/resoluciones/RESOLUCIONES%202010/4381.pdf HTTP/1.1" 200 498515
66.249.64.167 - - [31/Jan/2015:02:47:32 -0500] "GET /BLA/resoluciones/AUTOS%202007/0024.pdf HTTP/1.1" 200 49837
201.245.192.253 - - [31/Jan/2015:02:47:42 -0500] "GET /forest/session.jsp?a=0.4419073916506022 HTTP/1.1" 200 4
66.249.64.171 - - [31/Jan/2015:02:47:50 -0500] "GET /BLA/resoluciones/RESOLUCIONES%202009/8807.pdf HTTP/1.1" 200 350363
188.165.15.152 - - [31/Jan/2015:02:47:51 -0500] "GET /BLA/resoluciones/RESOLUCIONES%202004/RES%202004%2001-%2050/00000017.tif HTTP/1.1" 200 103314
74.86.158.107 - - [31/Jan/2015:02:48:03 -0500] "HEAD / HTTP/1.1" 302 -
66.249.64.163 - - [31/Jan/2015:02:48:08 -0500] "GET /BLA/resoluciones/RESOLUCIONES%202008/1506.pdf HTTP/1.1" 200 183561
66.249.64.163 - - [31/Jan/2015:02:48:18 -0500] "GET /BLA/resoluciones/RESOLUCIONES%202003/RES%202003%201751-1800/20031781.tif HTTP/1.1" 200 40928
66.249.64.171 - - [31/Jan/2015:02:48:25 -0500] "GET /BLA/resoluciones/RESOLUCIONES%202010/2371.pdf HTTP/1.1" 200 500785
66.249.64.171 - - [31/Jan/2015:02:48:43 -0500] "GET /BLA/resoluciones/RESOLUCIONES%202009/7426.pdf HTTP/1.1" 200 494453
157.55.39.107 - - [31/Jan/2015:02:48:49 -0500] "GET /BLA/boletinlegal/js/jquery.scrollTo-min.js HTTP/1.1" 200 1150
66.249.64.167 - - [31/Jan/2015:02:49:01 -0500] "GET /BLA/resoluciones/RESOLUCIONES%202008/4094.pdf HTTP/1.1" 200 438655
66.249.64.167 - - [31/Jan/2015:02:49:19 -0500] "GET /BLA/resoluciones/RESOLUCIONES%202008/5627.pdf HTTP/1.1" 200 98909
66.249.64.171 - - [31/Jan/2015:02:49:20 -0500] "GET /BLA/resoluciones/RESOLUCIONES%202011/0159.pdf HTTP/1.1" 200 322669
66.249.64.171 - - [31/Jan/2015:02:49:36 -0500] "GET /BLA/resoluciones/AUTOS%202008/0923.pdf HTTP/1.1" 200 119008
66.249.64.171 - - [31/Jan/2015:02:49:54 -0500] "GET /BLA/resoluciones/AUTOS%202007/1556.pdf HTTP/1.1" 200 27290
207.46.13.111 - - [31/Jan/2015:02:50:02 -0500] "GET /galeria/nivo-slider/demo/demo.html HTTP/1.1" 200 3150
207.46.13.111 - - [31/Jan/2015:02:50:03 -0500] "GET /videos/galeria-fotografica/index19.html? HTTP/1.1" 200 1972
66.249.64.163 - - [31/Jan/2015:02:50:12 -0500] "GET /BLA/resoluciones/RESOLUCIONES%202007/RES%202007%201901%20AL%202000/RESOLUCION%201994%20DE%202007.pdf HTTP/1.1" 200 834199
66.249.64.171 - - [31/Jan/2015:02:50:21 -0500] "GET /BLA/resoluciones/Autos%202008/0301.pdf HTTP/1.1" 200 95913
66.249.64.171 - - [31/Jan/2015:02:50:29 -0500] "GET /BLA/resoluciones/RESOLUCIONES%202008/0078.pdf HTTP/1.1" 200 585441
66.249.64.171 - - [31/Jan/2015:02:50:34 -0500] "GET /BLA/resoluciones/RESOLUCIONES%202003/RES%202003%201751-1800/20031797.tif HTTP/1.1" 200 57620
66.249.64.163 - - [31/Jan/2015:02:50:47 -0500] "GET /BLA/resoluciones/RESOLUCIONES%202008/1110.pdf HTTP/1.1" 200 59457
66.249.64.171 - - [31/Jan/2015:02:51:05 -0500] "GET /BLA/resoluciones/RESOLUCIONES%202009/6421.pdf HTTP/1.1" 200 437227
180.76.5.19 - - [31/Jan/2015:02:51:12 -0500] "GET /BLA/boletinlegal;jsessionid=417F1DE5B51BB7E0D8E9A2C2C14C2D99?/? HTTP/1.1" 404 1018
66.249.64.167 - - [31/Jan/2015:02:51:23 -0500] "GET /BLA/resoluciones/RESOLUCIONES%202008/0197.pdf HTTP/1.1" 200 835354
66.249.64.163 - - [31/Jan/2015:02:51:40 -0500] "GET /BLA/resoluciones/RESOLUCIONES%202009/0778.pdf HTTP/1.1" 200 262633
66.249.64.171 - - [31/Jan/2015:02:51:43 -0500] "GET /BLA/resoluciones/RESOLUCIONES%202005/RES%202005%201251-1300/00001292.tif HTTP/1.1" 200 207684
188.165.15.23 - - [31/Jan/2015:02:51:50 -0500] "GET /BLA/resoluciones/RESOLUCIONES%202002/RES%202002%20151-200/2002RES154.tif HTTP/1.1" 200 92540
66.249.64.171 - - [31/Jan/2015:02:51:58 -0500] "GET /BLA/resoluciones/RESOLUCIONES%202008/2948.pdf HTTP/1.1" 200 203604
66.249.64.163 - - [31/Jan/2015:02:52:16 -0500] "GET /BLA/resoluciones/RESOLUCIONES%202014/2216.pdf HTTP/1.1" 200 1157853
180.76.5.150 - - [31/Jan/2015:02:52:30 -0500] "GET /BLA/resoluciones/RESOLUCIONES%202007/RES%202007%203301%20AL%203400/RESOLUCION%203301%20DE%202007.pdf HTTP/1.1" 200 400574
66.249.64.163 - - [31/Jan/2015:02:52:34 -0500] "GET /BLA/resoluciones/RESOLUCIONES%202010/3461.pdf HTTP/1.1" 200 516269
201.245.192.253 - - [31/Jan/2015:02:52:43 -0500] "GET /forest/session.jsp?a=0.8801637720316648 HTTP/1.1" 200 4
66.249.64.167 - - [31/Jan/2015:02:52:44 -0500] "GET /BLA/resoluciones/RESOLUCIONES%202010/4432.pdf HTTP/1.1" 200 459601
66.249.64.167 - - [31/Jan/2015:02:52:46 -0500] "GET /BLA/resoluciones/RESOLUCIONES%202011/1096.pdf HTTP/1.1" 200 369813
66.249.64.167 - - [31/Jan/2015:02:52:48 -0500] "GET /BLA/resoluciones/RESOLUCIONES%202006/RES%202006%20301-350/00000317.tif HTTP/1.1" 200 140312
66.249.64.171 - - [31/Jan/2015:02:52:51 -0500] "GET /BLA/resoluciones/RESOLUCIONES%202007/RES%202007%203201%20AL%203300/RESOLUCION%203250%20DE%202007.pdf HTTP/1.1" 200 503305
74.86.158.107 - - [31/Jan/2015:02:53:03 -0500] "HEAD / HTTP/1.1" 302 -
66.249.64.163 - - [31/Jan/2015:02:53:09 -0500] "GET /BLA/resoluciones/RESOLUCIONES%202008/3363.pdf HTTP/1.1" 200 232919
188.165.15.152 - - [31/Jan/2015:02:53:21 -0500] "GET /BLA/resoluciones/RESOLUCIONES%202006/RES%202006%201101-1150/00001121.tif HTTP/1.1" 200 131816
66.249.64.163 - - [31/Jan/2015:02:53:27 -0500] "GET /BLA/resoluciones/RESOLUCIONES%202010/1569.pdf HTTP/1.1" 200 501179
66.249.64.163 - - [31/Jan/2015:02:53:44 -0500] "GET /BLA/resoluciones/RESOLUCIONES%202008/2621.pdf HTTP/1.1" 200 248905
66.249.64.167 - - [31/Jan/2015:02:53:53 -0500] "GET /BLA/resoluciones/RESOLUCIONES%202010/5154.pdf HTTP/1.1" 200 1216987
66.249.64.163 - - [31/Jan/2015:02:54:02 -0500] "GET /BLA/resoluciones/RESOLUCIONES%202008/1707.pdf HTTP/1.1" 200 258205
66.249.64.171 - - [31/Jan/2015:02:54:20 -0500] "GET /BLA/resoluciones/RESOLUCIONES%202009/0771.pdf HTTP/1.1" 200 230058
66.249.64.163 - - [31/Jan/2015:02:54:38 -0500] "GET /BLA/resoluciones/RESOLUCIONES%202008/1574.pdf HTTP/1.1" 200 315757
66.249.64.167 - - [31/Jan/2015:02:54:41 -0500] "GET /BLA/resoluciones/RESOLUCIONES%202003/RES%202003%20401-450/429.tif HTTP/1.1" 200 115240
134.213.29.84 - - [31/Jan/2015:02:54:42 -0500] "GET / HTTP/1.1" 302 -
134.213.29.84 - - [31/Jan/2015:02:54:43 -0500] "GET /script HTTP/1.1" 404 1018
134.213.29.84 - - [31/Jan/2015:02:54:44 -0500] "GET /jenkins/script HTTP/1.1" 404 1018
134.213.29.84 - - [31/Jan/2015:02:54:44 -0500] "GET /hudson/script HTTP/1.1" 404 1018
134.213.29.84 - - [31/Jan/2015:02:54:45 -0500] "GET /login HTTP/1.1" 404 1018
134.213.29.84 - - [31/Jan/2015:02:54:45 -0500] "GET /jenkins/login HTTP/1.1" 404 1018
134.213.29.84 - - [31/Jan/2015:02:54:45 -0500] "GET /hudson/login HTTP/1.1" 404 1018
134.213.29.84 - - [31/Jan/2015:02:54:46 -0500] "GET /jmx-console HTTP/1.1" 404 1018
134.213.29.84 - - [31/Jan/2015:02:54:46 -0500] "GET /manager/html HTTP/1.1" 404 1018
134.213.29.84 - - [31/Jan/2015:02:54:46 -0500] "GET /msd HTTP/1.1" 404 1018
134.213.29.84 - - [31/Jan/2015:02:54:47 -0500] "GET /mySqlDumper HTTP/1.1" 404 1018
134.213.29.84 - - [31/Jan/2015:02:54:47 -0500] "GET /msd1.24stable HTTP/1.1" 404 1018
134.213.29.84 - - [31/Jan/2015:02:54:47 -0500] "GET /msd1.24.4 HTTP/1.1" 404 1018
134.213.29.84 - - [31/Jan/2015:02:54:48 -0500] "GET /mysqldumper HTTP/1.1" 404 1018
134.213.29.84 - - [31/Jan/2015:02:54:48 -0500] "GET /MySQLDumper HTTP/1.1" 404 1018
134.213.29.84 - - [31/Jan/2015:02:54:48 -0500] "GET /mysql HTTP/1.1" 404 1018
134.213.29.84 - - [31/Jan/2015:02:54:49 -0500] "GET /sql HTTP/1.1" 404 1018
134.213.29.84 - - [31/Jan/2015:02:54:49 -0500] "GET /phpmyadmin HTTP/1.1" 403 1165
134.213.29.84 - - [31/Jan/2015:02:54:50 -0500] "GET /phpMyAdmin HTTP/1.1" 403 1165
134.213.29.84 - - [31/Jan/2015:02:54:50 -0500] "GET /mysql HTTP/1.1" 404 1018
134.213.29.84 - - [31/Jan/2015:02:54:50 -0500] "GET /sql HTTP/1.1" 404 1018
134.213.29.84 - - [31/Jan/2015:02:54:51 -0500] "GET /myadmin HTTP/1.1" 404 1018
134.213.29.84 - - [31/Jan/2015:02:54:51 -0500] "GET /phpMyAdmin-4.2.1-all-languages HTTP/1.1" 403 1165
134.213.29.84 - - [31/Jan/2015:02:54:51 -0500] "GET /phpMyAdmin-4.2.1-english HTTP/1.1" 403 1165
134.213.29.84 - - [31/Jan/2015:02:54:52 -0500] "GET / HTTP/1.1" 302 -
134.213.29.84 - - [31/Jan/2015:02:54:53 -0500] "GET /sqlite/main.php HTTP/1.1" 404 1018
134.213.29.84 - - [31/Jan/2015:02:54:53 -0500] "GET /SQLite/SQLiteManager-1.2.4/main.php HTTP/1.1" 404 1018
134.213.29.84 - - [31/Jan/2015:02:54:53 -0500] "GET /SQLiteManager-1.2.4/main.php HTTP/1.1" 404 1018
134.213.29.84 - - [31/Jan/2015:02:54:55 -0500] "GET /sqlitemanager/main.php HTTP/1.1" 404 1018
66.249.64.163 - - [31/Jan/2015:02:54:55 -0500] "GET /BLA/resoluciones/RESOLUCIONES%202009/3073.pdf HTTP/1.1" 200 676395
134.213.29.84 - - [31/Jan/2015:02:54:56 -0500] "GET /SQlite/main.php HTTP/1.1" 404 1018
134.213.29.84 - - [31/Jan/2015:02:54:56 -0500] "GET /SQLiteManager/main.php HTTP/1.1" 404 1018
66.249.64.171 - - [31/Jan/2015:02:55:06 -0500] "GET /BLA/resoluciones/RESOLUCIONES%202006/RES%202006%20301-350/00000303.tif HTTP/1.1" 200 130066
66.249.64.167 - - [31/Jan/2015:02:55:13 -0500] "GET /BLA/resoluciones/AUTOS%202007/0860.pdf HTTP/1.1" 200 148425
66.249.64.163 - - [31/Jan/2015:02:55:31 -0500] "GET /BLA/resoluciones/RESOLUCIONES%202010/6216.pdf HTTP/1.1" 200 324499
66.249.64.171 - - [31/Jan/2015:02:55:48 -0500] "GET /BLA/resoluciones/RESOLUCIONES%202008/1821.pdf HTTP/1.1" 200 185959
66.249.64.171 - - [31/Jan/2015:02:56:06 -0500] "GET /BLA/resoluciones/RESOLUCIONES%202008/3977.pdf HTTP/1.1" 200 369147
188.165.15.94 - - [31/Jan/2015:02:56:06 -0500] "GET /BLA/resoluciones/RESOLUCIONES%202005/RES%202005%201401-1450/00001434.tif HTTP/1.1" 200 180096
66.249.64.171 - - [31/Jan/2015:02:56:08 -0500] "GET /BLA/resoluciones/AUTOS%202011/0751.pdf HTTP/1.1" 200 160663
66.249.64.171 - - [31/Jan/2015:02:56:24 -0500] "GET /BLA/resoluciones/AUTOS%202007/2513.pdf HTTP/1.1" 200 176277
66.249.64.163 - - [31/Jan/2015:02:56:42 -0500] "GET /BLA/resoluciones/AUTOS%202007/0406.pdf HTTP/1.1" 200 17888
66.249.64.171 - - [31/Jan/2015:02:56:55 -0500] "GET /BLA/resoluciones/Autos%202008/1563.pdf HTTP/1.1" 200 86973
66.249.64.171 - - [31/Jan/2015:02:56:59 -0500] "GET /BLA/resoluciones/AUTOS%202007/0435.pdf HTTP/1.1" 200 77231
66.249.64.171 - - [31/Jan/2015:02:57:17 -0500] "GET /BLA/resoluciones/RESOLUCIONES%202008/2903.pdf HTTP/1.1" 200 267016
66.249.64.163 - - [31/Jan/2015:02:57:21 -0500] "GET /BLA/resoluciones/RESOLUCIONES%202006/RES%202006%20301-350/00000350.tif HTTP/1.1" 200 1708088
66.249.64.171 - - [31/Jan/2015:02:57:35 -0500] "GET /BLA/resoluciones/AUTOS%202007/2643.pdf HTTP/1.1" 200 29431
201.245.192.253 - - [31/Jan/2015:02:57:44 -0500] "GET /forest/session.jsp?a=0.2406667578034103 HTTP/1.1" 200 4
66.249.64.163 - - [31/Jan/2015:02:57:52 -0500] "GET /BLA/resoluciones/RESOLUCIONES%202008/4286.pdf HTTP/1.1" 200 258457
74.86.158.107 - - [31/Jan/2015:02:58:03 -0500] "HEAD / HTTP/1.1" 302 -
66.249.64.171 - - [31/Jan/2015:02:58:10 -0500] "GET /BLA/resoluciones/RESOLUCIONES%202008/1718.pdf HTTP/1.1" 200 616123
66.249.64.163 - - [31/Jan/2015:02:58:28 -0500] "GET /BLA/resoluciones/RESOLUCIONES%202008/2572.pdf HTTP/1.1" 200 204406
66.249.64.171 - - [31/Jan/2015:02:58:46 -0500] "GET /BLA/resoluciones/AUTOS%202008/3390.pdf HTTP/1.1" 200 139894
181.54.255.11 - - [31/Jan/2015:02:58:50 -0500] "GET /BLA/boletinlegal/js/jquery.js HTTP/1.1" 200 57254
181.54.255.11 - - [31/Jan/2015:02:58:50 -0500] "GET /BLA/boletinlegal/js/jquery.scrollTo-min.js HTTP/1.1" 200 1150
181.54.255.11 - - [31/Jan/2015:02:58:50 -0500] "GET /BLA/boletinlegal/js/jquery.scrollShow.js HTTP/1.1" 200 4586
66.249.64.167 - - [31/Jan/2015:02:59:03 -0500] "GET /BLA/resoluciones/RESOLUCIONES%202010/1570.pdf HTTP/1.1" 200 502987
66.249.64.171 - - [31/Jan/2015:02:59:05 -0500] "GET /BLA/resoluciones/Autos%202008/1681.pdf HTTP/1.1" 200 171165
66.249.64.167 - - [31/Jan/2015:02:59:21 -0500] "GET /BLA/resoluciones/RESOLUCIONES%202008/1264.pdf HTTP/1.1" 200 82456
180.76.5.59 - - [31/Jan/2015:02:59:23 -0500] "GET /BLA/boletinlegal;jsessionid=D8C5956A8CFEE7FD9F0F77D0A46ED135?/? HTTP/1.1" 404 1018
66.249.64.167 - - [31/Jan/2015:02:59:32 -0500] "GET /BLA/resoluciones/RESOLUCIONES%202009/0021.pdf HTTP/1.1" 200 218200
66.249.64.171 - - [31/Jan/2015:02:59:37 -0500] "GET /BLA/resoluciones/RESOLUCIONES%202006/RES%202006%20301-350/00000305.tif HTTP/1.1" 200 131560
66.249.64.167 - - [31/Jan/2015:02:59:39 -0500] "GET /BLA/resoluciones/RESOLUCIONES%202008/2174.pdf HTTP/1.1" 200 355950
66.249.64.171 - - [31/Jan/2015:02:59:52 -0500] "GET /BLA/resoluciones/AUTOS%202011/1908.pdf HTTP/1.1" 200 142778
66.249.64.171 - - [31/Jan/2015:02:59:56 -0500] "GET /BLA/resoluciones/AUTOS%202007/0387.pdf HTTP/1.1" 200 144629
66.249.64.163 - - [31/Jan/2015:03:00:14 -0500] "GET /BLA/resoluciones/RESOLUCIONES%202009/3863.pdf HTTP/1.1" 200 1179884
66.249.64.163 - - [31/Jan/2015:03:00:32 -0500] "GET /BLA/resoluciones/RESOLUCIONES%202009/6496.pdf HTTP/1.1" 200 431137
66.249.64.171 - - [31/Jan/2015:03:00:50 -0500] "GET /BLA/resoluciones/RESOLUCIONES%202009/9496.pdf HTTP/1.1" 200 588737
66.249.64.171 - - [31/Jan/2015:03:01:07 -0500] "GET /BLA/resoluciones/RESOLUCIONES%202010/5696.pdf HTTP/1.1" 200 93082
66.249.64.167 - - [31/Jan/2015:03:01:25 -0500] "GET /BLA/resoluciones/RESOLUCIONES%202014/1801.pdf HTTP/1.1" 200 626161
66.249.64.163 - - [31/Jan/2015:03:01:43 -0500] "GET /BLA/resoluciones/RESOLUCIONES%202008/5368.pdf HTTP/1.1" 200 73433
66.249.64.171 - - [31/Jan/2015:03:01:52 -0500] "GET /BLA/resoluciones/RESOLUCIONES%202006/RES%202006%20301-350/00000307.tif HTTP/1.1" 200 121156
66.249.64.171 - - [31/Jan/2015:03:02:01 -0500] "GET /BLA/resoluciones/AUTOS%202007/3710.pdf HTTP/1.1" 200 78428
66.249.64.167 - - [31/Jan/2015:03:02:18 -0500] "GET /BLA/resoluciones/RESOLUCIONES%202010/6120.pdf HTTP/1.1" 200 1395008
66.249.64.167 - - [31/Jan/2015:03:02:22 -0500] "GET /BLA/resoluciones/AUTOS%202007/1069.pdf HTTP/1.1" 200 29696
66.249.64.163 - - [31/Jan/2015:03:02:36 -0500] "GET /BLA/resoluciones/RESOLUCIONES%202010/5277.pdf HTTP/1.1" 200 758203
201.245.192.253 - - [31/Jan/2015:03:02:45 -0500] "GET /forest/session.jsp?a=0.8552162947598845 HTTP/1.1" 200 4
66.249.64.171 - - [31/Jan/2015:03:02:53 -0500] "GET /BLA/resoluciones/RESOLUCIONES%202005/RES%202005%201251-1300/00001298.tif HTTP/1.1" 200 53622
66.249.64.167 - - [31/Jan/2015:03:02:54 -0500] "GET /BLA/resoluciones/RESOLUCIONES%202008/2783.pdf HTTP/1.1" 200 253563
66.249.64.167 - - [31/Jan/2015:03:02:57 -0500] "GET /BLA/resoluciones/RESOLUCIONES%202009/8986.pdf HTTP/1.1" 200 363968
74.86.158.107 - - [31/Jan/2015:03:03:03 -0500] "HEAD / HTTP/1.1" 302 -
66.249.64.163 - - [31/Jan/2015:03:03:11 -0500] "GET /BLA/resoluciones/AUTOS%202008/0552.pdf HTTP/1.1" 200 153732
66.249.64.167 - - [31/Jan/2015:03:03:29 -0500] "GET /BLA/resoluciones/RESOLUCIONES%202010/6113.pdf HTTP/1.1" 200 691479
66.249.64.167 - - [31/Jan/2015:03:03:30 -0500] "GET /BLA/resoluciones/AUTOS%202007/0984.pdf HTTP/1.1" 200 29076
66.249.64.163 - - [31/Jan/2015:03:03:47 -0500] "GET /BLA/resoluciones/AUTOS%202008/2368.pdf HTTP/1.1" 200 310945
66.249.64.171 - - [31/Jan/2015:03:04:05 -0500] "GET /BLA/resoluciones/RESOLUCIONES%202009/4049.pdf HTTP/1.1" 200 465975
66.249.64.167 - - [31/Jan/2015:03:04:07 -0500] "GET /BLA/resoluciones/RESOLUCIONES%202006/RES%202006%20301-350/00000345.tif HTTP/1.1" 200 66036
66.249.64.163 - - [31/Jan/2015:03:04:22 -0500] "GET /BLA/resoluciones/RESOLUCIONES%202008/2656.pdf HTTP/1.1" 200 196382
66.249.64.171 - - [31/Jan/2015:03:04:40 -0500] "GET /BLA/resoluciones/AUTOS%202011/4938.pdf HTTP/1.1" 200 190055
66.249.64.163 - - [31/Jan/2015:03:04:58 -0500] "GET /BLA/resoluciones/AUTOS%202008/1776.pdf HTTP/1.1" 200 243866
66.249.64.163 - - [31/Jan/2015:03:05:15 -0500] "GET /BLA/resoluciones/AUTOS%202009/2252.pdf HTTP/1.1" 200 120271
66.249.64.167 - - [31/Jan/2015:03:05:33 -0500] "GET /BLA/resoluciones/RESOLUCIONES%202008/1726.pdf HTTP/1.1" 200 123104
66.249.64.171 - - [31/Jan/2015:03:05:51 -0500] "GET /BLA/resoluciones/RESOLUCIONES%202008/4779.pdf HTTP/1.1" 200 170529
66.249.64.167 - - [31/Jan/2015:03:06:09 -0500] "GET /BLA/resoluciones/AUTOS%202007/3692.pdf HTTP/1.1" 200 108596
188.165.15.90 - - [31/Jan/2015:03:06:11 -0500] "GET /BLA/resoluciones/index.php?dir=RESOLUCIONES+2003%2FRES+2003+1201-1250%2F HTTP/1.1" 200 12626
66.249.64.163 - - [31/Jan/2015:03:06:22 -0500] "GET /BLA/resoluciones/AUTOS%202012/1989.pdf HTTP/1.1" 200 1916838
66.249.64.163 - - [31/Jan/2015:03:06:24 -0500] "GET /BLA/resoluciones/RESOLUCIONES%202003/RES%202003%201751-1800/20031754.tif HTTP/1.1" 200 118230
66.249.64.171 - - [31/Jan/2015:03:06:26 -0500] "GET /BLA/resoluciones/RESOLUCIONES%202009/3601.pdf HTTP/1.1" 200 99319
66.249.64.171 - - [31/Jan/2015:03:06:44 -0500] "GET /BLA/resoluciones/RESOLUCIONES%202009/5348.pdf HTTP/1.1" 200 371276
66.249.64.163 - - [31/Jan/2015:03:07:02 -0500] "GET /BLA/resoluciones/AUTOS%202008/2105.pdf HTTP/1.1" 304 -
180.76.5.81 - - [31/Jan/2015:03:07:16 -0500] "GET /BLA/boletinlegal/Circulares/2010/Circular%2006%20de%208%20de%20septiembre%20de%202010.pdf HTTP/1.1" 200 4657752
66.249.64.163 - - [31/Jan/2015:03:07:19 -0500] "GET /BLA/resoluciones/AUTOS%202013/0482.pdf HTTP/1.1" 200 1381759
188.165.15.41 - - [31/Jan/2015:03:07:29 -0500] "GET /BLA/resoluciones/RESOLUCIONES%202003/RES%202003%202001-2051/20032050.tif HTTP/1.1" 200 80634
66.249.64.171 - - [31/Jan/2015:03:07:37 -0500] "GET /BLA/resoluciones/AUTOS%202013/0758.pdf HTTP/1.1" 200 1618763
201.245.192.253 - - [31/Jan/2015:03:07:46 -0500] "GET /forest/session.jsp?a=0.3075643493793905 HTTP/1.1" 200 4
66.249.64.167 - - [31/Jan/2015:03:07:55 -0500] "GET /BLA/resoluciones/AUTOS%202014/0436.pdf HTTP/1.1" 304 -
74.86.158.107 - - [31/Jan/2015:03:08:03 -0500] "HEAD / HTTP/1.1" 302 -
66.249.64.171 - - [31/Jan/2015:03:08:13 -0500] "GET /BLA/resoluciones/AUTOS%202013/1593.pdf HTTP/1.1" 200 1725992
66.249.64.163 - - [31/Jan/2015:03:08:30 -0500] "GET /BLA/resoluciones/RESOLUCIONES%202013/0779.pdf HTTP/1.1" 304 -
66.249.64.163 - - [31/Jan/2015:03:08:40 -0500] "GET /BLA/resoluciones/RESOLUCIONES%202003/RES%202003%201751-1800/20031800.tif HTTP/1.1" 200 46556
66.249.64.171 - - [31/Jan/2015:03:08:48 -0500] "GET /BLA/resoluciones/RESOLUCIONES%202007/RES%202007%201901%20AL%202000/RESOLUCION%201903%20DE%202007.pdf HTTP/1.1" 304 -
66.249.64.171 - - [31/Jan/2015:03:09:06 -0500] "GET /BLA/resoluciones/RESOLUCIONES%202007/RES%202007%204001%20AL%204100/RESOLUCION%204062%20DE%202007.pdf HTTP/1.1" 304 -
180.76.6.225 - - [31/Jan/2015:03:09:16 -0500] "GET /BLA/resoluciones/RESOLUCIONES%202007/RES%202007%20201%20AL%20300/RESOLUCION%200221%20DE%202007.pdf HTTP/1.1" 200 275820
188.165.15.203 - - [31/Jan/2015:03:09:20 -0500] "GET /BLA/resoluciones/AUTOS%202006/AUTOS%202006%201401%20-%201500/00001408.tif HTTP/1.1" 200 90154
66.249.64.171 - - [31/Jan/2015:03:09:23 -0500] "GET /BLA/resoluciones/RESOLUCIONES%202011/4862.pdf HTTP/1.1" 304 -
66.249.64.167 - - [31/Jan/2015:03:09:41 -0500] "GET /BLA/resoluciones/AUTOS%202012/1995.pdf HTTP/1.1" 200 1636459
66.249.64.167 - - [31/Jan/2015:03:09:46 -0500] "GET /BLA/resoluciones/RESOLUCIONES%202007/RES%202007%202501%20AL%202600/RESOLUCION%202526%20DE%202007.pdf HTTP/1.1" 200 520025
66.249.64.163 - - [31/Jan/2015:03:09:59 -0500] "GET /autoliquidacion/TR%C3%81MITES%20AGUAS%20SUBTERR%C3%81NEAS/126PM04-PR92-%20PERMISO%20EXPLORACI%C3%93N%20AGUAS%20SUBTERRANEAS/FORMULARIO%20NACIONAL%20SOLICITUD%20EXPLORACI%C3%93N%20AGUAS%20SUBT..doc HTTP/1.1" 304 -
66.249.64.163 - - [31/Jan/2015:03:10:02 -0500] "GET /huelladecarbono/index.html HTTP/1.1" 200 5211
66.249.64.171 - - [31/Jan/2015:03:10:33 -0500] "GET /BLA/resoluciones/Autos%202008/2314.pdf HTTP/1.1" 200 79741
66.249.64.163 - - [31/Jan/2015:03:10:56 -0500] "GET /BLA/resoluciones/RESOLUCIONES%202003/RES%202003%201751-1800/20031770.tif HTTP/1.1" 200 107644
180.76.5.71 - - [31/Jan/2015:03:12:25 -0500] "GET /BLA/resoluciones/RESOLUCIONES%202011/4749.pdf HTTP/1.1" 200 552428
201.245.192.253 - - [31/Jan/2015:03:12:47 -0500] "GET /forest/session.jsp?a=0.21202145097777247 HTTP/1.1" 200 4
181.207.229.15 - - [31/Jan/2015:03:12:59 -0500] "GET /BLA/boletinlegal/js/jquery.js HTTP/1.1" 200 57254
181.207.229.15 - - [31/Jan/2015:03:12:59 -0500] "GET /BLA/boletinlegal/js/jquery.scrollTo-min.js HTTP/1.1" 200 1150
181.207.229.15 - - [31/Jan/2015:03:12:59 -0500] "GET /BLA/boletinlegal/js/jquery.scrollShow.js HTTP/1.1" 200 4586
74.86.158.107 - - [31/Jan/2015:03:13:03 -0500] "HEAD / HTTP/1.1" 302 -
188.165.15.203 - - [31/Jan/2015:03:13:06 -0500] "GET /BLA/resoluciones/RESOLUCIONES%202000/2000%20550-599.tif HTTP/1.1" 200 4848758
66.249.64.163 - - [31/Jan/2015:03:13:12 -0500] "GET /BLA/resoluciones/RESOLUCIONES%202003/RES%202003%201751-1800/20031794.tif HTTP/1.1" 200 56476
66.249.64.171 - - [31/Jan/2015:03:13:13 -0500] "GET /BLA/resoluciones/AUTOS%202013/0963.pdf HTTP/1.1" 200 1592805
188.165.15.202 - - [31/Jan/2015:03:14:05 -0500] "GET /BLA/resoluciones/RESOLUCIONES%202003/RES%202003%201551-1601/20031577.tif HTTP/1.1" 200 159308
66.249.64.163 - - [31/Jan/2015:03:14:30 -0500] "GET /huelladecarbono/huella_carbono.html HTTP/1.1" 200 5190
66.249.64.167 - - [31/Jan/2015:03:14:31 -0500] "GET /huelladecarbono/descargas.html HTTP/1.1" 200 5786
200.118.15.0 - - [31/Jan/2015:03:14:50 -0500] "GET /galeria/nivo-slider/demo/images/bolsas-08.jpg HTTP/1.1" 200 85589
200.118.15.0 - - [31/Jan/2015:03:14:50 -0500] "GET /galeria/nivo-slider/demo/images/Ruta-vertimientos-01.jpg HTTP/1.1" 200 130151
200.118.15.0 - - [31/Jan/2015:03:14:50 -0500] "GET /galeria/nivo-slider/demo/images/bolsas-06.jpg HTTP/1.1" 200 90982
200.118.15.0 - - [31/Jan/2015:03:14:50 -0500] "GET /galeria/nivo-slider/demo/images/ecolecta-Dic2014.png HTTP/1.1" 200 288593
200.118.15.0 - - [31/Jan/2015:03:14:50 -0500] "GET /galeria/nivo-slider/demo/images/porloshumedales.jpg HTTP/1.1" 200 351238
200.118.15.0 - - [31/Jan/2015:03:14:50 -0500] "GET /galeria/nivo-slider/demo/images/Tingua-azul.jpg HTTP/1.1" 200 307638
200.118.15.0 - - [31/Jan/2015:03:14:51 -0500] "GET /galeria/nivo-slider/demo/scripts/jquery-1.7.1.min.js HTTP/1.1" 200 93868
200.118.15.0 - - [31/Jan/2015:03:14:51 -0500] "GET /galeria/nivo-slider/demo/images/Banner-Caracol-Africano.jpg HTTP/1.1" 200 331986
200.118.15.0 - - [31/Jan/2015:03:14:53 -0500] "GET /galeria/nivo-slider/demo/images/banner-llantas2.jpg HTTP/1.1" 200 73153
200.118.15.0 - - [31/Jan/2015:03:14:53 -0500] "GET /galeria/nivo-slider/demo/images/banner-caballos.png HTTP/1.1" 200 389106
200.118.15.0 - - [31/Jan/2015:03:14:51 -0500] "GET /galeria/nivo-slider/demo/images/banner-redes.jpg HTTP/1.1" 200 62209
200.118.15.0 - - [31/Jan/2015:03:14:51 -0500] "GET /galeria/nivo-slider/demo/images/9Signos.jpg HTTP/1.1" 200 93040
200.118.15.0 - - [31/Jan/2015:03:14:58 -0500] "GET /galeria/nivo-slider/themes/default/bullets.png HTTP/1.1" 200 1281
200.118.15.0 - - [31/Jan/2015:03:14:58 -0500] "GET /galeria/nivo-slider/themes/default/arrows.png HTTP/1.1" 200 824
188.165.211.180 - - [31/Jan/2015:03:15:27 -0500] "GET /BLA/resoluciones/index.php?dir=RESOLUCIONES%202005/RES%202005%202151-2200/'&sort=name'&order=desc'\" HTTP/1.1" 200 7457
178.22.56.52 - - [31/Jan/2015:03:15:27 -0500] "GET /Autoliquidacion/index.php?dir=Solicitudes%20relacionadas%20con%20calidad%20del%20aire%20auditiva%20y%20visual/Registro%20de%20Elementos%20de%20publicidad%20Exterior%20Visual/'&sort=date'&order=desc'\" HTTP/1.1" 200 7001
66.249.64.171 - - [31/Jan/2015:03:15:27 -0500] "GET /BLA/resoluciones/RESOLUCIONES%202003/RES%202003%201751-1800/20031793.tif HTTP/1.1" 200 44980
178.22.56.52 - - [31/Jan/2015:03:15:27 -0500] "GET /Autoliquidacion/index.php?dir=Solicitudes%20relacionadas%20con%20calidad%20del%20aire%20auditiva%20y%20visual%2FRegistro%20de%20Elementos%20de%20publicidad%20Exterior%20Visual%2F&sort=date&order=desc HTTP/1.0" 200 4036
188.165.211.180 - - [31/Jan/2015:03:15:28 -0500] "GET /BLA/resoluciones/index.php?dir=RESOLUCIONES%202005%2FRES%202005%202151-2200%2F&sort=name&order=desc HTTP/1.0" 200 16990
66.249.64.171 - - [31/Jan/2015:03:16:37 -0500] "GET /BLA/resoluciones/RESOLUCIONES%202009/4841.pdf HTTP/1.1" 200 280011
200.118.10.122 - - [31/Jan/2015:03:17:11 -0500] "GET /BLA/boletinlegal/js/jquery.js HTTP/1.1" 200 57254
200.118.10.122 - - [31/Jan/2015:03:17:11 -0500] "GET /BLA/boletinlegal/js/jquery.scrollTo-min.js HTTP/1.1" 200 1150
200.118.10.122 - - [31/Jan/2015:03:17:11 -0500] "GET /galeria/bibloteca/contentflow.js HTTP/1.1" 200 42804
200.118.10.122 - - [31/Jan/2015:03:17:12 -0500] "GET /BLA/boletinlegal/js/jquery.scrollShow.js HTTP/1.1" 200 4586
200.118.10.122 - - [31/Jan/2015:03:17:22 -0500] "GET /galeria/bibloteca/contentflow.css HTTP/1.1" 200 3201
200.118.10.122 - - [31/Jan/2015:03:17:22 -0500] "GET /galeria/bibloteca/mycontentflow.css HTTP/1.1" 200 3110
200.118.10.122 - - [31/Jan/2015:03:17:23 -0500] "GET /galeria/bibloteca/ContentFlowAddOn_white.js HTTP/1.1" 200 2497
200.118.10.122 - - [31/Jan/2015:03:17:23 -0500] "GET /galeria/bibloteca/ContentFlowAddOn_white.css HTTP/1.1" 200 3355
200.118.10.122 - - [31/Jan/2015:03:17:25 -0500] "GET /galeria/bibloteca/img/loader.gif HTTP/1.1" 200 8238
200.118.10.122 - - [31/Jan/2015:03:17:25 -0500] "GET /galeria/bibloteca/img/scrollbar_white.png HTTP/1.1" 200 82
200.118.10.122 - - [31/Jan/2015:03:17:25 -0500] "GET /galeria/bibloteca/img/slider_white.png HTTP/1.1" 200 178
210.211.107.150 - - [31/Jan/2015:03:17:38 -0500] "GET /robots.txt HTTP/1.1" 404 1019
180.76.6.154 - - [31/Jan/2015:03:17:38 -0500] "GET /Autoliquidacion/index.php?dir=Grupo%20Forestal%20-%20Silvicultura/&sort=name&order=asc HTTP/1.1" 200 5777
201.245.192.253 - - [31/Jan/2015:03:17:48 -0500] "GET /forest/session.jsp?a=0.34318768652155995 HTTP/1.1" 200 4
74.86.158.107 - - [31/Jan/2015:03:18:03 -0500] "HEAD / HTTP/1.1" 302 -
66.249.64.171 - - [31/Jan/2015:03:18:55 -0500] "GET /huelladecarbono/logo-camiseta.html HTTP/1.1" 200 617
66.249.64.167 - - [31/Jan/2015:03:19:59 -0500] "GET /BLA/resoluciones/RESOLUCIONES%202006/RES%202006%20301-350/00000327.tif HTTP/1.1" 200 243596
66.249.64.167 - - [31/Jan/2015:03:20:04 -0500] "GET /huelladecarbono/estilos.css HTTP/1.1" 200 4034
66.249.64.163 - - [31/Jan/2015:03:20:05 -0500] "GET /BLA/resoluciones/AUTOS%202013/0550.pdf HTTP/1.1" 304 -
200.116.55.114 - - [31/Jan/2015:03:20:26 -0500] "GET /videos/galeria-fotografica/index21.html? HTTP/1.1" 200 1967
200.116.55.114 - - [31/Jan/2015:03:20:26 -0500] "GET /videos/galeria-fotografica/js/jquery-flickr-gallery/jquery-flickr.css HTTP/1.1" 200 711
200.116.55.114 - - [31/Jan/2015:03:20:26 -0500] "GET /videos/galeria-fotografica/js/jquery-flickr-gallery/jquery-flickr-gallery.js HTTP/1.1" 200 9050
200.116.55.114 - - [31/Jan/2015:03:20:26 -0500] "GET /videos/galeria-fotografica/js/jquery-flickr-gallery/loader.gif HTTP/1.1" 200 2129
188.165.211.180 - - [31/Jan/2015:03:20:28 -0500] "-" 408 -
178.22.56.52 - - [31/Jan/2015:03:20:29 -0500] "-" 408 -
200.118.10.122 - - [31/Jan/2015:03:20:40 -0500] "GET /galeria/bibloteca/img/scrollbar_black.png HTTP/1.1" 200 82
200.118.10.122 - - [31/Jan/2015:03:20:40 -0500] "GET /galeria/bibloteca/img/1x1_0.5_white.png HTTP/1.1" 200 82
200.118.10.122 - - [31/Jan/2015:03:20:40 -0500] "GET /galeria/bibloteca/img/slider_black.png HTTP/1.1" 200 175
200.118.10.122 - - [31/Jan/2015:03:20:46 -0500] "GET /galeria/bibloteca/img/ajax-loader.gif HTTP/1.1" 200 9427
66.249.64.171 - - [31/Jan/2015:03:20:56 -0500] "GET /BLA/resoluciones/AUTOS%202011/2611.pdf HTTP/1.1" 200 340822
66.249.64.167 - - [31/Jan/2015:03:21:36 -0500] "GET /BLA/resoluciones/RESOLUCIONES%202006/RES%202006%201851-1900/00001892.tif HTTP/1.1" 200 311332
66.249.64.171 - - [31/Jan/2015:03:22:11 -0500] "GET /BLA/resoluciones/RESOLUCIONES%202006/RES%202006%20301-350/00000328.tif HTTP/1.1" 200 448310
200.118.10.122 - - [31/Jan/2015:03:22:32 -0500] "-" 408 -
201.245.192.253 - - [31/Jan/2015:03:22:49 -0500] "GET /forest/session.jsp?a=0.08639083616435528 HTTP/1.1" 200 4
74.86.158.107 - - [31/Jan/2015:03:23:03 -0500] "HEAD / HTTP/1.1" 302 -
66.249.64.167 - - [31/Jan/2015:03:23:29 -0500] "GET /BLA/resoluciones/RESOLUCIONES%202003/RES%202003%20651-700/664.tif HTTP/1.1" 200 164856
181.50.152.189 - - [31/Jan/2015:03:23:29 -0500] "GET /BLA/boletinlegal/js/jquery.scrollTo-min.js HTTP/1.1" 200 1150
181.50.152.189 - - [31/Jan/2015:03:23:29 -0500] "GET /BLA/boletinlegal/js/jquery.js HTTP/1.1" 200 57254
181.50.152.189 - - [31/Jan/2015:03:23:29 -0500] "GET /BLA/boletinlegal/js/jquery.scrollShow.js HTTP/1.1" 200 4586
181.50.152.189 - - [31/Jan/2015:03:23:29 -0500] "GET /galeria/carrusel/Carrusel/jquery.thumbnailScroller.css HTTP/1.1" 200 2066
181.50.152.189 - - [31/Jan/2015:03:23:29 -0500] "GET /galeria/carrusel/Carrusel/jquery-ui-1.8.13.custom.min.js HTTP/1.1" 200 10800
181.50.152.189 - - [31/Jan/2015:03:23:29 -0500] "GET /galeria/carrusel/Carrusel/jquery.thumbnailScroller.js HTTP/1.1" 200 8157
180.76.6.46 - - [31/Jan/2015:03:23:31 -0500] "GET /BLA/boletinlegal;jsessionid=A223EF2F517E616973231FDC1BC84054?/? HTTP/1.1" 404 1018
181.50.152.189 - - [31/Jan/2015:03:23:31 -0500] "GET /galeria/nivo-slider/demo/demo.html HTTP/1.1" 200 3150
181.50.152.189 - - [31/Jan/2015:03:23:32 -0500] "GET /galeria/nivo-slider/themes/default/default.css HTTP/1.1" 200 1569
181.50.152.189 - - [31/Jan/2015:03:23:32 -0500] "GET /galeria/nivo-slider/themes/pascal/pascal.css HTTP/1.1" 200 2258
181.50.152.189 - - [31/Jan/2015:03:23:32 -0500] "GET /galeria/nivo-slider/themes/orman/orman.css HTTP/1.1" 200 2152
181.50.152.189 - - [31/Jan/2015:03:23:32 -0500] "GET /galeria/nivo-slider/nivo-slider.css HTTP/1.1" 200 1507
181.50.152.189 - - [31/Jan/2015:03:23:32 -0500] "GET /galeria/nivo-slider/demo/style.css HTTP/1.1" 200 2222
181.50.152.189 - - [31/Jan/2015:03:23:32 -0500] "GET /galeria/nivo-slider/demo/scripts/jquery-1.7.1.min.js HTTP/1.1" 200 93868
181.50.152.189 - - [31/Jan/2015:03:23:32 -0500] "GET /galeria/nivo-slider/jquery.nivo.slider.pack.js HTTP/1.1" 200 11561
181.50.152.189 - - [31/Jan/2015:03:23:32 -0500] "GET /galeria/nivo-slider/demo/images/Ruta-vertimientos-01.jpg HTTP/1.1" 200 130151
181.50.152.189 - - [31/Jan/2015:03:23:32 -0500] "GET /galeria/nivo-slider/demo/images/bolsas-08.jpg HTTP/1.1" 200 85589
181.50.152.189 - - [31/Jan/2015:03:23:32 -0500] "GET /galeria/nivo-slider/demo/images/bolsas-06.jpg HTTP/1.1" 200 90982
181.50.152.189 - - [31/Jan/2015:03:23:32 -0500] "GET /galeria/nivo-slider/demo/images/ecolecta-Dic2014.png HTTP/1.1" 200 288593
66.249.64.163 - - [31/Jan/2015:03:23:33 -0500] "GET /BLA/resoluciones/RESOLUCIONES%202008/1201.pdf HTTP/1.1" 200 495154
181.50.152.189 - - [31/Jan/2015:03:23:33 -0500] "GET /galeria/nivo-slider/demo/images/porloshumedales.jpg HTTP/1.1" 200 351238
181.50.152.189 - - [31/Jan/2015:03:23:40 -0500] "GET /galeria/nivo-slider/demo/images/Banner-Caracol-Africano.jpg HTTP/1.1" 200 331986
181.50.152.189 - - [31/Jan/2015:03:23:40 -0500] "GET /galeria/nivo-slider/demo/images/9Signos.jpg HTTP/1.1" 200 93040
181.50.152.189 - - [31/Jan/2015:03:23:41 -0500] "GET /galeria/nivo-slider/demo/images/banner-caballos.png HTTP/1.1" 200 389106
181.50.152.189 - - [31/Jan/2015:03:23:41 -0500] "GET /galeria/nivo-slider/themes/default/loading.gif HTTP/1.1" 200 1737
181.50.152.189 - - [31/Jan/2015:03:23:42 -0500] "GET /galeria/nivo-slider/demo/images/Tingua-azul.jpg HTTP/1.1" 200 307638
181.50.152.189 - - [31/Jan/2015:03:23:45 -0500] "GET /galeria/nivo-slider/demo/images/banner-llantas2.jpg HTTP/1.1" 200 73153
66.249.64.167 - - [31/Jan/2015:03:23:46 -0500] "GET /BLA/resoluciones/Autos%202008/2408.pdf HTTP/1.1" 200 109485
181.50.152.189 - - [31/Jan/2015:03:23:49 -0500] "GET /galeria/nivo-slider/demo/images/banner-redes.jpg HTTP/1.1" 200 62209
181.50.152.189 - - [31/Jan/2015:03:23:51 -0500] "GET /galeria/nivo-slider/demo/images/4Simple_Slider.png HTTP/1.1" 200 11722
181.50.152.189 - - [31/Jan/2015:03:23:54 -0500] "GET /galeria/nivo-slider/demo/images/ecolecta-Dic2014.png HTTP/1.1" 206 59646
181.50.152.189 - - [31/Jan/2015:03:23:54 -0500] "GET /galeria/nivo-slider/demo/images/Tingua-azul.jpg HTTP/1.1" 206 245484
181.50.152.189 - - [31/Jan/2015:03:23:54 -0500] "GET /galeria/nivo-slider/demo/images/Banner-Caracol-Africano.jpg HTTP/1.1" 206 126972
181.50.152.189 - - [31/Jan/2015:03:23:54 -0500] "GET /galeria/nivo-slider/demo/images/banner-redes.jpg HTTP/1.1" 200 62209
181.50.152.189 - - [31/Jan/2015:03:23:54 -0500] "GET /galeria/nivo-slider/demo/images/banner-caballos.png HTTP/1.1" 206 266740
181.50.152.189 - - [31/Jan/2015:03:23:54 -0500] "GET /galeria/nivo-slider/demo/images/banner-llantas2.jpg HTTP/1.1" 206 65092
181.50.152.189 - - [31/Jan/2015:03:24:03 -0500] "GET /galeria/nivo-slider/themes/default/arrows.png HTTP/1.1" 200 824
181.50.152.189 - - [31/Jan/2015:03:24:03 -0500] "GET /galeria/nivo-slider/themes/default/bullets.png HTTP/1.1" 200 1281
66.249.64.167 - - [31/Jan/2015:03:24:10 -0500] "GET /huelladecarbono/imagenes_descargas/camiseta.pdf HTTP/1.1" 200 761397
66.249.64.171 - - [31/Jan/2015:03:24:31 -0500] "GET /BLA/resoluciones/RESOLUCIONES%202003/RES%202003%201751-1800/20031779.tif HTTP/1.1" 200 340624
198.50.188.144 - - [31/Jan/2015:03:26:19 -0500] "GET /wp-login.php HTTP/1.1" 404 1015
198.50.188.144 - - [31/Jan/2015:03:26:19 -0500] "GET /administrator/index.php HTTP/1.1" 404 1015
198.50.188.144 - - [31/Jan/2015:03:26:19 -0500] "GET /admin.php HTTP/1.1" 404 1015
198.50.188.144 - - [31/Jan/2015:03:26:20 -0500] "GET /bitrix/admin/index.php?lang=en HTTP/1.1" 404 1015
198.50.188.144 - - [31/Jan/2015:03:26:20 -0500] "GET /admin/login.php HTTP/1.1" 404 1015
198.50.188.144 - - [31/Jan/2015:03:26:20 -0500] "GET /admin/ HTTP/1.1" 404 1015
198.50.188.144 - - [31/Jan/2015:03:26:20 -0500] "GET /user/ HTTP/1.1" 404 1015
66.249.64.171 - - [31/Jan/2015:03:26:46 -0500] "GET /BLA/resoluciones/RESOLUCIONES%202006/RES%202006%20301-350/00000344.tif HTTP/1.1" 200 64960
180.76.6.146 - - [31/Jan/2015:03:26:59 -0500] "GET /BLA/resoluciones/Autos%202008/0354.pdf HTTP/1.1" 200 219514
66.249.64.167 - - [31/Jan/2015:03:27:04 -0500] "GET /BLA/resoluciones/AUTOS%202007/2872.pdf HTTP/1.1" 200 344449
201.245.192.253 - - [31/Jan/2015:03:27:50 -0500] "GET /forest/session.jsp?a=0.517518870299682 HTTP/1.1" 200 4
74.86.158.107 - - [31/Jan/2015:03:28:03 -0500] "HEAD / HTTP/1.1" 302 -
66.249.64.171 - - [31/Jan/2015:03:28:11 -0500] "GET /PruebasSTORM/StormSDA_pruebas/cbStorm.ico HTTP/1.1" 200 38072
66.249.64.171 - - [31/Jan/2015:03:29:02 -0500] "GET /BLA/resoluciones/RESOLUCIONES%202006/RES%202006%20301-350/00000324.tif HTTP/1.1" 200 273228
66.249.64.47 - - [31/Jan/2015:03:29:43 -0500] "GET /robots.txt HTTP/1.1" 404 1019
66.249.64.43 - - [31/Jan/2015:03:29:43 -0500] "GET /dama.php HTTP/1.1" 404 1019
66.249.64.171 - - [31/Jan/2015:03:30:15 -0500] "GET /manual_funciones_Listado/index.php?dir=2.5.%20Direcci%F3n%20de%20Gesti%F3n%20Corporativa/&sort=size&order=asc HTTP/1.1" 404 1018
180.76.6.20 - - [31/Jan/2015:03:30:22 -0500] "GET /BLA/resoluciones/AUTOS%202011/0953.pdf HTTP/1.1" 200 149491
66.249.64.167 - - [31/Jan/2015:03:30:43 -0500] "GET /BLA/resoluciones/RESOLUCIONES%202007/RES%202007%201001%20AL%201100/RESOLUCION%201041%20DE%202007.pdf HTTP/1.1" 200 313429
66.249.64.171 - - [31/Jan/2015:03:31:18 -0500] "GET /BLA/resoluciones/RESOLUCIONES%202003/RES%202003%201751-1800/20031752.tif HTTP/1.1" 200 120430
66.249.64.171 - - [31/Jan/2015:03:31:49 -0500] "GET /BLA/resoluciones/RESOLUCIONES%202005/RES%202005%201451-1500/00001463.tif HTTP/1.1" 200 154764
201.245.192.253 - - [31/Jan/2015:03:32:51 -0500] "GET /forest/session.jsp?a=0.6138624532613903 HTTP/1.1" 200 4
74.86.158.107 - - [31/Jan/2015:03:33:03 -0500] "HEAD / HTTP/1.1" 302 -
66.249.64.163 - - [31/Jan/2015:03:33:32 -0500] "GET /BLA/resoluciones/RESOLUCIONES%202006/RES%202006%20301-350/00000312.tif HTTP/1.1" 200 116398
66.249.64.163 - - [31/Jan/2015:03:34:54 -0500] "GET /BLA/resoluciones/AUTOS%202011/2175.pdf HTTP/1.1" 304 -
188.165.15.203 - - [31/Jan/2015:03:35:28 -0500] "GET /BLA/resoluciones/RESOLUCIONES%202005/RES%202005%201501-1550/00001515.tif HTTP/1.1" 200 131480
66.249.64.167 - - [31/Jan/2015:03:35:50 -0500] "GET /BLA/resoluciones/RESOLUCIONES%202003/RES%202003%201751-1800/20031757.tif HTTP/1.1" 200 106386
188.165.15.23 - - [31/Jan/2015:03:35:56 -0500] "GET /BLA/resoluciones/RESOLUCIONES%202004/RES%202004%201401-1450/00001448.tif HTTP/1.1" 200 245808
201.245.192.253 - - [31/Jan/2015:03:37:52 -0500] "GET /forest/session.jsp?a=0.2278831589501351 HTTP/1.1" 200 4
74.86.158.107 - - [31/Jan/2015:03:38:03 -0500] "HEAD / HTTP/1.1" 302 -
66.249.64.167 - - [31/Jan/2015:03:38:06 -0500] "GET /BLA/resoluciones/RESOLUCIONES%202003/RES%202003%201751-1800/20031753.tif HTTP/1.1" 200 108052
180.76.5.25 - - [31/Jan/2015:03:38:53 -0500] "GET /BLA/resoluciones/AUTOS%202012/1987.pdf HTTP/1.1" 200 213873
188.165.15.90 - - [31/Jan/2015:03:39:31 -0500] "GET /BLA/resoluciones/RESOLUCIONES%202005/RES%202005%201151-1200/00001183.tif HTTP/1.1" 200 316146
181.54.79.187 - - [31/Jan/2015:03:39:34 -0500] "GET /BLA/boletinlegal/js/jquery.js HTTP/1.1" 200 57254
181.54.79.187 - - [31/Jan/2015:03:39:34 -0500] "GET /BLA/boletinlegal/js/jquery.scrollTo-min.js HTTP/1.1" 200 1150
181.54.79.187 - - [31/Jan/2015:03:39:34 -0500] "GET /BLA/boletinlegal/js/jquery.scrollShow.js HTTP/1.1" 200 4586
66.249.64.163 - - [31/Jan/2015:03:40:22 -0500] "GET /BLA/resoluciones/RESOLUCIONES%202003/RES%202003%201751-1800/20031766.tif HTTP/1.1" 200 77540
66.249.64.163 - - [31/Jan/2015:03:41:33 -0500] "GET /BLA/resoluciones/RESOLUCIONES%202005/RES%202005%201251-1300/00001280.tif HTTP/1.1" 200 76144
66.249.64.163 - - [31/Jan/2015:03:42:33 -0500] "GET /BLA/resoluciones/RESOLUCIONES%202003/RES%202003%201751-1800/20031780.tif HTTP/1.1" 200 43310
201.245.192.253 - - [31/Jan/2015:03:42:53 -0500] "GET /forest/session.jsp?a=0.12657260335981846 HTTP/1.1" 200 4
74.86.158.107 - - [31/Jan/2015:03:43:03 -0500] "HEAD / HTTP/1.1" 302 -
181.147.200.104 - - [31/Jan/2015:03:43:38 -0500] "GET /BLA/boletinlegal/js/jquery.js HTTP/1.1" 200 57254
181.147.200.104 - - [31/Jan/2015:03:43:38 -0500] "GET /BLA/boletinlegal/js/jquery.scrollTo-min.js HTTP/1.1" 200 1150
181.147.200.104 - - [31/Jan/2015:03:43:38 -0500] "GET /BLA/boletinlegal/js/jquery.scrollShow.js HTTP/1.1" 200 4586
66.249.64.163 - - [31/Jan/2015:03:44:54 -0500] "GET /BLA/resoluciones/RESOLUCIONES%202006/RES%202006%20301-350/00000318.tif HTTP/1.1" 200 133164
188.165.15.183 - - [31/Jan/2015:03:45:40 -0500] "GET /BLA/resoluciones/RESOLUCIONES%202006/RES%202006%20951-1000/00000972.tif HTTP/1.1" 200 881650
66.249.64.171 - - [31/Jan/2015:03:47:09 -0500] "GET /BLA/resoluciones/RESOLUCIONES%202006/RES%202006%20301-350/00000335.tif HTTP/1.1" 200 122060
201.245.192.253 - - [31/Jan/2015:03:47:54 -0500] "GET /forest/session.jsp?a=0.907399516319856 HTTP/1.1" 200 4
74.86.158.107 - - [31/Jan/2015:03:48:03 -0500] "HEAD / HTTP/1.1" 302 -
180.76.6.149 - - [31/Jan/2015:03:48:35 -0500] "GET /BLA/resoluciones/AUTOS%202010/1371.pdf HTTP/1.1" 200 296452
186.84.143.99 - - [31/Jan/2015:03:49:19 -0500] "GET /BLA/boletinlegal/js/jquery.scrollShow.js HTTP/1.1" 200 4586
186.84.143.99 - - [31/Jan/2015:03:49:19 -0500] "GET /BLA/boletinlegal/js/jquery.js HTTP/1.1" 200 57254
186.84.143.99 - - [31/Jan/2015:03:49:19 -0500] "GET /BLA/boletinlegal/js/jquery.scrollTo-min.js HTTP/1.1" 200 1150
66.249.64.167 - - [31/Jan/2015:03:49:26 -0500] "GET /BLA/resoluciones/RESOLUCIONES%202006/RES%202006%20301-350/00000331.tif HTTP/1.1" 200 205026
157.55.39.107 - - [31/Jan/2015:03:50:04 -0500] "GET /videos/galeria-fotografica/js/jquery-flickr-gallery/jquery-flickr.css HTTP/1.1" 200 711
66.249.64.171 - - [31/Jan/2015:03:51:42 -0500] "GET /BLA/resoluciones/RESOLUCIONES%202006/RES%202006%20301-350/00000311.tif HTTP/1.1" 200 116012
188.165.15.202 - - [31/Jan/2015:03:51:57 -0500] "GET /BLA/resoluciones/RESOLUCIONES%202005/RES%202005%201-50/RES%202005%20101-150/00000109.tif HTTP/1.1" 200 116968
66.249.64.171 - - [31/Jan/2015:03:52:17 -0500] "GET /BLA/resoluciones/RESOLUCIONES%202003/RES%202003%20801-850/824.tif HTTP/1.1" 200 126008
180.76.5.62 - - [31/Jan/2015:03:52:29 -0500] "GET /BLA/resoluciones/RESOLUCIONES%202007/RES%202007%203301%20AL%203400/RESOLUCION%203389%20DE%202007.pdf HTTP/1.1" 200 749074
201.245.192.253 - - [31/Jan/2015:03:52:55 -0500] "GET /forest/session.jsp?a=0.8533266633749008 HTTP/1.1" 200 4
74.86.158.107 - - [31/Jan/2015:03:53:03 -0500] "HEAD / HTTP/1.1" 302 -
180.76.6.17 - - [31/Jan/2015:03:53:30 -0500] "GET /BLA/boletinlegal;jsessionid=BE8638F2B1218584BEA88F1B406D705F?/? HTTP/1.1" 404 1018
66.249.64.167 - - [31/Jan/2015:03:53:46 -0500] "GET /BLA/resoluciones/RESOLUCIONES%202006/RES%202006%202451-2500/00002477.tif HTTP/1.1" 200 254728
66.249.64.167 - - [31/Jan/2015:03:53:47 -0500] "GET /BLA/resoluciones/RESOLUCIONES%202006/RES%202006%20301-350/00000336.tif HTTP/1.1" 200 224986
180.76.4.122 - - [31/Jan/2015:03:53:53 -0500] "GET / HTTP/1.1" 302 -
178.162.193.32 - - [31/Jan/2015:03:54:14 -0500] "GET /POT-2013/Cartografia/17_Sistema%20de%20Movilidad_Subsistema%20de%20Transporte_Transporte%20.pdf HTTP/1.0" 200 3695775
50.87.144.63 - - [31/Jan/2015:03:55:30 -0500] "GET /Autoliquidacion/index.php?dir=Solicitudes%20relacionadas%20con%20calidad%20del%20aire%20auditiva%20y%20visual/Registro%20de%20Elementos%20de%20publicidad%20Exterior%20Visual/'&sort=date'&order=desc'\" HTTP/1.1" 200 7001
50.87.144.63 - - [31/Jan/2015:03:55:31 -0500] "GET /Autoliquidacion/index.php?dir=Solicitudes%20relacionadas%20con%20calidad%20del%20aire%20auditiva%20y%20visual%2FRegistro%20de%20Elementos%20de%20publicidad%20Exterior%20Visual%2F&sort=date&order=desc HTTP/1.0" 200 4036
66.249.64.167 - - [31/Jan/2015:03:55:33 -0500] "GET /galeria/nivo-slider/themes/default/default.css HTTP/1.1" 200 1569
66.249.64.163 - - [31/Jan/2015:03:55:33 -0500] "GET /galeria/nivo-slider/themes/pascal/pascal.css HTTP/1.1" 200 2258
66.249.64.171 - - [31/Jan/2015:03:55:33 -0500] "GET /galeria/nivo-slider/jquery.nivo.slider.pack.js HTTP/1.1" 200 11561
66.249.64.163 - - [31/Jan/2015:03:55:34 -0500] "GET /galeria/carrusel/Carrusel/jquery.thumbnailScroller.css HTTP/1.1" 200 2066
66.249.64.163 - - [31/Jan/2015:03:55:34 -0500] "GET /galeria/nivo-slider/nivo-slider.css HTTP/1.1" 200 1507
66.249.64.163 - - [31/Jan/2015:03:55:35 -0500] "GET /galeria/nivo-slider/demo/style.css HTTP/1.1" 200 2222
66.249.64.167 - - [31/Jan/2015:03:55:36 -0500] "GET /galeria/nivo-slider/themes/orman/orman.css HTTP/1.1" 200 2152
66.249.64.163 - - [31/Jan/2015:03:55:36 -0500] "GET /galeria/nivo-slider/demo/scripts/jquery-1.7.1.min.js HTTP/1.1" 200 93868
66.249.64.163 - - [31/Jan/2015:03:55:37 -0500] "GET /galeria/carrusel/Carrusel/jquery-ui-1.8.13.custom.min.js HTTP/1.1" 200 10800
66.249.64.167 - - [31/Jan/2015:03:55:38 -0500] "GET /galeria/carrusel/Carrusel/jquery.thumbnailScroller.js HTTP/1.1" 200 8157
66.249.64.167 - - [31/Jan/2015:03:55:38 -0500] "GET /galeria/nivo-slider/demo/demo.html HTTP/1.1" 200 3150
78.153.215.245 - - [31/Jan/2015:03:55:50 -0500] "GET /BLA/resoluciones/index.php?dir=RESOLUCIONES%202005/RES%202005%202151-2200/'&sort=name'&order=desc'\" HTTP/1.1" 200 7457
78.153.215.245 - - [31/Jan/2015:03:55:50 -0500] "GET /BLA/resoluciones/index.php?dir=RESOLUCIONES%202005%2FRES%202005%202151-2200%2F&sort=name&order=desc HTTP/1.0" 200 16990
66.249.64.163 - - [31/Jan/2015:03:56:01 -0500] "GET /BLA/resoluciones/RESOLUCIONES%202006/RES%202006%20301-350/00000330.tif HTTP/1.1" 200 250842
188.165.15.41 - - [31/Jan/2015:03:57:04 -0500] "GET /BLA/resoluciones/RESOLUCIONES%202003/RES%202003%201201-1250/2003RES1207.tif HTTP/1.1" 200 223216
201.245.192.253 - - [31/Jan/2015:03:57:56 -0500] "GET /forest/session.jsp?a=0.9193098593968898 HTTP/1.1" 200 4
74.86.158.107 - - [31/Jan/2015:03:58:03 -0500] "HEAD / HTTP/1.1" 302 -
66.249.64.167 - - [31/Jan/2015:03:58:14 -0500] "GET /BLA/resoluciones/AUTOS%202006/AUTOS%202006%201201-1300/00001299.tif HTTP/1.1" 200 83650
66.249.64.171 - - [31/Jan/2015:04:00:28 -0500] "GET /BLA/resoluciones/RESOLUCIONES%202006/RES%202006%20301-350/00000301.tif HTTP/1.1" 200 198340
50.87.144.63 - - [31/Jan/2015:04:00:31 -0500] "-" 408 -
78.153.215.245 - - [31/Jan/2015:04:00:51 -0500] "-" 408 -
66.249.64.171 - - [31/Jan/2015:04:02:42 -0500] "GET /BLA/resoluciones/RESOLUCIONES%202006/RES%202006%20301-350/00000309.tif HTTP/1.1" 200 134284
201.245.192.253 - - [31/Jan/2015:04:02:57 -0500] "GET /forest/session.jsp?a=0.5385697840247303 HTTP/1.1" 200 4
74.86.158.107 - - [31/Jan/2015:04:03:03 -0500] "HEAD / HTTP/1.1" 302 -
66.249.64.163 - - [31/Jan/2015:04:04:30 -0500] "GET /BLA/resoluciones/RESOLUCIONES%202008/5228.pdf HTTP/1.1" 200 337023
