201.245.192.253 - - [31/Jan/2015:08:03:44 -0500] "GET /forest/session.jsp?a=0.7386911143548787 HTTP/1.1" 200 4
66.249.73.171 - - [31/Jan/2015:08:03:51 -0500] "GET /BLA/resoluciones/RESOLUCIONES%202007/RES%202007%202901%20AL%203000/RESOLUCION%202936%20DE%202007.pdf HTTP/1.1" 304 -
66.249.73.171 - - [31/Jan/2015:08:03:59 -0500] "GET /BLA/resoluciones/AUTOS%202007/2953.pdf HTTP/1.1" 304 -
186.154.205.146 - - [31/Jan/2015:08:04:00 -0500] "GET /galeria/nivo-slider/demo/images/bolsas-08.jpg HTTP/1.1" 304 -
186.154.205.146 - - [31/Jan/2015:08:04:00 -0500] "GET /galeria/nivo-slider/demo/images/Ruta-vertimientos-01.jpg HTTP/1.1" 304 -
186.154.205.146 - - [31/Jan/2015:08:04:00 -0500] "GET /galeria/nivo-slider/demo/images/bolsas-06.jpg HTTP/1.1" 304 -
66.249.73.171 - - [31/Jan/2015:08:04:07 -0500] "GET /BLA/resoluciones/RESOLUCIONES%202009/6071.pdf HTTP/1.1" 200 118740
66.249.73.171 - - [31/Jan/2015:08:04:15 -0500] "GET /BLA/resoluciones/AUTOS%202007/0205.pdf HTTP/1.1" 200 14725
66.249.73.163 - - [31/Jan/2015:08:04:23 -0500] "GET /BLA/resoluciones/AUTOS%202007/1254.pdf HTTP/1.1" 200 60514
66.249.73.163 - - [31/Jan/2015:08:04:31 -0500] "GET /BLA/resoluciones/RESOLUCIONES%202011/3133.pdf HTTP/1.1" 200 67447
66.249.73.155 - - [31/Jan/2015:08:04:38 -0500] "GET /BLA/resoluciones/AUTOS%202008/3448.pdf HTTP/1.1" 200 94732
66.249.73.171 - - [31/Jan/2015:08:04:46 -0500] "GET /BLA/resoluciones/AUTOS%202007/0028.pdf HTTP/1.1" 200 49140
66.249.73.155 - - [31/Jan/2015:08:04:54 -0500] "GET /BLA/resoluciones/AUTOS%202010/1902.pdf HTTP/1.1" 200 144429
66.249.73.163 - - [31/Jan/2015:08:05:02 -0500] "GET /BLA/resoluciones/RESOLUCIONES%202009/2204.pdf HTTP/1.1" 200 619565
100.43.85.25 - - [31/Jan/2015:08:05:06 -0500] "GET /robots.txt HTTP/1.1" 404 1015
100.43.85.25 - - [31/Jan/2015:08:05:07 -0500] "GET /robots.txt HTTP/1.1" 404 1019
100.43.85.25 - - [31/Jan/2015:08:05:08 -0500] "GET / HTTP/1.1" 302 -
100.43.85.25 - - [31/Jan/2015:08:05:09 -0500] "GET / HTTP/1.1" 302 -
66.249.73.171 - - [31/Jan/2015:08:05:10 -0500] "GET /BLA/resoluciones/AUTOS%202009/3573.pdf HTTP/1.1" 200 209642
66.249.73.155 - - [31/Jan/2015:08:05:18 -0500] "GET /BLA/resoluciones/RESOLUCIONES%202010/3960.pdf HTTP/1.1" 200 514961
66.249.73.171 - - [31/Jan/2015:08:05:26 -0500] "GET /BLA/resoluciones/RESOLUCIONES%202008/3008.pdf HTTP/1.1" 200 203304
66.249.73.155 - - [31/Jan/2015:08:05:34 -0500] "GET /BLA/resoluciones/AUTOS%202007/1545.pdf HTTP/1.1" 200 65773
66.249.73.171 - - [31/Jan/2015:08:05:42 -0500] "GET /BLA/resoluciones/RESOLUCIONES%202009/0358.pdf HTTP/1.1" 200 356269
66.249.73.171 - - [31/Jan/2015:08:05:50 -0500] "GET /BLA/resoluciones/RESOLUCIONES%202009/2035.pdf HTTP/1.1" 200 309145
66.249.73.171 - - [31/Jan/2015:08:05:58 -0500] "GET /BLA/resoluciones/RESOLUCIONES%202008/0671.pdf HTTP/1.1" 200 59203
66.249.73.171 - - [31/Jan/2015:08:06:06 -0500] "GET /BLA/resoluciones/RESOLUCIONES%202009/1974.pdf HTTP/1.1" 200 585720
66.249.73.171 - - [31/Jan/2015:08:06:14 -0500] "GET /BLA/resoluciones/AUTOS%202008/2045.pdf HTTP/1.1" 200 209672
66.249.73.171 - - [31/Jan/2015:08:06:22 -0500] "GET /BLA/resoluciones/AUTOS%202008/1190.pdf HTTP/1.1" 200 234124
92.48.105.158 - - [31/Jan/2015:08:06:24 -0500] "GET /old/wp-admin/ HTTP/1.1" 404 1018
2.136.206.109 - - [31/Jan/2015:08:06:27 -0500] "GET /BLA/boletinlegal/js/jquery.js HTTP/1.1" 200 57254
2.136.206.109 - - [31/Jan/2015:08:06:27 -0500] "GET /BLA/boletinlegal/js/jquery.scrollTo-min.js HTTP/1.1" 200 1150
2.136.206.109 - - [31/Jan/2015:08:06:27 -0500] "GET /BLA/boletinlegal/js/jquery.scrollShow.js HTTP/1.1" 200 4586
2.136.206.109 - - [31/Jan/2015:08:06:27 -0500] "GET /galeria/carrusel/Carrusel/jquery.thumbnailScroller.css HTTP/1.1" 200 2066
2.136.206.109 - - [31/Jan/2015:08:06:27 -0500] "GET /galeria/carrusel/Carrusel/jquery-ui-1.8.13.custom.min.js HTTP/1.1" 200 10800
2.136.206.109 - - [31/Jan/2015:08:06:27 -0500] "GET /galeria/carrusel/Carrusel/jquery.thumbnailScroller.js HTTP/1.1" 200 8157
66.249.73.171 - - [31/Jan/2015:08:06:30 -0500] "GET /BLA/resoluciones/AUTOS%202010/0082.pdf HTTP/1.1" 200 263907
2.136.206.109 - - [31/Jan/2015:08:06:33 -0500] "GET /galeria/nivo-slider/demo/demo.html HTTP/1.1" 200 3150
2.136.206.109 - - [31/Jan/2015:08:06:34 -0500] "GET /galeria/nivo-slider/themes/default/default.css HTTP/1.1" 200 1569
2.136.206.109 - - [31/Jan/2015:08:06:35 -0500] "GET /galeria/nivo-slider/themes/pascal/pascal.css HTTP/1.1" 200 2258
2.136.206.109 - - [31/Jan/2015:08:06:35 -0500] "GET /galeria/nivo-slider/themes/orman/orman.css HTTP/1.1" 200 2152
2.136.206.109 - - [31/Jan/2015:08:06:35 -0500] "GET /galeria/nivo-slider/nivo-slider.css HTTP/1.1" 200 1507
2.136.206.109 - - [31/Jan/2015:08:06:35 -0500] "GET /galeria/nivo-slider/demo/style.css HTTP/1.1" 200 2222
2.136.206.109 - - [31/Jan/2015:08:06:35 -0500] "GET /galeria/nivo-slider/demo/images/bolsas-08.jpg HTTP/1.1" 200 85589
2.136.206.109 - - [31/Jan/2015:08:06:35 -0500] "GET /galeria/nivo-slider/demo/images/Ruta-vertimientos-01.jpg HTTP/1.1" 200 130151
2.136.206.109 - - [31/Jan/2015:08:06:35 -0500] "GET /galeria/nivo-slider/demo/images/bolsas-06.jpg HTTP/1.1" 200 90982
2.136.206.109 - - [31/Jan/2015:08:06:35 -0500] "GET /galeria/nivo-slider/demo/images/ecolecta-Dic2014.png HTTP/1.1" 200 288593
2.136.206.109 - - [31/Jan/2015:08:06:35 -0500] "GET /galeria/nivo-slider/demo/images/Tingua-azul.jpg HTTP/1.1" 200 307638
2.136.206.109 - - [31/Jan/2015:08:06:35 -0500] "GET /galeria/nivo-slider/demo/images/porloshumedales.jpg HTTP/1.1" 200 351238
2.136.206.109 - - [31/Jan/2015:08:06:36 -0500] "GET /galeria/nivo-slider/demo/images/Banner-Caracol-Africano.jpg HTTP/1.1" 200 331986
2.136.206.109 - - [31/Jan/2015:08:06:36 -0500] "GET /galeria/nivo-slider/demo/images/banner-redes.jpg HTTP/1.1" 200 62209
2.136.206.109 - - [31/Jan/2015:08:06:36 -0500] "GET /galeria/nivo-slider/demo/images/9Signos.jpg HTTP/1.1" 200 93040
2.136.206.109 - - [31/Jan/2015:08:06:37 -0500] "GET /galeria/nivo-slider/demo/images/banner-llantas2.jpg HTTP/1.1" 200 73153
2.136.206.109 - - [31/Jan/2015:08:06:37 -0500] "GET /galeria/nivo-slider/demo/images/banner-caballos.png HTTP/1.1" 200 389106
2.136.206.109 - - [31/Jan/2015:08:06:37 -0500] "GET /galeria/nivo-slider/demo/scripts/jquery-1.7.1.min.js HTTP/1.1" 200 93868
2.136.206.109 - - [31/Jan/2015:08:06:38 -0500] "GET /galeria/nivo-slider/jquery.nivo.slider.pack.js HTTP/1.1" 200 11561
66.249.73.171 - - [31/Jan/2015:08:06:38 -0500] "GET /BLA/resoluciones/AUTOS%202008/2202.pdf HTTP/1.1" 200 98103
2.136.206.109 - - [31/Jan/2015:08:06:38 -0500] "GET /galeria/nivo-slider/demo/images/4Simple_Slider.png HTTP/1.1" 200 11722
2.136.206.109 - - [31/Jan/2015:08:06:38 -0500] "GET /galeria/nivo-slider/themes/default/loading.gif HTTP/1.1" 200 1737
2.136.206.109 - - [31/Jan/2015:08:06:40 -0500] "GET /galeria/nivo-slider/themes/default/arrows.png HTTP/1.1" 200 824
2.136.206.109 - - [31/Jan/2015:08:06:40 -0500] "GET /galeria/nivo-slider/themes/default/bullets.png HTTP/1.1" 200 1281
66.249.73.171 - - [31/Jan/2015:08:06:46 -0500] "GET /BLA/resoluciones/AUTOS%202008/1043.pdf HTTP/1.1" 200 134485
186.30.90.84 - - [31/Jan/2015:08:06:53 -0500] "GET /BLA/boletinlegal/js/jquery.js HTTP/1.1" 200 57254
186.30.90.84 - - [31/Jan/2015:08:06:53 -0500] "GET /BLA/boletinlegal/js/jquery.scrollTo-min.js HTTP/1.1" 200 1150
186.30.90.84 - - [31/Jan/2015:08:06:53 -0500] "GET /BLA/boletinlegal/js/jquery.scrollShow.js HTTP/1.1" 200 4586
66.249.73.155 - - [31/Jan/2015:08:06:54 -0500] "GET /BLA/resoluciones/AUTOS%202008/1630.pdf HTTP/1.1" 200 62488
66.249.73.155 - - [31/Jan/2015:08:07:01 -0500] "GET /BLA/resoluciones/AUTOS%202007/1364.pdf HTTP/1.1" 200 31382
66.249.73.171 - - [31/Jan/2015:08:07:09 -0500] "GET /BLA/resoluciones/AUTOS%202007/1915.pdf HTTP/1.1" 200 450426
66.249.73.163 - - [31/Jan/2015:08:07:17 -0500] "GET /BLA/resoluciones/RESOLUCIONES%202009/1084.pdf HTTP/1.1" 200 283104
66.249.73.155 - - [31/Jan/2015:08:07:25 -0500] "GET /BLA/resoluciones/AUTOS%202008/2466.pdf HTTP/1.1" 200 130500
66.249.73.171 - - [31/Jan/2015:08:07:33 -0500] "GET /BLA/resoluciones/RESOLUCIONES%202009/9072.pdf HTTP/1.1" 200 508449
66.249.73.155 - - [31/Jan/2015:08:07:41 -0500] "GET /BLA/resoluciones/AUTOS%202008/2308.pdf HTTP/1.1" 200 67837
66.249.73.171 - - [31/Jan/2015:08:07:49 -0500] "GET /BLA/resoluciones/AUTOS%202008/1173.pdf HTTP/1.1" 200 132044
66.249.73.155 - - [31/Jan/2015:08:07:57 -0500] "GET /BLA/resoluciones/AUTOS%202008/2245.pdf HTTP/1.1" 200 249012
74.86.158.107 - - [31/Jan/2015:08:08:02 -0500] "HEAD / HTTP/1.1" 302 -
66.249.73.171 - - [31/Jan/2015:08:08:05 -0500] "GET /BLA/resoluciones/RESOLUCIONES%202010/4920.pdf HTTP/1.1" 200 753937
66.249.73.171 - - [31/Jan/2015:08:08:07 -0500] "GET /BLA/resoluciones/AUTOS%202007/2686.pdf HTTP/1.1" 200 222568
66.249.73.171 - - [31/Jan/2015:08:08:13 -0500] "GET /BLA/resoluciones/RESOLUCIONES%202008/1750.pdf HTTP/1.1" 200 250925
66.249.73.163 - - [31/Jan/2015:08:08:21 -0500] "GET /BLA/resoluciones/RESOLUCIONES%202009/7488.pdf HTTP/1.1" 200 369634
66.249.73.171 - - [31/Jan/2015:08:08:29 -0500] "GET /BLA/resoluciones/RESOLUCIONES%202010/0962.pdf HTTP/1.1" 200 434483
66.249.73.171 - - [31/Jan/2015:08:08:37 -0500] "GET /BLA/resoluciones/RESOLUCIONES%202009/9315.pdf HTTP/1.1" 200 450149
186.87.172.172 - - [31/Jan/2015:08:08:39 -0500] "GET /BLA/boletinlegal/js/jquery.js HTTP/1.1" 200 57254
186.87.172.172 - - [31/Jan/2015:08:08:39 -0500] "GET /BLA/boletinlegal/js/jquery.scrollTo-min.js HTTP/1.1" 200 1150
186.87.172.172 - - [31/Jan/2015:08:08:39 -0500] "GET /BLA/boletinlegal/js/jquery.scrollShow.js HTTP/1.1" 200 4586
186.87.172.172 - - [31/Jan/2015:08:08:39 -0500] "GET /galeria/carrusel/Carrusel/jquery.thumbnailScroller.css HTTP/1.1" 200 2066
186.87.172.172 - - [31/Jan/2015:08:08:39 -0500] "GET /galeria/carrusel/Carrusel/jquery-ui-1.8.13.custom.min.js HTTP/1.1" 200 10800
186.87.172.172 - - [31/Jan/2015:08:08:39 -0500] "GET /galeria/carrusel/Carrusel/jquery.thumbnailScroller.js HTTP/1.1" 200 8157
186.87.172.172 - - [31/Jan/2015:08:08:40 -0500] "GET /galeria/nivo-slider/demo/demo.html HTTP/1.1" 200 3150
186.87.172.172 - - [31/Jan/2015:08:08:40 -0500] "GET /galeria/nivo-slider/themes/default/default.css HTTP/1.1" 200 1569
186.87.172.172 - - [31/Jan/2015:08:08:40 -0500] "GET /galeria/nivo-slider/nivo-slider.css HTTP/1.1" 200 1507
186.87.172.172 - - [31/Jan/2015:08:08:40 -0500] "GET /galeria/nivo-slider/themes/pascal/pascal.css HTTP/1.1" 200 2258
186.87.172.172 - - [31/Jan/2015:08:08:40 -0500] "GET /galeria/nivo-slider/themes/orman/orman.css HTTP/1.1" 200 2152
186.87.172.172 - - [31/Jan/2015:08:08:40 -0500] "GET /galeria/nivo-slider/demo/style.css HTTP/1.1" 200 2222
186.87.172.172 - - [31/Jan/2015:08:08:40 -0500] "GET /galeria/nivo-slider/demo/scripts/jquery-1.7.1.min.js HTTP/1.1" 200 93868
186.87.172.172 - - [31/Jan/2015:08:08:40 -0500] "GET /galeria/nivo-slider/jquery.nivo.slider.pack.js HTTP/1.1" 200 11561
186.87.172.172 - - [31/Jan/2015:08:08:40 -0500] "GET /galeria/nivo-slider/themes/default/loading.gif HTTP/1.1" 200 1737
186.87.172.172 - - [31/Jan/2015:08:08:40 -0500] "GET /galeria/nivo-slider/demo/images/4Simple_Slider.png HTTP/1.1" 200 11722
186.87.172.172 - - [31/Jan/2015:08:08:40 -0500] "GET /galeria/nivo-slider/demo/images/bolsas-08.jpg HTTP/1.1" 200 85589
186.87.172.172 - - [31/Jan/2015:08:08:40 -0500] "GET /galeria/nivo-slider/demo/images/Ruta-vertimientos-01.jpg HTTP/1.1" 200 130151
186.87.172.172 - - [31/Jan/2015:08:08:40 -0500] "GET /galeria/nivo-slider/demo/images/bolsas-06.jpg HTTP/1.1" 200 90982
186.87.172.172 - - [31/Jan/2015:08:08:40 -0500] "GET /galeria/nivo-slider/demo/images/ecolecta-Dic2014.png HTTP/1.1" 200 288593
186.87.172.172 - - [31/Jan/2015:08:08:41 -0500] "GET /galeria/nivo-slider/demo/images/porloshumedales.jpg HTTP/1.1" 200 351238
66.249.73.171 - - [31/Jan/2015:08:08:45 -0500] "GET /BLA/resoluciones/AUTOS%202007/0950.pdf HTTP/1.1" 200 24779
201.245.192.253 - - [31/Jan/2015:08:08:45 -0500] "GET /forest/session.jsp?a=0.08880643150769174 HTTP/1.1" 200 4
188.165.15.127 - - [31/Jan/2015:08:08:46 -0500] "GET /publnew/guia2/publ1.htm HTTP/1.1" 404 1019
66.249.73.163 - - [31/Jan/2015:08:08:53 -0500] "GET /BLA/resoluciones/RESOLUCIONES%202008/4893.pdf HTTP/1.1" 200 263370
66.249.73.155 - - [31/Jan/2015:08:09:01 -0500] "GET /BLA/resoluciones/AUTOS%202007/0459.pdf HTTP/1.1" 200 22290
186.181.25.142 - - [31/Jan/2015:08:09:08 -0500] "GET /BLA/boletinlegal/js/jquery.js HTTP/1.1" 200 57254
186.181.25.142 - - [31/Jan/2015:08:09:09 -0500] "GET /BLA/boletinlegal/js/jquery.scrollTo-min.js HTTP/1.1" 200 1150
66.249.73.163 - - [31/Jan/2015:08:09:09 -0500] "GET /BLA/resoluciones/RESOLUCIONES%202009/2289.pdf HTTP/1.1" 200 350571
186.181.25.142 - - [31/Jan/2015:08:09:09 -0500] "GET /BLA/boletinlegal/js/jquery.scrollShow.js HTTP/1.1" 200 4586
186.181.25.142 - - [31/Jan/2015:08:09:09 -0500] "GET /galeria/carrusel/Carrusel/jquery.thumbnailScroller.css HTTP/1.1" 200 2066
186.181.25.142 - - [31/Jan/2015:08:09:10 -0500] "GET /galeria/nivo-slider/demo/demo.html HTTP/1.1" 200 3150
186.181.25.142 - - [31/Jan/2015:08:09:10 -0500] "GET /galeria/carrusel/Carrusel/jquery-ui-1.8.13.custom.min.js HTTP/1.1" 200 10800
186.181.25.142 - - [31/Jan/2015:08:09:11 -0500] "GET /galeria/carrusel/Carrusel/jquery.thumbnailScroller.js HTTP/1.1" 200 8157
186.181.25.142 - - [31/Jan/2015:08:09:11 -0500] "GET /galeria/nivo-slider/themes/default/default.css HTTP/1.1" 200 1569
186.181.25.142 - - [31/Jan/2015:08:09:11 -0500] "GET /galeria/nivo-slider/themes/pascal/pascal.css HTTP/1.1" 200 2258
186.181.25.142 - - [31/Jan/2015:08:09:11 -0500] "GET /galeria/nivo-slider/themes/orman/orman.css HTTP/1.1" 200 2152
186.181.25.142 - - [31/Jan/2015:08:09:11 -0500] "GET /galeria/nivo-slider/nivo-slider.css HTTP/1.1" 200 1507
186.181.25.142 - - [31/Jan/2015:08:09:11 -0500] "GET /galeria/nivo-slider/demo/style.css HTTP/1.1" 200 2222
186.181.25.142 - - [31/Jan/2015:08:09:11 -0500] "GET /galeria/nivo-slider/demo/images/bolsas-08.jpg HTTP/1.1" 200 85589
186.181.25.142 - - [31/Jan/2015:08:09:12 -0500] "GET /galeria/nivo-slider/demo/images/Ruta-vertimientos-01.jpg HTTP/1.1" 200 130151
186.181.25.142 - - [31/Jan/2015:08:09:13 -0500] "GET /galeria/nivo-slider/demo/images/bolsas-06.jpg HTTP/1.1" 200 90982
186.181.25.142 - - [31/Jan/2015:08:09:15 -0500] "GET /galeria/nivo-slider/demo/images/ecolecta-Dic2014.png HTTP/1.1" 200 288593
186.181.25.142 - - [31/Jan/2015:08:09:15 -0500] "GET /galeria/nivo-slider/demo/images/porloshumedales.jpg HTTP/1.1" 200 351238
186.181.25.142 - - [31/Jan/2015:08:09:16 -0500] "GET /galeria/nivo-slider/demo/images/Tingua-azul.jpg HTTP/1.1" 200 307638
186.181.25.142 - - [31/Jan/2015:08:09:16 -0500] "GET /galeria/nivo-slider/demo/images/Banner-Caracol-Africano.jpg HTTP/1.1" 200 331986
186.181.25.142 - - [31/Jan/2015:08:09:17 -0500] "GET /galeria/nivo-slider/demo/images/banner-redes.jpg HTTP/1.1" 200 62209
66.249.73.171 - - [31/Jan/2015:08:09:17 -0500] "GET /BLA/resoluciones/RESOLUCIONES%202009/2601.pdf HTTP/1.1" 200 316580
186.181.25.142 - - [31/Jan/2015:08:09:17 -0500] "GET /galeria/nivo-slider/demo/images/9Signos.jpg HTTP/1.1" 200 93040
186.181.25.142 - - [31/Jan/2015:08:09:17 -0500] "GET /galeria/nivo-slider/demo/images/banner-llantas2.jpg HTTP/1.1" 200 73153
186.181.25.142 - - [31/Jan/2015:08:09:18 -0500] "GET /galeria/nivo-slider/demo/images/banner-caballos.png HTTP/1.1" 200 389106
186.181.25.142 - - [31/Jan/2015:08:09:18 -0500] "GET /galeria/nivo-slider/demo/scripts/jquery-1.7.1.min.js HTTP/1.1" 200 93868
186.181.25.142 - - [31/Jan/2015:08:09:18 -0500] "GET /galeria/nivo-slider/demo/images/4Simple_Slider.png HTTP/1.1" 200 11722
186.181.25.142 - - [31/Jan/2015:08:09:18 -0500] "GET /galeria/nivo-slider/themes/default/loading.gif HTTP/1.1" 200 1737
186.181.25.142 - - [31/Jan/2015:08:09:19 -0500] "GET /galeria/nivo-slider/jquery.nivo.slider.pack.js HTTP/1.1" 200 11561
186.181.25.142 - - [31/Jan/2015:08:09:22 -0500] "GET /galeria/nivo-slider/themes/default/arrows.png HTTP/1.1" 200 824
186.181.25.142 - - [31/Jan/2015:08:09:23 -0500] "GET /galeria/nivo-slider/themes/default/bullets.png HTTP/1.1" 200 1281
66.249.73.171 - - [31/Jan/2015:08:09:24 -0500] "GET /BLA/resoluciones/RESOLUCIONES%202009/1063.pdf HTTP/1.1" 200 196820
66.249.73.171 - - [31/Jan/2015:08:09:32 -0500] "GET /BLA/resoluciones/RESOLUCIONES%202009/4322.pdf HTTP/1.1" 200 628641
66.249.73.155 - - [31/Jan/2015:08:09:40 -0500] "GET /BLA/resoluciones/RESOLUCIONES%202008/2501.pdf HTTP/1.1" 200 258656
201.245.127.34 - - [31/Jan/2015:08:09:45 -0500] "GET /dama/libreria/jpg/sec_amb.jpg HTTP/1.1" 404 1019
201.245.127.34 - - [31/Jan/2015:08:09:45 -0500] "GET /dama/libreria/jpg/sec_amb.jpg HTTP/1.1" 404 1019
201.245.127.34 - - [31/Jan/2015:08:09:45 -0500] "GET /dama/libreria/jpg/sec_amb.jpg HTTP/1.1" 404 1019
201.245.127.34 - - [31/Jan/2015:08:09:45 -0500] "GET /dama/libreria/jpg/sec_amb.jpg HTTP/1.1" 404 1019
201.245.127.34 - - [31/Jan/2015:08:09:46 -0500] "GET /dama/libreria/jpg/sec_amb.jpg HTTP/1.1" 404 1019
201.245.127.34 - - [31/Jan/2015:08:09:46 -0500] "GET /dama/libreria/jpg/sec_amb.jpg HTTP/1.1" 404 1019
201.245.127.34 - - [31/Jan/2015:08:09:46 -0500] "GET /dama/libreria/jpg/sec_amb.jpg HTTP/1.1" 404 1019
201.245.127.34 - - [31/Jan/2015:08:09:46 -0500] "GET /dama/libreria/jpg/sec_amb.jpg HTTP/1.1" 404 1019
66.249.73.155 - - [31/Jan/2015:08:09:48 -0500] "GET /BLA/resoluciones/AUTOS%202007/2218.pdf HTTP/1.1" 200 69716
66.249.73.171 - - [31/Jan/2015:08:09:56 -0500] "GET /BLA/resoluciones/RESOLUCIONES%202008/2651.pdf HTTP/1.1" 200 199888
66.249.73.163 - - [31/Jan/2015:08:10:04 -0500] "GET /BLA/resoluciones/RESOLUCIONES%202010/3346.pdf HTTP/1.1" 200 357597
66.249.73.171 - - [31/Jan/2015:08:10:12 -0500] "GET /BLA/resoluciones/RESOLUCIONES%202009/3555.pdf HTTP/1.1" 200 707638
66.249.73.155 - - [31/Jan/2015:08:10:20 -0500] "GET /BLA/resoluciones/RESOLUCIONES%202009/5722.pdf HTTP/1.1" 200 397732
66.249.73.163 - - [31/Jan/2015:08:10:28 -0500] "GET /BLA/resoluciones/AUTOS%202008/0029.pdf HTTP/1.1" 200 158323
66.249.73.171 - - [31/Jan/2015:08:10:36 -0500] "GET /BLA/resoluciones/AUTOS%202007/3583.pdf HTTP/1.1" 200 233557
66.249.73.171 - - [31/Jan/2015:08:10:44 -0500] "GET /BLA/resoluciones/RESOLUCIONES%202010/4763.pdf HTTP/1.1" 200 327744
66.249.73.163 - - [31/Jan/2015:08:10:52 -0500] "GET /BLA/resoluciones/RESOLUCIONES%202008/2384.pdf HTTP/1.1" 200 265311
66.249.73.155 - - [31/Jan/2015:08:11:00 -0500] "GET /BLA/resoluciones/AUTOS%202008/1582.pdf HTTP/1.1" 200 79714
66.249.73.171 - - [31/Jan/2015:08:11:08 -0500] "GET /BLA/resoluciones/AUTOS%202007/2733.pdf HTTP/1.1" 200 236926
188.165.15.202 - - [31/Jan/2015:08:11:09 -0500] "GET /BLA/resoluciones/index.php?dir=RESOLUCIONES+2006%2FRES+2006+1651-1700%2F HTTP/1.1" 200 12354
188.165.15.203 - - [31/Jan/2015:08:11:14 -0500] "GET /BLA/resoluciones/RESOLUCIONES%202004/RES%202004%201401-1450/00001403.tif HTTP/1.1" 200 291094
66.249.73.171 - - [31/Jan/2015:08:11:16 -0500] "GET /BLA/resoluciones/AUTOS%202011/6908.pdf HTTP/1.1" 200 269225
66.249.73.163 - - [31/Jan/2015:08:11:24 -0500] "GET /BLA/resoluciones/AUTOS%202008/2797.pdf HTTP/1.1" 200 129067
66.249.73.171 - - [31/Jan/2015:08:11:28 -0500] "GET /BLA/resoluciones/RESOLUCIONES%202003/RES%202003%20901-950/926.tif HTTP/1.1" 200 84236
66.249.73.163 - - [31/Jan/2015:08:11:32 -0500] "GET /BLA/resoluciones/RESOLUCIONES%202009/3341.pdf HTTP/1.1" 200 633966
66.249.73.155 - - [31/Jan/2015:08:11:40 -0500] "GET /BLA/resoluciones/RESOLUCIONES%202008/1878.pdf HTTP/1.1" 200 201301
180.76.6.132 - - [31/Jan/2015:08:11:40 -0500] "GET /BLA/resoluciones/RESOLUCIONES%202013/0276.pdf HTTP/1.1" 200 2294285
66.249.73.171 - - [31/Jan/2015:08:11:47 -0500] "GET /BLA/resoluciones/AUTOS%202007/0813.pdf HTTP/1.1" 200 75993
66.249.73.163 - - [31/Jan/2015:08:11:49 -0500] "GET /BLA/resoluciones/RESOLUCIONES%202003/RES%202003%202101-2150/20032103.tif HTTP/1.1" 200 218224
66.249.73.163 - - [31/Jan/2015:08:11:55 -0500] "GET /BLA/resoluciones/AUTOS%202011/0145.pdf HTTP/1.1" 200 310078
66.249.73.171 - - [31/Jan/2015:08:12:03 -0500] "GET /BLA/resoluciones/RESOLUCIONES%202010/0736.pdf HTTP/1.1" 200 150110
66.249.73.155 - - [31/Jan/2015:08:12:11 -0500] "GET /BLA/resoluciones/AUTOS%202007/3621.pdf HTTP/1.1" 200 265351
66.249.73.163 - - [31/Jan/2015:08:12:19 -0500] "GET /BLA/resoluciones/RESOLUCIONES%202009/4585.pdf HTTP/1.1" 200 638425
66.249.73.163 - - [31/Jan/2015:08:12:27 -0500] "GET /BLA/resoluciones/AUTOS%202008/3394.pdf HTTP/1.1" 200 104109
66.249.73.155 - - [31/Jan/2015:08:12:35 -0500] "GET /BLA/resoluciones/RESOLUCIONES%202008/1155.pdf HTTP/1.1" 200 262801
66.249.73.155 - - [31/Jan/2015:08:12:43 -0500] "GET /BLA/resoluciones/AUTOS%202007/2444.pdf HTTP/1.1" 200 27554
191.75.16.13 - - [31/Jan/2015:08:12:48 -0500] "GET /BLA/boletinlegal/js/jquery.js HTTP/1.1" 200 57254
191.75.16.13 - - [31/Jan/2015:08:12:48 -0500] "GET /BLA/boletinlegal/js/jquery.scrollTo-min.js HTTP/1.1" 200 1150
191.75.16.13 - - [31/Jan/2015:08:12:48 -0500] "GET /BLA/boletinlegal/js/jquery.scrollShow.js HTTP/1.1" 200 4586
66.249.73.171 - - [31/Jan/2015:08:12:51 -0500] "GET /BLA/resoluciones/AUTOS%202010/0193.pdf HTTP/1.1" 200 261489
66.249.73.171 - - [31/Jan/2015:08:12:59 -0500] "GET /BLA/resoluciones/AUTOS%202007/1452.pdf HTTP/1.1" 200 79766
74.86.158.107 - - [31/Jan/2015:08:13:02 -0500] "HEAD / HTTP/1.1" 302 -
66.249.73.155 - - [31/Jan/2015:08:13:07 -0500] "GET /BLA/resoluciones/AUTOS%202008/2589.pdf HTTP/1.1" 200 82484
66.249.73.163 - - [31/Jan/2015:08:13:15 -0500] "GET /BLA/resoluciones/AUTOS%202010/4592.pdf HTTP/1.1" 200 228837
66.249.73.171 - - [31/Jan/2015:08:13:23 -0500] "GET /BLA/resoluciones/AUTOS%202008/2191.pdf HTTP/1.1" 200 75479
66.249.73.163 - - [31/Jan/2015:08:13:31 -0500] "GET /BLA/resoluciones/RESOLUCIONES%202007/RES%202007%203201%20AL%203300/RESOLUCION%203209%20DE%202007.pdf HTTP/1.1" 200 851385
188.165.15.177 - - [31/Jan/2015:08:13:36 -0500] "GET /BLA/resoluciones/index.php?dir=RESOLUCIONES%202002/RES%202002%20101-150/&sort=date&order=asc HTTP/1.1" 200 12339
66.249.73.163 - - [31/Jan/2015:08:13:39 -0500] "GET /BLA/resoluciones/RESOLUCIONES%202009/6191.pdf HTTP/1.1" 200 661736
201.245.192.253 - - [31/Jan/2015:08:13:46 -0500] "GET /forest/session.jsp?a=0.9607977925334126 HTTP/1.1" 200 4
66.249.73.171 - - [31/Jan/2015:08:13:47 -0500] "GET /BLA/resoluciones/AUTOS%202007/3662.pdf HTTP/1.1" 200 200843
66.249.73.171 - - [31/Jan/2015:08:13:55 -0500] "GET /BLA/resoluciones/AUTOS%202007/3187.pdf HTTP/1.1" 200 109102
66.249.73.163 - - [31/Jan/2015:08:14:03 -0500] "GET /BLA/resoluciones/RESOLUCIONES%202009/2503.pdf HTTP/1.1" 200 420574
190.127.234.66 - - [31/Jan/2015:08:14:08 -0500] "GET /galeria/carrusel/Carrusel/jquery.thumbnailScroller.css HTTP/1.1" 200 2066
190.127.234.66 - - [31/Jan/2015:08:14:08 -0500] "GET /BLA/boletinlegal/js/jquery.js HTTP/1.1" 200 57254
190.127.234.66 - - [31/Jan/2015:08:14:08 -0500] "GET /BLA/boletinlegal/js/jquery.scrollTo-min.js HTTP/1.1" 200 1150
190.127.234.66 - - [31/Jan/2015:08:14:08 -0500] "GET /BLA/boletinlegal/js/jquery.scrollShow.js HTTP/1.1" 200 4586
190.127.234.66 - - [31/Jan/2015:08:14:08 -0500] "GET /galeria/carrusel/Carrusel/jquery-ui-1.8.13.custom.min.js HTTP/1.1" 200 10800
190.127.234.66 - - [31/Jan/2015:08:14:08 -0500] "GET /galeria/carrusel/Carrusel/jquery.thumbnailScroller.js HTTP/1.1" 200 8157
190.188.67.249 - - [31/Jan/2015:08:14:10 -0500] "GET /BLA/boletinlegal/jurisprudencia/analisis/CUADRO%20SENTENCIA%20T-299%20DE%202008.doc HTTP/1.1" 200 40960
66.249.73.171 - - [31/Jan/2015:08:14:10 -0500] "GET /BLA/resoluciones/AUTOS%202008/3407.pdf HTTP/1.1" 200 101972
190.127.234.66 - - [31/Jan/2015:08:14:17 -0500] "GET /galeria/nivo-slider/demo/demo.html HTTP/1.1" 200 3150
190.127.234.66 - - [31/Jan/2015:08:14:17 -0500] "GET /galeria/nivo-slider/themes/default/default.css HTTP/1.1" 200 1569
190.127.234.66 - - [31/Jan/2015:08:14:17 -0500] "GET /galeria/nivo-slider/themes/pascal/pascal.css HTTP/1.1" 200 2258
190.127.234.66 - - [31/Jan/2015:08:14:17 -0500] "GET /galeria/nivo-slider/themes/orman/orman.css HTTP/1.1" 200 2152
190.127.234.66 - - [31/Jan/2015:08:14:17 -0500] "GET /galeria/nivo-slider/nivo-slider.css HTTP/1.1" 200 1507
190.127.234.66 - - [31/Jan/2015:08:14:17 -0500] "GET /galeria/nivo-slider/demo/style.css HTTP/1.1" 200 2222
190.127.234.66 - - [31/Jan/2015:08:14:18 -0500] "GET /galeria/nivo-slider/demo/scripts/jquery-1.7.1.min.js HTTP/1.1" 200 93868
190.127.234.66 - - [31/Jan/2015:08:14:18 -0500] "GET /galeria/nivo-slider/jquery.nivo.slider.pack.js HTTP/1.1" 200 11561
190.127.234.66 - - [31/Jan/2015:08:14:18 -0500] "GET /galeria/nivo-slider/demo/images/4Simple_Slider.png HTTP/1.1" 200 11722
66.249.73.171 - - [31/Jan/2015:08:14:18 -0500] "GET /BLA/resoluciones/RESOLUCIONES%202009/3691.pdf HTTP/1.1" 200 275011
190.127.234.66 - - [31/Jan/2015:08:14:19 -0500] "GET /galeria/nivo-slider/themes/default/loading.gif HTTP/1.1" 200 1737
190.127.234.66 - - [31/Jan/2015:08:14:21 -0500] "GET /galeria/nivo-slider/demo/images/bolsas-08.jpg HTTP/1.1" 200 85589
190.127.234.66 - - [31/Jan/2015:08:14:21 -0500] "GET /galeria/nivo-slider/demo/images/Ruta-vertimientos-01.jpg HTTP/1.1" 200 130151
190.127.234.66 - - [31/Jan/2015:08:14:22 -0500] "GET /galeria/nivo-slider/demo/images/bolsas-06.jpg HTTP/1.1" 200 90982
190.127.234.66 - - [31/Jan/2015:08:14:22 -0500] "GET /galeria/nivo-slider/demo/images/ecolecta-Dic2014.png HTTP/1.1" 200 288593
186.154.196.194 - - [31/Jan/2015:08:14:23 -0500] "GET /BLA/boletinlegal/js/jquery.js HTTP/1.1" 200 57254
186.154.196.194 - - [31/Jan/2015:08:14:23 -0500] "GET /BLA/boletinlegal/js/jquery.scrollTo-min.js HTTP/1.1" 200 1150
186.154.196.194 - - [31/Jan/2015:08:14:23 -0500] "GET /BLA/boletinlegal/js/jquery.scrollShow.js HTTP/1.1" 200 4586
190.127.234.66 - - [31/Jan/2015:08:14:25 -0500] "GET /galeria/nivo-slider/demo/images/porloshumedales.jpg HTTP/1.1" 200 351238
190.127.234.66 - - [31/Jan/2015:08:14:25 -0500] "GET /galeria/nivo-slider/demo/images/Tingua-azul.jpg HTTP/1.1" 200 307638
66.249.73.163 - - [31/Jan/2015:08:14:26 -0500] "GET /autoliquidacion/TR%C3%81MITES%20AGUAS%20SUBTERR%C3%81NEAS/formato%20toma%20de%20niveles.doc HTTP/1.1" 200 713728
190.127.234.66 - - [31/Jan/2015:08:14:28 -0500] "GET /galeria/nivo-slider/demo/images/Banner-Caracol-Africano.jpg HTTP/1.1" 200 331986
186.154.196.194 - - [31/Jan/2015:08:14:29 -0500] "GET /galeria/carrusel/Carrusel/jquery.thumbnailScroller.js HTTP/1.1" 200 8157
186.154.196.194 - - [31/Jan/2015:08:14:29 -0500] "GET /galeria/carrusel/Carrusel/jquery-ui-1.8.13.custom.min.js HTTP/1.1" 200 10800
186.154.196.194 - - [31/Jan/2015:08:14:29 -0500] "GET /galeria/carrusel/Carrusel/jquery.thumbnailScroller.css HTTP/1.1" 200 2066
66.249.73.163 - - [31/Jan/2015:08:14:34 -0500] "GET /BLA/resoluciones/AUTOS%202008/1799.pdf HTTP/1.1" 200 89357
186.154.196.194 - - [31/Jan/2015:08:14:36 -0500] "GET /galeria/nivo-slider/demo/demo.html HTTP/1.1" 200 3150
186.154.196.194 - - [31/Jan/2015:08:14:36 -0500] "GET /galeria/nivo-slider/themes/default/default.css HTTP/1.1" 200 1569
186.154.196.194 - - [31/Jan/2015:08:14:36 -0500] "GET /galeria/nivo-slider/themes/pascal/pascal.css HTTP/1.1" 200 2258
186.154.196.194 - - [31/Jan/2015:08:14:36 -0500] "GET /galeria/nivo-slider/themes/orman/orman.css HTTP/1.1" 200 2152
186.154.196.194 - - [31/Jan/2015:08:14:36 -0500] "GET /galeria/nivo-slider/demo/style.css HTTP/1.1" 200 2222
186.154.196.194 - - [31/Jan/2015:08:14:36 -0500] "GET /galeria/nivo-slider/nivo-slider.css HTTP/1.1" 200 1507
186.154.196.194 - - [31/Jan/2015:08:14:36 -0500] "GET /galeria/nivo-slider/demo/scripts/jquery-1.7.1.min.js HTTP/1.1" 200 93868
186.154.196.194 - - [31/Jan/2015:08:14:36 -0500] "GET /galeria/nivo-slider/jquery.nivo.slider.pack.js HTTP/1.1" 200 11561
186.154.196.194 - - [31/Jan/2015:08:14:36 -0500] "GET /galeria/nivo-slider/demo/images/bolsas-08.jpg HTTP/1.1" 200 85589
186.154.196.194 - - [31/Jan/2015:08:14:36 -0500] "GET /galeria/nivo-slider/demo/images/Ruta-vertimientos-01.jpg HTTP/1.1" 200 130151
186.154.196.194 - - [31/Jan/2015:08:14:36 -0500] "GET /galeria/nivo-slider/demo/images/bolsas-06.jpg HTTP/1.1" 200 90982
186.154.196.194 - - [31/Jan/2015:08:14:36 -0500] "GET /galeria/nivo-slider/demo/images/ecolecta-Dic2014.png HTTP/1.1" 200 288593
186.154.196.194 - - [31/Jan/2015:08:14:36 -0500] "GET /galeria/nivo-slider/demo/images/porloshumedales.jpg HTTP/1.1" 200 351238
186.154.196.194 - - [31/Jan/2015:08:14:38 -0500] "GET /galeria/nivo-slider/demo/images/4Simple_Slider.png HTTP/1.1" 200 11722
186.154.196.194 - - [31/Jan/2015:08:14:38 -0500] "GET /galeria/nivo-slider/themes/default/loading.gif HTTP/1.1" 200 1737
186.154.196.194 - - [31/Jan/2015:08:14:38 -0500] "GET /galeria/nivo-slider/demo/images/Tingua-azul.jpg HTTP/1.1" 200 307638
186.154.196.194 - - [31/Jan/2015:08:14:38 -0500] "GET /galeria/nivo-slider/demo/images/Banner-Caracol-Africano.jpg HTTP/1.1" 200 331986
186.154.196.194 - - [31/Jan/2015:08:14:38 -0500] "GET /galeria/nivo-slider/demo/images/banner-redes.jpg HTTP/1.1" 200 62209
186.154.196.194 - - [31/Jan/2015:08:14:39 -0500] "GET /galeria/nivo-slider/demo/images/9Signos.jpg HTTP/1.1" 200 93040
186.154.196.194 - - [31/Jan/2015:08:14:39 -0500] "GET /galeria/nivo-slider/demo/images/banner-llantas2.jpg HTTP/1.1" 200 73153
186.154.196.194 - - [31/Jan/2015:08:14:40 -0500] "GET /galeria/nivo-slider/demo/images/banner-caballos.png HTTP/1.1" 200 389106
66.249.73.163 - - [31/Jan/2015:08:14:42 -0500] "GET /BLA/resoluciones/RESOLUCIONES%202011/0732.pdf HTTP/1.1" 200 247574
66.249.73.171 - - [31/Jan/2015:08:14:50 -0500] "GET /BLA/resoluciones/AUTOS%202011/0893.pdf HTTP/1.1" 200 98021
186.154.196.194 - - [31/Jan/2015:08:14:53 -0500] "GET /galeria/nivo-slider/themes/default/arrows.png HTTP/1.1" 200 824
186.154.196.194 - - [31/Jan/2015:08:14:53 -0500] "GET /galeria/nivo-slider/themes/default/bullets.png HTTP/1.1" 200 1281
190.127.234.66 - - [31/Jan/2015:08:14:50 -0500] "GET /isolucionsda/ HTTP/1.1" 200 739
66.249.73.171 - - [31/Jan/2015:08:14:58 -0500] "GET /BLA/resoluciones/RESOLUCIONES%202008/5497.pdf HTTP/1.1" 200 236567
66.249.73.155 - - [31/Jan/2015:08:14:59 -0500] "GET /BLA/resoluciones/AUTOS%202014/6143.pdf HTTP/1.1" 200 139187
190.127.234.66 - - [31/Jan/2015:08:14:59 -0500] "GET /isolucionsda/ HTTP/1.1" 200 739
190.127.234.66 - - [31/Jan/2015:08:14:59 -0500] "GET /favicon.ico HTTP/1.1" 200 7782
186.154.196.194 - - [31/Jan/2015:08:15:02 -0500] "GET /BLA/boletinlegal/js/jquery.js HTTP/1.1" 200 57254
186.154.196.194 - - [31/Jan/2015:08:15:02 -0500] "GET /BLA/boletinlegal/js/jquery.scrollShow.js HTTP/1.1" 200 4586
186.154.196.194 - - [31/Jan/2015:08:15:02 -0500] "GET /BLA/boletinlegal/js/jquery.scrollTo-min.js HTTP/1.1" 200 1150
186.154.196.194 - - [31/Jan/2015:08:15:02 -0500] "GET /galeria/carrusel/Carrusel/jquery.thumbnailScroller.js HTTP/1.1" 200 8157
186.154.196.194 - - [31/Jan/2015:08:15:02 -0500] "GET /galeria/carrusel/Carrusel/jquery-ui-1.8.13.custom.min.js HTTP/1.1" 200 10800
186.154.196.194 - - [31/Jan/2015:08:15:02 -0500] "GET /galeria/carrusel/Carrusel/jquery.thumbnailScroller.css HTTP/1.1" 200 2066
66.249.73.171 - - [31/Jan/2015:08:15:06 -0500] "GET /BLA/resoluciones/AUTOS%202008/2033.pdf HTTP/1.1" 200 146311
186.181.25.142 - - [31/Jan/2015:08:15:07 -0500] "GET /StormSDA/userFiles/user_files.jnlp HTTP/1.1" 304 -
186.181.25.142 - - [31/Jan/2015:08:15:08 -0500] "GET /StormSDA/lib/lib.jnlp HTTP/1.1" 304 -
186.181.25.142 - - [31/Jan/2015:08:15:08 -0500] "GET /StormSDA/nsjars/nsjars.jnlp HTTP/1.1" 304 -
186.181.25.142 - - [31/Jan/2015:08:15:09 -0500] "GET /StormSDA/storm/XMLFormula.jar HTTP/1.1" 304 -
186.181.25.142 - - [31/Jan/2015:08:15:09 -0500] "GET /StormSDA/storm/userHelp.jar HTTP/1.1" 304 -
186.181.25.142 - - [31/Jan/2015:08:15:09 -0500] "GET /StormSDA/storm/Utils.jar HTTP/1.1" 304 -
186.181.25.142 - - [31/Jan/2015:08:15:09 -0500] "GET /StormSDA/StormUser21.jar HTTP/1.1" 304 -
186.181.25.142 - - [31/Jan/2015:08:15:09 -0500] "GET /StormSDA/storm/StormUser.jar HTTP/1.1" 304 -
186.181.25.142 - - [31/Jan/2015:08:15:09 -0500] "GET /StormSDA/storm/STORMParser.jar HTTP/1.1" 304 -
186.181.25.142 - - [31/Jan/2015:08:15:09 -0500] "GET /StormSDA/storm/stormNewServer.jar HTTP/1.1" 304 -
186.181.25.142 - - [31/Jan/2015:08:15:09 -0500] "GET /StormSDA/storm/STORMFormula.jar HTTP/1.1" 304 -
186.181.25.142 - - [31/Jan/2015:08:15:09 -0500] "GET /StormSDA/storm/EnviosPlugin.jar HTTP/1.1" 304 -
190.127.234.66 - - [31/Jan/2015:08:15:09 -0500] "GET /isolucionsda/ HTTP/1.1" 200 739
186.181.25.142 - - [31/Jan/2015:08:15:09 -0500] "GET /StormSDA/storm/HTTPClient.jar HTTP/1.1" 304 -
190.127.234.66 - - [31/Jan/2015:08:15:09 -0500] "GET /favicon.ico HTTP/1.1" 200 7782
186.181.25.142 - - [31/Jan/2015:08:15:09 -0500] "GET /StormSDA/storm/Matriz.jar HTTP/1.1" 304 -
186.181.25.142 - - [31/Jan/2015:08:15:09 -0500] "GET /StormSDA/storm/version.jar HTTP/1.1" 304 -
186.181.25.142 - - [31/Jan/2015:08:15:09 -0500] "GET /StormSDA/userFiles/1.jar HTTP/1.1" 200 4146
186.181.25.142 - - [31/Jan/2015:08:15:09 -0500] "GET /StormSDA/userFiles/85.jar HTTP/1.1" 200 4136
186.181.25.142 - - [31/Jan/2015:08:15:09 -0500] "GET /StormSDA/userFiles/86.jar HTTP/1.1" 200 4136
186.181.25.142 - - [31/Jan/2015:08:15:10 -0500] "GET /StormSDA/userFiles/87.jar HTTP/1.1" 200 4136
186.181.25.142 - - [31/Jan/2015:08:15:10 -0500] "GET /StormSDA/userFiles/1.jar HTTP/1.1" 200 4146
186.181.25.142 - - [31/Jan/2015:08:15:10 -0500] "GET /StormSDA/userFiles/85.jar HTTP/1.1" 200 4136
186.181.25.142 - - [31/Jan/2015:08:15:10 -0500] "GET /StormSDA/userFiles/86.jar HTTP/1.1" 200 4136
186.181.25.142 - - [31/Jan/2015:08:15:10 -0500] "GET /StormSDA/userFiles/87.jar HTTP/1.1" 200 4136
186.181.25.142 - - [31/Jan/2015:08:15:10 -0500] "GET /StormSDA/userFiles/88.jar HTTP/1.1" 200 4136
186.181.25.142 - - [31/Jan/2015:08:15:10 -0500] "GET /StormSDA/userFiles/89.jar HTTP/1.1" 200 4136
186.181.25.142 - - [31/Jan/2015:08:15:10 -0500] "GET /StormSDA/userFiles/88.jar HTTP/1.1" 200 4136
186.181.25.142 - - [31/Jan/2015:08:15:10 -0500] "GET /StormSDA/userFiles/91.jar HTTP/1.1" 200 4136
186.181.25.142 - - [31/Jan/2015:08:15:10 -0500] "GET /StormSDA/userFiles/90.jar HTTP/1.1" 200 4136
186.181.25.142 - - [31/Jan/2015:08:15:11 -0500] "GET /StormSDA/userFiles/89.jar HTTP/1.1" 200 4136
186.181.25.142 - - [31/Jan/2015:08:15:11 -0500] "GET /StormSDA/userFiles/92.jar HTTP/1.1" 200 4136
186.181.25.142 - - [31/Jan/2015:08:15:11 -0500] "GET /StormSDA/userFiles/91.jar HTTP/1.1" 200 4136
186.181.25.142 - - [31/Jan/2015:08:15:11 -0500] "GET /StormSDA/userFiles/90.jar HTTP/1.1" 200 4136
186.181.25.142 - - [31/Jan/2015:08:15:11 -0500] "GET /StormSDA/userFiles/92.jar HTTP/1.1" 200 4136
186.181.25.142 - - [31/Jan/2015:08:15:11 -0500] "GET /StormSDA/userFiles/93.jar HTTP/1.1" 200 4136
186.181.25.142 - - [31/Jan/2015:08:15:11 -0500] "GET /StormSDA/userFiles/93.jar HTTP/1.1" 200 4136
186.181.25.142 - - [31/Jan/2015:08:15:11 -0500] "GET /StormSDA/userFiles/94.jar HTTP/1.1" 200 4136
186.181.25.142 - - [31/Jan/2015:08:15:11 -0500] "GET /StormSDA/userFiles/94.jar HTTP/1.1" 200 4136
186.181.25.142 - - [31/Jan/2015:08:15:11 -0500] "GET /StormSDA/userFiles/95.jar HTTP/1.1" 200 4259
186.181.25.142 - - [31/Jan/2015:08:15:11 -0500] "GET /StormSDA/userFiles/96.jar HTTP/1.1" 200 4136
186.181.25.142 - - [31/Jan/2015:08:15:11 -0500] "GET /StormSDA/userFiles/97.jar HTTP/1.1" 200 4136
186.181.25.142 - - [31/Jan/2015:08:15:11 -0500] "GET /StormSDA/userFiles/95.jar HTTP/1.1" 200 4259
186.181.25.142 - - [31/Jan/2015:08:15:11 -0500] "GET /StormSDA/userFiles/98.jar HTTP/1.1" 200 4136
186.181.25.142 - - [31/Jan/2015:08:15:11 -0500] "GET /StormSDA/userFiles/96.jar HTTP/1.1" 200 4136
186.181.25.142 - - [31/Jan/2015:08:15:12 -0500] "GET /StormSDA/userFiles/97.jar HTTP/1.1" 200 4136
186.181.25.142 - - [31/Jan/2015:08:15:12 -0500] "GET /StormSDA/userFiles/98.jar HTTP/1.1" 200 4136
186.181.25.142 - - [31/Jan/2015:08:15:12 -0500] "GET /StormSDA/lib/AbsoluteLayout.jar HTTP/1.1" 304 -
186.181.25.142 - - [31/Jan/2015:08:15:12 -0500] "GET /StormSDA/userFiles/basicos.jar HTTP/1.1" 200 670998
186.181.25.142 - - [31/Jan/2015:08:15:12 -0500] "GET /StormSDA/lib/helper.jar HTTP/1.1" 304 -
186.181.25.142 - - [31/Jan/2015:08:15:12 -0500] "GET /StormSDA/lib/jaxen-jdom.jar HTTP/1.1" 304 -
186.181.25.142 - - [31/Jan/2015:08:15:12 -0500] "GET /StormSDA/lib/jaxen-core.jar HTTP/1.1" 304 -
186.181.25.142 - - [31/Jan/2015:08:15:12 -0500] "GET /StormSDA/lib/jdom.jar HTTP/1.1" 304 -
186.181.25.142 - - [31/Jan/2015:08:15:12 -0500] "GET /StormSDA/userFiles/basicos.jar HTTP/1.1" 200 670998
186.181.25.142 - - [31/Jan/2015:08:15:12 -0500] "GET /StormSDA/lib/jep-2.4.0.jar HTTP/1.1" 304 -
186.181.25.142 - - [31/Jan/2015:08:15:12 -0500] "GET /StormSDA/lib/jh.jar HTTP/1.1" 304 -
186.181.25.142 - - [31/Jan/2015:08:15:12 -0500] "GET /StormSDA/lib/saxpath.jar HTTP/1.1" 304 -
186.181.25.142 - - [31/Jan/2015:08:15:12 -0500] "GET /StormSDA/lib/swing-layout-1.0.2.jar HTTP/1.1" 304 -
186.181.25.142 - - [31/Jan/2015:08:15:12 -0500] "GET /StormSDA/lib/swing-worker.jar HTTP/1.1" 304 -
186.181.25.142 - - [31/Jan/2015:08:15:12 -0500] "GET /StormSDA/lib/jnlp.jar HTTP/1.1" 304 -
186.181.25.142 - - [31/Jan/2015:08:15:12 -0500] "GET /StormSDA/lib/json.jar HTTP/1.1" 304 -
186.181.25.142 - - [31/Jan/2015:08:15:12 -0500] "GET /StormSDA/nsjars/appframework-1.0.jar HTTP/1.1" 304 -
186.181.25.142 - - [31/Jan/2015:08:15:12 -0500] "GET /StormSDA/nsjars/poi-2.0.jar HTTP/1.1" 304 -
186.181.25.142 - - [31/Jan/2015:08:15:12 -0500] "GET /StormSDA/nsjars/log4j-1.2.11.jar HTTP/1.1" 304 -
186.181.25.142 - - [31/Jan/2015:08:15:12 -0500] "GET /StormSDA/nsjars/derby.jar HTTP/1.1" 304 -
186.181.25.142 - - [31/Jan/2015:08:15:12 -0500] "GET /StormSDA/nsjars/commons-httpclient-3.1.jar HTTP/1.1" 304 -
186.181.25.142 - - [31/Jan/2015:08:15:12 -0500] "GET /StormSDA/nsjars/commons-codec-1.4.jar HTTP/1.1" 304 -
186.181.25.142 - - [31/Jan/2015:08:15:12 -0500] "GET /StormSDA/nsjars/commons-logging.jar HTTP/1.1" 304 -
186.181.25.142 - - [31/Jan/2015:08:15:12 -0500] "GET /StormSDA/nsjars/ShaUtil.jar HTTP/1.1" 304 -
186.181.25.142 - - [31/Jan/2015:08:15:12 -0500] "GET /StormSDA/nsjars/LoadInf.jar HTTP/1.1" 304 -
186.154.196.194 - - [31/Jan/2015:08:15:13 -0500] "GET /galeria/nivo-slider/demo/demo.html HTTP/1.1" 200 3150
186.154.196.194 - - [31/Jan/2015:08:15:13 -0500] "GET /galeria/nivo-slider/themes/default/default.css HTTP/1.1" 200 1569
186.154.196.194 - - [31/Jan/2015:08:15:13 -0500] "GET /galeria/nivo-slider/nivo-slider.css HTTP/1.1" 200 1507
186.154.196.194 - - [31/Jan/2015:08:15:13 -0500] "GET /galeria/nivo-slider/themes/pascal/pascal.css HTTP/1.1" 200 2258
186.154.196.194 - - [31/Jan/2015:08:15:13 -0500] "GET /galeria/nivo-slider/demo/style.css HTTP/1.1" 200 2222
186.154.196.194 - - [31/Jan/2015:08:15:13 -0500] "GET /galeria/nivo-slider/demo/scripts/jquery-1.7.1.min.js HTTP/1.1" 200 93868
186.154.196.194 - - [31/Jan/2015:08:15:13 -0500] "GET /galeria/nivo-slider/themes/orman/orman.css HTTP/1.1" 200 2152
186.154.196.194 - - [31/Jan/2015:08:15:13 -0500] "GET /galeria/nivo-slider/demo/images/bolsas-06.jpg HTTP/1.1" 200 90982
186.154.196.194 - - [31/Jan/2015:08:15:13 -0500] "GET /galeria/nivo-slider/demo/images/Ruta-vertimientos-01.jpg HTTP/1.1" 200 130151
186.154.196.194 - - [31/Jan/2015:08:15:13 -0500] "GET /galeria/nivo-slider/demo/images/bolsas-08.jpg HTTP/1.1" 200 85589
186.154.196.194 - - [31/Jan/2015:08:15:13 -0500] "GET /galeria/nivo-slider/demo/images/ecolecta-Dic2014.png HTTP/1.1" 200 288593
186.154.196.194 - - [31/Jan/2015:08:15:13 -0500] "GET /galeria/nivo-slider/jquery.nivo.slider.pack.js HTTP/1.1" 200 11561
186.154.196.194 - - [31/Jan/2015:08:15:13 -0500] "GET /galeria/nivo-slider/demo/images/porloshumedales.jpg HTTP/1.1" 200 351238
66.249.73.163 - - [31/Jan/2015:08:15:14 -0500] "GET /BLA/resoluciones/RESOLUCIONES%202009/1571.pdf HTTP/1.1" 200 51168
186.154.196.194 - - [31/Jan/2015:08:15:15 -0500] "GET /galeria/nivo-slider/demo/images/4Simple_Slider.png HTTP/1.1" 200 11722
186.154.196.194 - - [31/Jan/2015:08:15:15 -0500] "GET /galeria/nivo-slider/themes/default/loading.gif HTTP/1.1" 200 1737
186.154.196.194 - - [31/Jan/2015:08:15:15 -0500] "GET /galeria/nivo-slider/demo/images/Banner-Caracol-Africano.jpg HTTP/1.1" 200 331986
186.154.196.194 - - [31/Jan/2015:08:15:15 -0500] "GET /galeria/nivo-slider/demo/images/Tingua-azul.jpg HTTP/1.1" 200 307638
186.154.196.194 - - [31/Jan/2015:08:15:15 -0500] "GET /galeria/nivo-slider/demo/images/banner-redes.jpg HTTP/1.1" 200 62209
186.154.196.194 - - [31/Jan/2015:08:15:15 -0500] "GET /galeria/nivo-slider/demo/images/9Signos.jpg HTTP/1.1" 200 93040
186.154.196.194 - - [31/Jan/2015:08:15:15 -0500] "GET /galeria/nivo-slider/demo/images/banner-llantas2.jpg HTTP/1.1" 200 73153
186.154.196.194 - - [31/Jan/2015:08:15:17 -0500] "GET /galeria/nivo-slider/demo/images/banner-caballos.png HTTP/1.1" 200 389106
190.127.234.66 - - [31/Jan/2015:08:15:19 -0500] "GET /isolucionsda/ HTTP/1.1" 200 739
186.154.196.194 - - [31/Jan/2015:08:15:19 -0500] "GET /galeria/nivo-slider/themes/default/arrows.png HTTP/1.1" 200 824
186.154.196.194 - - [31/Jan/2015:08:15:19 -0500] "GET /galeria/nivo-slider/themes/default/bullets.png HTTP/1.1" 200 1281
190.127.234.66 - - [31/Jan/2015:08:15:19 -0500] "GET /favicon.ico HTTP/1.1" 200 7782
66.249.73.171 - - [31/Jan/2015:08:15:22 -0500] "GET /BLA/resoluciones/AUTOS%202008/2798.pdf HTTP/1.1" 200 143833
66.249.73.171 - - [31/Jan/2015:08:15:30 -0500] "GET /BLA/resoluciones/AUTOS%202008/2578.pdf HTTP/1.1" 200 165457
66.249.73.163 - - [31/Jan/2015:08:15:38 -0500] "GET /BLA/resoluciones/RESOLUCIONES%202008/3613.pdf HTTP/1.1" 200 521912
186.181.25.142 - - [31/Jan/2015:08:15:39 -0500] "GET /StormSDA/userFiles/basicos.jar HTTP/1.1" 200 670998
66.249.73.163 - - [31/Jan/2015:08:15:46 -0500] "GET /BLA/resoluciones/RESOLUCIONES%202011/2665.pdf HTTP/1.1" 200 474858
66.249.73.163 - - [31/Jan/2015:08:15:54 -0500] "GET /BLA/resoluciones/RESOLUCIONES%202010/1639.pdf HTTP/1.1" 200 435557
66.249.73.163 - - [31/Jan/2015:08:16:02 -0500] "GET /BLA/resoluciones/AUTOS%202007/3263.pdf HTTP/1.1" 200 140644
181.55.157.9 - - [31/Jan/2015:08:16:04 -0500] "GET /BLA/boletinlegal/js/jquery.js HTTP/1.1" 200 57254
181.55.157.9 - - [31/Jan/2015:08:16:04 -0500] "GET /BLA/boletinlegal/js/jquery.scrollTo-min.js HTTP/1.1" 200 1150
181.55.157.9 - - [31/Jan/2015:08:16:04 -0500] "GET /BLA/boletinlegal/js/jquery.scrollShow.js HTTP/1.1" 200 4586
190.127.233.25 - - [31/Jan/2015:08:16:10 -0500] "GET /BLA/boletinlegal/js/jquery.js HTTP/1.1" 200 57254
190.127.233.25 - - [31/Jan/2015:08:16:10 -0500] "GET /BLA/boletinlegal/js/jquery.scrollTo-min.js HTTP/1.1" 200 1150
190.127.233.25 - - [31/Jan/2015:08:16:10 -0500] "GET /BLA/boletinlegal/js/jquery.scrollShow.js HTTP/1.1" 200 4586
66.249.73.155 - - [31/Jan/2015:08:16:10 -0500] "GET /BLA/resoluciones/RESOLUCIONES%202009/5149.pdf HTTP/1.1" 200 639068
66.249.73.171 - - [31/Jan/2015:08:16:18 -0500] "GET /BLA/resoluciones/RESOLUCIONES%202009/5892.pdf HTTP/1.1" 200 731389
190.127.234.66 - - [31/Jan/2015:08:16:22 -0500] "GET /galeria/nivo-slider/demo/images/bolsas-06.jpg HTTP/1.1" 206 1
66.249.73.155 - - [31/Jan/2015:08:16:25 -0500] "GET /BLA/resoluciones/AUTOS%202007/3462.pdf HTTP/1.1" 200 172840
66.249.73.155 - - [31/Jan/2015:08:16:33 -0500] "GET /BLA/resoluciones/AUTOS%202008/0058.pdf HTTP/1.1" 200 65090
66.249.73.163 - - [31/Jan/2015:08:16:41 -0500] "GET /BLA/resoluciones/AUTOS%202008/1666.pdf HTTP/1.1" 200 146908
66.249.73.155 - - [31/Jan/2015:08:16:49 -0500] "GET /BLA/resoluciones/RESOLUCIONES%202010/0378.pdf HTTP/1.1" 200 113456
66.249.73.163 - - [31/Jan/2015:08:16:57 -0500] "GET /BLA/resoluciones/RESOLUCIONES%202009/3826.pdf HTTP/1.1" 200 629565
186.181.25.142 - - [31/Jan/2015:08:16:59 -0500] "GET /StormSDA/userFiles/basicos.jar HTTP/1.1" 200 670998
66.249.73.163 - - [31/Jan/2015:08:17:05 -0500] "GET /BLA/resoluciones/AUTOS%202008/1860.pdf HTTP/1.1" 200 201246
66.249.73.163 - - [31/Jan/2015:08:17:13 -0500] "GET /BLA/resoluciones/AUTOS%202008/0174.pdf HTTP/1.1" 200 100011
186.181.25.142 - - [31/Jan/2015:08:17:18 -0500] "GET /StormSDA/userFiles/basicos.jar HTTP/1.1" 200 670998
66.249.73.171 - - [31/Jan/2015:08:17:21 -0500] "GET /BLA/resoluciones/RESOLUCIONES%202010/5848.pdf HTTP/1.1" 200 173791
66.249.73.171 - - [31/Jan/2015:08:17:29 -0500] "GET /BLA/resoluciones/AUTOS%202008/1757.pdf HTTP/1.1" 200 201207
66.249.73.163 - - [31/Jan/2015:08:17:37 -0500] "GET /BLA/resoluciones/AUTOS%202008/3228.pdf HTTP/1.1" 200 66190
66.249.73.155 - - [31/Jan/2015:08:17:45 -0500] "GET /BLA/resoluciones/AUTOS%202007/3242.pdf HTTP/1.1" 200 205156
180.76.5.60 - - [31/Jan/2015:08:17:51 -0500] "GET /BLA/resoluciones/AUTOS%202009/3177.pdf HTTP/1.1" 200 130223
66.249.73.163 - - [31/Jan/2015:08:17:53 -0500] "GET /autoliquidacion/index.php?dir=TR%C1MITES%20ACEITES-RESIDUOS-ESTACIONES/REGISTRO%20COMO%20ACOPIADOR%20PRIMARIO/&sort=name&order=desc HTTP/1.1" 200 3287
66.249.73.163 - - [31/Jan/2015:08:18:01 -0500] "GET /BLA/resoluciones/RESOLUCIONES%202009/9002.pdf HTTP/1.1" 200 336353
74.86.158.107 - - [31/Jan/2015:08:18:02 -0500] "HEAD / HTTP/1.1" 302 -
66.249.73.171 - - [31/Jan/2015:08:18:09 -0500] "GET /BLA/resoluciones/RESOLUCIONES%202009/4205.pdf HTTP/1.1" 200 1194959
188.165.15.23 - - [31/Jan/2015:08:18:13 -0500] "GET /BLA/resoluciones/RESOLUCIONES%202006/RES%202006%202151-2200/00002189.tif HTTP/1.1" 200 162528
66.249.73.171 - - [31/Jan/2015:08:18:17 -0500] "GET /BLA/resoluciones/RESOLUCIONES%202009/9246.pdf HTTP/1.1" 200 494715
180.76.5.194 - - [31/Jan/2015:08:18:21 -0500] "GET /BLA/resoluciones/AUTOS%202011/3648.pdf HTTP/1.1" 200 241519
66.249.73.171 - - [31/Jan/2015:08:18:25 -0500] "GET /BLA/resoluciones/AUTOS%202008/3113.pdf HTTP/1.1" 200 122443
66.249.73.163 - - [31/Jan/2015:08:18:33 -0500] "GET /BLA/resoluciones/RESOLUCIONES%202009/0890.pdf HTTP/1.1" 200 239131
66.249.73.171 - - [31/Jan/2015:08:18:41 -0500] "GET /BLA/resoluciones/AUTOS%202007/3613.pdf HTTP/1.1" 200 108977
201.245.192.253 - - [31/Jan/2015:08:18:47 -0500] "GET /forest/session.jsp?a=0.44745951262302697 HTTP/1.1" 200 4
66.249.73.155 - - [31/Jan/2015:08:18:48 -0500] "GET /BLA/resoluciones/AUTOS%202011/6288.pdf HTTP/1.1" 200 236259
66.249.73.155 - - [31/Jan/2015:08:18:57 -0500] "GET /BLA/resoluciones/AUTOS%202008/0637.pdf HTTP/1.1" 200 118097
66.249.73.171 - - [31/Jan/2015:08:19:04 -0500] "GET /BLA/resoluciones/AUTOS%202007/1495.pdf HTTP/1.1" 200 48719
190.144.214.44 - - [31/Jan/2015:08:19:10 -0500] "GET /videos/galeria-fotografica/index21.html? HTTP/1.1" 200 1967
190.144.214.44 - - [31/Jan/2015:08:19:10 -0500] "GET /videos/galeria-fotografica/js/jquery-flickr-gallery/jquery-flickr.css HTTP/1.1" 200 711
190.144.214.44 - - [31/Jan/2015:08:19:10 -0500] "GET /videos/galeria-fotografica/js/jquery-flickr-gallery/jquery-flickr-gallery.js HTTP/1.1" 200 9050
190.144.214.44 - - [31/Jan/2015:08:19:11 -0500] "GET /videos/galeria-fotografica/js/jquery-flickr-gallery/loader.gif HTTP/1.1" 200 2129
66.249.73.155 - - [31/Jan/2015:08:19:12 -0500] "GET /BLA/resoluciones/RESOLUCIONES%202008/2334.pdf HTTP/1.1" 200 131406
66.249.73.171 - - [31/Jan/2015:08:19:20 -0500] "GET /BLA/resoluciones/RESOLUCIONES%202009/7216.pdf HTTP/1.1" 200 488747
66.249.73.163 - - [31/Jan/2015:08:19:28 -0500] "GET /BLA/resoluciones/RESOLUCIONES%202008/0658.pdf HTTP/1.1" 200 94912
66.249.73.155 - - [31/Jan/2015:08:19:36 -0500] "GET /BLA/resoluciones/AUTOS%202007/3803.pdf HTTP/1.1" 200 68472
66.249.73.155 - - [31/Jan/2015:08:19:44 -0500] "GET /BLA/resoluciones/AUTOS%202008/0386.pdf HTTP/1.1" 200 167143
188.165.15.61 - - [31/Jan/2015:08:19:46 -0500] "GET /BLA/resoluciones/RESOLUCIONES%202002/RES%202002%20901-950/00000937.tif HTTP/1.1" 200 32684
66.249.73.163 - - [31/Jan/2015:08:19:52 -0500] "GET /BLA/resoluciones/RESOLUCIONES%202010/4962.pdf HTTP/1.1" 200 240331
66.249.73.155 - - [31/Jan/2015:08:20:00 -0500] "GET /BLA/resoluciones/AUTOS%202008/0369.pdf HTTP/1.1" 200 284164
66.249.73.171 - - [31/Jan/2015:08:20:08 -0500] "GET /BLA/resoluciones/RESOLUCIONES%202009/2769.pdf HTTP/1.1" 200 496552
188.165.15.177 - - [31/Jan/2015:08:20:13 -0500] "GET /BLA/resoluciones/index.php?dir=RESOLUCIONES%202004/RES%202004%20601-650/&sort=size&order=asc HTTP/1.1" 200 12060
66.249.73.163 - - [31/Jan/2015:08:20:16 -0500] "GET /BLA/resoluciones/RESOLUCIONES%202008/0446.pdf HTTP/1.1" 200 401592
66.249.73.155 - - [31/Jan/2015:08:20:24 -0500] "GET /BLA/resoluciones/AUTOS%202008/3110.pdf HTTP/1.1" 200 58292
66.249.73.171 - - [31/Jan/2015:08:20:32 -0500] "GET /BLA/resoluciones/AUTOS%202008/0097.pdf HTTP/1.1" 200 221227
186.116.66.195 - - [31/Jan/2015:08:20:34 -0500] "GET /BLA/boletinlegal/js/jquery.js HTTP/1.1" 200 57254
186.116.66.195 - - [31/Jan/2015:08:20:34 -0500] "GET /BLA/boletinlegal/js/jquery.scrollTo-min.js HTTP/1.1" 200 1150
186.116.66.195 - - [31/Jan/2015:08:20:34 -0500] "GET /BLA/boletinlegal/js/jquery.scrollShow.js HTTP/1.1" 200 4586
66.249.73.155 - - [31/Jan/2015:08:20:40 -0500] "GET /BLA/resoluciones/AUTOS%202008/1378.pdf HTTP/1.1" 200 67610
66.249.73.171 - - [31/Jan/2015:08:20:48 -0500] "GET /BLA/resoluciones/AUTOS%202008/2423.pdf HTTP/1.1" 200 101743
66.249.73.163 - - [31/Jan/2015:08:20:56 -0500] "GET /BLA/resoluciones/RESOLUCIONES%202008/2954.pdf HTTP/1.1" 200 208505
66.249.73.171 - - [31/Jan/2015:08:21:04 -0500] "GET /BLA/resoluciones/RESOLUCIONES%202009/7088.pdf HTTP/1.1" 200 1275727
66.249.73.171 - - [31/Jan/2015:08:21:11 -0500] "GET /BLA/resoluciones/RESOLUCIONES%202010/3101.pdf HTTP/1.1" 200 344894
188.165.15.41 - - [31/Jan/2015:08:21:18 -0500] "GET /BLA/resoluciones/RESOLUCIONES%202003/RES%202003%20301-350/350.tif HTTP/1.1" 200 152644
66.249.73.163 - - [31/Jan/2015:08:21:19 -0500] "GET /BLA/resoluciones/RESOLUCIONES%202011/0632.pdf HTTP/1.1" 200 285912
66.249.73.155 - - [31/Jan/2015:08:21:27 -0500] "GET /BLA/resoluciones/AUTOS%202008/3104.pdf HTTP/1.1" 200 141289
190.28.156.119 - - [31/Jan/2015:08:21:35 -0500] "GET /BLA/boletinlegal/js/jquery.js HTTP/1.1" 200 57254
190.28.156.119 - - [31/Jan/2015:08:21:35 -0500] "GET /BLA/boletinlegal/js/jquery.scrollTo-min.js HTTP/1.1" 200 1150
190.28.156.119 - - [31/Jan/2015:08:21:35 -0500] "GET /BLA/boletinlegal/js/jquery.js HTTP/1.1" 200 57254
190.28.156.119 - - [31/Jan/2015:08:21:35 -0500] "GET /BLA/boletinlegal/js/jquery.scrollTo-min.js HTTP/1.1" 200 1150
