66.249.64.171 - - [31/Jan/2015:04:04:30 -0500] "GET /BLA/resoluciones/AUTOS%202008/1459.pdf HTTP/1.1" 304 -
66.249.64.167 - - [31/Jan/2015:04:04:31 -0500] "GET /BLA/resoluciones/AUTOS%202007/0571.pdf HTTP/1.1" 200 218338
66.249.64.167 - - [31/Jan/2015:04:04:58 -0500] "GET /BLA/resoluciones/RESOLUCIONES%202003/RES%202003%201751-1800/20031784.tif HTTP/1.1" 200 41894
180.76.5.167 - - [31/Jan/2015:04:05:08 -0500] "GET /BLA/resoluciones/AUTOS%202007/1996.pdf HTTP/1.1" 200 81126
190.25.232.143 - - [31/Jan/2015:04:05:14 -0500] "GET /StormSDA/stormWeb/presentacion.html HTTP/1.1" 304 -
188.165.15.202 - - [31/Jan/2015:04:05:26 -0500] "GET /BLA/resoluciones/index.php?dir=RESOLUCIONES+2006%2FRES+2006++3001-3054%2F HTTP/1.1" 200 13210
180.76.6.131 - - [31/Jan/2015:04:05:38 -0500] "GET /BLA/boletinlegal;jsessionid=6C1ED9EB9FFA3F37957A8D9CA41EC2B5?/? HTTP/1.1" 404 1018
66.249.64.163 - - [31/Jan/2015:04:07:15 -0500] "GET /BLA/resoluciones/RESOLUCIONES%202006/RES%202006%20301-350/00000316.tif HTTP/1.1" 200 232002
188.165.15.61 - - [31/Jan/2015:04:07:38 -0500] "GET /BLA/resoluciones/RESOLUCIONES%202005/RES%202005%20901-950/00000933.tif HTTP/1.1" 200 96570
181.132.216.105 - - [31/Jan/2015:04:07:46 -0500] "GET /BLA/boletinlegal/js/jquery.js HTTP/1.1" 200 57254
181.132.216.105 - - [31/Jan/2015:04:07:46 -0500] "GET /BLA/boletinlegal/js/jquery.scrollTo-min.js HTTP/1.1" 200 1150
181.132.216.105 - - [31/Jan/2015:04:07:46 -0500] "GET /BLA/boletinlegal/js/jquery.scrollShow.js HTTP/1.1" 200 4586
201.245.192.253 - - [31/Jan/2015:04:07:58 -0500] "GET /forest/session.jsp?a=0.34419324481859803 HTTP/1.1" 200 4
74.86.158.107 - - [31/Jan/2015:04:08:03 -0500] "HEAD / HTTP/1.1" 302 -
66.249.64.171 - - [31/Jan/2015:04:08:44 -0500] "GET /BLA/resoluciones/AUTOS%202013/1255.pdf HTTP/1.1" 200 392674
66.249.64.167 - - [31/Jan/2015:04:08:48 -0500] "GET /BLA/resoluciones/RESOLUCIONES%202009/0686.pdf HTTP/1.1" 200 303373
66.249.64.167 - - [31/Jan/2015:04:08:52 -0500] "GET /BLA/resoluciones/RESOLUCIONES%202010/7409.pdf HTTP/1.1" 200 298906
66.249.64.163 - - [31/Jan/2015:04:08:56 -0500] "GET /BLA/resoluciones/RESOLUCIONES%202009/4772.pdf HTTP/1.1" 200 812239
66.249.64.163 - - [31/Jan/2015:04:09:00 -0500] "GET /BLA/resoluciones/AUTOS%202008/3159.pdf HTTP/1.1" 304 -
66.249.64.171 - - [31/Jan/2015:04:09:04 -0500] "GET /BLA/resoluciones/RESOLUCIONES%202009/7484.pdf HTTP/1.1" 304 -
66.249.64.163 - - [31/Jan/2015:04:09:12 -0500] "GET /BLA/resoluciones/RESOLUCIONES%202010/0564.pdf HTTP/1.1" 200 95771
188.165.15.152 - - [31/Jan/2015:04:09:18 -0500] "GET /BLA/resoluciones/RESOLUCIONES%202005/RES%202005%203151-3180/00003159.tif HTTP/1.1" 200 119674
66.249.64.163 - - [31/Jan/2015:04:09:20 -0500] "GET /BLA/resoluciones/AUTOS%202009/0488.pdf HTTP/1.1" 304 -
66.249.64.167 - - [31/Jan/2015:04:09:28 -0500] "GET /BLA/resoluciones/RESOLUCIONES%202008/3106.pdf HTTP/1.1" 200 256802
66.249.64.163 - - [31/Jan/2015:04:09:34 -0500] "GET /BLA/resoluciones/RESOLUCIONES%202003/RES%202003%201751-1800/20031795.tif HTTP/1.1" 200 45686
66.249.64.167 - - [31/Jan/2015:04:09:36 -0500] "GET /BLA/resoluciones/RESOLUCIONES%202008/0944.pdf HTTP/1.1" 200 344148
66.249.64.167 - - [31/Jan/2015:04:09:44 -0500] "GET /BLA/resoluciones/AUTOS%202011/3047.pdf HTTP/1.1" 200 147197
66.249.64.163 - - [31/Jan/2015:04:09:52 -0500] "GET /BLA/resoluciones/RESOLUCIONES%202012/0955.pdf HTTP/1.1" 304 -
66.249.64.163 - - [31/Jan/2015:04:09:59 -0500] "GET /BLA/resoluciones/RESOLUCIONES%202007/RES%202007%20501%20AL%20600/RESOLUCION%200526%20DE%202007.pdf HTTP/1.1" 200 346546
66.249.64.171 - - [31/Jan/2015:04:10:07 -0500] "GET /BLA/resoluciones/RESOLUCIONES%202010/6695.pdf HTTP/1.1" 304 -
66.249.64.167 - - [31/Jan/2015:04:10:15 -0500] "GET /BLA/resoluciones/RESOLUCIONES%202007/RES%202007%201401%20AL%201500/RESOLUCION%201445%20DE%202007.pdf HTTP/1.1" 304 -
207.46.13.123 - - [31/Jan/2015:04:10:20 -0500] "GET /videos/galeria-fotografica/js/jquery-flickr-gallery/jquery-flickr-gallery.js HTTP/1.1" 200 9050
66.249.64.167 - - [31/Jan/2015:04:10:23 -0500] "GET /BLA/resoluciones/RESOLUCIONES%202009/1382.pdf HTTP/1.1" 200 99147
66.249.64.163 - - [31/Jan/2015:04:10:31 -0500] "GET /BLA/resoluciones/AUTOS%202013/2559.pdf HTTP/1.1" 304 -
66.249.64.163 - - [31/Jan/2015:04:10:39 -0500] "GET /BLA/resoluciones/RESOLUCIONES%202008/0785.pdf HTTP/1.1" 200 56339
180.76.5.188 - - [31/Jan/2015:04:10:42 -0500] "GET /BLA/resoluciones/AUTOS%202013/0199.pdf HTTP/1.1" 200 502480
66.249.64.167 - - [31/Jan/2015:04:10:47 -0500] "GET /BLA/resoluciones/RESOLUCIONES%202009/1085.pdf HTTP/1.1" 200 278787
66.249.64.163 - - [31/Jan/2015:04:10:55 -0500] "GET /BLA/resoluciones/RESOLUCIONES%202008/5156.pdf HTTP/1.1" 200 244164
66.249.64.163 - - [31/Jan/2015:04:11:03 -0500] "GET /BLA/resoluciones/RESOLUCIONES%202009/4424.pdf HTTP/1.1" 200 463513
186.155.103.160 - - [31/Jan/2015:04:11:04 -0500] "GET /BLA/boletinlegal/js/jquery.scrollShow.js HTTP/1.1" 200 4586
186.155.103.160 - - [31/Jan/2015:04:11:04 -0500] "GET /BLA/boletinlegal/js/jquery.scrollTo-min.js HTTP/1.1" 200 1150
186.155.103.160 - - [31/Jan/2015:04:11:04 -0500] "GET /BLA/boletinlegal/js/jquery.js HTTP/1.1" 200 57254
186.155.103.160 - - [31/Jan/2015:04:11:04 -0500] "GET /galeria/carrusel/Carrusel/jquery.thumbnailScroller.css HTTP/1.1" 200 2066
186.155.103.160 - - [31/Jan/2015:04:11:04 -0500] "GET /galeria/carrusel/Carrusel/jquery-ui-1.8.13.custom.min.js HTTP/1.1" 200 10800
186.155.103.160 - - [31/Jan/2015:04:11:04 -0500] "GET /galeria/carrusel/Carrusel/jquery.thumbnailScroller.js HTTP/1.1" 200 8157
186.155.103.160 - - [31/Jan/2015:04:11:08 -0500] "GET /galeria/nivo-slider/demo/demo.html HTTP/1.1" 200 3150
186.155.103.160 - - [31/Jan/2015:04:11:08 -0500] "GET /galeria/nivo-slider/themes/default/default.css HTTP/1.1" 200 1569
186.155.103.160 - - [31/Jan/2015:04:11:08 -0500] "GET /galeria/nivo-slider/themes/pascal/pascal.css HTTP/1.1" 200 2258
186.155.103.160 - - [31/Jan/2015:04:11:08 -0500] "GET /galeria/nivo-slider/nivo-slider.css HTTP/1.1" 200 1507
186.155.103.160 - - [31/Jan/2015:04:11:08 -0500] "GET /galeria/nivo-slider/demo/images/bolsas-08.jpg HTTP/1.1" 200 85589
186.155.103.160 - - [31/Jan/2015:04:11:08 -0500] "GET /galeria/nivo-slider/demo/style.css HTTP/1.1" 200 2222
186.155.103.160 - - [31/Jan/2015:04:11:08 -0500] "GET /galeria/nivo-slider/themes/orman/orman.css HTTP/1.1" 200 2152
186.155.103.160 - - [31/Jan/2015:04:11:08 -0500] "GET /galeria/nivo-slider/demo/scripts/jquery-1.7.1.min.js HTTP/1.1" 200 93868
186.155.103.160 - - [31/Jan/2015:04:11:08 -0500] "GET /galeria/nivo-slider/jquery.nivo.slider.pack.js HTTP/1.1" 200 11561
186.155.103.160 - - [31/Jan/2015:04:11:08 -0500] "GET /galeria/nivo-slider/demo/images/Ruta-vertimientos-01.jpg HTTP/1.1" 200 130151
186.155.103.160 - - [31/Jan/2015:04:11:08 -0500] "GET /galeria/nivo-slider/demo/images/bolsas-06.jpg HTTP/1.1" 200 90982
186.155.103.160 - - [31/Jan/2015:04:11:08 -0500] "GET /galeria/nivo-slider/demo/images/ecolecta-Dic2014.png HTTP/1.1" 200 288593
186.155.103.160 - - [31/Jan/2015:04:11:09 -0500] "GET /galeria/nivo-slider/demo/images/porloshumedales.jpg HTTP/1.1" 200 351238
186.155.103.160 - - [31/Jan/2015:04:11:09 -0500] "GET /galeria/nivo-slider/demo/images/4Simple_Slider.png HTTP/1.1" 200 11722
186.155.103.160 - - [31/Jan/2015:04:11:09 -0500] "GET /galeria/nivo-slider/themes/default/loading.gif HTTP/1.1" 200 1737
186.155.103.160 - - [31/Jan/2015:04:11:10 -0500] "GET /galeria/nivo-slider/demo/images/Tingua-azul.jpg HTTP/1.1" 200 307638
186.155.103.160 - - [31/Jan/2015:04:11:11 -0500] "GET /galeria/nivo-slider/demo/images/banner-llantas2.jpg HTTP/1.1" 200 73153
186.155.103.160 - - [31/Jan/2015:04:11:11 -0500] "GET /galeria/nivo-slider/demo/images/banner-redes.jpg HTTP/1.1" 200 62209
186.155.103.160 - - [31/Jan/2015:04:11:11 -0500] "GET /galeria/nivo-slider/demo/images/9Signos.jpg HTTP/1.1" 200 93040
66.249.64.163 - - [31/Jan/2015:04:11:11 -0500] "GET /BLA/resoluciones/AUTOS%202007/2350.pdf HTTP/1.1" 200 72221
186.155.103.160 - - [31/Jan/2015:04:11:12 -0500] "GET /galeria/nivo-slider/demo/images/banner-caballos.png HTTP/1.1" 200 389106
186.155.103.160 - - [31/Jan/2015:04:11:13 -0500] "GET /galeria/nivo-slider/demo/images/Banner-Caracol-Africano.jpg HTTP/1.1" 200 331986
66.249.64.171 - - [31/Jan/2015:04:11:19 -0500] "GET /BLA/resoluciones/RESOLUCIONES%202009/2986.pdf HTTP/1.1" 200 472925
66.249.64.171 - - [31/Jan/2015:04:11:27 -0500] "GET /BLA/resoluciones/AUTOS%202008/0777.pdf HTTP/1.1" 200 84603
186.155.103.160 - - [31/Jan/2015:04:11:30 -0500] "GET /videos/Spot_CambioClimatico.flv HTTP/1.1" 200 4371917
66.249.64.163 - - [31/Jan/2015:04:11:35 -0500] "GET /BLA/resoluciones/AUTOS%202008/0759.pdf HTTP/1.1" 200 64206
186.155.103.160 - - [31/Jan/2015:04:11:37 -0500] "GET /galeria/nivo-slider/themes/default/arrows.png HTTP/1.1" 200 824
186.155.103.160 - - [31/Jan/2015:04:11:37 -0500] "GET /galeria/nivo-slider/themes/default/bullets.png HTTP/1.1" 200 1281
66.249.64.171 - - [31/Jan/2015:04:11:43 -0500] "GET /BLA/resoluciones/RESOLUCIONES%202010/2069.pdf HTTP/1.1" 200 196879
66.249.64.171 - - [31/Jan/2015:04:11:46 -0500] "GET /BLA/resoluciones/RESOLUCIONES%202006/RES%202006%202401-2450/00002446.tif HTTP/1.1" 200 334776
66.249.64.39 - - [31/Jan/2015:04:11:47 -0500] "GET /Anexos%20estudio%20Organizacional%20SDA/ANEXO%20No.%201-%20NORMAS%20LEGALES%20DE%20ESTRUCTURA%20Y%20PLANTA/Decreto%20175%20de%202009%20_files/loading.gif HTTP/1.1" 200 5206
66.249.64.171 - - [31/Jan/2015:04:11:51 -0500] "GET /BLA/resoluciones/RESOLUCIONES%202009/5646.pdf HTTP/1.1" 200 679277
66.249.64.167 - - [31/Jan/2015:04:11:59 -0500] "GET /BLA/resoluciones/RESOLUCIONES%202008/3160.pdf HTTP/1.1" 200 146002
66.249.64.167 - - [31/Jan/2015:04:12:07 -0500] "GET /BLA/resoluciones/RESOLUCIONES%202009/9608.pdf HTTP/1.1" 200 368980
66.249.64.163 - - [31/Jan/2015:04:12:15 -0500] "GET /BLA/resoluciones/RESOLUCIONES%202008/4857.pdf HTTP/1.1" 200 348009
66.249.64.171 - - [31/Jan/2015:04:12:22 -0500] "GET /BLA/resoluciones/RESOLUCIONES%202010/5463.pdf HTTP/1.1" 200 712990
66.249.64.171 - - [31/Jan/2015:04:12:30 -0500] "GET /BLA/resoluciones/AUTOS%202008/2430.pdf HTTP/1.1" 200 266784
66.249.64.163 - - [31/Jan/2015:04:12:38 -0500] "GET /BLA/resoluciones/AUTOS%202009/1555.pdf HTTP/1.1" 200 111512
66.249.64.167 - - [31/Jan/2015:04:12:46 -0500] "GET /BLA/resoluciones/AUTOS%202008/1332.pdf HTTP/1.1" 200 83208
66.249.64.171 - - [31/Jan/2015:04:12:54 -0500] "GET /BLA/resoluciones/RESOLUCIONES%202009/7363.pdf HTTP/1.1" 200 941199
201.245.192.253 - - [31/Jan/2015:04:12:59 -0500] "GET /forest/session.jsp?a=0.5798052500467747 HTTP/1.1" 200 4
66.249.64.167 - - [31/Jan/2015:04:13:02 -0500] "GET /BLA/resoluciones/AUTOS%202008/3060.pdf HTTP/1.1" 200 57275
74.86.158.107 - - [31/Jan/2015:04:13:03 -0500] "HEAD / HTTP/1.1" 302 -
66.249.64.163 - - [31/Jan/2015:04:13:10 -0500] "GET /BLA/resoluciones/RESOLUCIONES%202008/0925.pdf HTTP/1.1" 200 373994
66.249.64.167 - - [31/Jan/2015:04:13:18 -0500] "GET /BLA/resoluciones/RESOLUCIONES%202010/6827.pdf HTTP/1.1" 200 680746
188.165.15.23 - - [31/Jan/2015:04:13:21 -0500] "GET /BLA/resoluciones/RESOLUCIONES%202003/RES%202003%201651-1700/20031661.tif HTTP/1.1" 200 335236
66.249.64.171 - - [31/Jan/2015:04:13:26 -0500] "GET /BLA/resoluciones/RESOLUCIONES%202008/0147.pdf HTTP/1.1" 200 400658
180.76.5.188 - - [31/Jan/2015:04:13:33 -0500] "GET /BLA/resoluciones/RESOLUCIONES%202007/RES%202007%20201%20AL%20300/RESOLUCION%200240%20DE%202007.pdf HTTP/1.1" 200 298902
66.249.64.167 - - [31/Jan/2015:04:13:34 -0500] "GET /BLA/resoluciones/RESOLUCIONES%202009/6449.pdf HTTP/1.1" 200 436299
66.249.64.167 - - [31/Jan/2015:04:13:42 -0500] "GET /BLA/resoluciones/RESOLUCIONES%202010/5027.pdf HTTP/1.1" 200 814618
66.249.64.163 - - [31/Jan/2015:04:13:50 -0500] "GET /BLA/resoluciones/AUTOS%202007/2507.pdf HTTP/1.1" 200 204206
66.249.64.163 - - [31/Jan/2015:04:13:58 -0500] "GET /BLA/resoluciones/RESOLUCIONES%202007/RES%202007%201501%20AL%201600/RESOLUCION%201580%20DE%202007.pdf HTTP/1.1" 200 374128
180.76.6.159 - - [31/Jan/2015:04:14:03 -0500] "GET /BLA/resoluciones/RESOLUCIONES%202010/2476.pdf HTTP/1.1" 200 497543
66.249.64.163 - - [31/Jan/2015:04:14:06 -0500] "GET /BLA/resoluciones/RESOLUCIONES%202010/7305.pdf HTTP/1.1" 200 361994
66.249.64.171 - - [31/Jan/2015:04:14:14 -0500] "GET /BLA/resoluciones/RESOLUCIONES%202008/0967.pdf HTTP/1.1" 200 212900
66.249.64.167 - - [31/Jan/2015:04:14:22 -0500] "GET /BLA/resoluciones/AUTOS%202008/0615.pdf HTTP/1.1" 200 86473
66.249.64.171 - - [31/Jan/2015:04:14:25 -0500] "GET /manual_funciones_Listado/index.php?dir=2.1.1.%20Subdireccion%20de%20Politicas%20y%20Planes%20Ambientales/&sort=name&order=desc HTTP/1.1" 404 1018
66.249.64.167 - - [31/Jan/2015:04:14:30 -0500] "GET /BLA/resoluciones/RESOLUCIONES%202008/0439.pdf HTTP/1.1" 200 253967
66.249.64.171 - - [31/Jan/2015:04:14:34 -0500] "GET /BLA/boletinlegal/images/img_1.jpg HTTP/1.1" 200 8067
66.249.64.167 - - [31/Jan/2015:04:14:38 -0500] "GET /BLA/resoluciones/RESOLUCIONES%202009/0744.pdf HTTP/1.1" 200 261525
190.25.232.143 - - [31/Jan/2015:04:14:38 -0500] "GET /galeria/nivo-slider/demo/images/coplima.jpg HTTP/1.1" 304 -
66.249.64.167 - - [31/Jan/2015:04:14:45 -0500] "GET /BLA/resoluciones/RESOLUCIONES%202007/RES%202007%201301%20AL%201400/RESOLUCION%201374%20DE%202007.pdf HTTP/1.1" 200 375518
66.249.64.171 - - [31/Jan/2015:04:14:53 -0500] "GET /BLA/resoluciones/RESOLUCIONES%202009/6377.pdf HTTP/1.1" 200 524359
66.249.64.167 - - [31/Jan/2015:04:15:01 -0500] "GET /BLA/resoluciones/RESOLUCIONES%202010/6541.pdf HTTP/1.1" 304 -
66.249.64.171 - - [31/Jan/2015:04:15:09 -0500] "GET /BLA/resoluciones/RESOLUCIONES%202009/7294.pdf HTTP/1.1" 304 -
66.249.64.163 - - [31/Jan/2015:04:15:17 -0500] "GET /BLA/resoluciones/AUTOS%202011/1637.pdf HTTP/1.1" 304 -
66.249.64.167 - - [31/Jan/2015:04:15:25 -0500] "GET /BLA/resoluciones/Resoluciones%202011/6416.pdf HTTP/1.1" 304 -
66.249.64.167 - - [31/Jan/2015:04:15:33 -0500] "GET /BLA/resoluciones/RESOLUCIONES%202007/RES%202007%201%20AL%20100/RESOLUCION%200058%20DE%202007.pdf HTTP/1.1" 304 -
66.249.64.171 - - [31/Jan/2015:04:15:41 -0500] "GET /BLA/resoluciones/RESOLUCIONES%202007/RES%202007%201901%20AL%202000/RESOLUCION%201901%20DE%202007.pdf HTTP/1.1" 304 -
66.249.64.163 - - [31/Jan/2015:04:15:49 -0500] "GET /BLA/resoluciones/RESOLUCIONES%202014/1016.pdf HTTP/1.1" 304 -
201.245.192.253 - - [31/Jan/2015:04:18:00 -0500] "GET /forest/session.jsp?a=0.844718717969954 HTTP/1.1" 200 4
74.86.158.107 - - [31/Jan/2015:04:18:03 -0500] "HEAD / HTTP/1.1" 302 -
66.249.64.167 - - [31/Jan/2015:04:21:05 -0500] "GET /BLA/resoluciones/RESOLUCIONES%202003/RES%202003%20501-550/538.tif HTTP/1.1" 200 596536
66.249.64.163 - - [31/Jan/2015:04:21:20 -0500] "GET /manual_funciones_Listado/index.php?dir=1.1.%20Oficina%20de%20Control%20Interno/&sort=size&order=desc HTTP/1.1" 404 1018
66.249.64.167 - - [31/Jan/2015:04:21:38 -0500] "GET /BLA/resoluciones/RESOLUCIONES%202006/RES%202006%201851-1900/00001874.tif HTTP/1.1" 200 184724
180.76.5.64 - - [31/Jan/2015:04:22:20 -0500] "GET /BLA/boletinlegal;jsessionid=77F59286738DDC83DE7BACE88ACC6D0A?/? HTTP/1.1" 404 1018
201.245.192.253 - - [31/Jan/2015:04:23:01 -0500] "GET /forest/session.jsp?a=0.5713094407692552 HTTP/1.1" 200 4
74.86.158.107 - - [31/Jan/2015:04:23:03 -0500] "HEAD / HTTP/1.1" 302 -
188.165.15.202 - - [31/Jan/2015:04:26:44 -0500] "GET /BLA/resoluciones/RESOLUCIONES%202002/RES%202002%201751-1800/20021759.tif HTTP/1.1" 200 111580
190.25.232.143 - - [31/Jan/2015:04:27:58 -0500] "GET /galeria/nivo-slider/demo/images/banner-conejera1.jpg HTTP/1.1" 304 -
201.245.192.253 - - [31/Jan/2015:04:28:02 -0500] "GET /forest/session.jsp?a=0.6793938090559095 HTTP/1.1" 200 4
74.86.158.107 - - [31/Jan/2015:04:28:03 -0500] "HEAD / HTTP/1.1" 302 -
66.249.64.167 - - [31/Jan/2015:04:28:12 -0500] "GET /hidrico/aguas%20subterraneas/Cartograf%C3%ACa_Final_2013/Balance%20H%C3%ADdrico/Precipitacion%20Media%20Anual.pdf HTTP/1.1" 404 1018
188.165.15.183 - - [31/Jan/2015:04:28:43 -0500] "GET /BLA/resoluciones/RESOLUCIONES%202003/RES%202003%20301-350/337.tif HTTP/1.1" 200 169100
188.165.15.41 - - [31/Jan/2015:04:28:45 -0500] "GET /BLA/resoluciones/RESOLUCIONES%202003/RES%202003%201901-1950/00001918.tif HTTP/1.1" 200 105168
188.165.15.202 - - [31/Jan/2015:04:31:50 -0500] "GET /BLA/resoluciones/RESOLUCIONES%202003/ANEXOS%20RES%202048/00000021.tif HTTP/1.1" 200 636728
186.154.5.61 - - [31/Jan/2015:04:31:52 -0500] "GET /BLA/boletinlegal/js/jquery.js HTTP/1.1" 200 57254
186.154.5.61 - - [31/Jan/2015:04:31:52 -0500] "GET /BLA/boletinlegal/js/jquery.scrollTo-min.js HTTP/1.1" 200 1150
186.154.5.61 - - [31/Jan/2015:04:31:52 -0500] "GET /galeria/carrusel/Carrusel/jquery-ui-1.8.13.custom.min.js HTTP/1.1" 200 10800
186.154.5.61 - - [31/Jan/2015:04:31:53 -0500] "GET /BLA/boletinlegal/js/jquery.scrollShow.js HTTP/1.1" 200 4586
186.154.5.61 - - [31/Jan/2015:04:31:54 -0500] "GET /galeria/carrusel/Carrusel/jquery.thumbnailScroller.js HTTP/1.1" 200 8157
186.154.5.61 - - [31/Jan/2015:04:31:55 -0500] "GET /galeria/carrusel/Carrusel/jquery.thumbnailScroller.css HTTP/1.1" 200 2066
186.154.5.61 - - [31/Jan/2015:04:32:02 -0500] "GET /galeria/nivo-slider/demo/demo.html HTTP/1.1" 200 3150
186.154.5.61 - - [31/Jan/2015:04:32:03 -0500] "GET /galeria/nivo-slider/themes/default/default.css HTTP/1.1" 200 1569
186.154.5.61 - - [31/Jan/2015:04:32:04 -0500] "GET /galeria/nivo-slider/themes/orman/orman.css HTTP/1.1" 200 2152
186.154.5.61 - - [31/Jan/2015:04:32:04 -0500] "GET /galeria/nivo-slider/nivo-slider.css HTTP/1.1" 200 1507
186.154.5.61 - - [31/Jan/2015:04:32:04 -0500] "GET /galeria/nivo-slider/demo/style.css HTTP/1.1" 200 2222
186.154.5.61 - - [31/Jan/2015:04:32:04 -0500] "GET /galeria/nivo-slider/themes/pascal/pascal.css HTTP/1.1" 200 2258
186.154.5.61 - - [31/Jan/2015:04:32:04 -0500] "GET /galeria/nivo-slider/demo/images/bolsas-08.jpg HTTP/1.1" 200 85589
186.154.5.61 - - [31/Jan/2015:04:32:04 -0500] "GET /galeria/nivo-slider/demo/images/Ruta-vertimientos-01.jpg HTTP/1.1" 200 130151
186.154.5.61 - - [31/Jan/2015:04:32:04 -0500] "GET /galeria/nivo-slider/demo/images/bolsas-06.jpg HTTP/1.1" 200 90982
186.154.5.61 - - [31/Jan/2015:04:32:04 -0500] "GET /galeria/nivo-slider/demo/images/ecolecta-Dic2014.png HTTP/1.1" 200 288593
186.154.5.61 - - [31/Jan/2015:04:32:04 -0500] "GET /galeria/nivo-slider/demo/images/porloshumedales.jpg HTTP/1.1" 200 351238
186.154.5.61 - - [31/Jan/2015:04:32:04 -0500] "GET /galeria/nivo-slider/demo/images/Tingua-azul.jpg HTTP/1.1" 200 307638
186.154.5.61 - - [31/Jan/2015:04:32:04 -0500] "GET /galeria/nivo-slider/demo/images/Banner-Caracol-Africano.jpg HTTP/1.1" 200 331986
186.154.5.61 - - [31/Jan/2015:04:32:05 -0500] "GET /galeria/nivo-slider/demo/scripts/jquery-1.7.1.min.js HTTP/1.1" 200 93868
186.154.5.61 - - [31/Jan/2015:04:32:05 -0500] "GET /galeria/nivo-slider/jquery.nivo.slider.pack.js HTTP/1.1" 200 11561
186.154.5.61 - - [31/Jan/2015:04:32:05 -0500] "GET /galeria/nivo-slider/demo/images/banner-llantas2.jpg HTTP/1.1" 200 73153
186.154.5.61 - - [31/Jan/2015:04:32:06 -0500] "GET /galeria/nivo-slider/demo/images/banner-caballos.png HTTP/1.1" 200 389106
186.154.5.61 - - [31/Jan/2015:04:32:06 -0500] "GET /galeria/nivo-slider/demo/images/4Simple_Slider.png HTTP/1.1" 200 11722
186.154.5.61 - - [31/Jan/2015:04:32:06 -0500] "GET /galeria/nivo-slider/themes/default/loading.gif HTTP/1.1" 200 1737
186.154.5.61 - - [31/Jan/2015:04:32:04 -0500] "GET /galeria/nivo-slider/demo/images/banner-redes.jpg HTTP/1.1" 200 62209
186.154.5.61 - - [31/Jan/2015:04:32:04 -0500] "GET /galeria/nivo-slider/demo/images/9Signos.jpg HTTP/1.1" 200 93040
186.154.5.61 - - [31/Jan/2015:04:32:10 -0500] "GET /galeria/nivo-slider/themes/default/arrows.png HTTP/1.1" 200 824
186.154.5.61 - - [31/Jan/2015:04:32:10 -0500] "GET /galeria/nivo-slider/themes/default/bullets.png HTTP/1.1" 200 1281
74.86.158.107 - - [31/Jan/2015:04:33:03 -0500] "HEAD / HTTP/1.1" 302 -
201.245.192.253 - - [31/Jan/2015:04:33:03 -0500] "GET /forest/session.jsp?a=0.5125069753266871 HTTP/1.1" 200 4
188.165.15.203 - - [31/Jan/2015:04:34:30 -0500] "GET /BLA/resoluciones/index.php?dir=RESOLUCIONES%202002/RES%202002%20651-700/&sort=date&order=asc HTTP/1.1" 200 12213
66.249.64.163 - - [31/Jan/2015:04:35:03 -0500] "GET /BLA/resoluciones/RESOLUCIONES%202006/RES%202006%201551-1600/00001590.tif HTTP/1.1" 200 135498
66.249.64.163 - - [31/Jan/2015:04:35:04 -0500] "GET /manual_funciones_Listado/2.1.%20Direcci%C3%B3n%20de%20Planeacion%20y%20Sistemas%20de%20Informacion/Director%20Tecnico%20009-07.pdf HTTP/1.1" 404 1018
176.31.187.23 - - [31/Jan/2015:04:35:29 -0500] "GET /Autoliquidacion/index.php?dir=Solicitudes%20relacionadas%20con%20calidad%20del%20aire%20auditiva%20y%20visual/Registro%20de%20Elementos%20de%20publicidad%20Exterior%20Visual/'&sort=date'&order=desc'\" HTTP/1.1" 200 7001
213.251.182.10 - - [31/Jan/2015:04:35:29 -0500] "GET /BLA/resoluciones/index.php?dir=RESOLUCIONES%202005/RES%202005%202151-2200/'&sort=name'&order=desc'\" HTTP/1.1" 200 7457
176.31.187.23 - - [31/Jan/2015:04:35:30 -0500] "GET /Autoliquidacion/index.php?dir=Solicitudes%20relacionadas%20con%20calidad%20del%20aire%20auditiva%20y%20visual%2FRegistro%20de%20Elementos%20de%20publicidad%20Exterior%20Visual%2F&sort=date&order=desc HTTP/1.0" 200 4036
213.251.182.10 - - [31/Jan/2015:04:35:30 -0500] "GET /BLA/resoluciones/index.php?dir=RESOLUCIONES%202005%2FRES%202005%202151-2200%2F&sort=name&order=desc HTTP/1.0" 200 16990
180.76.5.78 - - [31/Jan/2015:04:36:33 -0500] "GET /BLA/boletinlegal;jsessionid=3366401BEB41D799D19DA6C0314A8587?/? HTTP/1.1" 404 1018
24.205.67.59 - - [31/Jan/2015:04:37:24 -0500] "GET /webdav/x32.php?host=108.61.73.107&time=60&port=80 HTTP/1.1" 404 1018
74.86.158.107 - - [31/Jan/2015:04:38:03 -0500] "HEAD / HTTP/1.1" 302 -
201.245.192.253 - - [31/Jan/2015:04:38:04 -0500] "GET /forest/session.jsp?a=0.046158580807968974 HTTP/1.1" 200 4
180.76.5.75 - - [31/Jan/2015:04:38:12 -0500] "GET /BLA/resoluciones/RESOLUCIONES%202007/RES%202007%204301%20AL%204352/RESOLUCION%204331%20DE%202007.pdf HTTP/1.1" 200 249557
79.105.28.1 - - [31/Jan/2015:04:39:05 -0500] "GET / HTTP/1.1" 302 -
79.105.28.1 - - [31/Jan/2015:04:39:08 -0500] "GET /BLA/boletinlegal/js/jquery.js HTTP/1.1" 200 57254
79.105.28.1 - - [31/Jan/2015:04:39:08 -0500] "GET /BLA/boletinlegal/js/jquery.scrollTo-min.js HTTP/1.1" 200 1150
79.105.28.1 - - [31/Jan/2015:04:39:08 -0500] "GET /BLA/boletinlegal/js/jquery.scrollShow.js HTTP/1.1" 200 4586
79.105.28.1 - - [31/Jan/2015:04:39:09 -0500] "GET /galeria/carrusel/Carrusel/jquery.thumbnailScroller.css HTTP/1.1" 200 2066
79.105.28.1 - - [31/Jan/2015:04:39:09 -0500] "GET /galeria/carrusel/Carrusel/jquery.thumbnailScroller.js HTTP/1.1" 200 8157
79.105.28.1 - - [31/Jan/2015:04:39:09 -0500] "GET /galeria/carrusel/Carrusel/jquery-ui-1.8.13.custom.min.js HTTP/1.1" 200 10800
188.165.15.183 - - [31/Jan/2015:04:39:26 -0500] "GET /BLA/resoluciones/RESOLUCIONES%202003/RES%202003%201801-1850/20031808.tif HTTP/1.1" 200 45656
79.105.28.1 - - [31/Jan/2015:04:39:36 -0500] "GET /galeria/nivo-slider/demo/demo.html HTTP/1.1" 200 3150
79.105.28.1 - - [31/Jan/2015:04:39:37 -0500] "GET /galeria/nivo-slider/themes/default/default.css HTTP/1.1" 200 1569
79.105.28.1 - - [31/Jan/2015:04:39:37 -0500] "GET /galeria/nivo-slider/themes/pascal/pascal.css HTTP/1.1" 200 2258
79.105.28.1 - - [31/Jan/2015:04:39:37 -0500] "GET /galeria/nivo-slider/themes/orman/orman.css HTTP/1.1" 200 2152
79.105.28.1 - - [31/Jan/2015:04:39:37 -0500] "GET /galeria/nivo-slider/nivo-slider.css HTTP/1.1" 200 1507
79.105.28.1 - - [31/Jan/2015:04:39:37 -0500] "GET /galeria/nivo-slider/demo/style.css HTTP/1.1" 200 2222
79.105.28.1 - - [31/Jan/2015:04:39:38 -0500] "GET /galeria/nivo-slider/demo/images/bolsas-08.jpg HTTP/1.1" 200 85589
79.105.28.1 - - [31/Jan/2015:04:39:38 -0500] "GET /galeria/nivo-slider/demo/images/Ruta-vertimientos-01.jpg HTTP/1.1" 200 130151
79.105.28.1 - - [31/Jan/2015:04:39:39 -0500] "GET /galeria/nivo-slider/demo/images/bolsas-06.jpg HTTP/1.1" 200 90982
79.105.28.1 - - [31/Jan/2015:04:39:41 -0500] "GET /videos/Spot_CambioClimatico.flv HTTP/1.1" 200 4371917
79.105.28.1 - - [31/Jan/2015:04:39:42 -0500] "GET /galeria/nivo-slider/demo/images/ecolecta-Dic2014.png HTTP/1.1" 200 288593
176.31.187.23 - - [31/Jan/2015:04:40:31 -0500] "-" 408 -
213.251.182.10 - - [31/Jan/2015:04:40:31 -0500] "-" 408 -
66.249.64.167 - - [31/Jan/2015:04:41:56 -0500] "GET /hidrico/aguas%20subterraneas/Cartograf%C3%ACa_Final_2013/Balance%20H%C3%ADdrico/Temperatura%20Promedio%20Anual.pdf HTTP/1.1" 404 1018
74.86.158.107 - - [31/Jan/2015:04:43:03 -0500] "HEAD / HTTP/1.1" 302 -
201.245.192.253 - - [31/Jan/2015:04:43:05 -0500] "GET /forest/session.jsp?a=0.5850628225598484 HTTP/1.1" 200 4
123.125.71.16 - - [31/Jan/2015:04:43:46 -0500] "GET / HTTP/1.1" 302 -
66.249.64.171 - - [31/Jan/2015:04:43:58 -0500] "GET /PruebasSTORM/StormSDA_pruebas/lib/ HTTP/1.1" 200 6444
188.165.15.203 - - [31/Jan/2015:04:44:21 -0500] "GET /BLA/resoluciones/RESOLUCIONES%202006/RES%202006%201651-1700/00001667.tif HTTP/1.1" 200 238626
220.181.108.108 - - [31/Jan/2015:04:45:26 -0500] "GET / HTTP/1.1" 302 -
188.165.15.41 - - [31/Jan/2015:04:45:35 -0500] "GET /BLA/resoluciones/index.php?dir=RESOLUCIONES%202002/RES%202002%20801-850/&sort=size&order=asc HTTP/1.1" 200 12225
188.165.15.203 - - [31/Jan/2015:04:46:11 -0500] "GET /BLA/resoluciones/RESOLUCIONES%202003/RES%202003%201801-1850/20031824.tif HTTP/1.1" 200 605244
181.50.5.164 - - [31/Jan/2015:04:46:57 -0500] "GET /galeria/nivo-slider/demo/demo.html HTTP/1.1" 304 -
181.50.5.164 - - [31/Jan/2015:04:46:59 -0500] "GET /galeria/nivo-slider/demo/images/bolsas-08.jpg HTTP/1.1" 304 -
181.50.5.164 - - [31/Jan/2015:04:46:59 -0500] "GET /galeria/nivo-slider/demo/images/Ruta-vertimientos-01.jpg HTTP/1.1" 304 -
181.50.5.164 - - [31/Jan/2015:04:46:59 -0500] "GET /galeria/nivo-slider/demo/images/bolsas-06.jpg HTTP/1.1" 304 -
181.50.5.164 - - [31/Jan/2015:04:46:59 -0500] "GET /galeria/nivo-slider/demo/images/ecolecta-Dic2014.png HTTP/1.1" 304 -
181.50.5.164 - - [31/Jan/2015:04:46:59 -0500] "GET /galeria/nivo-slider/demo/images/Tingua-azul.jpg HTTP/1.1" 304 -
181.50.5.164 - - [31/Jan/2015:04:46:59 -0500] "GET /galeria/nivo-slider/demo/images/Banner-Caracol-Africano.jpg HTTP/1.1" 304 -
181.50.5.164 - - [31/Jan/2015:04:46:59 -0500] "GET /galeria/nivo-slider/demo/images/banner-redes.jpg HTTP/1.1" 304 -
188.165.15.152 - - [31/Jan/2015:04:47:27 -0500] "GET /BLA/resoluciones/RESOLUCIONES%202002/RES%202002%20501-550/00000538.tif HTTP/1.1" 200 80906
66.69.42.88 - - [31/Jan/2015:04:47:28 -0500] "GET /webdav/x32.php HTTP/1.1" 404 1018
180.76.5.60 - - [31/Jan/2015:04:47:37 -0500] "GET /BLA/resoluciones/RESOLUCIONES%202008/1633.pdf HTTP/1.1" 200 268393
74.86.158.107 - - [31/Jan/2015:04:48:03 -0500] "HEAD / HTTP/1.1" 302 -
201.245.192.253 - - [31/Jan/2015:04:48:06 -0500] "GET /forest/session.jsp?a=0.6770201053004712 HTTP/1.1" 200 4
188.165.15.203 - - [31/Jan/2015:04:48:11 -0500] "GET /BLA/resoluciones/RESOLUCIONES%202003/RES%202003%201551-1601/20031595.tif HTTP/1.1" 200 84128
188.165.15.61 - - [31/Jan/2015:04:48:12 -0500] "GET /BLA/resoluciones/RESOLUCIONES%202002/RES%202002%201801-1850/20021816.tif HTTP/1.1" 200 190796
181.50.5.164 - - [31/Jan/2015:04:48:41 -0500] "GET /videos/ArchivoSDA.flv HTTP/1.1" 200 31205279
66.249.64.163 - - [31/Jan/2015:04:48:50 -0500] "GET /manual_funciones/ HTTP/1.1" 404 1018
188.165.15.94 - - [31/Jan/2015:04:49:22 -0500] "GET /BLA/resoluciones/RESOLUCIONES%202003/RES%202003%201351-1400/20031383.tif HTTP/1.1" 200 220624
66.249.64.167 - - [31/Jan/2015:04:49:28 -0500] "GET /BLA/resoluciones/RESOLUCIONES%202006/RES%202006%202401-2450/00002437.tif HTTP/1.1" 200 188934
66.249.64.163 - - [31/Jan/2015:04:49:53 -0500] "GET /BLA/resoluciones/RESOLUCIONES%202003/RES%202003%20851-900/858.tif HTTP/1.1" 200 258120
188.165.15.89 - - [31/Jan/2015:04:51:05 -0500] "GET /BLA/resoluciones/RESOLUCIONES%202003/RES%202003%202001-2051/20032015.tif HTTP/1.1" 200 225864
180.76.6.130 - - [31/Jan/2015:04:52:21 -0500] "GET /BLA/resoluciones/RESOLUCIONES%202009/1256.pdf HTTP/1.1" 200 551158
74.86.158.107 - - [31/Jan/2015:04:53:03 -0500] "HEAD / HTTP/1.1" 302 -
201.245.192.253 - - [31/Jan/2015:04:53:07 -0500] "GET /forest/session.jsp?a=0.2986370800063014 HTTP/1.1" 200 4
180.76.6.21 - - [31/Jan/2015:04:54:56 -0500] "GET /BLA/resoluciones/RESOLUCIONES%202008/0804.pdf HTTP/1.1" 200 291028
66.249.64.171 - - [31/Jan/2015:04:55:41 -0500] "GET /manual_funciones_Listado/index.php?dir=2.1.1.+Subdireccion+de+Politicas+y+Planes+Ambientales%2F HTTP/1.1" 404 1018
74.86.158.107 - - [31/Jan/2015:04:58:03 -0500] "HEAD / HTTP/1.1" 302 -
178.129.154.249 - - [31/Jan/2015:04:58:04 -0500] "GET / HTTP/1.1" 302 -
178.129.154.249 - - [31/Jan/2015:04:58:08 -0500] "GET /BLA/boletinlegal/js/jquery.js HTTP/1.1" 200 57254
201.245.192.253 - - [31/Jan/2015:04:58:08 -0500] "GET /forest/session.jsp?a=0.05038792220875621 HTTP/1.1" 200 4
178.129.154.249 - - [31/Jan/2015:04:58:08 -0500] "GET /BLA/boletinlegal/js/jquery.scrollTo-min.js HTTP/1.1" 200 1150
178.129.154.249 - - [31/Jan/2015:04:58:09 -0500] "GET /galeria/carrusel/Carrusel/jquery.thumbnailScroller.css HTTP/1.1" 200 2066
178.129.154.249 - - [31/Jan/2015:04:58:09 -0500] "GET /BLA/boletinlegal/js/jquery.scrollShow.js HTTP/1.1" 200 4586
178.129.154.249 - - [31/Jan/2015:04:58:10 -0500] "GET /galeria/carrusel/Carrusel/jquery-ui-1.8.13.custom.min.js HTTP/1.1" 200 10800
178.129.154.249 - - [31/Jan/2015:04:58:10 -0500] "GET /galeria/carrusel/Carrusel/jquery.thumbnailScroller.js HTTP/1.1" 200 8157
178.129.154.249 - - [31/Jan/2015:04:58:29 -0500] "GET /galeria/nivo-slider/demo/demo.html HTTP/1.1" 200 3150
178.129.154.249 - - [31/Jan/2015:04:58:30 -0500] "GET /galeria/nivo-slider/themes/pascal/pascal.css HTTP/1.1" 200 2258
178.129.154.249 - - [31/Jan/2015:04:58:30 -0500] "GET /galeria/nivo-slider/themes/default/default.css HTTP/1.1" 200 1569
178.129.154.249 - - [31/Jan/2015:04:58:30 -0500] "GET /galeria/nivo-slider/themes/orman/orman.css HTTP/1.1" 200 2152
178.129.154.249 - - [31/Jan/2015:04:58:30 -0500] "GET /galeria/nivo-slider/nivo-slider.css HTTP/1.1" 200 1507
178.129.154.249 - - [31/Jan/2015:04:58:30 -0500] "GET /galeria/nivo-slider/demo/style.css HTTP/1.1" 200 2222
178.129.154.249 - - [31/Jan/2015:04:58:30 -0500] "GET /galeria/nivo-slider/demo/scripts/jquery-1.7.1.min.js HTTP/1.1" 200 93868
178.129.154.249 - - [31/Jan/2015:04:58:30 -0500] "GET /galeria/nivo-slider/jquery.nivo.slider.pack.js HTTP/1.1" 200 11561
178.129.154.249 - - [31/Jan/2015:04:58:31 -0500] "GET /galeria/nivo-slider/demo/images/4Simple_Slider.png HTTP/1.1" 200 11722
178.129.154.249 - - [31/Jan/2015:04:58:32 -0500] "GET /galeria/nivo-slider/themes/default/loading.gif HTTP/1.1" 200 1737
178.129.154.249 - - [31/Jan/2015:04:58:32 -0500] "GET /galeria/nivo-slider/demo/images/bolsas-08.jpg HTTP/1.1" 200 85589
178.129.154.249 - - [31/Jan/2015:04:58:33 -0500] "GET /galeria/nivo-slider/demo/images/Ruta-vertimientos-01.jpg HTTP/1.1" 200 130151
178.129.154.249 - - [31/Jan/2015:04:58:37 -0500] "GET /galeria/nivo-slider/demo/images/bolsas-06.jpg HTTP/1.1" 200 90982
178.129.154.249 - - [31/Jan/2015:04:58:37 -0500] "GET /galeria/nivo-slider/demo/images/ecolecta-Dic2014.png HTTP/1.1" 200 288593
188.165.15.23 - - [31/Jan/2015:04:59:13 -0500] "GET /BLA/resoluciones/RESOLUCIONES%202006/RES%202006%201801-1850/00001804.tif HTTP/1.1" 200 194900
200.21.190.54 - - [31/Jan/2015:05:00:37 -0500] "GET /BLA/boletinlegal/js/jquery.scrollTo-min.js HTTP/1.1" 200 1150
200.21.190.54 - - [31/Jan/2015:05:00:37 -0500] "GET /BLA/boletinlegal/js/jquery.scrollShow.js HTTP/1.1" 200 4586
200.21.190.54 - - [31/Jan/2015:05:00:37 -0500] "GET /BLA/boletinlegal/js/jquery.js HTTP/1.1" 200 57254
180.76.6.64 - - [31/Jan/2015:05:01:04 -0500] "GET /BLA/resoluciones/RESOLUCIONES%202007/RES%202007%20401%20AL%20500/RESOLUCION%200489%20DE%202007.pdf HTTP/1.1" 200 435752
66.249.64.171 - - [31/Jan/2015:05:01:25 -0500] "GET /BLA/resoluciones/RESOLUCIONES%202007/RES%202007%203101%20AL%203200/RESOLUCION%203131%20DE%202007.pdf HTTP/1.1" 200 595223
66.249.64.167 - - [31/Jan/2015:05:01:43 -0500] "GET /BLA/resoluciones/RESOLUCIONES%202006/RES%202006%201551-1600/00001591.tif HTTP/1.1" 200 191518
188.165.15.41 - - [31/Jan/2015:05:02:06 -0500] "GET /BLA/resoluciones/RESOLUCIONES%202006/RES%202006%201151-1200/00001177.tif HTTP/1.1" 200 166492
66.249.64.167 - - [31/Jan/2015:05:02:34 -0500] "GET /manual_funciones_Listado/2.1.%20Direcci%C3%B3n%20de%20Planeacion%20y%20Sistemas%20de%20Informacion/Profesional%20Especializado%20222-21.pdf HTTP/1.1" 404 1018
74.86.158.107 - - [31/Jan/2015:05:03:03 -0500] "HEAD / HTTP/1.1" 302 -
201.245.192.253 - - [31/Jan/2015:05:03:09 -0500] "GET /forest/session.jsp?a=0.759636641247198 HTTP/1.1" 200 4
188.165.15.90 - - [31/Jan/2015:05:03:10 -0500] "GET /BLA/resoluciones/RESOLUCIONES%202003/RES%202003%20101-150/2003RES105.tif HTTP/1.1" 200 157284
66.249.64.167 - - [31/Jan/2015:05:03:46 -0500] "GET /BLA/resoluciones/RESOLUCIONES%202012/1555.pdf HTTP/1.1" 200 3303513
66.249.64.171 - - [31/Jan/2015:05:03:53 -0500] "GET /BLA/resoluciones/AUTOS%202011/1989.pdf HTTP/1.1" 200 122472
66.249.64.167 - - [31/Jan/2015:05:03:54 -0500] "GET /BLA/resoluciones/RESOLUCIONES%202010/5554.pdf HTTP/1.1" 200 340553
66.249.64.167 - - [31/Jan/2015:05:03:58 -0500] "GET /BLA/resoluciones/RESOLUCIONES%202007/RES%202007%202401%20AL%202500/RESOLUCION%202418%20DE%202007.pdf HTTP/1.1" 304 -
200.21.190.54 - - [31/Jan/2015:05:03:59 -0500] "GET /BLA/boletinlegal/js/jquery.scrollTo-min.js HTTP/1.1" 200 1150
200.21.190.54 - - [31/Jan/2015:05:03:59 -0500] "GET /BLA/boletinlegal/js/jquery.js HTTP/1.1" 200 57254
200.21.190.54 - - [31/Jan/2015:05:03:59 -0500] "GET /BLA/boletinlegal/js/jquery.scrollShow.js HTTP/1.1" 200 4586
66.249.64.167 - - [31/Jan/2015:05:04:02 -0500] "GET /BLA/resoluciones/RESOLUCIONES%202012/1543.pdf HTTP/1.1" 200 322275
66.249.64.167 - - [31/Jan/2015:05:04:06 -0500] "GET /BLA/resoluciones/AUTOS%202011/2066.pdf HTTP/1.1" 200 206577
66.249.64.167 - - [31/Jan/2015:05:04:14 -0500] "GET /BLA/resoluciones/AUTOS%202009/1421.pdf HTTP/1.1" 200 108886
66.249.64.171 - - [31/Jan/2015:05:04:22 -0500] "GET /BLA/resoluciones/RESOLUCIONES%202010/7106.pdf HTTP/1.1" 200 637315
66.249.64.167 - - [31/Jan/2015:05:04:30 -0500] "GET /BLA/resoluciones/RESOLUCIONES%202007/RES%202007%202001%20AL%202100/RESOLUCION%202016%20DE%202007.pdf HTTP/1.1" 200 226788
66.249.64.171 - - [31/Jan/2015:05:04:38 -0500] "GET /BLA/resoluciones/RESOLUCIONES%202007/RES%202007%204201%20AL%204300/RESOLUCION%204275%20DE%202007.pdf HTTP/1.1" 304 -
66.249.64.171 - - [31/Jan/2015:05:04:46 -0500] "GET /BLA/resoluciones/AUTOS%202007/2707.pdf HTTP/1.1" 200 87476
66.249.64.171 - - [31/Jan/2015:05:04:54 -0500] "GET /BLA/resoluciones/RESOLUCIONES%202007/RES%202007%20101%20AL%20200/RESOLUCION%200181%20DE%202007.pdf HTTP/1.1" 200 389720
66.249.64.163 - - [31/Jan/2015:05:05:02 -0500] "GET /BLA/resoluciones/RESOLUCIONES%202007/RES%202007%202701%20AL%202800/RESOLUCION%202733%20DE%202007.pdf HTTP/1.1" 200 853737
66.249.64.167 - - [31/Jan/2015:05:05:10 -0500] "GET /BLA/resoluciones/RESOLUCIONES%202007/RES%202007%203001%20AL%203100/RESOLUCION%203018%20DE%202007.pdf HTTP/1.1" 304 -
66.249.64.167 - - [31/Jan/2015:05:05:17 -0500] "GET /BLA/resoluciones/RESOLUCIONES%202008/4776.pdf HTTP/1.1" 200 379652
66.249.64.171 - - [31/Jan/2015:05:05:25 -0500] "GET /BLA/resoluciones/RESOLUCIONES%202007/RES%202007%20301%20AL%20400/RESOLUCION%200308%20DE%202007.pdf HTTP/1.1" 200 419661
66.249.64.171 - - [31/Jan/2015:05:05:33 -0500] "GET /BLA/resoluciones/AUTOS%202010/3312.pdf HTTP/1.1" 200 1516864
66.249.64.171 - - [31/Jan/2015:05:05:41 -0500] "GET /BLA/resoluciones/RESOLUCIONES%202013/2010.pdf HTTP/1.1" 304 -
66.249.64.171 - - [31/Jan/2015:05:05:49 -0500] "GET /BLA/resoluciones/RESOLUCIONES%202010/5818.pdf HTTP/1.1" 200 85153
66.249.64.171 - - [31/Jan/2015:05:05:57 -0500] "GET /BLA/resoluciones/RESOLUCIONES%202009/1387.pdf HTTP/1.1" 200 1644927
66.249.64.171 - - [31/Jan/2015:05:06:05 -0500] "GET /BLA/resoluciones/RESOLUCIONES%202010/1117.pdf HTTP/1.1" 200 103550
66.249.64.167 - - [31/Jan/2015:05:06:13 -0500] "GET /BLA/resoluciones/RESOLUCIONES%202009/8352.pdf HTTP/1.1" 200 481263
66.249.64.167 - - [31/Jan/2015:05:06:21 -0500] "GET /BLA/resoluciones/RESOLUCIONES%202009/1318.pdf HTTP/1.1" 304 -
66.249.64.167 - - [31/Jan/2015:05:06:29 -0500] "GET /BLA/resoluciones/RESOLUCIONES%202010/7227.pdf HTTP/1.1" 200 772011
66.249.64.163 - - [31/Jan/2015:05:06:37 -0500] "GET /BLA/resoluciones/AUTOS%202008/1297.pdf HTTP/1.1" 200 208171
66.249.64.167 - - [31/Jan/2015:05:06:45 -0500] "GET /BLA/resoluciones/RESOLUCIONES%202007/RES%202007%202501%20AL%202600/RESOLUCION%202519%20DE%202007.pdf HTTP/1.1" 304 -
66.249.64.163 - - [31/Jan/2015:05:06:53 -0500] "GET /BLA/resoluciones/RESOLUCIONES%202007/RES%202007%201601%20AL%201725/RESOLUCION%201615%20DE%202007.pdf HTTP/1.1" 200 308205
66.249.64.167 - - [31/Jan/2015:05:07:01 -0500] "GET /BLA/resoluciones/RESOLUCIONES%202011/0213.pdf HTTP/1.1" 304 -
66.249.64.171 - - [31/Jan/2015:05:07:09 -0500] "GET /BLA/resoluciones/RESOLUCIONES%202011/6145.pdf HTTP/1.1" 304 -
66.249.64.171 - - [31/Jan/2015:05:07:17 -0500] "GET /BLA/resoluciones/RESOLUCIONES%202007/RES%202007%201201%20AL%201300/RESOLUCION%201237%20DE%202007.pdf HTTP/1.1" 200 407208
66.249.64.163 - - [31/Jan/2015:05:07:25 -0500] "GET /BLA/resoluciones/RESOLUCIONES%202009/3224.pdf HTTP/1.1" 304 -
66.249.64.167 - - [31/Jan/2015:05:07:33 -0500] "GET /BLA/resoluciones/RESOLUCIONES%202012/1457.pdf HTTP/1.1" 304 -
188.165.15.203 - - [31/Jan/2015:05:07:34 -0500] "GET /BLA/resoluciones/RESOLUCIONES%202006/RES%202006%201601-1650/00001616.tif HTTP/1.1" 200 163998
66.249.64.171 - - [31/Jan/2015:05:07:38 -0500] "GET /BLA/boletinlegal/images/screen_2.png HTTP/1.1" 200 362502
66.249.64.171 - - [31/Jan/2015:05:07:40 -0500] "GET /BLA/resoluciones/RESOLUCIONES%202011/0912.pdf HTTP/1.1" 304 -
66.249.64.163 - - [31/Jan/2015:05:07:48 -0500] "GET /BLA/resoluciones/AUTOS%202007/2224.pdf HTTP/1.1" 304 -
66.249.64.171 - - [31/Jan/2015:05:07:56 -0500] "GET /BLA/resoluciones/RESOLUCIONES%202013/1104.pdf HTTP/1.1" 200 724469
74.86.158.107 - - [31/Jan/2015:05:08:03 -0500] "HEAD / HTTP/1.1" 302 -
66.249.64.171 - - [31/Jan/2015:05:08:04 -0500] "GET /BLA/resoluciones/RESOLUCIONES%202013/2054.pdf HTTP/1.1" 200 726789
180.76.6.147 - - [31/Jan/2015:05:08:09 -0500] "GET /BLA/boletinlegal;jsessionid=AB09EBFAAE86EFE2B4130EE319EB6BCE?/? HTTP/1.1" 404 1018
201.245.192.253 - - [31/Jan/2015:05:08:10 -0500] "GET /forest/session.jsp?a=0.701892698649317 HTTP/1.1" 200 4
66.249.64.163 - - [31/Jan/2015:05:08:12 -0500] "GET /BLA/resoluciones/RESOLUCIONES%202007/RES%202007%20601%20AL%20700/RESOLUCION%200670%20DE%202007.pdf HTTP/1.1" 200 376067
66.249.64.171 - - [31/Jan/2015:05:08:20 -0500] "GET /BLA/resoluciones/RESOLUCIONES%202009/3675.pdf HTTP/1.1" 304 -
66.249.64.163 - - [31/Jan/2015:05:08:28 -0500] "GET /BLA/resoluciones/RESOLUCIONES%202009/7630.pdf HTTP/1.1" 304 -
66.249.64.171 - - [31/Jan/2015:05:08:36 -0500] "GET /BLA/resoluciones/RESOLUCIONES%202011/0338.pdf HTTP/1.1" 304 -
66.249.64.171 - - [31/Jan/2015:05:08:44 -0500] "GET /BLA/resoluciones/AUTOS%202009/3317.pdf HTTP/1.1" 200 209102
188.165.15.61 - - [31/Jan/2015:05:08:51 -0500] "GET /BLA/resoluciones/RESOLUCIONES%202006/RES%202006%202201-2250/00002248.tif HTTP/1.1" 200 244460
66.249.64.167 - - [31/Jan/2015:05:08:52 -0500] "GET /BLA/resoluciones/RESOLUCIONES%202011/1460.pdf HTTP/1.1" 200 518622
123.125.71.25 - - [31/Jan/2015:05:08:58 -0500] "GET /BLA/resoluciones/AUTOS%202007/3775.pdf HTTP/1.1" 200 161202
66.249.64.163 - - [31/Jan/2015:05:09:00 -0500] "GET /BLA/resoluciones/RESOLUCIONES%202009/9794.pdf HTTP/1.1" 200 624071
66.249.64.171 - - [31/Jan/2015:05:09:08 -0500] "GET /BLA/resoluciones/RESOLUCIONES%202007/RES%202007%202401%20AL%202500/RESOLUCION%202468%20DE%202007.pdf HTTP/1.1" 200 276366
66.249.64.163 - - [31/Jan/2015:05:09:16 -0500] "GET /BLA/resoluciones/RESOLUCIONES%202013/0906.pdf HTTP/1.1" 304 -
66.249.64.163 - - [31/Jan/2015:05:09:24 -0500] "GET /BLA/resoluciones/RESOLUCIONES%202008/2391.pdf HTTP/1.1" 200 468529
66.249.64.163 - - [31/Jan/2015:05:09:28 -0500] "GET /hidrico/aguas%20subterraneas/Cartograf%C3%ACa_Final_2013/Isopiezas/Campa%C3%B1a%20Niveles%20Kennedy%20Fontibon%20Puente%20Aranda.pdf HTTP/1.1" 404 1018
181.50.208.186 - - [31/Jan/2015:05:09:31 -0500] "GET /BLA/resoluciones/RESOLUCIONES%202009/7741.pdf HTTP/1.1" 200 527628
66.249.64.163 - - [31/Jan/2015:05:09:32 -0500] "GET /BLA/resoluciones/RESOLUCIONES%202009/1651.pdf HTTP/1.1" 200 438389
181.50.208.186 - - [31/Jan/2015:05:09:33 -0500] "GET /BLA/resoluciones/RESOLUCIONES%202009/7741.pdf HTTP/1.1" 200 527628
66.249.64.163 - - [31/Jan/2015:05:09:40 -0500] "GET /BLA/resoluciones/RESOLUCIONES%202009/6215.pdf HTTP/1.1" 200 910223
66.249.64.163 - - [31/Jan/2015:05:09:48 -0500] "GET /BLA/resoluciones/RESOLUCIONES%202008/0043.pdf HTTP/1.1" 200 657084
66.249.64.163 - - [31/Jan/2015:05:09:55 -0500] "GET /BLA/resoluciones/RESOLUCIONES%202008/1050.pdf HTTP/1.1" 200 363455
66.249.64.167 - - [31/Jan/2015:05:09:56 -0500] "GET /manual_funciones_Listado/index.php?dir=2.1.2.+Subdireccion+de+Proyectos+y+Cooperacion+Internacional%2F HTTP/1.1" 404 1018
66.249.64.163 - - [31/Jan/2015:05:10:03 -0500] "GET /BLA/resoluciones/RESOLUCIONES%202010/2550.pdf HTTP/1.1" 200 494803
66.249.64.163 - - [31/Jan/2015:05:10:11 -0500] "GET /BLA/resoluciones/RESOLUCIONES%202008/1410.pdf HTTP/1.1" 200 222665
66.249.64.171 - - [31/Jan/2015:05:10:19 -0500] "GET /BLA/resoluciones/AUTOS%202008/0456.pdf HTTP/1.1" 200 172132
66.249.64.171 - - [31/Jan/2015:05:10:27 -0500] "GET /BLA/resoluciones/AUTOS%202011/2718.pdf HTTP/1.1" 200 264489
66.249.64.163 - - [31/Jan/2015:05:10:35 -0500] "GET /BLA/resoluciones/RESOLUCIONES%202011/1979.pdf HTTP/1.1" 200 224135
180.76.5.76 - - [31/Jan/2015:05:10:37 -0500] "GET /BLA/resoluciones/index.php?dir=RESOLUCIONES+2004%2FRES+2004+2001-2050%2F HTTP/1.1" 200 12347
66.249.64.167 - - [31/Jan/2015:05:10:43 -0500] "GET /BLA/resoluciones/AUTOS%202007/0879.pdf HTTP/1.1" 200 81908
66.249.64.167 - - [31/Jan/2015:05:10:51 -0500] "GET /BLA/resoluciones/AUTOS%202008/3213.pdf HTTP/1.1" 200 106263
66.249.64.167 - - [31/Jan/2015:05:10:59 -0500] "GET /BLA/resoluciones/AUTOS%202008/2594.pdf HTTP/1.1" 200 72426
66.249.64.171 - - [31/Jan/2015:05:11:07 -0500] "GET /BLA/resoluciones/AUTOS%202008/0396.pdf HTTP/1.1" 200 120098
66.249.64.167 - - [31/Jan/2015:05:11:15 -0500] "GET /BLA/resoluciones/RESOLUCIONES%202008/2126.pdf HTTP/1.1" 200 200806
66.249.64.163 - - [31/Jan/2015:05:11:23 -0500] "GET /BLA/resoluciones/RESOLUCIONES%202011/1057.pdf HTTP/1.1" 200 281393
66.249.64.167 - - [31/Jan/2015:05:11:31 -0500] "GET /BLA/resoluciones/RESOLUCIONES%202009/7560.pdf HTTP/1.1" 200 516834
188.165.15.90 - - [31/Jan/2015:05:11:39 -0500] "GET /BLA/resoluciones/RESOLUCIONES%202003/RES%202003%201301-1350/20031318.tif HTTP/1.1" 200 81718
66.249.64.163 - - [31/Jan/2015:05:11:39 -0500] "GET /BLA/resoluciones/RESOLUCIONES%202011/2809.pdf HTTP/1.1" 200 758328
66.249.64.171 - - [31/Jan/2015:05:11:40 -0500] "GET /BLA/resoluciones/RESOLUCIONES%202005/RES%202005%201451-1500/00001476.tif HTTP/1.1" 200 199350
66.249.64.171 - - [31/Jan/2015:05:11:47 -0500] "GET /BLA/resoluciones/RESOLUCIONES%202007/RES%202007%20501%20AL%20600/RESOLUCION%200581%20DE%202007.pdf HTTP/1.1" 200 467272
66.249.64.163 - - [31/Jan/2015:05:11:55 -0500] "GET /BLA/resoluciones/RESOLUCIONES%202009/8460.pdf HTTP/1.1" 200 45744
66.249.64.167 - - [31/Jan/2015:05:12:03 -0500] "GET /BLA/resoluciones/RESOLUCIONES%202010/4488.pdf HTTP/1.1" 200 1062021
66.249.64.171 - - [31/Jan/2015:05:12:11 -0500] "GET /BLA/resoluciones/RESOLUCIONES%202008/3398.pdf HTTP/1.1" 200 56683
66.249.64.171 - - [31/Jan/2015:05:12:18 -0500] "GET /BLA/resoluciones/AUTOS%202008/1270.pdf HTTP/1.1" 200 95640
66.249.64.163 - - [31/Jan/2015:05:12:26 -0500] "GET /BLA/resoluciones/RESOLUCIONES%202010/5960.pdf HTTP/1.1" 200 74235
66.249.64.167 - - [31/Jan/2015:05:12:34 -0500] "GET /BLA/resoluciones/RESOLUCIONES%202007/RES%202007%20801%20AL%20900/RESOLUCION%200837%20DE%202007.pdf HTTP/1.1" 200 167649
66.249.64.163 - - [31/Jan/2015:05:12:42 -0500] "GET /BLA/resoluciones/RESOLUCIONES%202008/3579.pdf HTTP/1.1" 200 368354
66.249.64.171 - - [31/Jan/2015:05:12:50 -0500] "GET /BLA/resoluciones/RESOLUCIONES%202009/2732.pdf HTTP/1.1" 200 1124156
66.249.64.171 - - [31/Jan/2015:05:12:58 -0500] "GET /BLA/resoluciones/AUTOS%202008/3181.pdf HTTP/1.1" 200 301204
74.86.158.107 - - [31/Jan/2015:05:13:03 -0500] "HEAD / HTTP/1.1" 302 -
66.249.64.167 - - [31/Jan/2015:05:13:06 -0500] "GET /BLA/resoluciones/RESOLUCIONES%202010/5194.pdf HTTP/1.1" 200 1357449
201.245.192.253 - - [31/Jan/2015:05:13:11 -0500] "GET /forest/session.jsp?a=0.8301868115086108 HTTP/1.1" 200 4
66.249.64.171 - - [31/Jan/2015:05:13:14 -0500] "GET /BLA/resoluciones/RESOLUCIONES%202007/RES%202007%202701%20AL%202800/RESOLUCION%202708%20DE%202007.pdf HTTP/1.1" 200 414306
66.249.64.167 - - [31/Jan/2015:05:13:22 -0500] "GET /BLA/resoluciones/RESOLUCIONES%202009/8302.pdf HTTP/1.1" 200 779846
66.249.64.167 - - [31/Jan/2015:05:13:30 -0500] "GET /BLA/resoluciones/AUTOS%202007/2018.pdf HTTP/1.1" 200 100894
66.249.64.171 - - [31/Jan/2015:05:13:38 -0500] "GET /BLA/resoluciones/RESOLUCIONES%202011/1351.pdf HTTP/1.1" 200 74087
66.249.64.163 - - [31/Jan/2015:05:13:46 -0500] "GET /BLA/resoluciones/RESOLUCIONES%202008/0071.pdf HTTP/1.1" 200 320996
66.249.64.167 - - [31/Jan/2015:05:13:54 -0500] "GET /BLA/resoluciones/RESOLUCIONES%202008/2686.pdf HTTP/1.1" 200 414391
66.249.64.167 - - [31/Jan/2015:05:14:02 -0500] "GET /BLA/resoluciones/RESOLUCIONES%202008/4807.pdf HTTP/1.1" 200 390885
66.249.64.163 - - [31/Jan/2015:05:14:10 -0500] "GET /BLA/resoluciones/RESOLUCIONES%202009/5355.pdf HTTP/1.1" 200 415990
66.249.64.171 - - [31/Jan/2015:05:14:18 -0500] "GET /BLA/resoluciones/RESOLUCIONES%202009/8303.pdf HTTP/1.1" 200 755158
66.249.64.167 - - [31/Jan/2015:05:14:26 -0500] "GET /BLA/resoluciones/AUTOS%202013/1312.pdf HTTP/1.1" 200 831811
192.185.12.25 - - [31/Jan/2015:05:14:29 -0500] "GET /Autoliquidacion/index.php?dir=Solicitudes%20relacionadas%20con%20calidad%20del%20aire%20auditiva%20y%20visual/Registro%20de%20Elementos%20de%20publicidad%20Exterior%20Visual/'&sort=date'&order=desc'\" HTTP/1.1" 200 7001
192.185.12.25 - - [31/Jan/2015:05:14:30 -0500] "GET /Autoliquidacion/index.php?dir=Solicitudes%20relacionadas%20con%20calidad%20del%20aire%20auditiva%20y%20visual%2FRegistro%20de%20Elementos%20de%20publicidad%20Exterior%20Visual%2F&sort=date&order=desc HTTP/1.0" 200 4036
66.249.64.167 - - [31/Jan/2015:05:14:34 -0500] "GET /BLA/resoluciones/RESOLUCIONES%202008/2751.pdf HTTP/1.1" 200 196901
66.249.64.171 - - [31/Jan/2015:05:14:41 -0500] "GET /BLA/resoluciones/RESOLUCIONES%202009/1599.pdf HTTP/1.1" 200 606314
66.249.64.163 - - [31/Jan/2015:05:14:49 -0500] "GET /BLA/resoluciones/RESOLUCIONES%202007/RES%202007%20901%20AL%201000/RESOLUCION%200968%20DE%202007.pdf HTTP/1.1" 200 34248
66.249.64.171 - - [31/Jan/2015:05:14:57 -0500] "GET /BLA/resoluciones/RESOLUCIONES%202009/1537.pdf HTTP/1.1" 200 803702
66.249.64.171 - - [31/Jan/2015:05:15:05 -0500] "GET /BLA/resoluciones/RESOLUCIONES%202009/1488.pdf HTTP/1.1" 200 458022
66.249.64.163 - - [31/Jan/2015:05:15:13 -0500] "GET /BLA/resoluciones/AUTOS%202008/1487.pdf HTTP/1.1" 200 199583
66.249.64.163 - - [31/Jan/2015:05:15:21 -0500] "GET /BLA/resoluciones/AUTOS%202008/1587.pdf HTTP/1.1" 200 58912
66.249.64.167 - - [31/Jan/2015:05:15:29 -0500] "GET /BLA/resoluciones/RESOLUCIONES%202008/3082.pdf HTTP/1.1" 200 549904
188.165.15.23 - - [31/Jan/2015:05:15:29 -0500] "GET /BLA/resoluciones/index.php?dir=RESOLUCIONES%202002/RES%202002%20701-750/&sort=date&order=asc HTTP/1.1" 200 12223
66.249.64.171 - - [31/Jan/2015:05:15:37 -0500] "GET /BLA/resoluciones/RESOLUCIONES%202009/8346.pdf HTTP/1.1" 200 468290
66.249.64.163 - - [31/Jan/2015:05:15:45 -0500] "GET /BLA/resoluciones/RESOLUCIONES%202008/3119.pdf HTTP/1.1" 200 138472
66.249.64.163 - - [31/Jan/2015:05:15:53 -0500] "GET /BLA/resoluciones/RESOLUCIONES%202008/2904.pdf HTTP/1.1" 200 274536
66.249.64.171 - - [31/Jan/2015:05:16:01 -0500] "GET /BLA/resoluciones/RESOLUCIONES%202008/0395.pdf HTTP/1.1" 200 130648
66.249.64.163 - - [31/Jan/2015:05:16:09 -0500] "GET /BLA/resoluciones/AUTOS%202008/0350.pdf HTTP/1.1" 200 358665
66.249.64.171 - - [31/Jan/2015:05:16:17 -0500] "GET /BLA/resoluciones/RESOLUCIONES%202009/9416.pdf HTTP/1.1" 200 160960
66.249.64.167 - - [31/Jan/2015:05:16:19 -0500] "GET /hidrico/aguas%20subterraneas/Cartograf%C3%ACa_Final_2013/Hidrogeolog%C3%ADa/Sec_FGHIJ_v3.pdf HTTP/1.1" 404 1018
66.249.64.163 - - [31/Jan/2015:05:16:25 -0500] "GET /BLA/resoluciones/AUTOS%202008/1819.pdf HTTP/1.1" 200 87636
66.249.64.171 - - [31/Jan/2015:05:16:33 -0500] "GET /BLA/resoluciones/RESOLUCIONES%202009/4968.pdf HTTP/1.1" 200 360598
191.150.34.66 - - [31/Jan/2015:05:16:36 -0500] "GET /galeria/carrusel/Carrusel/jquery.thumbnailScroller.css HTTP/1.1" 200 2066
191.150.34.66 - - [31/Jan/2015:05:16:36 -0500] "GET /BLA/boletinlegal/js/jquery.js HTTP/1.1" 200 57254
191.150.34.66 - - [31/Jan/2015:05:16:36 -0500] "GET /BLA/boletinlegal/js/jquery.scrollTo-min.js HTTP/1.1" 200 1150
191.150.34.66 - - [31/Jan/2015:05:16:36 -0500] "GET /BLA/boletinlegal/js/jquery.scrollShow.js HTTP/1.1" 200 4586
191.150.34.66 - - [31/Jan/2015:05:16:36 -0500] "GET /galeria/carrusel/Carrusel/jquery-ui-1.8.13.custom.min.js HTTP/1.1" 200 10800
191.150.34.66 - - [31/Jan/2015:05:16:36 -0500] "GET /galeria/carrusel/Carrusel/jquery.thumbnailScroller.js HTTP/1.1" 200 8157
191.150.34.66 - - [31/Jan/2015:05:16:38 -0500] "GET /galeria/nivo-slider/demo/demo.html HTTP/1.1" 200 3150
191.150.34.66 - - [31/Jan/2015:05:16:38 -0500] "GET /galeria/nivo-slider/themes/orman/orman.css HTTP/1.1" 200 2152
191.150.34.66 - - [31/Jan/2015:05:16:38 -0500] "GET /galeria/nivo-slider/themes/default/default.css HTTP/1.1" 200 1569
191.150.34.66 - - [31/Jan/2015:05:16:38 -0500] "GET /galeria/nivo-slider/themes/pascal/pascal.css HTTP/1.1" 200 2258
191.150.34.66 - - [31/Jan/2015:05:16:38 -0500] "GET /galeria/nivo-slider/nivo-slider.css HTTP/1.1" 200 1507
