!C99Shell v. 1.0 pre-release build #13!

Software: Apache. PHP/5.5.15 

uname -a: Windows NT SVR-DMZ 6.1 build 7600 (Windows Server 2008 R2 Enterprise Edition) i586 

SYSTEM 

Safe-mode: OFF (not secure)

E:\nuevo\apache\logs\   drwxrwxrwx
Free 5.02 GB of 239.26 GB (2.1%)
Detected drives: [ a ] [ c ] [ d ] [ e ] [ f ]
Home    Back    Forward    UPDIR    Refresh    Search    Buffer    Encoder    Tools    Proc.    FTP brute    Sec.    SQL    PHP-code    Update    Feedback    Self remove    Logout    


Viewing file:     access.2015.01.31.log (5.17 MB)      -rw-rw-rw-
Select action/file-type:
(+) | (+) | (+) | Code (+) | Session (+) | (+) | SDB (+) | (+) | (+) | (+) | (+) | (+) |
188.165.15.203 - - [31/Jan/2015:00:00:04 -0500] "GET /BLA/resoluciones/RESOLUCIONES%202006/RES%202006%20101-150/00000111.tif HTTP/1.1" 200 172966
66.249.64.171 - - [31/Jan/2015:00:00:05 -0500] "GET /BLA/resoluciones/RESOLUCIONES%202004/RES%202004%20301-350/00000307.tif HTTP/1.1" 200 619174
188.165.15.203 - - [31/Jan/2015:00:00:53 -0500] "GET /BLA/resoluciones/RESOLUCIONES%202003/RES%202003%202101-2150/20032122.tif HTTP/1.1" 200 260178
178.162.193.32 - - [31/Jan/2015:00:01:06 -0500] "GET /BLA/boletinlegal/Circulares/2010/Circular%2006%20de%208%20de%20septiembre%20de%202010.pdf HTTP/1.0" 200 4657752
190.156.102.85 - - [31/Jan/2015:00:01:25 -0500] "GET /BLA/resoluciones/AUTOS%202013/0861.pdf HTTP/1.1" 200 1588902
190.156.102.85 - - [31/Jan/2015:00:01:26 -0500] "GET /BLA/resoluciones/AUTOS%202013/0861.pdf HTTP/1.1" 200 1588902
66.249.64.163 - - [31/Jan/2015:00:01:53 -0500] "GET /BLA/resoluciones/RESOLUCIONES%202003/RES%202003%20351-400/396.tif HTTP/1.1" 200 135800
201.245.192.253 - - [31/Jan/2015:00:02:10 -0500] "GET /forest/session.jsp?a=0.3935439749620855 HTTP/1.1" 200 4
188.165.15.203 - - [31/Jan/2015:00:02:18 -0500] "GET /BLA/resoluciones/RESOLUCIONES%202006/RES%202006%2051-100/00000099.tif HTTP/1.1" 200 205006
66.249.64.163 - - [31/Jan/2015:00:02:19 -0500] "GET /BLA/resoluciones/RESOLUCIONES%202006/RES%202006%202551-2600/00002564.tif HTTP/1.1" 200 268854
188.165.15.202 - - [31/Jan/2015:00:02:42 -0500] "GET /BLA/resoluciones/RESOLUCIONES%202004/RES%202004%202051-2100/00002096.tif HTTP/1.1" 200 150560
180.76.6.145 - - [31/Jan/2015:00:02:50 -0500] "GET /BLA/resoluciones/AUTOS%202007/1459.pdf HTTP/1.1" 200 87688
66.249.64.171 - - [31/Jan/2015:00:02:54 -0500] "GET /BLA/resoluciones/RESOLUCIONES%202010/6178.pdf HTTP/1.1" 200 643086
186.113.168.181 - - [31/Jan/2015:00:02:54 -0500] "GET /BLA/boletinlegal/js/jquery.scrollShow.js HTTP/1.1" 200 4586
186.113.168.181 - - [31/Jan/2015:00:02:54 -0500] "GET /galeria/carrusel/Carrusel/jquery-ui-1.8.13.custom.min.js HTTP/1.1" 200 10800
186.113.168.181 - - [31/Jan/2015:00:02:54 -0500] "GET /BLA/boletinlegal/js/jquery.js HTTP/1.1" 200 57254
186.113.168.181 - - [31/Jan/2015:00:02:54 -0500] "GET /galeria/carrusel/Carrusel/jquery.thumbnailScroller.css HTTP/1.1" 200 2066
186.113.168.181 - - [31/Jan/2015:00:02:54 -0500] "GET /BLA/boletinlegal/js/jquery.scrollTo-min.js HTTP/1.1" 200 1150
186.113.168.181 - - [31/Jan/2015:00:02:54 -0500] "GET /galeria/carrusel/Carrusel/jquery.thumbnailScroller.js HTTP/1.1" 200 8157
186.113.168.181 - - [31/Jan/2015:00:02:59 -0500] "GET /galeria/nivo-slider/demo/demo.html HTTP/1.1" 200 3150
186.113.168.181 - - [31/Jan/2015:00:02:59 -0500] "GET /galeria/nivo-slider/themes/default/default.css HTTP/1.1" 200 1569
186.113.168.181 - - [31/Jan/2015:00:02:59 -0500] "GET /galeria/nivo-slider/themes/pascal/pascal.css HTTP/1.1" 200 2258
186.113.168.181 - - [31/Jan/2015:00:02:59 -0500] "GET /galeria/nivo-slider/themes/orman/orman.css HTTP/1.1" 200 2152
186.113.168.181 - - [31/Jan/2015:00:02:59 -0500] "GET /galeria/nivo-slider/demo/style.css HTTP/1.1" 200 2222
186.113.168.181 - - [31/Jan/2015:00:02:59 -0500] "GET /galeria/nivo-slider/nivo-slider.css HTTP/1.1" 200 1507
186.113.168.181 - - [31/Jan/2015:00:03:00 -0500] "GET /galeria/nivo-slider/demo/scripts/jquery-1.7.1.min.js HTTP/1.1" 200 93868
186.113.168.181 - - [31/Jan/2015:00:03:00 -0500] "GET /galeria/nivo-slider/jquery.nivo.slider.pack.js HTTP/1.1" 200 11561
186.113.168.181 - - [31/Jan/2015:00:03:02 -0500] "GET /galeria/nivo-slider/demo/images/bolsas-08.jpg HTTP/1.1" 200 85589
186.113.168.181 - - [31/Jan/2015:00:03:02 -0500] "GET /galeria/nivo-slider/demo/images/Ruta-vertimientos-01.jpg HTTP/1.1" 200 130151
186.113.168.181 - - [31/Jan/2015:00:03:02 -0500] "GET /galeria/nivo-slider/demo/images/bolsas-06.jpg HTTP/1.1" 200 90982
186.113.168.181 - - [31/Jan/2015:00:03:03 -0500] "GET /galeria/nivo-slider/demo/images/ecolecta-Dic2014.png HTTP/1.1" 200 288593
186.113.168.181 - - [31/Jan/2015:00:03:03 -0500] "GET /galeria/nivo-slider/demo/images/porloshumedales.jpg HTTP/1.1" 200 351238
74.86.158.107 - - [31/Jan/2015:00:03:03 -0500] "HEAD / HTTP/1.1" 302 -
186.113.168.181 - - [31/Jan/2015:00:03:05 -0500] "GET /galeria/nivo-slider/demo/images/4Simple_Slider.png HTTP/1.1" 200 11722
186.113.168.181 - - [31/Jan/2015:00:03:05 -0500] "GET /galeria/nivo-slider/themes/default/loading.gif HTTP/1.1" 200 1737
186.113.168.181 - - [31/Jan/2015:00:03:07 -0500] "GET /galeria/nivo-slider/demo/images/Tingua-azul.jpg HTTP/1.1" 200 307638
178.162.193.32 - - [31/Jan/2015:00:03:13 -0500] "GET /BLA/boletinlegal/Circulares/2013/Circular%20No.%206%20del%2019%20de%20julio%20de%202013.pdf HTTP/1.0" 200 4210437
186.113.168.181 - - [31/Jan/2015:00:03:15 -0500] "GET /galeria/nivo-slider/demo/images/Banner-Caracol-Africano.jpg HTTP/1.1" 200 331986
186.113.168.181 - - [31/Jan/2015:00:03:16 -0500] "GET /galeria/nivo-slider/demo/images/banner-redes.jpg HTTP/1.1" 200 62209
186.113.168.181 - - [31/Jan/2015:00:03:18 -0500] "GET /galeria/nivo-slider/demo/images/9Signos.jpg HTTP/1.1" 200 93040
186.113.168.181 - - [31/Jan/2015:00:03:21 -0500] "GET /videos/Spot_CambioClimatico.flv HTTP/1.1" 200 4371917
186.113.168.181 - - [31/Jan/2015:00:03:25 -0500] "GET /galeria/nivo-slider/demo/images/banner-llantas2.jpg HTTP/1.1" 200 73153
186.113.168.181 - - [31/Jan/2015:00:03:25 -0500] "GET /galeria/nivo-slider/demo/images/banner-caballos.png HTTP/1.1" 200 389106
186.113.168.181 - - [31/Jan/2015:00:03:35 -0500] "GET /galeria/nivo-slider/themes/default/arrows.png HTTP/1.1" 200 824
186.113.168.181 - - [31/Jan/2015:00:03:35 -0500] "GET /galeria/nivo-slider/themes/default/bullets.png HTTP/1.1" 200 1281
171.25.193.20 - - [31/Jan/2015:00:03:35 -0500] "GET /googlehostedservice.html HTTP/1.1" 404 1015
188.165.15.202 - - [31/Jan/2015:00:03:35 -0500] "GET /BLA/resoluciones/RESOLUCIONES%202003/RES%202003%20001-050/2003RES3.tif HTTP/1.1" 200 71892
204.8.156.142 - - [31/Jan/2015:00:03:58 -0500] "GET /googlehostedservice.html HTTP/1.1" 404 1019
66.249.64.167 - - [31/Jan/2015:00:04:35 -0500] "GET /BLA/resoluciones/RESOLUCIONES%202005/RES%202005%202451-2500/00002460.tif HTTP/1.1" 200 134588
186.147.5.101 - - [31/Jan/2015:00:06:04 -0500] "GET /BLA/boletinlegal/js/jquery.scrollShow.js HTTP/1.1" 200 4586
186.147.5.101 - - [31/Jan/2015:00:06:04 -0500] "GET /BLA/boletinlegal/js/jquery.js HTTP/1.1" 200 57254
186.147.5.101 - - [31/Jan/2015:00:06:04 -0500] "GET /BLA/boletinlegal/js/jquery.scrollTo-min.js HTTP/1.1" 200 1150
66.249.64.163 - - [31/Jan/2015:00:06:21 -0500] "GET /BLA/resoluciones/RESOLUCIONES%202009/4842.pdf HTTP/1.1" 200 386994
66.249.64.171 - - [31/Jan/2015:00:06:50 -0500] "GET /BLA/resoluciones/RESOLUCIONES%202004/RES%202004%20301-350/00000301.tif HTTP/1.1" 200 169818
188.165.15.152 - - [31/Jan/2015:00:07:09 -0500] "GET /BLA/resoluciones/RESOLUCIONES%202004/RES%202004%20901-950/00000949.tif HTTP/1.1" 200 229412
201.245.192.253 - - [31/Jan/2015:00:07:11 -0500] "GET /forest/session.jsp?a=0.3465861633885652 HTTP/1.1" 200 4
66.249.64.167 - - [31/Jan/2015:00:07:51 -0500] "GET /ix/Rl121998.htm HTTP/1.1" 404 1018
188.165.15.152 - - [31/Jan/2015:00:07:52 -0500] "GET /BLA/resoluciones/RESOLUCIONES%202004/RES%202004%201251-1300/00001290.tif HTTP/1.1" 200 83176
186.84.16.83 - - [31/Jan/2015:00:07:53 -0500] "GET /BLA/boletinlegal/js/jquery.js HTTP/1.1" 200 57254
186.84.16.83 - - [31/Jan/2015:00:07:53 -0500] "GET /BLA/boletinlegal/js/jquery.scrollShow.js HTTP/1.1" 200 4586
186.84.16.83 - - [31/Jan/2015:00:07:53 -0500] "GET /BLA/boletinlegal/js/jquery.scrollTo-min.js HTTP/1.1" 200 1150
188.165.15.94 - - [31/Jan/2015:00:08:02 -0500] "GET /BLA/resoluciones/RESOLUCIONES%202003/RES%202003%201601-1650/20031613.tif HTTP/1.1" 200 69376
74.86.158.107 - - [31/Jan/2015:00:08:03 -0500] "HEAD / HTTP/1.1" 302 -
188.165.15.23 - - [31/Jan/2015:00:08:13 -0500] "GET /BLA/resoluciones/RESOLUCIONES%202006/RES%202006%20451-500/00000493.tif HTTP/1.1" 200 176538
186.181.17.161 - - [31/Jan/2015:00:08:14 -0500] "GET /forest/session.jsp?a=0.33793458342552185 HTTP/1.1" 200 4
186.181.17.161 - - [31/Jan/2015:00:08:22 -0500] "GET /forest/img/panel/view_icon.gif HTTP/1.1" 200 681
186.181.17.161 - - [31/Jan/2015:00:08:22 -0500] "GET /forest/js/inicio.js?version=1412.231748 HTTP/1.1" 200 2303
186.181.17.161 - - [31/Jan/2015:00:08:22 -0500] "GET /forest/skins/gdocs-jar/js/misprocesos.js?version=1412.231748 HTTP/1.1" 200 5890
186.181.17.161 - - [31/Jan/2015:00:08:22 -0500] "GET /forest/img/panel/menu/add.png HTTP/1.1" 200 4044
186.181.17.161 - - [31/Jan/2015:00:08:22 -0500] "GET /forest/img/panel/menu/folder.png HTTP/1.1" 200 1382
186.181.17.161 - - [31/Jan/2015:00:08:22 -0500] "GET /forest/img/panel/menu/hoy.png HTTP/1.1" 200 1215
186.181.17.161 - - [31/Jan/2015:00:08:23 -0500] "GET /forest/img/panel/menu/danger2.png HTTP/1.1" 200 1358
186.181.17.161 - - [31/Jan/2015:00:08:23 -0500] "GET /forest/img/mireparto.gif HTTP/1.1" 200 2341
186.181.17.161 - - [31/Jan/2015:00:08:23 -0500] "GET /forest/img/instanciar.gif HTTP/1.1" 200 1589
186.181.17.161 - - [31/Jan/2015:00:08:23 -0500] "GET /forest/img/misdocumentos.gif HTTP/1.1" 200 545
186.181.17.161 - - [31/Jan/2015:00:08:16 -0500] "GET /forest/index2.jsp?_a=0.8257396053522825 HTTP/1.1" 200 280266
186.181.17.161 - - [31/Jan/2015:00:08:29 -0500] "GET /forest/session.jsp?a=0.8104892708361149 HTTP/1.1" 200 4
186.181.17.161 - - [31/Jan/2015:00:08:46 -0500] "GET /forest/misactividades.do?group_system_actual=3&codPro=198&_a=0.8883580548135831 HTTP/1.1" 200 38572
186.181.17.161 - - [31/Jan/2015:00:08:47 -0500] "GET /forest/skins/gdocs-jar/jsp/cookie.jsp?name=grid_nompro&del HTTP/1.1" 200 -
186.181.17.161 - - [31/Jan/2015:00:08:47 -0500] "GET /forest/session.jsp?a=0.8178691114298999 HTTP/1.1" 200 4
186.181.17.161 - - [31/Jan/2015:00:08:47 -0500] "POST /forest/misactividades.do?ajax=true&a=0.352246310794726 HTTP/1.1" 200 26945
186.181.17.161 - - [31/Jan/2015:00:08:56 -0500] "GET /forest/usutareas.do?_a=0.8204997917637229&group_system_actual=3 HTTP/1.1" 200 110151
186.181.17.161 - - [31/Jan/2015:00:08:59 -0500] "GET /forest/session.jsp?a=0.5792152520734817 HTTP/1.1" 200 4
66.249.64.163 - - [31/Jan/2015:00:09:05 -0500] "GET /BLA/resoluciones/RESOLUCIONES%202006/RES%202006%202551-2600/00002557.tif HTTP/1.1" 200 207072
66.249.64.167 - - [31/Jan/2015:00:09:44 -0500] "GET /BLA/resoluciones/AUTOS%202008/1063.pdf HTTP/1.1" 200 272435
199.96.156.81 - - [31/Jan/2015:00:10:24 -0500] "GET /wp-admin/ HTTP/1.1" 404 1018
188.165.15.183 - - [31/Jan/2015:00:10:25 -0500] "GET /BLA/resoluciones/index.php?dir=RESOLUCIONES%202004/RES%202004%20851-900/&sort=date&order=asc HTTP/1.1" 200 12040
66.249.64.163 - - [31/Jan/2015:00:11:20 -0500] "GET /BLA/resoluciones/RESOLUCIONES%202006/RES%202006%202551-2600/00002588.tif HTTP/1.1" 200 261928
190.147.32.113 - - [31/Jan/2015:00:11:49 -0500] "GET /BLA/boletinlegal/js/jquery.scrollTo-min.js HTTP/1.1" 200 1150
190.147.32.113 - - [31/Jan/2015:00:11:49 -0500] "GET /BLA/boletinlegal/js/jquery.js HTTP/1.1" 200 57254
190.147.32.113 - - [31/Jan/2015:00:11:49 -0500] "GET /BLA/boletinlegal/js/jquery.scrollShow.js HTTP/1.1" 200 4586
66.249.64.167 - - [31/Jan/2015:00:11:51 -0500] "GET /BLA/resoluciones/RESOLUCIONES%202006/RES%202006%201851-1900/00001861.tif HTTP/1.1" 200 176852
207.46.13.111 - - [31/Jan/2015:00:12:06 -0500] "GET /BLA/boletinlegal/images/screen_5.png HTTP/1.1" 200 368876
201.245.192.253 - - [31/Jan/2015:00:12:12 -0500] "GET /forest/session.jsp?a=0.03590263309888542 HTTP/1.1" 200 4
186.181.17.161 - - [31/Jan/2015:00:12:37 -0500] "GET /forest/borrador/1625100/Concepto%20Tecnico.docx HTTP/1.1" 200 107235
186.181.17.161 - - [31/Jan/2015:00:12:42 -0500] "GET /forest/skins/gdocs-jar/popup/escritorio/subirborrador.jsp?form=REVI_CON_TEC_SEGUI&codTpl=&codBorr=469313&a=0.29325239337049425 HTTP/1.1" 200 23292
186.181.17.161 - - [31/Jan/2015:00:12:43 -0500] "GET /forest/json.do?query=borradoresByTpls&codInst=2885421&codTare=2780&firma=0&a=0.3380053897853941 HTTP/1.1" 200 176
186.181.17.161 - - [31/Jan/2015:00:12:43 -0500] "GET /forest/json.do?query=plantillasByTarea&codTare=2780&codInst=2885421&firma=0&a=0.17446133866906166 HTTP/1.1" 200 153
186.181.17.161 - - [31/Jan/2015:00:12:43 -0500] "GET /forest/json.do?query=terceroById&numTer=1003260&a=0.49384482693858445 HTTP/1.1" 200 666
186.181.17.161 - - [31/Jan/2015:00:12:43 -0500] "GET /forest/json.do?query=datosBorradorByCodTraBorr&codTraBorr=1625100&a=0.901147831697017 HTTP/1.1" 200 180
186.181.17.161 - - [31/Jan/2015:00:12:43 -0500] "GET /forest/json.do?query=adjuntosByBorrador&codTraBorr=1625100&a=0.6595004727132618 HTTP/1.1" 200 332
186.181.17.161 - - [31/Jan/2015:00:12:44 -0500] "GET /forest/json.do?query=ultimoBorradorByTpl&codTpl=1904&codInst=2885421&a=0.03512405464425683 HTTP/1.1" 200 20
74.86.158.107 - - [31/Jan/2015:00:13:03 -0500] "HEAD / HTTP/1.1" 302 -
66.249.64.163 - - [31/Jan/2015:00:13:05 -0500] "GET /BLA/resoluciones/RESOLUCIONES%202007/RES%202007%203501%20AL%203600/RESOLUCION%203547%20DE%202007.pdf HTTP/1.1" 200 766604
186.181.17.161 - - [31/Jan/2015:00:13:16 -0500] "POST /forest/usutareas.do?group_system_actual=3 HTTP/1.1" 200 192
186.181.17.161 - - [31/Jan/2015:00:13:21 -0500] "GET /forest/skins/gdocs-jar/jsp/usuario/usutareas-docs.jsp?codTraEsc=17405282&codInst=2885421&a=0.2232832747977227 HTTP/1.1" 200 7273
186.181.17.161 - - [31/Jan/2015:00:13:22 -0500] "GET /ForestMSG_SDA/channelAsync/template_word_?X-Atmosphere-tracking-id=85a6e854-f0dc-e672-733f-fe7847447d3a&X-Atmosphere-Framework=1.0.5&X-Atmosphere-Transport=long-polling&tabid=0.3265934935770929&X-Cache-Date=0&Content-Type=application/xml&_=1422681416982 HTTP/1.1" 200 8293
173.252.110.115 - - [31/Jan/2015:00:13:23 -0500] "GET /BLA/resoluciones/AUTOS%202009/0972.pdf HTTP/1.1" 206 231209
186.181.17.161 - - [31/Jan/2015:00:13:34 -0500] "GET /forest/actions/forms.getList?codForm=REVI_CON_TEC_SEGUI&id=finciodestino4&text=Sandra%20Milena%20Moncada%20Saavedra HTTP/1.1" 200 68
186.181.17.161 - - [31/Jan/2015:00:13:34 -0500] "GET /forest/actions/forms.getList?codForm=REVI_CON_TEC_SEGUI&id=finciodestino4&text=Sandra%20Milena%20Moncada%20Saavedr HTTP/1.1" 200 68
186.181.17.161 - - [31/Jan/2015:00:13:35 -0500] "GET /forest/actions/forms.getList?codForm=REVI_CON_TEC_SEGUI&id=finciodestino4&text=Sandra%20Milena%20Moncada%20Saaved HTTP/1.1" 200 68
186.181.17.161 - - [31/Jan/2015:00:13:35 -0500] "GET /forest/actions/forms.getList?codForm=REVI_CON_TEC_SEGUI&id=finciodestino4&text=Sandra%20Milena%20Moncada%20Saave HTTP/1.1" 200 68
66.249.64.163 - - [31/Jan/2015:00:13:35 -0500] "GET /BLA/resoluciones/RESOLUCIONES%202005/RES%202005%202451-2500/00002455.tif HTTP/1.1" 200 198620
186.181.17.161 - - [31/Jan/2015:00:13:35 -0500] "GET /forest/actions/forms.getList?codForm=REVI_CON_TEC_SEGUI&id=finciodestino4&text=Sandra%20Milena%20Moncada%20Saav HTTP/1.1" 200 68
186.181.17.161 - - [31/Jan/2015:00:13:35 -0500] "GET /forest/actions/forms.getList?codForm=REVI_CON_TEC_SEGUI&id=finciodestino4&text=Sandra%20Milena%20Moncada%20Saa HTTP/1.1" 200 68
186.181.17.161 - - [31/Jan/2015:00:13:35 -0500] "GET /forest/actions/forms.getList?codForm=REVI_CON_TEC_SEGUI&id=finciodestino4&text=Sandra%20Milena%20Moncada%20Sa HTTP/1.1" 200 68
186.181.17.161 - - [31/Jan/2015:00:13:35 -0500] "GET /forest/actions/forms.getList?codForm=REVI_CON_TEC_SEGUI&id=finciodestino4&text=Sandra%20Milena%20Moncada%20S HTTP/1.1" 200 68
186.181.17.161 - - [31/Jan/2015:00:13:36 -0500] "GET /forest/actions/forms.getList?codForm=REVI_CON_TEC_SEGUI&id=finciodestino4&text=Sandra%20Milena%20Moncada%20 HTTP/1.1" 200 68
186.181.17.161 - - [31/Jan/2015:00:13:36 -0500] "GET /forest/actions/forms.getList?codForm=REVI_CON_TEC_SEGUI&id=finciodestino4&text=Sandra%20Milena%20Moncada HTTP/1.1" 200 68
186.181.17.161 - - [31/Jan/2015:00:13:36 -0500] "GET /forest/actions/forms.getList?codForm=REVI_CON_TEC_SEGUI&id=finciodestino4&text=Sandra%20Milena%20Moncad HTTP/1.1" 200 68
186.181.17.161 - - [31/Jan/2015:00:13:36 -0500] "GET /forest/actions/forms.getList?codForm=REVI_CON_TEC_SEGUI&id=finciodestino4&text=Sandra%20Milena%20Monca HTTP/1.1" 200 68
186.181.17.161 - - [31/Jan/2015:00:13:37 -0500] "GET /forest/actions/forms.getList?codForm=REVI_CON_TEC_SEGUI&id=finciodestino4&text=Sandra%20Milena%20Monc HTTP/1.1" 200 68
186.181.17.161 - - [31/Jan/2015:00:13:37 -0500] "GET /forest/actions/forms.getList?codForm=REVI_CON_TEC_SEGUI&id=finciodestino4&text=Sandra%20Milena%20Mon HTTP/1.1" 200 68
186.181.17.161 - - [31/Jan/2015:00:13:37 -0500] "GET /forest/actions/forms.getList?codForm=REVI_CON_TEC_SEGUI&id=finciodestino4&text=Sandra%20Milena%20Mo HTTP/1.1" 200 68
186.181.17.161 - - [31/Jan/2015:00:13:37 -0500] "GET /forest/actions/forms.getList?codForm=REVI_CON_TEC_SEGUI&id=finciodestino4&text=Sandra%20Milena%20M HTTP/1.1" 200 135
186.181.17.161 - - [31/Jan/2015:00:13:37 -0500] "GET /forest/actions/forms.getList?codForm=REVI_CON_TEC_SEGUI&id=finciodestino4&text=Sandra%20Milena%20 HTTP/1.1" 200 1186
186.181.17.161 - - [31/Jan/2015:00:13:37 -0500] "GET /forest/actions/forms.getList?codForm=REVI_CON_TEC_SEGUI&id=finciodestino4&text=Sandra%20Milena HTTP/1.1" 200 1151
186.181.17.161 - - [31/Jan/2015:00:13:37 -0500] "GET /forest/actions/forms.getList?codForm=REVI_CON_TEC_SEGUI&id=finciodestino4&text=Sandra%20Milen HTTP/1.1" 200 1151
186.181.17.161 - - [31/Jan/2015:00:13:37 -0500] "GET /forest/actions/forms.getList?codForm=REVI_CON_TEC_SEGUI&id=finciodestino4&text=Sandra%20Mile HTTP/1.1" 200 1151
186.181.17.161 - - [31/Jan/2015:00:13:37 -0500] "GET /forest/actions/forms.getList?codForm=REVI_CON_TEC_SEGUI&id=finciodestino4&text=Sandra%20Mil HTTP/1.1" 200 1151
186.181.17.161 - - [31/Jan/2015:00:13:37 -0500] "GET /forest/actions/forms.getList?codForm=REVI_CON_TEC_SEGUI&id=finciodestino4&text=Sandra%20Mi HTTP/1.1" 200 1151
186.181.17.161 - - [31/Jan/2015:00:13:37 -0500] "GET /forest/actions/forms.getList?codForm=REVI_CON_TEC_SEGUI&id=finciodestino4&text=Sandra%20M HTTP/1.1" 200 1160
186.181.17.161 - - [31/Jan/2015:00:13:37 -0500] "GET /forest/actions/forms.getList?codForm=REVI_CON_TEC_SEGUI&id=finciodestino4&text=Sandra%20 HTTP/1.1" 200 1067
186.181.17.161 - - [31/Jan/2015:00:13:37 -0500] "GET /forest/actions/forms.getList?codForm=REVI_CON_TEC_SEGUI&id=finciodestino4&text=Sandra HTTP/1.1" 200 805
186.181.17.161 - - [31/Jan/2015:00:13:37 -0500] "GET /forest/actions/forms.getList?codForm=REVI_CON_TEC_SEGUI&id=finciodestino4&text=Sandra. HTTP/1.1" 200 1312
186.181.17.161 - - [31/Jan/2015:00:13:37 -0500] "GET /forest/actions/forms.getList?codForm=REVI_CON_TEC_SEGUI&id=finciodestino4&text=Sandra.m HTTP/1.1" 200 400
186.181.17.161 - - [31/Jan/2015:00:13:37 -0500] "GET /forest/actions/forms.getList?codForm=REVI_CON_TEC_SEGUI&id=finciodestino4&text=Sandra.mo HTTP/1.1" 200 205
186.181.17.161 - - [31/Jan/2015:00:13:38 -0500] "GET /forest/actions/forms.getList?codForm=REVI_CON_TEC_SEGUI&id=finciodestino4&text=Sandra.mon HTTP/1.1" 200 139
186.181.17.161 - - [31/Jan/2015:00:13:38 -0500] "GET /forest/actions/forms.getList?codForm=REVI_CON_TEC_SEGUI&id=finciodestino4&text=Sandra.mont HTTP/1.1" 200 72
186.181.17.161 - - [31/Jan/2015:00:13:38 -0500] "GET /forest/actions/forms.getList?codForm=REVI_CON_TEC_SEGUI&id=finciodestino4&text=Sandra.monto HTTP/1.1" 200 72
190.25.232.143 - - [31/Jan/2015:00:13:44 -0500] "GET /galeria/nivo-slider/themes/orman/orman.css HTTP/1.1" 304 -
186.181.17.161 - - [31/Jan/2015:00:13:43 -0500] "POST /forest/usutareas.do? HTTP/1.1" 200 76
188.165.15.94 - - [31/Jan/2015:00:13:45 -0500] "GET /BLA/resoluciones/RESOLUCIONES%202005/RES%202005%201151-1200/00001176.tif HTTP/1.1" 200 145994
186.181.17.161 - - [31/Jan/2015:00:13:46 -0500] "GET /forest/usutareas.do?group_system_actual=3&a=0.7442595628090203 HTTP/1.1" 200 19879
186.181.17.161 - - [31/Jan/2015:00:13:47 -0500] "GET /forest/session.jsp?a=0.5343465970363468 HTTP/1.1" 200 4
186.181.17.161 - - [31/Jan/2015:00:13:52 -0500] "GET /forest/misactividades.do?_a=0.1511157734785229&group_system_actual=3 HTTP/1.1" 200 37897
186.181.17.161 - - [31/Jan/2015:00:13:53 -0500] "GET /forest/session.jsp?a=0.8702238926198334 HTTP/1.1" 200 4
186.181.17.161 - - [31/Jan/2015:00:13:53 -0500] "POST /forest/misactividades.do?ajax=true&a=0.738743404392153 HTTP/1.1" 200 27280
180.76.5.144 - - [31/Jan/2015:00:13:58 -0500] "GET /BLA/resoluciones/RESOLUCIONES%202007/RES%202007%20201%20AL%20300/RESOLUCION%200241%20DE%202007.pdf HTTP/1.1" 200 297415
186.181.17.161 - - [31/Jan/2015:00:14:14 -0500] "GET /forest/usutareas.do?_a=0.4734373609535396&group_system_actual=3 HTTP/1.1" 200 122594
186.181.17.161 - - [31/Jan/2015:00:14:16 -0500] "GET /forest/session.jsp?a=0.15202039200812578 HTTP/1.1" 200 4
186.181.17.161 - - [31/Jan/2015:00:14:16 -0500] "GET /forest/actions/forms.getMappedValues?id=idtramite3&value=1419110096118&codForm=asignacion_juridico_RH&a=0.8818895819131285 HTTP/1.1" 200 48
186.181.17.161 - - [31/Jan/2015:00:14:16 -0500] "GET /forest/actions/forms.getMappedValues?id=idtramite3&value=1419110096118&codForm=asignacion_juridico_RH&a=0.3691125602927059 HTTP/1.1" 200 48
186.181.17.161 - - [31/Jan/2015:00:14:25 -0500] "GET /forest/skins/gdocs-jar/img/hojaruta.gif HTTP/1.1" 200 159
186.181.17.161 - - [31/Jan/2015:00:14:25 -0500] "GET /forest/skins/gdocs-jar/img/edit.gif HTTP/1.1" 200 1264
186.181.17.161 - - [31/Jan/2015:00:14:25 -0500] "GET /forest/skins/gdocs-jar/img/verComentario.gif HTTP/1.1" 200 689
186.181.17.161 - - [31/Jan/2015:00:14:25 -0500] "GET /forest/skins/gdocs-jar/img/editarComentario.gif HTTP/1.1" 200 1220
186.181.17.161 - - [31/Jan/2015:00:14:25 -0500] "GET /forest/skins/gdocs-jar/img/cut.gif HTTP/1.1" 200 1280
186.181.17.161 - - [31/Jan/2015:00:14:26 -0500] "GET /forest/skins/gdocs-jar/img/asignar-user.gif HTTP/1.1" 200 1196
186.181.17.161 - - [31/Jan/2015:00:14:26 -0500] "GET /forest/skins/gdocs-jar/img/veranexos.gif HTTP/1.1" 200 1130
186.181.17.161 - - [31/Jan/2015:00:14:26 -0500] "GET /forest/skins/gdocs-jar/img/copy.gif HTTP/1.1" 200 185
186.181.17.161 - - [31/Jan/2015:00:14:26 -0500] "GET /forest/skins/gdocs-jar/img/assign-document.gif HTTP/1.1" 200 936
186.181.17.161 - - [31/Jan/2015:00:14:26 -0500] "GET /forest/skins/gdocs-jar/img/sendmail.gif HTTP/1.1" 200 1297
186.181.17.161 - - [31/Jan/2015:00:14:26 -0500] "GET /forest/skins/gdocs-jar/img/icon_document_completed.gif HTTP/1.1" 200 1077
186.181.17.161 - - [31/Jan/2015:00:14:26 -0500] "GET /forest/img/back.gif HTTP/1.1" 200 82
186.181.17.161 - - [31/Jan/2015:00:14:27 -0500] "GET /forest/skins/gdocs-jar/img/grid-first.gif HTTP/1.1" 200 371
186.181.17.161 - - [31/Jan/2015:00:14:27 -0500] "GET /forest/skins/gdocs-jar/img/grid-prev.gif HTTP/1.1" 200 325
186.181.17.161 - - [31/Jan/2015:00:14:27 -0500] "GET /forest/skins/gdocs-jar/img/info.jpg HTTP/1.1" 200 482
186.181.17.161 - - [31/Jan/2015:00:14:27 -0500] "GET /forest/skins/gdocs-jar/img/icons/p7z.gif HTTP/1.1" 200 582
186.181.17.161 - - [31/Jan/2015:00:14:27 -0500] "GET /forest/skins/gdocs-jar/img/eye.gif HTTP/1.1" 200 396
186.181.17.161 - - [31/Jan/2015:00:14:27 -0500] "GET /forest/skins/gdocs-jar/img/more_details.gif HTTP/1.1" 200 617
186.181.17.161 - - [31/Jan/2015:00:14:21 -0500] "GET /forest/usudocumentos.do?_a=0.2978531992994249&group_system_actual=3 HTTP/1.1" 200 102702
204.197.248.111 - - [31/Jan/2015:00:14:27 -0500] "GET /Autoliquidacion/index.php?dir=Solicitudes%20relacionadas%20con%20calidad%20del%20aire%20auditiva%20y%20visual/Registro%20de%20Elementos%20de%20publicidad%20Exterior%20Visual/'&sort=date'&order=desc'\" HTTP/1.1" 200 7001
204.197.248.111 - - [31/Jan/2015:00:14:28 -0500] "GET /Autoliquidacion/index.php?dir=Solicitudes%20relacionadas%20con%20calidad%20del%20aire%20auditiva%20y%20visual%2FRegistro%20de%20Elementos%20de%20publicidad%20Exterior%20Visual%2F&sort=date&order=desc HTTP/1.0" 200 4036
186.181.17.161 - - [31/Jan/2015:00:14:28 -0500] "GET /forest/session.jsp?a=0.46658210339955986 HTTP/1.1" 200 4
186.181.17.161 - - [31/Jan/2015:00:14:28 -0500] "GET /forest/skins/gdocs-jar/img/filtrar.png HTTP/1.1" 200 243
186.181.17.161 - - [31/Jan/2015:00:14:28 -0500] "GET /forest/skins/gdocs-jar/img/grid-next.gif HTTP/1.1" 200 325
186.181.17.161 - - [31/Jan/2015:00:14:28 -0500] "GET /forest/skins/gdocs-jar/img/splitter.gif HTTP/1.1" 200 830
186.181.17.161 - - [31/Jan/2015:00:14:28 -0500] "GET /forest/skins/gdocs-jar/img/grid-last.gif HTTP/1.1" 200 371
188.165.15.177 - - [31/Jan/2015:00:14:33 -0500] "GET /BLA/resoluciones/RESOLUCIONES%202003/RES%202003%201301-1350/20031302.tif HTTP/1.1" 200 253298
186.181.17.161 - - [31/Jan/2015:00:14:35 -0500] "GET /forest/usudocumentos.do?p7z=1983967&a=0.35837384941987693&a=0.5019609325099736 HTTP/1.1" 200 2579
186.181.17.161 - - [31/Jan/2015:00:14:35 -0500] "GET /forest/skins/gdocs-jar/img/contraido.gif HTTP/1.1" 200 195
186.181.17.161 - - [31/Jan/2015:00:08:58 -0500] "GET /ForestMSG_SDA/channelAsync/template_word_17405282?X-Atmosphere-tracking-id=8261b84b-d618-c103-fc30-b1b938df9ab7&X-Atmosphere-Framework=1.0.5&X-Atmosphere-Transport=long-polling&tabid=0.633476942544803&X-Cache-Date=0&Content-Type=application/xml&_=1422681152874 HTTP/1.1" 200 8193
180.76.6.152 - - [31/Jan/2015:00:14:59 -0500] "GET /BLA/boletinlegal;jsessionid=9EBA66CAFF5117EDDC69766E7A51CCAB?/? HTTP/1.1" 404 1018
188.165.15.203 - - [31/Jan/2015:00:15:19 -0500] "GET /BLA/resoluciones/RESOLUCIONES%202006/RES%202006%20551-600/00000586.tif HTTP/1.1" 200 491168
180.76.6.147 - - [31/Jan/2015:00:15:29 -0500] "GET /BLA/resoluciones/RESOLUCIONES%202010/2502.pdf HTTP/1.1" 200 672620
66.249.64.163 - - [31/Jan/2015:00:15:50 -0500] "GET /BLA/resoluciones/RESOLUCIONES%202005/RES%202005%202451-2500/00002475.tif HTTP/1.1" 200 133278
180.76.5.20 - - [31/Jan/2015:00:15:59 -0500] "GET /BLA/resoluciones/RESOLUCIONES%202011/4767.pdf HTTP/1.1" 200 699050
186.181.17.161 - - [31/Jan/2015:00:15:22 -0500] "GET /forest/documentos/1983967/2014IE213563.p7z:claro/CT%20RESHOSPI%20(2).docx HTTP/1.1" 200 18138
176.31.187.23 - - [31/Jan/2015:00:16:08 -0500] "GET /BLA/resoluciones/index.php?dir=RESOLUCIONES%202005/RES%202005%202151-2200/'&sort=name'&order=desc'\" HTTP/1.1" 200 7457
176.31.187.23 - - [31/Jan/2015:00:16:08 -0500] "GET /BLA/resoluciones/index.php?dir=RESOLUCIONES%202005%2FRES%202005%202151-2200%2F&sort=name&order=desc HTTP/1.0" 200 16990
188.165.15.94 - - [31/Jan/2015:00:16:14 -0500] "GET /BLA/resoluciones/RESOLUCIONES%202005/RES%202005%202351-2400/00002370.tif HTTP/1.1" 200 210372
66.249.64.163 - - [31/Jan/2015:00:16:32 -0500] "GET /BLA/resoluciones/RESOLUCIONES%202010/4244.pdf HTTP/1.1" 200 761433
201.245.192.253 - - [31/Jan/2015:00:17:13 -0500] "GET /forest/session.jsp?a=0.890346524072811 HTTP/1.1" 200 4
188.165.15.183 - - [31/Jan/2015:00:17:31 -0500] "GET /BLA/resoluciones/RESOLUCIONES%202002/RES%202002%20151-200/2002RES155.tif HTTP/1.1" 200 64094
188.165.15.177 - - [31/Jan/2015:00:17:31 -0500] "GET /BLA/resoluciones/RESOLUCIONES%202004/RES%202004%201051-1100/00001073.tif HTTP/1.1" 200 91122
186.181.17.161 - - [31/Jan/2015:00:17:36 -0500] "GET /forest/skins/gdocs-jar/css/forest.css?version=1412.231748 HTTP/1.1" 304 -
186.181.17.161 - - [31/Jan/2015:00:17:36 -0500] "GET /forest/skins/gdocs-jar/css/menu.css?version=1412.231748 HTTP/1.1" 304 -
186.181.17.161 - - [31/Jan/2015:00:17:37 -0500] "GET /forest/skins/gdocs-jar/css/autocomplete.css?version=1412.231748 HTTP/1.1" 304 -
74.86.158.107 - - [31/Jan/2015:00:18:03 -0500] "HEAD / HTTP/1.1" 302 -
66.249.64.171 - - [31/Jan/2015:00:18:05 -0500] "GET /BLA/resoluciones/RESOLUCIONES%202004/RES%202004%20301-350/00000326.tif HTTP/1.1" 200 239108
186.181.17.161 - - [31/Jan/2015:00:18:06 -0500] "GET /forest/skins/gdocs-jar/css/dialog.css?version=1412.231748 HTTP/1.1" 304 -
186.181.17.161 - - [31/Jan/2015:00:18:07 -0500] "GET /forest/skins/gdocs-jar/css/forms.css?version=1412.231748 HTTP/1.1" 304 -
186.181.17.161 - - [31/Jan/2015:00:18:07 -0500] "GET /forest/css/escritorio.css?version=1412.231748 HTTP/1.1" 304 -
186.181.17.161 - - [31/Jan/2015:00:18:12 -0500] "GET /forest/css/index.css?version=1412.231748 HTTP/1.1" 304 -
186.181.17.161 - - [31/Jan/2015:00:18:12 -0500] "GET /forest/1ibre/jscalendar/calendar-win2k-1.css?version=1412.231748 HTTP/1.1" 304 -
186.181.17.161 - - [31/Jan/2015:00:18:13 -0500] "GET /forest/skins/gdocs-jar/css/switch.css HTTP/1.1" 304 -
186.181.17.161 - - [31/Jan/2015:00:18:46 -0500] "GET /forest/skins/gdocs-jar/js/popup.js?version=1412.231748 HTTP/1.1" 304 -
186.181.17.161 - - [31/Jan/2015:00:18:47 -0500] "GET /forest/jsoptimized/gz/js/gdocsall-1412.231748.js HTTP/1.1" 304 -
186.181.17.161 - - [31/Jan/2015:00:18:48 -0500] "GET /forest/js/json3.js HTTP/1.1" 304 -
180.76.5.188 - - [31/Jan/2015:00:18:58 -0500] "GET /BLA/resoluciones/RESOLUCIONES%202010/2089.pdf HTTP/1.1" 200 198337
186.181.17.161 - - [31/Jan/2015:00:19:14 -0500] "GET /forest/skins/gdocs-jar/js/grid.js?version=1412.231748 HTTP/1.1" 304 -
186.181.17.161 - - [31/Jan/2015:00:19:14 -0500] "GET /forest/skins/gdocs-jar/js/documentos.js?version=1412.231748 HTTP/1.1" 304 -
186.181.17.161 - - [31/Jan/2015:00:19:15 -0500] "GET /forest/img/spacer.gif HTTP/1.1" 304 -
199.96.156.81 - - [31/Jan/2015:00:19:27 -0500] "GET /test/wp-admin/ HTTP/1.1" 404 1018
204.197.248.111 - - [31/Jan/2015:00:19:28 -0500] "-" 408 -
186.181.17.161 - - [31/Jan/2015:00:19:35 -0500] "GET /forest/img/inicio.jpg HTTP/1.1" 304 -
186.181.17.161 - - [31/Jan/2015:00:19:35 -0500] "GET /forest/img/loading.gif HTTP/1.1" 304 -
186.181.17.161 - - [31/Jan/2015:00:19:36 -0500] "GET /forest/img/users/3.gif HTTP/1.1" 304 -
186.181.17.161 - - [31/Jan/2015:00:17:08 -0500] "GET /forest/usudocumentos.do?_a=0.2978531992994249&group_system_actual=3 HTTP/1.1" 200 102702
66.249.64.163 - - [31/Jan/2015:00:19:55 -0500] "GET /BLA/resoluciones/RESOLUCIONES%202011/2595.pdf HTTP/1.1" 200 321985
186.181.17.161 - - [31/Jan/2015:00:20:01 -0500] "GET /forest/img/users/7.gif HTTP/1.1" 304 -
186.181.17.161 - - [31/Jan/2015:00:20:02 -0500] "GET /forest/img/download_large.gif HTTP/1.1" 304 -
186.181.17.161 - - [31/Jan/2015:00:20:02 -0500] "GET /forest/img/users/5.gif HTTP/1.1" 304 -
186.181.17.161 - - [31/Jan/2015:00:20:14 -0500] "GET /forest/img/pantalla.gif HTTP/1.1" 304 -
66.249.64.167 - - [31/Jan/2015:00:20:20 -0500] "GET /BLA/resoluciones/RESOLUCIONES%202006/RES%202006%202551-2600/00002563.tif HTTP/1.1" 200 206258
186.181.17.161 - - [31/Jan/2015:00:20:30 -0500] "GET /forest/img/notify.gif HTTP/1.1" 304 -
186.181.17.161 - - [31/Jan/2015:00:20:31 -0500] "GET /forest/img/ayuda.gif HTTP/1.1" 304 -
186.181.17.161 - - [31/Jan/2015:00:20:32 -0500] "GET /forest/img/salir3.gif HTTP/1.1" 304 -
186.181.17.161 - - [31/Jan/2015:00:20:43 -0500] "GET /forest/skins/gdocs-jar/img/verComentario.gif HTTP/1.1" 304 -
186.80.35.74 - - [31/Jan/2015:00:21:00 -0500] "GET /BLA/boletinlegal/js/jquery.js HTTP/1.1" 200 57254
186.80.35.74 - - [31/Jan/2015:00:21:00 -0500] "GET /BLA/boletinlegal/js/jquery.scrollTo-min.js HTTP/1.1" 200 1150
186.80.35.74 - - [31/Jan/2015:00:21:00 -0500] "GET /BLA/boletinlegal/js/jquery.scrollShow.js HTTP/1.1" 200 4586
176.31.187.23 - - [31/Jan/2015:00:21:09 -0500] "-" 408 -
188.165.15.183 - - [31/Jan/2015:00:21:17 -0500] "GET /BLA/resoluciones/RESOLUCIONES%202006/RES%202006%201551-1600/00001564.tif HTTP/1.1" 200 130350
188.165.15.61 - - [31/Jan/2015:00:21:27 -0500] "GET /BLA/resoluciones/RESOLUCIONES%202005/RES%202005%20251-300/00000279.tif HTTP/1.1" 200 140206
66.249.64.163 - - [31/Jan/2015:00:21:47 -0500] "GET /BLA/resoluciones/RESOLUCIONES%202005/RES%202005%201151-1200/00001153.tif HTTP/1.1" 200 222934
201.245.192.253 - - [31/Jan/2015:00:22:14 -0500] "GET /forest/session.jsp?a=0.10298054199665785 HTTP/1.1" 200 4
186.181.17.161 - - [31/Jan/2015:00:16:58 -0500] "GET /forest/documentos/1983967/2014IE213563.p7z:claro/CT%20RESHOSPI%20(2).docx HTTP/1.1" 200 266502
66.249.64.167 - - [31/Jan/2015:00:22:34 -0500] "GET /BLA/resoluciones/RESOLUCIONES%202004/RES%202004%20301-350/00000330.tif HTTP/1.1" 200 157680
186.181.17.161 - - [31/Jan/2015:00:14:41 -0500] "GET /forest/documentos/1983967/2014IE213563.p7z:claro/CT%20RESHOSPI%20(2).docx HTTP/1.1" 200 1671160
74.86.158.107 - - [31/Jan/2015:00:23:03 -0500] "HEAD / HTTP/1.1" 302 -
66.249.64.167 - - [31/Jan/2015:00:23:16 -0500] "GET /BLA/resoluciones/RESOLUCIONES%202007/RES%202007%20301%20AL%20400/RESOLUCION%200341%20DE%202007.pdf HTTP/1.1" 200 193790
180.76.5.25 - - [31/Jan/2015:00:23:37 -0500] "GET /BLA/boletinlegal;jsessionid=946D8EE7344DD89A63B9782460718800?/? HTTP/1.1" 404 1018
190.148.122.232 - - [31/Jan/2015:00:24:46 -0500] "GET /BLA/boletinlegal/js/jquery.js HTTP/1.1" 200 57254
190.148.122.232 - - [31/Jan/2015:00:24:46 -0500] "GET /BLA/boletinlegal/js/jquery.scrollTo-min.js HTTP/1.1" 200 1150
190.148.122.232 - - [31/Jan/2015:00:24:46 -0500] "GET /BLA/boletinlegal/js/jquery.scrollShow.js HTTP/1.1" 200 4586
66.249.64.171 - - [31/Jan/2015:00:24:50 -0500] "GET /BLA/resoluciones/RESOLUCIONES%202004/RES%202004%20301-350/00000346.tif HTTP/1.1" 200 37904
188.165.15.183 - - [31/Jan/2015:00:25:09 -0500] "GET /BLA/resoluciones/RESOLUCIONES%202006/RES%202006%201101-1150/00001140.tif HTTP/1.1" 200 90700
181.205.10.78 - - [31/Jan/2015:00:25:13 -0500] "GET /BLA/resoluciones/RESOLUCIONES%202007/RES%202007%201%20AL%20100/RESOLUCION%200058%20DE%202007.pdf HTTP/1.1" 200 233580
181.205.10.78 - - [31/Jan/2015:00:25:14 -0500] "GET /BLA/resoluciones/RESOLUCIONES%202007/RES%202007%201%20AL%20100/RESOLUCION%200058%20DE%202007.pdf HTTP/1.1" 206 32768
181.205.10.78 - - [31/Jan/2015:00:25:15 -0500] "GET /BLA/resoluciones/RESOLUCIONES%202007/RES%202007%201%20AL%20100/RESOLUCION%200058%20DE%202007.pdf HTTP/1.1" 206 200812
181.205.10.78 - - [31/Jan/2015:00:25:17 -0500] "GET /favicon.ico HTTP/1.1" 200 7782
220.181.108.163 - - [31/Jan/2015:00:25:38 -0500] "GET / HTTP/1.1" 302 -
186.181.17.161 - - [31/Jan/2015:00:25:42 -0500] "GET /forest/usutareas.do?group_system_actual=3&codAct=916&numPro=2440469&codPro=95&fecTra=2012-10-11%2010:55:31%20AM&codInst=2446301&codTraEsc=12416489 HTTP/1.1" 200 12758
186.181.17.161 - - [31/Jan/2015:00:25:47 -0500] "GET /forest/img/inicio/1.gif HTTP/1.1" 200 23925
188.165.15.94 - - [31/Jan/2015:00:26:17 -0500] "GET /BLA/resoluciones/RESOLUCIONES%202004/RES%202004%20251-300/00000257.tif HTTP/1.1" 200 149784
186.181.17.161 - - [31/Jan/2015:00:25:50 -0500] "GET /forest/img/inicio/3.gif HTTP/1.1" 200 29737
186.181.17.161 - - [31/Jan/2015:00:25:47 -0500] "GET /forest/img/inicio/2.gif HTTP/1.1" 200 42562
186.181.17.161 - - [31/Jan/2015:00:25:57 -0500] "GET /forest/img/inicio/6.gif HTTP/1.1" 200 12239
66.249.64.171 - - [31/Jan/2015:00:26:43 -0500] "GET /BLA/resoluciones/RESOLUCIONES%202007/RES%202007%202301%20AL%202400/RESOLUCION%202319%20DE%202007.pdf HTTP/1.1" 200 354227
66.249.64.171 - - [31/Jan/2015:00:27:05 -0500] "GET /BLA/resoluciones/RESOLUCIONES%202004/RES%202004%20301-350/00000321.tif HTTP/1.1" 200 235386
180.76.6.29 - - [31/Jan/2015:00:27:09 -0500] "GET /BLA/boletinlegal;jsessionid=E1D784FAD4552814D87F8402465B993C?/? HTTP/1.1" 404 1018
186.181.17.161 - - [31/Jan/2015:00:25:51 -0500] "GET /forest/img/inicio/4.gif HTTP/1.1" 200 27784
201.245.192.253 - - [31/Jan/2015:00:27:15 -0500] "GET /forest/session.jsp?a=0.7516039579641074 HTTP/1.1" 200 4
186.181.17.161 - - [31/Jan/2015:00:25:56 -0500] "GET /forest/img/inicio/5.gif HTTP/1.1" 200 25611
207.46.13.39 - - [31/Jan/2015:00:27:51 -0500] "GET /dama/libreria/php/decide.php?patron=00. HTTP/1.1" 404 1019
188.165.15.61 - - [31/Jan/2015:00:27:55 -0500] "GET /BLA/resoluciones/RESOLUCIONES%202004/RES%202004%201151-1200/00001197.tif HTTP/1.1" 200 186944
74.86.158.107 - - [31/Jan/2015:00:28:03 -0500] "HEAD / HTTP/1.1" 302 -
186.181.17.161 - - [31/Jan/2015:00:28:20 -0500] "GET /forest/skins/gdocs-jar/css/forest.css?version=1412.231748 HTTP/1.1" 304 -
186.181.17.161 - - [31/Jan/2015:00:28:21 -0500] "GET /forest/skins/gdocs-jar/css/menu.css?version=1412.231748 HTTP/1.1" 304 -
186.181.17.161 - - [31/Jan/2015:00:28:21 -0500] "GET /forest/skins/gdocs-jar/css/autocomplete.css?version=1412.231748 HTTP/1.1" 304 -
186.181.17.161 - - [31/Jan/2015:00:28:21 -0500] "GET /forest/css/escritorio.css?version=1412.231748 HTTP/1.1" 304 -
186.181.17.161 - - [31/Jan/2015:00:28:22 -0500] "GET /forest/css/index.css?version=1412.231748 HTTP/1.1" 304 -
181.192.189.218 - - [31/Jan/2015:00:28:28 -0500] "GET /BLA/resoluciones/RESOLUCIONES%202007/RES%202007%202401%20AL%202500/RESOLUCION%202488%20DE%202007.pdf HTTP/1.1" 200 387774
181.192.189.218 - - [31/Jan/2015:00:28:29 -0500] "GET /BLA/resoluciones/RESOLUCIONES%202007/RES%202007%202401%20AL%202500/RESOLUCION%202488%20DE%202007.pdf HTTP/1.1" 206 32768
181.192.189.218 - - [31/Jan/2015:00:28:29 -0500] "GET /BLA/resoluciones/RESOLUCIONES%202007/RES%202007%202401%20AL%202500/RESOLUCION%202488%20DE%202007.pdf HTTP/1.1" 206 355006
181.192.189.218 - - [31/Jan/2015:00:28:31 -0500] "GET /favicon.ico HTTP/1.1" 200 7782
186.181.17.161 - - [31/Jan/2015:00:28:16 -0500] "GET /forest/usutareas.do?group_system_actual=3&codAct=916&numPro=2440469&codPro=95&fecTra=2012-10-11%2010:55:31%20AM&codInst=2446301&codTraEsc=12416489 HTTP/1.1" 200 12758
199.96.156.81 - - [31/Jan/2015:00:28:34 -0500] "GET /wordpress/wp-admin/ HTTP/1.1" 404 1018
66.249.64.43 - - [31/Jan/2015:00:29:07 -0500] "GET /dama/libreria/php/2006/restauracion/33_publi/protoc/protocolo%20cuadrosderestauracion%2013%20al%2018.pdf HTTP/1.1" 404 1019
188.165.15.41 - - [31/Jan/2015:00:29:11 -0500] "GET /BLA/resoluciones/index.php?dir=RESOLUCIONES%202005/RES%202005%20751-800/&sort=size&order=asc HTTP/1.1" 200 12254
66.249.64.171 - - [31/Jan/2015:00:29:20 -0500] "GET /BLA/resoluciones/RESOLUCIONES%202004/RES%202004%20301-350/00000350.tif HTTP/1.1" 200 29396
188.165.15.23 - - [31/Jan/2015:00:29:28 -0500] "GET /BLA/resoluciones/RESOLUCIONES%202002/RES%202002%20751-800/2002RES773.tif HTTP/1.1" 200 80904
186.181.17.161 - - [31/Jan/2015:00:29:36 -0500] "GET /forest/img/inicio/6.gif HTTP/1.1" 304 -
186.181.17.161 - - [31/Jan/2015:00:29:37 -0500] "GET /forest/img/mplogo.gif HTTP/1.1" 304 -
66.249.64.171 - - [31/Jan/2015:00:30:06 -0500] "GET /BLA/resoluciones/RESOLUCIONES%202008/1716.pdf HTTP/1.1" 200 246869
180.76.5.187 - - [31/Jan/2015:00:30:15 -0500] "GET /BLA/resoluciones/RESOLUCIONES%202008/2762.pdf HTTP/1.1" 200 200810
66.249.64.167 - - [31/Jan/2015:00:30:39 -0500] "GET /BLA/resoluciones/RESOLUCIONES%202009/3957.pdf HTTP/1.1" 304 -
66.249.64.43 - - [31/Jan/2015:00:30:40 -0500] "GET /BLA/boletinlegal/jurisprudencia/analisis/CUADRO%20SENTENCIA%20C-222%20DE%202011.doc HTTP/1.1" 304 -
66.249.64.171 - - [31/Jan/2015:00:30:41 -0500] "GET /BLA/resoluciones/RESOLUCIONES%202003/RES%202003%20501-550/527.tif HTTP/1.1" 200 151940
180.76.6.60 - - [31/Jan/2015:00:30:45 -0500] "GET /BLA/resoluciones/AUTOS%202011/6278.pdf HTTP/1.1" 200 195286
188.165.15.177 - - [31/Jan/2015:00:31:17 -0500] "GET /BLA/resoluciones/index.php?dir=RESOLUCIONES%202002/RES%202002%20801-850/&sort=size&order=desc HTTP/1.1" 200 12224
66.249.64.171 - - [31/Jan/2015:00:31:35 -0500] "GET /BLA/resoluciones/RESOLUCIONES%202004/RES%202004%20301-350/00000311.tif HTTP/1.1" 200 1140996
66.249.64.163 - - [31/Jan/2015:00:31:53 -0500] "GET /BLA/resoluciones/RESOLUCIONES%202005/RES%202005%201451-1500/00001496.tif HTTP/1.1" 200 128124
201.245.192.253 - - [31/Jan/2015:00:32:16 -0500] "GET /forest/session.jsp?a=0.055213890969753265 HTTP/1.1" 200 4
188.165.15.89 - - [31/Jan/2015:00:32:16 -0500] "GET /BLA/resoluciones/RESOLUCIONES%202002/RES%202002%20551-600/00000597.tif HTTP/1.1" 200 92178
188.165.15.90 - - [31/Jan/2015:00:32:37 -0500] "GET /BLA/resoluciones/RESOLUCIONES%202002/RES%202002%20351-400/00000362.tif HTTP/1.1" 200 60036
182.72.111.34 - - [31/Jan/2015:00:32:51 -0500] "GET /galeria/carrusel/Carrusel/jquery.thumbnailScroller.css HTTP/1.1" 200 2066
182.72.111.34 - - [31/Jan/2015:00:32:51 -0500] "GET /BLA/boletinlegal/js/jquery.js HTTP/1.1" 200 57254
182.72.111.34 - - [31/Jan/2015:00:32:51 -0500] "GET /BLA/boletinlegal/js/jquery.scrollTo-min.js HTTP/1.1" 200 1150
182.72.111.34 - - [31/Jan/2015:00:32:51 -0500] "GET /BLA/boletinlegal/js/jquery.scrollShow.js HTTP/1.1" 200 4586
182.72.111.34 - - [31/Jan/2015:00:32:51 -0500] "GET /galeria/carrusel/Carrusel/jquery-ui-1.8.13.custom.min.js HTTP/1.1" 200 10800
182.72.111.34 - - [31/Jan/2015:00:32:52 -0500] "GET /galeria/carrusel/Carrusel/jquery.thumbnailScroller.js HTTP/1.1" 200 8157
182.72.111.34 - - [31/Jan/2015:00:32:56 -0500] "GET /galeria/nivo-slider/demo/demo.html HTTP/1.1" 200 3150
182.72.111.34 - - [31/Jan/2015:00:32:57 -0500] "GET /galeria/nivo-slider/themes/orman/orman.css HTTP/1.1" 200 2152
182.72.111.34 - - [31/Jan/2015:00:32:57 -0500] "GET /galeria/nivo-slider/themes/pascal/pascal.css HTTP/1.1" 200 2258
182.72.111.34 - - [31/Jan/2015:00:32:57 -0500] "GET /galeria/nivo-slider/themes/default/default.css HTTP/1.1" 200 1569
182.72.111.34 - - [31/Jan/2015:00:32:57 -0500] "GET /galeria/nivo-slider/nivo-slider.css HTTP/1.1" 200 1507
182.72.111.34 - - [31/Jan/2015:00:32:57 -0500] "GET /galeria/nivo-slider/demo/scripts/jquery-1.7.1.min.js HTTP/1.1" 200 93868
182.72.111.34 - - [31/Jan/2015:00:32:58 -0500] "GET /galeria/nivo-slider/jquery.nivo.slider.pack.js HTTP/1.1" 200 11561
182.72.111.34 - - [31/Jan/2015:00:32:58 -0500] "GET /galeria/nivo-slider/demo/style.css HTTP/1.1" 200 2222
182.72.111.34 - - [31/Jan/2015:00:32:58 -0500] "GET /galeria/nivo-slider/demo/images/ecolecta-Dic2014.png HTTP/1.1" 200 288593
182.72.111.34 - - [31/Jan/2015:00:32:58 -0500] "GET /galeria/nivo-slider/demo/images/9Signos.jpg HTTP/1.1" 200 93040
182.72.111.34 - - [31/Jan/2015:00:32:58 -0500] "GET /galeria/nivo-slider/demo/images/bolsas-06.jpg HTTP/1.1" 200 90982
182.72.111.34 - - [31/Jan/2015:00:32:58 -0500] "GET /galeria/nivo-slider/demo/images/bolsas-08.jpg HTTP/1.1" 200 85589
182.72.111.34 - - [31/Jan/2015:00:32:58 -0500] "GET /galeria/nivo-slider/demo/images/banner-redes.jpg HTTP/1.1" 200 62209
182.72.111.34 - - [31/Jan/2015:00:32:59 -0500] "GET /galeria/nivo-slider/demo/images/Ruta-vertimientos-01.jpg HTTP/1.1" 200 130151
182.72.111.34 - - [31/Jan/2015:00:33:00 -0500] "GET /galeria/nivo-slider/demo/images/porloshumedales.jpg HTTP/1.1" 200 351238
182.72.111.34 - - [31/Jan/2015:00:33:00 -0500] "GET /galeria/nivo-slider/demo/images/Banner-Caracol-Africano.jpg HTTP/1.1" 200 331986
182.72.111.34 - - [31/Jan/2015:00:33:00 -0500] "GET /galeria/nivo-slider/demo/images/Tingua-azul.jpg HTTP/1.1" 200 307638
182.72.111.34 - - [31/Jan/2015:00:33:01 -0500] "GET /galeria/nivo-slider/demo/images/4Simple_Slider.png HTTP/1.1" 200 11722
182.72.111.34 - - [31/Jan/2015:00:33:01 -0500] "GET /galeria/nivo-slider/themes/default/loading.gif HTTP/1.1" 200 1737
182.72.111.34 - - [31/Jan/2015:00:33:01 -0500] "GET /galeria/nivo-slider/demo/images/banner-llantas2.jpg HTTP/1.1" 200 73153
182.72.111.34 - - [31/Jan/2015:00:33:01 -0500] "GET /galeria/nivo-slider/demo/images/banner-caballos.png HTTP/1.1" 200 389106
74.86.158.107 - - [31/Jan/2015:00:33:03 -0500] "HEAD / HTTP/1.1" 302 -
182.72.111.34 - - [31/Jan/2015:00:33:12 -0500] "GET /videos/Spot_CambioClimatico.flv HTTP/1.1" 200 4371917
182.72.111.34 - - [31/Jan/2015:00:33:12 -0500] "GET /galeria/nivo-slider/themes/default/arrows.png HTTP/1.1" 200 824
182.72.111.34 - - [31/Jan/2015:00:33:12 -0500] "GET /galeria/nivo-slider/themes/default/bullets.png HTTP/1.1" 200 1281
188.165.15.89 - - [31/Jan/2015:00:33:18 -0500] "GET /BLA/resoluciones/RESOLUCIONES%202005/RES%202005%20501-550/00000545.tif HTTP/1.1" 200 117450
66.249.64.171 - - [31/Jan/2015:00:33:27 -0500] "GET /BLA/resoluciones/RESOLUCIONES%202009/7592.pdf HTTP/1.1" 200 496085
66.249.64.163 - - [31/Jan/2015:00:33:42 -0500] "GET /BLA/resoluciones/RESOLUCIONES%202013/0938.pdf HTTP/1.1" 200 439144
188.165.15.177 - - [31/Jan/2015:00:33:46 -0500] "GET /BLA/resoluciones/RESOLUCIONES%202006/RES%202006%202601-2650/00002620.tif HTTP/1.1" 200 355526
66.249.64.163 - - [31/Jan/2015:00:33:50 -0500] "GET /BLA/resoluciones/RESOLUCIONES%202006/RES%202006%202551-2600/00002594.tif HTTP/1.1" 200 64406
220.181.108.187 - - [31/Jan/2015:00:34:08 -0500] "GET /BLA/resoluciones/RESOLUCIONES%202007/RES%202007%20101%20AL%20200/RESOLUCION%200162%20DE%202007.pdf HTTP/1.1" 200 755722
188.165.15.41 - - [31/Jan/2015:00:34:23 -0500] "GET /BLA/resoluciones/RESOLUCIONES%202005/RES%202005%20251-300/00000294.tif HTTP/1.1" 200 128030
186.84.154.76 - - [31/Jan/2015:00:34:25 -0500] "GET /BLA/boletinlegal/js/jquery.js HTTP/1.1" 200 57254
186.84.154.76 - - [31/Jan/2015:00:34:25 -0500] "GET /BLA/boletinlegal/js/jquery.scrollTo-min.js HTTP/1.1" 200 1150
186.84.154.76 - - [31/Jan/2015:00:34:25 -0500] "GET /BLA/boletinlegal/js/jquery.scrollShow.js HTTP/1.1" 200 4586
188.165.15.41 - - [31/Jan/2015:00:34:39 -0500] "GET /BLA/resoluciones/index.php?dir=RESOLUCIONES+2002%2FRES+2002+651-700%2F HTTP/1.1" 200 12213
188.165.15.41 - - [31/Jan/2015:00:35:43 -0500] "GET /BLA/resoluciones/RESOLUCIONES%202002/RES%202002%201151-1200/20021170.tif HTTP/1.1" 200 73538
186.84.51.1 - - [31/Jan/2015:00:35:50 -0500] "GET /BLA/boletinlegal/js/jquery.scrollShow.js HTTP/1.1" 200 4586
186.84.51.1 - - [31/Jan/2015:00:35:50 -0500] "GET /BLA/boletinlegal/js/jquery.js HTTP/1.1" 200 57254
186.84.51.1 - - [31/Jan/2015:00:35:50 -0500] "GET /BLA/boletinlegal/js/jquery.scrollTo-min.js HTTP/1.1" 200 1150
66.249.64.167 - - [31/Jan/2015:00:36:05 -0500] "GET /BLA/resoluciones/RESOLUCIONES%202004/RES%202004%20301-350/00000310.tif HTTP/1.1" 200 1672554
157.55.39.136 - - [31/Jan/2015:00:36:06 -0500] "GET /stormWeb/ HTTP/1.1" 200 12126
157.55.39.136 - - [31/Jan/2015:00:36:22 -0500] "GET /stormWeb/img/login/calendar.jpg HTTP/1.1" 200 7690
157.55.39.107 - - [31/Jan/2015:00:36:27 -0500] "GET /stormWeb/js/1ibre/jscalendar/calendar-win2k-1.css HTTP/1.1" 200 5986
157.55.39.107 - - [31/Jan/2015:00:36:27 -0500] "GET /stormWeb/styles/login.css HTTP/1.1" 200 4892
66.249.64.171 - - [31/Jan/2015:00:37:15 -0500] "GET /BLA/resoluciones/Autos%202008/1881.pdf HTTP/1.1" 200 101819
201.245.192.253 - - [31/Jan/2015:00:37:17 -0500] "GET /forest/session.jsp?a=0.9942674201447517 HTTP/1.1" 200 4
199.96.156.81 - - [31/Jan/2015:00:37:52 -0500] "GET /blog/wp-admin/ HTTP/1.1" 404 1018
74.86.158.107 - - [31/Jan/2015:00:38:03 -0500] "HEAD / HTTP/1.1" 302 -
66.249.64.167 - - [31/Jan/2015:00:38:20 -0500] "GET /BLA/resoluciones/RESOLUCIONES%202006/RES%202006%202551-2600/00002576.tif HTTP/1.1" 200 208386
188.165.15.90 - - [31/Jan/2015:00:38:58 -0500] "GET /BLA/resoluciones/RESOLUCIONES%202005/RES%202005%201-50/00000005.tif HTTP/1.1" 200 255636
66.249.64.163 - - [31/Jan/2015:00:39:00 -0500] "GET /BLA/resoluciones/Notificaciones/AUTOS%202014/5710.doc HTTP/1.1" 200 154624
66.249.64.39 - - [31/Jan/2015:00:39:09 -0500] "GET /PruebasSTORM/silvicultura1Pruebas/ HTTP/1.1" 200 414
66.249.64.171 - - [31/Jan/2015:00:39:17 -0500] "GET /BLA/resoluciones/AUTOS%202012/0669.pdf HTTP/1.1" 304 -
66.249.64.163 - - [31/Jan/2015:00:39:26 -0500] "GET /BLA/resoluciones/AUTOS%202008/0800.pdf HTTP/1.1" 304 -
66.249.64.163 - - [31/Jan/2015:00:39:35 -0500] "GET /BLA/resoluciones/RESOLUCIONES%202009/9592.pdf HTTP/1.1" 200 397218
66.249.64.167 - - [31/Jan/2015:00:39:53 -0500] "GET /BLA/resoluciones/AUTOS%202011/7791.pdf HTTP/1.1" 200 141189
181.132.151.114 - - [31/Jan/2015:00:40:04 -0500] "GET /BLA/boletinlegal/js/jquery.scrollTo-min.js HTTP/1.1" 200 1150
181.132.151.114 - - [31/Jan/2015:00:40:04 -0500] "GET /BLA/boletinlegal/js/jquery.js HTTP/1.1" 200 57254
181.132.151.114 - - [31/Jan/2015:00:40:04 -0500] "GET /BLA/boletinlegal/js/jquery.scrollShow.js HTTP/1.1" 200 4586
66.249.64.163 - - [31/Jan/2015:00:40:10 -0500] "GET /BLA/resoluciones/RESOLUCIONES%202009/2786.pdf HTTP/1.1" 200 544300
66.249.64.163 - - [31/Jan/2015:00:40:17 -0500] "GET /BLA/resoluciones/RESOLUCIONES%202007/RES%202007%20201%20AL%20300/RESOLUCION%200228%20DE%202007.pdf HTTP/1.1" 200 276461
66.249.64.167 - - [31/Jan/2015:00:40:28 -0500] "GET /BLA/resoluciones/RESOLUCIONES%202009/6074.pdf HTTP/1.1" 200 101700
66.249.64.171 - - [31/Jan/2015:00:40:35 -0500] "GET /BLA/resoluciones/RESOLUCIONES%202006/RES%202006%202551-2600/00002591.tif HTTP/1.1" 200 94318
188.165.15.23 - - [31/Jan/2015:00:40:35 -0500] "GET /BLA/resoluciones/RESOLUCIONES%202002/RES%202002%201501-1550/20021518.tif HTTP/1.1" 200 108422
66.249.64.167 - - [31/Jan/2015:00:40:46 -0500] "GET /BLA/resoluciones/RESOLUCIONES%202009/4438.pdf HTTP/1.1" 200 426236
207.46.13.111 - - [31/Jan/2015:00:40:53 -0500] "GET /downloads/textosStormWeb/presentacion.html HTTP/1.1" 404 1018
207.46.13.111 - - [31/Jan/2015:00:40:53 -0500] "GET /stormWeb/js/1ibre/1ibre.js HTTP/1.1" 200 185628
207.46.13.111 - - [31/Jan/2015:00:40:55 -0500] "GET /stormWeb/js/1ibre/protoaculous.js HTTP/1.1" 200 151386
207.46.13.111 - - [31/Jan/2015:00:40:55 -0500] "GET /stormWeb/js/Logic_CryptoAPI.js HTTP/1.1" 200 13725
207.46.13.111 - - [31/Jan/2015:00:40:55 -0500] "GET /downloads/textosStormWeb/presentacion.html HTTP/1.1" 404 1018
207.46.13.111 - - [31/Jan/2015:00:40:56 -0500] "GET /stormWeb/js/1ibre/1ibre.js HTTP/1.1" 200 185628
207.46.13.111 - - [31/Jan/2015:00:40:56 -0500] "GET /stormWeb/js/1ibre/protoaculous.js HTTP/1.1" 200 151386
207.46.13.111 - - [31/Jan/2015:00:40:57 -0500] "GET /stormWeb/js/Logic_CryptoAPI.js HTTP/1.1" 200 13725
207.46.13.111 - - [31/Jan/2015:00:40:57 -0500] "GET /stormWeb/styles/dialog.css HTTP/1.1" 200 1281
66.249.64.171 - - [31/Jan/2015:00:41:04 -0500] "GET /BLA/resoluciones/RESOLUCIONES%202010/1477.pdf HTTP/1.1" 200 282067
66.249.64.171 - - [31/Jan/2015:00:41:21 -0500] "GET /BLA/resoluciones/RESOLUCIONES%202009/6644.pdf HTTP/1.1" 200 414988
