66.249.73.155 - - [01/Feb/2015:00:55:44 -0500] "GET /BLA/resoluciones/RESOLUCIONES%202010/7485.pdf HTTP/1.1" 200 36378
66.249.73.163 - - [01/Feb/2015:00:55:46 -0500] "GET /BLA/resoluciones/AUTOS%202011/2259.pdf HTTP/1.1" 200 147235
66.249.73.163 - - [01/Feb/2015:00:55:48 -0500] "GET /BLA/resoluciones/AUTOS%202007/0700.pdf HTTP/1.1" 200 94955
190.27.46.48 - - [01/Feb/2015:00:55:50 -0500] "GET /forest/skins/gdocs-jar/popup/popup.jsp?width=850&height=380&title=Informaci%F3n%20del%20radicado&uri=/forest/system/document.jsp%3FcodDoc%3D1959198&name=undefined&_a=0.2764851350802928&a=0.9563734559342265 HTTP/1.1" 200 1315
190.27.46.48 - - [01/Feb/2015:00:55:50 -0500] "GET /forest/system/document.jsp?codDoc=1959198 HTTP/1.1" 200 11484
190.27.46.48 - - [01/Feb/2015:00:55:50 -0500] "GET /forest/system/document.jsp?codDoc=1959198 HTTP/1.1" 200 11484
66.249.73.163 - - [01/Feb/2015:00:55:50 -0500] "GET /BLA/resoluciones/AUTOS%202009/1662.pdf HTTP/1.1" 200 112407
66.249.73.163 - - [01/Feb/2015:00:55:52 -0500] "GET /BLA/resoluciones/AUTOS%202009/0432.pdf HTTP/1.1" 200 133908
190.27.46.48 - - [01/Feb/2015:00:55:53 -0500] "GET /forest/usutareas.do?_a=0.2443953938782215&group_system_actual=3 HTTP/1.1" 200 116578
66.249.73.163 - - [01/Feb/2015:00:55:54 -0500] "GET /BLA/resoluciones/RESOLUCIONES%202011/1759.pdf HTTP/1.1" 200 523806
190.27.46.48 - - [01/Feb/2015:00:55:54 -0500] "GET /forest/session.jsp?a=0.9667043576482683 HTTP/1.1" 200 4
66.249.73.171 - - [01/Feb/2015:00:55:56 -0500] "GET /BLA/resoluciones/RESOLUCIONES%202008/3168.pdf HTTP/1.1" 200 251951
190.27.46.48 - - [01/Feb/2015:00:55:57 -0500] "GET /forest/usudocumentos.do?_a=0.5753018609248102&group_system_actual=3 HTTP/1.1" 200 92715
190.27.46.48 - - [01/Feb/2015:00:55:57 -0500] "GET /forest/session.jsp?a=0.49986950354650617 HTTP/1.1" 200 4
66.249.73.171 - - [01/Feb/2015:00:55:58 -0500] "GET /BLA/resoluciones/RESOLUCIONES%202011/1353.pdf HTTP/1.1" 200 63227
66.249.73.163 - - [01/Feb/2015:00:56:00 -0500] "GET /BLA/resoluciones/AUTOS%202008/3237.pdf HTTP/1.1" 200 69389
190.27.46.48 - - [01/Feb/2015:00:56:00 -0500] "GET /forest/usutareas.do?_a=0.5956468675285578&group_system_actual=3 HTTP/1.1" 200 116578
190.27.46.48 - - [01/Feb/2015:00:56:01 -0500] "GET /forest/session.jsp?a=0.8149638064205647 HTTP/1.1" 200 4
66.249.73.163 - - [01/Feb/2015:00:56:01 -0500] "GET /BLA/resoluciones/RESOLUCIONES%202011/2039.pdf HTTP/1.1" 200 710362
66.249.73.163 - - [01/Feb/2015:00:56:03 -0500] "GET /BLA/resoluciones/RESOLUCIONES%202009/5585.pdf HTTP/1.1" 200 674543
66.249.73.171 - - [01/Feb/2015:00:56:04 -0500] "GET /BLA/resoluciones/RESOLUCIONES%202011/2476.pdf HTTP/1.1" 200 803178
66.249.73.163 - - [01/Feb/2015:00:56:09 -0500] "GET /BLA/resoluciones/RESOLUCIONES%202009/9109.pdf HTTP/1.1" 200 411644
66.249.73.155 - - [01/Feb/2015:00:56:09 -0500] "GET /BLA/resoluciones/RESOLUCIONES%202011/1859.pdf HTTP/1.1" 200 514235
66.249.73.171 - - [01/Feb/2015:00:56:10 -0500] "GET /BLA/resoluciones/RESOLUCIONES%202009/0288.pdf HTTP/1.1" 200 517776
66.249.73.171 - - [01/Feb/2015:00:56:12 -0500] "GET /BLA/resoluciones/RESOLUCIONES%202009/8912.pdf HTTP/1.1" 200 252721
66.249.73.171 - - [01/Feb/2015:00:56:14 -0500] "GET /BLA/resoluciones/AUTOS%202011/5042.pdf HTTP/1.1" 200 656865
66.249.73.155 - - [01/Feb/2015:00:56:16 -0500] "GET /BLA/resoluciones/AUTOS%202009/1505.pdf HTTP/1.1" 200 99889
190.27.46.48 - - [01/Feb/2015:00:56:17 -0500] "POST /forest/usutareas.do? HTTP/1.1" 200 625
66.249.73.171 - - [01/Feb/2015:00:56:18 -0500] "GET /BLA/resoluciones/RESOLUCIONES%202009/0197.pdf HTTP/1.1" 200 255620
66.249.73.163 - - [01/Feb/2015:00:56:20 -0500] "GET /BLA/resoluciones/RESOLUCIONES%202008/0894.pdf HTTP/1.1" 200 986425
66.249.73.171 - - [01/Feb/2015:00:56:22 -0500] "GET /BLA/resoluciones/AUTOS%202011/1813.pdf HTTP/1.1" 200 155007
190.27.46.48 - - [01/Feb/2015:00:56:24 -0500] "GET /forest/actions/forms.getList?codForm=Revision_reparto_Correspondencias&id=funcionarioasignado&text=G HTTP/1.1" 200 1313
190.27.46.48 - - [01/Feb/2015:00:56:24 -0500] "GET /forest/actions/forms.getList?codForm=Revision_reparto_Correspondencias&id=funcionarioasignado&text=GU HTTP/1.1" 200 1314
190.27.46.48 - - [01/Feb/2015:00:56:24 -0500] "GET /forest/actions/forms.getList?codForm=Revision_reparto_Correspondencias&id=funcionarioasignado&text=GUI HTTP/1.1" 200 1327
66.249.73.155 - - [01/Feb/2015:00:56:24 -0500] "GET /BLA/resoluciones/RESOLUCIONES%202011/5037.pdf HTTP/1.1" 200 445019
190.27.46.48 - - [01/Feb/2015:00:56:24 -0500] "GET /forest/actions/forms.getList?codForm=Revision_reparto_Correspondencias&id=funcionarioasignado&text=GUIL HTTP/1.1" 200 376
190.27.46.48 - - [01/Feb/2015:00:56:24 -0500] "GET /forest/actions/forms.getList?codForm=Revision_reparto_Correspondencias&id=funcionarioasignado&text=GUILL HTTP/1.1" 200 188
190.27.46.48 - - [01/Feb/2015:00:56:24 -0500] "GET /forest/actions/forms.getList?codForm=Revision_reparto_Correspondencias&id=funcionarioasignado&text=GUILLE HTTP/1.1" 200 188
190.27.46.48 - - [01/Feb/2015:00:56:24 -0500] "GET /forest/actions/forms.getList?codForm=Revision_reparto_Correspondencias&id=funcionarioasignado&text=GUILLER HTTP/1.1" 200 188
66.249.73.171 - - [01/Feb/2015:00:56:26 -0500] "GET /BLA/resoluciones/AUTOS%202009/3021.pdf HTTP/1.1" 200 185766
66.249.73.155 - - [01/Feb/2015:00:56:28 -0500] "GET /BLA/resoluciones/RESOLUCIONES%202008/5282.pdf HTTP/1.1" 200 242030
66.249.73.171 - - [01/Feb/2015:00:56:30 -0500] "GET /BLA/resoluciones/AUTOS%202009/1725.pdf HTTP/1.1" 200 123725
66.249.73.163 - - [01/Feb/2015:00:56:32 -0500] "GET /BLA/resoluciones/RESOLUCIONES%202009/7374.pdf HTTP/1.1" 200 1266511
66.249.73.155 - - [01/Feb/2015:00:56:34 -0500] "GET /BLA/resoluciones/AUTOS%202009/3419.pdf HTTP/1.1" 200 98137
66.249.73.171 - - [01/Feb/2015:00:56:36 -0500] "GET /BLA/resoluciones/RESOLUCIONES%202010/1214.pdf HTTP/1.1" 200 150696
190.27.46.48 - - [01/Feb/2015:00:56:37 -0500] "POST /forest/usutareas.do? HTTP/1.1" 200 76
66.249.73.163 - - [01/Feb/2015:00:56:38 -0500] "GET /BLA/resoluciones/RESOLUCIONES%202010/4437.pdf HTTP/1.1" 200 530567
66.249.73.163 - - [01/Feb/2015:00:56:40 -0500] "GET /BLA/resoluciones/AUTOS%202009/2035.pdf HTTP/1.1" 200 98767
190.27.46.48 - - [01/Feb/2015:00:56:39 -0500] "GET /forest/usutareas.do?group_system_actual=3&a=0.6999557027593255 HTTP/1.1" 200 120698
190.27.46.48 - - [01/Feb/2015:00:56:41 -0500] "GET /forest/session.jsp?a=0.4140895581804216 HTTP/1.1" 200 4
66.249.73.155 - - [01/Feb/2015:00:56:42 -0500] "GET /BLA/resoluciones/RESOLUCIONES%202009/0735.pdf HTTP/1.1" 200 429435
66.249.73.171 - - [01/Feb/2015:00:56:44 -0500] "GET /BLA/resoluciones/RESOLUCIONES%202011/0998.pdf HTTP/1.1" 200 71835
188.165.15.152 - - [01/Feb/2015:00:56:45 -0500] "GET /BLA/resoluciones/index.php?dir=RESOLUCIONES+2006%2FRES+2006+1251-1300%2F HTTP/1.1" 200 12368
66.249.73.155 - - [01/Feb/2015:00:56:46 -0500] "GET /BLA/resoluciones/RESOLUCIONES%202010/1045.pdf HTTP/1.1" 200 108034
66.249.73.163 - - [01/Feb/2015:00:56:48 -0500] "GET /BLA/resoluciones/RESOLUCIONES%202011/0460.pdf HTTP/1.1" 200 947000
190.27.46.48 - - [01/Feb/2015:00:56:48 -0500] "GET /forest/actions/forms.getList?codForm=Correspondencia_Elaborar_Documento_Electronico&id=funcionariodestino&text=M HTTP/1.1" 200 1256
190.27.46.48 - - [01/Feb/2015:00:56:48 -0500] "GET /forest/actions/forms.getList?codForm=Correspondencia_Elaborar_Documento_Electronico&id=funcionariodestino&text=MA HTTP/1.1" 200 1217
190.27.46.48 - - [01/Feb/2015:00:56:48 -0500] "GET /forest/actions/forms.getList?codForm=Correspondencia_Elaborar_Documento_Electronico&id=funcionariodestino&text=MAR HTTP/1.1" 200 1235
190.27.46.48 - - [01/Feb/2015:00:56:49 -0500] "GET /forest/actions/forms.getList?codForm=Correspondencia_Elaborar_Documento_Electronico&id=funcionariodestino&text=MARI HTTP/1.1" 200 1227
190.27.46.48 - - [01/Feb/2015:00:56:49 -0500] "GET /forest/actions/forms.getList?codForm=Correspondencia_Elaborar_Documento_Electronico&id=funcionariodestino&text=MARIA HTTP/1.1" 200 1207
190.27.46.48 - - [01/Feb/2015:00:56:50 -0500] "GET /forest/actions/forms.getList?codForm=Correspondencia_Elaborar_Documento_Electronico&id=funcionariodestino&text=MARIAN HTTP/1.1" 200 2
66.249.73.163 - - [01/Feb/2015:00:56:50 -0500] "GET /BLA/resoluciones/RESOLUCIONES%202010/3483.pdf HTTP/1.1" 200 512239
66.249.73.155 - - [01/Feb/2015:00:56:52 -0500] "GET /BLA/resoluciones/AUTOS%202007/0834.pdf HTTP/1.1" 200 99911
66.249.73.171 - - [01/Feb/2015:00:56:54 -0500] "GET /BLA/resoluciones/RESOLUCIONES%202010/0882.pdf HTTP/1.1" 200 101994
66.249.73.171 - - [01/Feb/2015:00:56:56 -0500] "GET /BLA/resoluciones/RESOLUCIONES%202009/5778.pdf HTTP/1.1" 200 1199528
66.249.73.155 - - [01/Feb/2015:00:56:59 -0500] "GET /BLA/resoluciones/AUTOS%202011/5822.pdf HTTP/1.1" 200 289057
66.249.73.163 - - [01/Feb/2015:00:57:00 -0500] "GET /BLA/resoluciones/AUTOS%202011/7136.pdf HTTP/1.1" 200 173911
66.249.73.171 - - [01/Feb/2015:00:57:02 -0500] "GET /BLA/resoluciones/AUTOS%202009/2286.pdf HTTP/1.1" 200 402767
66.249.73.171 - - [01/Feb/2015:00:57:04 -0500] "GET /BLA/resoluciones/RESOLUCIONES%202011/2812.pdf HTTP/1.1" 200 210238
66.249.73.171 - - [01/Feb/2015:00:57:06 -0500] "GET /BLA/resoluciones/RESOLUCIONES%202008/0392.pdf HTTP/1.1" 200 273552
66.249.73.155 - - [01/Feb/2015:00:57:08 -0500] "GET /BLA/resoluciones/RESOLUCIONES%202010/0799.pdf HTTP/1.1" 200 111076
66.249.73.171 - - [01/Feb/2015:00:57:10 -0500] "GET /BLA/resoluciones/AUTOS%202009/0572.pdf HTTP/1.1" 200 126254
66.249.73.171 - - [01/Feb/2015:00:57:12 -0500] "GET /BLA/resoluciones/AUTOS%202009/1446.pdf HTTP/1.1" 200 112404
66.249.73.155 - - [01/Feb/2015:00:57:14 -0500] "GET /BLA/resoluciones/RESOLUCIONES%202009/0359.pdf HTTP/1.1" 200 348210
190.27.46.48 - - [01/Feb/2015:00:57:15 -0500] "GET /forest/actions/forms.getList?codForm=Correspondencia_Elaborar_Documento_Electronico&id=funcionariodestino&text=G HTTP/1.1" 200 1313
190.27.46.48 - - [01/Feb/2015:00:57:15 -0500] "GET /forest/actions/forms.getList?codForm=Correspondencia_Elaborar_Documento_Electronico&id=funcionariodestino&text=GU HTTP/1.1" 200 1293
190.27.46.48 - - [01/Feb/2015:00:57:15 -0500] "GET /forest/actions/forms.getList?codForm=Correspondencia_Elaborar_Documento_Electronico&id=funcionariodestino&text=GUI HTTP/1.1" 200 1322
190.27.46.48 - - [01/Feb/2015:00:57:15 -0500] "GET /forest/actions/forms.getList?codForm=Correspondencia_Elaborar_Documento_Electronico&id=funcionariodestino&text=GUIL HTTP/1.1" 200 376
190.27.46.48 - - [01/Feb/2015:00:57:15 -0500] "GET /forest/actions/forms.getList?codForm=Correspondencia_Elaborar_Documento_Electronico&id=funcionariodestino&text=GUILL HTTP/1.1" 200 188
190.27.46.48 - - [01/Feb/2015:00:57:15 -0500] "GET /forest/actions/forms.getList?codForm=Correspondencia_Elaborar_Documento_Electronico&id=funcionariodestino&text=GUILLE HTTP/1.1" 200 188
190.27.46.48 - - [01/Feb/2015:00:57:16 -0500] "GET /forest/actions/forms.getList?codForm=Correspondencia_Elaborar_Documento_Electronico&id=funcionariodestino&text=GUILLER HTTP/1.1" 200 188
190.27.46.48 - - [01/Feb/2015:00:57:16 -0500] "GET /forest/actions/forms.getList?codForm=Correspondencia_Elaborar_Documento_Electronico&id=funcionariodestino&text=GUILLE HTTP/1.1" 200 188
190.27.46.48 - - [01/Feb/2015:00:57:17 -0500] "GET /forest/actions/forms.getList?codForm=Correspondencia_Elaborar_Documento_Electronico&id=funcionariodestino&text=GUILL HTTP/1.1" 200 188
190.27.46.48 - - [01/Feb/2015:00:57:17 -0500] "GET /forest/actions/forms.getList?codForm=Correspondencia_Elaborar_Documento_Electronico&id=funcionariodestino&text=GUIL HTTP/1.1" 200 376
190.27.46.48 - - [01/Feb/2015:00:57:17 -0500] "GET /forest/actions/forms.getList?codForm=Correspondencia_Elaborar_Documento_Electronico&id=funcionariodestino&text=GUI HTTP/1.1" 200 1322
190.27.46.48 - - [01/Feb/2015:00:57:17 -0500] "GET /forest/actions/forms.getList?codForm=Correspondencia_Elaborar_Documento_Electronico&id=funcionariodestino&text=GU HTTP/1.1" 200 1293
66.249.73.171 - - [01/Feb/2015:00:57:17 -0500] "GET /BLA/resoluciones/AUTOS%202009/1018.pdf HTTP/1.1" 200 121338
190.27.46.48 - - [01/Feb/2015:00:57:17 -0500] "GET /forest/actions/forms.getList?codForm=Correspondencia_Elaborar_Documento_Electronico&id=funcionariodestino&text=G HTTP/1.1" 200 1313
190.27.46.48 - - [01/Feb/2015:00:57:17 -0500] "GET /forest/actions/forms.getList?codForm=Correspondencia_Elaborar_Documento_Electronico&id=funcionariodestino&text= HTTP/1.1" 200 1267
66.249.73.155 - - [01/Feb/2015:00:57:18 -0500] "GET /BLA/resoluciones/AUTOS%202009/2423.pdf HTTP/1.1" 200 100591
66.249.73.163 - - [01/Feb/2015:00:57:20 -0500] "GET /BLA/resoluciones/AUTOS%202009/1797.pdf HTTP/1.1" 200 98766
188.165.15.177 - - [01/Feb/2015:00:57:20 -0500] "GET /BLA/resoluciones/RESOLUCIONES%202005/RES%202005%203001-3050/00003030.tif HTTP/1.1" 200 240638
66.249.73.155 - - [01/Feb/2015:00:57:22 -0500] "GET /BLA/resoluciones/RESOLUCIONES%202010/0599.pdf HTTP/1.1" 200 54640
66.249.73.155 - - [01/Feb/2015:00:57:24 -0500] "GET /BLA/resoluciones/RESOLUCIONES%202011/2697.pdf HTTP/1.1" 200 673404
66.249.73.171 - - [01/Feb/2015:00:57:26 -0500] "GET /BLA/resoluciones/RESOLUCIONES%202011/1128.pdf HTTP/1.1" 200 291524
66.249.73.163 - - [01/Feb/2015:00:57:28 -0500] "GET /BLA/resoluciones/RESOLUCIONES%202011/2848.pdf HTTP/1.1" 200 510386
66.249.73.163 - - [01/Feb/2015:00:57:30 -0500] "GET /BLA/resoluciones/AUTOS%202009/1362.pdf HTTP/1.1" 200 122595
66.249.73.171 - - [01/Feb/2015:00:57:32 -0500] "GET /BLA/resoluciones/RESOLUCIONES%202010/1526.pdf HTTP/1.1" 200 128154
66.249.73.155 - - [01/Feb/2015:00:57:34 -0500] "GET /BLA/resoluciones/AUTOS%202009/0685.pdf HTTP/1.1" 200 71941
66.249.73.163 - - [01/Feb/2015:00:57:36 -0500] "GET /BLA/resoluciones/AUTOS%202007/0621.pdf HTTP/1.1" 200 64941
190.27.46.48 - - [01/Feb/2015:00:57:36 -0500] "GET /forest/skins/gdocs-jar/popup/escritorio/cancelactividad.jsp?a=0.051097990944981575 HTTP/1.1" 200 3548
66.249.73.155 - - [01/Feb/2015:00:57:38 -0500] "GET /BLA/resoluciones/AUTOS%202009/0031.pdf HTTP/1.1" 200 106948
66.249.73.163 - - [01/Feb/2015:00:57:40 -0500] "GET /BLA/resoluciones/RESOLUCIONES%202009/3664.pdf HTTP/1.1" 200 796898
74.86.158.107 - - [01/Feb/2015:00:57:41 -0500] "HEAD / HTTP/1.1" 302 -
66.249.73.155 - - [01/Feb/2015:00:57:42 -0500] "GET /BLA/resoluciones/AUTOS%202009/0663.pdf HTTP/1.1" 200 76777
66.249.73.171 - - [01/Feb/2015:00:57:44 -0500] "GET /BLA/resoluciones/AUTOS%202007/2100.pdf HTTP/1.1" 200 76731
190.27.46.48 - - [01/Feb/2015:00:57:44 -0500] "GET /forest/session.jsp?a=0.32314851763658226 HTTP/1.1" 200 4
66.249.73.171 - - [01/Feb/2015:00:57:46 -0500] "GET /BLA/resoluciones/RESOLUCIONES%202011/5087.pdf HTTP/1.1" 200 647685
66.249.73.171 - - [01/Feb/2015:00:57:48 -0500] "GET /BLA/resoluciones/RESOLUCIONES%202008/3407.pdf HTTP/1.1" 200 254704
188.165.15.183 - - [01/Feb/2015:00:57:49 -0500] "GET /BLA/resoluciones/RESOLUCIONES%202000/2000%202700-2749.tif HTTP/1.1" 200 3928129
66.249.73.163 - - [01/Feb/2015:00:57:50 -0500] "GET /BLA/resoluciones/AUTOS%202009/2761.pdf HTTP/1.1" 200 91102
66.249.73.171 - - [01/Feb/2015:00:57:52 -0500] "GET /BLA/resoluciones/RESOLUCIONES%202009/4958.pdf HTTP/1.1" 200 411225
190.27.46.48 - - [01/Feb/2015:00:57:53 -0500] "GET /forest/actions/forms.getList?codForm=Revision_reparto_Correspondencias&id=codigoFuncionario&text=G HTTP/1.1" 200 1313
190.27.46.48 - - [01/Feb/2015:00:57:53 -0500] "GET /forest/actions/forms.getList?codForm=Revision_reparto_Correspondencias&id=codigoFuncionario&text=GU HTTP/1.1" 200 1314
190.27.46.48 - - [01/Feb/2015:00:57:53 -0500] "GET /forest/actions/forms.getList?codForm=Revision_reparto_Correspondencias&id=codigoFuncionario&text=GUI HTTP/1.1" 200 1327
66.249.73.155 - - [01/Feb/2015:00:57:54 -0500] "GET /BLA/resoluciones/AUTOS%202007/2605.pdf HTTP/1.1" 200 276650
190.27.46.48 - - [01/Feb/2015:00:57:55 -0500] "GET /forest/actions/forms.getList?codForm=Revision_reparto_Correspondencias&id=codigoFuncionario&text=GUIL HTTP/1.1" 200 376
190.27.46.48 - - [01/Feb/2015:00:57:55 -0500] "GET /forest/actions/forms.getList?codForm=Revision_reparto_Correspondencias&id=codigoFuncionario&text=GUILL HTTP/1.1" 200 188
66.249.73.171 - - [01/Feb/2015:00:57:56 -0500] "GET /BLA/resoluciones/RESOLUCIONES%202011/3146.pdf HTTP/1.1" 200 381961
190.27.46.48 - - [01/Feb/2015:00:57:56 -0500] "GET /forest/actions/forms.getList?codForm=Revision_reparto_Correspondencias&id=codigoFuncionario&text=GUIL HTTP/1.1" 200 376
190.27.46.48 - - [01/Feb/2015:00:57:56 -0500] "GET /forest/actions/forms.getList?codForm=Revision_reparto_Correspondencias&id=codigoFuncionario&text=GUI HTTP/1.1" 200 1327
190.27.46.48 - - [01/Feb/2015:00:57:56 -0500] "GET /forest/actions/forms.getList?codForm=Revision_reparto_Correspondencias&id=codigoFuncionario&text=GU HTTP/1.1" 200 1314
190.27.46.48 - - [01/Feb/2015:00:57:56 -0500] "GET /forest/actions/forms.getList?codForm=Revision_reparto_Correspondencias&id=codigoFuncionario&text=G HTTP/1.1" 200 1313
190.27.46.48 - - [01/Feb/2015:00:57:56 -0500] "GET /forest/actions/forms.getList?codForm=Revision_reparto_Correspondencias&id=codigoFuncionario&text= HTTP/1.1" 200 1267
190.27.46.48 - - [01/Feb/2015:00:57:57 -0500] "GET /forest/actions/forms.getList?codForm=Revision_reparto_Correspondencias&id=codigoFuncionario&text=M HTTP/1.1" 200 1256
190.27.46.48 - - [01/Feb/2015:00:57:57 -0500] "GET /forest/actions/forms.getList?codForm=Revision_reparto_Correspondencias&id=codigoFuncionario&text=MA HTTP/1.1" 200 1224
190.27.46.48 - - [01/Feb/2015:00:57:57 -0500] "GET /forest/actions/forms.getList?codForm=Revision_reparto_Correspondencias&id=codigoFuncionario&text=MAR HTTP/1.1" 200 1235
190.27.46.48 - - [01/Feb/2015:00:57:57 -0500] "GET /forest/actions/forms.getList?codForm=Revision_reparto_Correspondencias&id=codigoFuncionario&text=MARI HTTP/1.1" 200 1227
190.27.46.48 - - [01/Feb/2015:00:57:58 -0500] "GET /forest/actions/forms.getList?codForm=Revision_reparto_Correspondencias&id=codigoFuncionario&text=MARIA HTTP/1.1" 200 1206
190.27.46.48 - - [01/Feb/2015:00:57:58 -0500] "GET /forest/actions/forms.getList?codForm=Revision_reparto_Correspondencias&id=codigoFuncionario&text=MARIAN HTTP/1.1" 200 2
66.249.73.171 - - [01/Feb/2015:00:57:58 -0500] "GET /BLA/resoluciones/AUTOS%202009/3164.pdf HTTP/1.1" 200 135130
190.27.46.48 - - [01/Feb/2015:00:57:59 -0500] "GET /forest/actions/forms.getList?codForm=Revision_reparto_Correspondencias&id=codigoFuncionario&text=MARIA HTTP/1.1" 200 1206
190.27.46.48 - - [01/Feb/2015:00:57:59 -0500] "GET /forest/actions/forms.getList?codForm=Revision_reparto_Correspondencias&id=codigoFuncionario&text=MARI HTTP/1.1" 200 1227
190.27.46.48 - - [01/Feb/2015:00:57:59 -0500] "GET /forest/actions/forms.getList?codForm=Revision_reparto_Correspondencias&id=codigoFuncionario&text=MAR HTTP/1.1" 200 1235
190.27.46.48 - - [01/Feb/2015:00:57:59 -0500] "GET /forest/actions/forms.getList?codForm=Revision_reparto_Correspondencias&id=codigoFuncionario&text=MA HTTP/1.1" 200 1224
190.27.46.48 - - [01/Feb/2015:00:57:59 -0500] "GET /forest/actions/forms.getList?codForm=Revision_reparto_Correspondencias&id=codigoFuncionario&text=M HTTP/1.1" 200 1256
190.27.46.48 - - [01/Feb/2015:00:57:59 -0500] "GET /forest/actions/forms.getList?codForm=Revision_reparto_Correspondencias&id=codigoFuncionario&text= HTTP/1.1" 200 1267
66.249.73.163 - - [01/Feb/2015:00:58:00 -0500] "GET /BLA/resoluciones/AUTOS%202009/2110.pdf HTTP/1.1" 200 124315
190.27.46.48 - - [01/Feb/2015:00:58:00 -0500] "GET /forest/actions/forms.getList?codForm=Revision_reparto_Correspondencias&id=codigoFuncionario&text=G HTTP/1.1" 200 1313
190.27.46.48 - - [01/Feb/2015:00:58:00 -0500] "GET /forest/actions/forms.getList?codForm=Revision_reparto_Correspondencias&id=codigoFuncionario&text=GU HTTP/1.1" 200 1314
190.27.46.48 - - [01/Feb/2015:00:58:00 -0500] "GET /forest/actions/forms.getList?codForm=Revision_reparto_Correspondencias&id=codigoFuncionario&text=GUI HTTP/1.1" 200 1327
190.27.46.48 - - [01/Feb/2015:00:58:01 -0500] "GET /forest/actions/forms.getList?codForm=Revision_reparto_Correspondencias&id=codigoFuncionario&text=GUIL HTTP/1.1" 200 376
66.249.73.163 - - [01/Feb/2015:00:58:01 -0500] "GET /BLA/resoluciones/RESOLUCIONES%202011/2376.pdf HTTP/1.1" 200 891874
190.27.46.48 - - [01/Feb/2015:00:58:01 -0500] "GET /forest/actions/forms.getList?codForm=Revision_reparto_Correspondencias&id=codigoFuncionario&text=GUILL HTTP/1.1" 200 188
190.27.46.48 - - [01/Feb/2015:00:58:01 -0500] "GET /forest/actions/forms.getList?codForm=Revision_reparto_Correspondencias&id=codigoFuncionario&text=GUILLE HTTP/1.1" 200 188
190.27.46.48 - - [01/Feb/2015:00:58:01 -0500] "GET /forest/actions/forms.getList?codForm=Revision_reparto_Correspondencias&id=codigoFuncionario&text=GUILLER HTTP/1.1" 200 188
66.249.73.155 - - [01/Feb/2015:00:58:03 -0500] "GET /BLA/resoluciones/RESOLUCIONES%202010/5829.pdf HTTP/1.1" 200 74910
66.249.73.171 - - [01/Feb/2015:00:58:04 -0500] "GET /BLA/resoluciones/AUTOS%202011/2990.pdf HTTP/1.1" 200 90285
66.249.73.171 - - [01/Feb/2015:00:58:06 -0500] "GET /BLA/resoluciones/RESOLUCIONES%202011/1017.pdf HTTP/1.1" 200 65233
66.249.73.163 - - [01/Feb/2015:00:58:08 -0500] "GET /BLA/resoluciones/AUTOS%202009/3557.pdf HTTP/1.1" 200 219424
190.27.46.48 - - [01/Feb/2015:00:58:08 -0500] "GET /forest/actions/forms.getList?codForm=Revision_reparto_Correspondencias&id=funcionarioasignado&text=G HTTP/1.1" 200 1313
190.27.46.48 - - [01/Feb/2015:00:58:08 -0500] "GET /forest/actions/forms.getList?codForm=Revision_reparto_Correspondencias&id=funcionarioasignado&text=GU HTTP/1.1" 200 1314
190.27.46.48 - - [01/Feb/2015:00:58:08 -0500] "GET /forest/actions/forms.getList?codForm=Revision_reparto_Correspondencias&id=funcionarioasignado&text=GUI HTTP/1.1" 200 1327
66.249.73.171 - - [01/Feb/2015:00:58:10 -0500] "GET /BLA/resoluciones/RESOLUCIONES%202010/3739.pdf HTTP/1.1" 200 354033
188.165.15.152 - - [01/Feb/2015:00:58:11 -0500] "GET /BLA/resoluciones/RESOLUCIONES%202006/RES%202006%201501-1550/00001523.tif HTTP/1.1" 200 281940
66.249.73.155 - - [01/Feb/2015:00:58:12 -0500] "GET /BLA/resoluciones/AUTOS%202011/3049.pdf HTTP/1.1" 200 217542
190.27.46.48 - - [01/Feb/2015:00:58:12 -0500] "GET /forest/actions/forms.getList?codForm=Revision_reparto_Correspondencias&id=funcionarioasignado&text=GUIL HTTP/1.1" 200 376
190.27.46.48 - - [01/Feb/2015:00:58:12 -0500] "GET /forest/actions/forms.getList?codForm=Revision_reparto_Correspondencias&id=funcionarioasignado&text=GUILL HTTP/1.1" 200 188
66.249.73.163 - - [01/Feb/2015:00:58:14 -0500] "GET /BLA/resoluciones/AUTOS%202009/3399.pdf HTTP/1.1" 200 98068
66.249.73.155 - - [01/Feb/2015:00:58:16 -0500] "GET /BLA/resoluciones/AUTOS%202009/0433.pdf HTTP/1.1" 200 118269
190.27.46.48 - - [01/Feb/2015:00:58:17 -0500] "POST /forest/usutareas.do? HTTP/1.1" 200 131
66.249.73.171 - - [01/Feb/2015:00:58:18 -0500] "GET /BLA/resoluciones/AUTOS%202009/0759.pdf HTTP/1.1" 200 92314
66.249.73.155 - - [01/Feb/2015:00:58:20 -0500] "GET /BLA/resoluciones/RESOLUCIONES%202009/4860.pdf HTTP/1.1" 200 742184
66.249.73.171 - - [01/Feb/2015:00:58:22 -0500] "GET /BLA/resoluciones/RESOLUCIONES%202009/2255.pdf HTTP/1.1" 200 524695
66.249.73.163 - - [01/Feb/2015:00:58:24 -0500] "GET /BLA/resoluciones/AUTOS%202009/2438.pdf HTTP/1.1" 200 101360
190.27.46.48 - - [01/Feb/2015:00:58:25 -0500] "POST /forest/usutareas.do? HTTP/1.1" 200 131
66.249.73.171 - - [01/Feb/2015:00:58:26 -0500] "GET /BLA/resoluciones/RESOLUCIONES%202009/1072.pdf HTTP/1.1" 200 47203
66.249.73.171 - - [01/Feb/2015:00:58:28 -0500] "GET /BLA/resoluciones/AUTOS%202009/1358.pdf HTTP/1.1" 200 88189
190.27.46.48 - - [01/Feb/2015:00:58:27 -0500] "GET /forest/misactividades.do?_a=0.29094930924475193&group_system_actual=3 HTTP/1.1" 200 37527
190.27.46.48 - - [01/Feb/2015:00:58:28 -0500] "GET /forest/session.jsp?a=0.10618263157084584 HTTP/1.1" 200 4
190.27.46.48 - - [01/Feb/2015:00:58:28 -0500] "POST /forest/misactividades.do?ajax=true&a=0.09714742167852819 HTTP/1.1" 200 12400
66.249.73.163 - - [01/Feb/2015:00:58:30 -0500] "GET /BLA/resoluciones/AUTOS%202009/1199.pdf HTTP/1.1" 200 123988
200.1.126.10 - - [01/Feb/2015:00:58:30 -0500] "GET /galeria/nivo-slider/demo/images/bolsas-08.jpg HTTP/1.1" 304 -
190.27.46.48 - - [01/Feb/2015:00:56:40 -0500] "GET /ForestMSG_SDA/channelAsync/template_word_17406281?X-Atmosphere-tracking-id=201b350b-d58f-ec09-1c9e-c0d4daf7d52e&X-Atmosphere-Framework=1.0.5&X-Atmosphere-Transport=long-polling&tabid=0.1056616511195898&X-Cache-Date=0&Content-Type=application/xml&_=1422770403306 HTTP/1.1" 200 8193
190.27.46.48 - - [01/Feb/2015:00:58:29 -0500] "GET /forest/usutareas.do?_a=0.519225921947509&group_system_actual=3 HTTP/1.1" 200 120698
190.27.46.48 - - [01/Feb/2015:00:58:30 -0500] "GET /forest/session.jsp?a=0.9663891396485269 HTTP/1.1" 200 4
66.249.73.155 - - [01/Feb/2015:00:58:32 -0500] "GET /BLA/resoluciones/RESOLUCIONES%202010/3671.pdf HTTP/1.1" 200 561867
66.249.73.155 - - [01/Feb/2015:00:58:34 -0500] "GET /BLA/resoluciones/AUTOS%202009/2669.pdf HTTP/1.1" 200 76815
190.27.46.48 - - [01/Feb/2015:00:58:35 -0500] "GET /forest/actions/forms.getList?codForm=Correspondencia_Elaborar_Documento_Electronico&id=funcionariodestino&text=G HTTP/1.1" 200 1313
190.27.46.48 - - [01/Feb/2015:00:58:35 -0500] "GET /forest/actions/forms.getList?codForm=Correspondencia_Elaborar_Documento_Electronico&id=funcionariodestino&text=GU HTTP/1.1" 200 1293
190.27.46.48 - - [01/Feb/2015:00:58:35 -0500] "GET /forest/actions/forms.getList?codForm=Correspondencia_Elaborar_Documento_Electronico&id=funcionariodestino&text=GUI HTTP/1.1" 200 1322
190.27.46.48 - - [01/Feb/2015:00:58:35 -0500] "GET /forest/actions/forms.getList?codForm=Correspondencia_Elaborar_Documento_Electronico&id=funcionariodestino&text=GUIL HTTP/1.1" 200 376
190.27.46.48 - - [01/Feb/2015:00:58:35 -0500] "GET /forest/actions/forms.getList?codForm=Correspondencia_Elaborar_Documento_Electronico&id=funcionariodestino&text=GUILL HTTP/1.1" 200 188
190.27.46.48 - - [01/Feb/2015:00:58:36 -0500] "GET /forest/actions/forms.getList?codForm=Correspondencia_Elaborar_Documento_Electronico&id=funcionariodestino&text=GUILLE HTTP/1.1" 200 188
190.27.46.48 - - [01/Feb/2015:00:58:36 -0500] "GET /forest/actions/forms.getList?codForm=Correspondencia_Elaborar_Documento_Electronico&id=funcionariodestino&text=GUILLER HTTP/1.1" 200 188
190.27.46.48 - - [01/Feb/2015:00:58:36 -0500] "GET /forest/actions/forms.getList?codForm=Correspondencia_Elaborar_Documento_Electronico&id=funcionariodestino&text=GUILLERM HTTP/1.1" 200 188
190.27.46.48 - - [01/Feb/2015:00:58:36 -0500] "GET /forest/actions/forms.getList?codForm=Correspondencia_Elaborar_Documento_Electronico&id=funcionariodestino&text=GUILLERMO HTTP/1.1" 200 188
66.249.73.163 - - [01/Feb/2015:00:58:36 -0500] "GET /BLA/resoluciones/RESOLUCIONES%202008/4841.pdf HTTP/1.1" 200 82971
66.249.73.163 - - [01/Feb/2015:00:58:38 -0500] "GET /BLA/resoluciones/RESOLUCIONES%202010/3585.pdf HTTP/1.1" 200 503187
190.27.46.48 - - [01/Feb/2015:00:58:39 -0500] "GET /forest/skins/gdocs-jar/popup/escritorio/subirborrador.jsp?form=Correspondencia_Elaborar_Documento_Electronico&codTpl=621&codBorr=&a=0.003993338905274868 HTTP/1.1" 200 23286
190.27.46.48 - - [01/Feb/2015:00:58:39 -0500] "GET /forest/json.do?query=borradoresByTpls&codInst=2989835&codTare=694&firma=0&a=0.0711393787059933 HTTP/1.1" 200 2
190.27.46.48 - - [01/Feb/2015:00:58:39 -0500] "GET /forest/json.do?query=plantillasByTarea&codTare=694&codInst=2989835&firma=0&a=0.5917426373343915 HTTP/1.1" 200 904
190.27.46.48 - - [01/Feb/2015:00:58:39 -0500] "GET /forest/json.do?query=terceroById&numTer=860001781-9&a=0.016755223041400313 HTTP/1.1" 200 757
190.27.46.48 - - [01/Feb/2015:00:58:39 -0500] "GET /forest/json.do?query=ultimoBorradorByTpl&codTpl=621&codInst=2989835&a=0.24012863170355558 HTTP/1.1" 200 2
190.27.46.48 - - [01/Feb/2015:00:58:39 -0500] "GET /forest/json.do?query=ultimoBorradorByTpl&codTpl=1201&codInst=2989835&a=0.5045797794591635 HTTP/1.1" 200 2
190.27.46.48 - - [01/Feb/2015:00:58:39 -0500] "GET /forest/json.do?query=ultimoBorradorByTpl&codTpl=641&codInst=2989835&a=0.6008525358047336 HTTP/1.1" 200 2
190.27.46.48 - - [01/Feb/2015:00:58:39 -0500] "GET /forest/json.do?query=ultimoBorradorByTpl&codTpl=901&codInst=2989835&a=0.38024222245439887 HTTP/1.1" 200 2
190.27.46.48 - - [01/Feb/2015:00:58:39 -0500] "GET /forest/json.do?query=ultimoBorradorByTpl&codTpl=501&codInst=2989835&a=0.7800879159476608 HTTP/1.1" 200 2
190.27.46.48 - - [01/Feb/2015:00:58:39 -0500] "GET /forest/json.do?query=ultimoBorradorByTpl&codTpl=1301&codInst=2989835&a=0.8581790835596621 HTTP/1.1" 200 2
66.249.73.163 - - [01/Feb/2015:00:58:40 -0500] "GET /BLA/resoluciones/RESOLUCIONES%202010/1154.pdf HTTP/1.1" 200 105526
66.249.73.171 - - [01/Feb/2015:00:58:42 -0500] "GET /BLA/resoluciones/RESOLUCIONES%202009/3701.pdf HTTP/1.1" 200 52244
66.249.73.163 - - [01/Feb/2015:00:58:44 -0500] "GET /BLA/resoluciones/RESOLUCIONES%202008/4937.pdf HTTP/1.1" 200 220536
66.249.73.155 - - [01/Feb/2015:00:58:46 -0500] "GET /BLA/resoluciones/AUTOS%202009/2613.pdf HTTP/1.1" 200 125168
66.249.73.163 - - [01/Feb/2015:00:58:48 -0500] "GET /BLA/resoluciones/AUTOS%202009/3560.pdf HTTP/1.1" 200 218554
66.249.73.155 - - [01/Feb/2015:00:58:50 -0500] "GET /BLA/resoluciones/AUTOS%202009/2078.pdf HTTP/1.1" 200 102052
66.249.73.163 - - [01/Feb/2015:00:58:52 -0500] "GET /BLA/resoluciones/AUTOS%202009/2551.pdf HTTP/1.1" 200 101256
66.249.73.163 - - [01/Feb/2015:00:58:54 -0500] "GET /BLA/resoluciones/RESOLUCIONES%202011/2344.pdf HTTP/1.1" 200 244552
66.249.73.155 - - [01/Feb/2015:00:58:56 -0500] "GET /BLA/resoluciones/RESOLUCIONES%202011/1441.pdf HTTP/1.1" 200 62911
66.249.73.163 - - [01/Feb/2015:00:58:58 -0500] "GET /BLA/resoluciones/AUTOS%202009/1641.pdf HTTP/1.1" 200 96042
66.249.73.163 - - [01/Feb/2015:00:59:00 -0500] "GET /BLA/resoluciones/AUTOS%202009/0607.pdf HTTP/1.1" 200 127047
66.249.73.163 - - [01/Feb/2015:00:59:02 -0500] "GET /BLA/resoluciones/RESOLUCIONES%202010/3543.pdf HTTP/1.1" 200 492013
66.249.73.163 - - [01/Feb/2015:00:59:04 -0500] "GET /BLA/resoluciones/AUTOS%202009/0466.pdf HTTP/1.1" 200 163120
66.249.73.155 - - [01/Feb/2015:00:59:06 -0500] "GET /BLA/resoluciones/RESOLUCIONES%202011/2987.pdf HTTP/1.1" 200 516054
66.249.73.171 - - [01/Feb/2015:00:59:08 -0500] "GET /BLA/resoluciones/RESOLUCIONES%202010/4333.pdf HTTP/1.1" 200 98593
66.249.73.163 - - [01/Feb/2015:00:59:10 -0500] "GET /BLA/resoluciones/AUTOS%202010/5431.pdf HTTP/1.1" 200 1741066
66.249.73.155 - - [01/Feb/2015:00:59:13 -0500] "GET /BLA/resoluciones/RESOLUCIONES%202010/7635.pdf HTTP/1.1" 200 113027
66.249.73.155 - - [01/Feb/2015:00:59:14 -0500] "GET /BLA/resoluciones/index.php?dir=RESOLUCIONES%202007/RES%202007%201%20AL%20100/&sort=size&order=desc HTTP/1.1" 200 26174
66.249.73.155 - - [01/Feb/2015:00:59:16 -0500] "GET /BLA/resoluciones/RESOLUCIONES%202011/5780.pdf HTTP/1.1" 200 1633548
66.249.73.171 - - [01/Feb/2015:00:59:18 -0500] "GET /BLA/resoluciones/AUTOS%202009/0861.pdf HTTP/1.1" 200 73181
66.249.73.155 - - [01/Feb/2015:00:59:20 -0500] "GET /BLA/resoluciones/RESOLUCIONES%202010/3368.pdf HTTP/1.1" 200 516929
66.249.73.163 - - [01/Feb/2015:00:59:22 -0500] "GET /BLA/resoluciones/AUTOS%202009/2084.pdf HTTP/1.1" 200 99361
190.27.46.48 - - [01/Feb/2015:00:59:21 -0500] "POST /forest/usutareas.do?group_system_actual=3 HTTP/1.1" 200 211
66.249.73.155 - - [01/Feb/2015:00:59:24 -0500] "GET /BLA/resoluciones/RESOLUCIONES%202009/3142.pdf HTTP/1.1" 200 478321
66.249.73.171 - - [01/Feb/2015:00:59:26 -0500] "GET /BLA/resoluciones/RESOLUCIONES%202011/0031.pdf HTTP/1.1" 200 335223
190.27.46.48 - - [01/Feb/2015:00:59:25 -0500] "GET /forest/usutareas.do?group_system_actual=3&a=0.011698362650349736 HTTP/1.1" 200 122477
66.249.73.155 - - [01/Feb/2015:00:59:26 -0500] "GET /BLA/resoluciones/RESOLUCIONES%202003/RES%202003%20951-1000/952.tif HTTP/1.1" 200 197140
190.27.46.48 - - [01/Feb/2015:00:58:30 -0500] "GET /ForestMSG_SDA/channelAsync/template_word_17406281?X-Atmosphere-tracking-id=72a3e59e-fd6d-f201-8826-26e84d254e9a&X-Atmosphere-Framework=1.0.5&X-Atmosphere-Transport=long-polling&tabid=0.24961467180401087&X-Cache-Date=0&Content-Type=application/xml&_=1422770513106 HTTP/1.1" 200 8193
190.27.46.48 - - [01/Feb/2015:00:59:27 -0500] "GET /forest/session.jsp?a=0.19969550799578428 HTTP/1.1" 200 4
66.249.73.155 - - [01/Feb/2015:00:59:28 -0500] "GET /BLA/resoluciones/AUTOS%202007/0138.pdf HTTP/1.1" 200 99448
66.249.73.171 - - [01/Feb/2015:00:59:30 -0500] "GET /BLA/resoluciones/AUTOS%202011/3931.pdf HTTP/1.1" 200 512648
66.249.73.171 - - [01/Feb/2015:00:59:32 -0500] "GET /BLA/resoluciones/RESOLUCIONES%202010/2078.pdf HTTP/1.1" 200 205053
66.249.73.171 - - [01/Feb/2015:00:59:34 -0500] "GET /BLA/resoluciones/RESOLUCIONES%202009/5720.pdf HTTP/1.1" 200 415604
66.249.73.155 - - [01/Feb/2015:00:59:36 -0500] "GET /BLA/resoluciones/AUTOS%202009/3108.pdf HTTP/1.1" 200 146765
66.249.73.171 - - [01/Feb/2015:00:59:38 -0500] "GET /BLA/resoluciones/RESOLUCIONES%202010/7835.pdf HTTP/1.1" 200 39258
190.27.46.48 - - [01/Feb/2015:00:59:39 -0500] "POST /forest/usutareas.do? HTTP/1.1" 200 76
66.249.73.171 - - [01/Feb/2015:00:59:40 -0500] "GET /BLA/resoluciones/RESOLUCIONES%202010/3580.pdf HTTP/1.1" 200 519191
190.27.46.48 - - [01/Feb/2015:00:59:26 -0500] "GET /ForestMSG_SDA/channelAsync/template_word_17406281?X-Atmosphere-tracking-id=9a589a58-8c46-948a-b5e3-6267a44c7bba&X-Atmosphere-Framework=1.0.5&X-Atmosphere-Transport=long-polling&tabid=0.8027009475044906&X-Cache-Date=0&Content-Type=application/xml&_=1422770569566 HTTP/1.1" 200 8193
190.27.46.48 - - [01/Feb/2015:00:59:40 -0500] "GET /forest/usutareas.do?group_system_actual=3&a=0.5756327300332487 HTTP/1.1" 200 122540
190.27.46.48 - - [01/Feb/2015:00:59:42 -0500] "GET /forest/session.jsp?a=0.00867028790526092 HTTP/1.1" 200 4
66.249.73.155 - - [01/Feb/2015:00:59:42 -0500] "GET /BLA/resoluciones/RESOLUCIONES%202011/5719.pdf HTTP/1.1" 200 1300292
190.27.46.48 - - [01/Feb/2015:00:59:44 -0500] "GET /forest/misactividades.do?_a=0.3502981015481055&group_system_actual=3 HTTP/1.1" 200 37527
190.27.46.48 - - [01/Feb/2015:00:59:44 -0500] "GET /forest/session.jsp?a=0.3596583183389157 HTTP/1.1" 200 4
66.249.73.171 - - [01/Feb/2015:00:59:44 -0500] "GET /BLA/resoluciones/RESOLUCIONES%202010/2123.pdf HTTP/1.1" 200 328331
190.27.46.48 - - [01/Feb/2015:00:59:44 -0500] "POST /forest/misactividades.do?ajax=true&a=0.9140721268486232 HTTP/1.1" 200 12380
66.249.73.163 - - [01/Feb/2015:00:59:46 -0500] "GET /BLA/resoluciones/AUTOS%202009/0362.pdf HTTP/1.1" 200 267005
66.249.73.155 - - [01/Feb/2015:00:59:48 -0500] "GET /BLA/resoluciones/AUTOS%202009/1852.pdf HTTP/1.1" 200 100656
66.249.73.171 - - [01/Feb/2015:00:59:50 -0500] "GET /BLA/resoluciones/AUTOS%202011/2981.pdf HTTP/1.1" 200 187763
66.249.73.163 - - [01/Feb/2015:00:59:52 -0500] "GET /BLA/resoluciones/AUTOS%202011/3098.pdf HTTP/1.1" 200 225367
190.27.46.48 - - [01/Feb/2015:00:59:53 -0500] "POST /forest/misactividades.do?ajax=true&a=0.7374638235196471 HTTP/1.1" 200 12190
66.249.73.163 - - [01/Feb/2015:00:59:54 -0500] "GET /BLA/resoluciones/AUTOS%202011/6900.pdf HTTP/1.1" 200 174736
66.249.73.155 - - [01/Feb/2015:00:59:56 -0500] "GET /BLA/resoluciones/AUTOS%202011/4741.pdf HTTP/1.1" 200 151491
66.249.73.163 - - [01/Feb/2015:00:59:58 -0500] "GET /BLA/resoluciones/AUTOS%202009/1844.pdf HTTP/1.1" 200 100855
66.249.73.163 - - [01/Feb/2015:01:00:00 -0500] "GET /BLA/resoluciones/RESOLUCIONES%202011/2527.pdf HTTP/1.1" 200 493852
66.249.73.163 - - [01/Feb/2015:01:00:01 -0500] "GET /BLA/resoluciones/RESOLUCIONES%202008/4561.pdf HTTP/1.1" 200 127540
66.249.73.163 - - [01/Feb/2015:01:00:02 -0500] "GET /BLA/resoluciones/AUTOS%202009/2695.pdf HTTP/1.1" 200 79250
66.249.73.155 - - [01/Feb/2015:01:00:04 -0500] "GET /BLA/resoluciones/AUTOS%202011/3043.pdf HTTP/1.1" 200 42340
66.249.73.163 - - [01/Feb/2015:01:00:06 -0500] "GET /BLA/resoluciones/AUTOS%202011/6759.pdf HTTP/1.1" 200 211323
190.27.46.48 - - [01/Feb/2015:01:00:06 -0500] "GET /forest/skins/gdocs-jar/popup/popup.jsp?width=850&height=380&title=Informaci%F3n%20del%20radicado&uri=/forest/system/document.jsp%3FcodDoc%3D1956512&name=undefined&_a=0.6061426606029272&a=0.9095475713256747 HTTP/1.1" 200 1315
190.27.46.48 - - [01/Feb/2015:01:00:06 -0500] "GET /forest/system/document.jsp?codDoc=1956512 HTTP/1.1" 200 11066
190.27.46.48 - - [01/Feb/2015:01:00:06 -0500] "GET /forest/system/document.jsp?codDoc=1956512 HTTP/1.1" 200 11066
66.249.73.163 - - [01/Feb/2015:01:00:08 -0500] "GET /BLA/resoluciones/AUTOS%202009/1345.pdf HTTP/1.1" 200 70026
66.249.73.163 - - [01/Feb/2015:01:00:10 -0500] "GET /BLA/resoluciones/RESOLUCIONES%202011/1223.pdf HTTP/1.1" 200 511147
190.27.46.48 - - [01/Feb/2015:01:00:10 -0500] "GET /forest/usutareas.do?_a=0.27929942961782217&group_system_actual=3 HTTP/1.1" 200 115747
190.27.46.48 - - [01/Feb/2015:01:00:11 -0500] "GET /forest/session.jsp?a=0.4611999460030347 HTTP/1.1" 200 4
66.249.73.155 - - [01/Feb/2015:01:00:12 -0500] "GET /BLA/resoluciones/RESOLUCIONES%202010/2384.pdf HTTP/1.1" 200 780714
66.249.73.163 - - [01/Feb/2015:01:00:14 -0500] "GET /BLA/resoluciones/AUTOS%202011/3763.pdf HTTP/1.1" 200 204486
66.249.73.163 - - [01/Feb/2015:01:00:16 -0500] "GET /BLA/resoluciones/RESOLUCIONES%202010/3427.pdf HTTP/1.1" 200 741011
66.249.73.155 - - [01/Feb/2015:01:00:17 -0500] "GET /BLA/resoluciones/AUTOS%202008/1511.pdf HTTP/1.1" 200 100399
66.249.73.155 - - [01/Feb/2015:01:00:18 -0500] "GET /BLA/resoluciones/RESOLUCIONES%202010/5015.pdf HTTP/1.1" 200 754513
66.249.73.155 - - [01/Feb/2015:01:00:22 -0500] "GET /BLA/resoluciones/RESOLUCIONES%202010/0166.pdf HTTP/1.1" 200 489166
66.249.73.155 - - [01/Feb/2015:01:00:23 -0500] "GET /BLA/resoluciones/AUTOS%202009/2574.pdf HTTP/1.1" 200 112404
66.249.73.155 - - [01/Feb/2015:01:00:24 -0500] "GET /BLA/resoluciones/AUTOS%202009/1097.pdf HTTP/1.1" 200 85049
66.249.73.163 - - [01/Feb/2015:01:00:26 -0500] "GET /BLA/resoluciones/RESOLUCIONES%202009/1994.pdf HTTP/1.1" 200 660855
66.249.73.155 - - [01/Feb/2015:01:00:28 -0500] "GET /BLA/resoluciones/RESOLUCIONES%202009/4866.pdf HTTP/1.1" 200 649988
66.249.73.171 - - [01/Feb/2015:01:00:30 -0500] "GET /BLA/resoluciones/AUTOS%202009/2301.pdf HTTP/1.1" 200 151473
66.249.73.155 - - [01/Feb/2015:01:00:32 -0500] "GET /BLA/resoluciones/RESOLUCIONES%202011/0858.pdf HTTP/1.1" 200 370566
66.249.73.163 - - [01/Feb/2015:01:00:34 -0500] "GET /BLA/resoluciones/AUTOS%202011/3275.pdf HTTP/1.1" 200 216155
66.249.73.155 - - [01/Feb/2015:01:00:36 -0500] "GET /BLA/resoluciones/AUTOS%202011/1634.pdf HTTP/1.1" 200 97391
66.249.73.155 - - [01/Feb/2015:01:00:38 -0500] "GET /BLA/resoluciones/RESOLUCIONES%202009/0688.pdf HTTP/1.1" 200 351385
66.249.73.155 - - [01/Feb/2015:01:00:40 -0500] "GET /BLA/resoluciones/RESOLUCIONES%202009/7064.pdf HTTP/1.1" 200 363882
66.249.73.171 - - [01/Feb/2015:01:00:42 -0500] "GET /BLA/resoluciones/AUTOS%202009/3392.pdf HTTP/1.1" 200 98058
66.249.73.171 - - [01/Feb/2015:01:00:44 -0500] "GET /BLA/resoluciones/RESOLUCIONES%202008/0190.pdf HTTP/1.1" 200 287119
66.249.73.171 - - [01/Feb/2015:01:00:46 -0500] "GET /BLA/resoluciones/RESOLUCIONES%202011/1732.pdf HTTP/1.1" 200 373572
66.249.73.171 - - [01/Feb/2015:01:00:48 -0500] "GET /BLA/resoluciones/AUTOS%202008/1096.pdf HTTP/1.1" 200 65405
66.249.73.155 - - [01/Feb/2015:01:00:50 -0500] "GET /BLA/resoluciones/AUTOS%202009/2822.pdf HTTP/1.1" 200 137595
66.249.73.171 - - [01/Feb/2015:01:00:52 -0500] "GET /BLA/resoluciones/AUTOS%202007/3170.pdf HTTP/1.1" 200 130392
66.249.73.155 - - [01/Feb/2015:01:00:54 -0500] "GET /BLA/resoluciones/AUTOS%202009/3165.pdf HTTP/1.1" 200 136749
66.249.73.171 - - [01/Feb/2015:01:00:56 -0500] "GET /BLA/resoluciones/RESOLUCIONES%202011/0949.pdf HTTP/1.1" 200 70279
66.249.73.171 - - [01/Feb/2015:01:00:58 -0500] "GET /BLA/resoluciones/RESOLUCIONES%202009/4271.pdf HTTP/1.1" 200 498899
66.249.73.171 - - [01/Feb/2015:01:01:00 -0500] "GET /BLA/resoluciones/RESOLUCIONES%202011/2504.pdf HTTP/1.1" 200 844492
180.76.5.21 - - [01/Feb/2015:01:01:01 -0500] "GET /BLA/resoluciones/AUTOS%202010/6262.pdf HTTP/1.1" 200 151939
66.249.73.171 - - [01/Feb/2015:01:01:02 -0500] "GET /BLA/resoluciones/AUTOS%202009/3113.pdf HTTP/1.1" 200 100205
66.249.73.163 - - [01/Feb/2015:01:01:04 -0500] "GET /BLA/resoluciones/RESOLUCIONES%202011/1536.pdf HTTP/1.1" 200 75243
66.249.73.163 - - [01/Feb/2015:01:01:06 -0500] "GET /BLA/resoluciones/RESOLUCIONES%202009/1127.pdf HTTP/1.1" 200 277326
66.249.73.163 - - [01/Feb/2015:01:01:08 -0500] "GET /BLA/resoluciones/RESOLUCIONES%202010/1085.pdf HTTP/1.1" 200 118444
66.249.73.163 - - [01/Feb/2015:01:01:10 -0500] "GET /BLA/resoluciones/RESOLUCIONES%202010/4448.pdf HTTP/1.1" 200 529074
66.249.73.155 - - [01/Feb/2015:01:01:12 -0500] "GET /BLA/resoluciones/RESOLUCIONES%202011/1879.pdf HTTP/1.1" 200 514528
66.249.73.171 - - [01/Feb/2015:01:01:14 -0500] "GET /BLA/resoluciones/AUTOS%202009/2933.pdf HTTP/1.1" 200 160277
66.249.73.155 - - [01/Feb/2015:01:01:16 -0500] "GET /BLA/resoluciones/AUTOS%202009/0789.pdf HTTP/1.1" 200 109315
66.249.73.163 - - [01/Feb/2015:01:01:18 -0500] "GET /BLA/resoluciones/RESOLUCIONES%202010/3127.pdf HTTP/1.1" 200 692591
66.249.73.171 - - [01/Feb/2015:01:01:20 -0500] "GET /BLA/resoluciones/RESOLUCIONES%202010/2479.pdf HTTP/1.1" 200 490937
66.249.73.171 - - [01/Feb/2015:01:01:22 -0500] "GET /BLA/resoluciones/RESOLUCIONES%202010/5300.pdf HTTP/1.1" 200 763517
66.249.73.171 - - [01/Feb/2015:01:01:24 -0500] "GET /BLA/resoluciones/RESOLUCIONES%202010/5393.pdf HTTP/1.1" 200 344212
188.165.15.202 - - [01/Feb/2015:01:01:25 -0500] "GET /BLA/resoluciones/RESOLUCIONES%202004/RES%202004%20651-700/00000658.tif HTTP/1.1" 200 292636
66.249.73.155 - - [01/Feb/2015:01:01:26 -0500] "GET /BLA/resoluciones/RESOLUCIONES%202011/4329.pdf HTTP/1.1" 200 750454
66.249.73.171 - - [01/Feb/2015:01:01:28 -0500] "GET /BLA/resoluciones/RESOLUCIONES%202009/7795.pdf HTTP/1.1" 200 491455
66.249.73.171 - - [01/Feb/2015:01:01:30 -0500] "GET /BLA/resoluciones/AUTOS%202009/3210.pdf HTTP/1.1" 200 209929
66.249.73.155 - - [01/Feb/2015:01:01:32 -0500] "GET /BLA/resoluciones/RESOLUCIONES%202011/0203.pdf HTTP/1.1" 200 270464
66.249.73.155 - - [01/Feb/2015:01:01:33 -0500] "GET /BLA/resoluciones/AUTOS%202009/3519.pdf HTTP/1.1" 200 95498
66.249.73.171 - - [01/Feb/2015:01:01:36 -0500] "GET /BLA/resoluciones/AUTOS%202011/6192.pdf HTTP/1.1" 200 535715
66.249.73.155 - - [01/Feb/2015:01:01:37 -0500] "GET /BLA/resoluciones/AUTOS%202009/3521.pdf HTTP/1.1" 200 108175
66.249.73.163 - - [01/Feb/2015:01:01:40 -0500] "GET /BLA/resoluciones/AUTOS%202009/2786.pdf HTTP/1.1" 200 103755
66.249.73.155 - - [01/Feb/2015:01:01:41 -0500] "GET /BLA/resoluciones/RESOLUCIONES%202010/7431.pdf HTTP/1.1" 200 67997
66.249.73.163 - - [01/Feb/2015:01:01:43 -0500] "GET /BLA/resoluciones/AUTOS%202009/0135.pdf HTTP/1.1" 200 227875
66.249.73.171 - - [01/Feb/2015:01:01:46 -0500] "GET /BLA/resoluciones/RESOLUCIONES%202010/5752.pdf HTTP/1.1" 200 75552
188.165.15.202 - - [01/Feb/2015:01:01:46 -0500] "GET /BLA/resoluciones/RESOLUCIONES%202005/RES%202005%202901-2950/00002915.tif HTTP/1.1" 200 36408
66.249.73.163 - - [01/Feb/2015:01:01:47 -0500] "GET /BLA/resoluciones/RESOLUCIONES%202009/6001.pdf HTTP/1.1" 200 137230
66.249.73.155 - - [01/Feb/2015:01:01:50 -0500] "GET /BLA/resoluciones/RESOLUCIONES%202008/2551.pdf HTTP/1.1" 200 464733
66.249.73.171 - - [01/Feb/2015:01:01:52 -0500] "GET /BLA/resoluciones/RESOLUCIONES%202011/4313.pdf HTTP/1.1" 200 364319
66.249.73.155 - - [01/Feb/2015:01:01:53 -0500] "GET /BLA/resoluciones/AUTOS%202007/2080.pdf HTTP/1.1" 200 176351
66.249.73.163 - - [01/Feb/2015:01:01:56 -0500] "GET /BLA/resoluciones/AUTOS%202010/6607.pdf HTTP/1.1" 304 -
66.249.73.155 - - [01/Feb/2015:01:01:57 -0500] "GET /BLA/resoluciones/RESOLUCIONES%202010/0715.pdf HTTP/1.1" 200 99529
66.249.73.155 - - [01/Feb/2015:01:01:58 -0500] "GET /BLA/resoluciones/AUTOS%202007/2563.pdf HTTP/1.1" 200 158316
66.249.73.155 - - [01/Feb/2015:01:01:59 -0500] "GET /BLA/resoluciones/AUTOS%202009/2900.pdf HTTP/1.1" 200 108734
66.249.73.163 - - [01/Feb/2015:01:02:02 -0500] "GET /BLA/resoluciones/AUTOS%202009/2736.pdf HTTP/1.1" 200 85092
66.249.73.171 - - [01/Feb/2015:01:02:04 -0500] "GET /BLA/resoluciones/RESOLUCIONES%202010/4818.pdf HTTP/1.1" 200 753619
66.249.73.163 - - [01/Feb/2015:01:02:05 -0500] "GET /BLA/resoluciones/AUTOS%202007/2952.pdf HTTP/1.1" 200 71311
66.249.73.155 - - [01/Feb/2015:01:02:08 -0500] "GET /BLA/resoluciones/AUTOS%202009/2720.pdf HTTP/1.1" 200 70962
66.249.73.163 - - [01/Feb/2015:01:02:09 -0500] "GET /BLA/resoluciones/AUTOS%202011/6796.pdf HTTP/1.1" 200 219512
66.249.73.155 - - [01/Feb/2015:01:02:11 -0500] "GET /BLA/resoluciones/AUTOS%202009/1771.pdf HTTP/1.1" 200 100014
66.249.73.171 - - [01/Feb/2015:01:02:14 -0500] "GET /BLA/resoluciones/AUTOS%202011/7600.pdf HTTP/1.1" 200 152718
66.249.73.155 - - [01/Feb/2015:01:02:15 -0500] "GET /BLA/resoluciones/AUTOS%202011/3009.pdf HTTP/1.1" 200 110462
66.249.73.171 - - [01/Feb/2015:01:02:17 -0500] "GET /BLA/resoluciones/RESOLUCIONES%202008/2176.pdf HTTP/1.1" 200 276047
66.249.73.155 - - [01/Feb/2015:01:02:19 -0500] "GET /BLA/resoluciones/RESOLUCIONES%202011/1614.pdf HTTP/1.1" 200 71169
66.249.73.171 - - [01/Feb/2015:01:02:21 -0500] "GET /BLA/resoluciones/AUTOS%202009/3603.pdf HTTP/1.1" 200 206316
66.249.73.155 - - [01/Feb/2015:01:02:23 -0500] "GET /BLA/resoluciones/AUTOS%202009/3327.pdf HTTP/1.1" 200 112215
66.249.73.163 - - [01/Feb/2015:01:02:26 -0500] "GET /BLA/resoluciones/RESOLUCIONES%202011/4680.pdf HTTP/1.1" 200 768980
66.249.73.171 - - [01/Feb/2015:01:02:28 -0500] "GET /BLA/resoluciones/AUTOS%202009/1876.pdf HTTP/1.1" 200 99347
66.249.73.171 - - [01/Feb/2015:01:02:29 -0500] "GET /BLA/resoluciones/RESOLUCIONES%202009/8351.pdf HTTP/1.1" 200 405244
66.249.73.155 - - [01/Feb/2015:01:02:32 -0500] "GET /BLA/resoluciones/RESOLUCIONES%202010/1178.pdf HTTP/1.1" 200 98361
66.249.73.155 - - [01/Feb/2015:01:02:34 -0500] "GET /BLA/resoluciones/RESOLUCIONES%202010/0442.pdf HTTP/1.1" 200 103854
66.249.73.171 - - [01/Feb/2015:01:02:36 -0500] "GET /BLA/resoluciones/AUTOS%202009/2403.pdf HTTP/1.1" 200 102971
66.249.73.171 - - [01/Feb/2015:01:02:37 -0500] "GET /BLA/resoluciones/RESOLUCIONES%202009/9132.pdf HTTP/1.1" 200 411679
66.249.73.155 - - [01/Feb/2015:01:02:39 -0500] "GET /BLA/resoluciones/AUTOS%202009/1342.pdf HTTP/1.1" 200 92819
74.86.158.107 - - [01/Feb/2015:01:02:41 -0500] "HEAD / HTTP/1.1" 302 -
66.249.73.163 - - [01/Feb/2015:01:02:41 -0500] "GET /BLA/resoluciones/AUTOS%202010/4747.pdf HTTP/1.1" 200 332604
188.165.15.90 - - [01/Feb/2015:01:02:42 -0500] "GET /BLA/resoluciones/RESOLUCIONES%202003/RES%202003%20901-950/937.tif HTTP/1.1" 200 185484
66.249.73.171 - - [01/Feb/2015:01:02:43 -0500] "GET /BLA/resoluciones/RESOLUCIONES%202010/1832.pdf HTTP/1.1" 200 496863
66.249.73.171 - - [01/Feb/2015:01:02:46 -0500] "GET /BLA/resoluciones/RESOLUCIONES%202008/0672.pdf HTTP/1.1" 200 58070
66.249.73.163 - - [01/Feb/2015:01:02:47 -0500] "GET /BLA/resoluciones/RESOLUCIONES%202009/8529.pdf HTTP/1.1" 200 523224
66.249.73.171 - - [01/Feb/2015:01:02:49 -0500] "GET /BLA/resoluciones/AUTOS%202009/1813.pdf HTTP/1.1" 200 312107
66.249.73.171 - - [01/Feb/2015:01:02:51 -0500] "GET /BLA/resoluciones/AUTOS%202009/2637.pdf HTTP/1.1" 200 95336
66.249.73.171 - - [01/Feb/2015:01:02:53 -0500] "GET /BLA/resoluciones/AUTOS%202009/1332.pdf HTTP/1.1" 200 75433
66.249.73.171 - - [01/Feb/2015:01:02:55 -0500] "GET /BLA/resoluciones/AUTOS%202009/0138.pdf HTTP/1.1" 200 398088
66.249.73.155 - - [01/Feb/2015:01:02:57 -0500] "GET /BLA/resoluciones/AUTOS%202007/3744.pdf HTTP/1.1" 200 186113
66.249.73.171 - - [01/Feb/2015:01:02:59 -0500] "GET /BLA/resoluciones/AUTOS%202009/1207.pdf HTTP/1.1" 200 122857
66.249.73.171 - - [01/Feb/2015:01:03:01 -0500] "GET /BLA/resoluciones/AUTOS%202009/1045.pdf HTTP/1.1" 200 156081
66.249.73.155 - - [01/Feb/2015:01:03:03 -0500] "GET /BLA/resoluciones/RESOLUCIONES%202010/1091.pdf HTTP/1.1" 200 91551
66.249.73.155 - - [01/Feb/2015:01:03:05 -0500] "GET /BLA/resoluciones/AUTOS%202009/0250.pdf HTTP/1.1" 200 87682
66.249.73.171 - - [01/Feb/2015:01:03:07 -0500] "GET /BLA/resoluciones/RESOLUCIONES%202010/3874.pdf HTTP/1.1" 200 1144781
66.249.73.163 - - [01/Feb/2015:01:03:10 -0500] "GET /BLA/resoluciones/RESOLUCIONES%202010/2059.pdf HTTP/1.1" 200 211733
66.249.73.155 - - [01/Feb/2015:01:03:11 -0500] "GET /BLA/resoluciones/RESOLUCIONES%202008/3255.pdf HTTP/1.1" 200 215000
66.249.73.163 - - [01/Feb/2015:01:03:13 -0500] "GET /BLA/resoluciones/RESOLUCIONES%202011/2690.pdf HTTP/1.1" 200 752504
66.249.73.155 - - [01/Feb/2015:01:03:15 -0500] "GET /BLA/resoluciones/AUTOS%202009/1809.pdf HTTP/1.1" 200 181168
186.83.128.205 - - [01/Feb/2015:01:03:16 -0500] "GET /BLA/boletinlegal/js/jquery.js HTTP/1.1" 200 57254
186.83.128.205 - - [01/Feb/2015:01:03:16 -0500] "GET /galeria/carrusel/Carrusel/jquery.thumbnailScroller.css HTTP/1.1" 200 2066
186.83.128.205 - - [01/Feb/2015:01:03:16 -0500] "GET /BLA/boletinlegal/js/jquery.scrollShow.js HTTP/1.1" 200 4586
186.83.128.205 - - [01/Feb/2015:01:03:16 -0500] "GET /galeria/carrusel/Carrusel/jquery.thumbnailScroller.js HTTP/1.1" 200 8157
186.83.128.205 - - [01/Feb/2015:01:03:16 -0500] "GET /galeria/carrusel/Carrusel/jquery-ui-1.8.13.custom.min.js HTTP/1.1" 200 10800
186.83.128.205 - - [01/Feb/2015:01:03:16 -0500] "GET /BLA/boletinlegal/js/jquery.scrollTo-min.js HTTP/1.1" 200 1150
66.249.73.155 - - [01/Feb/2015:01:03:17 -0500] "GET /BLA/resoluciones/AUTOS%202009/2094.pdf HTTP/1.1" 200 100043
66.249.73.171 - - [01/Feb/2015:01:03:19 -0500] "GET /BLA/resoluciones/RESOLUCIONES%202010/3828.pdf HTTP/1.1" 200 52140
186.83.128.205 - - [01/Feb/2015:01:03:21 -0500] "GET /galeria/nivo-slider/demo/demo.html HTTP/1.1" 200 3150
66.249.73.155 - - [01/Feb/2015:01:03:21 -0500] "GET /BLA/resoluciones/AUTOS%202011/1505.pdf HTTP/1.1" 200 274572
186.83.128.205 - - [01/Feb/2015:01:03:22 -0500] "GET /galeria/nivo-slider/themes/default/default.css HTTP/1.1" 200 1569
186.83.128.205 - - [01/Feb/2015:01:03:22 -0500] "GET /galeria/nivo-slider/themes/pascal/pascal.css HTTP/1.1" 200 2258
186.83.128.205 - - [01/Feb/2015:01:03:22 -0500] "GET /galeria/nivo-slider/demo/images/bolsas-08.jpg HTTP/1.1" 200 85589
