186.31.35.153 - - [01/Feb/2015:00:18:09 -0500] "GET /BLA/resoluciones/AUTOS%202011/0320.pdf HTTP/1.1" 200 192275
186.31.35.153 - - [01/Feb/2015:00:18:09 -0500] "GET /BLA/resoluciones/AUTOS%202011/0320.pdf HTTP/1.1" 206 32768
186.31.35.153 - - [01/Feb/2015:00:18:09 -0500] "GET /BLA/resoluciones/AUTOS%202011/0320.pdf HTTP/1.1" 206 159507
186.31.35.153 - - [01/Feb/2015:00:18:10 -0500] "GET /favicon.ico HTTP/1.1" 200 7782
207.46.13.111 - - [01/Feb/2015:00:18:13 -0500] "GET /isolucionsda/ HTTP/1.1" 200 739
66.249.73.155 - - [01/Feb/2015:00:18:19 -0500] "GET /BLA/resoluciones/RESOLUCIONES%202011/4524.pdf HTTP/1.1" 200 665399
181.61.217.222 - - [01/Feb/2015:00:18:25 -0500] "GET /BLA/boletinlegal/js/jquery.scrollShow.js HTTP/1.1" 200 4586
181.61.217.222 - - [01/Feb/2015:00:18:25 -0500] "GET /galeria/carrusel/Carrusel/jquery.thumbnailScroller.css HTTP/1.1" 200 2066
181.61.217.222 - - [01/Feb/2015:00:18:28 -0500] "GET /galeria/carrusel/Carrusel/jquery-ui-1.8.13.custom.min.js HTTP/1.1" 200 10800
181.61.217.222 - - [01/Feb/2015:00:18:28 -0500] "GET /BLA/boletinlegal/js/jquery.js HTTP/1.1" 200 57254
181.61.217.222 - - [01/Feb/2015:00:18:28 -0500] "GET /galeria/carrusel/Carrusel/jquery.thumbnailScroller.js HTTP/1.1" 200 8157
181.61.217.222 - - [01/Feb/2015:00:18:28 -0500] "GET /BLA/boletinlegal/js/jquery.scrollTo-min.js HTTP/1.1" 200 1150
181.61.217.222 - - [01/Feb/2015:00:18:29 -0500] "GET /galeria/nivo-slider/demo/demo.html HTTP/1.1" 200 3150
181.61.217.222 - - [01/Feb/2015:00:18:31 -0500] "GET /galeria/nivo-slider/demo/images/bolsas-08.jpg HTTP/1.1" 200 85589
181.61.217.222 - - [01/Feb/2015:00:18:32 -0500] "GET /galeria/nivo-slider/themes/default/default.css HTTP/1.1" 200 1569
181.61.217.222 - - [01/Feb/2015:00:18:32 -0500] "GET /galeria/nivo-slider/themes/orman/orman.css HTTP/1.1" 200 2152
181.61.217.222 - - [01/Feb/2015:00:18:32 -0500] "GET /galeria/nivo-slider/demo/style.css HTTP/1.1" 200 2222
181.61.217.222 - - [01/Feb/2015:00:18:32 -0500] "GET /galeria/nivo-slider/demo/images/bolsas-06.jpg HTTP/1.1" 200 90982
181.61.217.222 - - [01/Feb/2015:00:18:32 -0500] "GET /galeria/nivo-slider/demo/images/Ruta-vertimientos-01.jpg HTTP/1.1" 200 130151
181.61.217.222 - - [01/Feb/2015:00:18:32 -0500] "GET /galeria/nivo-slider/demo/images/porloshumedales.jpg HTTP/1.1" 200 351238
181.61.217.222 - - [01/Feb/2015:00:18:32 -0500] "GET /galeria/nivo-slider/nivo-slider.css HTTP/1.1" 200 1507
181.61.217.222 - - [01/Feb/2015:00:18:32 -0500] "GET /galeria/nivo-slider/demo/images/Tingua-azul.jpg HTTP/1.1" 200 307638
181.61.217.222 - - [01/Feb/2015:00:18:32 -0500] "GET /galeria/nivo-slider/themes/pascal/pascal.css HTTP/1.1" 200 2258
181.61.217.222 - - [01/Feb/2015:00:18:32 -0500] "GET /galeria/nivo-slider/demo/images/Banner-Caracol-Africano.jpg HTTP/1.1" 200 331986
181.61.217.222 - - [01/Feb/2015:00:18:32 -0500] "GET /galeria/nivo-slider/demo/images/9Signos.jpg HTTP/1.1" 200 93040
181.61.217.222 - - [01/Feb/2015:00:18:32 -0500] "GET /galeria/nivo-slider/demo/images/banner-redes.jpg HTTP/1.1" 200 62209
181.61.217.222 - - [01/Feb/2015:00:18:33 -0500] "GET /galeria/nivo-slider/demo/images/banner-llantas2.jpg HTTP/1.1" 200 73153
181.61.217.222 - - [01/Feb/2015:00:18:33 -0500] "GET /galeria/nivo-slider/demo/images/banner-caballos.png HTTP/1.1" 200 389106
181.61.217.222 - - [01/Feb/2015:00:18:34 -0500] "GET /galeria/nivo-slider/demo/images/ecolecta-Dic2014.png HTTP/1.1" 200 288593
181.61.217.222 - - [01/Feb/2015:00:18:34 -0500] "GET /galeria/nivo-slider/demo/images/4Simple_Slider.png HTTP/1.1" 200 11722
181.61.217.222 - - [01/Feb/2015:00:18:34 -0500] "GET /galeria/nivo-slider/demo/scripts/jquery-1.7.1.min.js HTTP/1.1" 200 93868
181.61.217.222 - - [01/Feb/2015:00:18:35 -0500] "GET /galeria/nivo-slider/themes/default/loading.gif HTTP/1.1" 200 1737
181.61.217.222 - - [01/Feb/2015:00:18:35 -0500] "GET /galeria/nivo-slider/jquery.nivo.slider.pack.js HTTP/1.1" 200 11561
181.61.217.222 - - [01/Feb/2015:00:18:36 -0500] "GET /galeria/nivo-slider/themes/default/arrows.png HTTP/1.1" 200 824
181.61.217.222 - - [01/Feb/2015:00:18:36 -0500] "GET /videos/Spot_CambioClimatico.flv HTTP/1.1" 200 4371917
181.61.217.222 - - [01/Feb/2015:00:18:36 -0500] "GET /galeria/nivo-slider/themes/default/bullets.png HTTP/1.1" 200 1281
186.85.52.96 - - [01/Feb/2015:00:18:37 -0500] "GET /galeria/carrusel/Carrusel/jquery.thumbnailScroller.css HTTP/1.1" 200 2066
186.85.52.96 - - [01/Feb/2015:00:18:37 -0500] "GET /BLA/boletinlegal/js/jquery.scrollTo-min.js HTTP/1.1" 200 1150
186.85.52.96 - - [01/Feb/2015:00:18:37 -0500] "GET /BLA/boletinlegal/js/jquery.scrollShow.js HTTP/1.1" 200 4586
186.85.52.96 - - [01/Feb/2015:00:18:37 -0500] "GET /galeria/carrusel/Carrusel/jquery.thumbnailScroller.js HTTP/1.1" 200 8157
186.85.52.96 - - [01/Feb/2015:00:18:37 -0500] "GET /galeria/carrusel/Carrusel/jquery-ui-1.8.13.custom.min.js HTTP/1.1" 200 10800
186.85.52.96 - - [01/Feb/2015:00:18:37 -0500] "GET /BLA/boletinlegal/js/jquery.js HTTP/1.1" 200 57254
186.85.52.96 - - [01/Feb/2015:00:18:38 -0500] "GET /galeria/nivo-slider/demo/demo.html HTTP/1.1" 200 3150
186.85.52.96 - - [01/Feb/2015:00:18:39 -0500] "GET /galeria/nivo-slider/demo/style.css HTTP/1.1" 200 2222
186.85.52.96 - - [01/Feb/2015:00:18:39 -0500] "GET /galeria/nivo-slider/themes/orman/orman.css HTTP/1.1" 200 2152
186.85.52.96 - - [01/Feb/2015:00:18:39 -0500] "GET /galeria/nivo-slider/themes/pascal/pascal.css HTTP/1.1" 200 2258
186.85.52.96 - - [01/Feb/2015:00:18:39 -0500] "GET /galeria/nivo-slider/themes/default/default.css HTTP/1.1" 200 1569
186.85.52.96 - - [01/Feb/2015:00:18:39 -0500] "GET /galeria/nivo-slider/nivo-slider.css HTTP/1.1" 200 1507
186.85.52.96 - - [01/Feb/2015:00:18:39 -0500] "GET /galeria/nivo-slider/demo/scripts/jquery-1.7.1.min.js HTTP/1.1" 200 93868
186.85.52.96 - - [01/Feb/2015:00:18:39 -0500] "GET /galeria/nivo-slider/jquery.nivo.slider.pack.js HTTP/1.1" 200 11561
186.85.52.96 - - [01/Feb/2015:00:18:39 -0500] "GET /galeria/nivo-slider/demo/images/4Simple_Slider.png HTTP/1.1" 200 11722
186.85.52.96 - - [01/Feb/2015:00:18:39 -0500] "GET /galeria/nivo-slider/themes/default/loading.gif HTTP/1.1" 200 1737
186.85.52.96 - - [01/Feb/2015:00:18:39 -0500] "GET /galeria/nivo-slider/demo/images/bolsas-08.jpg HTTP/1.1" 200 85589
186.85.52.96 - - [01/Feb/2015:00:18:39 -0500] "GET /galeria/nivo-slider/demo/images/Ruta-vertimientos-01.jpg HTTP/1.1" 200 130151
186.85.52.96 - - [01/Feb/2015:00:18:39 -0500] "GET /galeria/nivo-slider/demo/images/bolsas-06.jpg HTTP/1.1" 200 90982
186.85.52.96 - - [01/Feb/2015:00:18:40 -0500] "GET /galeria/nivo-slider/demo/images/ecolecta-Dic2014.png HTTP/1.1" 200 288593
186.85.52.96 - - [01/Feb/2015:00:18:40 -0500] "GET /galeria/nivo-slider/demo/images/porloshumedales.jpg HTTP/1.1" 200 351238
186.85.52.96 - - [01/Feb/2015:00:18:40 -0500] "GET /galeria/nivo-slider/demo/images/Tingua-azul.jpg HTTP/1.1" 200 307638
186.85.52.96 - - [01/Feb/2015:00:18:41 -0500] "GET /galeria/nivo-slider/demo/images/Banner-Caracol-Africano.jpg HTTP/1.1" 200 331986
186.85.52.96 - - [01/Feb/2015:00:18:41 -0500] "GET /galeria/nivo-slider/demo/images/banner-redes.jpg HTTP/1.1" 200 62209
186.85.52.96 - - [01/Feb/2015:00:18:41 -0500] "GET /galeria/nivo-slider/demo/images/9Signos.jpg HTTP/1.1" 200 93040
186.85.52.96 - - [01/Feb/2015:00:18:42 -0500] "GET /galeria/nivo-slider/demo/images/banner-llantas2.jpg HTTP/1.1" 200 73153
186.85.52.96 - - [01/Feb/2015:00:18:42 -0500] "GET /galeria/nivo-slider/demo/images/banner-caballos.png HTTP/1.1" 200 389106
186.85.52.96 - - [01/Feb/2015:00:18:44 -0500] "GET /galeria/nivo-slider/themes/default/arrows.png HTTP/1.1" 200 824
186.85.52.96 - - [01/Feb/2015:00:18:44 -0500] "GET /galeria/nivo-slider/themes/default/bullets.png HTTP/1.1" 200 1281
186.85.52.96 - - [01/Feb/2015:00:18:44 -0500] "GET /videos/Spot_CambioClimatico.flv HTTP/1.1" 200 4371917
188.165.15.90 - - [01/Feb/2015:00:18:55 -0500] "GET /BLA/resoluciones/index.php?dir=RESOLUCIONES%202004/RES%202004%20351-400/&sort=size&order=asc HTTP/1.1" 200 12050
150.70.97.114 - - [01/Feb/2015:00:19:37 -0500] "GET /galeria/nivo-slider/demo/scripts/jquery-1.7.1.min.js HTTP/1.1" 200 93868
150.70.97.122 - - [01/Feb/2015:00:19:39 -0500] "GET /BLA/boletinlegal/js/jquery.scrollShow.js HTTP/1.1" 200 4586
150.70.97.113 - - [01/Feb/2015:00:19:40 -0500] "GET /BLA/boletinlegal/js/jquery.scrollTo-min.js HTTP/1.1" 200 1150
190.27.46.48 - - [01/Feb/2015:00:19:43 -0500] "GET /forest/session.jsp?a=0.3837819716427475 HTTP/1.1" 200 4
150.70.173.43 - - [01/Feb/2015:00:19:43 -0500] "GET /BLA/boletinlegal/js/jquery.js HTTP/1.1" 200 57254
150.70.173.12 - - [01/Feb/2015:00:19:43 -0500] "GET /galeria/nivo-slider/demo/demo.html HTTP/1.1" 200 3150
150.70.173.5 - - [01/Feb/2015:00:19:44 -0500] "GET /galeria/carrusel/Carrusel/jquery.thumbnailScroller.js HTTP/1.1" 200 8157
150.70.173.53 - - [01/Feb/2015:00:19:45 -0500] "GET /galeria/carrusel/Carrusel/jquery-ui-1.8.13.custom.min.js HTTP/1.1" 200 10800
66.249.73.155 - - [01/Feb/2015:00:20:18 -0500] "GET /BLA/resoluciones/RESOLUCIONES%202008/2579.pdf HTTP/1.1" 200 292200
190.27.46.48 - - [01/Feb/2015:00:20:39 -0500] "GET /forest/actions/sgc.getPlantillaByInst?codForm=621&codInst=2991167 HTTP/1.1" 200 127757
150.70.173.5 - - [01/Feb/2015:00:20:42 -0500] "GET /galeria/nivo-slider/jquery.nivo.slider.pack.js HTTP/1.1" 200 11561
190.27.46.48 - - [01/Feb/2015:00:14:43 -0500] "GET /ForestMSG_SDA/channelAsync/template_word_17406266?X-Atmosphere-tracking-id=25b091eb-ff58-eff4-1917-53e6f7bbab6e&X-Atmosphere-Framework=1.0.5&X-Atmosphere-Transport=long-polling&tabid=0.9128779938910156&X-Cache-Date=0&Content-Type=application/xml&_=1422767885605 HTTP/1.1" 200 8193
150.70.173.59 - - [01/Feb/2015:00:20:50 -0500] "GET /videos/Spot_CambioClimatico.flv HTTP/1.1" 200 4371917
180.76.5.78 - - [01/Feb/2015:00:20:58 -0500] "GET /BLA/boletinlegal;jsessionid=ACDC452823399B44121313C8D823D378?/? HTTP/1.1" 404 1018
180.76.6.152 - - [01/Feb/2015:00:21:19 -0500] "GET /BLA/resoluciones/AUTOS%202013/2197.pdf HTTP/1.1" 200 2382430
190.25.232.143 - - [01/Feb/2015:00:21:43 -0500] "GET /videos/Spot_CambioClimatico.flv HTTP/1.1" 304 -
66.249.73.155 - - [01/Feb/2015:00:22:02 -0500] "GET /BLA/resoluciones/RESOLUCIONES%202009/8700.pdf HTTP/1.1" 200 468937
66.249.73.155 - - [01/Feb/2015:00:22:03 -0500] "GET /BLA/resoluciones/RESOLUCIONES%202009/4717.pdf HTTP/1.1" 200 391354
66.249.73.171 - - [01/Feb/2015:00:22:04 -0500] "GET /BLA/resoluciones/RESOLUCIONES%202010/3088.pdf HTTP/1.1" 200 340831
66.249.73.163 - - [01/Feb/2015:00:22:16 -0500] "GET /BLA/resoluciones/RESOLUCIONES%202007/RES%202007%202301%20AL%202400/RESOLUCION%202394%20DE%202007.pdf HTTP/1.1" 200 1130020
74.86.158.107 - - [01/Feb/2015:00:22:41 -0500] "HEAD / HTTP/1.1" 302 -
186.114.38.43 - - [01/Feb/2015:00:23:07 -0500] "GET /BLA/resoluciones/RESOLUCIONES%202013/0003.pdf HTTP/1.1" 200 2906193
186.114.38.43 - - [01/Feb/2015:00:23:08 -0500] "GET /BLA/resoluciones/RESOLUCIONES%202013/0003.pdf HTTP/1.1" 206 32768
186.114.38.43 - - [01/Feb/2015:00:23:11 -0500] "GET /BLA/resoluciones/RESOLUCIONES%202013/0003.pdf HTTP/1.1" 206 2873425
186.114.38.43 - - [01/Feb/2015:00:23:16 -0500] "GET /favicon.ico HTTP/1.1" 200 7782
190.27.46.48 - - [01/Feb/2015:00:23:17 -0500] "GET /forest/skins/gdocs-jar/popup/escritorio/subirborrador.jsp?form=Correspondencia_Elaborar_Borrador&codTpl=621&codBorr=&a=0.646602523047477 HTTP/1.1" 200 23286
190.27.46.48 - - [01/Feb/2015:00:23:17 -0500] "GET /forest/json.do?query=borradoresByTpls&codInst=2991167&codTare=692&firma=0&a=0.1446752434130758 HTTP/1.1" 200 2
190.27.46.48 - - [01/Feb/2015:00:23:17 -0500] "GET /forest/json.do?query=plantillasByTarea&codTare=692&codInst=2991167&firma=0&a=0.5523790831211954 HTTP/1.1" 200 904
190.27.46.48 - - [01/Feb/2015:00:23:17 -0500] "GET /forest/json.do?query=terceroById&numTer=800032484&a=0.23780740308575332 HTTP/1.1" 200 681
190.27.46.48 - - [01/Feb/2015:00:23:17 -0500] "GET /forest/json.do?query=ultimoBorradorByTpl&codTpl=621&codInst=2991167&a=0.5592028482351452 HTTP/1.1" 200 2
190.27.46.48 - - [01/Feb/2015:00:23:18 -0500] "GET /forest/json.do?query=ultimoBorradorByTpl&codTpl=1201&codInst=2991167&a=0.2402644595131278 HTTP/1.1" 200 2
190.27.46.48 - - [01/Feb/2015:00:23:18 -0500] "GET /forest/json.do?query=ultimoBorradorByTpl&codTpl=641&codInst=2991167&a=0.8547407183796167 HTTP/1.1" 200 2
190.27.46.48 - - [01/Feb/2015:00:23:18 -0500] "GET /forest/json.do?query=ultimoBorradorByTpl&codTpl=901&codInst=2991167&a=0.9620858561247587 HTTP/1.1" 200 2
190.27.46.48 - - [01/Feb/2015:00:23:18 -0500] "GET /forest/json.do?query=ultimoBorradorByTpl&codTpl=501&codInst=2991167&a=0.5719729971606284 HTTP/1.1" 200 2
190.27.46.48 - - [01/Feb/2015:00:23:18 -0500] "GET /forest/json.do?query=ultimoBorradorByTpl&codTpl=1301&codInst=2991167&a=0.7115830124821514 HTTP/1.1" 200 2
180.76.5.69 - - [01/Feb/2015:00:23:47 -0500] "GET /BLA/boletinlegal;jsessionid=A579E9635B4F599A1330CF81237AB720?/? HTTP/1.1" 404 1018
190.27.46.48 - - [01/Feb/2015:00:23:55 -0500] "POST /forest/usutareas.do?group_system_actual=3 HTTP/1.1" 200 211
190.27.46.48 - - [01/Feb/2015:00:20:43 -0500] "GET /ForestMSG_SDA/channelAsync/template_word_17406266?X-Atmosphere-tracking-id=25b091eb-ff58-eff4-1917-53e6f7bbab6e&X-Atmosphere-Framework=1.0.5&X-Atmosphere-Transport=long-polling&tabid=0.9128779938910156&X-Cache-Date=0&Content-Type=application/xml&_=1422768245687 HTTP/1.1" 200 8193
190.27.46.48 - - [01/Feb/2015:00:24:06 -0500] "GET /forest/usutareas.do?group_system_actual=3&a=0.9153496325016022 HTTP/1.1" 200 119205
190.27.46.48 - - [01/Feb/2015:00:24:08 -0500] "GET /forest/session.jsp?a=0.3241302431561053 HTTP/1.1" 200 4
190.27.46.48 - - [01/Feb/2015:00:24:15 -0500] "POST /forest/usutareas.do? HTTP/1.1" 200 76
66.249.73.163 - - [01/Feb/2015:00:24:16 -0500] "GET /BLA/resoluciones/RESOLUCIONES%202011/1007.pdf HTTP/1.1" 200 69161
190.27.46.48 - - [01/Feb/2015:00:24:18 -0500] "GET /forest/usutareas.do?group_system_actual=3&a=0.2473313300870359 HTTP/1.1" 200 134074
190.27.46.48 - - [01/Feb/2015:00:24:19 -0500] "GET /forest/skins/gdocs-jar/img/iconCallForm.gif HTTP/1.1" 200 1043
190.27.46.48 - - [01/Feb/2015:00:24:20 -0500] "GET /forest/session.jsp?a=0.6499844864010811 HTTP/1.1" 200 4
190.27.46.48 - - [01/Feb/2015:00:25:44 -0500] "GET /forest/skins/gdocs-jar/popup/escritorio/reasignar.jsp?codTraEsc=17406267&a=0.13886136724613607 HTTP/1.1" 200 3745
123.125.71.21 - - [01/Feb/2015:00:25:45 -0500] "GET / HTTP/1.1" 302 -
190.27.46.48 - - [01/Feb/2015:00:26:04 -0500] "GET /forest/skins/gdocs-jar/popup/buscarfuncionarios.jsp?a=0.734117171028629 HTTP/1.1" 200 30225
66.249.73.163 - - [01/Feb/2015:00:26:05 -0500] "GET /BLA/resoluciones/RESOLUCIONES%202011/1551.pdf HTTP/1.1" 200 77409
66.249.73.155 - - [01/Feb/2015:00:26:15 -0500] "GET /BLA/resoluciones/AUTOS%202007/2223.pdf HTTP/1.1" 200 98278
190.27.46.48 - - [01/Feb/2015:00:26:20 -0500] "GET /forest/skins/gdocs-jar/popup/buscarfuncionarios.jsp?a=0.14247291977517307 HTTP/1.1" 200 30225
66.249.73.155 - - [01/Feb/2015:00:26:23 -0500] "GET /BLA/resoluciones/AUTOS%202011/4905.pdf HTTP/1.1" 200 222871
66.249.73.171 - - [01/Feb/2015:00:26:24 -0500] "GET /BLA/resoluciones/RESOLUCIONES%202009/7570.pdf HTTP/1.1" 200 496259
180.76.6.63 - - [01/Feb/2015:00:26:24 -0500] "GET /BLA/boletinlegal;jsessionid=3BAE49DD402E23CF8E380D7E3E286082?/? HTTP/1.1" 404 1018
190.27.46.48 - - [01/Feb/2015:00:26:33 -0500] "GET /forest/xmlresponse.do?lista=funcionarioByName&xmlret=1&codCargo=&codDep=&partNomFun=marian&a=0.5168578817974776 HTTP/1.1" 200 82
190.27.46.48 - - [01/Feb/2015:00:26:34 -0500] "GET /forest/xmlresponse.do?lista=funcionarioByName&xmlret=1&codCargo=&codDep=&partNomFun=marian%20&a=0.4924421312753111 HTTP/1.1" 200 82
190.27.46.48 - - [01/Feb/2015:00:27:02 -0500] "GET /forest/skins/gdocs-jar/popup/escritorio/reasignar.jsp?codTraEsc=17406267&a=0.7642085610423237 HTTP/1.1" 200 3745
220.181.108.163 - - [01/Feb/2015:00:27:07 -0500] "GET / HTTP/1.1" 302 -
181.60.193.215 - - [01/Feb/2015:00:27:08 -0500] "GET /BLA/boletinlegal/js/jquery.js HTTP/1.1" 304 -
181.60.193.215 - - [01/Feb/2015:00:27:08 -0500] "GET /BLA/boletinlegal/js/jquery.scrollTo-min.js HTTP/1.1" 304 -
181.60.193.215 - - [01/Feb/2015:00:27:08 -0500] "GET /BLA/boletinlegal/js/jquery.scrollShow.js HTTP/1.1" 304 -
190.27.46.48 - - [01/Feb/2015:00:27:15 -0500] "GET /forest/skins/gdocs-jar/popup/buscarfuncionarios.jsp?a=0.768440815154463 HTTP/1.1" 200 30225
190.27.46.48 - - [01/Feb/2015:00:27:18 -0500] "GET /forest/xmlresponse.do?lista=funcionarioByName&xmlret=1&partNomFun=me&a=0.9722489162813872 HTTP/1.1" 200 1498
190.27.46.48 - - [01/Feb/2015:00:27:20 -0500] "GET /forest/xmlresponse.do?lista=funcionarioByName&xmlret=1&partNomFun=ma&a=0.7163629620335996 HTTP/1.1" 200 1484
190.27.46.48 - - [01/Feb/2015:00:27:20 -0500] "GET /forest/xmlresponse.do?lista=funcionarioByName&xmlret=1&partNomFun=mar&a=0.47086919797584414 HTTP/1.1" 200 1470
190.27.46.48 - - [01/Feb/2015:00:27:22 -0500] "GET /forest/xmlresponse.do?lista=funcionarioByName&xmlret=1&partNomFun=ma&a=0.5083529169205576 HTTP/1.1" 200 1484
190.27.46.48 - - [01/Feb/2015:00:27:24 -0500] "GET /forest/xmlresponse.do?lista=funcionarioByName&xmlret=1&partNomFun=marian%20&a=0.5946932041551918 HTTP/1.1" 200 82
190.27.46.48 - - [01/Feb/2015:00:27:26 -0500] "GET /forest/xmlresponse.do?lista=funcionarioByName&xmlret=1&partNomFun=marian&a=0.8429664308205247 HTTP/1.1" 200 82
190.27.46.48 - - [01/Feb/2015:00:27:27 -0500] "GET /forest/xmlresponse.do?lista=funcionarioByName&xmlret=1&partNomFun=marian%20her&a=0.5211919574066997 HTTP/1.1" 200 82
190.27.46.48 - - [01/Feb/2015:00:27:29 -0500] "GET /forest/xmlresponse.do?lista=funcionarioByName&xmlret=1&partNomFun=marian%20hernandez&a=0.30111282994039357 HTTP/1.1" 200 82
190.27.46.48 - - [01/Feb/2015:00:27:33 -0500] "GET /forest/xmlresponse.do?lista=funcionarioByName&xmlret=1&partNomFun=marian&a=0.5878415426705033 HTTP/1.1" 200 82
190.27.46.48 - - [01/Feb/2015:00:27:34 -0500] "GET /forest/xmlresponse.do?lista=funcionarioByName&xmlret=1&partNomFun=ma&a=0.06683843652717769 HTTP/1.1" 200 1484
190.27.46.48 - - [01/Feb/2015:00:27:34 -0500] "GET /forest/xmlresponse.do?lista=funcionarioByName&xmlret=1&partNomFun=m&a=0.09019982651807368 HTTP/1.1" 200 1515
74.86.158.107 - - [01/Feb/2015:00:27:41 -0500] "HEAD / HTTP/1.1" 302 -
190.27.46.48 - - [01/Feb/2015:00:27:49 -0500] "GET /forest/xmlresponse.do?lista=funcionarioByName&xmlret=1&partNomFun=ALEX%20EDUARDO%20CRISTANCHO%20MORALES&a=0.05502516869455576 HTTP/1.1" 200 195
190.27.46.48 - - [01/Feb/2015:00:27:54 -0500] "GET /forest/xmlresponse.do?lista=funcionarioByName&xmlret=1&partNomFun=marina.&a=0.9305865219794214 HTTP/1.1" 200 82
190.27.46.48 - - [01/Feb/2015:00:27:57 -0500] "GET /forest/xmlresponse.do?lista=funcionarioByName&xmlret=1&partNomFun=marian&a=0.695772762177512 HTTP/1.1" 200 82
190.27.46.48 - - [01/Feb/2015:00:27:57 -0500] "GET /forest/xmlresponse.do?lista=funcionarioByName&xmlret=1&partNomFun=marian.&a=0.2464696487877518 HTTP/1.1" 200 82
190.27.46.48 - - [01/Feb/2015:00:28:00 -0500] "GET /forest/xmlresponse.do?lista=funcionarioByName&xmlret=1&partNomFun=marian.hernandez&a=0.2266840876545757 HTTP/1.1" 200 82
66.249.73.155 - - [01/Feb/2015:00:28:14 -0500] "GET /BLA/resoluciones/RESOLUCIONES%202011/5452.pdf HTTP/1.1" 200 576688
142.4.208.208 - - [01/Feb/2015:00:28:47 -0500] "GET /wp-admin/ HTTP/1.1" 404 1018
190.27.46.48 - - [01/Feb/2015:00:28:48 -0500] "GET /forest/skins/gdocs-jar/popup/escritorio/cancelactividad.jsp?a=0.09417312522418797 HTTP/1.1" 200 3548
190.27.46.48 - - [01/Feb/2015:00:29:21 -0500] "GET /forest/session.jsp?a=0.8030014326795936 HTTP/1.1" 200 4
186.80.235.101 - - [01/Feb/2015:00:29:22 -0500] "GET /galeria/carrusel/Carrusel/jquery.thumbnailScroller.js HTTP/1.1" 200 8157
186.80.235.101 - - [01/Feb/2015:00:29:22 -0500] "GET /BLA/boletinlegal/js/jquery.scrollShow.js HTTP/1.1" 200 4586
186.80.235.101 - - [01/Feb/2015:00:29:22 -0500] "GET /BLA/boletinlegal/js/jquery.js HTTP/1.1" 200 57254
186.80.235.101 - - [01/Feb/2015:00:29:22 -0500] "GET /BLA/boletinlegal/js/jquery.scrollTo-min.js HTTP/1.1" 200 1150
186.80.235.101 - - [01/Feb/2015:00:29:22 -0500] "GET /galeria/carrusel/Carrusel/jquery-ui-1.8.13.custom.min.js HTTP/1.1" 200 10800
186.80.235.101 - - [01/Feb/2015:00:29:22 -0500] "GET /galeria/carrusel/Carrusel/jquery.thumbnailScroller.css HTTP/1.1" 200 2066
190.27.46.48 - - [01/Feb/2015:00:29:24 -0500] "GET /forest/actions/forms.getList?codForm=Correspondencia_Revisar_Aprobar&id=funcionariofirma&text=m HTTP/1.1" 200 1256
190.27.46.48 - - [01/Feb/2015:00:29:25 -0500] "GET /forest/actions/forms.getList?codForm=Correspondencia_Revisar_Aprobar&id=funcionariofirma&text=ma HTTP/1.1" 200 1224
190.27.46.48 - - [01/Feb/2015:00:29:25 -0500] "GET /forest/actions/forms.getList?codForm=Correspondencia_Revisar_Aprobar&id=funcionariofirma&text=mar HTTP/1.1" 200 1235
190.27.46.48 - - [01/Feb/2015:00:29:25 -0500] "GET /forest/actions/forms.getList?codForm=Correspondencia_Revisar_Aprobar&id=funcionariofirma&text=mari HTTP/1.1" 200 1227
190.27.46.48 - - [01/Feb/2015:00:29:25 -0500] "GET /forest/actions/forms.getList?codForm=Correspondencia_Revisar_Aprobar&id=funcionariofirma&text=maria HTTP/1.1" 200 1206
190.27.46.48 - - [01/Feb/2015:00:29:26 -0500] "GET /forest/actions/forms.getList?codForm=Correspondencia_Revisar_Aprobar&id=funcionariofirma&text=marian HTTP/1.1" 200 2
186.80.235.101 - - [01/Feb/2015:00:29:26 -0500] "GET /galeria/nivo-slider/demo/demo.html HTTP/1.1" 200 3150
186.80.235.101 - - [01/Feb/2015:00:29:26 -0500] "GET /galeria/nivo-slider/nivo-slider.css HTTP/1.1" 200 1507
186.80.235.101 - - [01/Feb/2015:00:29:26 -0500] "GET /galeria/nivo-slider/themes/default/default.css HTTP/1.1" 200 1569
186.80.235.101 - - [01/Feb/2015:00:29:26 -0500] "GET /galeria/nivo-slider/demo/scripts/jquery-1.7.1.min.js HTTP/1.1" 200 93868
186.80.235.101 - - [01/Feb/2015:00:29:26 -0500] "GET /galeria/nivo-slider/themes/pascal/pascal.css HTTP/1.1" 200 2258
186.80.235.101 - - [01/Feb/2015:00:29:26 -0500] "GET /galeria/nivo-slider/themes/orman/orman.css HTTP/1.1" 200 2152
186.80.235.101 - - [01/Feb/2015:00:29:26 -0500] "GET /galeria/nivo-slider/demo/style.css HTTP/1.1" 200 2222
186.80.235.101 - - [01/Feb/2015:00:29:26 -0500] "GET /galeria/nivo-slider/jquery.nivo.slider.pack.js HTTP/1.1" 200 11561
186.80.235.101 - - [01/Feb/2015:00:29:27 -0500] "GET /galeria/nivo-slider/demo/images/4Simple_Slider.png HTTP/1.1" 200 11722
186.80.235.101 - - [01/Feb/2015:00:29:27 -0500] "GET /galeria/nivo-slider/themes/default/loading.gif HTTP/1.1" 200 1737
190.27.46.48 - - [01/Feb/2015:00:29:28 -0500] "GET /forest/actions/forms.getList?codForm=Correspondencia_Revisar_Aprobar&id=funcionariofirma&text=marian. HTTP/1.1" 200 2
190.27.46.48 - - [01/Feb/2015:00:29:28 -0500] "GET /forest/actions/forms.getList?codForm=Correspondencia_Revisar_Aprobar&id=funcionariofirma&text=marian HTTP/1.1" 200 2
190.27.46.48 - - [01/Feb/2015:00:29:29 -0500] "GET /forest/actions/forms.getList?codForm=Correspondencia_Revisar_Aprobar&id=funcionariofirma&text=maria HTTP/1.1" 200 1206
190.27.46.48 - - [01/Feb/2015:00:29:29 -0500] "GET /forest/actions/forms.getList?codForm=Correspondencia_Revisar_Aprobar&id=funcionariofirma&text=mari HTTP/1.1" 200 1227
190.27.46.48 - - [01/Feb/2015:00:29:29 -0500] "GET /forest/actions/forms.getList?codForm=Correspondencia_Revisar_Aprobar&id=funcionariofirma&text=mar HTTP/1.1" 200 1235
190.27.46.48 - - [01/Feb/2015:00:29:29 -0500] "GET /forest/actions/forms.getList?codForm=Correspondencia_Revisar_Aprobar&id=funcionariofirma&text=ma HTTP/1.1" 200 1224
190.27.46.48 - - [01/Feb/2015:00:29:29 -0500] "GET /forest/actions/forms.getList?codForm=Correspondencia_Revisar_Aprobar&id=funcionariofirma&text=m HTTP/1.1" 200 1256
190.27.46.48 - - [01/Feb/2015:00:29:29 -0500] "GET /forest/actions/forms.getList?codForm=Correspondencia_Revisar_Aprobar&id=funcionariofirma&text= HTTP/1.1" 200 1267
190.27.46.48 - - [01/Feb/2015:00:29:29 -0500] "GET /forest/actions/forms.getList?codForm=Correspondencia_Revisar_Aprobar&id=funcionariofirma&text=a HTTP/1.1" 200 1267
190.27.46.48 - - [01/Feb/2015:00:29:30 -0500] "GET /forest/actions/forms.getList?codForm=Correspondencia_Revisar_Aprobar&id=funcionariofirma&text=an HTTP/1.1" 200 1242
186.80.235.101 - - [01/Feb/2015:00:29:30 -0500] "GET /galeria/nivo-slider/demo/images/bolsas-08.jpg HTTP/1.1" 200 85589
186.80.235.101 - - [01/Feb/2015:00:29:30 -0500] "GET /galeria/nivo-slider/demo/images/Ruta-vertimientos-01.jpg HTTP/1.1" 200 130151
190.27.46.48 - - [01/Feb/2015:00:29:30 -0500] "GET /forest/actions/forms.getList?codForm=Correspondencia_Revisar_Aprobar&id=funcionariofirma&text=ang HTTP/1.1" 200 1276
186.80.235.101 - - [01/Feb/2015:00:29:30 -0500] "GET /galeria/nivo-slider/demo/images/bolsas-06.jpg HTTP/1.1" 200 90982
186.80.235.101 - - [01/Feb/2015:00:29:30 -0500] "GET /galeria/nivo-slider/demo/images/ecolecta-Dic2014.png HTTP/1.1" 200 288593
190.27.46.48 - - [01/Feb/2015:00:29:30 -0500] "GET /forest/actions/forms.getList?codForm=Correspondencia_Revisar_Aprobar&id=funcionariofirma&text=angi HTTP/1.1" 200 121
190.27.46.48 - - [01/Feb/2015:00:29:30 -0500] "GET /forest/actions/forms.getList?codForm=Correspondencia_Revisar_Aprobar&id=funcionariofirma&text=angie HTTP/1.1" 200 121
186.80.235.101 - - [01/Feb/2015:00:29:31 -0500] "GET /galeria/nivo-slider/demo/images/porloshumedales.jpg HTTP/1.1" 200 351238
186.80.235.101 - - [01/Feb/2015:00:29:31 -0500] "GET /galeria/nivo-slider/demo/images/Tingua-azul.jpg HTTP/1.1" 200 307638
186.80.235.101 - - [01/Feb/2015:00:29:31 -0500] "GET /galeria/nivo-slider/demo/images/Banner-Caracol-Africano.jpg HTTP/1.1" 200 331986
186.80.235.101 - - [01/Feb/2015:00:29:31 -0500] "GET /galeria/nivo-slider/demo/images/banner-redes.jpg HTTP/1.1" 200 62209
186.80.235.101 - - [01/Feb/2015:00:29:31 -0500] "GET /galeria/nivo-slider/demo/images/9Signos.jpg HTTP/1.1" 200 93040
186.80.235.101 - - [01/Feb/2015:00:29:31 -0500] "GET /galeria/nivo-slider/demo/images/banner-llantas2.jpg HTTP/1.1" 200 73153
186.80.235.101 - - [01/Feb/2015:00:29:33 -0500] "GET /galeria/nivo-slider/demo/images/banner-caballos.png HTTP/1.1" 200 389106
186.80.235.101 - - [01/Feb/2015:00:29:34 -0500] "GET /galeria/nivo-slider/themes/default/arrows.png HTTP/1.1" 200 824
186.80.235.101 - - [01/Feb/2015:00:29:34 -0500] "GET /galeria/nivo-slider/themes/default/bullets.png HTTP/1.1" 200 1281
180.76.5.27 - - [01/Feb/2015:00:29:34 -0500] "GET /BLA/boletinlegal;jsessionid=0BD6EC72441060F6C22D39DDA2AFEB8C?/? HTTP/1.1" 404 1018
190.27.46.48 - - [01/Feb/2015:00:29:35 -0500] "GET /forest/actions/forms.getList?codForm=Correspondencia_Revisar_Aprobar&id=funcionariofirma&text=angi HTTP/1.1" 200 121
190.27.46.48 - - [01/Feb/2015:00:29:35 -0500] "GET /forest/actions/forms.getList?codForm=Correspondencia_Revisar_Aprobar&id=funcionariofirma&text=ang HTTP/1.1" 200 1276
190.27.46.48 - - [01/Feb/2015:00:29:35 -0500] "GET /forest/actions/forms.getList?codForm=Correspondencia_Revisar_Aprobar&id=funcionariofirma&text=an HTTP/1.1" 200 1242
190.27.46.48 - - [01/Feb/2015:00:29:35 -0500] "GET /forest/actions/forms.getList?codForm=Correspondencia_Revisar_Aprobar&id=funcionariofirma&text=a HTTP/1.1" 200 1267
190.27.46.48 - - [01/Feb/2015:00:29:35 -0500] "GET /forest/actions/forms.getList?codForm=Correspondencia_Revisar_Aprobar&id=funcionariofirma&text= HTTP/1.1" 200 1267
190.27.46.48 - - [01/Feb/2015:00:29:36 -0500] "GET /forest/actions/forms.getList?codForm=Correspondencia_Revisar_Aprobar&id=funcionariofirma&text=m HTTP/1.1" 200 1256
190.27.46.48 - - [01/Feb/2015:00:29:36 -0500] "GET /forest/actions/forms.getList?codForm=Correspondencia_Revisar_Aprobar&id=funcionariofirma&text=ma HTTP/1.1" 200 1224
190.27.46.48 - - [01/Feb/2015:00:29:37 -0500] "GET /forest/actions/forms.getList?codForm=Correspondencia_Revisar_Aprobar&id=funcionariofirma&text=mar HTTP/1.1" 200 1235
190.27.46.48 - - [01/Feb/2015:00:29:37 -0500] "GET /forest/actions/forms.getList?codForm=Correspondencia_Revisar_Aprobar&id=funcionariofirma&text=mari HTTP/1.1" 200 1227
190.27.46.48 - - [01/Feb/2015:00:29:37 -0500] "GET /forest/actions/forms.getList?codForm=Correspondencia_Revisar_Aprobar&id=funcionariofirma&text=maria HTTP/1.1" 200 1206
190.27.46.48 - - [01/Feb/2015:00:29:37 -0500] "GET /forest/actions/forms.getList?codForm=Correspondencia_Revisar_Aprobar&id=funcionariofirma&text=marian HTTP/1.1" 200 2
190.27.46.48 - - [01/Feb/2015:00:29:37 -0500] "GET /forest/actions/forms.getList?codForm=Correspondencia_Revisar_Aprobar&id=funcionariofirma&text=marian. HTTP/1.1" 200 2
190.27.46.48 - - [01/Feb/2015:00:29:38 -0500] "GET /forest/actions/forms.getList?codForm=Correspondencia_Revisar_Aprobar&id=funcionariofirma&text=marian.h HTTP/1.1" 200 2
190.27.46.48 - - [01/Feb/2015:00:29:39 -0500] "GET /forest/actions/forms.getList?codForm=Correspondencia_Revisar_Aprobar&id=funcionariofirma&text=marian. HTTP/1.1" 200 2
190.27.46.48 - - [01/Feb/2015:00:29:39 -0500] "GET /forest/actions/forms.getList?codForm=Correspondencia_Revisar_Aprobar&id=funcionariofirma&text=marian HTTP/1.1" 200 2
190.27.46.48 - - [01/Feb/2015:00:29:39 -0500] "GET /forest/actions/forms.getList?codForm=Correspondencia_Revisar_Aprobar&id=funcionariofirma&text=maria HTTP/1.1" 200 1206
190.27.46.48 - - [01/Feb/2015:00:29:39 -0500] "GET /forest/actions/forms.getList?codForm=Correspondencia_Revisar_Aprobar&id=funcionariofirma&text=mari HTTP/1.1" 200 1227
190.27.46.48 - - [01/Feb/2015:00:29:39 -0500] "GET /forest/actions/forms.getList?codForm=Correspondencia_Revisar_Aprobar&id=funcionariofirma&text=mar HTTP/1.1" 200 1235
190.27.46.48 - - [01/Feb/2015:00:29:39 -0500] "GET /forest/actions/forms.getList?codForm=Correspondencia_Revisar_Aprobar&id=funcionariofirma&text=ma HTTP/1.1" 200 1224
190.27.46.48 - - [01/Feb/2015:00:29:39 -0500] "GET /forest/actions/forms.getList?codForm=Correspondencia_Revisar_Aprobar&id=funcionariofirma&text=m HTTP/1.1" 200 1256
190.27.46.48 - - [01/Feb/2015:00:29:39 -0500] "GET /forest/actions/forms.getList?codForm=Correspondencia_Revisar_Aprobar&id=funcionariofirma&text= HTTP/1.1" 200 1267
186.80.235.101 - - [01/Feb/2015:00:29:39 -0500] "GET /videos/Spot_CambioClimatico.flv HTTP/1.1" 200 4371917
178.162.193.32 - - [01/Feb/2015:00:29:53 -0500] "GET /MANUALFUNC/Ecosistemas/222-21%20Profesional%20Especializado%20-%20SEB.pdf HTTP/1.0" 404 1019
190.27.46.48 - - [01/Feb/2015:00:29:56 -0500] "GET /forest/misactividades.do?_a=0.003659979673102498&group_system_actual=3 HTTP/1.1" 200 37527
190.27.46.48 - - [01/Feb/2015:00:29:56 -0500] "GET /forest/session.jsp?a=0.9838658457156271 HTTP/1.1" 200 4
190.27.46.48 - - [01/Feb/2015:00:29:56 -0500] "POST /forest/misactividades.do?ajax=true&a=0.45033564465120435 HTTP/1.1" 200 12321
190.27.46.48 - - [01/Feb/2015:00:24:19 -0500] "GET /ForestMSG_SDA/channelAsync/template_word_17406267?X-Atmosphere-tracking-id=20e9e0af-6e3f-d6e2-3f70-1d3e9618165b&X-Atmosphere-Framework=1.0.5&X-Atmosphere-Transport=long-polling&tabid=0.09324313187971711&X-Cache-Date=0&Content-Type=application/xml&_=1422768462282 HTTP/1.1" 200 8193
190.27.46.48 - - [01/Feb/2015:00:29:59 -0500] "GET /forest/usutareas.do?_a=0.5302874692715704&group_system_actual=3 HTTP/1.1" 200 134074
190.27.46.48 - - [01/Feb/2015:00:30:01 -0500] "GET /forest/session.jsp?a=0.3648078648839146 HTTP/1.1" 200 4
190.27.46.48 - - [01/Feb/2015:00:24:07 -0500] "GET /ForestMSG_SDA/channelAsync/template_word_17406266?X-Atmosphere-tracking-id=ff36859c-573e-9566-2dd4-d2320a17d9b6&X-Atmosphere-Framework=1.0.5&X-Atmosphere-Transport=long-polling&tabid=0.3465896083507687&X-Cache-Date=0&Content-Type=application/xml&_=1422768450195 HTTP/1.1" 200 8193
190.27.46.48 - - [01/Feb/2015:00:30:10 -0500] "GET /forest/skins/gdocs-jar/img/gdocs_rechazar.gif HTTP/1.1" 200 822
190.27.46.48 - - [01/Feb/2015:00:30:07 -0500] "GET /forest/usudocumentos.do?_a=0.5250157718546689&group_system_actual=3 HTTP/1.1" 200 98034
190.27.46.48 - - [01/Feb/2015:00:30:11 -0500] "GET /forest/session.jsp?a=0.9025929260533303 HTTP/1.1" 200 4
190.27.46.48 - - [01/Feb/2015:00:30:11 -0500] "GET /forest/skins/gdocs-jar/img/folder.gif HTTP/1.1" 200 622
190.27.46.48 - - [01/Feb/2015:00:30:11 -0500] "GET /forest/skins/gdocs-jar/img/borrador-tree.gif HTTP/1.1" 200 90
66.249.73.163 - - [01/Feb/2015:00:30:13 -0500] "GET /BLA/resoluciones/RESOLUCIONES%202008/0177.pdf HTTP/1.1" 200 1326947
190.27.46.48 - - [01/Feb/2015:00:30:15 -0500] "GET /forest/usugrafico.do?_a=0.8850760639179498&group_system_actual=3 HTTP/1.1" 200 76153
190.27.46.48 - - [01/Feb/2015:00:30:16 -0500] "GET /forest/session.jsp?a=0.7180135846138 HTTP/1.1" 200 4
190.27.46.48 - - [01/Feb/2015:00:30:17 -0500] "GET /forest/misactividades.do?_a=0.8269027129281312&group_system_actual=3 HTTP/1.1" 200 37527
190.27.46.48 - - [01/Feb/2015:00:30:17 -0500] "GET /forest/session.jsp?a=0.012351956218481064 HTTP/1.1" 200 4
190.27.46.48 - - [01/Feb/2015:00:30:18 -0500] "POST /forest/misactividades.do?ajax=true&a=0.9812078841496259 HTTP/1.1" 200 12321
180.76.6.62 - - [01/Feb/2015:00:30:27 -0500] "GET /BLA/resoluciones/RESOLUCIONES%202009/2437.pdf HTTP/1.1" 200 413618
190.27.46.48 - - [01/Feb/2015:00:30:36 -0500] "POST /forest/misactividades.do?ajax=true&a=0.28347702510654926 HTTP/1.1" 200 12269
66.249.73.171 - - [01/Feb/2015:00:30:38 -0500] "GET /BLA/resoluciones/RESOLUCIONES%202003/RES%202003%20951-1000/981.tif HTTP/1.1" 200 121884
180.76.5.151 - - [01/Feb/2015:00:31:19 -0500] "GET /BLA/boletinlegal;jsessionid=69E133FE057F8D03F8DD68D0283100A8?/? HTTP/1.1" 404 1018
66.249.73.163 - - [01/Feb/2015:00:32:11 -0500] "GET /BLA/resoluciones/RESOLUCIONES%202011/1742.pdf HTTP/1.1" 200 514617
74.86.158.107 - - [01/Feb/2015:00:32:41 -0500] "HEAD / HTTP/1.1" 302 -
180.76.5.148 - - [01/Feb/2015:00:33:05 -0500] "GET /BLA/resoluciones/RESOLUCIONES%202009/1854.pdf HTTP/1.1" 200 469687
188.165.15.152 - - [01/Feb/2015:00:33:28 -0500] "GET /BLA/resoluciones/RESOLUCIONES%202002/RES%202002%20651-700/00000689.tif HTTP/1.1" 200 69512
66.249.73.171 - - [01/Feb/2015:00:33:51 -0500] "GET /BLA/resoluciones/RESOLUCIONES%202011/3285.pdf HTTP/1.1" 200 283898
66.249.73.163 - - [01/Feb/2015:00:34:12 -0500] "GET /BLA/resoluciones/RESOLUCIONES%202010/1629.pdf HTTP/1.1" 200 440223
190.27.46.48 - - [01/Feb/2015:00:35:18 -0500] "GET /forest/session.jsp?a=0.09926653234288096 HTTP/1.1" 200 4
190.27.46.48 - - [01/Feb/2015:00:30:01 -0500] "GET /ForestMSG_SDA/channelAsync/template_word_17406267?X-Atmosphere-tracking-id=ac24e3ae-981f-15f5-9720-b5ca825f30d5&X-Atmosphere-Framework=1.0.5&X-Atmosphere-Transport=long-polling&tabid=0.2870045402087271&X-Cache-Date=0&Content-Type=application/xml&_=1422768803956 HTTP/1.1" 200 8193
66.249.73.155 - - [01/Feb/2015:00:36:11 -0500] "GET /BLA/resoluciones/RESOLUCIONES%202010/1553.pdf HTTP/1.1" 200 385513
180.76.6.148 - - [01/Feb/2015:00:36:20 -0500] "GET /BLA/boletinlegal;jsessionid=015641200635865183A5F1E2146748CD?/? HTTP/1.1" 404 1018
188.165.15.94 - - [01/Feb/2015:00:37:07 -0500] "GET /BLA/resoluciones/RESOLUCIONES%202002/RES%202002%201001-1050/2002RES1036.tif HTTP/1.1" 200 61526
74.86.158.107 - - [01/Feb/2015:00:37:41 -0500] "HEAD / HTTP/1.1" 302 -
190.27.46.48 - - [01/Feb/2015:00:37:42 -0500] "GET /forest/skins/gdocs-jar/popup/popup.jsp?width=850&height=380&title=Informaci%F3n%20del%20radicado&uri=/forest/system/document.jsp%3FcodDoc%3D1955875&name=undefined&_a=0.7073549614287913&a=0.578178005758673 HTTP/1.1" 200 1315
188.165.15.89 - - [01/Feb/2015:00:37:42 -0500] "GET /BLA/resoluciones/RESOLUCIONES%202002/RES%202002%201401-1450/20021401.tif HTTP/1.1" 200 100506
190.27.46.48 - - [01/Feb/2015:00:37:42 -0500] "GET /forest/system/document.jsp?codDoc=1955875 HTTP/1.1" 200 11633
190.27.46.48 - - [01/Feb/2015:00:37:42 -0500] "GET /forest/system/document.jsp?codDoc=1955875 HTTP/1.1" 200 11633
142.4.208.208 - - [01/Feb/2015:00:37:43 -0500] "GET /test/wp-admin/ HTTP/1.1" 404 1018
188.165.15.183 - - [01/Feb/2015:00:37:47 -0500] "GET /BLA/resoluciones/RESOLUCIONES%202005/RES%202005%202851-2900/00002897.tif HTTP/1.1" 200 80594
190.27.46.48 - - [01/Feb/2015:00:37:48 -0500] "GET /forest/skins/gdocs-jar/popup/popup.jsp?width=850&height=380&title=Informaci%F3n%20del%20radicado&uri=/forest/system/document.jsp%3FcodDoc%3D1955875&name=undefined&_a=0.6137007691431791&a=0.04813245311379433 HTTP/1.1" 200 1315
190.27.46.48 - - [01/Feb/2015:00:37:49 -0500] "GET /forest/system/document.jsp?codDoc=1955875 HTTP/1.1" 200 11633
190.27.46.48 - - [01/Feb/2015:00:37:49 -0500] "GET /forest/system/document.jsp?codDoc=1955875 HTTP/1.1" 200 11633
190.27.46.48 - - [01/Feb/2015:00:37:51 -0500] "GET /forest/usutareas.do?_a=0.8846003022044897&group_system_actual=3 HTTP/1.1" 200 116111
190.27.46.48 - - [01/Feb/2015:00:37:52 -0500] "GET /forest/session.jsp?a=0.09660031949169934 HTTP/1.1" 200 4
66.249.73.155 - - [01/Feb/2015:00:37:14 -0500] "GET /BLA/boletinlegal/index.php HTTP/1.1" 200 46728
66.249.73.155 - - [01/Feb/2015:00:37:54 -0500] "GET /BLA/resoluciones/RESOLUCIONES%202008/0806.pdf HTTP/1.1" 200 297789
66.249.73.155 - - [01/Feb/2015:00:38:00 -0500] "GET /BLA/resoluciones/RESOLUCIONES%202008/1117.pdf HTTP/1.1" 200 92511
66.249.73.163 - - [01/Feb/2015:00:38:06 -0500] "GET /BLA/resoluciones/RESOLUCIONES%202007/RES%202007%203401%20AL%203500/RESOLUCION%203441%20DE%202007.pdf HTTP/1.1" 200 271474
66.249.73.163 - - [01/Feb/2015:00:38:10 -0500] "GET /BLA/resoluciones/AUTOS%202007/3079.pdf HTTP/1.1" 200 52051
190.27.46.48 - - [01/Feb/2015:00:38:12 -0500] "GET /forest/actions/forms.getList?codForm=Revision_reparto_Correspondencias&id=funcionarioasignado&text=M HTTP/1.1" 200 1256
190.27.46.48 - - [01/Feb/2015:00:38:12 -0500] "GET /forest/actions/forms.getList?codForm=Revision_reparto_Correspondencias&id=funcionarioasignado&text=MA HTTP/1.1" 200 1224
190.27.46.48 - - [01/Feb/2015:00:38:12 -0500] "GET /forest/actions/forms.getList?codForm=Revision_reparto_Correspondencias&id=funcionarioasignado&text=MAR HTTP/1.1" 200 1235
190.27.46.48 - - [01/Feb/2015:00:38:12 -0500] "GET /forest/actions/forms.getList?codForm=Revision_reparto_Correspondencias&id=funcionarioasignado&text=MARI HTTP/1.1" 200 1227
190.27.46.48 - - [01/Feb/2015:00:38:12 -0500] "GET /forest/actions/forms.getList?codForm=Revision_reparto_Correspondencias&id=funcionarioasignado&text=MARIA HTTP/1.1" 200 1206
190.27.46.48 - - [01/Feb/2015:00:38:13 -0500] "GET /forest/actions/forms.getList?codForm=Revision_reparto_Correspondencias&id=funcionarioasignado&text=MARIAN HTTP/1.1" 200 2
190.27.46.48 - - [01/Feb/2015:00:38:14 -0500] "GET /forest/actions/forms.getList?codForm=Revision_reparto_Correspondencias&id=funcionarioasignado&text=MARIA HTTP/1.1" 200 1206
66.249.73.163 - - [01/Feb/2015:00:38:14 -0500] "GET /BLA/resoluciones/AUTOS%202009/2315.pdf HTTP/1.1" 200 198349
190.27.46.48 - - [01/Feb/2015:00:38:16 -0500] "GET /forest/actions/forms.getList?codForm=Revision_reparto_Correspondencias&id=funcionarioasignado&text=MARI HTTP/1.1" 200 1227
190.27.46.48 - - [01/Feb/2015:00:38:16 -0500] "GET /forest/actions/forms.getList?codForm=Revision_reparto_Correspondencias&id=funcionarioasignado&text=MAR HTTP/1.1" 200 1235
190.27.46.48 - - [01/Feb/2015:00:38:16 -0500] "GET /forest/actions/forms.getList?codForm=Revision_reparto_Correspondencias&id=funcionarioasignado&text=MA HTTP/1.1" 200 1224
190.27.46.48 - - [01/Feb/2015:00:38:16 -0500] "GET /forest/actions/forms.getList?codForm=Revision_reparto_Correspondencias&id=funcionarioasignado&text=M HTTP/1.1" 200 1256
190.27.46.48 - - [01/Feb/2015:00:38:17 -0500] "GET /forest/actions/forms.getList?codForm=Revision_reparto_Correspondencias&id=funcionarioasignado&text= HTTP/1.1" 200 1267
66.249.73.171 - - [01/Feb/2015:00:38:18 -0500] "GET /BLA/resoluciones/RESOLUCIONES%202006/RES%202006%201551-1600/00001584.tif HTTP/1.1" 200 191830
66.249.65.192 - - [01/Feb/2015:00:38:21 -0500] "GET /dama/libreria/php/decide.php?patron=03.1305020113&numm=58 HTTP/1.1" 404 1019
190.27.46.48 - - [01/Feb/2015:00:38:22 -0500] "GET /forest/actions/forms.getList?codForm=Revision_reparto_Correspondencias&id=funcionarioasignado&text=a HTTP/1.1" 200 1267
190.27.46.48 - - [01/Feb/2015:00:38:22 -0500] "GET /forest/actions/forms.getList?codForm=Revision_reparto_Correspondencias&id=funcionarioasignado&text=an HTTP/1.1" 200 1242
190.27.46.48 - - [01/Feb/2015:00:38:22 -0500] "GET /forest/actions/forms.getList?codForm=Revision_reparto_Correspondencias&id=funcionarioasignado&text=ang HTTP/1.1" 200 1276
190.27.46.48 - - [01/Feb/2015:00:38:22 -0500] "GET /forest/actions/forms.getList?codForm=Revision_reparto_Correspondencias&id=funcionarioasignado&text=angi HTTP/1.1" 200 121
190.27.46.48 - - [01/Feb/2015:00:38:22 -0500] "GET /forest/actions/forms.getList?codForm=Revision_reparto_Correspondencias&id=funcionarioasignado&text=angie HTTP/1.1" 200 121
66.249.73.155 - - [01/Feb/2015:00:38:24 -0500] "GET /BLA/resoluciones/RESOLUCIONES%202009/4444.pdf HTTP/1.1" 200 380874
66.249.73.163 - - [01/Feb/2015:00:38:27 -0500] "GET /BLA/resoluciones/AUTOS%202008/0565.pdf HTTP/1.1" 200 292747
190.27.46.48 - - [01/Feb/2015:00:38:27 -0500] "GET /forest/actions/forms.getList?codForm=Revision_reparto_Correspondencias&id=funcionarioasignado&text=angi HTTP/1.1" 200 121
190.27.46.48 - - [01/Feb/2015:00:38:27 -0500] "GET /forest/actions/forms.getList?codForm=Revision_reparto_Correspondencias&id=funcionarioasignado&text=ang HTTP/1.1" 200 1276
190.27.46.48 - - [01/Feb/2015:00:38:27 -0500] "GET /forest/actions/forms.getList?codForm=Revision_reparto_Correspondencias&id=funcionarioasignado&text=an HTTP/1.1" 200 1242
190.27.46.48 - - [01/Feb/2015:00:38:27 -0500] "GET /forest/actions/forms.getList?codForm=Revision_reparto_Correspondencias&id=funcionarioasignado&text=a HTTP/1.1" 200 1267
190.27.46.48 - - [01/Feb/2015:00:38:27 -0500] "GET /forest/actions/forms.getList?codForm=Revision_reparto_Correspondencias&id=funcionarioasignado&text= HTTP/1.1" 200 1267
190.27.46.48 - - [01/Feb/2015:00:38:28 -0500] "GET /forest/actions/forms.getList?codForm=Revision_reparto_Correspondencias&id=funcionarioasignado&text=m HTTP/1.1" 200 1256
190.27.46.48 - - [01/Feb/2015:00:38:28 -0500] "GET /forest/actions/forms.getList?codForm=Revision_reparto_Correspondencias&id=funcionarioasignado&text=ma HTTP/1.1" 200 1224
190.27.46.48 - - [01/Feb/2015:00:38:29 -0500] "GET /forest/actions/forms.getList?codForm=Revision_reparto_Correspondencias&id=funcionarioasignado&text=mar HTTP/1.1" 200 1235
190.27.46.48 - - [01/Feb/2015:00:38:29 -0500] "GET /forest/actions/forms.getList?codForm=Revision_reparto_Correspondencias&id=funcionarioasignado&text=mari HTTP/1.1" 200 1227
66.249.73.155 - - [01/Feb/2015:00:38:29 -0500] "GET /BLA/resoluciones/RESOLUCIONES%202009/3847.pdf HTTP/1.1" 200 534687
190.27.46.48 - - [01/Feb/2015:00:38:30 -0500] "GET /forest/actions/forms.getList?codForm=Revision_reparto_Correspondencias&id=funcionarioasignado&text=maria HTTP/1.1" 200 1206
190.27.46.48 - - [01/Feb/2015:00:38:30 -0500] "GET /forest/actions/forms.getList?codForm=Revision_reparto_Correspondencias&id=funcionarioasignado&text=marian HTTP/1.1" 200 2
66.249.73.155 - - [01/Feb/2015:00:38:31 -0500] "GET /BLA/resoluciones/AUTOS%202007/3420.pdf HTTP/1.1" 200 107566
190.27.46.48 - - [01/Feb/2015:00:38:31 -0500] "GET /forest/actions/forms.getList?codForm=Revision_reparto_Correspondencias&id=funcionarioasignado&text=maria HTTP/1.1" 200 1206
66.249.73.155 - - [01/Feb/2015:00:38:33 -0500] "GET /BLA/resoluciones/AUTOS%202007/1029.pdf HTTP/1.1" 200 224867
190.27.46.48 - - [01/Feb/2015:00:38:33 -0500] "GET /forest/actions/forms.getList?codForm=Revision_reparto_Correspondencias&id=funcionarioasignado&text=mar HTTP/1.1" 200 1235
190.27.46.48 - - [01/Feb/2015:00:38:33 -0500] "GET /forest/actions/forms.getList?codForm=Revision_reparto_Correspondencias&id=funcionarioasignado&text=mari HTTP/1.1" 200 1227
190.27.46.48 - - [01/Feb/2015:00:38:33 -0500] "GET /forest/actions/forms.getList?codForm=Revision_reparto_Correspondencias&id=funcionarioasignado&text=ma HTTP/1.1" 200 1224
190.27.46.48 - - [01/Feb/2015:00:38:33 -0500] "GET /forest/actions/forms.getList?codForm=Revision_reparto_Correspondencias&id=funcionarioasignado&text=m HTTP/1.1" 200 1256
190.27.46.48 - - [01/Feb/2015:00:38:33 -0500] "GET /forest/actions/forms.getList?codForm=Revision_reparto_Correspondencias&id=funcionarioasignado&text= HTTP/1.1" 200 1267
190.27.46.48 - - [01/Feb/2015:00:38:34 -0500] "GET /forest/actions/forms.getList?codForm=Revision_reparto_Correspondencias&id=funcionarioasignado&text=m HTTP/1.1" 200 1256
190.27.46.48 - - [01/Feb/2015:00:38:34 -0500] "GET /forest/actions/forms.getList?codForm=Revision_reparto_Correspondencias&id=funcionarioasignado&text=mo HTTP/1.1" 200 1305
190.27.46.48 - - [01/Feb/2015:00:38:35 -0500] "GET /forest/actions/forms.getList?codForm=Revision_reparto_Correspondencias&id=funcionarioasignado&text=moi HTTP/1.1" 200 2
66.249.73.171 - - [01/Feb/2015:00:38:35 -0500] "GET /BLA/resoluciones/AUTOS%202007/3669.pdf HTTP/1.1" 200 220434
190.27.46.48 - - [01/Feb/2015:00:38:35 -0500] "GET /forest/actions/forms.getList?codForm=Revision_reparto_Correspondencias&id=funcionarioasignado&text=mo HTTP/1.1" 200 1305
190.27.46.48 - - [01/Feb/2015:00:38:35 -0500] "GET /forest/actions/forms.getList?codForm=Revision_reparto_Correspondencias&id=funcionarioasignado&text=mon HTTP/1.1" 200 1319
190.27.46.48 - - [01/Feb/2015:00:38:35 -0500] "GET /forest/actions/forms.getList?codForm=Revision_reparto_Correspondencias&id=funcionarioasignado&text=moni HTTP/1.1" 200 900
190.27.46.48 - - [01/Feb/2015:00:38:36 -0500] "GET /forest/actions/forms.getList?codForm=Revision_reparto_Correspondencias&id=funcionarioasignado&text=monia HTTP/1.1" 200 2
190.27.46.48 - - [01/Feb/2015:00:38:36 -0500] "GET /forest/actions/forms.getList?codForm=Revision_reparto_Correspondencias&id=funcionarioasignado&text=moni HTTP/1.1" 200 900
190.27.46.48 - - [01/Feb/2015:00:38:36 -0500] "GET /forest/actions/forms.getList?codForm=Revision_reparto_Correspondencias&id=funcionarioasignado&text=monic HTTP/1.1" 200 900
190.27.46.48 - - [01/Feb/2015:00:38:37 -0500] "GET /forest/actions/forms.getList?codForm=Revision_reparto_Correspondencias&id=funcionarioasignado&text=monica HTTP/1.1" 200 900
66.249.73.155 - - [01/Feb/2015:00:38:37 -0500] "GET /BLA/resoluciones/AUTOS%202009/0401.pdf HTTP/1.1" 200 67928
66.249.73.171 - - [01/Feb/2015:00:38:39 -0500] "GET /BLA/resoluciones/RESOLUCIONES%202011/1268.pdf HTTP/1.1" 200 271466
66.249.73.163 - - [01/Feb/2015:00:38:40 -0500] "GET /BLA/resoluciones/RESOLUCIONES%202010/5319.pdf HTTP/1.1" 200 400421
66.249.73.155 - - [01/Feb/2015:00:38:42 -0500] "GET /BLA/resoluciones/RESOLUCIONES%202009/7686.pdf HTTP/1.1" 200 102296
66.249.73.163 - - [01/Feb/2015:00:38:43 -0500] "GET /BLA/resoluciones/RESOLUCIONES%202009/9397.pdf HTTP/1.1" 200 408359
190.27.46.48 - - [01/Feb/2015:00:38:45 -0500] "GET /forest/actions/forms.getList?codForm=Revision_reparto_Correspondencias&id=funcionarioasignado&text=monic HTTP/1.1" 200 900
190.27.46.48 - - [01/Feb/2015:00:38:45 -0500] "GET /forest/actions/forms.getList?codForm=Revision_reparto_Correspondencias&id=funcionarioasignado&text=moni HTTP/1.1" 200 900
190.27.46.48 - - [01/Feb/2015:00:38:45 -0500] "GET /forest/actions/forms.getList?codForm=Revision_reparto_Correspondencias&id=funcionarioasignado&text=mon HTTP/1.1" 200 1319
190.27.46.48 - - [01/Feb/2015:00:38:45 -0500] "GET /forest/actions/forms.getList?codForm=Revision_reparto_Correspondencias&id=funcionarioasignado&text=mo HTTP/1.1" 200 1305
190.27.46.48 - - [01/Feb/2015:00:38:46 -0500] "GET /forest/actions/forms.getList?codForm=Revision_reparto_Correspondencias&id=funcionarioasignado&text=m HTTP/1.1" 200 1256
66.249.73.171 - - [01/Feb/2015:00:38:46 -0500] "GET /BLA/resoluciones/RESOLUCIONES%202013/0660.pdf HTTP/1.1" 200 782951
190.27.46.48 - - [01/Feb/2015:00:38:46 -0500] "GET /forest/actions/forms.getList?codForm=Revision_reparto_Correspondencias&id=funcionarioasignado&text= HTTP/1.1" 200 1267
66.249.73.171 - - [01/Feb/2015:00:38:47 -0500] "GET /BLA/resoluciones/RESOLUCIONES%202007/RES%202007%20701%20AL%20800/RESOLUCION%200763%20DE%202007.pdf HTTP/1.1" 200 177936
66.249.73.155 - - [01/Feb/2015:00:38:50 -0500] "GET /BLA/resoluciones/RESOLUCIONES%202012/1328.pdf HTTP/1.1" 200 815126
66.249.73.155 - - [01/Feb/2015:00:38:51 -0500] "GET /BLA/resoluciones/RESOLUCIONES%202011/1363.pdf HTTP/1.1" 200 64909
66.249.73.155 - - [01/Feb/2015:00:38:53 -0500] "GET /BLA/resoluciones/RESOLUCIONES%202010/4249.pdf HTTP/1.1" 200 403377
190.27.46.48 - - [01/Feb/2015:00:38:55 -0500] "GET /forest/actions/forms.getList?codForm=Revision_reparto_Correspondencias&id=funcionarioasignado&text=g HTTP/1.1" 200 1313
190.27.46.48 - - [01/Feb/2015:00:38:56 -0500] "GET /forest/actions/forms.getList?codForm=Revision_reparto_Correspondencias&id=funcionarioasignado&text=gu HTTP/1.1" 200 1314
66.249.73.163 - - [01/Feb/2015:00:38:56 -0500] "GET /BLA/resoluciones/RESOLUCIONES%202009/3368.pdf HTTP/1.1" 200 548715
190.27.46.48 - - [01/Feb/2015:00:38:56 -0500] "GET /forest/actions/forms.getList?codForm=Revision_reparto_Correspondencias&id=funcionarioasignado&text=guj HTTP/1.1" 200 2
190.27.46.48 - - [01/Feb/2015:00:38:56 -0500] "GET /forest/actions/forms.getList?codForm=Revision_reparto_Correspondencias&id=funcionarioasignado&text=guji HTTP/1.1" 200 2
190.27.46.48 - - [01/Feb/2015:00:38:56 -0500] "GET /forest/actions/forms.getList?codForm=Revision_reparto_Correspondencias&id=funcionarioasignado&text=guj HTTP/1.1" 200 2
190.27.46.48 - - [01/Feb/2015:00:38:56 -0500] "GET /forest/actions/forms.getList?codForm=Revision_reparto_Correspondencias&id=funcionarioasignado&text=gu HTTP/1.1" 200 1314
190.27.46.48 - - [01/Feb/2015:00:38:57 -0500] "GET /forest/actions/forms.getList?codForm=Revision_reparto_Correspondencias&id=funcionarioasignado&text=gui HTTP/1.1" 200 1327
66.249.73.163 - - [01/Feb/2015:00:38:57 -0500] "GET /BLA/resoluciones/RESOLUCIONES%202012/0624.pdf HTTP/1.1" 304 -
190.27.46.48 - - [01/Feb/2015:00:38:58 -0500] "GET /forest/actions/forms.getList?codForm=Revision_reparto_Correspondencias&id=funcionarioasignado&text=guil HTTP/1.1" 200 376
190.27.46.48 - - [01/Feb/2015:00:38:58 -0500] "GET /forest/actions/forms.getList?codForm=Revision_reparto_Correspondencias&id=funcionarioasignado&text=guill HTTP/1.1" 200 188
