190.27.46.48 - - [01/Feb/2015:01:16:38 -0500] "GET /forest/json.do?query=ultimoBorradorByTpl&codTpl=501&codInst=2985831&a=0.6344780887011439 HTTP/1.1" 200 2
190.27.46.48 - - [01/Feb/2015:01:16:38 -0500] "GET /forest/json.do?query=ultimoBorradorByTpl&codTpl=1301&codInst=2985831&a=0.6510081482119858 HTTP/1.1" 200 2
188.165.15.183 - - [01/Feb/2015:01:16:54 -0500] "GET /BLA/resoluciones/RESOLUCIONES%202004/RES%202004%201701-1750/00001708.tif HTTP/1.1" 200 143826
180.76.5.171 - - [01/Feb/2015:01:17:06 -0500] "GET /BLA/resoluciones/AUTOS%202007/1843.pdf HTTP/1.1" 200 30162
190.27.46.48 - - [01/Feb/2015:01:17:11 -0500] "POST /forest/usutareas.do?group_system_actual=3 HTTP/1.1" 200 213
190.27.46.48 - - [01/Feb/2015:01:17:15 -0500] "GET /forest/usutareas.do?group_system_actual=3&a=0.7221613028086722 HTTP/1.1" 200 120288
190.27.46.48 - - [01/Feb/2015:01:17:16 -0500] "GET /forest/session.jsp?a=0.5589382236357778 HTTP/1.1" 200 4
190.27.46.48 - - [01/Feb/2015:01:16:36 -0500] "GET /ForestMSG_SDA/channelAsync/template_word_17406286?X-Atmosphere-tracking-id=5bd9e1b0-32e4-740f-0672-10ea4252efe3&X-Atmosphere-Framework=1.0.5&X-Atmosphere-Transport=long-polling&tabid=0.2903195235412568&X-Cache-Date=0&Content-Type=application/xml&_=1422771598731 HTTP/1.1" 200 8193
188.165.15.90 - - [01/Feb/2015:01:17:18 -0500] "GET /BLA/resoluciones/RESOLUCIONES%202004/RES%202004%201201-1250/00001225.tif HTTP/1.1" 200 250322
190.27.46.48 - - [01/Feb/2015:01:17:18 -0500] "POST /forest/usutareas.do? HTTP/1.1" 200 76
190.27.46.48 - - [01/Feb/2015:01:17:20 -0500] "GET /forest/usutareas.do?group_system_actual=3&a=0.6887357367668301 HTTP/1.1" 200 120288
190.27.46.48 - - [01/Feb/2015:01:17:16 -0500] "GET /ForestMSG_SDA/channelAsync/template_word_17406286?X-Atmosphere-tracking-id=66c0b62a-de50-987d-f0df-a3c57eeab19a&X-Atmosphere-Framework=1.0.5&X-Atmosphere-Transport=long-polling&tabid=0.22244115150533617&X-Cache-Date=0&Content-Type=application/xml&_=1422771639040 HTTP/1.1" 200 8193
190.27.46.48 - - [01/Feb/2015:01:17:21 -0500] "GET /forest/session.jsp?a=0.009027732536196709 HTTP/1.1" 200 4
190.27.46.48 - - [01/Feb/2015:01:17:22 -0500] "GET /forest/misactividades.do?_a=0.6054825221654028&group_system_actual=3 HTTP/1.1" 200 37527
190.27.46.48 - - [01/Feb/2015:01:17:22 -0500] "GET /forest/session.jsp?a=0.5979751131962985 HTTP/1.1" 200 4
190.27.46.48 - - [01/Feb/2015:01:17:23 -0500] "POST /forest/misactividades.do?ajax=true&a=0.8011469685006887 HTTP/1.1" 200 12238
74.86.158.107 - - [01/Feb/2015:01:17:41 -0500] "HEAD / HTTP/1.1" 302 -
190.27.46.48 - - [01/Feb/2015:01:17:42 -0500] "POST /forest/misactividades.do?ajax=true&a=0.5371014978736639 HTTP/1.1" 200 12273
66.249.73.171 - - [01/Feb/2015:01:17:51 -0500] "GET /BLA/resoluciones/AUTOS%202012/1525.pdf HTTP/1.1" 200 601122
190.27.46.48 - - [01/Feb/2015:01:18:02 -0500] "POST /forest/misactividades.do?ajax=true&a=0.02732606790959835 HTTP/1.1" 200 12311
190.27.46.48 - - [01/Feb/2015:01:18:14 -0500] "POST /forest/misactividades.do?ajax=true&a=0.6053481670096517 HTTP/1.1" 200 11617
190.27.46.48 - - [01/Feb/2015:01:18:56 -0500] "POST /forest/misactividades.do?ajax=true&a=0.40815672604367137 HTTP/1.1" 200 11866
190.27.46.48 - - [01/Feb/2015:01:19:17 -0500] "GET /forest/usutareas.do?_a=0.9684241602662951&group_system_actual=3 HTTP/1.1" 200 115735
190.27.46.48 - - [01/Feb/2015:01:19:18 -0500] "GET /forest/session.jsp?a=0.2596385567449033 HTTP/1.1" 200 4
188.165.15.41 - - [01/Feb/2015:01:19:21 -0500] "GET /BLA/resoluciones/RESOLUCIONES%202002/RES%202002%20151-200/2002RES153.tif HTTP/1.1" 200 131202
66.249.73.163 - - [01/Feb/2015:01:19:51 -0500] "GET /BLA/resoluciones/RESOLUCIONES%202009/1673.pdf HTTP/1.1" 200 856193
201.221.166.166 - - [01/Feb/2015:01:20:56 -0500] "GET /BLA/boletinlegal/js/jquery.js HTTP/1.1" 200 57254
201.221.166.166 - - [01/Feb/2015:01:20:56 -0500] "GET /BLA/boletinlegal/js/jquery.scrollShow.js HTTP/1.1" 200 4586
201.221.166.166 - - [01/Feb/2015:01:20:56 -0500] "GET /BLA/boletinlegal/js/jquery.scrollTo-min.js HTTP/1.1" 200 1150
188.165.15.90 - - [01/Feb/2015:01:21:11 -0500] "GET /BLA/resoluciones/RESOLUCIONES%202004/RES%202004%201501-1550/00001540.tif HTTP/1.1" 200 131504
190.27.46.48 - - [01/Feb/2015:01:21:35 -0500] "GET /forest/skins/gdocs-jar/popup/popup.jsp?width=1100&height=500&title=Buscar%20documentos&uri=/forest/buscar.do%3Ftype%3Ddocumentos&name=undefined&_a=0.3385843108408153&a=0.6196243413724005 HTTP/1.1" 200 1300
190.27.46.48 - - [01/Feb/2015:01:21:35 -0500] "GET /forest/buscar.do?type=documentos HTTP/1.1" 200 84418
190.27.46.48 - - [01/Feb/2015:01:21:36 -0500] "GET /forest/json.do?query=usersByDep&coddep=215 HTTP/1.1" 200 880
190.27.46.48 - - [01/Feb/2015:01:21:36 -0500] "GET /forest/json.do?query=versionListadas HTTP/1.1" 200 15
190.27.46.48 - - [01/Feb/2015:01:21:36 -0500] "GET /forest/json.do?query=usersByDep&coddep=215 HTTP/1.1" 200 880
190.27.46.48 - - [01/Feb/2015:01:21:36 -0500] "GET /forest/json.do?query=procesIniciales HTTP/1.1" 200 10001
190.27.46.48 - - [01/Feb/2015:01:21:45 -0500] "POST /forest/buscar.do? HTTP/1.1" 200 4667
190.27.46.48 - - [01/Feb/2015:01:21:47 -0500] "GET /forest/buscar.do HTTP/1.1" 200 84408
190.27.46.48 - - [01/Feb/2015:01:21:47 -0500] "GET /forest/json.do?query=usersByDep&coddep=215 HTTP/1.1" 200 880
190.27.46.48 - - [01/Feb/2015:01:21:47 -0500] "GET /forest/json.do?query=versionListadas HTTP/1.1" 200 15
190.27.46.48 - - [01/Feb/2015:01:21:47 -0500] "GET /forest/json.do?query=usersByDep&coddep=215 HTTP/1.1" 200 880
190.27.46.48 - - [01/Feb/2015:01:21:47 -0500] "GET /forest/json.do?query=procesIniciales HTTP/1.1" 200 10001
66.249.73.171 - - [01/Feb/2015:01:21:50 -0500] "GET /BLA/resoluciones/RESOLUCIONES%202011/3117.pdf HTTP/1.1" 200 252247
190.27.46.48 - - [01/Feb/2015:01:22:10 -0500] "GET /forest/xmlresponse.do?lista=searchTerceroByName&xmlret=1&todos=false&_a=0.20858847303315997&partNomTer=colom HTTP/1.1" 200 2419
190.27.46.48 - - [01/Feb/2015:01:22:11 -0500] "GET /forest/xmlresponse.do?lista=searchTerceroByName&xmlret=1&todos=false&_a=0.20858847303315997&partNomTer=colombina HTTP/1.1" 200 881
188.165.15.94 - - [01/Feb/2015:01:22:18 -0500] "GET /BLA/resoluciones/RESOLUCIONES%202002/RES%202002%201801-1850/20021848.tif HTTP/1.1" 200 35782
152.61.128.66 - - [01/Feb/2015:01:22:18 -0500] "HEAD / HTTP/1.1" 302 -
152.61.128.66 - - [01/Feb/2015:01:22:18 -0500] "GET /arcgis/services/Calidad_del_Agua_WQI/MapServer/WMSServer?SERVICE=WMS&REQUEST=GetCapabilities HTTP/1.1" 200 32135
152.61.128.66 - - [01/Feb/2015:01:22:19 -0500] "GET /arcgis/services/Calidad_del_Agua_WQI/MapServer/WMSServer?SERVICE=WMS&REQUEST=GetCapabilities HTTP/1.0" 200 32135
152.61.128.66 - - [01/Feb/2015:01:22:20 -0500] "GET /arcgis/services/Calidad_del_Agua_WQI/MapServer/WMSServer?SERVICE=WMS&REQUEST=GetCapabilities HTTP/1.0" 200 32135
152.61.128.66 - - [01/Feb/2015:01:22:21 -0500] "GET /arcgis/services/Calidad_del_Agua_WQI/MapServer/WMSServer?SERVICE=WMS&REQUEST=GetCapabilities HTTP/1.0" 200 32135
152.61.128.66 - - [01/Feb/2015:01:22:22 -0500] "GET /arcgis/services/Calidad_del_Agua_WQI/MapServer/WMSServer?VERSION=1.1.1&REQUEST=GetMap&LAYERS=0&SRS=EPSG:4326&BBOX=-74.473395,3.674381,-73.963300,4.920569&WIDTH=250&HEIGHT=250&FORMAT=image/bmp&STYLES=& HTTP/1.1" 200 188054
190.27.46.48 - - [01/Feb/2015:01:22:31 -0500] "POST /forest/buscar.do? HTTP/1.1" 200 4681
190.27.46.48 - - [01/Feb/2015:01:22:33 -0500] "GET /forest/buscar.do HTTP/1.1" 200 84408
190.27.46.48 - - [01/Feb/2015:01:22:35 -0500] "GET /forest/json.do?query=usersByDep&coddep=215 HTTP/1.1" 200 880
190.27.46.48 - - [01/Feb/2015:01:22:35 -0500] "GET /forest/json.do?query=versionListadas HTTP/1.1" 200 15
190.27.46.48 - - [01/Feb/2015:01:22:35 -0500] "GET /forest/json.do?query=usersByDep&coddep=215 HTTP/1.1" 200 880
190.27.46.48 - - [01/Feb/2015:01:22:35 -0500] "GET /forest/json.do?query=procesIniciales HTTP/1.1" 200 10001
190.27.46.48 - - [01/Feb/2015:01:22:36 -0500] "GET /forest/xmlresponse.do?lista=searchTerceroByName&xmlret=1&todos=false&_a=0.4114462248980999&partNomTer=c HTTP/1.1" 200 2396
190.27.46.48 - - [01/Feb/2015:01:22:37 -0500] "GET /forest/xmlresponse.do?lista=searchTerceroByName&xmlret=1&todos=false&_a=0.4114462248980999&partNomTer=colo HTTP/1.1" 200 2430
190.27.46.48 - - [01/Feb/2015:01:22:39 -0500] "GET /forest/xmlresponse.do?lista=searchTerceroByName&xmlret=1&todos=false&_a=0.4114462248980999&partNomTer=colom HTTP/1.1" 200 2419
190.27.46.48 - - [01/Feb/2015:01:22:40 -0500] "GET /forest/xmlresponse.do?lista=searchTerceroByName&xmlret=1&todos=false&_a=0.4114462248980999&partNomTer=colomb HTTP/1.1" 200 2419
74.86.158.107 - - [01/Feb/2015:01:22:41 -0500] "HEAD / HTTP/1.1" 302 -
190.27.46.48 - - [01/Feb/2015:01:22:43 -0500] "GET /forest/xmlresponse.do?lista=searchTerceroByName&xmlret=1&todos=false&_a=0.4114462248980999&partNomTer=colombi HTTP/1.1" 200 2419
190.27.46.48 - - [01/Feb/2015:01:22:43 -0500] "GET /forest/xmlresponse.do?lista=searchTerceroByName&xmlret=1&todos=false&_a=0.4114462248980999&partNomTer=colombin HTTP/1.1" 200 1486
190.27.46.48 - - [01/Feb/2015:01:22:47 -0500] "GET /forest/xmlresponse.do?lista=searchTerceroByName&xmlret=1&todos=false&_a=0.4114462248980999&partNomTer=colombina HTTP/1.1" 200 881
190.27.46.48 - - [01/Feb/2015:01:17:21 -0500] "GET /ForestMSG_SDA/channelAsync/template_word_17406286?X-Atmosphere-tracking-id=fb86c63c-dafa-a9f5-4184-6d7a78720b1a&X-Atmosphere-Framework=1.0.5&X-Atmosphere-Transport=long-polling&tabid=0.2081585880368948&X-Cache-Date=0&Content-Type=application/xml&_=1422771643823 HTTP/1.1" 200 8193
190.27.46.48 - - [01/Feb/2015:01:23:47 -0500] "GET /forest/img/candado.gif HTTP/1.1" 200 406
190.27.46.48 - - [01/Feb/2015:01:23:17 -0500] "POST /forest/buscar.do? HTTP/1.1" 200 15403
66.249.73.155 - - [01/Feb/2015:01:23:49 -0500] "GET /BLA/resoluciones/RESOLUCIONES%202008/3937.pdf HTTP/1.1" 200 498550
190.27.46.48 - - [01/Feb/2015:01:23:58 -0500] "GET /forest/skins/gdocs-jar/popup/popup.jsp?width=900&height=600&title=Informaci%F3n%20de%20proceso&uri=/forest/system/process.jsp%3FnumPro%3D943066&name=undefined&_a=0.7272105875890702&a=0.6472054291516542 HTTP/1.1" 200 1311
190.27.46.48 - - [01/Feb/2015:01:23:59 -0500] "GET /forest/system/process.jsp?numPro=943066 HTTP/1.1" 200 12433
190.27.46.48 - - [01/Feb/2015:01:23:59 -0500] "GET /forest/system/process.jsp?numPro=943066 HTTP/1.1" 200 12433
220.181.108.90 - - [01/Feb/2015:01:24:05 -0500] "GET /BLA/resoluciones/AUTOS%202014/2505.pdf HTTP/1.1" 200 245699
188.165.15.90 - - [01/Feb/2015:01:24:18 -0500] "GET /BLA/resoluciones/RESOLUCIONES%202004/RES%202004%20501-550/00000542.tif HTTP/1.1" 200 110872
188.165.15.183 - - [01/Feb/2015:01:24:19 -0500] "GET /BLA/resoluciones/RESOLUCIONES%202005/RES%202005%201-50/00000024.tif HTTP/1.1" 200 276232
190.27.46.48 - - [01/Feb/2015:01:24:21 -0500] "GET /forest/session.jsp?a=0.24379794881679118 HTTP/1.1" 200 4
190.27.46.48 - - [01/Feb/2015:01:24:32 -0500] "GET /forest/skins/gdocs-jar/popup/popup.jsp?width=1100&height=500&title=Buscar%20documentos&uri=/forest/buscar.do%3Ftype%3Ddocumentos&name=undefined&_a=0.7058586971834302&a=0.656584040960297 HTTP/1.1" 200 1300
190.27.46.48 - - [01/Feb/2015:01:24:32 -0500] "GET /forest/buscar.do?type=documentos HTTP/1.1" 200 84418
190.27.46.48 - - [01/Feb/2015:01:24:33 -0500] "GET /forest/json.do?query=usersByDep&coddep=215 HTTP/1.1" 200 880
190.27.46.48 - - [01/Feb/2015:01:24:33 -0500] "GET /forest/json.do?query=versionListadas HTTP/1.1" 200 15
190.27.46.48 - - [01/Feb/2015:01:24:33 -0500] "GET /forest/json.do?query=usersByDep&coddep=215 HTTP/1.1" 200 880
190.27.46.48 - - [01/Feb/2015:01:24:33 -0500] "GET /forest/json.do?query=procesIniciales HTTP/1.1" 200 10001
190.27.46.48 - - [01/Feb/2015:01:24:37 -0500] "GET /forest/xmlresponse.do?lista=searchTerceroByName&xmlret=1&todos=false&_a=0.3522483496926725&partNomTer=colom HTTP/1.1" 200 2419
190.27.46.48 - - [01/Feb/2015:01:24:39 -0500] "GET /forest/xmlresponse.do?lista=searchTerceroByName&xmlret=1&todos=false&_a=0.3522483496926725&partNomTer=colombina HTTP/1.1" 200 881
202.46.62.128 - - [01/Feb/2015:01:24:43 -0500] "GET /BLA/resoluciones/AUTOS%202013/0447.pdf HTTP/1.1" 200 2224061
190.27.46.48 - - [01/Feb/2015:01:24:50 -0500] "GET /forest/xmlresponse.do?lista=searchTerceroByName&xmlret=1&todos=false&_a=0.3522483496926725&partNomTer=COLOMBINA HTTP/1.1" 200 881
180.76.6.43 - - [01/Feb/2015:01:25:04 -0500] "GET /BLA/boletinlegal;jsessionid=8FBE9072BB63D2AFBEEE31ED9EF5DAEF?/? HTTP/1.1" 404 1018
66.249.73.163 - - [01/Feb/2015:01:25:48 -0500] "GET /BLA/resoluciones/RESOLUCIONES%202008/3705.pdf HTTP/1.1" 200 149439
180.76.5.189 - - [01/Feb/2015:01:27:39 -0500] "GET /BLA/boletinlegal;jsessionid=9B6CEF2EBD4ED2DE103543615876A49E?/? HTTP/1.1" 404 1018
74.86.158.107 - - [01/Feb/2015:01:27:41 -0500] "HEAD / HTTP/1.1" 302 -
190.27.46.48 - - [01/Feb/2015:01:27:41 -0500] "POST /forest/buscar.do? HTTP/1.1" 200 4691
190.27.46.48 - - [01/Feb/2015:01:27:43 -0500] "GET /forest/buscar.do HTTP/1.1" 200 84408
190.27.46.48 - - [01/Feb/2015:01:27:43 -0500] "GET /forest/json.do?query=usersByDep&coddep=215 HTTP/1.1" 200 880
190.27.46.48 - - [01/Feb/2015:01:27:43 -0500] "GET /forest/json.do?query=versionListadas HTTP/1.1" 200 15
190.27.46.48 - - [01/Feb/2015:01:27:43 -0500] "GET /forest/json.do?query=usersByDep&coddep=215 HTTP/1.1" 200 880
190.27.46.48 - - [01/Feb/2015:01:27:44 -0500] "GET /forest/json.do?query=procesIniciales HTTP/1.1" 200 10001
66.249.73.171 - - [01/Feb/2015:01:27:47 -0500] "GET /BLA/resoluciones/RESOLUCIONES%202007/RES%202007%201901%20AL%202000/RESOLUCION%201960%20DE%202007.pdf HTTP/1.1" 200 149561
190.27.46.48 - - [01/Feb/2015:01:28:02 -0500] "POST /forest/buscar.do? HTTP/1.1" 200 5927
190.27.46.48 - - [01/Feb/2015:01:28:04 -0500] "GET /forest/skins/gdocs-jar/popup/popup.jsp?width=900&height=600&title=Informaci%F3n%20de%20proceso&uri=/forest/system/process.jsp%3FnumPro%3D2968982&name=undefined&_a=0.15912864124402404&a=0.08994467812590301 HTTP/1.1" 200 1312
190.27.46.48 - - [01/Feb/2015:01:28:04 -0500] "GET /forest/system/process.jsp?numPro=2968982 HTTP/1.1" 200 18480
190.27.46.48 - - [01/Feb/2015:01:28:04 -0500] "GET /forest/system/process.jsp?numPro=2968982 HTTP/1.1" 200 18481
66.249.73.171 - - [01/Feb/2015:01:28:14 -0500] "GET /BLA/resoluciones/RESOLUCIONES%202003/RES%202003%20951-1000/983.tif HTTP/1.1" 200 194576
188.165.15.23 - - [01/Feb/2015:01:28:22 -0500] "GET /BLA/resoluciones/RESOLUCIONES%202002/RES%202002%20751-800/2002RES786.tif HTTP/1.1" 200 78520
190.27.46.48 - - [01/Feb/2015:01:29:16 -0500] "GET /forest/actions/forms.getList?codForm=Revision_reparto_Correspondencias&id=funcionarioasignado&text=G HTTP/1.1" 200 1313
190.27.46.48 - - [01/Feb/2015:01:29:16 -0500] "GET /forest/actions/forms.getList?codForm=Revision_reparto_Correspondencias&id=funcionarioasignado&text=GU HTTP/1.1" 200 1314
190.27.46.48 - - [01/Feb/2015:01:29:16 -0500] "GET /forest/actions/forms.getList?codForm=Revision_reparto_Correspondencias&id=funcionarioasignado&text=GUI HTTP/1.1" 200 1327
190.27.46.48 - - [01/Feb/2015:01:29:16 -0500] "GET /forest/actions/forms.getList?codForm=Revision_reparto_Correspondencias&id=funcionarioasignado&text=GUIL HTTP/1.1" 200 376
190.27.46.48 - - [01/Feb/2015:01:29:16 -0500] "GET /forest/actions/forms.getList?codForm=Revision_reparto_Correspondencias&id=funcionarioasignado&text=GUILL HTTP/1.1" 200 188
190.27.46.48 - - [01/Feb/2015:01:29:16 -0500] "GET /forest/actions/forms.getList?codForm=Revision_reparto_Correspondencias&id=funcionarioasignado&text=GUILLE HTTP/1.1" 200 188
190.27.46.48 - - [01/Feb/2015:01:29:16 -0500] "GET /forest/actions/forms.getList?codForm=Revision_reparto_Correspondencias&id=funcionarioasignado&text=GUILLER HTTP/1.1" 200 188
190.27.46.48 - - [01/Feb/2015:01:29:16 -0500] "GET /forest/actions/forms.getList?codForm=Revision_reparto_Correspondencias&id=funcionarioasignado&text=GUILLERM HTTP/1.1" 200 188
190.27.46.48 - - [01/Feb/2015:01:29:16 -0500] "GET /forest/actions/forms.getList?codForm=Revision_reparto_Correspondencias&id=funcionarioasignado&text=GUILLERMO HTTP/1.1" 200 188
190.27.46.48 - - [01/Feb/2015:01:29:21 -0500] "GET /forest/actions/forms.getList?codForm=Revision_reparto_Correspondencias&id=codigoFuncionario&text=G HTTP/1.1" 200 1313
190.27.46.48 - - [01/Feb/2015:01:29:21 -0500] "GET /forest/session.jsp?a=0.5772868571802974 HTTP/1.1" 200 4
190.27.46.48 - - [01/Feb/2015:01:29:21 -0500] "GET /forest/actions/forms.getList?codForm=Revision_reparto_Correspondencias&id=codigoFuncionario&text=GU HTTP/1.1" 200 1314
190.27.46.48 - - [01/Feb/2015:01:29:21 -0500] "GET /forest/actions/forms.getList?codForm=Revision_reparto_Correspondencias&id=codigoFuncionario&text=GUI HTTP/1.1" 200 1327
190.27.46.48 - - [01/Feb/2015:01:29:21 -0500] "GET /forest/actions/forms.getList?codForm=Revision_reparto_Correspondencias&id=codigoFuncionario&text=GUIL HTTP/1.1" 200 376
190.27.46.48 - - [01/Feb/2015:01:29:21 -0500] "GET /forest/actions/forms.getList?codForm=Revision_reparto_Correspondencias&id=codigoFuncionario&text=GUILL HTTP/1.1" 200 188
190.27.46.48 - - [01/Feb/2015:01:29:21 -0500] "GET /forest/actions/forms.getList?codForm=Revision_reparto_Correspondencias&id=codigoFuncionario&text=GUILLM HTTP/1.1" 200 2
190.27.46.48 - - [01/Feb/2015:01:29:22 -0500] "GET /forest/actions/forms.getList?codForm=Revision_reparto_Correspondencias&id=codigoFuncionario&text=GUILLMO HTTP/1.1" 200 2
190.27.46.48 - - [01/Feb/2015:01:29:22 -0500] "GET /forest/actions/forms.getList?codForm=Revision_reparto_Correspondencias&id=codigoFuncionario&text=GUILLM HTTP/1.1" 200 2
190.27.46.48 - - [01/Feb/2015:01:29:22 -0500] "GET /forest/actions/forms.getList?codForm=Revision_reparto_Correspondencias&id=codigoFuncionario&text=GUILL HTTP/1.1" 200 188
190.27.46.48 - - [01/Feb/2015:01:29:23 -0500] "GET /forest/actions/forms.getList?codForm=Revision_reparto_Correspondencias&id=codigoFuncionario&text=GUILLE HTTP/1.1" 200 188
190.27.46.48 - - [01/Feb/2015:01:29:23 -0500] "GET /forest/actions/forms.getList?codForm=Revision_reparto_Correspondencias&id=codigoFuncionario&text=GUILLER HTTP/1.1" 200 188
190.27.46.48 - - [01/Feb/2015:01:29:28 -0500] "POST /forest/usutareas.do? HTTP/1.1" 200 76
190.27.46.48 - - [01/Feb/2015:01:29:30 -0500] "GET /forest/usutareas.do?group_system_actual=3&a=0.4871154965367168 HTTP/1.1" 200 116954
190.27.46.48 - - [01/Feb/2015:01:29:32 -0500] "GET /forest/session.jsp?a=0.6102311108261347 HTTP/1.1" 200 4
190.27.46.48 - - [01/Feb/2015:01:29:33 -0500] "GET /forest/skins/gdocs-jar/popup/escritorio/subirborrador.jsp?form=Correspondencia_Elaborar_Borrador&codTpl=621&codBorr=&a=0.5702840851154178 HTTP/1.1" 200 23286
190.27.46.48 - - [01/Feb/2015:01:29:33 -0500] "GET /forest/json.do?query=borradoresByTpls&codInst=3003714&codTare=692&firma=0&a=0.352027382934466 HTTP/1.1" 200 2
190.27.46.48 - - [01/Feb/2015:01:29:33 -0500] "GET /forest/json.do?query=plantillasByTarea&codTare=692&codInst=3003714&firma=0&a=0.08225448406301439 HTTP/1.1" 200 904
190.27.46.48 - - [01/Feb/2015:01:29:33 -0500] "GET /forest/json.do?query=terceroById&numTer=500011462&a=0.9719213375356048 HTTP/1.1" 200 635
190.27.46.48 - - [01/Feb/2015:01:29:33 -0500] "GET /forest/json.do?query=ultimoBorradorByTpl&codTpl=621&codInst=3003714&a=0.5341210076585412 HTTP/1.1" 200 2
190.27.46.48 - - [01/Feb/2015:01:29:33 -0500] "GET /forest/json.do?query=ultimoBorradorByTpl&codTpl=1201&codInst=3003714&a=0.4266957032959908 HTTP/1.1" 200 2
190.27.46.48 - - [01/Feb/2015:01:29:33 -0500] "GET /forest/json.do?query=ultimoBorradorByTpl&codTpl=641&codInst=3003714&a=0.2147351645398885 HTTP/1.1" 200 2
190.27.46.48 - - [01/Feb/2015:01:29:34 -0500] "GET /forest/json.do?query=ultimoBorradorByTpl&codTpl=901&codInst=3003714&a=0.5492802418302745 HTTP/1.1" 200 2
190.27.46.48 - - [01/Feb/2015:01:29:34 -0500] "GET /forest/json.do?query=ultimoBorradorByTpl&codTpl=501&codInst=3003714&a=0.40852857241407037 HTTP/1.1" 200 2
190.27.46.48 - - [01/Feb/2015:01:29:34 -0500] "GET /forest/json.do?query=ultimoBorradorByTpl&codTpl=1301&codInst=3003714&a=0.8308940907008946 HTTP/1.1" 200 2
66.249.73.163 - - [01/Feb/2015:01:29:46 -0500] "GET /BLA/resoluciones/RESOLUCIONES%202008/3865.pdf HTTP/1.1" 200 474219
190.27.46.48 - - [01/Feb/2015:01:30:06 -0500] "POST /forest/usutareas.do?group_system_actual=3 HTTP/1.1" 200 211
190.27.46.48 - - [01/Feb/2015:01:30:10 -0500] "GET /forest/usutareas.do?group_system_actual=3&a=0.002124004764482379 HTTP/1.1" 200 118733
190.27.46.48 - - [01/Feb/2015:01:30:11 -0500] "GET /forest/session.jsp?a=0.5301925269886851 HTTP/1.1" 200 4
190.27.46.48 - - [01/Feb/2015:01:29:31 -0500] "GET /ForestMSG_SDA/channelAsync/template_word_17406292?X-Atmosphere-tracking-id=f38682b6-3133-39e0-2bc9-d64a5bd77b56&X-Atmosphere-Framework=1.0.5&X-Atmosphere-Transport=long-polling&tabid=0.8396536479704082&X-Cache-Date=0&Content-Type=application/xml&_=1422772374570 HTTP/1.1" 200 8193
190.27.46.48 - - [01/Feb/2015:01:30:14 -0500] "POST /forest/usutareas.do? HTTP/1.1" 200 76
190.27.46.48 - - [01/Feb/2015:01:30:15 -0500] "GET /forest/usutareas.do?group_system_actual=3&a=0.19919115700758994 HTTP/1.1" 200 133602
190.27.46.48 - - [01/Feb/2015:01:30:17 -0500] "GET /forest/session.jsp?a=0.7991876548621804 HTTP/1.1" 200 4
190.26.210.162 - - [01/Feb/2015:01:30:22 -0500] "GET / HTTP/1.1" 302 -
190.27.46.48 - - [01/Feb/2015:01:30:24 -0500] "POST /forest/usutareas.do? HTTP/1.1" 200 76
190.27.46.48 - - [01/Feb/2015:01:30:17 -0500] "GET /ForestMSG_SDA/channelAsync/template_word_17406293?X-Atmosphere-tracking-id=a32ee248-17d4-7359-eccc-a7633faf653f&X-Atmosphere-Framework=1.0.5&X-Atmosphere-Transport=long-polling&tabid=0.6888779054861516&X-Cache-Date=0&Content-Type=application/xml&_=1422772419831 HTTP/1.1" 200 8193
190.27.46.48 - - [01/Feb/2015:01:30:26 -0500] "GET /forest/usutareas.do?group_system_actual=3&a=0.30756552098318934 HTTP/1.1" 200 133668
190.27.46.48 - - [01/Feb/2015:01:30:28 -0500] "GET /forest/session.jsp?a=0.9704054100438952 HTTP/1.1" 200 4
190.27.46.48 - - [01/Feb/2015:01:30:33 -0500] "GET /forest/misactividades.do?_a=0.28550160792656243&group_system_actual=3 HTTP/1.1" 200 37527
190.27.46.48 - - [01/Feb/2015:01:30:34 -0500] "GET /forest/session.jsp?a=0.06307976157404482 HTTP/1.1" 200 4
190.27.46.48 - - [01/Feb/2015:01:30:34 -0500] "POST /forest/misactividades.do?ajax=true&a=0.25020005484111607 HTTP/1.1" 200 12175
190.27.46.48 - - [01/Feb/2015:01:30:43 -0500] "POST /forest/misactividades.do?ajax=true&a=0.16638595331460238 HTTP/1.1" 200 12273
152.61.193.99 - - [01/Feb/2015:01:31:03 -0500] "HEAD / HTTP/1.1" 302 -
152.61.193.99 - - [01/Feb/2015:01:31:03 -0500] "GET /arcgis/services/Calidad_del_Agua_WQI/MapServer/WMSServer?SERVICE=WMS&REQUEST=GetCapabilities HTTP/1.1" 200 32135
152.61.193.99 - - [01/Feb/2015:01:31:03 -0500] "GET /arcgis/services/Calidad_del_Agua_WQI/MapServer/WMSServer?SERVICE=WMS&REQUEST=GetCapabilities HTTP/1.1" 200 32135
152.61.193.99 - - [01/Feb/2015:01:31:04 -0500] "GET /arcgis/services/Calidad_del_Agua_WQI/MapServer/WMSServer?SERVICE=WMS&REQUEST=GetCapabilities HTTP/1.1" 200 32135
152.61.193.99 - - [01/Feb/2015:01:31:05 -0500] "GET /arcgis/services/Calidad_del_Agua_WQI/MapServer/WMSServer?SERVICE=WMS&REQUEST=GetCapabilities HTTP/1.1" 200 32135
152.61.193.99 - - [01/Feb/2015:01:31:06 -0500] "GET /arcgis/services/Calidad_del_Agua_WQI/MapServer/WMSServer?VERSION=1.1.1&REQUEST=GetMap&LAYERS=0&SRS=EPSG:4326&BBOX=-74.473395,3.674381,-73.963300,4.920569&WIDTH=250&HEIGHT=250&FORMAT=image/bmp&STYLES=& HTTP/1.1" 200 188054
188.165.15.183 - - [01/Feb/2015:01:31:36 -0500] "GET /BLA/resoluciones/RESOLUCIONES%202002/RES%202002%201051-1100/00001085.tif HTTP/1.1" 200 103732
188.165.15.183 - - [01/Feb/2015:01:31:58 -0500] "GET /BLA/resoluciones/RESOLUCIONES%202005/RES%202005%201401-1450/00001426.tif HTTP/1.1" 200 163820
190.26.210.162 - - [01/Feb/2015:01:32:19 -0500] "GET /BLA/boletinlegal/js/jquery.js HTTP/1.1" 304 -
190.26.210.162 - - [01/Feb/2015:01:32:19 -0500] "GET /BLA/boletinlegal/js/jquery.scrollTo-min.js HTTP/1.1" 304 -
190.26.210.162 - - [01/Feb/2015:01:32:19 -0500] "GET /BLA/boletinlegal/js/jquery.scrollShow.js HTTP/1.1" 304 -
188.165.15.177 - - [01/Feb/2015:01:32:20 -0500] "GET /BLA/resoluciones/RESOLUCIONES%202002/RES%202002%20501-550/00000541.tif HTTP/1.1" 200 43950
190.26.210.162 - - [01/Feb/2015:01:32:30 -0500] "GET /galeria/nivo-slider/demo/demo.html HTTP/1.1" 304 -
190.26.210.162 - - [01/Feb/2015:01:32:30 -0500] "GET /galeria/carrusel/Carrusel/jquery.thumbnailScroller.css HTTP/1.1" 304 -
190.26.210.162 - - [01/Feb/2015:01:32:30 -0500] "GET /galeria/carrusel/Carrusel/jquery-ui- HTTP/1.1" 404 1018
190.26.210.162 - - [01/Feb/2015:01:32:32 -0500] "GET /galeria/carrusel/Carrusel/jquery.thumbnailScroller.js HTTP/1.1" 304 -
190.26.210.162 - - [01/Feb/2015:01:32:36 -0500] "GET /videos/Spot_CambioClimatico.flv HTTP/1.1" 304 -
190.26.210.162 - - [01/Feb/2015:01:32:37 -0500] "GET /galeria/nivo-slider/demo/ HTTP/1.1" 200 2278
74.86.158.107 - - [01/Feb/2015:01:32:41 -0500] "HEAD / HTTP/1.1" 302 -
190.26.210.162 - - [01/Feb/2015:01:32:30 -0500] "GET /BLA/boletinlegal/index.php? HTTP/1.1" 200 50274
200.118.15.0 - - [01/Feb/2015:01:33:12 -0500] "GET /BLA/boletinlegal/js/jquery.js HTTP/1.1" 200 57254
200.118.15.0 - - [01/Feb/2015:01:33:12 -0500] "GET /BLA/boletinlegal/js/jquery.scrollShow.js HTTP/1.1" 200 4586
200.118.15.0 - - [01/Feb/2015:01:33:12 -0500] "GET /BLA/boletinlegal/js/jquery.scrollTo-min.js HTTP/1.1" 200 1150
200.118.15.0 - - [01/Feb/2015:01:33:12 -0500] "GET /galeria/carrusel/Carrusel/jquery.thumbnailScroller.css HTTP/1.1" 200 2066
200.118.15.0 - - [01/Feb/2015:01:33:12 -0500] "GET /galeria/carrusel/Carrusel/jquery-ui-1.8.13.custom.min.js HTTP/1.1" 200 10800
200.118.15.0 - - [01/Feb/2015:01:33:13 -0500] "GET /galeria/carrusel/Carrusel/jquery.thumbnailScroller.js HTTP/1.1" 200 8157
190.27.46.48 - - [01/Feb/2015:01:33:40 -0500] "GET /forest/skins/gdocs-jar/popup/popup.jsp?width=850&height=380&title=Informaci%F3n%20del%20radicado&uri=/forest/system/document.jsp%3FcodDoc%3D1957078&name=undefined&_a=0.9333441974595189&a=0.06410463410429657 HTTP/1.1" 200 1315
190.27.46.48 - - [01/Feb/2015:01:33:40 -0500] "GET /forest/system/document.jsp?codDoc=1957078 HTTP/1.1" 200 11037
66.249.73.155 - - [01/Feb/2015:01:33:44 -0500] "GET /BLA/resoluciones/RESOLUCIONES%202010/2569.pdf HTTP/1.1" 200 502757
190.27.46.48 - - [01/Feb/2015:01:33:44 -0500] "GET /forest/usutareas.do?_a=0.0189588638022542&group_system_actual=3 HTTP/1.1" 200 115947
190.27.46.48 - - [01/Feb/2015:01:33:45 -0500] "GET /forest/session.jsp?a=0.9148951852694154 HTTP/1.1" 200 4
188.165.15.23 - - [01/Feb/2015:01:33:50 -0500] "GET /BLA/resoluciones/RESOLUCIONES%202002/RES%202002%201501-1550/20021523.tif HTTP/1.1" 200 73124
200.118.15.0 - - [01/Feb/2015:01:33:50 -0500] "GET /galeria/nivo-slider/demo/demo.html HTTP/1.1" 200 3150
188.165.15.89 - - [01/Feb/2015:01:33:53 -0500] "GET /BLA/resoluciones/RESOLUCIONES%202005/RES%202005%202801-2850/00002802.tif HTTP/1.1" 200 477166
200.118.15.0 - - [01/Feb/2015:01:33:55 -0500] "GET /galeria/nivo-slider/themes/default/default.css HTTP/1.1" 200 1569
200.118.15.0 - - [01/Feb/2015:01:33:55 -0500] "GET /galeria/nivo-slider/themes/pascal/pascal.css HTTP/1.1" 200 2258
200.118.15.0 - - [01/Feb/2015:01:33:56 -0500] "GET /galeria/nivo-slider/nivo-slider.css HTTP/1.1" 200 1507
200.118.15.0 - - [01/Feb/2015:01:33:56 -0500] "GET /galeria/nivo-slider/themes/orman/orman.css HTTP/1.1" 200 2152
200.118.15.0 - - [01/Feb/2015:01:33:56 -0500] "GET /galeria/nivo-slider/demo/style.css HTTP/1.1" 200 2222
200.118.15.0 - - [01/Feb/2015:01:33:56 -0500] "GET /galeria/nivo-slider/demo/images/bolsas-08.jpg HTTP/1.1" 200 85589
200.118.15.0 - - [01/Feb/2015:01:33:56 -0500] "GET /galeria/nivo-slider/demo/images/Ruta-vertimientos-01.jpg HTTP/1.1" 200 130151
200.118.15.0 - - [01/Feb/2015:01:33:56 -0500] "GET /galeria/nivo-slider/demo/images/porloshumedales.jpg HTTP/1.1" 200 351238
200.118.15.0 - - [01/Feb/2015:01:33:56 -0500] "GET /galeria/nivo-slider/demo/images/Tingua-azul.jpg HTTP/1.1" 200 307638
200.118.15.0 - - [01/Feb/2015:01:33:56 -0500] "GET /galeria/nivo-slider/demo/images/9Signos.jpg HTTP/1.1" 200 93040
200.118.15.0 - - [01/Feb/2015:01:33:56 -0500] "GET /galeria/nivo-slider/demo/images/banner-llantas2.jpg HTTP/1.1" 200 73153
200.118.15.0 - - [01/Feb/2015:01:33:56 -0500] "GET /galeria/nivo-slider/demo/images/4Simple_Slider.png HTTP/1.1" 200 11722
200.118.15.0 - - [01/Feb/2015:01:33:56 -0500] "GET /galeria/nivo-slider/themes/default/loading.gif HTTP/1.1" 200 1737
200.118.15.0 - - [01/Feb/2015:01:33:59 -0500] "GET /galeria/nivo-slider/demo/scripts/jquery-1.7.1.min.js HTTP/1.1" 200 93868
190.27.46.48 - - [01/Feb/2015:01:34:12 -0500] "GET /forest/misactividades.do?_a=0.5468326399568468&group_system_actual=3 HTTP/1.1" 200 37527
190.27.46.48 - - [01/Feb/2015:01:34:12 -0500] "GET /forest/session.jsp?a=0.8489267204422504 HTTP/1.1" 200 4
190.27.46.48 - - [01/Feb/2015:01:34:12 -0500] "POST /forest/misactividades.do?ajax=true&a=0.8574900962412357 HTTP/1.1" 200 12251
200.118.15.0 - - [01/Feb/2015:01:33:56 -0500] "GET /galeria/nivo-slider/demo/images/bolsas-06.jpg HTTP/1.1" 200 90982
200.118.15.0 - - [01/Feb/2015:01:34:15 -0500] "GET /galeria/nivo-slider/demo/images/ecolecta-Dic2014.png HTTP/1.1" 200 288593
200.118.15.0 - - [01/Feb/2015:01:33:56 -0500] "GET /galeria/nivo-slider/demo/images/banner-caballos.png HTTP/1.1" 200 389106
190.27.46.48 - - [01/Feb/2015:01:34:16 -0500] "POST /forest/misactividades.do?ajax=true&a=0.5109507411252707 HTTP/1.1" 200 12312
66.249.65.196 - - [01/Feb/2015:01:34:18 -0500] "GET /PORTAL_SIAC/swf/videos/ HTTP/1.1" 200 13066
200.118.15.0 - - [01/Feb/2015:01:33:56 -0500] "GET /galeria/nivo-slider/demo/images/Banner-Caracol-Africano.jpg HTTP/1.1" 200 331986
200.118.15.0 - - [01/Feb/2015:01:34:23 -0500] "GET /galeria/nivo-slider/demo/images/banner-redes.jpg HTTP/1.1" 200 62209
188.165.15.41 - - [01/Feb/2015:01:35:07 -0500] "GET /BLA/resoluciones/RESOLUCIONES%202002/RES%202002%201451-1500/20021465.tif HTTP/1.1" 200 98360
66.249.73.155 - - [01/Feb/2015:01:34:38 -0500] "GET /BLA/boletinlegal/index.php HTTP/1.1" 200 45811
66.249.73.155 - - [01/Feb/2015:01:35:18 -0500] "GET /BLA/resoluciones/RESOLUCIONES%202010/0234.pdf HTTP/1.1" 200 62724
66.249.73.163 - - [01/Feb/2015:01:35:21 -0500] "GET /BLA/resoluciones/RESOLUCIONES%202008/4249.pdf HTTP/1.1" 200 341273
66.249.73.171 - - [01/Feb/2015:01:35:43 -0500] "GET /BLA/resoluciones/RESOLUCIONES%202010/7291.pdf HTTP/1.1" 200 482766
66.249.73.171 - - [01/Feb/2015:01:35:50 -0500] "GET /BLA/resoluciones/RESOLUCIONES%202005/RES%202005%201451-1500/00001462.tif HTTP/1.1" 200 1809432
66.249.73.163 - - [01/Feb/2015:01:35:56 -0500] "GET /BLA/resoluciones/AUTOS%202008/0063.pdf HTTP/1.1" 200 392303
152.61.193.99 - - [01/Feb/2015:01:35:58 -0500] "HEAD / HTTP/1.1" 302 -
152.61.193.99 - - [01/Feb/2015:01:35:58 -0500] "GET /arcgis/services/Calidad_del_Agua_WQI/MapServer/WMSServer?request=GetCapabilities&service=WMS HTTP/1.1" 200 32135
152.61.193.99 - - [01/Feb/2015:01:35:59 -0500] "GET /arcgis/services/Calidad_del_Agua_WQI/MapServer/WMSServer?request=GetCapabilities&service=WMS HTTP/1.1" 200 32135
152.61.193.99 - - [01/Feb/2015:01:35:59 -0500] "GET /arcgis/services/Calidad_del_Agua_WQI/MapServer/WMSServer?request=GetCapabilities&service=WMS HTTP/1.1" 200 32135
152.61.193.99 - - [01/Feb/2015:01:36:00 -0500] "GET /arcgis/services/Calidad_del_Agua_WQI/MapServer/WMSServer?request=GetCapabilities&service=WMS HTTP/1.1" 200 32135
152.61.193.99 - - [01/Feb/2015:01:36:01 -0500] "GET /arcgis/services/Calidad_del_Agua_WQI/MapServer/WMSServer?VERSION=1.1.1&REQUEST=GetMap&LAYERS=0&SRS=EPSG:4326&BBOX=-74.473395,3.674381,-73.963300,4.920569&WIDTH=250&HEIGHT=250&FORMAT=image/bmp&STYLES=& HTTP/1.1" 200 188054
190.27.46.48 - - [01/Feb/2015:01:30:11 -0500] "GET /ForestMSG_SDA/channelAsync/template_word_17406292?X-Atmosphere-tracking-id=b55b0c58-8fb5-412b-ea03-7137f003126f&X-Atmosphere-Framework=1.0.5&X-Atmosphere-Transport=long-polling&tabid=0.869591805152595&X-Cache-Date=0&Content-Type=application/xml&_=1422772414460 HTTP/1.1" 200 8193
190.27.46.48 - - [01/Feb/2015:01:30:27 -0500] "GET /ForestMSG_SDA/channelAsync/template_word_17406293?X-Atmosphere-tracking-id=0be35ab4-349d-a26a-d405-a4d4056c09c1&X-Atmosphere-Framework=1.0.5&X-Atmosphere-Transport=long-polling&tabid=0.6412707606796175&X-Cache-Date=0&Content-Type=application/xml&_=1422772430343 HTTP/1.1" 200 8193
66.249.73.171 - - [01/Feb/2015:01:36:30 -0500] "GET /BLA/resoluciones/AUTOS%202011/5651.pdf HTTP/1.1" 200 242471
188.165.15.202 - - [01/Feb/2015:01:36:44 -0500] "GET /BLA/resoluciones/RESOLUCIONES%202004/RES%202004%20651-700/00000682.tif HTTP/1.1" 200 44218
66.249.73.163 - - [01/Feb/2015:01:37:05 -0500] "GET /BLA/resoluciones/AUTOS%202007/1661.pdf HTTP/1.1" 200 285100
66.249.73.155 - - [01/Feb/2015:01:37:40 -0500] "GET /BLA/resoluciones/AUTOS%202007/2098.pdf HTTP/1.1" 200 92850
177.255.203.240 - - [01/Feb/2015:01:37:40 -0500] "GET /dama/libreria/php/imagenes/29.jpg HTTP/1.1" 404 1345
74.86.158.107 - - [01/Feb/2015:01:37:41 -0500] "HEAD / HTTP/1.1" 302 -
66.249.73.163 - - [01/Feb/2015:01:37:42 -0500] "GET /portalsiaccapacitaciones/Soportes%20Capacitaciones%20A%C3%B1o%202013/0022.%20Presentacion%20Eficiencia%20energetica%20SDA%204%20de%20Julio.pdf HTTP/1.1" 200 2868947
66.249.73.155 - - [01/Feb/2015:01:38:14 -0500] "GET /BLA/resoluciones/AUTOS%202007/3720.pdf HTTP/1.1" 200 164350
66.249.73.155 - - [01/Feb/2015:01:38:15 -0500] "GET /BLA/resoluciones/AUTOS%202007/0637.pdf HTTP/1.1" 200 70263
66.249.73.163 - - [01/Feb/2015:01:38:16 -0500] "GET /BLA/resoluciones/AUTOS%202007/2329.pdf HTTP/1.1" 200 197935
66.249.73.155 - - [01/Feb/2015:01:38:17 -0500] "GET /BLA/resoluciones/AUTOS%202007/0150.pdf HTTP/1.1" 200 114884
66.249.73.163 - - [01/Feb/2015:01:38:18 -0500] "GET /BLA/resoluciones/AUTOS%202007/0821.pdf HTTP/1.1" 200 154459
66.249.65.192 - - [01/Feb/2015:01:38:19 -0500] "GET /portalsiaccapacitaciones/Soportes%20Capacitaciones%20A%C3%B1o%202014/0103.%20Presentaci%C3%B3n%20Guia%20PGIRCD%2030-09-14.pdf HTTP/1.1" 304 -
66.249.65.192 - - [01/Feb/2015:01:38:20 -0500] "GET /Autoliquidacion/Solicitudes%20relacionadas%20con%20calidad%20del%20aire%20auditiva%20y%20visual/Registro%20de%20Elementos%20de%20publicidad%20Exterior%20Visual/126pm04-pr16-f-a301%20Formato%20Solicitud%20de%20registro.xls HTTP/1.1" 304 -
66.249.73.171 - - [01/Feb/2015:01:38:46 -0500] "GET /BLA/resoluciones/RESOLUCIONES%202009/4870.pdf HTTP/1.1" 200 580622
111.13.102.132 - - [01/Feb/2015:01:38:59 -0500] "GET /robots.txt HTTP/1.1" 404 1018
66.249.73.171 - - [01/Feb/2015:01:39:04 -0500] "GET /BLA/resoluciones/RESOLUCIONES%202013/0900.pdf HTTP/1.1" 200 236565
66.249.73.163 - - [01/Feb/2015:01:39:06 -0500] "GET /BLA/resoluciones/RESOLUCIONES%202007/RES%202007%202501%20AL%202600/RESOLUCION%202582%20DE%202007.pdf HTTP/1.1" 200 674596
66.249.73.155 - - [01/Feb/2015:01:39:08 -0500] "GET /BLA/resoluciones/RESOLUCIONES%202010/3892.pdf HTTP/1.1" 200 740475
66.249.73.163 - - [01/Feb/2015:01:39:10 -0500] "GET /BLA/resoluciones/RESOLUCIONES%202010/0099.pdf HTTP/1.1" 200 502741
66.249.73.163 - - [01/Feb/2015:01:39:12 -0500] "GET /BLA/resoluciones/RESOLUCIONES%202010/7856.pdf HTTP/1.1" 200 503802
190.27.46.48 - - [01/Feb/2015:01:39:12 -0500] "GET /forest/session.jsp?a=0.49405012582428753 HTTP/1.1" 200 4
66.249.73.171 - - [01/Feb/2015:01:39:14 -0500] "GET /BLA/resoluciones/AUTOS%202013/2397.pdf HTTP/1.1" 200 935383
66.249.73.155 - - [01/Feb/2015:01:39:16 -0500] "GET /BLA/resoluciones/RESOLUCIONES%202009/4325.pdf HTTP/1.1" 200 4302457
78.153.215.245 - - [01/Feb/2015:01:39:23 -0500] "GET /BLA/resoluciones/index.php?dir=RESOLUCIONES%202005/RES%202005%202151-2200/'&sort=name'&order=desc'\" HTTP/1.1" 200 7457
50.87.144.63 - - [01/Feb/2015:01:39:24 -0500] "GET /Autoliquidacion/index.php?dir=Solicitudes%20relacionadas%20con%20calidad%20del%20aire%20auditiva%20y%20visual/Registro%20de%20Elementos%20de%20publicidad%20Exterior%20Visual/'&sort=date'&order=desc'\" HTTP/1.1" 200 7001
78.153.215.245 - - [01/Feb/2015:01:39:23 -0500] "GET /BLA/resoluciones/index.php?dir=RESOLUCIONES%202005%2FRES%202005%202151-2200%2F&sort=name&order=desc HTTP/1.0" 200 16990
50.87.144.63 - - [01/Feb/2015:01:39:24 -0500] "GET /Autoliquidacion/index.php?dir=Solicitudes%20relacionadas%20con%20calidad%20del%20aire%20auditiva%20y%20visual%2FRegistro%20de%20Elementos%20de%20publicidad%20Exterior%20Visual%2F&sort=date&order=desc HTTP/1.0" 200 4036
66.249.73.155 - - [01/Feb/2015:01:39:26 -0500] "GET /BLA/resoluciones/RESOLUCIONES%202009/9770.pdf HTTP/1.1" 200 257865
66.249.73.163 - - [01/Feb/2015:01:39:27 -0500] "GET /BLA/resoluciones/RESOLUCIONES%202008/2631.pdf HTTP/1.1" 200 202285
66.249.73.163 - - [01/Feb/2015:01:39:28 -0500] "GET /BLA/resoluciones/RESOLUCIONES%202007/RES%202007%202901%20AL%203000/RESOLUCION%202941%20DE%202007.pdf HTTP/1.1" 304 -
66.249.73.155 - - [01/Feb/2015:01:39:28 -0500] "GET /BLA/resoluciones/RESOLUCIONES%202009/6629.pdf HTTP/1.1" 200 497715
66.249.73.163 - - [01/Feb/2015:01:39:30 -0500] "GET /BLA/resoluciones/RESOLUCIONES%202010/1725.pdf HTTP/1.1" 200 417969
66.249.73.171 - - [01/Feb/2015:01:39:31 -0500] "GET /BLA/resoluciones/RESOLUCIONES%202008/1501.pdf HTTP/1.1" 200 390724
66.249.73.163 - - [01/Feb/2015:01:39:32 -0500] "GET /BLA/resoluciones/Notificaciones/AUTOS%202014/6102.doc HTTP/1.1" 200 156160
66.249.73.163 - - [01/Feb/2015:01:39:33 -0500] "GET /BLA/resoluciones/RESOLUCIONES%202009/3334.pdf HTTP/1.1" 200 623985
180.76.6.225 - - [01/Feb/2015:01:39:34 -0500] "GET /BLA/boletinlegal;jsessionid=D55CF5646C7DE5F23802AC317CD61C80?/? HTTP/1.1" 404 1018
66.249.73.155 - - [01/Feb/2015:01:39:35 -0500] "GET /BLA/resoluciones/AUTOS%202012/0437.pdf HTTP/1.1" 200 157868
66.249.73.163 - - [01/Feb/2015:01:39:36 -0500] "GET /BLA/resoluciones/RESOLUCIONES%202007/RES%202007%202701%20AL%202800/RESOLUCION%202756%20DE%202007.pdf HTTP/1.1" 200 518056
66.249.73.171 - - [01/Feb/2015:01:39:38 -0500] "GET /BLA/resoluciones/RESOLUCIONES%202008/1016.pdf HTTP/1.1" 200 209422
66.249.73.155 - - [01/Feb/2015:01:39:40 -0500] "GET /BLA/resoluciones/AUTOS%202010/0081.pdf HTTP/1.1" 200 261551
66.249.73.163 - - [01/Feb/2015:01:39:41 -0500] "GET /BLA/resoluciones/RESOLUCIONES%202009/6908.pdf HTTP/1.1" 200 1346020
66.249.73.155 - - [01/Feb/2015:01:39:44 -0500] "GET /BLA/resoluciones/RESOLUCIONES%202010/5712.pdf HTTP/1.1" 200 79198
66.249.73.155 - - [01/Feb/2015:01:39:45 -0500] "GET /BLA/resoluciones/RESOLUCIONES%202011/3677.pdf HTTP/1.1" 200 548592
66.249.73.171 - - [01/Feb/2015:01:39:46 -0500] "GET /BLA/resoluciones/RESOLUCIONES%202012/0613.pdf HTTP/1.1" 200 385355
190.27.46.48 - - [01/Feb/2015:01:39:46 -0500] "GET /forest/usutareas.do?_a=0.8453512424603105&group_system_actual=3 HTTP/1.1" 200 116225
190.27.46.48 - - [01/Feb/2015:01:39:47 -0500] "GET /forest/session.jsp?a=0.6000862172804773 HTTP/1.1" 200 4
66.249.73.171 - - [01/Feb/2015:01:39:47 -0500] "GET /BLA/resoluciones/RESOLUCIONES%202013/0051.pdf HTTP/1.1" 304 -
66.249.73.163 - - [01/Feb/2015:01:39:50 -0500] "GET /BLA/resoluciones/RESOLUCIONES%202011/4936.pdf HTTP/1.1" 200 354681
66.249.73.163 - - [01/Feb/2015:01:39:51 -0500] "GET /BLA/resoluciones/RESOLUCIONES%202009/7152.pdf HTTP/1.1" 200 491853
66.249.73.163 - - [01/Feb/2015:01:39:53 -0500] "GET /BLA/resoluciones/RESOLUCIONES%202007/RES%202007%204201%20AL%204300/RESOLUCION%204231%20DE%202007.pdf HTTP/1.1" 200 41004
66.249.73.155 - - [01/Feb/2015:01:39:56 -0500] "GET /BLA/resoluciones/AUTOS%202012/1293.pdf HTTP/1.1" 200 159852
66.249.73.163 - - [01/Feb/2015:01:39:57 -0500] "GET /BLA/resoluciones/RESOLUCIONES%202007/RES%202007%201901%20AL%202000/RESOLUCION%201976%20DE%202007.pdf HTTP/1.1" 200 141820
66.249.73.171 - - [01/Feb/2015:01:40:00 -0500] "GET /BLA/resoluciones/AUTOS%202011/5129.pdf HTTP/1.1" 200 150084
66.249.73.171 - - [01/Feb/2015:01:40:01 -0500] "GET /BLA/resoluciones/RESOLUCIONES%202010/7690.pdf HTTP/1.1" 200 330807
66.249.73.171 - - [01/Feb/2015:01:40:03 -0500] "GET /BLA/resoluciones/RESOLUCIONES%202010/3128.pdf HTTP/1.1" 200 692579
66.249.73.163 - - [01/Feb/2015:01:40:06 -0500] "GET /BLA/resoluciones/RESOLUCIONES%202010/1676.pdf HTTP/1.1" 200 304463
66.249.73.171 - - [01/Feb/2015:01:40:07 -0500] "GET /BLA/resoluciones/RESOLUCIONES%202011/3738.pdf HTTP/1.1" 200 271578
66.249.73.163 - - [01/Feb/2015:01:40:09 -0500] "GET /BLA/resoluciones/RESOLUCIONES%202010/2245.pdf HTTP/1.1" 200 407343
66.249.73.171 - - [01/Feb/2015:01:40:11 -0500] "GET /BLA/resoluciones/AUTOS%202007/3388.pdf HTTP/1.1" 200 74211
190.27.46.48 - - [01/Feb/2015:01:40:12 -0500] "GET /forest/misactividades.do?_a=0.5163439598400146&group_system_actual=3 HTTP/1.1" 200 37527
190.27.46.48 - - [01/Feb/2015:01:40:13 -0500] "GET /forest/session.jsp?a=0.3894871680531651 HTTP/1.1" 200 4
190.27.46.48 - - [01/Feb/2015:01:40:13 -0500] "POST /forest/misactividades.do?ajax=true&a=0.37266268278472126 HTTP/1.1" 200 12251
66.249.73.155 - - [01/Feb/2015:01:40:14 -0500] "GET /BLA/resoluciones/RESOLUCIONES%202010/2800.pdf HTTP/1.1" 200 548983
190.27.46.48 - - [01/Feb/2015:01:40:15 -0500] "POST /forest/misactividades.do?ajax=true&a=0.9894897793419659 HTTP/1.1" 200 12351
66.249.73.155 - - [01/Feb/2015:01:40:15 -0500] "GET /BLA/resoluciones/RESOLUCIONES%202007/RES%202007%204201%20AL%204300/RESOLUCION%204234%20DE%202007.pdf HTTP/1.1" 200 65590
66.249.75.83 - - [01/Feb/2015:01:40:18 -0500] "GET /BLA/resoluciones/RESOLUCIONES%202011/1726.pdf HTTP/1.1" 200 144667
66.249.73.155 - - [01/Feb/2015:01:40:19 -0500] "GET /BLA/resoluciones/RESOLUCIONES%202010/3311.pdf HTTP/1.1" 200 239415
66.249.73.163 - - [01/Feb/2015:01:40:22 -0500] "GET /BLA/resoluciones/Notificaciones/AUTOS%202014/5755.doc HTTP/1.1" 200 202240
66.249.73.155 - - [01/Feb/2015:01:40:23 -0500] "GET /BLA/resoluciones/RESOLUCIONES%202009/0230.pdf HTTP/1.1" 200 235679
188.165.15.152 - - [01/Feb/2015:01:40:25 -0500] "GET /BLA/resoluciones/RESOLUCIONES%202006/RES%202006%201001-1050/00001016.tif HTTP/1.1" 200 68262
66.249.73.171 - - [01/Feb/2015:01:40:26 -0500] "GET /BLA/resoluciones/AUTOS%202010/1154.pdf HTTP/1.1" 200 147222
66.249.73.163 - - [01/Feb/2015:01:40:28 -0500] "GET /BLA/resoluciones/RESOLUCIONES%202007/RES%202007%202101%20AL%202200/RESOLUCION%202167%20DE%202007.pdf HTTP/1.1" 200 949559
190.27.46.48 - - [01/Feb/2015:01:40:28 -0500] "GET /forest/usutareas.do?_a=0.5476198920514435&group_system_actual=3 HTTP/1.1" 200 116110
66.249.73.155 - - [01/Feb/2015:01:40:30 -0500] "GET /BLA/resoluciones/RESOLUCIONES%202009/7528.pdf HTTP/1.1" 200 499755
190.27.46.48 - - [01/Feb/2015:01:40:30 -0500] "GET /forest/session.jsp?a=0.5509362386073917 HTTP/1.1" 200 4
66.249.73.155 - - [01/Feb/2015:01:40:31 -0500] "GET /BLA/resoluciones/RESOLUCIONES%202011/0896.pdf HTTP/1.1" 200 346533
66.249.73.155 - - [01/Feb/2015:01:40:33 -0500] "GET /BLA/resoluciones/RESOLUCIONES%202008/5072.pdf HTTP/1.1" 200 202705
66.249.73.155 - - [01/Feb/2015:01:40:35 -0500] "GET /BLA/resoluciones/RESOLUCIONES%202009/3652.pdf HTTP/1.1" 200 84055
66.249.73.163 - - [01/Feb/2015:01:40:38 -0500] "GET /BLA/resoluciones/RESOLUCIONES%202010/3061.pdf HTTP/1.1" 200 489095
66.249.73.155 - - [01/Feb/2015:01:40:39 -0500] "GET /BLA/resoluciones/AUTOS%202008/2585.pdf HTTP/1.1" 200 179156
66.249.73.171 - - [01/Feb/2015:01:40:42 -0500] "GET /BLA/resoluciones/RESOLUCIONES%202007/RES%202007%202101%20AL%202200/RESOLUCION%202174%20DE%202007.pdf HTTP/1.1" 200 934975
66.249.73.163 - - [01/Feb/2015:01:40:44 -0500] "GET /BLA/resoluciones/RESOLUCIONES%202011/3904.pdf HTTP/1.1" 200 540226
66.249.73.163 - - [01/Feb/2015:01:40:48 -0500] "GET /BLA/resoluciones/RESOLUCIONES%202009/3994.pdf HTTP/1.1" 200 632935
66.249.73.163 - - [01/Feb/2015:01:40:50 -0500] "GET /BLA/resoluciones/AUTOS%202011/5403.pdf HTTP/1.1" 200 135171
66.249.73.155 - - [01/Feb/2015:01:40:51 -0500] "GET /BLA/resoluciones/RESOLUCIONES%202008/3914.pdf HTTP/1.1" 200 498472
66.249.73.155 - - [01/Feb/2015:01:40:52 -0500] "GET /BLA/resoluciones/AUTOS%202008/2861.pdf HTTP/1.1" 200 91629
66.249.73.155 - - [01/Feb/2015:01:40:53 -0500] "GET /BLA/resoluciones/RESOLUCIONES%202010/2829.pdf HTTP/1.1" 200 317000
66.249.73.155 - - [01/Feb/2015:01:40:55 -0500] "GET /BLA/resoluciones/RESOLUCIONES%202009/8999.pdf HTTP/1.1" 200 319612
202.46.61.49 - - [01/Feb/2015:01:40:57 -0500] "GET /POT-2013/Cartografia/05_Remocion_V1_2013.pdf HTTP/1.1" 200 4650227
66.249.73.155 - - [01/Feb/2015:01:40:57 -0500] "GET /BLA/resoluciones/RESOLUCIONES%202010/7776.pdf HTTP/1.1" 200 163891
66.249.73.155 - - [01/Feb/2015:01:40:59 -0500] "GET /BLA/resoluciones/RESOLUCIONES%202010/0656.pdf HTTP/1.1" 200 500072
66.249.73.155 - - [01/Feb/2015:01:41:01 -0500] "GET /BLA/resoluciones/AUTOS%202008/0305.pdf HTTP/1.1" 200 112725
66.249.73.155 - - [01/Feb/2015:01:41:03 -0500] "GET /BLA/resoluciones/AUTOS%202011/0954.pdf HTTP/1.1" 200 157505
66.249.73.155 - - [01/Feb/2015:01:41:05 -0500] "GET /BLA/resoluciones/RESOLUCIONES%202008/4366.pdf HTTP/1.1" 200 102042
66.249.73.163 - - [01/Feb/2015:01:41:07 -0500] "GET /BLA/resoluciones/AUTOS%202011/4298.pdf HTTP/1.1" 200 250809
66.249.73.155 - - [01/Feb/2015:01:41:09 -0500] "GET /BLA/resoluciones/AUTOS%202009/0707.pdf HTTP/1.1" 200 111404
66.249.73.171 - - [01/Feb/2015:01:41:11 -0500] "GET /BLA/resoluciones/RESOLUCIONES%202010/4073.pdf HTTP/1.1" 200 637168
66.249.73.171 - - [01/Feb/2015:01:41:13 -0500] "GET /BLA/resoluciones/RESOLUCIONES%202007/RES%202007%201901%20AL%202000/RESOLUCION%201984%20DE%202007.pdf HTTP/1.1" 200 192636
66.249.73.155 - - [01/Feb/2015:01:41:15 -0500] "GET /BLA/resoluciones/AUTOS%202011/4982.pdf HTTP/1.1" 200 299162
66.249.73.171 - - [01/Feb/2015:01:41:17 -0500] "GET /BLA/resoluciones/RESOLUCIONES%202007/RES%202007%20101%20AL%20200/RESOLUCION%200171%20DE%202007.pdf HTTP/1.1" 200 40363
66.249.73.171 - - [01/Feb/2015:01:41:19 -0500] "GET /BLA/resoluciones/AUTOS%202009/0860.pdf HTTP/1.1" 200 68943
180.76.5.191 - - [01/Feb/2015:01:41:20 -0500] "GET /BLA/boletinlegal;jsessionid=AB668995CB389B9A8717DE81409E4864?/? HTTP/1.1" 404 1018
220.181.108.117 - - [01/Feb/2015:01:41:21 -0500] "GET / HTTP/1.1" 302 -
66.249.73.163 - - [01/Feb/2015:01:41:21 -0500] "GET /BLA/resoluciones/AUTOS%202009/0547.pdf HTTP/1.1" 200 182263
66.249.73.155 - - [01/Feb/2015:01:41:23 -0500] "GET /BLA/resoluciones/AUTOS%202009/1013.pdf HTTP/1.1" 200 300869
66.249.73.155 - - [01/Feb/2015:01:41:25 -0500] "GET /BLA/resoluciones/AUTOS%202011/1896.pdf HTTP/1.1" 200 138101
66.249.73.155 - - [01/Feb/2015:01:41:27 -0500] "GET /BLA/resoluciones/RESOLUCIONES%202008/5307.pdf HTTP/1.1" 200 256465
66.249.73.155 - - [01/Feb/2015:01:41:29 -0500] "GET /BLA/resoluciones/AUTOS%202011/2923.pdf HTTP/1.1" 200 491323
66.249.73.155 - - [01/Feb/2015:01:41:31 -0500] "GET /BLA/resoluciones/RESOLUCIONES%202011/1477.pdf HTTP/1.1" 200 71453
66.249.73.171 - - [01/Feb/2015:01:41:33 -0500] "GET /BLA/resoluciones/RESOLUCIONES%202009/0889.pdf HTTP/1.1" 200 196902
66.249.73.155 - - [01/Feb/2015:01:41:35 -0500] "GET /BLA/resoluciones/AUTOS%202009/0808.pdf HTTP/1.1" 200 75579
66.249.73.155 - - [01/Feb/2015:01:41:37 -0500] "GET /BLA/resoluciones/RESOLUCIONES%202009/4964.pdf HTTP/1.1" 200 350410
66.249.73.163 - - [01/Feb/2015:01:41:39 -0500] "GET /BLA/resoluciones/AUTOS%202007/1688.pdf HTTP/1.1" 200 98455
66.249.73.171 - - [01/Feb/2015:01:41:40 -0500] "GET /BLA/resoluciones/RESOLUCIONES%202010/7519.pdf HTTP/1.1" 200 760634
66.249.73.163 - - [01/Feb/2015:01:41:42 -0500] "GET /BLA/resoluciones/RESOLUCIONES%202011/1382.pdf HTTP/1.1" 200 77949
66.249.73.171 - - [01/Feb/2015:01:41:43 -0500] "GET /BLA/resoluciones/AUTOS%202011/1753.pdf HTTP/1.1" 200 160209
66.249.73.163 - - [01/Feb/2015:01:41:45 -0500] "GET /BLA/resoluciones/AUTOS%202011/4634.pdf HTTP/1.1" 200 617453
66.249.73.155 - - [01/Feb/2015:01:41:47 -0500] "GET /BLA/resoluciones/AUTOS%202011/0153.pdf HTTP/1.1" 200 178087
66.249.73.155 - - [01/Feb/2015:01:41:49 -0500] "GET /BLA/resoluciones/RESOLUCIONES%202007/RES%202007%202101%20AL%202200/RESOLUCION%202194%20DE%202007.pdf HTTP/1.1" 200 255869
66.249.73.155 - - [01/Feb/2015:01:41:51 -0500] "GET /BLA/resoluciones/AUTOS%202009/1002.pdf HTTP/1.1" 200 162198
66.249.73.155 - - [01/Feb/2015:01:41:53 -0500] "GET /BLA/resoluciones/AUTOS%202012/1345.pdf HTTP/1.1" 200 161352
66.249.73.155 - - [01/Feb/2015:01:41:55 -0500] "GET /BLA/resoluciones/AUTOS%202011/5150.pdf HTTP/1.1" 200 620807
66.249.73.155 - - [01/Feb/2015:01:41:57 -0500] "GET /BLA/resoluciones/RESOLUCIONES%202010/1248.pdf HTTP/1.1" 200 109548
66.249.73.155 - - [01/Feb/2015:01:41:59 -0500] "GET /BLA/resoluciones/AUTOS%202008/2529.pdf HTTP/1.1" 200 81273
66.249.73.155 - - [01/Feb/2015:01:42:01 -0500] "GET /BLA/resoluciones/AUTOS%202011/2086.pdf HTTP/1.1" 200 138199
66.249.73.163 - - [01/Feb/2015:01:42:03 -0500] "GET /BLA/resoluciones/RESOLUCIONES%202009/9772.pdf HTTP/1.1" 200 305435
66.249.73.163 - - [01/Feb/2015:01:42:05 -0500] "GET /BLA/resoluciones/RESOLUCIONES%202010/7850.pdf HTTP/1.1" 200 38845
66.249.73.163 - - [01/Feb/2015:01:42:07 -0500] "GET /BLA/resoluciones/RESOLUCIONES%202011/4755.pdf HTTP/1.1" 200 584480
220.181.108.184 - - [01/Feb/2015:01:42:07 -0500] "GET /POT-2013/Cartografia/16_Sistema%20de%20Movilidad_Subsistema%20de%20Transporte_SITP_FEB.pdf HTTP/1.1" 200 6510656
66.249.73.155 - - [01/Feb/2015:01:42:09 -0500] "GET /BLA/resoluciones/RESOLUCIONES%202008/1526.pdf HTTP/1.1" 200 350990
66.249.73.155 - - [01/Feb/2015:01:42:11 -0500] "GET /BLA/resoluciones/RESOLUCIONES%202007/RES%202007%201001%20AL%201100/RESOLUCION%201022%20DE%202007.pdf HTTP/1.1" 200 688106
66.249.73.163 - - [01/Feb/2015:01:42:13 -0500] "GET /BLA/resoluciones/AUTOS%202009/2095.pdf HTTP/1.1" 200 97689
66.249.73.163 - - [01/Feb/2015:01:42:15 -0500] "GET /BLA/resoluciones/RESOLUCIONES%202009/6809.pdf HTTP/1.1" 200 610233
66.249.73.163 - - [01/Feb/2015:01:42:17 -0500] "GET /BLA/resoluciones/RESOLUCIONES%202010/4571.pdf HTTP/1.1" 200 1225851
66.249.73.171 - - [01/Feb/2015:01:42:20 -0500] "GET /BLA/resoluciones/RESOLUCIONES%202009/3503.pdf HTTP/1.1" 200 716178
66.249.73.163 - - [01/Feb/2015:01:42:21 -0500] "GET /BLA/resoluciones/RESOLUCIONES%202008/0218.pdf HTTP/1.1" 200 612522
66.249.73.171 - - [01/Feb/2015:01:42:23 -0500] "GET /BLA/resoluciones/RESOLUCIONES%202011/1052.pdf HTTP/1.1" 200 68813
