186.83.128.205 - - [01/Feb/2015:01:03:22 -0500] "GET /galeria/nivo-slider/demo/images/porloshumedales.jpg HTTP/1.1" 200 351238
186.83.128.205 - - [01/Feb/2015:01:03:22 -0500] "GET /galeria/nivo-slider/demo/images/bolsas-06.jpg HTTP/1.1" 200 90982
186.83.128.205 - - [01/Feb/2015:01:03:22 -0500] "GET /galeria/nivo-slider/themes/orman/orman.css HTTP/1.1" 200 2152
186.83.128.205 - - [01/Feb/2015:01:03:22 -0500] "GET /galeria/nivo-slider/demo/images/Tingua-azul.jpg HTTP/1.1" 200 307638
186.83.128.205 - - [01/Feb/2015:01:03:22 -0500] "GET /galeria/nivo-slider/demo/style.css HTTP/1.1" 200 2222
186.83.128.205 - - [01/Feb/2015:01:03:22 -0500] "GET /galeria/nivo-slider/nivo-slider.css HTTP/1.1" 200 1507
186.83.128.205 - - [01/Feb/2015:01:03:22 -0500] "GET /galeria/nivo-slider/demo/scripts/jquery-1.7.1.min.js HTTP/1.1" 200 93868
186.83.128.205 - - [01/Feb/2015:01:03:23 -0500] "GET /galeria/nivo-slider/demo/images/9Signos.jpg HTTP/1.1" 200 93040
186.83.128.205 - - [01/Feb/2015:01:03:23 -0500] "GET /galeria/nivo-slider/demo/images/banner-llantas2.jpg HTTP/1.1" 200 73153
66.249.73.171 - - [01/Feb/2015:01:03:23 -0500] "GET /BLA/resoluciones/RESOLUCIONES%202012/0210.pdf HTTP/1.1" 200 172981
186.83.128.205 - - [01/Feb/2015:01:03:23 -0500] "GET /galeria/nivo-slider/demo/images/Ruta-vertimientos-01.jpg HTTP/1.1" 200 130151
186.83.128.205 - - [01/Feb/2015:01:03:23 -0500] "GET /galeria/nivo-slider/jquery.nivo.slider.pack.js HTTP/1.1" 200 11561
186.83.128.205 - - [01/Feb/2015:01:03:24 -0500] "GET /galeria/nivo-slider/themes/default/loading.gif HTTP/1.1" 200 1737
186.83.128.205 - - [01/Feb/2015:01:03:24 -0500] "GET /galeria/nivo-slider/demo/images/4Simple_Slider.png HTTP/1.1" 200 11722
186.83.128.205 - - [01/Feb/2015:01:03:25 -0500] "GET /galeria/nivo-slider/demo/images/banner-redes.jpg HTTP/1.1" 200 62209
186.83.128.205 - - [01/Feb/2015:01:03:25 -0500] "GET /galeria/nivo-slider/demo/images/Banner-Caracol-Africano.jpg HTTP/1.1" 200 331986
186.83.128.205 - - [01/Feb/2015:01:03:25 -0500] "GET /galeria/nivo-slider/demo/images/banner-caballos.png HTTP/1.1" 200 389106
186.83.128.205 - - [01/Feb/2015:01:03:25 -0500] "GET /galeria/nivo-slider/demo/images/ecolecta-Dic2014.png HTTP/1.1" 200 288593
66.249.73.171 - - [01/Feb/2015:01:03:25 -0500] "GET /BLA/resoluciones/RESOLUCIONES%202011/0669.pdf HTTP/1.1" 200 71541
66.249.73.163 - - [01/Feb/2015:01:03:27 -0500] "GET /BLA/resoluciones/RESOLUCIONES%202009/2717.pdf HTTP/1.1" 200 728246
188.165.15.152 - - [01/Feb/2015:01:03:29 -0500] "GET /BLA/resoluciones/RESOLUCIONES%202002/RES%202002%201151-1200/20021178.tif HTTP/1.1" 200 81618
66.249.73.155 - - [01/Feb/2015:01:03:29 -0500] "GET /BLA/resoluciones/RESOLUCIONES%202010/0971.pdf HTTP/1.1" 200 103462
66.249.73.163 - - [01/Feb/2015:01:03:31 -0500] "GET /BLA/resoluciones/RESOLUCIONES%202010/0161.pdf HTTP/1.1" 200 363959
66.249.73.171 - - [01/Feb/2015:01:03:33 -0500] "GET /BLA/resoluciones/AUTOS%202007/0118.pdf HTTP/1.1" 200 99525
66.249.73.171 - - [01/Feb/2015:01:03:35 -0500] "GET /BLA/resoluciones/RESOLUCIONES%202009/0263.pdf HTTP/1.1" 200 174212
66.249.73.155 - - [01/Feb/2015:01:03:38 -0500] "GET /BLA/resoluciones/RESOLUCIONES%202010/1711.pdf HTTP/1.1" 200 388982
66.249.73.155 - - [01/Feb/2015:01:03:39 -0500] "GET /BLA/resoluciones/RESOLUCIONES%202009/7886.pdf HTTP/1.1" 200 459416
66.249.73.171 - - [01/Feb/2015:01:03:41 -0500] "GET /BLA/resoluciones/RESOLUCIONES%202009/6594.pdf HTTP/1.1" 200 490023
66.249.73.163 - - [01/Feb/2015:01:03:43 -0500] "GET /BLA/resoluciones/AUTOS%202008/0488.pdf HTTP/1.1" 200 129675
66.249.73.163 - - [01/Feb/2015:01:03:45 -0500] "GET /BLA/resoluciones/RESOLUCIONES%202009/1788.pdf HTTP/1.1" 200 473176
186.83.128.205 - - [01/Feb/2015:01:03:47 -0500] "GET /galeria/nivo-slider/themes/default/bullets.png HTTP/1.1" 200 1281
186.83.128.205 - - [01/Feb/2015:01:03:47 -0500] "GET /galeria/nivo-slider/themes/default/arrows.png HTTP/1.1" 200 824
66.249.73.163 - - [01/Feb/2015:01:03:47 -0500] "GET /BLA/resoluciones/RESOLUCIONES%202010/3640.pdf HTTP/1.1" 200 760485
186.83.128.205 - - [01/Feb/2015:01:03:48 -0500] "GET /videos/galeria-fotografica/index19.html? HTTP/1.1" 200 1972
186.83.128.205 - - [01/Feb/2015:01:03:48 -0500] "GET /videos/galeria-fotografica/js/jquery-flickr-gallery/jquery-flickr-gallery.js HTTP/1.1" 200 9050
186.83.128.205 - - [01/Feb/2015:01:03:48 -0500] "GET /videos/galeria-fotografica/js/jquery-flickr-gallery/jquery-flickr.css HTTP/1.1" 200 711
66.249.73.171 - - [01/Feb/2015:01:03:49 -0500] "GET /BLA/resoluciones/RESOLUCIONES%202009/5072.pdf HTTP/1.1" 200 518453
186.83.128.205 - - [01/Feb/2015:01:03:50 -0500] "GET /videos/galeria-fotografica/js/jquery-flickr-gallery/loader.gif HTTP/1.1" 200 2129
186.83.128.205 - - [01/Feb/2015:01:03:52 -0500] "GET /galeria/nivo-slider/demo/images/ecolecta-Dic2014.png HTTP/1.1" 206 40667
186.83.128.205 - - [01/Feb/2015:01:03:52 -0500] "GET /galeria/nivo-slider/demo/images/Banner-Caracol-Africano.jpg HTTP/1.1" 206 266561
186.83.128.205 - - [01/Feb/2015:01:03:52 -0500] "GET /galeria/nivo-slider/demo/images/porloshumedales.jpg HTTP/1.1" 206 148572
186.83.128.205 - - [01/Feb/2015:01:03:52 -0500] "GET /galeria/nivo-slider/demo/images/banner-caballos.png HTTP/1.1" 206 31679
66.249.73.155 - - [01/Feb/2015:01:03:53 -0500] "GET /BLA/resoluciones/AUTOS%202009/2186.pdf HTTP/1.1" 200 98843
66.249.73.171 - - [01/Feb/2015:01:03:54 -0500] "GET /BLA/resoluciones/RESOLUCIONES%202009/4407.pdf HTTP/1.1" 200 124588
66.249.73.155 - - [01/Feb/2015:01:03:55 -0500] "GET /BLA/resoluciones/RESOLUCIONES%202010/2757.pdf HTTP/1.1" 200 502451
66.249.73.171 - - [01/Feb/2015:01:03:57 -0500] "GET /BLA/resoluciones/AUTOS%202011/5920.pdf HTTP/1.1" 200 264197
66.249.73.155 - - [01/Feb/2015:01:03:58 -0500] "GET /BLA/resoluciones/RESOLUCIONES%202013/2334.pdf HTTP/1.1" 200 374582
66.249.73.163 - - [01/Feb/2015:01:03:59 -0500] "GET /BLA/resoluciones/RESOLUCIONES%202008/0156.pdf HTTP/1.1" 200 59755
142.4.208.208 - - [01/Feb/2015:01:04:00 -0500] "GET /wp/wp-admin/ HTTP/1.1" 404 1018
66.249.73.155 - - [01/Feb/2015:01:04:01 -0500] "GET /BLA/resoluciones/AUTOS%202007/2987.pdf HTTP/1.1" 200 82534
66.249.73.155 - - [01/Feb/2015:01:04:03 -0500] "GET /BLA/resoluciones/RESOLUCIONES%202010/5870.pdf HTTP/1.1" 200 342938
66.249.73.155 - - [01/Feb/2015:01:04:05 -0500] "GET /BLA/resoluciones/RESOLUCIONES%202009/6078.pdf HTTP/1.1" 200 453347
66.249.73.163 - - [01/Feb/2015:01:04:07 -0500] "GET /BLA/resoluciones/RESOLUCIONES%202010/3710.pdf HTTP/1.1" 200 51086
66.249.73.155 - - [01/Feb/2015:01:04:09 -0500] "GET /BLA/resoluciones/AUTOS%202008/2378.pdf HTTP/1.1" 200 100062
66.249.73.171 - - [01/Feb/2015:01:04:11 -0500] "GET /BLA/resoluciones/RESOLUCIONES%202011/2601.pdf HTTP/1.1" 200 759606
66.249.73.171 - - [01/Feb/2015:01:04:14 -0500] "GET /BLA/resoluciones/RESOLUCIONES%202011/0050.pdf HTTP/1.1" 200 369574
66.249.73.155 - - [01/Feb/2015:01:04:16 -0500] "GET /BLA/resoluciones/RESOLUCIONES%202010/2668.pdf HTTP/1.1" 200 384200
66.249.73.155 - - [01/Feb/2015:01:04:17 -0500] "GET /BLA/resoluciones/RESOLUCIONES%202011/1662.pdf HTTP/1.1" 200 72493
66.249.73.171 - - [01/Feb/2015:01:04:19 -0500] "GET /BLA/resoluciones/RESOLUCIONES%202010/2155.pdf HTTP/1.1" 200 491713
66.249.73.163 - - [01/Feb/2015:01:04:22 -0500] "GET /BLA/resoluciones/AUTOS%202009/0317.pdf HTTP/1.1" 200 107498
66.249.73.171 - - [01/Feb/2015:01:04:23 -0500] "GET /BLA/resoluciones/RESOLUCIONES%202009/1526.pdf HTTP/1.1" 200 466142
66.249.73.171 - - [01/Feb/2015:01:04:26 -0500] "GET /BLA/resoluciones/RESOLUCIONES%202011/3628.pdf HTTP/1.1" 200 410262
66.249.73.163 - - [01/Feb/2015:01:04:27 -0500] "GET /BLA/resoluciones/AUTOS%202011/6867.pdf HTTP/1.1" 200 178591
66.249.73.155 - - [01/Feb/2015:01:04:29 -0500] "GET /BLA/resoluciones/RESOLUCIONES%202010/0552.pdf HTTP/1.1" 200 103620
66.249.73.155 - - [01/Feb/2015:01:04:31 -0500] "GET /BLA/resoluciones/RESOLUCIONES%202009/4983.pdf HTTP/1.1" 200 200999
66.249.73.171 - - [01/Feb/2015:01:04:33 -0500] "GET /BLA/resoluciones/AUTOS%202011/1280.pdf HTTP/1.1" 200 144930
66.249.73.155 - - [01/Feb/2015:01:04:35 -0500] "GET /BLA/resoluciones/AUTOS%202009/0063.pdf HTTP/1.1" 200 82009
66.249.73.163 - - [01/Feb/2015:01:04:37 -0500] "GET /BLA/resoluciones/RESOLUCIONES%202010/4970.pdf HTTP/1.1" 200 263181
66.249.73.163 - - [01/Feb/2015:01:04:39 -0500] "GET /BLA/resoluciones/AUTOS%202009/2922.pdf HTTP/1.1" 200 102625
66.249.73.171 - - [01/Feb/2015:01:04:41 -0500] "GET /BLA/resoluciones/RESOLUCIONES%202009/1756.pdf HTTP/1.1" 200 508972
66.249.73.171 - - [01/Feb/2015:01:04:43 -0500] "GET /BLA/resoluciones/AUTOS%202009/2819.pdf HTTP/1.1" 200 102298
66.249.73.171 - - [01/Feb/2015:01:04:45 -0500] "GET /BLA/resoluciones/RESOLUCIONES%202008/5004.pdf HTTP/1.1" 200 230890
66.249.73.171 - - [01/Feb/2015:01:04:47 -0500] "GET /BLA/resoluciones/AUTOS%202009/1893.pdf HTTP/1.1" 200 206945
66.249.73.171 - - [01/Feb/2015:01:04:49 -0500] "GET /BLA/resoluciones/AUTOS%202009/1549.pdf HTTP/1.1" 200 112349
66.249.73.155 - - [01/Feb/2015:01:04:51 -0500] "GET /BLA/resoluciones/RESOLUCIONES%202009/6162.pdf HTTP/1.1" 200 644090
66.249.73.155 - - [01/Feb/2015:01:04:53 -0500] "GET /BLA/resoluciones/AUTOS%202009/0105.pdf HTTP/1.1" 200 65568
66.249.73.155 - - [01/Feb/2015:01:04:55 -0500] "GET /BLA/resoluciones/AUTOS%202009/0838.pdf HTTP/1.1" 200 74182
66.249.73.155 - - [01/Feb/2015:01:04:57 -0500] "GET /BLA/resoluciones/RESOLUCIONES%202010/1474.pdf HTTP/1.1" 200 439547
66.249.73.155 - - [01/Feb/2015:01:04:59 -0500] "GET /BLA/resoluciones/RESOLUCIONES%202011/0400.pdf HTTP/1.1" 200 179001
66.249.73.171 - - [01/Feb/2015:01:05:01 -0500] "GET /BLA/resoluciones/AUTOS%202009/1009.pdf HTTP/1.1" 200 99114
66.249.73.155 - - [01/Feb/2015:01:05:03 -0500] "GET /BLA/resoluciones/RESOLUCIONES%202007/RES%202007%20801%20AL%20900/RESOLUCION%200805%20DE%202007.pdf HTTP/1.1" 200 430496
66.249.73.163 - - [01/Feb/2015:01:05:05 -0500] "GET /BLA/resoluciones/RESOLUCIONES%202011/3041.pdf HTTP/1.1" 200 811964
66.249.73.171 - - [01/Feb/2015:01:05:07 -0500] "GET /BLA/resoluciones/AUTOS%202012/0474.pdf HTTP/1.1" 200 196025
66.249.73.163 - - [01/Feb/2015:01:05:09 -0500] "GET /BLA/resoluciones/RESOLUCIONES%202008/2745.pdf HTTP/1.1" 200 190494
66.249.73.171 - - [01/Feb/2015:01:05:11 -0500] "GET /BLA/resoluciones/AUTOS%202009/2916.pdf HTTP/1.1" 200 90575
190.27.46.48 - - [01/Feb/2015:01:05:11 -0500] "GET /forest/session.jsp?a=0.5819044173695147 HTTP/1.1" 200 4
66.249.73.155 - - [01/Feb/2015:01:05:13 -0500] "GET /BLA/resoluciones/RESOLUCIONES%202008/4060.pdf HTTP/1.1" 200 461637
66.249.73.155 - - [01/Feb/2015:01:05:16 -0500] "GET /BLA/resoluciones/RESOLUCIONES%202011/1180.pdf HTTP/1.1" 200 259186
66.249.73.163 - - [01/Feb/2015:01:05:17 -0500] "GET /BLA/resoluciones/AUTOS%202009/1379.pdf HTTP/1.1" 200 123885
66.249.73.155 - - [01/Feb/2015:01:05:19 -0500] "GET /BLA/resoluciones/RESOLUCIONES%202010/1266.pdf HTTP/1.1" 200 110536
66.249.73.155 - - [01/Feb/2015:01:05:21 -0500] "GET /BLA/resoluciones/RESOLUCIONES%202010/0291.pdf HTTP/1.1" 200 515386
66.249.73.171 - - [01/Feb/2015:01:05:23 -0500] "GET /BLA/resoluciones/AUTOS%202009/1313.pdf HTTP/1.1" 200 193361
66.249.73.171 - - [01/Feb/2015:01:05:25 -0500] "GET /BLA/resoluciones/AUTOS%202009/2555.pdf HTTP/1.1" 200 100883
66.249.73.155 - - [01/Feb/2015:01:05:27 -0500] "GET /BLA/resoluciones/RESOLUCIONES%202009/1053.pdf HTTP/1.1" 200 202706
66.249.73.163 - - [01/Feb/2015:01:05:30 -0500] "GET /BLA/resoluciones/AUTOS%202009/1176.pdf HTTP/1.1" 200 117544
66.249.73.163 - - [01/Feb/2015:01:05:31 -0500] "GET /BLA/resoluciones/RESOLUCIONES%202010/3084.pdf HTTP/1.1" 200 96078
66.249.73.171 - - [01/Feb/2015:01:05:33 -0500] "GET /BLA/resoluciones/RESOLUCIONES%202010/1078.pdf HTTP/1.1" 200 113350
188.165.15.41 - - [01/Feb/2015:01:05:33 -0500] "GET /BLA/resoluciones/RESOLUCIONES%202004/RES%202004%201151-1200/00001177.tif HTTP/1.1" 200 190626
66.249.73.171 - - [01/Feb/2015:01:05:35 -0500] "GET /BLA/resoluciones/RESOLUCIONES%202011/0698.pdf HTTP/1.1" 200 78715
66.249.73.155 - - [01/Feb/2015:01:05:37 -0500] "GET /BLA/resoluciones/AUTOS%202009/3292.pdf HTTP/1.1" 200 122596
66.249.73.155 - - [01/Feb/2015:01:05:39 -0500] "GET /BLA/resoluciones/AUTOS%202009/2652.pdf HTTP/1.1" 200 78262
66.249.73.155 - - [01/Feb/2015:01:05:41 -0500] "GET /BLA/resoluciones/RESOLUCIONES%202007/RES%202007%203901%20AL%204000/RESOLUCION%203912%20DE%202007.pdf HTTP/1.1" 200 37506
190.27.46.48 - - [01/Feb/2015:00:59:41 -0500] "GET /ForestMSG_SDA/channelAsync/template_word_17406281?X-Atmosphere-tracking-id=2dd7c216-7610-5045-7c21-72438cf04e8f&X-Atmosphere-Framework=1.0.5&X-Atmosphere-Transport=long-polling&tabid=0.9896925499197096&X-Cache-Date=0&Content-Type=application/xml&_=1422770584580 HTTP/1.1" 200 8193
66.249.73.171 - - [01/Feb/2015:01:05:43 -0500] "GET /BLA/resoluciones/AUTOS%202007/1758.pdf HTTP/1.1" 200 37725
66.249.73.171 - - [01/Feb/2015:01:05:45 -0500] "GET /BLA/resoluciones/AUTOS%202011/2144.pdf HTTP/1.1" 200 256438
66.249.73.155 - - [01/Feb/2015:01:05:47 -0500] "GET /BLA/resoluciones/RESOLUCIONES%202010/1857.pdf HTTP/1.1" 200 910913
66.249.73.171 - - [01/Feb/2015:01:05:49 -0500] "GET /BLA/resoluciones/AUTOS%202009/1104.pdf HTTP/1.1" 200 93100
66.249.73.171 - - [01/Feb/2015:01:05:51 -0500] "GET /BLA/resoluciones/RESOLUCIONES%202008/0232.pdf HTTP/1.1" 200 301280
66.249.73.163 - - [01/Feb/2015:01:05:53 -0500] "GET /BLA/resoluciones/AUTOS%202009/3351.pdf HTTP/1.1" 200 208143
66.249.73.155 - - [01/Feb/2015:01:05:55 -0500] "GET /BLA/resoluciones/AUTOS%202008/3317.pdf HTTP/1.1" 200 68578
66.249.73.171 - - [01/Feb/2015:01:05:57 -0500] "GET /BLA/resoluciones/AUTOS%202013/0273.pdf HTTP/1.1" 200 2288629
185.10.104.130 - - [01/Feb/2015:01:06:03 -0500] "GET /BLA/boletinlegal;jsessionid=074F02B5A51EB1E5FCF038BDE135814A?/? HTTP/1.1" 404 1018
66.249.73.171 - - [01/Feb/2015:01:06:09 -0500] "GET /BLA/resoluciones/RESOLUCIONES%202009/8929.pdf HTTP/1.1" 200 364001
66.249.73.171 - - [01/Feb/2015:01:06:10 -0500] "GET /BLA/resoluciones/RESOLUCIONES%202009/6384.pdf HTTP/1.1" 200 490335
66.249.73.163 - - [01/Feb/2015:01:06:12 -0500] "GET /BLA/resoluciones/RESOLUCIONES%202011/0221.pdf HTTP/1.1" 200 84161
66.249.73.155 - - [01/Feb/2015:01:06:12 -0500] "GET /BLA/resoluciones/RESOLUCIONES%202010/6077.pdf HTTP/1.1" 200 282118
66.249.73.171 - - [01/Feb/2015:01:06:13 -0500] "GET /BLA/resoluciones/AUTOS%202009/3311.pdf HTTP/1.1" 200 207580
66.249.73.163 - - [01/Feb/2015:01:06:14 -0500] "GET /BLA/resoluciones/AUTOS%202009/1563.pdf HTTP/1.1" 200 120605
66.249.73.163 - - [01/Feb/2015:01:06:14 -0500] "GET /BLA/resoluciones/AUTOS%202009/3398.pdf HTTP/1.1" 200 96128
66.249.73.155 - - [01/Feb/2015:01:06:15 -0500] "GET /BLA/resoluciones/AUTOS%202009/2284.pdf HTTP/1.1" 200 104832
66.249.73.163 - - [01/Feb/2015:01:06:16 -0500] "GET /BLA/resoluciones/RESOLUCIONES%202008/1863.pdf HTTP/1.1" 200 54312
66.249.73.171 - - [01/Feb/2015:01:06:17 -0500] "GET /BLA/resoluciones/AUTOS%202011/4469.pdf HTTP/1.1" 200 146551
66.249.73.155 - - [01/Feb/2015:01:06:18 -0500] "GET /BLA/resoluciones/RESOLUCIONES%202010/2486.pdf HTTP/1.1" 200 536327
66.249.73.155 - - [01/Feb/2015:01:06:19 -0500] "GET /BLA/resoluciones/RESOLUCIONES%202011/3008.pdf HTTP/1.1" 200 535659
66.249.73.155 - - [01/Feb/2015:01:06:20 -0500] "GET /BLA/resoluciones/RESOLUCIONES%202007/RES%202007%201401%20AL%201500/RESOLUCION%201402%20DE%202007.pdf HTTP/1.1" 304 -
66.249.73.163 - - [01/Feb/2015:01:06:21 -0500] "GET /BLA/resoluciones/AUTOS%202009/0814.pdf HTTP/1.1" 200 82847
66.249.73.163 - - [01/Feb/2015:01:06:23 -0500] "GET /BLA/resoluciones/AUTOS%202009/1644.pdf HTTP/1.1" 200 99633
66.249.73.155 - - [01/Feb/2015:01:06:25 -0500] "GET /BLA/resoluciones/RESOLUCIONES%202010/3885.pdf HTTP/1.1" 200 51234
66.249.73.163 - - [01/Feb/2015:01:06:27 -0500] "GET /BLA/resoluciones/AUTOS%202009/2400.pdf HTTP/1.1" 200 101551
66.249.73.163 - - [01/Feb/2015:01:06:29 -0500] "GET /BLA/resoluciones/RESOLUCIONES%202011/1131.pdf HTTP/1.1" 200 367734
66.249.73.171 - - [01/Feb/2015:01:06:31 -0500] "GET /BLA/resoluciones/RESOLUCIONES%202010/2301.pdf HTTP/1.1" 200 474789
66.249.73.155 - - [01/Feb/2015:01:06:33 -0500] "GET /BLA/resoluciones/AUTOS%202009/0468.pdf HTTP/1.1" 200 107000
66.249.73.163 - - [01/Feb/2015:01:06:35 -0500] "GET /BLA/resoluciones/RESOLUCIONES%202008/5355.pdf HTTP/1.1" 200 225742
66.249.73.171 - - [01/Feb/2015:01:06:37 -0500] "GET /BLA/resoluciones/RESOLUCIONES%202009/9047.pdf HTTP/1.1" 200 494921
66.249.73.163 - - [01/Feb/2015:01:06:39 -0500] "GET /BLA/resoluciones/AUTOS%202009/1153.pdf HTTP/1.1" 200 90203
66.249.73.163 - - [01/Feb/2015:01:06:41 -0500] "GET /BLA/resoluciones/RESOLUCIONES%202010/0202.pdf HTTP/1.1" 200 120620
66.249.73.171 - - [01/Feb/2015:01:06:43 -0500] "GET /BLA/resoluciones/AUTOS%202009/2243.pdf HTTP/1.1" 200 120447
66.249.73.163 - - [01/Feb/2015:01:06:45 -0500] "GET /BLA/resoluciones/RESOLUCIONES%202008/4961.pdf HTTP/1.1" 200 213481
66.249.73.163 - - [01/Feb/2015:01:06:47 -0500] "GET /BLA/resoluciones/RESOLUCIONES%202009/6186.pdf HTTP/1.1" 200 702492
66.249.73.163 - - [01/Feb/2015:01:06:49 -0500] "GET /BLA/resoluciones/RESOLUCIONES%202008/3400.pdf HTTP/1.1" 200 485550
66.249.73.163 - - [01/Feb/2015:01:06:51 -0500] "GET /BLA/resoluciones/RESOLUCIONES%202008/0495.pdf HTTP/1.1" 200 94054
66.249.73.171 - - [01/Feb/2015:01:06:53 -0500] "GET /BLA/resoluciones/RESOLUCIONES%202010/0562.pdf HTTP/1.1" 200 89101
66.249.73.155 - - [01/Feb/2015:01:06:55 -0500] "GET /BLA/resoluciones/RESOLUCIONES%202010/3676.pdf HTTP/1.1" 200 546461
66.249.73.171 - - [01/Feb/2015:01:06:57 -0500] "GET /BLA/resoluciones/AUTOS%202009/0593.pdf HTTP/1.1" 200 121428
66.249.73.163 - - [01/Feb/2015:01:06:59 -0500] "GET /BLA/resoluciones/RESOLUCIONES%202010/6525.pdf HTTP/1.1" 200 273668
66.249.73.171 - - [01/Feb/2015:01:07:01 -0500] "GET /BLA/resoluciones/AUTOS%202012/1818.pdf HTTP/1.1" 200 289078
66.249.73.171 - - [01/Feb/2015:01:07:03 -0500] "GET /BLA/resoluciones/RESOLUCIONES%202005/RES%202005%201451-1500/00001456.tif HTTP/1.1" 200 217678
66.249.73.171 - - [01/Feb/2015:01:07:04 -0500] "GET /BLA/resoluciones/RESOLUCIONES%202011/4116.pdf HTTP/1.1" 200 91830
66.249.73.171 - - [01/Feb/2015:01:07:05 -0500] "GET /BLA/resoluciones/RESOLUCIONES%202010/4594.pdf HTTP/1.1" 200 1142049
188.165.15.90 - - [01/Feb/2015:01:07:09 -0500] "GET /BLA/resoluciones/RESOLUCIONES%202005/RES%202005%20701-750/00000737.tif HTTP/1.1" 200 170794
66.249.73.155 - - [01/Feb/2015:01:07:09 -0500] "GET /BLA/resoluciones/AUTOS%202007/1154.pdf HTTP/1.1" 200 82389
66.249.73.171 - - [01/Feb/2015:01:07:10 -0500] "GET /BLA/resoluciones/RESOLUCIONES%202011/1964.pdf HTTP/1.1" 200 503231
66.249.73.171 - - [01/Feb/2015:01:07:12 -0500] "GET /BLA/resoluciones/AUTOS%202009/2919.pdf HTTP/1.1" 200 89542
66.249.73.171 - - [01/Feb/2015:01:07:13 -0500] "GET /BLA/resoluciones/RESOLUCIONES%202011/6308.pdf HTTP/1.1" 200 1204432
66.249.73.171 - - [01/Feb/2015:01:07:18 -0500] "GET /BLA/resoluciones/AUTOS%202011/3279.pdf HTTP/1.1" 200 220371
66.249.73.155 - - [01/Feb/2015:01:07:19 -0500] "GET /BLA/resoluciones/AUTOS%202011/5346.pdf HTTP/1.1" 200 489032
66.249.73.163 - - [01/Feb/2015:01:07:20 -0500] "GET /BLA/resoluciones/AUTOS%202011/3051.pdf HTTP/1.1" 200 84516
66.249.73.171 - - [01/Feb/2015:01:07:21 -0500] "GET /BLA/resoluciones/AUTOS%202007/1586.pdf HTTP/1.1" 200 29253
66.249.73.155 - - [01/Feb/2015:01:07:23 -0500] "GET /BLA/resoluciones/AUTOS%202009/1053.pdf HTTP/1.1" 200 184928
66.249.73.155 - - [01/Feb/2015:01:07:25 -0500] "GET /BLA/resoluciones/RESOLUCIONES%202010/2965.pdf HTTP/1.1" 200 1200371
66.249.73.171 - - [01/Feb/2015:01:07:28 -0500] "GET /BLA/resoluciones/RESOLUCIONES%202010/0381.pdf HTTP/1.1" 200 106428
66.249.73.163 - - [01/Feb/2015:01:07:29 -0500] "GET /BLA/resoluciones/AUTOS%202009/2441.pdf HTTP/1.1" 200 100337
66.249.73.171 - - [01/Feb/2015:01:07:31 -0500] "GET /BLA/resoluciones/RESOLUCIONES%202008/5504.pdf HTTP/1.1" 200 207403
152.61.128.66 - - [01/Feb/2015:01:07:33 -0500] "HEAD / HTTP/1.1" 302 -
66.249.73.155 - - [01/Feb/2015:01:07:33 -0500] "GET /BLA/resoluciones/RESOLUCIONES%202010/2574.pdf HTTP/1.1" 200 1492464
152.61.128.66 - - [01/Feb/2015:01:07:33 -0500] "GET /arcgis/services/Calidad_del_Agua_WQI/MapServer/WMSServer?request=GetCapabilities&service=WMS HTTP/1.1" 200 32135
152.61.128.66 - - [01/Feb/2015:01:07:34 -0500] "GET /arcgis/services/Calidad_del_Agua_WQI/MapServer/WMSServer?request=GetCapabilities&service=WMS HTTP/1.0" 200 32135
152.61.128.66 - - [01/Feb/2015:01:07:35 -0500] "GET /arcgis/services/Calidad_del_Agua_WQI/MapServer/WMSServer?request=GetCapabilities&service=WMS HTTP/1.0" 200 32135
152.61.128.66 - - [01/Feb/2015:01:07:36 -0500] "GET /arcgis/services/Calidad_del_Agua_WQI/MapServer/WMSServer?request=GetCapabilities&service=WMS HTTP/1.0" 200 32135
66.249.73.163 - - [01/Feb/2015:01:07:38 -0500] "GET /BLA/resoluciones/RESOLUCIONES%202009/4617.pdf HTTP/1.1" 200 645071
152.61.128.66 - - [01/Feb/2015:01:07:37 -0500] "GET /arcgis/services/Calidad_del_Agua_WQI/MapServer/WMSServer?VERSION=1.1.1&REQUEST=GetMap&LAYERS=0&SRS=EPSG:4326&BBOX=-74.473395,3.674381,-73.963300,4.920569&WIDTH=250&HEIGHT=250&FORMAT=image/bmp&STYLES=& HTTP/1.1" 200 188054
66.249.73.171 - - [01/Feb/2015:01:07:39 -0500] "GET /BLA/resoluciones/AUTOS%202011/1925.pdf HTTP/1.1" 200 156613
66.249.73.163 - - [01/Feb/2015:01:07:40 -0500] "GET /BLA/resoluciones/RESOLUCIONES%202010/6682.pdf HTTP/1.1" 200 266858
66.249.73.163 - - [01/Feb/2015:01:07:41 -0500] "GET /BLA/resoluciones/AUTOS%202011/1352.pdf HTTP/1.1" 200 137939
74.86.158.107 - - [01/Feb/2015:01:07:41 -0500] "HEAD / HTTP/1.1" 302 -
66.249.73.163 - - [01/Feb/2015:01:07:43 -0500] "GET /BLA/resoluciones/RESOLUCIONES%202010/4020.pdf HTTP/1.1" 200 50828
66.249.73.163 - - [01/Feb/2015:01:07:45 -0500] "GET /BLA/resoluciones/RESOLUCIONES%202009/6764.pdf HTTP/1.1" 200 658586
66.249.73.155 - - [01/Feb/2015:01:07:47 -0500] "GET /BLA/resoluciones/RESOLUCIONES%202011/1192.pdf HTTP/1.1" 200 258730
66.249.73.163 - - [01/Feb/2015:01:07:49 -0500] "GET /BLA/resoluciones/AUTOS%202009/1134.pdf HTTP/1.1" 200 104478
66.249.73.171 - - [01/Feb/2015:01:07:51 -0500] "GET /BLA/resoluciones/AUTOS%202009/0441.pdf HTTP/1.1" 200 96173
66.249.73.171 - - [01/Feb/2015:01:07:53 -0500] "GET /BLA/resoluciones/RESOLUCIONES%202011/5565.pdf HTTP/1.1" 200 717946
66.249.73.155 - - [01/Feb/2015:01:07:55 -0500] "GET /BLA/resoluciones/RESOLUCIONES%202007/RES%202007%203501%20AL%203600/RESOLUCION%203533%20DE%202007.pdf HTTP/1.1" 200 395702
66.249.73.163 - - [01/Feb/2015:01:07:56 -0500] "GET /BLA/resoluciones/RESOLUCIONES%202009/4852.pdf HTTP/1.1" 200 285048
66.249.73.155 - - [01/Feb/2015:01:07:57 -0500] "GET /BLA/resoluciones/RESOLUCIONES%202009/2708.pdf HTTP/1.1" 200 1028713
66.249.73.171 - - [01/Feb/2015:01:07:59 -0500] "GET /BLA/resoluciones/RESOLUCIONES%202010/6770.pdf HTTP/1.1" 200 224635
66.249.73.171 - - [01/Feb/2015:01:08:01 -0500] "GET /BLA/resoluciones/RESOLUCIONES%202010/6046.pdf HTTP/1.1" 200 217543
66.249.73.171 - - [01/Feb/2015:01:08:03 -0500] "GET /BLA/resoluciones/RESOLUCIONES%202009/1066.pdf HTTP/1.1" 200 144867
66.249.73.171 - - [01/Feb/2015:01:08:05 -0500] "GET /BLA/resoluciones/RESOLUCIONES%202010/3249.pdf HTTP/1.1" 200 757121
66.249.73.155 - - [01/Feb/2015:01:08:07 -0500] "GET /BLA/resoluciones/RESOLUCIONES%202010/4352.pdf HTTP/1.1" 200 524775
66.249.73.155 - - [01/Feb/2015:01:08:09 -0500] "GET /BLA/resoluciones/RESOLUCIONES%202011/2682.pdf HTTP/1.1" 200 748408
66.249.73.171 - - [01/Feb/2015:01:08:11 -0500] "GET /BLA/resoluciones/AUTOS%202009/3156.pdf HTTP/1.1" 200 134269
66.249.73.155 - - [01/Feb/2015:01:08:13 -0500] "GET /BLA/resoluciones/RESOLUCIONES%202010/1144.pdf HTTP/1.1" 200 120996
66.249.73.163 - - [01/Feb/2015:01:08:15 -0500] "GET /BLA/resoluciones/RESOLUCIONES%202009/5059.pdf HTTP/1.1" 200 489651
66.249.73.171 - - [01/Feb/2015:01:08:16 -0500] "GET /BLA/resoluciones/RESOLUCIONES%202009/6959.pdf HTTP/1.1" 200 108274
66.249.73.171 - - [01/Feb/2015:01:08:17 -0500] "GET /BLA/resoluciones/AUTOS%202009/0238.pdf HTTP/1.1" 200 107613
66.249.73.155 - - [01/Feb/2015:01:08:19 -0500] "GET /BLA/resoluciones/AUTOS%202009/0405.pdf HTTP/1.1" 200 79535
66.249.73.163 - - [01/Feb/2015:01:08:21 -0500] "GET /BLA/resoluciones/AUTOS%202009/2059.pdf HTTP/1.1" 200 99365
66.249.73.163 - - [01/Feb/2015:01:08:23 -0500] "GET /BLA/resoluciones/RESOLUCIONES%202010/0376.pdf HTTP/1.1" 200 117158
66.249.73.155 - - [01/Feb/2015:01:08:25 -0500] "GET /BLA/resoluciones/RESOLUCIONES%202010/0690.pdf HTTP/1.1" 200 124998
66.249.73.155 - - [01/Feb/2015:01:08:27 -0500] "GET /BLA/resoluciones/AUTOS%202011/5774.pdf HTTP/1.1" 200 126798
66.249.73.155 - - [01/Feb/2015:01:08:29 -0500] "GET /BLA/resoluciones/AUTOS%202011/1905.pdf HTTP/1.1" 200 122128
66.249.73.171 - - [01/Feb/2015:01:08:31 -0500] "GET /BLA/resoluciones/RESOLUCIONES%202009/4460.pdf HTTP/1.1" 200 494207
66.249.73.163 - - [01/Feb/2015:01:08:33 -0500] "GET /BLA/resoluciones/RESOLUCIONES%202010/3517.pdf HTTP/1.1" 200 321334
66.249.73.171 - - [01/Feb/2015:01:08:35 -0500] "GET /BLA/resoluciones/AUTOS%202011/4551.pdf HTTP/1.1" 200 133908
66.249.73.155 - - [01/Feb/2015:01:08:37 -0500] "GET /BLA/resoluciones/AUTOS%202011/2027.pdf HTTP/1.1" 200 162475
66.249.73.155 - - [01/Feb/2015:01:08:39 -0500] "GET /BLA/resoluciones/RESOLUCIONES%202011/4051.pdf HTTP/1.1" 200 73593
66.249.73.155 - - [01/Feb/2015:01:08:41 -0500] "GET /BLA/resoluciones/AUTOS%202011/3102.pdf HTTP/1.1" 200 285138
66.249.73.155 - - [01/Feb/2015:01:08:43 -0500] "GET /BLA/resoluciones/RESOLUCIONES%202010/5002.pdf HTTP/1.1" 200 744841
66.249.73.163 - - [01/Feb/2015:01:08:45 -0500] "GET /BLA/resoluciones/AUTOS%202011/6263.pdf HTTP/1.1" 200 218626
66.249.73.171 - - [01/Feb/2015:01:08:47 -0500] "GET /BLA/resoluciones/AUTOS%202011/0244.pdf HTTP/1.1" 200 209494
66.249.73.171 - - [01/Feb/2015:01:08:49 -0500] "GET /BLA/resoluciones/RESOLUCIONES%202011/1923.pdf HTTP/1.1" 200 262466
66.249.73.163 - - [01/Feb/2015:01:08:51 -0500] "GET /BLA/resoluciones/AUTOS%202011/3889.pdf HTTP/1.1" 200 180597
66.249.73.163 - - [01/Feb/2015:01:08:53 -0500] "GET /BLA/resoluciones/RESOLUCIONES%202010/3590.pdf HTTP/1.1" 200 506217
66.249.73.171 - - [01/Feb/2015:01:08:55 -0500] "GET /BLA/resoluciones/AUTOS%202011/6353.pdf HTTP/1.1" 200 172404
66.249.73.171 - - [01/Feb/2015:01:08:57 -0500] "GET /BLA/resoluciones/RESOLUCIONES%202008/4477.pdf HTTP/1.1" 200 196453
66.249.73.171 - - [01/Feb/2015:01:08:59 -0500] "GET /BLA/resoluciones/AUTOS%202010/0778.pdf HTTP/1.1" 200 193135
66.249.73.171 - - [01/Feb/2015:01:09:01 -0500] "GET /BLA/resoluciones/RESOLUCIONES%202009/9492.pdf HTTP/1.1" 200 52580
66.249.73.163 - - [01/Feb/2015:01:09:03 -0500] "GET /BLA/resoluciones/AUTOS%202011/5392.pdf HTTP/1.1" 200 177434
66.249.73.155 - - [01/Feb/2015:01:09:05 -0500] "GET /BLA/resoluciones/AUTOS%202011/7426.pdf HTTP/1.1" 200 168106
66.249.73.163 - - [01/Feb/2015:01:09:07 -0500] "GET /BLA/resoluciones/AUTOS%202011/2985.pdf HTTP/1.1" 200 160600
66.249.73.155 - - [01/Feb/2015:01:09:09 -0500] "GET /BLA/resoluciones/AUTOS%202011/1737.pdf HTTP/1.1" 200 233072
66.249.73.163 - - [01/Feb/2015:01:09:11 -0500] "GET /BLA/resoluciones/RESOLUCIONES%202010/1565.pdf HTTP/1.1" 200 597158
66.249.73.171 - - [01/Feb/2015:01:09:13 -0500] "GET /BLA/resoluciones/AUTOS%202011/7671.pdf HTTP/1.1" 200 171564
66.249.73.155 - - [01/Feb/2015:01:09:15 -0500] "GET /BLA/resoluciones/AUTOS%202011/7665.pdf HTTP/1.1" 200 160128
66.249.73.171 - - [01/Feb/2015:01:09:17 -0500] "GET /BLA/resoluciones/AUTOS%202011/3639.pdf HTTP/1.1" 200 240113
66.249.73.155 - - [01/Feb/2015:01:09:19 -0500] "GET /BLA/resoluciones/RESOLUCIONES%202009/0165.pdf HTTP/1.1" 200 25372
66.249.73.155 - - [01/Feb/2015:01:09:21 -0500] "GET /BLA/resoluciones/AUTOS%202009/2021.pdf HTTP/1.1" 200 99507
66.249.73.163 - - [01/Feb/2015:01:09:23 -0500] "GET /BLA/resoluciones/RESOLUCIONES%202010/4801.pdf HTTP/1.1" 200 297162
66.249.73.163 - - [01/Feb/2015:01:09:25 -0500] "GET /BLA/resoluciones/RESOLUCIONES%202010/5190.pdf HTTP/1.1" 200 701798
66.249.73.163 - - [01/Feb/2015:01:09:27 -0500] "GET /BLA/resoluciones/RESOLUCIONES%202010/7846.pdf HTTP/1.1" 200 37776
66.249.73.155 - - [01/Feb/2015:01:09:29 -0500] "GET /BLA/resoluciones/AUTOS%202009/0911.pdf HTTP/1.1" 200 122579
66.249.73.171 - - [01/Feb/2015:01:09:31 -0500] "GET /BLA/resoluciones/RESOLUCIONES%202009/9510.pdf HTTP/1.1" 200 304609
180.76.5.175 - - [01/Feb/2015:01:09:32 -0500] "GET /BLA/boletinlegal;jsessionid=AAB773D51B201CBC45FD45E6BCF5B6A7?/? HTTP/1.1" 404 1018
66.249.73.171 - - [01/Feb/2015:01:09:33 -0500] "GET /BLA/resoluciones/RESOLUCIONES%202010/0092.pdf HTTP/1.1" 200 505145
66.249.73.163 - - [01/Feb/2015:01:09:35 -0500] "GET /BLA/resoluciones/RESOLUCIONES%202011/0994.pdf HTTP/1.1" 200 72933
66.249.73.171 - - [01/Feb/2015:01:09:37 -0500] "GET /BLA/resoluciones/AUTOS%202009/1520.pdf HTTP/1.1" 200 97478
66.249.73.171 - - [01/Feb/2015:01:09:39 -0500] "GET /BLA/resoluciones/RESOLUCIONES%202009/8980.pdf HTTP/1.1" 200 465839
66.249.73.155 - - [01/Feb/2015:01:09:41 -0500] "GET /BLA/resoluciones/RESOLUCIONES%202010/1259.pdf HTTP/1.1" 200 109496
66.249.73.163 - - [01/Feb/2015:01:09:43 -0500] "GET /BLA/resoluciones/RESOLUCIONES%202008/4024.pdf HTTP/1.1" 200 297537
66.249.73.163 - - [01/Feb/2015:01:09:45 -0500] "GET /BLA/resoluciones/AUTOS%202009/0834.pdf HTTP/1.1" 200 75129
66.249.73.171 - - [01/Feb/2015:01:09:47 -0500] "GET /BLA/resoluciones/AUTOS%202011/3083.pdf HTTP/1.1" 200 238262
66.249.73.171 - - [01/Feb/2015:01:09:49 -0500] "GET /BLA/resoluciones/RESOLUCIONES%202008/2936.pdf HTTP/1.1" 200 199368
66.249.73.163 - - [01/Feb/2015:01:09:51 -0500] "GET /BLA/resoluciones/AUTOS%202011/3038.pdf HTTP/1.1" 200 67375
66.249.73.155 - - [01/Feb/2015:01:09:53 -0500] "GET /BLA/resoluciones/AUTOS%202009/0388.pdf HTTP/1.1" 200 77607
66.249.73.163 - - [01/Feb/2015:01:09:55 -0500] "GET /BLA/resoluciones/AUTOS%202009/2659.pdf HTTP/1.1" 200 76893
66.249.73.163 - - [01/Feb/2015:01:09:55 -0500] "GET /BLA/resoluciones/RESOLUCIONES%202010/3773.pdf HTTP/1.1" 200 232271
66.249.73.171 - - [01/Feb/2015:01:09:57 -0500] "GET /BLA/resoluciones/RESOLUCIONES%202011/2078.pdf HTTP/1.1" 200 507629
66.249.73.171 - - [01/Feb/2015:01:09:59 -0500] "GET /BLA/resoluciones/RESOLUCIONES%202011/0650.pdf HTTP/1.1" 200 540189
66.249.73.171 - - [01/Feb/2015:01:10:01 -0500] "GET /BLA/resoluciones/AUTOS%202009/1080.pdf HTTP/1.1" 200 97629
66.249.73.171 - - [01/Feb/2015:01:10:03 -0500] "GET /BLA/resoluciones/RESOLUCIONES%202010/4418.pdf HTTP/1.1" 200 456575
66.249.73.163 - - [01/Feb/2015:01:10:05 -0500] "GET /BLA/resoluciones/RESOLUCIONES%202009/3677.pdf HTTP/1.1" 200 52384
66.249.73.171 - - [01/Feb/2015:01:10:07 -0500] "GET /BLA/resoluciones/AUTOS%202011/3278.pdf HTTP/1.1" 200 216341
188.165.15.89 - - [01/Feb/2015:01:10:08 -0500] "GET /BLA/resoluciones/RESOLUCIONES%202005/RES%202005%202301-2350/00002316.tif HTTP/1.1" 200 139122
66.249.73.163 - - [01/Feb/2015:01:10:09 -0500] "GET /BLA/resoluciones/RESOLUCIONES%202009/3381.pdf HTTP/1.1" 200 481951
66.249.73.155 - - [01/Feb/2015:01:10:11 -0500] "GET /BLA/resoluciones/AUTOS%202009/3168.pdf HTTP/1.1" 200 136698
66.249.73.171 - - [01/Feb/2015:01:10:13 -0500] "GET /BLA/resoluciones/RESOLUCIONES%202009/3320.pdf HTTP/1.1" 200 629017
66.249.73.171 - - [01/Feb/2015:01:10:15 -0500] "GET /BLA/resoluciones/RESOLUCIONES%202008/2515.pdf HTTP/1.1" 200 628038
66.249.73.163 - - [01/Feb/2015:01:10:18 -0500] "GET /BLA/resoluciones/AUTOS%202009/3291.pdf HTTP/1.1" 200 151991
66.249.73.155 - - [01/Feb/2015:01:10:19 -0500] "GET /BLA/resoluciones/RESOLUCIONES%202009/0611.pdf HTTP/1.1" 200 306016
66.249.73.155 - - [01/Feb/2015:01:10:21 -0500] "GET /BLA/resoluciones/RESOLUCIONES%202009/9561.pdf HTTP/1.1" 200 492727
66.249.73.163 - - [01/Feb/2015:01:10:23 -0500] "GET /BLA/resoluciones/RESOLUCIONES%202010/0610.pdf HTTP/1.1" 200 509571
66.249.73.163 - - [01/Feb/2015:01:10:25 -0500] "GET /BLA/resoluciones/RESOLUCIONES%202009/7646.pdf HTTP/1.1" 200 493725
66.249.73.155 - - [01/Feb/2015:01:10:27 -0500] "GET /BLA/resoluciones/AUTOS%202009/2974.pdf HTTP/1.1" 200 106067
66.249.73.171 - - [01/Feb/2015:01:10:29 -0500] "GET /BLA/resoluciones/RESOLUCIONES%202009/7345.pdf HTTP/1.1" 200 371078
66.249.73.163 - - [01/Feb/2015:01:10:31 -0500] "GET /BLA/resoluciones/RESOLUCIONES%202009/8519.pdf HTTP/1.1" 200 520552
66.249.73.171 - - [01/Feb/2015:01:10:33 -0500] "GET /BLA/resoluciones/RESOLUCIONES%202011/1387.pdf HTTP/1.1" 200 75771
66.249.73.163 - - [01/Feb/2015:01:10:35 -0500] "GET /BLA/resoluciones/RESOLUCIONES%202008/0549.pdf HTTP/1.1" 200 99338
66.249.73.163 - - [01/Feb/2015:01:10:37 -0500] "GET /BLA/resoluciones/RESOLUCIONES%202011/3841.pdf HTTP/1.1" 200 487521
66.249.73.171 - - [01/Feb/2015:01:10:39 -0500] "GET /BLA/resoluciones/RESOLUCIONES%202009/3298.pdf HTTP/1.1" 200 599365
66.249.73.163 - - [01/Feb/2015:01:10:41 -0500] "GET /BLA/resoluciones/RESOLUCIONES%202010/0263.pdf HTTP/1.1" 200 517309
66.249.73.163 - - [01/Feb/2015:01:10:43 -0500] "GET /BLA/resoluciones/RESOLUCIONES%202008/5453.pdf HTTP/1.1" 200 233173
66.249.73.155 - - [01/Feb/2015:01:10:45 -0500] "GET /BLA/resoluciones/AUTOS%202009/1444.pdf HTTP/1.1" 200 119124
66.249.73.171 - - [01/Feb/2015:01:10:47 -0500] "GET /BLA/resoluciones/RESOLUCIONES%202010/2372.pdf HTTP/1.1" 200 585915
66.249.73.155 - - [01/Feb/2015:01:10:49 -0500] "GET /BLA/resoluciones/RESOLUCIONES%202009/9392.pdf HTTP/1.1" 304 -
188.165.15.177 - - [01/Feb/2015:01:10:51 -0500] "GET /BLA/resoluciones/RESOLUCIONES%202006/RES%202006%202651-2700/00002686.tif HTTP/1.1" 200 143758
66.249.73.163 - - [01/Feb/2015:01:10:51 -0500] "GET /BLA/resoluciones/RESOLUCIONES%202010/2389.pdf HTTP/1.1" 200 438214
66.249.73.171 - - [01/Feb/2015:01:10:53 -0500] "GET /BLA/resoluciones/RESOLUCIONES%202009/8762.pdf HTTP/1.1" 200 424259
66.249.73.155 - - [01/Feb/2015:01:10:56 -0500] "GET /BLA/resoluciones/RESOLUCIONES%202009/8765.pdf HTTP/1.1" 200 56052
66.249.73.171 - - [01/Feb/2015:01:10:57 -0500] "GET /BLA/resoluciones/RESOLUCIONES%202007/RES%202007%20201%20AL%20300/RESOLUCION%200282%20DE%202007.pdf HTTP/1.1" 304 -
66.249.73.163 - - [01/Feb/2015:01:10:59 -0500] "GET /BLA/resoluciones/AUTOS%202011/1640.pdf HTTP/1.1" 200 138630
66.249.73.155 - - [01/Feb/2015:01:11:01 -0500] "GET /BLA/resoluciones/AUTOS%202011/0497.pdf HTTP/1.1" 200 157680
66.249.73.171 - - [01/Feb/2015:01:11:03 -0500] "GET /BLA/resoluciones/AUTOS%202011/0551.pdf HTTP/1.1" 200 183907
66.249.73.163 - - [01/Feb/2015:01:11:05 -0500] "GET /BLA/resoluciones/RESOLUCIONES%202009/5910.pdf HTTP/1.1" 304 -
66.249.73.171 - - [01/Feb/2015:01:11:07 -0500] "GET /BLA/resoluciones/RESOLUCIONES%202011/3811.pdf HTTP/1.1" 304 -
66.249.73.171 - - [01/Feb/2015:01:11:09 -0500] "GET /BLA/resoluciones/RESOLUCIONES%202010/4404.pdf HTTP/1.1" 304 -
66.249.73.163 - - [01/Feb/2015:01:11:11 -0500] "GET /BLA/resoluciones/RESOLUCIONES%202010/6043.pdf HTTP/1.1" 304 -
66.249.73.155 - - [01/Feb/2015:01:11:13 -0500] "GET /BLA/resoluciones/RESOLUCIONES%202009/3996.pdf HTTP/1.1" 200 302940
66.249.73.171 - - [01/Feb/2015:01:11:15 -0500] "GET /BLA/resoluciones/RESOLUCIONES%202009/9719.pdf HTTP/1.1" 200 287047
66.249.73.155 - - [01/Feb/2015:01:11:17 -0500] "GET /BLA/resoluciones/RESOLUCIONES%202009/8871.pdf HTTP/1.1" 200 342869
66.249.73.171 - - [01/Feb/2015:01:11:19 -0500] "GET /BLA/resoluciones/AUTOS%202013/3451.pdf HTTP/1.1" 200 378434
66.249.73.171 - - [01/Feb/2015:01:11:21 -0500] "GET /BLA/resoluciones/RESOLUCIONES%202010/7017.pdf HTTP/1.1" 200 1664734
66.249.73.155 - - [01/Feb/2015:01:11:25 -0500] "GET /BLA/resoluciones/RESOLUCIONES%202008/1192.pdf HTTP/1.1" 304 -
66.249.73.155 - - [01/Feb/2015:01:11:25 -0500] "GET /BLA/resoluciones/AUTOS%202013/3073.pdf HTTP/1.1" 304 -
66.249.73.171 - - [01/Feb/2015:01:11:27 -0500] "GET /BLA/resoluciones/RESOLUCIONES%202013/0098.pdf HTTP/1.1" 304 -
66.249.73.171 - - [01/Feb/2015:01:11:29 -0500] "GET /BLA/resoluciones/RESOLUCIONES%202008/0412.pdf HTTP/1.1" 200 829572
186.83.128.205 - - [01/Feb/2015:01:11:30 -0500] "GET /galeria/bibloteca/contentflow.js HTTP/1.1" 200 42804
66.249.73.171 - - [01/Feb/2015:01:11:31 -0500] "GET /BLA/resoluciones/RESOLUCIONES%202007/RES%202007%20701%20AL%20800/RESOLUCION%200786%20DE%202007.pdf HTTP/1.1" 304 -
180.76.6.142 - - [01/Feb/2015:01:11:31 -0500] "GET /BLA/boletinlegal;jsessionid=9D4B631C48464870F3300C9967BCB98C?/? HTTP/1.1" 404 1018
186.83.128.205 - - [01/Feb/2015:01:11:33 -0500] "GET /galeria/bibloteca/mycontentflow.css HTTP/1.1" 200 3110
186.83.128.205 - - [01/Feb/2015:01:11:33 -0500] "GET /galeria/bibloteca/contentflow.css HTTP/1.1" 200 3201
66.249.73.171 - - [01/Feb/2015:01:11:33 -0500] "GET /BLA/resoluciones/RESOLUCIONES%202010/3050.pdf HTTP/1.1" 304 -
186.83.128.205 - - [01/Feb/2015:01:11:34 -0500] "GET /galeria/bibloteca/ContentFlowAddOn_white.js HTTP/1.1" 200 2497
186.83.128.205 - - [01/Feb/2015:01:11:34 -0500] "GET /galeria/bibloteca/img/loader.gif HTTP/1.1" 200 8238
186.83.128.205 - - [01/Feb/2015:01:11:34 -0500] "GET /galeria/bibloteca/img/scrollbar_white.png HTTP/1.1" 200 82
186.83.128.205 - - [01/Feb/2015:01:11:34 -0500] "GET /galeria/bibloteca/img/slider_white.png HTTP/1.1" 200 178
66.249.73.163 - - [01/Feb/2015:01:11:35 -0500] "GET /BLA/resoluciones/RESOLUCIONES%202013/0276.pdf HTTP/1.1" 304 -
66.249.73.155 - - [01/Feb/2015:01:11:37 -0500] "GET /BLA/resoluciones/RESOLUCIONES%202009/8180.pdf HTTP/1.1" 200 497497
66.249.73.163 - - [01/Feb/2015:01:11:39 -0500] "GET /BLA/resoluciones/RESOLUCIONES%202010/4558.pdf HTTP/1.1" 304 -
66.249.73.155 - - [01/Feb/2015:01:11:41 -0500] "GET /BLA/resoluciones/RESOLUCIONES%202010/4470.pdf HTTP/1.1" 304 -
66.249.73.163 - - [01/Feb/2015:01:11:43 -0500] "GET /BLA/resoluciones/RESOLUCIONES%202010/4252.pdf HTTP/1.1" 304 -
66.249.73.155 - - [01/Feb/2015:01:11:45 -0500] "GET /BLA/resoluciones/AUTOS%202011/6281.pdf HTTP/1.1" 200 195820
66.249.73.163 - - [01/Feb/2015:01:11:47 -0500] "GET /BLA/resoluciones/RESOLUCIONES%202007/RES%202007%201401%20AL%201500/RESOLUCION%201422%20DE%202007.pdf HTTP/1.1" 200 281371
66.249.73.155 - - [01/Feb/2015:01:11:49 -0500] "GET /autoliquidacion/index.php?dir=Solicitudes%20relacionadas%20con%20calidad%20del%20aire%20auditiva%20y%20visual/&sort=date&order=asc HTTP/1.1" 200 5748
66.249.73.163 - - [01/Feb/2015:01:11:51 -0500] "GET /BLA/resoluciones/RESOLUCIONES%202007/RES%202007%202301%20AL%202400/RESOLUCION%202326%20DE%202007.pdf HTTP/1.1" 200 807605
66.249.73.155 - - [01/Feb/2015:01:11:53 -0500] "GET /BLA/resoluciones/RESOLUCIONES%202007/RES%202007%201201%20AL%201300/RESOLUCION%201259%20DE%202007.pdf HTTP/1.1" 304 -
66.249.73.155 - - [01/Feb/2015:01:11:54 -0500] "GET /BLA/resoluciones/RESOLUCIONES%202008/1076.pdf HTTP/1.1" 200 293945
66.249.73.163 - - [01/Feb/2015:01:11:55 -0500] "GET /BLA/resoluciones/RESOLUCIONES%202010/6439.pdf HTTP/1.1" 304 -
66.249.65.192 - - [01/Feb/2015:01:11:57 -0500] "GET /portalsiaccapacitaciones/Soportes%20Capacitaciones%20A%C3%B1o%202014/0113.%20Presentaci%C3%B3n%20Compensaci%C3%B3n%20Endurecidas%20Zonas%20Verdes%2011-11-14.pdf HTTP/1.1" 304 -
66.249.65.196 - - [01/Feb/2015:01:11:59 -0500] "GET /portalsiaccapacitaciones/Soportes%20Capacitaciones%20A%C3%B1o%202014/0109.%20Presentaci%C3%B2n%20Registro%20-%20Permiso%20Vertimientos%2014-10-14.pdf HTTP/1.1" 304 -
66.249.65.188 - - [01/Feb/2015:01:12:01 -0500] "GET /Autoliquidacion/index.php?dir=TR%C1MITES+ACEITES-RESIDUOS-ESTACIONES%2Faceites-ES%2F HTTP/1.1" 200 3334
66.249.65.188 - - [01/Feb/2015:01:12:03 -0500] "GET /Autoliquidacion/index.php?dir=Solicitudes%20relacionadas%20con%20calidad%20del%20aire%20auditiva%20y%20visual/&sort=date&order=asc HTTP/1.1" 200 5748
186.83.128.205 - - [01/Feb/2015:01:12:05 -0500] "GET /BLA/boletinlegal/Circulares/2014/Circular%20No.%203%20del%2014%20de%20Noviembre%20de%202014.pdf HTTP/1.1" 200 104132
66.249.65.192 - - [01/Feb/2015:01:12:05 -0500] "GET /videos/Vallasled/1/ HTTP/1.1" 304 -
186.83.128.205 - - [01/Feb/2015:01:12:06 -0500] "GET /BLA/boletinlegal/Circulares/2014/Circular%20No.%203%20del%2014%20de%20Noviembre%20de%202014.pdf HTTP/1.1" 200 104132
66.249.65.196 - - [01/Feb/2015:01:12:07 -0500] "GET /Autoliquidacion/index.php?dir=Grupo+Forestal+-+Silvicultura%2F HTTP/1.1" 200 5777
66.249.65.196 - - [01/Feb/2015:01:12:09 -0500] "GET /Anexos%20estudio%20Organizacional%20SDA/ANEXO%20No.%204%20-%20ENCUESTA%20DE%20AN%C3%81LISIS%20ORGANIZACIONAL/ENCUESTA%20SUBIDRECCI%C3%93N%20DE%20ECOURBANISMO%20Y%20GESTION%20AMBIENTAL%20EMPRESARIAL.DOC HTTP/1.1" 304 -
66.249.73.155 - - [01/Feb/2015:01:12:22 -0500] "GET /BLA/ HTTP/1.1" 200 538
66.249.73.163 - - [01/Feb/2015:01:12:24 -0500] "GET /bla/normas/Resolucion%202064-2010.pdf HTTP/1.1" 304 -
66.249.73.163 - - [01/Feb/2015:01:12:24 -0500] "GET /BLA/normas/Resolucion%202064-2010.pdf HTTP/1.1" 304 -
74.86.158.107 - - [01/Feb/2015:01:12:41 -0500] "HEAD / HTTP/1.1" 302 -
142.4.208.208 - - [01/Feb/2015:01:12:43 -0500] "GET /old/wp-admin/ HTTP/1.1" 404 1018
202.46.49.181 - - [01/Feb/2015:01:12:59 -0500] "GET /BLA/resoluciones/RESOLUCIONES%202013/0580.pdf HTTP/1.1" 200 2213226
66.249.65.192 - - [01/Feb/2015:01:13:52 -0500] "GET /Autoliquidacion/index.php?dir= HTTP/1.1" 200 6375
66.249.73.155 - - [01/Feb/2015:01:13:53 -0500] "GET /BLA/resoluciones/AUTOS%202011/6362.pdf HTTP/1.1" 200 201483
190.27.46.48 - - [01/Feb/2015:01:14:30 -0500] "GET /forest/session.jsp?a=0.6742853817995638 HTTP/1.1" 200 4
190.27.46.48 - - [01/Feb/2015:01:14:44 -0500] "GET /forest/actions/forms.getList?codForm=Revision_reparto_Correspondencias&id=funcionarioasignado&text=G HTTP/1.1" 200 1313
190.27.46.48 - - [01/Feb/2015:01:14:44 -0500] "GET /forest/actions/forms.getList?codForm=Revision_reparto_Correspondencias&id=funcionarioasignado&text=GU HTTP/1.1" 200 1314
190.27.46.48 - - [01/Feb/2015:01:14:45 -0500] "GET /forest/actions/forms.getList?codForm=Revision_reparto_Correspondencias&id=funcionarioasignado&text=GUI HTTP/1.1" 200 1327
190.27.46.48 - - [01/Feb/2015:01:14:47 -0500] "GET /forest/actions/forms.getList?codForm=Revision_reparto_Correspondencias&id=funcionarioasignado&text=GUIL HTTP/1.1" 200 376
190.27.46.48 - - [01/Feb/2015:01:14:47 -0500] "GET /forest/actions/forms.getList?codForm=Revision_reparto_Correspondencias&id=funcionarioasignado&text=GUILL HTTP/1.1" 200 188
180.76.5.154 - - [01/Feb/2015:01:14:49 -0500] "GET /BLA/boletinlegal;jsessionid=46BA1332BCF7D7AFC43B62226D965977?/? HTTP/1.1" 404 1018
190.27.46.48 - - [01/Feb/2015:01:14:52 -0500] "GET /forest/actions/forms.getList?codForm=Revision_reparto_Correspondencias&id=codigoFuncionario&text=G HTTP/1.1" 200 1313
190.27.46.48 - - [01/Feb/2015:01:14:52 -0500] "GET /forest/actions/forms.getList?codForm=Revision_reparto_Correspondencias&id=codigoFuncionario&text=GU HTTP/1.1" 200 1314
190.27.46.48 - - [01/Feb/2015:01:14:52 -0500] "GET /forest/actions/forms.getList?codForm=Revision_reparto_Correspondencias&id=codigoFuncionario&text=GUI HTTP/1.1" 200 1327
190.27.46.48 - - [01/Feb/2015:01:14:53 -0500] "GET /forest/actions/forms.getList?codForm=Revision_reparto_Correspondencias&id=codigoFuncionario&text=GUIL HTTP/1.1" 200 376
190.27.46.48 - - [01/Feb/2015:01:14:53 -0500] "GET /forest/actions/forms.getList?codForm=Revision_reparto_Correspondencias&id=codigoFuncionario&text=GUILL HTTP/1.1" 200 188
190.27.46.48 - - [01/Feb/2015:01:14:58 -0500] "POST /forest/usutareas.do? HTTP/1.1" 200 76
190.27.46.48 - - [01/Feb/2015:01:15:01 -0500] "GET /forest/usutareas.do?group_system_actual=3&a=0.25954189454205334 HTTP/1.1" 200 116963
190.27.46.48 - - [01/Feb/2015:01:15:02 -0500] "GET /forest/session.jsp?a=0.7657285761088133 HTTP/1.1" 200 4
190.27.46.48 - - [01/Feb/2015:01:15:06 -0500] "GET /forest/skins/gdocs-jar/popup/escritorio/subirborrador.jsp?form=Correspondencia_Elaborar_Borrador&codTpl=621&codBorr=&a=0.897817523451522 HTTP/1.1" 200 23286
190.27.46.48 - - [01/Feb/2015:01:15:06 -0500] "GET /forest/json.do?query=borradoresByTpls&codInst=2985831&codTare=692&firma=0&a=0.7590183222200722 HTTP/1.1" 200 2
190.27.46.48 - - [01/Feb/2015:01:15:06 -0500] "GET /forest/json.do?query=plantillasByTarea&codTare=692&codInst=2985831&firma=0&a=0.34054178022779524 HTTP/1.1" 200 904
190.27.46.48 - - [01/Feb/2015:01:15:06 -0500] "GET /forest/json.do?query=terceroById&numTer=8600459313&a=0.9718615403398871 HTTP/1.1" 200 635
190.27.46.48 - - [01/Feb/2015:01:15:06 -0500] "GET /forest/json.do?query=ultimoBorradorByTpl&codTpl=621&codInst=2985831&a=0.5047233761288226 HTTP/1.1" 200 2
190.27.46.48 - - [01/Feb/2015:01:15:06 -0500] "GET /forest/json.do?query=ultimoBorradorByTpl&codTpl=1201&codInst=2985831&a=0.27819849364459515 HTTP/1.1" 200 2
190.27.46.48 - - [01/Feb/2015:01:15:06 -0500] "GET /forest/json.do?query=ultimoBorradorByTpl&codTpl=641&codInst=2985831&a=0.053169880295172334 HTTP/1.1" 200 2
190.27.46.48 - - [01/Feb/2015:01:15:06 -0500] "GET /forest/json.do?query=ultimoBorradorByTpl&codTpl=901&codInst=2985831&a=0.5805725962854922 HTTP/1.1" 200 2
190.27.46.48 - - [01/Feb/2015:01:15:07 -0500] "GET /forest/json.do?query=ultimoBorradorByTpl&codTpl=501&codInst=2985831&a=0.6269306289032102 HTTP/1.1" 200 2
190.27.46.48 - - [01/Feb/2015:01:15:07 -0500] "GET /forest/json.do?query=ultimoBorradorByTpl&codTpl=1301&codInst=2985831&a=0.5743358901236206 HTTP/1.1" 200 2
188.165.15.152 - - [01/Feb/2015:01:15:36 -0500] "GET /BLA/resoluciones/RESOLUCIONES%202003/RES%202003%202151-2189/20032168.tif HTTP/1.1" 200 220554
66.249.73.171 - - [01/Feb/2015:01:15:52 -0500] "GET /BLA/resoluciones/RESOLUCIONES%202010/6325.pdf HTTP/1.1" 200 486824
190.27.46.48 - - [01/Feb/2015:01:16:10 -0500] "POST /forest/usutareas.do?group_system_actual=3 HTTP/1.1" 200 211
190.27.46.48 - - [01/Feb/2015:01:16:15 -0500] "GET /forest/usutareas.do?group_system_actual=3&a=0.26235096785239875 HTTP/1.1" 200 118742
201.244.136.167 - - [01/Feb/2015:01:16:16 -0500] "GET /BLA/boletinlegal/js/jquery.scrollShow.js HTTP/1.1" 200 4586
201.244.136.167 - - [01/Feb/2015:01:16:16 -0500] "GET /BLA/boletinlegal/js/jquery.js HTTP/1.1" 200 57254
190.27.46.48 - - [01/Feb/2015:01:15:02 -0500] "GET /ForestMSG_SDA/channelAsync/template_word_17406286?X-Atmosphere-tracking-id=6a6844c8-5b36-0820-56d8-630cef0c1a67&X-Atmosphere-Framework=1.0.5&X-Atmosphere-Transport=long-polling&tabid=0.39892370044253767&X-Cache-Date=0&Content-Type=application/xml&_=1422771505437 HTTP/1.1" 200 8193
190.27.46.48 - - [01/Feb/2015:01:16:16 -0500] "GET /forest/session.jsp?a=0.19480007141828537 HTTP/1.1" 200 4
220.181.108.149 - - [01/Feb/2015:01:16:18 -0500] "GET /BLA/resoluciones/RESOLUCIONES%202013/0132.pdf HTTP/1.1" 200 3552881
201.244.136.167 - - [01/Feb/2015:01:16:20 -0500] "GET /BLA/boletinlegal/js/jquery.scrollTo-min.js HTTP/1.1" 200 1150
190.27.46.48 - - [01/Feb/2015:01:16:28 -0500] "GET /forest/skins/gdocs-jar/popup/escritorio/subirborrador.jsp?form=Correspondencia_Elaborar_Borrador&codTpl=621&codBorr=&a=0.13943651714362204 HTTP/1.1" 200 23286
190.27.46.48 - - [01/Feb/2015:01:16:29 -0500] "GET /forest/json.do?query=borradoresByTpls&codInst=2985831&codTare=692&firma=0&a=0.06330131064169109 HTTP/1.1" 200 194
190.27.46.48 - - [01/Feb/2015:01:16:29 -0500] "GET /forest/json.do?query=plantillasByTarea&codTare=692&codInst=2985831&firma=0&a=0.21940297447144985 HTTP/1.1" 200 904
190.27.46.48 - - [01/Feb/2015:01:16:29 -0500] "GET /forest/json.do?query=terceroById&numTer=8600459313&a=0.63478226470761 HTTP/1.1" 200 635
190.27.46.48 - - [01/Feb/2015:01:16:29 -0500] "GET /forest/json.do?query=ultimoBorradorByTpl&codTpl=621&codInst=2985831&a=0.1596853258088231 HTTP/1.1" 200 20
190.27.46.48 - - [01/Feb/2015:01:16:29 -0500] "GET /forest/json.do?query=ultimoBorradorByTpl&codTpl=1201&codInst=2985831&a=0.2632406591437757 HTTP/1.1" 200 2
190.27.46.48 - - [01/Feb/2015:01:16:29 -0500] "GET /forest/json.do?query=ultimoBorradorByTpl&codTpl=641&codInst=2985831&a=0.06947533437050879 HTTP/1.1" 200 2
190.27.46.48 - - [01/Feb/2015:01:16:29 -0500] "GET /forest/json.do?query=ultimoBorradorByTpl&codTpl=901&codInst=2985831&a=0.6754182241857052 HTTP/1.1" 200 2
190.27.46.48 - - [01/Feb/2015:01:16:29 -0500] "GET /forest/json.do?query=ultimoBorradorByTpl&codTpl=501&codInst=2985831&a=0.7522734706290066 HTTP/1.1" 200 2
190.27.46.48 - - [01/Feb/2015:01:16:29 -0500] "GET /forest/json.do?query=ultimoBorradorByTpl&codTpl=1301&codInst=2985831&a=0.4029789841733873 HTTP/1.1" 200 2
190.27.46.48 - - [01/Feb/2015:01:16:33 -0500] "POST /forest/usutareas.do? HTTP/1.1" 200 76
190.27.46.48 - - [01/Feb/2015:01:16:16 -0500] "GET /ForestMSG_SDA/channelAsync/template_word_17406286?X-Atmosphere-tracking-id=76bde6ae-d36e-2cba-4e17-e430421b0861&X-Atmosphere-Framework=1.0.5&X-Atmosphere-Transport=long-polling&tabid=0.7308094576001167&X-Cache-Date=0&Content-Type=application/xml&_=1422771579006 HTTP/1.1" 200 8193
190.27.46.48 - - [01/Feb/2015:01:16:34 -0500] "GET /forest/usutareas.do?group_system_actual=3&a=0.7445245364215225 HTTP/1.1" 200 118757
190.27.46.48 - - [01/Feb/2015:01:16:36 -0500] "GET /forest/session.jsp?a=0.21789756417274475 HTTP/1.1" 200 4
190.27.46.48 - - [01/Feb/2015:01:16:38 -0500] "GET /forest/skins/gdocs-jar/popup/escritorio/subirborrador.jsp?form=Correspondencia_Elaborar_Borrador&codTpl=621&codBorr=&a=0.9138066929299384 HTTP/1.1" 200 23286
190.27.46.48 - - [01/Feb/2015:01:16:38 -0500] "GET /forest/json.do?query=borradoresByTpls&codInst=2985831&codTare=692&firma=0&a=0.9298493720125407 HTTP/1.1" 200 194
190.27.46.48 - - [01/Feb/2015:01:16:38 -0500] "GET /forest/json.do?query=plantillasByTarea&codTare=692&codInst=2985831&firma=0&a=0.268184004817158 HTTP/1.1" 200 904
190.27.46.48 - - [01/Feb/2015:01:16:38 -0500] "GET /forest/json.do?query=terceroById&numTer=8600459313&a=0.41893305792473257 HTTP/1.1" 200 635
190.27.46.48 - - [01/Feb/2015:01:16:38 -0500] "GET /forest/json.do?query=ultimoBorradorByTpl&codTpl=621&codInst=2985831&a=0.3826447925530374 HTTP/1.1" 200 20
190.27.46.48 - - [01/Feb/2015:01:16:38 -0500] "GET /forest/json.do?query=ultimoBorradorByTpl&codTpl=1201&codInst=2985831&a=0.19835577649064362 HTTP/1.1" 200 2
190.27.46.48 - - [01/Feb/2015:01:16:38 -0500] "GET /forest/json.do?query=ultimoBorradorByTpl&codTpl=641&codInst=2985831&a=0.33772972552105784 HTTP/1.1" 200 2
190.27.46.48 - - [01/Feb/2015:01:16:38 -0500] "GET /forest/json.do?query=ultimoBorradorByTpl&codTpl=901&codInst=2985831&a=0.19627275364473462 HTTP/1.1" 200 2
