201.184.65.114 - - [06/Feb/2015:02:09:40 -0500] "POST /forms/lservlet;jsessionid=ac16012b30d50773e20604764f08b00ecd741620371e.e3iSbxaKaheRe38RbNmLa3mSc41ynknvrkLOlQzNp65In0 HTTP/1.1" 200 2
66.249.73.155 - - [06/Feb/2015:02:09:56 -0500] "GET /BLA/resoluciones/Autos%202008/2698.pdf HTTP/1.1" 200 107480
180.76.6.155 - - [06/Feb/2015:02:10:55 -0500] "GET /BLA/resoluciones/RESOLUCIONES%202012/1586.pdf HTTP/1.1" 200 3145357
66.249.65.196 - - [06/Feb/2015:02:11:32 -0500] "GET /POT-2013/Cartografia/28_USOS%20Y%20AREAS%20DE%20ACTIVIDAD.pdf HTTP/1.1" 304 -
201.184.65.114 - - [06/Feb/2015:02:11:40 -0500] "POST /forms/lservlet;jsessionid=ac16012b30d50773e20604764f08b00ecd741620371e.e3iSbxaKaheRe38RbNmLa3mSc41ynknvrkLOlQzNp65In0 HTTP/1.1" 200 2
187.168.211.216 - - [06/Feb/2015:02:12:09 -0500] "GET /BLA/boletinlegal/js/jquery.scrollShow.js HTTP/1.1" 200 4586
187.168.211.216 - - [06/Feb/2015:02:12:09 -0500] "GET /BLA/boletinlegal/js/jquery.scrollTo-min.js HTTP/1.1" 200 1150
187.168.211.216 - - [06/Feb/2015:02:12:09 -0500] "GET /galeria/carrusel/Carrusel/jquery-ui-1.8.13.custom.min.js HTTP/1.1" 200 10800
187.168.211.216 - - [06/Feb/2015:02:12:09 -0500] "GET /galeria/carrusel/Carrusel/jquery.thumbnailScroller.js HTTP/1.1" 200 8157
187.168.211.216 - - [06/Feb/2015:02:12:09 -0500] "GET /BLA/boletinlegal/js/jquery.js HTTP/1.1" 200 57254
187.168.211.216 - - [06/Feb/2015:02:12:09 -0500] "GET /galeria/carrusel/Carrusel/jquery.thumbnailScroller.css HTTP/1.1" 200 2066
187.168.211.216 - - [06/Feb/2015:02:12:14 -0500] "GET /galeria/nivo-slider/demo/demo.html HTTP/1.1" 200 3334
187.168.211.216 - - [06/Feb/2015:02:12:14 -0500] "GET /galeria/nivo-slider/themes/orman/orman.css HTTP/1.1" 200 2152
187.168.211.216 - - [06/Feb/2015:02:12:14 -0500] "GET /galeria/nivo-slider/demo/style.css HTTP/1.1" 200 2222
187.168.211.216 - - [06/Feb/2015:02:12:15 -0500] "GET /galeria/nivo-slider/nivo-slider.css HTTP/1.1" 200 1507
187.168.211.216 - - [06/Feb/2015:02:12:15 -0500] "GET /galeria/nivo-slider/themes/default/default.css HTTP/1.1" 200 1569
187.168.211.216 - - [06/Feb/2015:02:12:15 -0500] "GET /galeria/nivo-slider/themes/pascal/pascal.css HTTP/1.1" 200 2258
187.168.211.216 - - [06/Feb/2015:02:12:15 -0500] "GET /galeria/nivo-slider/demo/scripts/jquery-1.7.1.min.js HTTP/1.1" 200 93868
187.168.211.216 - - [06/Feb/2015:02:12:17 -0500] "GET /galeria/nivo-slider/demo/images/bolsas-08.jpg HTTP/1.1" 200 85589
187.168.211.216 - - [06/Feb/2015:02:12:17 -0500] "GET /galeria/nivo-slider/jquery.nivo.slider.pack.js HTTP/1.1" 200 11561
187.168.211.216 - - [06/Feb/2015:02:12:17 -0500] "GET /galeria/nivo-slider/demo/images/bolsas-06.jpg HTTP/1.1" 200 90982
187.168.211.216 - - [06/Feb/2015:02:12:17 -0500] "GET /galeria/nivo-slider/demo/images/banner-V2.jpg HTTP/1.1" 200 167020
187.168.211.216 - - [06/Feb/2015:02:12:17 -0500] "GET /galeria/nivo-slider/demo/images/Ruta-vertimientos-01.jpg HTTP/1.1" 200 130151
187.168.211.216 - - [06/Feb/2015:02:12:17 -0500] "GET /galeria/nivo-slider/demo/images/ecolecta-Dic2014.png HTTP/1.1" 200 288593
187.168.211.216 - - [06/Feb/2015:02:12:19 -0500] "GET /galeria/nivo-slider/demo/images/porloshumedales.jpg HTTP/1.1" 200 351238
187.168.211.216 - - [06/Feb/2015:02:12:19 -0500] "GET /galeria/nivo-slider/demo/images/Tingua-azul.jpg HTTP/1.1" 200 307638
187.168.211.216 - - [06/Feb/2015:02:12:20 -0500] "GET /galeria/nivo-slider/demo/images/Banner-Caracol-Africano.jpg HTTP/1.1" 200 331986
187.168.211.216 - - [06/Feb/2015:02:12:21 -0500] "GET /galeria/nivo-slider/demo/images/banner-redes.jpg HTTP/1.1" 200 62209
66.249.73.163 - - [06/Feb/2015:02:12:22 -0500] "GET /BLA/resoluciones/RESOLUCIONES%202006/RES%202006%20%203001-3054/00003027.tif HTTP/1.1" 200 324276
187.168.211.216 - - [06/Feb/2015:02:12:23 -0500] "GET /galeria/nivo-slider/demo/images/9Signos.jpg HTTP/1.1" 200 93040
187.168.211.216 - - [06/Feb/2015:02:12:25 -0500] "GET /galeria/nivo-slider/demo/images/banner-llantas2.jpg HTTP/1.1" 200 73153
187.168.211.216 - - [06/Feb/2015:02:12:26 -0500] "GET /galeria/nivo-slider/demo/images/banner-caballos.png HTTP/1.1" 200 389106
187.168.211.216 - - [06/Feb/2015:02:12:27 -0500] "GET /galeria/nivo-slider/demo/images/4Simple_Slider.png HTTP/1.1" 200 11722
187.168.211.216 - - [06/Feb/2015:02:12:27 -0500] "GET /galeria/nivo-slider/themes/default/loading.gif HTTP/1.1" 200 1737
187.168.211.216 - - [06/Feb/2015:02:12:29 -0500] "GET /galeria/nivo-slider/themes/default/arrows.png HTTP/1.1" 200 824
187.168.211.216 - - [06/Feb/2015:02:12:29 -0500] "GET /galeria/nivo-slider/themes/default/bullets.png HTTP/1.1" 200 1281
74.86.158.107 - - [06/Feb/2015:02:12:30 -0500] "HEAD / HTTP/1.1" 302 -
180.76.5.171 - - [06/Feb/2015:02:13:02 -0500] "GET /BLA/resoluciones/index.php?dir=RESOLUCIONES%202005/RES%202005%203101-3150/&sort=size&order=asc HTTP/1.1" 200 12367
66.249.73.171 - - [06/Feb/2015:02:13:38 -0500] "GET /BLA/resoluciones/RESOLUCIONES%202004/RES%202004%20651-700/00000668.tif HTTP/1.1" 200 147566
201.184.65.114 - - [06/Feb/2015:02:13:40 -0500] "POST /forms/lservlet;jsessionid=ac16012b30d50773e20604764f08b00ecd741620371e.e3iSbxaKaheRe38RbNmLa3mSc41ynknvrkLOlQzNp65In0 HTTP/1.1" 200 2
180.76.5.167 - - [06/Feb/2015:02:13:41 -0500] "GET /BLA/boletinlegal;jsessionid=8BF259AB7F0B5C262B66AC7FE0206CE4?/? HTTP/1.1" 404 1018
66.249.73.155 - - [06/Feb/2015:02:13:47 -0500] "GET /BLA/resoluciones/RESOLUCIONES%202011/5360.pdf HTTP/1.1" 304 -
66.249.73.163 - - [06/Feb/2015:02:14:35 -0500] "GET /BLA/resoluciones/Autos%202008/2778.pdf HTTP/1.1" 200 110876
66.249.73.171 - - [06/Feb/2015:02:15:20 -0500] "GET /BLA/resoluciones/AUTOS%202008/1972.pdf HTTP/1.1" 200 90468
201.184.65.114 - - [06/Feb/2015:02:15:40 -0500] "POST /forms/lservlet;jsessionid=ac16012b30d50773e20604764f08b00ecd741620371e.e3iSbxaKaheRe38RbNmLa3mSc41ynknvrkLOlQzNp65In0 HTTP/1.1" 200 2
207.46.13.23 - - [06/Feb/2015:02:15:53 -0500] "GET /BLA/resoluciones/RESOLUCIONES%202010/3582.pdf HTTP/1.1" 200 511323
74.86.158.107 - - [06/Feb/2015:02:17:30 -0500] "HEAD / HTTP/1.1" 302 -
201.184.65.114 - - [06/Feb/2015:02:17:40 -0500] "POST /forms/lservlet;jsessionid=ac16012b30d50773e20604764f08b00ecd741620371e.e3iSbxaKaheRe38RbNmLa3mSc41ynknvrkLOlQzNp65In0 HTTP/1.1" 200 2
186.154.84.82 - - [06/Feb/2015:02:18:08 -0500] "GET /forest/session.jsp?a=0.9253373185638338 HTTP/1.1" 200 4
186.154.84.82 - - [06/Feb/2015:02:18:27 -0500] "GET /forest/borrador/1594056/CONCEPTO.docx HTTP/1.1" 200 504617
186.154.84.82 - - [06/Feb/2015:02:18:33 -0500] "GET /forest/usutareas.do?_a=0.8511689808219671&group_system_actual=3 HTTP/1.1" 200 164161
186.154.84.82 - - [06/Feb/2015:02:18:36 -0500] "GET /forest/session.jsp?a=0.09611434023827314 HTTP/1.1" 200 4
186.154.84.82 - - [06/Feb/2015:02:18:37 -0500] "GET /forest/actions/forms.getMappedValues?id=idreshospit1103&value=1417103451707&codForm=revision_concepto_tecnico&a=0.9398577467072755 HTTP/1.1" 200 40
186.154.84.82 - - [06/Feb/2015:02:18:37 -0500] "GET /forest/actions/forms.getMappedValues?id=idtramite110&value=1417103451706&codForm=revision_concepto_tecnico&a=0.519289601361379 HTTP/1.1" 200 46
186.154.84.82 - - [06/Feb/2015:02:18:37 -0500] "GET /forest/actions/forms.getMappedValues?id=idtramite110&value=1417103451706&codForm=revision_concepto_tecnico&a=0.005155599443241954 HTTP/1.1" 200 46
186.154.84.82 - - [06/Feb/2015:02:18:37 -0500] "GET /forest/actions/forms.getMappedValues?id=idreshospit1103&value=1417103451707&codForm=revision_concepto_tecnico&a=0.8569550011307001 HTTP/1.1" 200 40
65.55.210.79 - - [06/Feb/2015:02:18:51 -0500] "GET /galeria/carrusel/Carrusel/jquery-ui-1.8.13.custom.min.js HTTP/1.1" 200 10800
65.55.210.79 - - [06/Feb/2015:02:18:51 -0500] "GET /galeria/nivo-slider/demo/demo.html HTTP/1.1" 200 3334
65.55.210.79 - - [06/Feb/2015:02:18:51 -0500] "GET /galeria/nivo-slider/themes/pascal/pascal.css HTTP/1.1" 200 2258
65.55.210.79 - - [06/Feb/2015:02:18:51 -0500] "GET /galeria/nivo-slider/themes/default/default.css HTTP/1.1" 200 1569
65.55.210.79 - - [06/Feb/2015:02:18:51 -0500] "GET /galeria/nivo-slider/themes/orman/orman.css HTTP/1.1" 200 2152
65.55.210.79 - - [06/Feb/2015:02:18:52 -0500] "GET /galeria/nivo-slider/nivo-slider.css HTTP/1.1" 200 1507
65.55.210.79 - - [06/Feb/2015:02:18:52 -0500] "GET /galeria/nivo-slider/demo/scripts/jquery-1.7.1.min.js HTTP/1.1" 200 93868
65.55.210.79 - - [06/Feb/2015:02:18:52 -0500] "GET /galeria/nivo-slider/demo/style.css HTTP/1.1" 200 2222
65.55.210.79 - - [06/Feb/2015:02:18:53 -0500] "GET /galeria/nivo-slider/themes/default/loading.gif HTTP/1.1" 200 1737
65.55.210.79 - - [06/Feb/2015:02:18:53 -0500] "GET /galeria/nivo-slider/jquery.nivo.slider.pack.js HTTP/1.1" 200 11561
65.55.210.79 - - [06/Feb/2015:02:18:58 -0500] "GET /videos/Spot_CambioClimatico.flv HTTP/1.1" 200 4371917
201.184.65.114 - - [06/Feb/2015:02:19:40 -0500] "POST /forms/lservlet;jsessionid=ac16012b30d50773e20604764f08b00ecd741620371e.e3iSbxaKaheRe38RbNmLa3mSc41ynknvrkLOlQzNp65In0 HTTP/1.1" 200 2
66.249.73.171 - - [06/Feb/2015:02:20:32 -0500] "GET /videos/Spot_CambioClimatico.flv HTTP/1.1" 304 -
201.184.65.114 - - [06/Feb/2015:02:21:40 -0500] "POST /forms/lservlet;jsessionid=ac16012b30d50773e20604764f08b00ecd741620371e.e3iSbxaKaheRe38RbNmLa3mSc41ynknvrkLOlQzNp65In0 HTTP/1.1" 200 2
74.86.158.107 - - [06/Feb/2015:02:22:30 -0500] "HEAD / HTTP/1.1" 302 -
180.76.6.61 - - [06/Feb/2015:02:22:32 -0500] "GET /BLA/boletinlegal;jsessionid=0CD3EAA5A40DEF7BA6DC8FE4E24AE1C6?/? HTTP/1.1" 404 1018
100.43.85.25 - - [06/Feb/2015:02:22:35 -0500] "GET /robots.txt HTTP/1.1" 404 1019
66.249.73.171 - - [06/Feb/2015:02:22:50 -0500] "GET /BLA/resoluciones/Autos%202008/2018.pdf HTTP/1.1" 200 82078
180.76.6.47 - - [06/Feb/2015:02:23:10 -0500] "GET /BLA/boletinlegal;jsessionid=DC9D78C210F6776752F434D9038E93E4?/? HTTP/1.1" 404 1018
66.249.73.163 - - [06/Feb/2015:02:23:13 -0500] "GET /even/Ca0jr6ay/tsld005.htm HTTP/1.1" 404 1018
186.154.84.82 - - [06/Feb/2015:02:23:37 -0500] "GET /forest/session.jsp?a=0.7892197433393449 HTTP/1.1" 200 4
201.184.65.114 - - [06/Feb/2015:02:23:40 -0500] "POST /forms/lservlet;jsessionid=ac16012b30d50773e20604764f08b00ecd741620371e.e3iSbxaKaheRe38RbNmLa3mSc41ynknvrkLOlQzNp65In0 HTTP/1.1" 200 2
186.154.84.82 - - [06/Feb/2015:02:24:12 -0500] "POST /forest/usutareas.do? HTTP/1.1" 200 76
180.76.5.223 - - [06/Feb/2015:02:24:31 -0500] "GET /BLA/boletinlegal;jsessionid=0EFEB7694BCA37100C880B55CA5F37CB?/? HTTP/1.1" 404 1018
186.154.84.82 - - [06/Feb/2015:02:24:15 -0500] "GET /forest/usutareas.do?group_system_actual=3&a=0.7837898293510079 HTTP/1.1" 200 18076
201.184.65.114 - - [06/Feb/2015:02:25:40 -0500] "POST /forms/lservlet;jsessionid=ac16012b30d50773e20604764f08b00ecd741620371e.e3iSbxaKaheRe38RbNmLa3mSc41ynknvrkLOlQzNp65In0 HTTP/1.1" 200 2
181.54.84.12 - - [06/Feb/2015:02:25:51 -0500] "GET /forms/frmservlet?config=sia HTTP/1.1" 200 4028
181.54.84.12 - - [06/Feb/2015:02:25:55 -0500] "GET /forms/java/frmall_jinit.jar HTTP/1.1" 304 -
181.54.84.12 - - [06/Feb/2015:02:25:55 -0500] "GET /forms/java/icons.jar HTTP/1.1" 304 -
181.54.84.12 - - [06/Feb/2015:02:25:55 -0500] "GET /forms/java/java/awt/KeyboardFocusManager.class HTTP/1.1" 404 352
181.54.84.12 - - [06/Feb/2015:02:25:55 -0500] "GET /forms/java/java/awt/KeyboardFocusManager.class HTTP/1.1" 404 352
181.54.84.12 - - [06/Feb/2015:02:25:56 -0500] "GET /forms/java/java/awt/event/MouseWheelListener.class HTTP/1.1" 404 356
181.54.84.12 - - [06/Feb/2015:02:25:56 -0500] "GET /forms/java/java/awt/event/MouseWheelListener.class HTTP/1.1" 404 356
181.54.84.12 - - [06/Feb/2015:02:25:56 -0500] "GET /forms/java/oracle/forms/registry/Registry.dat HTTP/1.1" 200 4213
181.54.84.12 - - [06/Feb/2015:02:25:57 -0500] "GET /forms/java/oracle/forms/registry/default.dat HTTP/1.1" 404 350
181.54.84.12 - - [06/Feb/2015:02:25:57 -0500] "GET /forms/frmservlet?config=sia&acceptLanguage=es-co&ifcmd=startsession HTTP/1.1" 200 118
181.54.84.12 - - [06/Feb/2015:02:25:57 -0500] "GET /forms/lservlet;jsessionid=ac16012b30d5114fe81a622a4cd28947f7d08592c43d.e3iSbxaKaheRe38RbNmLa3mSc41ynknvrkLOlQzNp65In0?ifcmd=getinfo&ifhost=Edgar-PC&ifip=192.168.0.12 HTTP/1.1" 200 8
181.54.84.12 - - [06/Feb/2015:02:25:57 -0500] "POST /forms/lservlet;jsessionid=ac16012b30d5114fe81a622a4cd28947f7d08592c43d.e3iSbxaKaheRe38RbNmLa3mSc41ynknvrkLOlQzNp65In0 HTTP/1.1" 200 8
181.54.84.12 - - [06/Feb/2015:02:25:58 -0500] "GET /forms/java/oracle/forms/engine/RunformBundle_es_CO.class HTTP/1.1" 404 362
181.54.84.12 - - [06/Feb/2015:02:25:58 -0500] "GET /forms/java/oracle/forms/engine/RunformBundle_es_CO.class HTTP/1.1" 404 362
181.54.84.12 - - [06/Feb/2015:02:25:58 -0500] "GET /forms/java/oracle/forms/engine/RunformBundle_es_CO.properties HTTP/1.1" 404 367
181.54.84.12 - - [06/Feb/2015:02:25:58 -0500] "POST /forms/lservlet;jsessionid=ac16012b30d5114fe81a622a4cd28947f7d08592c43d.e3iSbxaKaheRe38RbNmLa3mSc41ynknvrkLOlQzNp65In0 HTTP/1.1" 200 64000
181.54.84.12 - - [06/Feb/2015:02:25:59 -0500] "POST /forms/lservlet;jsessionid=ac16012b30d5114fe81a622a4cd28947f7d08592c43d.e3iSbxaKaheRe38RbNmLa3mSc41ynknvrkLOlQzNp65In0 HTTP/1.1" 200 64000
181.54.84.12 - - [06/Feb/2015:02:26:00 -0500] "HEAD /imagenes/dama_logo.gif HTTP/1.1" 200 -
181.54.84.12 - - [06/Feb/2015:02:26:00 -0500] "POST /forms/lservlet;jsessionid=ac16012b30d5114fe81a622a4cd28947f7d08592c43d.e3iSbxaKaheRe38RbNmLa3mSc41ynknvrkLOlQzNp65In0 HTTP/1.1" 200 63623
181.54.84.12 - - [06/Feb/2015:02:26:00 -0500] "GET /imagenes/dama_logo.gif HTTP/1.1" 200 21482
181.54.84.12 - - [06/Feb/2015:02:26:02 -0500] "POST /forms/lservlet;jsessionid=ac16012b30d5114fe81a622a4cd28947f7d08592c43d.e3iSbxaKaheRe38RbNmLa3mSc41ynknvrkLOlQzNp65In0 HTTP/1.1" 200 2
181.54.84.12 - - [06/Feb/2015:02:26:02 -0500] "POST /forms/lservlet;jsessionid=ac16012b30d5114fe81a622a4cd28947f7d08592c43d.e3iSbxaKaheRe38RbNmLa3mSc41ynknvrkLOlQzNp65In0 HTTP/1.1" 200 2
180.76.5.23 - - [06/Feb/2015:02:26:30 -0500] "GET /BLA/resoluciones/RESOLUCIONES%202007/RES%202007%203501%20AL%203600/RESOLUCION%203579%20DE%202007.pdf HTTP/1.1" 200 2650316
186.154.84.82 - - [06/Feb/2015:02:27:29 -0500] "GET /forest/skins/gdocs-jar/css/forest.css?version=1412.231748 HTTP/1.1" 200 51
186.154.84.82 - - [06/Feb/2015:02:27:29 -0500] "GET /forest/skins/gdocs-jar/css/menu.css?version=1412.231748 HTTP/1.1" 200 4235
186.154.84.82 - - [06/Feb/2015:02:27:30 -0500] "GET /forest/skins/gdocs-jar/css/autocomplete.css?version=1412.231748 HTTP/1.1" 200 1620
186.154.84.82 - - [06/Feb/2015:02:27:30 -0500] "GET /forest/css/index.css?version=1412.231748 HTTP/1.1" 200 1900
74.86.158.107 - - [06/Feb/2015:02:27:30 -0500] "HEAD / HTTP/1.1" 302 -
186.154.84.82 - - [06/Feb/2015:02:27:32 -0500] "GET /forest/1ibre/jscalendar/calendar-win2k-1.css?version=1412.231748 HTTP/1.1" 200 5986
186.154.84.82 - - [06/Feb/2015:02:27:33 -0500] "GET /forest/skins/gdocs-jar/css/dialog.css?version=1412.231748 HTTP/1.1" 200 1430
186.154.84.82 - - [06/Feb/2015:02:27:33 -0500] "GET /forest/skins/gdocs-jar/css/forms.css?version=1412.231748 HTTP/1.1" 200 7180
186.154.84.82 - - [06/Feb/2015:02:27:21 -0500] "GET /forest/usutareas.do?group_system_actual=3&a=0.7837898293510079 HTTP/1.1" 200 20550
186.154.84.82 - - [06/Feb/2015:02:27:30 -0500] "GET /forest/css/escritorio.css?version=1412.231748 HTTP/1.1" 200 15878
186.154.84.82 - - [06/Feb/2015:02:27:35 -0500] "GET /forest/img/loading.gif HTTP/1.1" 200 1197
186.154.84.82 - - [06/Feb/2015:02:27:36 -0500] "GET /forest/img/mplogo.gif HTTP/1.1" 200 806
186.154.84.82 - - [06/Feb/2015:02:27:37 -0500] "GET /forest/img/spacer.gif HTTP/1.1" 200 43
186.154.84.82 - - [06/Feb/2015:02:27:33 -0500] "GET /forest/js/json3.js HTTP/1.1" 200 39592
186.154.84.82 - - [06/Feb/2015:02:27:37 -0500] "GET /forest/img/inicio.jpg HTTP/1.1" 200 897
186.154.84.82 - - [06/Feb/2015:02:27:38 -0500] "GET /forest/img/users/3.gif HTTP/1.1" 200 1513
186.154.84.82 - - [06/Feb/2015:02:27:38 -0500] "GET /forest/img/users/5.gif HTTP/1.1" 200 1507
186.154.84.82 - - [06/Feb/2015:02:27:39 -0500] "GET /forest/img/users/7.gif HTTP/1.1" 200 1631
186.154.84.82 - - [06/Feb/2015:02:27:40 -0500] "GET /forest/img/download_large.gif HTTP/1.1" 200 203
201.184.65.114 - - [06/Feb/2015:02:27:40 -0500] "POST /forms/lservlet;jsessionid=ac16012b30d50773e20604764f08b00ecd741620371e.e3iSbxaKaheRe38RbNmLa3mSc41ynknvrkLOlQzNp65In0 HTTP/1.1" 200 2
186.154.84.82 - - [06/Feb/2015:02:27:41 -0500] "GET /forest/img/buscar.jpg HTTP/1.1" 200 736
186.154.84.82 - - [06/Feb/2015:02:27:42 -0500] "GET /forest/img/buscar_documentos.gif HTTP/1.1" 200 674
186.154.84.82 - - [06/Feb/2015:02:27:44 -0500] "GET /forest/img/buscar_procesos.gif HTTP/1.1" 200 158
186.154.84.82 - - [06/Feb/2015:02:27:44 -0500] "GET /forest/img/notify.gif HTTP/1.1" 200 746
186.154.84.82 - - [06/Feb/2015:02:27:45 -0500] "GET /forest/img/ayuda.gif HTTP/1.1" 200 716
186.154.84.82 - - [06/Feb/2015:02:27:46 -0500] "GET /forest/img/pantalla.gif HTTP/1.1" 200 1407
186.154.84.82 - - [06/Feb/2015:02:27:46 -0500] "GET /forest/img/salir3.gif HTTP/1.1" 200 1271
181.54.84.12 - - [06/Feb/2015:02:27:46 -0500] "POST /forms/lservlet;jsessionid=ac16012b30d5114fe81a622a4cd28947f7d08592c43d.e3iSbxaKaheRe38RbNmLa3mSc41ynknvrkLOlQzNp65In0 HTTP/1.1" 200 7999
186.154.84.82 - - [06/Feb/2015:02:27:47 -0500] "GET /forest/skins/gdocs-jar/img/alert.gif HTTP/1.1" 200 595
181.54.84.12 - - [06/Feb/2015:02:27:47 -0500] "POST /forms/lservlet;jsessionid=ac16012b30d5114fe81a622a4cd28947f7d08592c43d.e3iSbxaKaheRe38RbNmLa3mSc41ynknvrkLOlQzNp65In0 HTTP/1.1" 200 64
181.54.84.12 - - [06/Feb/2015:02:27:47 -0500] "POST /forms/lservlet;jsessionid=ac16012b30d5114fe81a622a4cd28947f7d08592c43d.e3iSbxaKaheRe38RbNmLa3mSc41ynknvrkLOlQzNp65In0 HTTP/1.1" 200 2
181.54.84.12 - - [06/Feb/2015:02:27:47 -0500] "POST /forms/lservlet;jsessionid=ac16012b30d5114fe81a622a4cd28947f7d08592c43d.e3iSbxaKaheRe38RbNmLa3mSc41ynknvrkLOlQzNp65In0 HTTP/1.1" 200 2
181.54.84.12 - - [06/Feb/2015:02:27:47 -0500] "POST /forms/lservlet;jsessionid=ac16012b30d5114fe81a622a4cd28947f7d08592c43d.e3iSbxaKaheRe38RbNmLa3mSc41ynknvrkLOlQzNp65In0 HTTP/1.1" 200 2
186.154.84.82 - - [06/Feb/2015:02:27:47 -0500] "GET /forest/img/close.gif HTTP/1.1" 200 571
186.154.84.82 - - [06/Feb/2015:02:27:33 -0500] "GET /forest/jsoptimized/gz/js/gdocsall-1412.231748.js HTTP/1.1" 200 99216
186.154.84.82 - - [06/Feb/2015:02:27:48 -0500] "GET /forest/skins/gdocs-jar/img/okey.gif HTTP/1.1" 200 203
186.154.84.82 - - [06/Feb/2015:02:27:48 -0500] "GET /forest/img/base/bsc2_r1_c2.gif HTTP/1.1" 200 269
186.154.84.82 - - [06/Feb/2015:02:27:49 -0500] "GET /forest/img/base/bsc2_r1_c3.gif HTTP/1.1" 200 3704
186.154.84.82 - - [06/Feb/2015:02:27:49 -0500] "GET /forest/img/fondo-barra.gif HTTP/1.1" 200 282
186.154.84.82 - - [06/Feb/2015:02:27:48 -0500] "GET /forest/img/base/bsc2_r1_c1.gif HTTP/1.1" 200 28640
181.54.84.12 - - [06/Feb/2015:02:27:52 -0500] "POST /forms/lservlet;jsessionid=ac16012b30d5114fe81a622a4cd28947f7d08592c43d.e3iSbxaKaheRe38RbNmLa3mSc41ynknvrkLOlQzNp65In0 HTTP/1.1" 200 34711
181.54.84.12 - - [06/Feb/2015:02:27:52 -0500] "GET /imagenes/listval.gif HTTP/1.1" 200 905
181.54.84.12 - - [06/Feb/2015:02:27:53 -0500] "GET /imagenes/tree1.gif HTTP/1.1" 200 1161
181.54.84.12 - - [06/Feb/2015:02:27:53 -0500] "GET /imagenes/listval.gif HTTP/1.1" 200 905
181.54.84.12 - - [06/Feb/2015:02:27:53 -0500] "GET /imagenes/CAMERA3.gif HTTP/1.1" 200 4150
181.54.84.12 - - [06/Feb/2015:02:27:53 -0500] "GET /imagenes/SLIDE1.gif HTTP/1.1" 200 1111
181.54.84.12 - - [06/Feb/2015:02:27:53 -0500] "GET /imagenes/flexcomb.gif HTTP/1.1" 200 1169
181.54.84.12 - - [06/Feb/2015:02:27:53 -0500] "GET /imagenes/GO.gif HTTP/1.1" 200 904
186.154.84.82 - - [06/Feb/2015:02:27:53 -0500] "GET /forest/1ibre/1ibre.css HTTP/1.1" 200 614
186.154.84.82 - - [06/Feb/2015:02:27:53 -0500] "GET /forest/session.jsp?a=0.986226212233305 HTTP/1.1" 200 4
181.54.84.12 - - [06/Feb/2015:02:27:53 -0500] "GET /imagenes/HRTOOLS.gif HTTP/1.1" 200 2238
181.54.84.12 - - [06/Feb/2015:02:27:53 -0500] "GET /imagenes/rt_rec1.gif HTTP/1.1" 200 867
181.54.84.12 - - [06/Feb/2015:02:27:54 -0500] "GET /imagenes/apply.gif HTTP/1.1" 200 903
181.54.84.12 - - [06/Feb/2015:02:27:54 -0500] "GET /imagenes/exit.gif HTTP/1.1" 200 916
181.54.84.12 - - [06/Feb/2015:02:27:54 -0500] "GET /imagenes/LISTVAL.gif HTTP/1.1" 200 905
181.54.84.12 - - [06/Feb/2015:02:27:54 -0500] "GET /imagenes/edit.gif HTTP/1.1" 200 919
181.54.84.12 - - [06/Feb/2015:02:27:54 -0500] "GET /imagenes/rt_rec4.gif HTTP/1.1" 200 865
181.54.84.12 - - [06/Feb/2015:02:27:54 -0500] "GET /imagenes/rt_rec3.gif HTTP/1.1" 200 844
181.54.84.12 - - [06/Feb/2015:02:27:54 -0500] "GET /imagenes/rt_rec2.gif HTTP/1.1" 200 847
181.54.84.12 - - [06/Feb/2015:02:27:54 -0500] "GET /imagenes/rt_rdel.gif HTTP/1.1" 200 899
181.54.84.12 - - [06/Feb/2015:02:27:54 -0500] "GET /imagenes/rt_radd.gif HTTP/1.1" 200 907
181.54.84.12 - - [06/Feb/2015:02:27:54 -0500] "GET /imagenes/rt_quer3.gif HTTP/1.1" 200 939
181.54.84.12 - - [06/Feb/2015:02:27:54 -0500] "GET /imagenes/rt_quer2.gif HTTP/1.1" 200 936
181.54.84.12 - - [06/Feb/2015:02:27:54 -0500] "GET /imagenes/rt_quer1.gif HTTP/1.1" 200 930
181.54.84.12 - - [06/Feb/2015:02:27:54 -0500] "GET /imagenes/rt_save.gif HTTP/1.1" 200 903
181.54.84.12 - - [06/Feb/2015:02:27:54 -0500] "GET /imagenes/rt_pset.gif HTTP/1.1" 200 914
181.54.84.12 - - [06/Feb/2015:02:27:54 -0500] "GET /imagenes/QUEJA.gif HTTP/1.1" 200 1091
181.54.84.12 - - [06/Feb/2015:02:27:54 -0500] "GET /imagenes/ARBOL.gif HTTP/1.1" 200 1026
181.54.84.12 - - [06/Feb/2015:02:27:54 -0500] "GET /imagenes/Clipboard.gif HTTP/1.1" 200 1466
181.54.84.12 - - [06/Feb/2015:02:27:54 -0500] "GET /imagenes/DINERO.gif HTTP/1.1" 200 1766
181.54.84.12 - - [06/Feb/2015:02:27:54 -0500] "GET /imagenes/URGENTE.gif HTTP/1.1" 200 964
181.54.84.12 - - [06/Feb/2015:02:27:54 -0500] "GET /imagenes/TREE4.gif HTTP/1.1" 200 4150
181.54.84.12 - - [06/Feb/2015:02:27:54 -0500] "POST /forms/lservlet;jsessionid=ac16012b30d5114fe81a622a4cd28947f7d08592c43d.e3iSbxaKaheRe38RbNmLa3mSc41ynknvrkLOlQzNp65In0 HTTP/1.1" 200 7
181.54.84.12 - - [06/Feb/2015:02:27:54 -0500] "POST /forms/lservlet;jsessionid=ac16012b30d5114fe81a622a4cd28947f7d08592c43d.e3iSbxaKaheRe38RbNmLa3mSc41ynknvrkLOlQzNp65In0 HTTP/1.1" 200 34
181.54.84.12 - - [06/Feb/2015:02:27:55 -0500] "POST /forms/lservlet;jsessionid=ac16012b30d5114fe81a622a4cd28947f7d08592c43d.e3iSbxaKaheRe38RbNmLa3mSc41ynknvrkLOlQzNp65In0 HTTP/1.1" 200 2
181.54.84.12 - - [06/Feb/2015:02:27:58 -0500] "POST /forms/lservlet;jsessionid=ac16012b30d5114fe81a622a4cd28947f7d08592c43d.e3iSbxaKaheRe38RbNmLa3mSc41ynknvrkLOlQzNp65In0 HTTP/1.1" 200 2
186.154.84.82 - - [06/Feb/2015:02:28:01 -0500] "GET /forest/actions/forms.getMappedValues?id=idreshospit1103&value=1417103451707&codForm=revision_concepto_tecnico&a=0.8905085374135524 HTTP/1.1" 200 40
186.154.84.82 - - [06/Feb/2015:02:28:02 -0500] "GET /forest/session.jsp?a=0.764378324849531 HTTP/1.1" 200 4
186.154.84.82 - - [06/Feb/2015:02:28:03 -0500] "GET /forest/actions/forms.getMappedValues?id=idtramite110&value=1417103451706&codForm=revision_concepto_tecnico&a=0.9781123180873692 HTTP/1.1" 200 46
186.154.84.82 - - [06/Feb/2015:02:28:04 -0500] "GET /forest/actions/forms.getMappedValues?id=idtramite110&value=1417103451706&codForm=revision_concepto_tecnico&a=0.45356848929077387 HTTP/1.1" 200 46
186.154.84.82 - - [06/Feb/2015:02:28:05 -0500] "GET /forest/actions/forms.getMappedValues?id=idreshospit1103&value=1417103451707&codForm=revision_concepto_tecnico&a=0.09120704489760101 HTTP/1.1" 200 40
180.76.5.74 - - [06/Feb/2015:02:28:33 -0500] "GET /BLA/boletinlegal;jsessionid=9BCDA9370C578DD73DC57D60FCA5CD36?/? HTTP/1.1" 404 1018
186.154.84.82 - - [06/Feb/2015:02:28:46 -0500] "GET /forest/skins/gdocs-jar/popup/popup.jsp?width=1100&height=500&title=Buscar%20procesos&uri=/forest/buscar.do%3Ftype%3Dprocesos&name=undefined&_a=0.4929266022518277&a=0.3712831740267575 HTTP/1.1" 200 1296
186.154.84.82 - - [06/Feb/2015:02:28:50 -0500] "GET /forest/css/autocomplete.css?version=1412.231748 HTTP/1.1" 304 -
186.154.84.82 - - [06/Feb/2015:02:28:51 -0500] "GET /forest/1ibre/jscalendar/calendar-win2k-1.css HTTP/1.1" 304 -
186.154.84.82 - - [06/Feb/2015:02:28:51 -0500] "GET /forest/js/load_func.js?version=1412.231748 HTTP/1.1" 304 -
186.154.84.82 - - [06/Feb/2015:02:28:51 -0500] "GET /forest/js/dialog.js?version=1412.231748 HTTP/1.1" 304 -
186.154.84.82 - - [06/Feb/2015:02:28:51 -0500] "GET /forest/js/sarissa.js?version=1412.231748 HTTP/1.1" 304 -
186.154.84.82 - - [06/Feb/2015:02:28:51 -0500] "GET /forest/js/escritorio/escritorio.js?version=1412.231748 HTTP/1.1" 304 -
186.154.84.82 - - [06/Feb/2015:02:28:52 -0500] "GET /forest/js/internJS.js?version=1412.231748 HTTP/1.1" 304 -
181.54.84.12 - - [06/Feb/2015:02:28:53 -0500] "POST /forms/lservlet;jsessionid=ac16012b30d5114fe81a622a4cd28947f7d08592c43d.e3iSbxaKaheRe38RbNmLa3mSc41ynknvrkLOlQzNp65In0 HTTP/1.1" 200 2
186.154.84.82 - - [06/Feb/2015:02:28:53 -0500] "GET /forest/js/autocompletar2.js?version=1412.231748 HTTP/1.1" 304 -
186.154.84.82 - - [06/Feb/2015:02:28:53 -0500] "GET /forest/1ibre/protoaculous.js?version=1412.231748 HTTP/1.1" 304 -
186.154.84.82 - - [06/Feb/2015:02:28:53 -0500] "GET /forest/1ibre/jscalendar/calendar.js?version=1412.231748 HTTP/1.1" 304 -
181.54.84.12 - - [06/Feb/2015:02:28:53 -0500] "POST /forms/lservlet;jsessionid=ac16012b30d5114fe81a622a4cd28947f7d08592c43d.e3iSbxaKaheRe38RbNmLa3mSc41ynknvrkLOlQzNp65In0 HTTP/1.1" 200 699
186.154.84.82 - - [06/Feb/2015:02:28:53 -0500] "GET /forest/1ibre/jscalendar/lang/calendar-es.js?version=1412.231748 HTTP/1.1" 304 -
181.54.84.12 - - [06/Feb/2015:02:28:53 -0500] "GET /imagenes/Srch_frw.gif HTTP/1.1" 200 925
181.54.84.12 - - [06/Feb/2015:02:28:53 -0500] "POST /forms/lservlet;jsessionid=ac16012b30d5114fe81a622a4cd28947f7d08592c43d.e3iSbxaKaheRe38RbNmLa3mSc41ynknvrkLOlQzNp65In0 HTTP/1.1" 200 10
186.154.84.82 - - [06/Feb/2015:02:28:54 -0500] "GET /forest/1ibre/jscalendar/calendar-setup.js?version=1412.231748 HTTP/1.1" 304 -
186.154.84.82 - - [06/Feb/2015:02:28:55 -0500] "GET /forest/1ibre/1ibre.js?version=1412.231748 HTTP/1.1" 304 -
186.154.84.82 - - [06/Feb/2015:02:28:55 -0500] "GET /forest/js/xml_utilities.js?version=1412.231748 HTTP/1.1" 304 -
186.154.84.82 - - [06/Feb/2015:02:28:56 -0500] "GET /forest/skins/gdocs-jar/img/select.gif HTTP/1.1" 304 -
186.154.84.82 - - [06/Feb/2015:02:28:47 -0500] "GET /forest/buscar.do?type=procesos HTTP/1.1" 200 84387
186.154.84.82 - - [06/Feb/2015:02:29:06 -0500] "GET /forest/skins/gdocs-jar/img/user_search.gif HTTP/1.1" 304 -
186.154.84.82 - - [06/Feb/2015:02:29:07 -0500] "GET /forest/skins/gdocs-jar/img/dependencia-tree.gif HTTP/1.1" 304 -
186.154.84.82 - - [06/Feb/2015:02:29:07 -0500] "GET /forest/json.do?query=versionListadas HTTP/1.1" 200 15
186.154.84.82 - - [06/Feb/2015:02:29:07 -0500] "GET /forest/json.do?query=usersByDep&coddep=7019 HTTP/1.1" 200 1066
186.154.84.82 - - [06/Feb/2015:02:29:07 -0500] "GET /forest/1ibre/jscalendar/img.gif HTTP/1.1" 304 -
186.154.84.82 - - [06/Feb/2015:02:29:08 -0500] "GET /forest/json.do?query=procesIniciales HTTP/1.1" 200 10001
186.154.84.82 - - [06/Feb/2015:02:29:08 -0500] "GET /forest/json.do?query=usersByDep&coddep=7019 HTTP/1.1" 200 1066
181.54.84.12 - - [06/Feb/2015:02:29:10 -0500] "POST /forms/lservlet;jsessionid=ac16012b30d5114fe81a622a4cd28947f7d08592c43d.e3iSbxaKaheRe38RbNmLa3mSc41ynknvrkLOlQzNp65In0 HTTP/1.1" 200 24
181.54.84.12 - - [06/Feb/2015:02:29:10 -0500] "POST /forms/lservlet;jsessionid=ac16012b30d5114fe81a622a4cd28947f7d08592c43d.e3iSbxaKaheRe38RbNmLa3mSc41ynknvrkLOlQzNp65In0 HTTP/1.1" 200 14
186.154.84.82 - - [06/Feb/2015:02:29:12 -0500] "POST /forest/buscar.do? HTTP/1.1" 200 5278
181.54.84.12 - - [06/Feb/2015:02:29:11 -0500] "POST /forms/lservlet;jsessionid=ac16012b30d5114fe81a622a4cd28947f7d08592c43d.e3iSbxaKaheRe38RbNmLa3mSc41ynknvrkLOlQzNp65In0 HTTP/1.1" 200 14
186.154.84.82 - - [06/Feb/2015:02:29:13 -0500] "GET /forest/css/escritorio.css HTTP/1.1" 304 -
186.154.84.82 - - [06/Feb/2015:02:29:13 -0500] "GET /forest/img/nav_first.gif HTTP/1.1" 304 -
186.154.84.82 - - [06/Feb/2015:02:29:13 -0500] "GET /forest/img/nav_next.gif HTTP/1.1" 304 -
181.54.84.12 - - [06/Feb/2015:02:29:13 -0500] "POST /forms/lservlet;jsessionid=ac16012b30d5114fe81a622a4cd28947f7d08592c43d.e3iSbxaKaheRe38RbNmLa3mSc41ynknvrkLOlQzNp65In0 HTTP/1.1" 200 4477
181.54.84.12 - - [06/Feb/2015:02:29:14 -0500] "POST /forms/lservlet;jsessionid=ac16012b30d5114fe81a622a4cd28947f7d08592c43d.e3iSbxaKaheRe38RbNmLa3mSc41ynknvrkLOlQzNp65In0 HTTP/1.1" 200 2
186.154.84.82 - - [06/Feb/2015:02:29:15 -0500] "GET /forest/img/nav_last.gif HTTP/1.1" 304 -
186.154.84.82 - - [06/Feb/2015:02:29:15 -0500] "GET /forest/img/nav_prev.gif HTTP/1.1" 304 -
189.162.184.6 - - [06/Feb/2015:02:29:15 -0500] "GET /BLA/boletinlegal/js/jquery.js HTTP/1.1" 200 57254
189.162.184.6 - - [06/Feb/2015:02:29:15 -0500] "GET /BLA/boletinlegal/js/jquery.scrollTo-min.js HTTP/1.1" 200 1150
189.162.184.6 - - [06/Feb/2015:02:29:15 -0500] "GET /BLA/boletinlegal/js/jquery.scrollShow.js HTTP/1.1" 200 4586
181.54.84.12 - - [06/Feb/2015:02:29:16 -0500] "POST /forms/lservlet;jsessionid=ac16012b30d5114fe81a622a4cd28947f7d08592c43d.e3iSbxaKaheRe38RbNmLa3mSc41ynknvrkLOlQzNp65In0 HTTP/1.1" 200 2
181.54.84.12 - - [06/Feb/2015:02:29:16 -0500] "POST /forms/lservlet;jsessionid=ac16012b30d5114fe81a622a4cd28947f7d08592c43d.e3iSbxaKaheRe38RbNmLa3mSc41ynknvrkLOlQzNp65In0 HTTP/1.1" 200 14
181.54.84.12 - - [06/Feb/2015:02:29:18 -0500] "POST /forms/lservlet;jsessionid=ac16012b30d5114fe81a622a4cd28947f7d08592c43d.e3iSbxaKaheRe38RbNmLa3mSc41ynknvrkLOlQzNp65In0 HTTP/1.1" 200 14
181.54.84.12 - - [06/Feb/2015:02:29:19 -0500] "POST /forms/lservlet;jsessionid=ac16012b30d5114fe81a622a4cd28947f7d08592c43d.e3iSbxaKaheRe38RbNmLa3mSc41ynknvrkLOlQzNp65In0 HTTP/1.1" 200 14
181.54.84.12 - - [06/Feb/2015:02:29:20 -0500] "POST /forms/lservlet;jsessionid=ac16012b30d5114fe81a622a4cd28947f7d08592c43d.e3iSbxaKaheRe38RbNmLa3mSc41ynknvrkLOlQzNp65In0 HTTP/1.1" 200 131
181.54.84.12 - - [06/Feb/2015:02:29:21 -0500] "POST /forms/lservlet;jsessionid=ac16012b30d5114fe81a622a4cd28947f7d08592c43d.e3iSbxaKaheRe38RbNmLa3mSc41ynknvrkLOlQzNp65In0 HTTP/1.1" 200 2
181.54.84.12 - - [06/Feb/2015:02:29:22 -0500] "GET /reports/rwservlet/getjobid342890?server=rep_srvapsda HTTP/1.1" 200 950222
201.184.65.114 - - [06/Feb/2015:02:29:40 -0500] "POST /forms/lservlet;jsessionid=ac16012b30d50773e20604764f08b00ecd741620371e.e3iSbxaKaheRe38RbNmLa3mSc41ynknvrkLOlQzNp65In0 HTTP/1.1" 200 2
186.154.84.82 - - [06/Feb/2015:02:29:22 -0500] "GET /forest/index2.jsp?_a=0.2573219563346356 HTTP/1.1" 200 273934
186.154.84.82 - - [06/Feb/2015:02:29:58 -0500] "GET /forest/session.jsp?a=0.890348722692579 HTTP/1.1" 200 4
181.54.84.12 - - [06/Feb/2015:02:29:58 -0500] "POST /forms/lservlet;jsessionid=ac16012b30d5114fe81a622a4cd28947f7d08592c43d.e3iSbxaKaheRe38RbNmLa3mSc41ynknvrkLOlQzNp65In0 HTTP/1.1" 200 2
186.154.84.82 - - [06/Feb/2015:02:30:16 -0500] "GET /forest/skins/gdocs-jar/img/plus.gif HTTP/1.1" 304 -
186.154.84.82 - - [06/Feb/2015:02:30:17 -0500] "GET /forest/skins/gdocs-jar/img/pencil.png HTTP/1.1" 304 -
186.154.84.82 - - [06/Feb/2015:02:30:17 -0500] "GET /forest/skins/gdocs-jar/img/minus.png HTTP/1.1" 304 -
186.154.84.82 - - [06/Feb/2015:02:30:07 -0500] "GET /forest/usutareas.do?group_system_actual=3&codTraEsc=17441701&_a=0.5244635537793249 HTTP/1.1" 200 117375
180.76.5.197 - - [06/Feb/2015:02:30:21 -0500] "GET /BLA/resoluciones/AUTOS%202011/6085.pdf HTTP/1.1" 200 251203
186.154.84.82 - - [06/Feb/2015:02:30:22 -0500] "GET /forest/session.jsp?a=0.5088610721286386 HTTP/1.1" 200 4
66.249.73.171 - - [06/Feb/2015:02:30:28 -0500] "GET /manual_funciones_Listado/index.php?dir=2.1.1.+Subdireccion+de+Politicas+y+Planes+Ambientales%2F HTTP/1.1" 404 1018
186.154.84.82 - - [06/Feb/2015:02:30:30 -0500] "GET /forest/skins/gdocs-jar/popup/escritorio/reasignar.jsp?codTraEsc=17441701&a=0.8304771143011749 HTTP/1.1" 200 3744
201.184.65.114 - - [06/Feb/2015:02:31:41 -0500] "POST /forms/lservlet;jsessionid=ac16012b30d50773e20604764f08b00ecd741620371e.e3iSbxaKaheRe38RbNmLa3mSc41ynknvrkLOlQzNp65In0 HTTP/1.1" 200 2
181.54.84.12 - - [06/Feb/2015:02:31:58 -0500] "POST /forms/lservlet;jsessionid=ac16012b30d5114fe81a622a4cd28947f7d08592c43d.e3iSbxaKaheRe38RbNmLa3mSc41ynknvrkLOlQzNp65In0 HTTP/1.1" 200 2
180.76.5.190 - - [06/Feb/2015:02:32:15 -0500] "GET /BLA/resoluciones/RESOLUCIONES%202008/4810.pdf HTTP/1.1" 200 215846
213.5.68.26 - - [06/Feb/2015:02:32:28 -0500] "GET /BLA/resoluciones/index.php?dir=RESOLUCIONES%202005/RES%202005%202151-2200/'&sort=name'&order=desc'\" HTTP/1.1" 200 7457
213.5.68.26 - - [06/Feb/2015:02:32:29 -0500] "GET /BLA/resoluciones/index.php?dir=RESOLUCIONES%202005%2FRES%202005%202151-2200%2F&sort=name&order=desc HTTP/1.0" 200 16990
192.185.12.25 - - [06/Feb/2015:02:32:29 -0500] "GET /Autoliquidacion/index.php?dir=Solicitudes%20relacionadas%20con%20calidad%20del%20aire%20auditiva%20y%20visual/Registro%20de%20Elementos%20de%20publicidad%20Exterior%20Visual/'&sort=date'&order=desc'\" HTTP/1.1" 200 7001
192.185.12.25 - - [06/Feb/2015:02:32:30 -0500] "GET /Autoliquidacion/index.php?dir=Solicitudes%20relacionadas%20con%20calidad%20del%20aire%20auditiva%20y%20visual%2FRegistro%20de%20Elementos%20de%20publicidad%20Exterior%20Visual%2F&sort=date&order=desc HTTP/1.0" 200 4036
74.86.158.107 - - [06/Feb/2015:02:32:30 -0500] "HEAD / HTTP/1.1" 302 -
189.162.184.6 - - [06/Feb/2015:02:29:33 -0500] "GET /videos/CRRFFS.mp4 HTTP/1.1" 200 286784363
181.58.47.254 - - [06/Feb/2015:02:33:21 -0500] "GET /BLA/boletinlegal/js/jquery.js HTTP/1.1" 200 57254
181.58.47.254 - - [06/Feb/2015:02:33:21 -0500] "GET /BLA/boletinlegal/js/jquery.scrollShow.js HTTP/1.1" 200 4586
181.58.47.254 - - [06/Feb/2015:02:33:21 -0500] "GET /galeria/carrusel/Carrusel/jquery.thumbnailScroller.css HTTP/1.1" 200 2066
181.58.47.254 - - [06/Feb/2015:02:33:21 -0500] "GET /BLA/boletinlegal/js/jquery.scrollTo-min.js HTTP/1.1" 200 1150
181.58.47.254 - - [06/Feb/2015:02:33:21 -0500] "GET /galeria/carrusel/Carrusel/jquery-ui-1.8.13.custom.min.js HTTP/1.1" 200 10800
181.58.47.254 - - [06/Feb/2015:02:33:21 -0500] "GET /galeria/carrusel/Carrusel/jquery.thumbnailScroller.js HTTP/1.1" 200 8157
181.58.47.254 - - [06/Feb/2015:02:33:29 -0500] "GET /galeria/nivo-slider/demo/demo.html HTTP/1.1" 200 3334
181.58.47.254 - - [06/Feb/2015:02:33:32 -0500] "GET /galeria/nivo-slider/themes/default/default.css HTTP/1.1" 200 1569
181.58.47.254 - - [06/Feb/2015:02:33:32 -0500] "GET /galeria/nivo-slider/themes/orman/orman.css HTTP/1.1" 200 2152
181.58.47.254 - - [06/Feb/2015:02:33:32 -0500] "GET /galeria/nivo-slider/nivo-slider.css HTTP/1.1" 200 1507
181.58.47.254 - - [06/Feb/2015:02:33:32 -0500] "GET /galeria/nivo-slider/demo/style.css HTTP/1.1" 200 2222
181.58.47.254 - - [06/Feb/2015:02:33:32 -0500] "GET /galeria/nivo-slider/themes/pascal/pascal.css HTTP/1.1" 200 2258
181.58.47.254 - - [06/Feb/2015:02:33:32 -0500] "GET /galeria/nivo-slider/jquery.nivo.slider.pack.js HTTP/1.1" 200 11561
181.58.47.254 - - [06/Feb/2015:02:33:32 -0500] "GET /galeria/nivo-slider/demo/scripts/jquery-1.7.1.min.js HTTP/1.1" 200 93868
181.58.47.254 - - [06/Feb/2015:02:33:32 -0500] "GET /galeria/nivo-slider/demo/images/Ruta-vertimientos-01.jpg HTTP/1.1" 200 130151
181.58.47.254 - - [06/Feb/2015:02:33:32 -0500] "GET /galeria/nivo-slider/demo/images/bolsas-06.jpg HTTP/1.1" 200 90982
181.58.47.254 - - [06/Feb/2015:02:33:32 -0500] "GET /galeria/nivo-slider/demo/images/bolsas-08.jpg HTTP/1.1" 200 85589
181.58.47.254 - - [06/Feb/2015:02:33:32 -0500] "GET /galeria/nivo-slider/demo/images/banner-V2.jpg HTTP/1.1" 200 167020
181.58.47.254 - - [06/Feb/2015:02:33:32 -0500] "GET /galeria/nivo-slider/demo/images/ecolecta-Dic2014.png HTTP/1.1" 200 288593
181.58.47.254 - - [06/Feb/2015:02:33:32 -0500] "GET /galeria/nivo-slider/demo/images/porloshumedales.jpg HTTP/1.1" 200 351238
181.58.47.254 - - [06/Feb/2015:02:33:32 -0500] "GET /galeria/nivo-slider/demo/images/Banner-Caracol-Africano.jpg HTTP/1.1" 200 331986
181.58.47.254 - - [06/Feb/2015:02:33:33 -0500] "GET /galeria/nivo-slider/demo/images/banner-redes.jpg HTTP/1.1" 200 62209
181.58.47.254 - - [06/Feb/2015:02:33:34 -0500] "GET /galeria/nivo-slider/demo/images/9Signos.jpg HTTP/1.1" 200 93040
181.58.47.254 - - [06/Feb/2015:02:33:34 -0500] "GET /galeria/nivo-slider/demo/images/banner-llantas2.jpg HTTP/1.1" 200 73153
181.58.47.254 - - [06/Feb/2015:02:33:37 -0500] "GET /galeria/nivo-slider/demo/images/4Simple_Slider.png HTTP/1.1" 200 11722
181.58.47.254 - - [06/Feb/2015:02:33:37 -0500] "GET /galeria/nivo-slider/themes/default/loading.gif HTTP/1.1" 200 1737
181.58.47.254 - - [06/Feb/2015:02:33:34 -0500] "GET /galeria/nivo-slider/demo/images/banner-caballos.png HTTP/1.1" 200 389106
181.58.47.254 - - [06/Feb/2015:02:33:32 -0500] "GET /galeria/nivo-slider/demo/images/Tingua-azul.jpg HTTP/1.1" 200 307638
201.184.65.114 - - [06/Feb/2015:02:33:41 -0500] "POST /forms/lservlet;jsessionid=ac16012b30d50773e20604764f08b00ecd741620371e.e3iSbxaKaheRe38RbNmLa3mSc41ynknvrkLOlQzNp65In0 HTTP/1.1" 200 2
181.58.47.254 - - [06/Feb/2015:02:33:44 -0500] "GET /galeria/nivo-slider/themes/default/bullets.png HTTP/1.1" 200 1281
181.58.47.254 - - [06/Feb/2015:02:33:44 -0500] "GET /galeria/nivo-slider/themes/default/arrows.png HTTP/1.1" 200 824
181.54.84.12 - - [06/Feb/2015:02:33:58 -0500] "POST /forms/lservlet;jsessionid=ac16012b30d5114fe81a622a4cd28947f7d08592c43d.e3iSbxaKaheRe38RbNmLa3mSc41ynknvrkLOlQzNp65In0 HTTP/1.1" 200 2
181.58.47.254 - - [06/Feb/2015:02:33:59 -0500] "GET /videos/Spot_CambioClimatico.flv HTTP/1.1" 200 4371917
186.154.84.82 - - [06/Feb/2015:02:34:03 -0500] "GET /forest/skins/gdocs-jar/popup/escritorio/reasignar.jsp?codTraEsc=17441701&a=0.6016058016102761 HTTP/1.1" 200 3744
186.154.84.82 - - [06/Feb/2015:02:34:45 -0500] "POST /forest/usutareas.do?group_system_actual=3 HTTP/1.1" 200 158
186.154.84.82 - - [06/Feb/2015:02:34:47 -0500] "GET /forest/usutareas.do?group_system_actual=3&a=0.9505804684013128 HTTP/1.1" 200 20550
186.154.84.82 - - [06/Feb/2015:02:34:48 -0500] "GET /forest/session.jsp?a=0.9326960032340139 HTTP/1.1" 200 4
202.46.48.74 - - [06/Feb/2015:02:34:49 -0500] "GET /BLA/boletinlegal/circulares/6-2013-SDA.pdf HTTP/1.1" 200 4210437
186.154.84.82 - - [06/Feb/2015:02:34:51 -0500] "GET /forest/misactividades.do?_a=0.7055661680642515&group_system_actual=3 HTTP/1.1" 200 38568
186.154.84.82 - - [06/Feb/2015:02:34:52 -0500] "GET /forest/session.jsp?a=0.26072123763151467 HTTP/1.1" 200 4
186.154.84.82 - - [06/Feb/2015:02:34:52 -0500] "POST /forest/misactividades.do?ajax=true&a=0.27195061347447336 HTTP/1.1" 200 11331
186.154.84.82 - - [06/Feb/2015:02:34:59 -0500] "GET /forest/index2.jsp?_a=0.3294499299954623 HTTP/1.1" 200 273978
186.154.84.82 - - [06/Feb/2015:02:35:09 -0500] "GET /forest/session.jsp?a=0.14367004251107574 HTTP/1.1" 200 4
190.9.200.86 - - [06/Feb/2015:02:35:22 -0500] "GET /BLA/boletinlegal/js/jquery.scrollShow.js HTTP/1.1" 200 4586
190.9.200.86 - - [06/Feb/2015:02:35:22 -0500] "GET /BLA/boletinlegal/js/jquery.scrollTo-min.js HTTP/1.1" 200 1150
190.9.200.86 - - [06/Feb/2015:02:35:22 -0500] "GET /BLA/boletinlegal/js/jquery.js HTTP/1.1" 200 57254
186.154.84.82 - - [06/Feb/2015:02:35:35 -0500] "GET /forest/skins/gdocs-jar/popup/popup.jsp?width=1100&height=500&title=Buscar%20procesos&uri=/forest/buscar.do%3Ftype%3Dprocesos&name=undefined&_a=0.36799936601892114&a=0.011300937505438924 HTTP/1.1" 200 1296
186.154.84.82 - - [06/Feb/2015:02:35:35 -0500] "GET /forest/buscar.do?type=procesos HTTP/1.1" 200 84387
186.154.84.82 - - [06/Feb/2015:02:35:36 -0500] "GET /forest/json.do?query=usersByDep&coddep=7019 HTTP/1.1" 200 1066
186.154.84.82 - - [06/Feb/2015:02:35:36 -0500] "GET /forest/json.do?query=versionListadas HTTP/1.1" 200 15
186.154.84.82 - - [06/Feb/2015:02:35:37 -0500] "GET /forest/json.do?query=usersByDep&coddep=7019 HTTP/1.1" 200 1066
186.154.84.82 - - [06/Feb/2015:02:35:37 -0500] "GET /forest/json.do?query=procesIniciales HTTP/1.1" 200 10001
201.184.65.114 - - [06/Feb/2015:02:35:41 -0500] "POST /forms/lservlet;jsessionid=ac16012b30d50773e20604764f08b00ecd741620371e.e3iSbxaKaheRe38RbNmLa3mSc41ynknvrkLOlQzNp65In0 HTTP/1.1" 200 2
186.154.84.82 - - [06/Feb/2015:02:35:47 -0500] "GET /forest/skins/gdocs-jar/popup/popup.jsp?width=1100&height=500&title=Buscar%20documentos&uri=/forest/buscar.do%3Ftype%3Ddocumentos&name=undefined&_a=0.6870703764725477&a=0.6497390968725085 HTTP/1.1" 200 1300
186.154.84.82 - - [06/Feb/2015:02:35:47 -0500] "GET /forest/buscar.do?type=documentos HTTP/1.1" 200 18159
186.154.84.82 - - [06/Feb/2015:02:35:47 -0500] "GET /forest/buscar.do?type=documentos HTTP/1.1" 200 84415
186.154.84.82 - - [06/Feb/2015:02:35:49 -0500] "GET /forest/json.do?query=usersByDep&coddep=7019 HTTP/1.1" 200 1066
186.154.84.82 - - [06/Feb/2015:02:35:49 -0500] "GET /forest/json.do?query=versionListadas HTTP/1.1" 200 15
186.154.84.82 - - [06/Feb/2015:02:35:49 -0500] "GET /forest/json.do?query=usersByDep&coddep=7019 HTTP/1.1" 200 1066
186.154.84.82 - - [06/Feb/2015:02:35:49 -0500] "GET /forest/json.do?query=procesIniciales HTTP/1.1" 200 10001
186.154.84.82 - - [06/Feb/2015:02:35:53 -0500] "POST /forest/buscar.do? HTTP/1.1" 200 6047
181.54.84.12 - - [06/Feb/2015:02:35:58 -0500] "POST /forms/lservlet;jsessionid=ac16012b30d5114fe81a622a4cd28947f7d08592c43d.e3iSbxaKaheRe38RbNmLa3mSc41ynknvrkLOlQzNp65In0 HTTP/1.1" 200 2
186.154.84.82 - - [06/Feb/2015:02:36:19 -0500] "GET /forest/misactividades.do?group_system_actual=3&codPro=226&_a=0.06643086054840286 HTTP/1.1" 200 39283
186.154.84.82 - - [06/Feb/2015:02:36:20 -0500] "GET /forest/skins/gdocs-jar/jsp/cookie.jsp?name=grid_nompro&del HTTP/1.1" 200 -
186.154.84.82 - - [06/Feb/2015:02:36:20 -0500] "GET /forest/session.jsp?a=0.8016993857454509 HTTP/1.1" 200 4
186.154.84.82 - - [06/Feb/2015:02:36:21 -0500] "POST /forest/misactividades.do?ajax=true&a=0.609603364719078 HTTP/1.1" 200 10069
199.30.24.164 - - [06/Feb/2015:02:36:24 -0500] "GET /videos/EMPRESASPREAD2013.flv HTTP/1.1" 200 40598582
186.154.84.82 - - [06/Feb/2015:02:36:27 -0500] "POST /forest/misactividades.do?ajax=true&a=0.11777001502923667 HTTP/1.1" 200 1463
186.154.84.82 - - [06/Feb/2015:02:36:33 -0500] "GET /forest/usutareas.do?_a=0.5127438583876938&group_system_actual=3 HTTP/1.1" 200 170374
186.154.84.82 - - [06/Feb/2015:02:36:37 -0500] "GET /forest/session.jsp?a=0.35842902585864067 HTTP/1.1" 200 4
186.154.84.82 - - [06/Feb/2015:02:36:37 -0500] "GET /forest/actions/forms.getMappedValues?id=idreshospit1103&value=1412804509384&codForm=revision_concepto_tecnico&a=0.6352196589577943 HTTP/1.1" 200 40
186.154.84.82 - - [06/Feb/2015:02:36:37 -0500] "GET /forest/actions/forms.getMappedValues?id=idtramite110&value=1412804509356&codForm=revision_concepto_tecnico&a=0.9011939987540245 HTTP/1.1" 200 46
190.9.200.86 - - [06/Feb/2015:02:36:38 -0500] "GET /Residuos/farmaceutica/farmaceutica.html HTTP/1.1" 404 1324
186.154.84.82 - - [06/Feb/2015:02:36:38 -0500] "GET /forest/actions/forms.getMappedValues?id=idtramite110&value=1412804509356&codForm=revision_concepto_tecnico&a=0.5237528374418616 HTTP/1.1" 200 46
186.154.84.82 - - [06/Feb/2015:02:36:38 -0500] "GET /forest/actions/forms.getMappedValues?id=idreshospit1103&value=1412804509384&codForm=revision_concepto_tecnico&a=0.3283697790466249 HTTP/1.1" 200 40
190.9.200.86 - - [06/Feb/2015:02:37:23 -0500] "GET /Residuos/impresion/impresion.html HTTP/1.1" 404 1324
186.154.84.82 - - [06/Feb/2015:02:36:49 -0500] "GET /forest/documentos/1762308/2013ER173545.pdf HTTP/1.1" 200 4197805
213.5.68.26 - - [06/Feb/2015:02:37:29 -0500] "-" 408 -
74.86.158.107 - - [06/Feb/2015:02:37:30 -0500] "HEAD / HTTP/1.1" 302 -
192.185.12.25 - - [06/Feb/2015:02:37:30 -0500] "-" 408 -
201.184.65.114 - - [06/Feb/2015:02:37:41 -0500] "POST /forms/lservlet;jsessionid=ac16012b30d50773e20604764f08b00ecd741620371e.e3iSbxaKaheRe38RbNmLa3mSc41ynknvrkLOlQzNp65In0 HTTP/1.1" 200 2
202.46.50.140 - - [06/Feb/2015:02:37:43 -0500] "GET /BLA/resoluciones/AUTOS%202011/6085.pdf HTTP/1.1" 200 251203
181.54.84.12 - - [06/Feb/2015:02:37:58 -0500] "POST /forms/lservlet;jsessionid=ac16012b30d5114fe81a622a4cd28947f7d08592c43d.e3iSbxaKaheRe38RbNmLa3mSc41ynknvrkLOlQzNp65In0 HTTP/1.1" 200 2
186.154.84.82 - - [06/Feb/2015:02:37:55 -0500] "GET /forest/borrador/1489558/Oficio%20Salida%20Doc%20T%C3%A9cnico.docx HTTP/1.1" 200 489160
180.76.5.27 - - [06/Feb/2015:02:38:22 -0500] "GET /BLA/resoluciones/RESOLUCIONES%202008/3628.pdf HTTP/1.1" 200 201151
66.249.73.163 - - [06/Feb/2015:02:38:54 -0500] "GET /BLA/resoluciones/RESOLUCIONES%202009/6104.pdf HTTP/1.1" 304 -
66.249.73.171 - - [06/Feb/2015:02:39:40 -0500] "GET /BLA/resoluciones/RESOLUCIONES%202006/RES%202006%20%203001-3054/00003007.tif HTTP/1.1" 200 35542
201.184.65.114 - - [06/Feb/2015:02:39:41 -0500] "POST /forms/lservlet;jsessionid=ac16012b30d50773e20604764f08b00ecd741620371e.e3iSbxaKaheRe38RbNmLa3mSc41ynknvrkLOlQzNp65In0 HTTP/1.1" 200 2
181.54.84.12 - - [06/Feb/2015:02:39:58 -0500] "POST /forms/lservlet;jsessionid=ac16012b30d5114fe81a622a4cd28947f7d08592c43d.e3iSbxaKaheRe38RbNmLa3mSc41ynknvrkLOlQzNp65In0 HTTP/1.1" 200 2
190.25.232.143 - - [06/Feb/2015:02:40:58 -0500] "GET /galeria/nivo-slider/demo/images/Biotaxis-Man.jpg HTTP/1.1" 304 -
186.154.84.82 - - [06/Feb/2015:02:41:39 -0500] "GET /forest/session.jsp?a=0.6396964085288346 HTTP/1.1" 200 4
201.184.65.114 - - [06/Feb/2015:02:41:41 -0500] "POST /forms/lservlet;jsessionid=ac16012b30d50773e20604764f08b00ecd741620371e.e3iSbxaKaheRe38RbNmLa3mSc41ynknvrkLOlQzNp65In0 HTTP/1.1" 200 2
66.249.73.171 - - [06/Feb/2015:02:41:55 -0500] "GET /manual_funciones_Listado/index.php?dir=2.2.4.%20Subdirecci%F3n%20del%20Recurso%20H%EDdrico%20y%20del%20Suelo/&sort=size&order=asc HTTP/1.1" 404 1018
181.54.84.12 - - [06/Feb/2015:02:41:58 -0500] "POST /forms/lservlet;jsessionid=ac16012b30d5114fe81a622a4cd28947f7d08592c43d.e3iSbxaKaheRe38RbNmLa3mSc41ynknvrkLOlQzNp65In0 HTTP/1.1" 200 2
66.249.73.155 - - [06/Feb/2015:02:42:26 -0500] "GET /BLA/resoluciones/RESOLUCIONES%202004/RES%202004%20601-650/00000616.tif HTTP/1.1" 200 186750
74.86.158.107 - - [06/Feb/2015:02:42:30 -0500] "HEAD / HTTP/1.1" 302 -
66.249.73.171 - - [06/Feb/2015:02:43:39 -0500] "GET /BLA/resoluciones/Autos%202008/2821.pdf HTTP/1.1" 200 64199
180.76.6.131 - - [06/Feb/2015:02:43:40 -0500] "GET /BLA/resoluciones/AUTOS%202011/7485.pdf HTTP/1.1" 200 172155
201.184.65.114 - - [06/Feb/2015:02:43:41 -0500] "POST /forms/lservlet;jsessionid=ac16012b30d50773e20604764f08b00ecd741620371e.e3iSbxaKaheRe38RbNmLa3mSc41ynknvrkLOlQzNp65In0 HTTP/1.1" 200 2
66.249.65.192 - - [06/Feb/2015:02:43:52 -0500] "GET /Anexos%20estudio%20Organizacional%20SDA/index.php?dir=ANEXO%20No.%201-%20NORMAS%20LEGALES%20DE%20ESTRUCTURA%20Y%20PLANTA/RESE%D1A%20HIST%D3RICA%20SDA-NORMAS/Decreto%20109%20de%202009%20-%20Modifica%20la%20estructura%20de%20la%20SDA.jsp_files/&sort=size&order=desc HTTP/1.1" 200 10842
186.154.84.82 - - [06/Feb/2015:02:43:50 -0500] "GET /forest/borrador/1489557/CONCEPTO.docx HTTP/1.1" 200 504259
181.54.84.12 - - [06/Feb/2015:02:43:58 -0500] "POST /forms/lservlet;jsessionid=ac16012b30d5114fe81a622a4cd28947f7d08592c43d.e3iSbxaKaheRe38RbNmLa3mSc41ynknvrkLOlQzNp65In0 HTTP/1.1" 200 2
201.184.65.114 - - [06/Feb/2015:02:45:41 -0500] "POST /forms/lservlet;jsessionid=ac16012b30d50773e20604764f08b00ecd741620371e.e3iSbxaKaheRe38RbNmLa3mSc41ynknvrkLOlQzNp65In0 HTTP/1.1" 200 2
181.54.84.12 - - [06/Feb/2015:02:45:58 -0500] "POST /forms/lservlet;jsessionid=ac16012b30d5114fe81a622a4cd28947f7d08592c43d.e3iSbxaKaheRe38RbNmLa3mSc41ynknvrkLOlQzNp65In0 HTTP/1.1" 200 2
186.154.84.82 - - [06/Feb/2015:02:46:39 -0500] "GET /forest/session.jsp?a=0.7770118818152696 HTTP/1.1" 200 4
74.86.158.107 - - [06/Feb/2015:02:47:30 -0500] "HEAD / HTTP/1.1" 302 -
201.184.65.114 - - [06/Feb/2015:02:47:41 -0500] "POST /forms/lservlet;jsessionid=ac16012b30d50773e20604764f08b00ecd741620371e.e3iSbxaKaheRe38RbNmLa3mSc41ynknvrkLOlQzNp65In0 HTTP/1.1" 200 2
181.54.84.12 - - [06/Feb/2015:02:47:47 -0500] "POST /forms/lservlet;jsessionid=ac16012b30d5114fe81a622a4cd28947f7d08592c43d.e3iSbxaKaheRe38RbNmLa3mSc41ynknvrkLOlQzNp65In0 HTTP/1.1" 200 2027
181.54.84.12 - - [06/Feb/2015:02:47:47 -0500] "POST /forms/lservlet;jsessionid=ac16012b30d5114fe81a622a4cd28947f7d08592c43d.e3iSbxaKaheRe38RbNmLa3mSc41ynknvrkLOlQzNp65In0 HTTP/1.1" 200 78
181.54.84.12 - - [06/Feb/2015:02:47:48 -0500] "POST /forms/lservlet;jsessionid=ac16012b30d5114fe81a622a4cd28947f7d08592c43d.e3iSbxaKaheRe38RbNmLa3mSc41ynknvrkLOlQzNp65In0 HTTP/1.1" 200 86
181.54.84.12 - - [06/Feb/2015:02:47:48 -0500] "POST /forms/lservlet;jsessionid=ac16012b30d5114fe81a622a4cd28947f7d08592c43d.e3iSbxaKaheRe38RbNmLa3mSc41ynknvrkLOlQzNp65In0 HTTP/1.1" 200 -
66.249.73.155 - - [06/Feb/2015:02:48:27 -0500] "GET /BLA/resoluciones/RESOLUCIONES%202009/6104.pdf HTTP/1.1" 304 -
201.184.65.114 - - [06/Feb/2015:02:49:41 -0500] "POST /forms/lservlet;jsessionid=ac16012b30d50773e20604764f08b00ecd741620371e.e3iSbxaKaheRe38RbNmLa3mSc41ynknvrkLOlQzNp65In0 HTTP/1.1" 200 2
186.154.84.82 - - [06/Feb/2015:02:51:39 -0500] "GET /forest/session.jsp?a=0.6312517658807337 HTTP/1.1" 200 4
201.184.65.114 - - [06/Feb/2015:02:51:41 -0500] "POST /forms/lservlet;jsessionid=ac16012b30d50773e20604764f08b00ecd741620371e.e3iSbxaKaheRe38RbNmLa3mSc41ynknvrkLOlQzNp65In0 HTTP/1.1" 200 2
74.86.158.107 - - [06/Feb/2015:02:52:30 -0500] "HEAD / HTTP/1.1" 302 -
190.25.232.143 - - [06/Feb/2015:02:52:59 -0500] "GET /galeria/nivo-slider/themes/orman/orman.css HTTP/1.1" 304 -
186.154.84.82 - - [06/Feb/2015:02:53:24 -0500] "GET /forest/skins/gdocs-jar/popup/popup.jsp?width=1100&height=500&title=Buscar%20procesos&uri=/forest/buscar.do%3Ftype%3Dprocesos&name=undefined&_a=0.4862048022914678&a=0.19371182471513748 HTTP/1.1" 200 1296
186.154.84.82 - - [06/Feb/2015:02:53:24 -0500] "GET /forest/buscar.do?type=procesos HTTP/1.1" 200 14695
186.154.84.82 - - [06/Feb/2015:02:53:24 -0500] "GET /forest/buscar.do?type=procesos HTTP/1.1" 200 84387
186.154.84.82 - - [06/Feb/2015:02:53:25 -0500] "GET /forest/json.do?query=usersByDep&coddep=7019 HTTP/1.1" 200 1066
186.154.84.82 - - [06/Feb/2015:02:53:26 -0500] "GET /forest/json.do?query=versionListadas HTTP/1.1" 200 15
186.154.84.82 - - [06/Feb/2015:02:53:26 -0500] "GET /forest/json.do?query=usersByDep&coddep=7019 HTTP/1.1" 200 1066
