201.184.65.114 - - [06/Feb/2015:00:43:53 -0500] "POST /forms/lservlet;jsessionid=ac16012b30d50773e20604764f08b00ecd741620371e.e3iSbxaKaheRe38RbNmLa3mSc41ynknvrkLOlQzNp65In0 HTTP/1.1" 200 2
201.184.65.114 - - [06/Feb/2015:00:43:53 -0500] "POST /forms/lservlet;jsessionid=ac16012b30d50773e20604764f08b00ecd741620371e.e3iSbxaKaheRe38RbNmLa3mSc41ynknvrkLOlQzNp65In0 HTTP/1.1" 200 4020
201.184.65.114 - - [06/Feb/2015:00:43:53 -0500] "POST /forms/lservlet;jsessionid=ac16012b30d50773e20604764f08b00ecd741620371e.e3iSbxaKaheRe38RbNmLa3mSc41ynknvrkLOlQzNp65In0 HTTP/1.1" 200 2
201.184.65.114 - - [06/Feb/2015:00:43:53 -0500] "POST /forms/lservlet;jsessionid=ac16012b30d50773e20604764f08b00ecd741620371e.e3iSbxaKaheRe38RbNmLa3mSc41ynknvrkLOlQzNp65In0 HTTP/1.1" 200 2
201.184.65.114 - - [06/Feb/2015:00:43:53 -0500] "POST /forms/lservlet;jsessionid=ac16012b30d50773e20604764f08b00ecd741620371e.e3iSbxaKaheRe38RbNmLa3mSc41ynknvrkLOlQzNp65In0 HTTP/1.1" 200 14
201.184.65.114 - - [06/Feb/2015:00:43:55 -0500] "POST /forms/lservlet;jsessionid=ac16012b30d50773e20604764f08b00ecd741620371e.e3iSbxaKaheRe38RbNmLa3mSc41ynknvrkLOlQzNp65In0 HTTP/1.1" 200 14
201.184.65.114 - - [06/Feb/2015:00:43:56 -0500] "POST /forms/lservlet;jsessionid=ac16012b30d50773e20604764f08b00ecd741620371e.e3iSbxaKaheRe38RbNmLa3mSc41ynknvrkLOlQzNp65In0 HTTP/1.1" 200 14
201.184.65.114 - - [06/Feb/2015:00:43:58 -0500] "POST /forms/lservlet;jsessionid=ac16012b30d50773e20604764f08b00ecd741620371e.e3iSbxaKaheRe38RbNmLa3mSc41ynknvrkLOlQzNp65In0 HTTP/1.1" 200 4150
201.184.65.114 - - [06/Feb/2015:00:43:58 -0500] "POST /forms/lservlet;jsessionid=ac16012b30d50773e20604764f08b00ecd741620371e.e3iSbxaKaheRe38RbNmLa3mSc41ynknvrkLOlQzNp65In0 HTTP/1.1" 200 2
201.184.65.114 - - [06/Feb/2015:00:44:01 -0500] "POST /forms/lservlet;jsessionid=ac16012b30d50773e20604764f08b00ecd741620371e.e3iSbxaKaheRe38RbNmLa3mSc41ynknvrkLOlQzNp65In0 HTTP/1.1" 200 2
201.184.65.114 - - [06/Feb/2015:00:44:02 -0500] "POST /forms/lservlet;jsessionid=ac16012b30d50773e20604764f08b00ecd741620371e.e3iSbxaKaheRe38RbNmLa3mSc41ynknvrkLOlQzNp65In0 HTTP/1.1" 200 2790
201.184.65.114 - - [06/Feb/2015:00:44:02 -0500] "POST /forms/lservlet;jsessionid=ac16012b30d50773e20604764f08b00ecd741620371e.e3iSbxaKaheRe38RbNmLa3mSc41ynknvrkLOlQzNp65In0 HTTP/1.1" 200 10
201.184.65.114 - - [06/Feb/2015:00:44:05 -0500] "POST /forms/lservlet;jsessionid=ac16012b30d50773e20604764f08b00ecd741620371e.e3iSbxaKaheRe38RbNmLa3mSc41ynknvrkLOlQzNp65In0 HTTP/1.1" 200 2
201.184.65.114 - - [06/Feb/2015:00:44:05 -0500] "POST /forms/lservlet;jsessionid=ac16012b30d50773e20604764f08b00ecd741620371e.e3iSbxaKaheRe38RbNmLa3mSc41ynknvrkLOlQzNp65In0 HTTP/1.1" 200 4227
201.184.65.114 - - [06/Feb/2015:00:44:05 -0500] "POST /forms/lservlet;jsessionid=ac16012b30d50773e20604764f08b00ecd741620371e.e3iSbxaKaheRe38RbNmLa3mSc41ynknvrkLOlQzNp65In0 HTTP/1.1" 200 2
186.28.180.221 - - [06/Feb/2015:00:44:25 -0500] "GET /BLA/boletinlegal/js/jquery.js HTTP/1.1" 200 57254
186.28.180.221 - - [06/Feb/2015:00:44:25 -0500] "GET /BLA/boletinlegal/js/jquery.scrollTo-min.js HTTP/1.1" 200 1150
186.28.180.221 - - [06/Feb/2015:00:44:25 -0500] "GET /BLA/boletinlegal/js/jquery.scrollShow.js HTTP/1.1" 200 4586
201.184.65.114 - - [06/Feb/2015:00:44:47 -0500] "POST /forms/lservlet;jsessionid=ac16012b30d50773e20604764f08b00ecd741620371e.e3iSbxaKaheRe38RbNmLa3mSc41ynknvrkLOlQzNp65In0 HTTP/1.1" 200 2
201.184.65.114 - - [06/Feb/2015:00:44:47 -0500] "POST /forms/lservlet;jsessionid=ac16012b30d50773e20604764f08b00ecd741620371e.e3iSbxaKaheRe38RbNmLa3mSc41ynknvrkLOlQzNp65In0 HTTP/1.1" 200 2360
201.184.65.114 - - [06/Feb/2015:00:44:47 -0500] "POST /forms/lservlet;jsessionid=ac16012b30d50773e20604764f08b00ecd741620371e.e3iSbxaKaheRe38RbNmLa3mSc41ynknvrkLOlQzNp65In0 HTTP/1.1" 200 10
201.184.65.114 - - [06/Feb/2015:00:44:50 -0500] "POST /forms/lservlet;jsessionid=ac16012b30d50773e20604764f08b00ecd741620371e.e3iSbxaKaheRe38RbNmLa3mSc41ynknvrkLOlQzNp65In0 HTTP/1.1" 200 2
201.184.65.114 - - [06/Feb/2015:00:44:50 -0500] "POST /forms/lservlet;jsessionid=ac16012b30d50773e20604764f08b00ecd741620371e.e3iSbxaKaheRe38RbNmLa3mSc41ynknvrkLOlQzNp65In0 HTTP/1.1" 200 3787
201.184.65.114 - - [06/Feb/2015:00:44:51 -0500] "POST /forms/lservlet;jsessionid=ac16012b30d50773e20604764f08b00ecd741620371e.e3iSbxaKaheRe38RbNmLa3mSc41ynknvrkLOlQzNp65In0 HTTP/1.1" 200 2
104.155.230.146 - - [06/Feb/2015:00:45:01 -0500] "GET /images/stories/food.php?rf HTTP/1.1" 404 1018
201.184.65.114 - - [06/Feb/2015:00:45:02 -0500] "POST /forms/lservlet;jsessionid=ac16012b30d50773e20604764f08b00ecd741620371e.e3iSbxaKaheRe38RbNmLa3mSc41ynknvrkLOlQzNp65In0 HTTP/1.1" 200 2
201.184.65.114 - - [06/Feb/2015:00:45:02 -0500] "POST /forms/lservlet;jsessionid=ac16012b30d50773e20604764f08b00ecd741620371e.e3iSbxaKaheRe38RbNmLa3mSc41ynknvrkLOlQzNp65In0 HTTP/1.1" 200 2332
201.184.65.114 - - [06/Feb/2015:00:45:03 -0500] "POST /forms/lservlet;jsessionid=ac16012b30d50773e20604764f08b00ecd741620371e.e3iSbxaKaheRe38RbNmLa3mSc41ynknvrkLOlQzNp65In0 HTTP/1.1" 200 10
104.155.230.146 - - [06/Feb/2015:00:45:03 -0500] "GET /BLA/resoluciones/RESOLUCIONES%25202007/RES%25202007%25201401%2520AL%25201500/images/stories/food.php?rf HTTP/1.1" 404 1018
201.184.65.114 - - [06/Feb/2015:00:45:05 -0500] "POST /forms/lservlet;jsessionid=ac16012b30d50773e20604764f08b00ecd741620371e.e3iSbxaKaheRe38RbNmLa3mSc41ynknvrkLOlQzNp65In0 HTTP/1.1" 200 2
201.184.65.114 - - [06/Feb/2015:00:45:05 -0500] "POST /forms/lservlet;jsessionid=ac16012b30d50773e20604764f08b00ecd741620371e.e3iSbxaKaheRe38RbNmLa3mSc41ynknvrkLOlQzNp65In0 HTTP/1.1" 200 3625
201.184.65.114 - - [06/Feb/2015:00:45:06 -0500] "POST /forms/lservlet;jsessionid=ac16012b30d50773e20604764f08b00ecd741620371e.e3iSbxaKaheRe38RbNmLa3mSc41ynknvrkLOlQzNp65In0 HTTP/1.1" 200 2
201.184.65.114 - - [06/Feb/2015:00:45:19 -0500] "POST /forms/lservlet;jsessionid=ac16012b30d50773e20604764f08b00ecd741620371e.e3iSbxaKaheRe38RbNmLa3mSc41ynknvrkLOlQzNp65In0 HTTP/1.1" 200 2
66.249.73.171 - - [06/Feb/2015:00:45:21 -0500] "GET /hidrico/aguas%20subterraneas/Cartograf%C3%ACa_Final_2013/Hidrogeolog%C3%ADa/Sec_FGHIJ_v3.pdf HTTP/1.1" 404 1018
186.154.84.82 - - [06/Feb/2015:00:45:19 -0500] "GET /forest/usutareas.do?_a=0.6543460974935442&group_system_actual=3 HTTP/1.1" 200 111557
186.154.84.82 - - [06/Feb/2015:00:45:21 -0500] "GET /forest/session.jsp?a=0.91575887799263 HTTP/1.1" 200 4
201.184.65.114 - - [06/Feb/2015:00:45:22 -0500] "POST /forms/lservlet;jsessionid=ac16012b30d50773e20604764f08b00ecd741620371e.e3iSbxaKaheRe38RbNmLa3mSc41ynknvrkLOlQzNp65In0 HTTP/1.1" 200 2370
201.184.65.114 - - [06/Feb/2015:00:45:22 -0500] "POST /forms/lservlet;jsessionid=ac16012b30d50773e20604764f08b00ecd741620371e.e3iSbxaKaheRe38RbNmLa3mSc41ynknvrkLOlQzNp65In0 HTTP/1.1" 200 10
201.184.65.114 - - [06/Feb/2015:00:45:25 -0500] "POST /forms/lservlet;jsessionid=ac16012b30d50773e20604764f08b00ecd741620371e.e3iSbxaKaheRe38RbNmLa3mSc41ynknvrkLOlQzNp65In0 HTTP/1.1" 200 2
201.184.65.114 - - [06/Feb/2015:00:45:26 -0500] "POST /forms/lservlet;jsessionid=ac16012b30d50773e20604764f08b00ecd741620371e.e3iSbxaKaheRe38RbNmLa3mSc41ynknvrkLOlQzNp65In0 HTTP/1.1" 200 3670
201.184.65.114 - - [06/Feb/2015:00:45:26 -0500] "POST /forms/lservlet;jsessionid=ac16012b30d50773e20604764f08b00ecd741620371e.e3iSbxaKaheRe38RbNmLa3mSc41ynknvrkLOlQzNp65In0 HTTP/1.1" 200 2
186.154.84.82 - - [06/Feb/2015:00:45:28 -0500] "GET /forest/actions/forms.getList?codForm=REVI_CON_TEC_SEGUI&id=finciodestino4&text=Sandra%20Milena%20Moncada%20Saavedra HTTP/1.1" 200 68
186.154.84.82 - - [06/Feb/2015:00:45:29 -0500] "GET /forest/actions/forms.getList?codForm=REVI_CON_TEC_SEGUI&id=finciodestino4&text=Sandra%20Milena%20Moncada%20Saavedr HTTP/1.1" 200 68
66.249.73.171 - - [06/Feb/2015:00:45:29 -0500] "GET /BLA/resoluciones/RESOLUCIONES%202007/RES%202007%204201%20AL%204300/RESOLUCION%204209%20DE%202007.pdf HTTP/1.1" 200 113871
186.154.84.82 - - [06/Feb/2015:00:45:29 -0500] "GET /forest/actions/forms.getList?codForm=REVI_CON_TEC_SEGUI&id=finciodestino4&text=Sandra%20Milena%20Moncada%20Saaved HTTP/1.1" 200 68
186.154.84.82 - - [06/Feb/2015:00:45:29 -0500] "GET /forest/actions/forms.getList?codForm=REVI_CON_TEC_SEGUI&id=finciodestino4&text=Sandra%20Milena%20Moncada%20Saave HTTP/1.1" 200 68
186.154.84.82 - - [06/Feb/2015:00:45:29 -0500] "GET /forest/actions/forms.getList?codForm=REVI_CON_TEC_SEGUI&id=finciodestino4&text=Sandra%20Milena%20Moncada%20Saav HTTP/1.1" 200 68
186.154.84.82 - - [06/Feb/2015:00:45:29 -0500] "GET /forest/actions/forms.getList?codForm=REVI_CON_TEC_SEGUI&id=finciodestino4&text=Sandra%20Milena%20Moncada%20Saa HTTP/1.1" 200 68
186.154.84.82 - - [06/Feb/2015:00:45:29 -0500] "GET /forest/actions/forms.getList?codForm=REVI_CON_TEC_SEGUI&id=finciodestino4&text=Sandra%20Milena%20Moncada%20Sa HTTP/1.1" 200 68
186.154.84.82 - - [06/Feb/2015:00:45:30 -0500] "GET /forest/actions/forms.getList?codForm=REVI_CON_TEC_SEGUI&id=finciodestino4&text=Sandra%20Milena%20Moncada%20S HTTP/1.1" 200 68
201.184.65.114 - - [06/Feb/2015:00:45:30 -0500] "POST /forms/lservlet;jsessionid=ac16012b30d50773e20604764f08b00ecd741620371e.e3iSbxaKaheRe38RbNmLa3mSc41ynknvrkLOlQzNp65In0 HTTP/1.1" 200 2
186.154.84.82 - - [06/Feb/2015:00:45:30 -0500] "GET /forest/actions/forms.getList?codForm=REVI_CON_TEC_SEGUI&id=finciodestino4&text=Sandra%20Milena%20Moncada%20 HTTP/1.1" 200 68
186.154.84.82 - - [06/Feb/2015:00:45:30 -0500] "GET /forest/actions/forms.getList?codForm=REVI_CON_TEC_SEGUI&id=finciodestino4&text=Sandra%20Milena%20Moncada HTTP/1.1" 200 68
186.154.84.82 - - [06/Feb/2015:00:45:30 -0500] "GET /forest/actions/forms.getList?codForm=REVI_CON_TEC_SEGUI&id=finciodestino4&text=Sandra%20Milena%20Moncad HTTP/1.1" 200 68
186.154.84.82 - - [06/Feb/2015:00:45:30 -0500] "GET /forest/actions/forms.getList?codForm=REVI_CON_TEC_SEGUI&id=finciodestino4&text=Sandra%20Milena%20Monca HTTP/1.1" 200 68
186.154.84.82 - - [06/Feb/2015:00:45:30 -0500] "GET /forest/actions/forms.getList?codForm=REVI_CON_TEC_SEGUI&id=finciodestino4&text=Sandra%20Milena%20Monc HTTP/1.1" 200 68
186.154.84.82 - - [06/Feb/2015:00:45:30 -0500] "GET /forest/actions/forms.getList?codForm=REVI_CON_TEC_SEGUI&id=finciodestino4&text=Sandra%20Milena%20Mon HTTP/1.1" 200 68
186.154.84.82 - - [06/Feb/2015:00:45:30 -0500] "GET /forest/actions/forms.getList?codForm=REVI_CON_TEC_SEGUI&id=finciodestino4&text=Sandra%20Milena%20Mo HTTP/1.1" 200 68
186.154.84.82 - - [06/Feb/2015:00:45:30 -0500] "GET /forest/actions/forms.getList?codForm=REVI_CON_TEC_SEGUI&id=finciodestino4&text=Sandra%20Milena%20M HTTP/1.1" 200 135
186.154.84.82 - - [06/Feb/2015:00:45:30 -0500] "GET /forest/actions/forms.getList?codForm=REVI_CON_TEC_SEGUI&id=finciodestino4&text=Sandra%20Milena%20 HTTP/1.1" 200 1189
186.154.84.82 - - [06/Feb/2015:00:45:30 -0500] "GET /forest/actions/forms.getList?codForm=REVI_CON_TEC_SEGUI&id=finciodestino4&text=Sandra%20Milena HTTP/1.1" 200 1157
186.154.84.82 - - [06/Feb/2015:00:45:30 -0500] "GET /forest/actions/forms.getList?codForm=REVI_CON_TEC_SEGUI&id=finciodestino4&text=Sandra%20Milen HTTP/1.1" 200 1157
186.154.84.82 - - [06/Feb/2015:00:45:30 -0500] "GET /forest/actions/forms.getList?codForm=REVI_CON_TEC_SEGUI&id=finciodestino4&text=Sandra%20Mile HTTP/1.1" 200 1157
186.154.84.82 - - [06/Feb/2015:00:45:30 -0500] "GET /forest/actions/forms.getList?codForm=REVI_CON_TEC_SEGUI&id=finciodestino4&text=Sandra%20Mi HTTP/1.1" 200 1157
186.154.84.82 - - [06/Feb/2015:00:45:30 -0500] "GET /forest/actions/forms.getList?codForm=REVI_CON_TEC_SEGUI&id=finciodestino4&text=Sandra%20M HTTP/1.1" 200 1160
186.154.84.82 - - [06/Feb/2015:00:45:30 -0500] "GET /forest/actions/forms.getList?codForm=REVI_CON_TEC_SEGUI&id=finciodestino4&text=Sandra%20 HTTP/1.1" 200 1067
186.154.84.82 - - [06/Feb/2015:00:45:30 -0500] "GET /forest/actions/forms.getList?codForm=REVI_CON_TEC_SEGUI&id=finciodestino4&text=Sandra%20Mil HTTP/1.1" 200 1157
186.154.84.82 - - [06/Feb/2015:00:45:30 -0500] "GET /forest/actions/forms.getList?codForm=REVI_CON_TEC_SEGUI&id=finciodestino4&text=Sandra HTTP/1.1" 200 805
186.154.84.82 - - [06/Feb/2015:00:45:31 -0500] "GET /forest/actions/forms.getList?codForm=REVI_CON_TEC_SEGUI&id=finciodestino4&text=Sandra. HTTP/1.1" 200 1326
186.154.84.82 - - [06/Feb/2015:00:45:32 -0500] "GET /forest/actions/forms.getList?codForm=REVI_CON_TEC_SEGUI&id=finciodestino4&text=Sandra.m HTTP/1.1" 200 475
186.154.84.82 - - [06/Feb/2015:00:45:32 -0500] "GET /forest/actions/forms.getList?codForm=REVI_CON_TEC_SEGUI&id=finciodestino4&text=Sandra.mo HTTP/1.1" 200 280
186.154.84.82 - - [06/Feb/2015:00:45:32 -0500] "GET /forest/actions/forms.getList?codForm=REVI_CON_TEC_SEGUI&id=finciodestino4&text=Sandra.mon HTTP/1.1" 200 214
186.154.84.82 - - [06/Feb/2015:00:45:33 -0500] "GET /forest/actions/forms.getList?codForm=REVI_CON_TEC_SEGUI&id=finciodestino4&text=Sandra.mont HTTP/1.1" 200 147
186.154.84.82 - - [06/Feb/2015:00:45:33 -0500] "GET /forest/actions/forms.getList?codForm=REVI_CON_TEC_SEGUI&id=finciodestino4&text=Sandra.monto HTTP/1.1" 200 72
186.154.84.82 - - [06/Feb/2015:00:45:34 -0500] "GET /forest/actions/forms.getList?codForm=REVI_CON_TEC_SEGUI&id=finciodestino4&text=Sandra.montoy HTTP/1.1" 200 72
186.154.84.82 - - [06/Feb/2015:00:45:34 -0500] "GET /forest/actions/forms.getList?codForm=REVI_CON_TEC_SEGUI&id=finciodestino4&text=Sandra.montoya HTTP/1.1" 200 72
201.184.65.114 - - [06/Feb/2015:00:45:39 -0500] "POST /forms/lservlet;jsessionid=ac16012b30d50773e20604764f08b00ecd741620371e.e3iSbxaKaheRe38RbNmLa3mSc41ynknvrkLOlQzNp65In0 HTTP/1.1" 200 2
201.184.65.114 - - [06/Feb/2015:00:45:39 -0500] "POST /forms/lservlet;jsessionid=ac16012b30d50773e20604764f08b00ecd741620371e.e3iSbxaKaheRe38RbNmLa3mSc41ynknvrkLOlQzNp65In0 HTTP/1.1" 200 2332
201.184.65.114 - - [06/Feb/2015:00:45:39 -0500] "POST /forms/lservlet;jsessionid=ac16012b30d50773e20604764f08b00ecd741620371e.e3iSbxaKaheRe38RbNmLa3mSc41ynknvrkLOlQzNp65In0 HTTP/1.1" 200 10
201.184.65.114 - - [06/Feb/2015:00:45:42 -0500] "POST /forms/lservlet;jsessionid=ac16012b30d50773e20604764f08b00ecd741620371e.e3iSbxaKaheRe38RbNmLa3mSc41ynknvrkLOlQzNp65In0 HTTP/1.1" 200 2
201.184.65.114 - - [06/Feb/2015:00:45:42 -0500] "POST /forms/lservlet;jsessionid=ac16012b30d50773e20604764f08b00ecd741620371e.e3iSbxaKaheRe38RbNmLa3mSc41ynknvrkLOlQzNp65In0 HTTP/1.1" 200 3672
201.184.65.114 - - [06/Feb/2015:00:45:42 -0500] "POST /forms/lservlet;jsessionid=ac16012b30d50773e20604764f08b00ecd741620371e.e3iSbxaKaheRe38RbNmLa3mSc41ynknvrkLOlQzNp65In0 HTTP/1.1" 200 2
186.154.84.82 - - [06/Feb/2015:00:45:43 -0500] "GET /forest/skins/gdocs-jar/jsp/escritorio/usudocumentos-borr-adj.jsp?codBorr=1631247&a=0.2097552940249443 HTTP/1.1" 200 3651
186.154.84.82 - - [06/Feb/2015:00:45:44 -0500] "GET /forest/skins/gdocs-jar/img/icons/%60item.nombre.toLowerCase().substring(item.nombre.lastIndexOf('.')+1)%60.gif HTTP/1.1" 404 185
186.154.84.82 - - [06/Feb/2015:00:45:44 -0500] "GET /forest/json.do?query=listBorradorAdj&codtraborr=1631247&a=0.9960175738669932 HTTP/1.1" 200 254
186.154.84.82 - - [06/Feb/2015:00:45:52 -0500] "GET /forest/file/3781948 HTTP/1.1" 200 387662
201.184.65.114 - - [06/Feb/2015:00:45:56 -0500] "POST /forms/lservlet;jsessionid=ac16012b30d50773e20604764f08b00ecd741620371e.e3iSbxaKaheRe38RbNmLa3mSc41ynknvrkLOlQzNp65In0 HTTP/1.1" 200 2
201.184.65.114 - - [06/Feb/2015:00:45:56 -0500] "POST /forms/lservlet;jsessionid=ac16012b30d50773e20604764f08b00ecd741620371e.e3iSbxaKaheRe38RbNmLa3mSc41ynknvrkLOlQzNp65In0 HTTP/1.1" 200 2332
201.184.65.114 - - [06/Feb/2015:00:45:56 -0500] "POST /forms/lservlet;jsessionid=ac16012b30d50773e20604764f08b00ecd741620371e.e3iSbxaKaheRe38RbNmLa3mSc41ynknvrkLOlQzNp65In0 HTTP/1.1" 200 10
201.184.65.114 - - [06/Feb/2015:00:45:58 -0500] "POST /forms/lservlet;jsessionid=ac16012b30d50773e20604764f08b00ecd741620371e.e3iSbxaKaheRe38RbNmLa3mSc41ynknvrkLOlQzNp65In0 HTTP/1.1" 200 2
201.184.65.114 - - [06/Feb/2015:00:45:59 -0500] "POST /forms/lservlet;jsessionid=ac16012b30d50773e20604764f08b00ecd741620371e.e3iSbxaKaheRe38RbNmLa3mSc41ynknvrkLOlQzNp65In0 HTTP/1.1" 200 3764
201.184.65.114 - - [06/Feb/2015:00:45:59 -0500] "POST /forms/lservlet;jsessionid=ac16012b30d50773e20604764f08b00ecd741620371e.e3iSbxaKaheRe38RbNmLa3mSc41ynknvrkLOlQzNp65In0 HTTP/1.1" 200 2
201.184.65.114 - - [06/Feb/2015:00:46:12 -0500] "POST /forms/lservlet;jsessionid=ac16012b30d50773e20604764f08b00ecd741620371e.e3iSbxaKaheRe38RbNmLa3mSc41ynknvrkLOlQzNp65In0 HTTP/1.1" 200 2
201.184.65.114 - - [06/Feb/2015:00:46:12 -0500] "POST /forms/lservlet;jsessionid=ac16012b30d50773e20604764f08b00ecd741620371e.e3iSbxaKaheRe38RbNmLa3mSc41ynknvrkLOlQzNp65In0 HTTP/1.1" 200 2281
201.184.65.114 - - [06/Feb/2015:00:46:12 -0500] "POST /forms/lservlet;jsessionid=ac16012b30d50773e20604764f08b00ecd741620371e.e3iSbxaKaheRe38RbNmLa3mSc41ynknvrkLOlQzNp65In0 HTTP/1.1" 200 10
201.184.65.114 - - [06/Feb/2015:00:46:14 -0500] "POST /forms/lservlet;jsessionid=ac16012b30d50773e20604764f08b00ecd741620371e.e3iSbxaKaheRe38RbNmLa3mSc41ynknvrkLOlQzNp65In0 HTTP/1.1" 200 2
201.184.65.114 - - [06/Feb/2015:00:46:14 -0500] "POST /forms/lservlet;jsessionid=ac16012b30d50773e20604764f08b00ecd741620371e.e3iSbxaKaheRe38RbNmLa3mSc41ynknvrkLOlQzNp65In0 HTTP/1.1" 200 3662
201.184.65.114 - - [06/Feb/2015:00:46:15 -0500] "POST /forms/lservlet;jsessionid=ac16012b30d50773e20604764f08b00ecd741620371e.e3iSbxaKaheRe38RbNmLa3mSc41ynknvrkLOlQzNp65In0 HTTP/1.1" 200 2
201.184.65.114 - - [06/Feb/2015:00:46:24 -0500] "POST /forms/lservlet;jsessionid=ac16012b30d50773e20604764f08b00ecd741620371e.e3iSbxaKaheRe38RbNmLa3mSc41ynknvrkLOlQzNp65In0 HTTP/1.1" 200 2
201.184.65.114 - - [06/Feb/2015:00:46:24 -0500] "POST /forms/lservlet;jsessionid=ac16012b30d50773e20604764f08b00ecd741620371e.e3iSbxaKaheRe38RbNmLa3mSc41ynknvrkLOlQzNp65In0 HTTP/1.1" 200 2276
201.184.65.114 - - [06/Feb/2015:00:46:24 -0500] "POST /forms/lservlet;jsessionid=ac16012b30d50773e20604764f08b00ecd741620371e.e3iSbxaKaheRe38RbNmLa3mSc41ynknvrkLOlQzNp65In0 HTTP/1.1" 200 10
201.184.65.114 - - [06/Feb/2015:00:46:26 -0500] "POST /forms/lservlet;jsessionid=ac16012b30d50773e20604764f08b00ecd741620371e.e3iSbxaKaheRe38RbNmLa3mSc41ynknvrkLOlQzNp65In0 HTTP/1.1" 200 2
201.184.65.114 - - [06/Feb/2015:00:46:26 -0500] "POST /forms/lservlet;jsessionid=ac16012b30d50773e20604764f08b00ecd741620371e.e3iSbxaKaheRe38RbNmLa3mSc41ynknvrkLOlQzNp65In0 HTTP/1.1" 200 4027
201.184.65.114 - - [06/Feb/2015:00:46:27 -0500] "POST /forms/lservlet;jsessionid=ac16012b30d50773e20604764f08b00ecd741620371e.e3iSbxaKaheRe38RbNmLa3mSc41ynknvrkLOlQzNp65In0 HTTP/1.1" 200 2
201.184.65.114 - - [06/Feb/2015:00:46:35 -0500] "POST /forms/lservlet;jsessionid=ac16012b30d50773e20604764f08b00ecd741620371e.e3iSbxaKaheRe38RbNmLa3mSc41ynknvrkLOlQzNp65In0 HTTP/1.1" 200 2
201.184.65.114 - - [06/Feb/2015:00:46:36 -0500] "POST /forms/lservlet;jsessionid=ac16012b30d50773e20604764f08b00ecd741620371e.e3iSbxaKaheRe38RbNmLa3mSc41ynknvrkLOlQzNp65In0 HTTP/1.1" 200 2332
201.184.65.114 - - [06/Feb/2015:00:46:36 -0500] "POST /forms/lservlet;jsessionid=ac16012b30d50773e20604764f08b00ecd741620371e.e3iSbxaKaheRe38RbNmLa3mSc41ynknvrkLOlQzNp65In0 HTTP/1.1" 200 10
201.184.65.114 - - [06/Feb/2015:00:46:38 -0500] "POST /forms/lservlet;jsessionid=ac16012b30d50773e20604764f08b00ecd741620371e.e3iSbxaKaheRe38RbNmLa3mSc41ynknvrkLOlQzNp65In0 HTTP/1.1" 200 2
201.184.65.114 - - [06/Feb/2015:00:46:38 -0500] "POST /forms/lservlet;jsessionid=ac16012b30d50773e20604764f08b00ecd741620371e.e3iSbxaKaheRe38RbNmLa3mSc41ynknvrkLOlQzNp65In0 HTTP/1.1" 200 4032
201.184.65.114 - - [06/Feb/2015:00:46:39 -0500] "POST /forms/lservlet;jsessionid=ac16012b30d50773e20604764f08b00ecd741620371e.e3iSbxaKaheRe38RbNmLa3mSc41ynknvrkLOlQzNp65In0 HTTP/1.1" 200 2
201.184.65.114 - - [06/Feb/2015:00:46:49 -0500] "POST /forms/lservlet;jsessionid=ac16012b30d50773e20604764f08b00ecd741620371e.e3iSbxaKaheRe38RbNmLa3mSc41ynknvrkLOlQzNp65In0 HTTP/1.1" 200 2
201.184.65.114 - - [06/Feb/2015:00:46:49 -0500] "POST /forms/lservlet;jsessionid=ac16012b30d50773e20604764f08b00ecd741620371e.e3iSbxaKaheRe38RbNmLa3mSc41ynknvrkLOlQzNp65In0 HTTP/1.1" 200 2329
201.184.65.114 - - [06/Feb/2015:00:46:49 -0500] "POST /forms/lservlet;jsessionid=ac16012b30d50773e20604764f08b00ecd741620371e.e3iSbxaKaheRe38RbNmLa3mSc41ynknvrkLOlQzNp65In0 HTTP/1.1" 200 10
201.184.65.114 - - [06/Feb/2015:00:46:52 -0500] "POST /forms/lservlet;jsessionid=ac16012b30d50773e20604764f08b00ecd741620371e.e3iSbxaKaheRe38RbNmLa3mSc41ynknvrkLOlQzNp65In0 HTTP/1.1" 200 2
201.184.65.114 - - [06/Feb/2015:00:46:52 -0500] "POST /forms/lservlet;jsessionid=ac16012b30d50773e20604764f08b00ecd741620371e.e3iSbxaKaheRe38RbNmLa3mSc41ynknvrkLOlQzNp65In0 HTTP/1.1" 200 3849
201.184.65.114 - - [06/Feb/2015:00:46:53 -0500] "POST /forms/lservlet;jsessionid=ac16012b30d50773e20604764f08b00ecd741620371e.e3iSbxaKaheRe38RbNmLa3mSc41ynknvrkLOlQzNp65In0 HTTP/1.1" 200 2
186.154.84.82 - - [06/Feb/2015:00:47:01 -0500] "GET /forest/borrador/1631247/Concepto%20Tecnico.docx HTTP/1.1" 200 113170
201.184.65.114 - - [06/Feb/2015:00:47:05 -0500] "POST /forms/lservlet;jsessionid=ac16012b30d50773e20604764f08b00ecd741620371e.e3iSbxaKaheRe38RbNmLa3mSc41ynknvrkLOlQzNp65In0 HTTP/1.1" 200 2
201.184.65.114 - - [06/Feb/2015:00:47:05 -0500] "POST /forms/lservlet;jsessionid=ac16012b30d50773e20604764f08b00ecd741620371e.e3iSbxaKaheRe38RbNmLa3mSc41ynknvrkLOlQzNp65In0 HTTP/1.1" 200 2322
201.184.65.114 - - [06/Feb/2015:00:47:06 -0500] "POST /forms/lservlet;jsessionid=ac16012b30d50773e20604764f08b00ecd741620371e.e3iSbxaKaheRe38RbNmLa3mSc41ynknvrkLOlQzNp65In0 HTTP/1.1" 200 10
201.184.65.114 - - [06/Feb/2015:00:47:08 -0500] "POST /forms/lservlet;jsessionid=ac16012b30d50773e20604764f08b00ecd741620371e.e3iSbxaKaheRe38RbNmLa3mSc41ynknvrkLOlQzNp65In0 HTTP/1.1" 200 2
201.184.65.114 - - [06/Feb/2015:00:47:08 -0500] "POST /forms/lservlet;jsessionid=ac16012b30d50773e20604764f08b00ecd741620371e.e3iSbxaKaheRe38RbNmLa3mSc41ynknvrkLOlQzNp65In0 HTTP/1.1" 200 3638
201.184.65.114 - - [06/Feb/2015:00:47:09 -0500] "POST /forms/lservlet;jsessionid=ac16012b30d50773e20604764f08b00ecd741620371e.e3iSbxaKaheRe38RbNmLa3mSc41ynknvrkLOlQzNp65In0 HTTP/1.1" 200 2
180.76.6.158 - - [06/Feb/2015:00:47:16 -0500] "GET /BLA/boletinlegal;jsessionid=CD9F80D201D6291C1829709F71BA646B?/? HTTP/1.1" 404 1018
201.184.65.114 - - [06/Feb/2015:00:47:20 -0500] "POST /forms/lservlet;jsessionid=ac16012b30d50773e20604764f08b00ecd741620371e.e3iSbxaKaheRe38RbNmLa3mSc41ynknvrkLOlQzNp65In0 HTTP/1.1" 200 2
201.184.65.114 - - [06/Feb/2015:00:47:20 -0500] "POST /forms/lservlet;jsessionid=ac16012b30d50773e20604764f08b00ecd741620371e.e3iSbxaKaheRe38RbNmLa3mSc41ynknvrkLOlQzNp65In0 HTTP/1.1" 200 2332
201.184.65.114 - - [06/Feb/2015:00:47:20 -0500] "POST /forms/lservlet;jsessionid=ac16012b30d50773e20604764f08b00ecd741620371e.e3iSbxaKaheRe38RbNmLa3mSc41ynknvrkLOlQzNp65In0 HTTP/1.1" 200 10
201.184.65.114 - - [06/Feb/2015:00:47:23 -0500] "POST /forms/lservlet;jsessionid=ac16012b30d50773e20604764f08b00ecd741620371e.e3iSbxaKaheRe38RbNmLa3mSc41ynknvrkLOlQzNp65In0 HTTP/1.1" 200 2
201.184.65.114 - - [06/Feb/2015:00:47:23 -0500] "POST /forms/lservlet;jsessionid=ac16012b30d50773e20604764f08b00ecd741620371e.e3iSbxaKaheRe38RbNmLa3mSc41ynknvrkLOlQzNp65In0 HTTP/1.1" 200 3860
201.184.65.114 - - [06/Feb/2015:00:47:24 -0500] "POST /forms/lservlet;jsessionid=ac16012b30d50773e20604764f08b00ecd741620371e.e3iSbxaKaheRe38RbNmLa3mSc41ynknvrkLOlQzNp65In0 HTTP/1.1" 200 2
66.249.73.155 - - [06/Feb/2015:00:47:27 -0500] "GET /Anexos%20estudio%20Organizacional%20SDA/ANEXO%20No.%208%20-%20MATRICES%20DE%20REGISTRO%20Y%20DE%20SALIDA%20MEDICI%C3%93N%20CARGAS%20LABORALES%20SDA/1.3%20Oficina%20de%20com/Comunicaciones.xls HTTP/1.1" 200 384512
201.184.65.114 - - [06/Feb/2015:00:47:30 -0500] "POST /forms/lservlet;jsessionid=ac16012b30d50773e20604764f08b00ecd741620371e.e3iSbxaKaheRe38RbNmLa3mSc41ynknvrkLOlQzNp65In0 HTTP/1.1" 200 2
74.86.158.107 - - [06/Feb/2015:00:47:30 -0500] "HEAD / HTTP/1.1" 302 -
201.184.65.114 - - [06/Feb/2015:00:47:39 -0500] "POST /forms/lservlet;jsessionid=ac16012b30d50773e20604764f08b00ecd741620371e.e3iSbxaKaheRe38RbNmLa3mSc41ynknvrkLOlQzNp65In0 HTTP/1.1" 200 2
201.184.65.114 - - [06/Feb/2015:00:47:39 -0500] "POST /forms/lservlet;jsessionid=ac16012b30d50773e20604764f08b00ecd741620371e.e3iSbxaKaheRe38RbNmLa3mSc41ynknvrkLOlQzNp65In0 HTTP/1.1" 200 2322
201.184.65.114 - - [06/Feb/2015:00:47:39 -0500] "POST /forms/lservlet;jsessionid=ac16012b30d50773e20604764f08b00ecd741620371e.e3iSbxaKaheRe38RbNmLa3mSc41ynknvrkLOlQzNp65In0 HTTP/1.1" 200 10
201.184.65.114 - - [06/Feb/2015:00:47:42 -0500] "POST /forms/lservlet;jsessionid=ac16012b30d50773e20604764f08b00ecd741620371e.e3iSbxaKaheRe38RbNmLa3mSc41ynknvrkLOlQzNp65In0 HTTP/1.1" 200 2
201.184.65.114 - - [06/Feb/2015:00:47:42 -0500] "POST /forms/lservlet;jsessionid=ac16012b30d50773e20604764f08b00ecd741620371e.e3iSbxaKaheRe38RbNmLa3mSc41ynknvrkLOlQzNp65In0 HTTP/1.1" 200 3717
201.184.65.114 - - [06/Feb/2015:00:47:42 -0500] "POST /forms/lservlet;jsessionid=ac16012b30d50773e20604764f08b00ecd741620371e.e3iSbxaKaheRe38RbNmLa3mSc41ynknvrkLOlQzNp65In0 HTTP/1.1" 200 2
61.135.190.221 - - [06/Feb/2015:00:47:53 -0500] "GET /BLA/boletinlegal/js/jquery.js HTTP/1.1" 200 57254
201.184.65.114 - - [06/Feb/2015:00:47:55 -0500] "POST /forms/lservlet;jsessionid=ac16012b30d50773e20604764f08b00ecd741620371e.e3iSbxaKaheRe38RbNmLa3mSc41ynknvrkLOlQzNp65In0 HTTP/1.1" 200 2
201.184.65.114 - - [06/Feb/2015:00:47:55 -0500] "POST /forms/lservlet;jsessionid=ac16012b30d50773e20604764f08b00ecd741620371e.e3iSbxaKaheRe38RbNmLa3mSc41ynknvrkLOlQzNp65In0 HTTP/1.1" 200 2345
201.184.65.114 - - [06/Feb/2015:00:47:55 -0500] "POST /forms/lservlet;jsessionid=ac16012b30d50773e20604764f08b00ecd741620371e.e3iSbxaKaheRe38RbNmLa3mSc41ynknvrkLOlQzNp65In0 HTTP/1.1" 200 10
201.184.65.114 - - [06/Feb/2015:00:47:58 -0500] "POST /forms/lservlet;jsessionid=ac16012b30d50773e20604764f08b00ecd741620371e.e3iSbxaKaheRe38RbNmLa3mSc41ynknvrkLOlQzNp65In0 HTTP/1.1" 200 2
201.184.65.114 - - [06/Feb/2015:00:47:58 -0500] "POST /forms/lservlet;jsessionid=ac16012b30d50773e20604764f08b00ecd741620371e.e3iSbxaKaheRe38RbNmLa3mSc41ynknvrkLOlQzNp65In0 HTTP/1.1" 200 4063
201.184.65.114 - - [06/Feb/2015:00:47:59 -0500] "POST /forms/lservlet;jsessionid=ac16012b30d50773e20604764f08b00ecd741620371e.e3iSbxaKaheRe38RbNmLa3mSc41ynknvrkLOlQzNp65In0 HTTP/1.1" 200 2
201.184.65.114 - - [06/Feb/2015:00:48:11 -0500] "POST /forms/lservlet;jsessionid=ac16012b30d50773e20604764f08b00ecd741620371e.e3iSbxaKaheRe38RbNmLa3mSc41ynknvrkLOlQzNp65In0 HTTP/1.1" 200 2
201.184.65.114 - - [06/Feb/2015:00:48:11 -0500] "POST /forms/lservlet;jsessionid=ac16012b30d50773e20604764f08b00ecd741620371e.e3iSbxaKaheRe38RbNmLa3mSc41ynknvrkLOlQzNp65In0 HTTP/1.1" 200 2322
201.184.65.114 - - [06/Feb/2015:00:48:11 -0500] "POST /forms/lservlet;jsessionid=ac16012b30d50773e20604764f08b00ecd741620371e.e3iSbxaKaheRe38RbNmLa3mSc41ynknvrkLOlQzNp65In0 HTTP/1.1" 200 10
201.184.65.114 - - [06/Feb/2015:00:48:14 -0500] "POST /forms/lservlet;jsessionid=ac16012b30d50773e20604764f08b00ecd741620371e.e3iSbxaKaheRe38RbNmLa3mSc41ynknvrkLOlQzNp65In0 HTTP/1.1" 200 2
201.184.65.114 - - [06/Feb/2015:00:48:14 -0500] "POST /forms/lservlet;jsessionid=ac16012b30d50773e20604764f08b00ecd741620371e.e3iSbxaKaheRe38RbNmLa3mSc41ynknvrkLOlQzNp65In0 HTTP/1.1" 200 3743
186.154.84.82 - - [06/Feb/2015:00:48:13 -0500] "POST /forest/usutareas.do? HTTP/1.1" 200 76
201.184.65.114 - - [06/Feb/2015:00:48:15 -0500] "POST /forms/lservlet;jsessionid=ac16012b30d50773e20604764f08b00ecd741620371e.e3iSbxaKaheRe38RbNmLa3mSc41ynknvrkLOlQzNp65In0 HTTP/1.1" 200 2
186.154.84.82 - - [06/Feb/2015:00:48:18 -0500] "GET /forest/usutareas.do?group_system_actual=3&a=0.25243729702197015 HTTP/1.1" 200 20551
186.154.84.82 - - [06/Feb/2015:00:48:18 -0500] "GET /forest/session.jsp?a=0.7799837184138596 HTTP/1.1" 200 4
186.154.84.82 - - [06/Feb/2015:00:48:21 -0500] "GET /forest/misactividades.do?_a=0.3197588096372783&group_system_actual=3 HTTP/1.1" 200 38568
186.154.84.82 - - [06/Feb/2015:00:48:22 -0500] "GET /forest/session.jsp?a=0.5199444061145186 HTTP/1.1" 200 4
186.154.84.82 - - [06/Feb/2015:00:48:23 -0500] "POST /forest/misactividades.do?ajax=true&a=0.38925930578261614 HTTP/1.1" 200 56
186.154.84.82 - - [06/Feb/2015:00:48:26 -0500] "POST /forest/misactividades.do?loadList=1&name=asixi&a=0.38736995263025165 HTTP/1.1" 200 1974
66.249.73.155 - - [06/Feb/2015:00:48:27 -0500] "GET /BLA/resoluciones/RESOLUCIONES%202004/RES%202004%20351-400/00000370.tif HTTP/1.1" 200 208718
201.184.65.114 - - [06/Feb/2015:00:48:27 -0500] "POST /forms/lservlet;jsessionid=ac16012b30d50773e20604764f08b00ecd741620371e.e3iSbxaKaheRe38RbNmLa3mSc41ynknvrkLOlQzNp65In0 HTTP/1.1" 200 2
201.184.65.114 - - [06/Feb/2015:00:48:27 -0500] "POST /forms/lservlet;jsessionid=ac16012b30d50773e20604764f08b00ecd741620371e.e3iSbxaKaheRe38RbNmLa3mSc41ynknvrkLOlQzNp65In0 HTTP/1.1" 200 2305
201.184.65.114 - - [06/Feb/2015:00:48:27 -0500] "POST /forms/lservlet;jsessionid=ac16012b30d50773e20604764f08b00ecd741620371e.e3iSbxaKaheRe38RbNmLa3mSc41ynknvrkLOlQzNp65In0 HTTP/1.1" 200 10
66.249.73.163 - - [06/Feb/2015:00:48:28 -0500] "GET /BLA/resoluciones/RESOLUCIONES%202010/2827.pdf HTTP/1.1" 200 402848
201.184.65.114 - - [06/Feb/2015:00:48:30 -0500] "POST /forms/lservlet;jsessionid=ac16012b30d50773e20604764f08b00ecd741620371e.e3iSbxaKaheRe38RbNmLa3mSc41ynknvrkLOlQzNp65In0 HTTP/1.1" 200 2
201.184.65.114 - - [06/Feb/2015:00:48:30 -0500] "POST /forms/lservlet;jsessionid=ac16012b30d50773e20604764f08b00ecd741620371e.e3iSbxaKaheRe38RbNmLa3mSc41ynknvrkLOlQzNp65In0 HTTP/1.1" 200 3957
201.184.65.114 - - [06/Feb/2015:00:48:31 -0500] "POST /forms/lservlet;jsessionid=ac16012b30d50773e20604764f08b00ecd741620371e.e3iSbxaKaheRe38RbNmLa3mSc41ynknvrkLOlQzNp65In0 HTTP/1.1" 200 2
186.154.84.82 - - [06/Feb/2015:00:48:31 -0500] "POST /forest/misactividades.do?ajax=true&a=0.23608674737624824 HTTP/1.1" 200 2897
180.76.5.188 - - [06/Feb/2015:00:49:17 -0500] "GET /BLA/boletinlegal;jsessionid=4730AD8AC0BA2C93DC065A77E28E3CF5?/? HTTP/1.1" 404 1018
201.184.65.114 - - [06/Feb/2015:00:49:30 -0500] "POST /forms/lservlet;jsessionid=ac16012b30d50773e20604764f08b00ecd741620371e.e3iSbxaKaheRe38RbNmLa3mSc41ynknvrkLOlQzNp65In0 HTTP/1.1" 200 2
207.46.13.111 - - [06/Feb/2015:00:49:59 -0500] "GET /robots.txt HTTP/1.1" 404 1019
186.154.84.82 - - [06/Feb/2015:00:50:42 -0500] "GET /forest/skins/gdocs-jar/popup/popup.jsp?width=1100&height=500&title=Buscar%20procesos&uri=/forest/buscar.do%3Ftype%3Dprocesos&name=undefined&_a=0.7274874064605683&a=0.49378707841970026 HTTP/1.1" 200 1296
186.154.84.82 - - [06/Feb/2015:00:50:42 -0500] "GET /forest/buscar.do?type=procesos HTTP/1.1" 200 18159
186.154.84.82 - - [06/Feb/2015:00:50:42 -0500] "GET /forest/css/autocomplete.css?version=1412.231748 HTTP/1.1" 304 -
186.154.84.82 - - [06/Feb/2015:00:50:42 -0500] "GET /forest/1ibre/jscalendar/calendar-win2k-1.css HTTP/1.1" 304 -
186.154.84.82 - - [06/Feb/2015:00:50:42 -0500] "GET /forest/js/load_func.js?version=1412.231748 HTTP/1.1" 304 -
186.154.84.82 - - [06/Feb/2015:00:50:42 -0500] "GET /forest/js/dialog.js?version=1412.231748 HTTP/1.1" 304 -
186.154.84.82 - - [06/Feb/2015:00:50:42 -0500] "GET /forest/js/sarissa.js?version=1412.231748 HTTP/1.1" 304 -
186.154.84.82 - - [06/Feb/2015:00:50:42 -0500] "GET /forest/js/escritorio/escritorio.js?version=1412.231748 HTTP/1.1" 304 -
186.154.84.82 - - [06/Feb/2015:00:50:42 -0500] "GET /forest/js/internJS.js?version=1412.231748 HTTP/1.1" 304 -
186.154.84.82 - - [06/Feb/2015:00:50:42 -0500] "GET /forest/js/autocompletar2.js?version=1412.231748 HTTP/1.1" 304 -
186.154.84.82 - - [06/Feb/2015:00:50:42 -0500] "GET /forest/1ibre/protoaculous.js?version=1412.231748 HTTP/1.1" 304 -
186.154.84.82 - - [06/Feb/2015:00:50:42 -0500] "GET /forest/1ibre/jscalendar/calendar.js?version=1412.231748 HTTP/1.1" 304 -
186.154.84.82 - - [06/Feb/2015:00:50:42 -0500] "GET /forest/1ibre/jscalendar/lang/calendar-es.js?version=1412.231748 HTTP/1.1" 304 -
186.154.84.82 - - [06/Feb/2015:00:50:42 -0500] "GET /forest/1ibre/jscalendar/calendar-setup.js?version=1412.231748 HTTP/1.1" 304 -
186.154.84.82 - - [06/Feb/2015:00:50:42 -0500] "GET /forest/1ibre/1ibre.js?version=1412.231748 HTTP/1.1" 304 -
186.154.84.82 - - [06/Feb/2015:00:50:42 -0500] "GET /forest/js/xml_utilities.js?version=1412.231748 HTTP/1.1" 304 -
186.154.84.82 - - [06/Feb/2015:00:50:43 -0500] "GET /forest/skins/gdocs-jar/img/select.gif HTTP/1.1" 304 -
186.154.84.82 - - [06/Feb/2015:00:50:42 -0500] "GET /forest/buscar.do?type=procesos HTTP/1.1" 200 84387
186.154.84.82 - - [06/Feb/2015:00:50:43 -0500] "GET /forest/skins/gdocs-jar/img/user_search.gif HTTP/1.1" 304 -
186.154.84.82 - - [06/Feb/2015:00:50:43 -0500] "GET /forest/skins/gdocs-jar/img/dependencia-tree.gif HTTP/1.1" 304 -
186.154.84.82 - - [06/Feb/2015:00:50:43 -0500] "GET /forest/json.do?query=usersByDep&coddep=7019 HTTP/1.1" 200 1066
186.154.84.82 - - [06/Feb/2015:00:50:43 -0500] "GET /forest/1ibre/jscalendar/img.gif HTTP/1.1" 304 -
186.154.84.82 - - [06/Feb/2015:00:50:43 -0500] "GET /forest/json.do?query=versionListadas HTTP/1.1" 200 15
186.154.84.82 - - [06/Feb/2015:00:50:43 -0500] "GET /forest/json.do?query=usersByDep&coddep=7019 HTTP/1.1" 200 1066
186.154.84.82 - - [06/Feb/2015:00:50:43 -0500] "GET /forest/json.do?query=procesIniciales HTTP/1.1" 200 10001
180.76.5.95 - - [06/Feb/2015:00:50:45 -0500] "GET /BLA/resoluciones/RESOLUCIONES%202013/0848.pdf HTTP/1.1" 200 3438957
186.154.84.82 - - [06/Feb/2015:00:50:46 -0500] "POST /forest/buscar.do? HTTP/1.1" 200 5223
186.154.84.82 - - [06/Feb/2015:00:50:47 -0500] "GET /forest/css/escritorio.css HTTP/1.1" 304 -
186.154.84.82 - - [06/Feb/2015:00:50:47 -0500] "GET /forest/img/nav_first.gif HTTP/1.1" 304 -
186.154.84.82 - - [06/Feb/2015:00:50:47 -0500] "GET /forest/img/nav_prev.gif HTTP/1.1" 304 -
186.154.84.82 - - [06/Feb/2015:00:50:47 -0500] "GET /forest/img/nav_next.gif HTTP/1.1" 304 -
186.154.84.82 - - [06/Feb/2015:00:50:47 -0500] "GET /forest/img/nav_last.gif HTTP/1.1" 304 -
179.32.211.153 - - [06/Feb/2015:00:50:52 -0500] "GET /BLA/boletinlegal/js/jquery.scrollTo-min.js HTTP/1.1" 200 1150
179.32.211.153 - - [06/Feb/2015:00:50:52 -0500] "GET /BLA/boletinlegal/js/jquery.js HTTP/1.1" 200 57254
179.32.211.153 - - [06/Feb/2015:00:50:52 -0500] "GET /BLA/boletinlegal/js/jquery.scrollShow.js HTTP/1.1" 200 4586
186.154.84.82 - - [06/Feb/2015:00:45:21 -0500] "GET /ForestMSG_SDA/channelAsync/template_word_17438038?X-Atmosphere-tracking-id=beafdd57-19d7-2147-bd9e-b70bdce47453&X-Atmosphere-Framework=1.0.5&X-Atmosphere-Transport=long-polling&tabid=0.28606148762628436&X-Cache-Date=0&Content-Type=application/xml&_=1423201689486 HTTP/1.1" 200 8193
201.184.65.114 - - [06/Feb/2015:00:51:30 -0500] "POST /forms/lservlet;jsessionid=ac16012b30d50773e20604764f08b00ecd741620371e.e3iSbxaKaheRe38RbNmLa3mSc41ynknvrkLOlQzNp65In0 HTTP/1.1" 200 2
186.154.84.82 - - [06/Feb/2015:00:51:33 -0500] "POST /forest/misactividades.do?ajax=true&a=0.4772662443574518 HTTP/1.1" 200 1504
186.154.84.82 - - [06/Feb/2015:00:51:45 -0500] "GET /forest/usutareas.do?_a=0.33934651548042893&group_system_actual=3 HTTP/1.1" 200 111431
186.154.84.82 - - [06/Feb/2015:00:51:47 -0500] "GET /forest/session.jsp?a=0.33546613180078566 HTTP/1.1" 200 4
207.46.13.111 - - [06/Feb/2015:00:52:19 -0500] "GET /dama/libreria/pdf/foroaire/GM2.pdf HTTP/1.1" 404 1019
74.86.158.107 - - [06/Feb/2015:00:52:30 -0500] "HEAD / HTTP/1.1" 302 -
186.154.84.82 - - [06/Feb/2015:00:52:45 -0500] "GET /forest/borrador/1631654/Concepto%20Tecnico.docx HTTP/1.1" 200 108028
186.29.57.5 - - [06/Feb/2015:00:52:37 -0500] "GET /videos/CRRFFS.mp4 HTTP/1.1" 200 286784363
190.252.186.128 - - [06/Feb/2015:00:53:29 -0500] "GET /BLA/boletinlegal/js/jquery.js HTTP/1.1" 200 57254
190.252.186.128 - - [06/Feb/2015:00:53:29 -0500] "GET /BLA/boletinlegal/js/jquery.scrollTo-min.js HTTP/1.1" 200 1150
190.252.186.128 - - [06/Feb/2015:00:53:29 -0500] "GET /BLA/boletinlegal/js/jquery.scrollShow.js HTTP/1.1" 200 4586
201.184.65.114 - - [06/Feb/2015:00:53:30 -0500] "POST /forms/lservlet;jsessionid=ac16012b30d50773e20604764f08b00ecd741620371e.e3iSbxaKaheRe38RbNmLa3mSc41ynknvrkLOlQzNp65In0 HTTP/1.1" 200 2
66.249.65.188 - - [06/Feb/2015:00:54:39 -0500] "GET /dama/libreria/pdf/foroaire/UNIANDES%201.pdf HTTP/1.1" 404 1019
66.249.73.171 - - [06/Feb/2015:00:55:16 -0500] "GET /portalsiaccapacitaciones/0007.%20Presentaci%C3%B3n%20RESPEL-PGIR.pdf HTTP/1.1" 404 1018
201.184.65.114 - - [06/Feb/2015:00:55:30 -0500] "POST /forms/lservlet;jsessionid=ac16012b30d50773e20604764f08b00ecd741620371e.e3iSbxaKaheRe38RbNmLa3mSc41ynknvrkLOlQzNp65In0 HTTP/1.1" 200 2
180.76.6.140 - - [06/Feb/2015:00:55:47 -0500] "GET /BLA/boletinlegal/;jsessionid=646881BF4E8B4A3FCE995E40C2582183? HTTP/1.1" 404 1018
186.154.84.82 - - [06/Feb/2015:00:56:47 -0500] "GET /forest/session.jsp?a=0.454591101501137 HTTP/1.1" 200 4
186.154.84.82 - - [06/Feb/2015:00:57:02 -0500] "GET /forest/skins/gdocs-jar/jsp/escritorio/usudocumentos-borr-adj.jsp?codBorr=1631654&a=0.34717317344620824 HTTP/1.1" 200 3651
186.154.84.82 - - [06/Feb/2015:00:57:02 -0500] "GET /forest/img/borrar.gif HTTP/1.1" 304 -
186.154.84.82 - - [06/Feb/2015:00:57:03 -0500] "GET /forest/json.do?query=listBorradorAdj&codtraborr=1631654&a=0.5635526499245316 HTTP/1.1" 200 227
186.154.84.82 - - [06/Feb/2015:00:57:03 -0500] "GET /forest/skins/gdocs-jar/img/icons/%60item.nombre.toLowerCase().substring(item.nombre.lastIndexOf('.')+1)%60.gif HTTP/1.1" 404 185
186.154.84.82 - - [06/Feb/2015:00:57:08 -0500] "GET /forest/file/3789208 HTTP/1.1" 200 55267
74.86.158.107 - - [06/Feb/2015:00:57:30 -0500] "HEAD / HTTP/1.1" 302 -
201.184.65.114 - - [06/Feb/2015:00:57:30 -0500] "POST /forms/lservlet;jsessionid=ac16012b30d50773e20604764f08b00ecd741620371e.e3iSbxaKaheRe38RbNmLa3mSc41ynknvrkLOlQzNp65In0 HTTP/1.1" 200 2
186.154.84.82 - - [06/Feb/2015:00:57:34 -0500] "GET /forest/file/3789209 HTTP/1.1" 200 97169
66.249.73.163 - - [06/Feb/2015:00:57:42 -0500] "GET /BLA/resoluciones/RESOLUCIONES%202007/RES%202007%201001%20AL%201100/RESOLUCION%201027%20DE%202007.pdf HTTP/1.1" 304 -
186.154.84.82 - - [06/Feb/2015:00:51:46 -0500] "GET /ForestMSG_SDA/channelAsync/template_word_17440532?X-Atmosphere-tracking-id=80f045cf-bc6b-4b2e-159a-78dbd60b1bf9&X-Atmosphere-Framework=1.0.5&X-Atmosphere-Transport=long-polling&tabid=0.8900383282452822&X-Cache-Date=0&Content-Type=application/xml&_=1423202075108 HTTP/1.1" 200 8193
180.76.5.143 - - [06/Feb/2015:00:57:59 -0500] "GET /BLA/boletinlegal;jsessionid=7F8C1226EBAB9011B8F9B1FE25820224?/? HTTP/1.1" 404 1018
186.155.90.85 - - [06/Feb/2015:00:58:34 -0500] "GET /BLA/boletinlegal/js/jquery.js HTTP/1.1" 200 57254
186.155.90.85 - - [06/Feb/2015:00:58:34 -0500] "GET /BLA/boletinlegal/js/jquery.scrollTo-min.js HTTP/1.1" 200 1150
186.155.90.85 - - [06/Feb/2015:00:58:34 -0500] "GET /BLA/boletinlegal/js/jquery.scrollShow.js HTTP/1.1" 200 4586
180.76.5.167 - - [06/Feb/2015:00:58:38 -0500] "GET /BLA/boletinlegal;jsessionid=BE6F0AD6C811FA4F7EE18C3D629CB0D9?/? HTTP/1.1" 404 1018
201.184.65.114 - - [06/Feb/2015:00:58:56 -0500] "POST /forms/lservlet;jsessionid=ac16012b30d50773e20604764f08b00ecd741620371e.e3iSbxaKaheRe38RbNmLa3mSc41ynknvrkLOlQzNp65In0 HTTP/1.1" 200 2
201.184.65.114 - - [06/Feb/2015:00:58:56 -0500] "POST /forms/lservlet;jsessionid=ac16012b30d50773e20604764f08b00ecd741620371e.e3iSbxaKaheRe38RbNmLa3mSc41ynknvrkLOlQzNp65In0 HTTP/1.1" 200 2332
201.184.65.114 - - [06/Feb/2015:00:58:56 -0500] "POST /forms/lservlet;jsessionid=ac16012b30d50773e20604764f08b00ecd741620371e.e3iSbxaKaheRe38RbNmLa3mSc41ynknvrkLOlQzNp65In0 HTTP/1.1" 200 10
179.26.45.165 - - [06/Feb/2015:00:58:58 -0500] "GET /BLA/boletinlegal/js/jquery.js HTTP/1.1" 200 57254
179.26.45.165 - - [06/Feb/2015:00:58:58 -0500] "GET /BLA/boletinlegal/js/jquery.scrollTo-min.js HTTP/1.1" 200 1150
179.26.45.165 - - [06/Feb/2015:00:58:58 -0500] "GET /BLA/boletinlegal/js/jquery.scrollShow.js HTTP/1.1" 200 4586
201.184.65.114 - - [06/Feb/2015:00:58:59 -0500] "POST /forms/lservlet;jsessionid=ac16012b30d50773e20604764f08b00ecd741620371e.e3iSbxaKaheRe38RbNmLa3mSc41ynknvrkLOlQzNp65In0 HTTP/1.1" 200 2
179.26.45.165 - - [06/Feb/2015:00:58:59 -0500] "GET /galeria/carrusel/Carrusel/jquery.thumbnailScroller.css HTTP/1.1" 200 2066
179.26.45.165 - - [06/Feb/2015:00:58:59 -0500] "GET /galeria/carrusel/Carrusel/jquery-ui-1.8.13.custom.min.js HTTP/1.1" 200 10800
179.26.45.165 - - [06/Feb/2015:00:58:59 -0500] "GET /galeria/carrusel/Carrusel/jquery.thumbnailScroller.js HTTP/1.1" 200 8157
201.184.65.114 - - [06/Feb/2015:00:58:59 -0500] "POST /forms/lservlet;jsessionid=ac16012b30d50773e20604764f08b00ecd741620371e.e3iSbxaKaheRe38RbNmLa3mSc41ynknvrkLOlQzNp65In0 HTTP/1.1" 200 3846
201.184.65.114 - - [06/Feb/2015:00:58:59 -0500] "POST /forms/lservlet;jsessionid=ac16012b30d50773e20604764f08b00ecd741620371e.e3iSbxaKaheRe38RbNmLa3mSc41ynknvrkLOlQzNp65In0 HTTP/1.1" 200 2
186.154.84.82 - - [06/Feb/2015:00:59:08 -0500] "GET /forest/file/3789207 HTTP/1.1" 200 237774
201.184.65.114 - - [06/Feb/2015:00:59:16 -0500] "POST /forms/lservlet;jsessionid=ac16012b30d50773e20604764f08b00ecd741620371e.e3iSbxaKaheRe38RbNmLa3mSc41ynknvrkLOlQzNp65In0 HTTP/1.1" 200 2
201.184.65.114 - - [06/Feb/2015:00:59:16 -0500] "POST /forms/lservlet;jsessionid=ac16012b30d50773e20604764f08b00ecd741620371e.e3iSbxaKaheRe38RbNmLa3mSc41ynknvrkLOlQzNp65In0 HTTP/1.1" 200 2322
201.184.65.114 - - [06/Feb/2015:00:59:16 -0500] "POST /forms/lservlet;jsessionid=ac16012b30d50773e20604764f08b00ecd741620371e.e3iSbxaKaheRe38RbNmLa3mSc41ynknvrkLOlQzNp65In0 HTTP/1.1" 200 10
180.76.6.157 - - [06/Feb/2015:00:59:17 -0500] "GET /BLA/resoluciones/RESOLUCIONES%202008/4392.pdf HTTP/1.1" 200 541758
201.184.65.114 - - [06/Feb/2015:00:59:18 -0500] "POST /forms/lservlet;jsessionid=ac16012b30d50773e20604764f08b00ecd741620371e.e3iSbxaKaheRe38RbNmLa3mSc41ynknvrkLOlQzNp65In0 HTTP/1.1" 200 2
201.184.65.114 - - [06/Feb/2015:00:59:18 -0500] "POST /forms/lservlet;jsessionid=ac16012b30d50773e20604764f08b00ecd741620371e.e3iSbxaKaheRe38RbNmLa3mSc41ynknvrkLOlQzNp65In0 HTTP/1.1" 200 3575
201.184.65.114 - - [06/Feb/2015:00:59:19 -0500] "POST /forms/lservlet;jsessionid=ac16012b30d50773e20604764f08b00ecd741620371e.e3iSbxaKaheRe38RbNmLa3mSc41ynknvrkLOlQzNp65In0 HTTP/1.1" 200 2
201.184.65.114 - - [06/Feb/2015:00:59:31 -0500] "POST /forms/lservlet;jsessionid=ac16012b30d50773e20604764f08b00ecd741620371e.e3iSbxaKaheRe38RbNmLa3mSc41ynknvrkLOlQzNp65In0 HTTP/1.1" 200 2
66.249.73.163 - - [06/Feb/2015:00:59:39 -0500] "GET /POT-2013/SEGUIMIENTO/Microsoft%20Word%20-%20seguimiento_evaluacion%20POT%20Oct%2029.doc.pdf HTTP/1.1" 200 791863
201.184.65.114 - - [06/Feb/2015:00:59:44 -0500] "POST /forms/lservlet;jsessionid=ac16012b30d50773e20604764f08b00ecd741620371e.e3iSbxaKaheRe38RbNmLa3mSc41ynknvrkLOlQzNp65In0 HTTP/1.1" 200 2
201.184.65.114 - - [06/Feb/2015:00:59:44 -0500] "POST /forms/lservlet;jsessionid=ac16012b30d50773e20604764f08b00ecd741620371e.e3iSbxaKaheRe38RbNmLa3mSc41ynknvrkLOlQzNp65In0 HTTP/1.1" 200 2322
201.184.65.114 - - [06/Feb/2015:00:59:45 -0500] "POST /forms/lservlet;jsessionid=ac16012b30d50773e20604764f08b00ecd741620371e.e3iSbxaKaheRe38RbNmLa3mSc41ynknvrkLOlQzNp65In0 HTTP/1.1" 200 10
201.184.65.114 - - [06/Feb/2015:00:59:47 -0500] "POST /forms/lservlet;jsessionid=ac16012b30d50773e20604764f08b00ecd741620371e.e3iSbxaKaheRe38RbNmLa3mSc41ynknvrkLOlQzNp65In0 HTTP/1.1" 200 2
201.184.65.114 - - [06/Feb/2015:00:59:47 -0500] "POST /forms/lservlet;jsessionid=ac16012b30d50773e20604764f08b00ecd741620371e.e3iSbxaKaheRe38RbNmLa3mSc41ynknvrkLOlQzNp65In0 HTTP/1.1" 200 4280
201.184.65.114 - - [06/Feb/2015:00:59:47 -0500] "POST /forms/lservlet;jsessionid=ac16012b30d50773e20604764f08b00ecd741620371e.e3iSbxaKaheRe38RbNmLa3mSc41ynknvrkLOlQzNp65In0 HTTP/1.1" 200 2
201.184.65.114 - - [06/Feb/2015:01:00:03 -0500] "POST /forms/lservlet;jsessionid=ac16012b30d50773e20604764f08b00ecd741620371e.e3iSbxaKaheRe38RbNmLa3mSc41ynknvrkLOlQzNp65In0 HTTP/1.1" 200 2
201.184.65.114 - - [06/Feb/2015:01:00:03 -0500] "POST /forms/lservlet;jsessionid=ac16012b30d50773e20604764f08b00ecd741620371e.e3iSbxaKaheRe38RbNmLa3mSc41ynknvrkLOlQzNp65In0 HTTP/1.1" 200 2322
201.184.65.114 - - [06/Feb/2015:01:00:03 -0500] "POST /forms/lservlet;jsessionid=ac16012b30d50773e20604764f08b00ecd741620371e.e3iSbxaKaheRe38RbNmLa3mSc41ynknvrkLOlQzNp65In0 HTTP/1.1" 200 10
201.184.65.114 - - [06/Feb/2015:01:00:05 -0500] "POST /forms/lservlet;jsessionid=ac16012b30d50773e20604764f08b00ecd741620371e.e3iSbxaKaheRe38RbNmLa3mSc41ynknvrkLOlQzNp65In0 HTTP/1.1" 200 2
201.184.65.114 - - [06/Feb/2015:01:00:05 -0500] "POST /forms/lservlet;jsessionid=ac16012b30d50773e20604764f08b00ecd741620371e.e3iSbxaKaheRe38RbNmLa3mSc41ynknvrkLOlQzNp65In0 HTTP/1.1" 200 3688
201.184.65.114 - - [06/Feb/2015:01:00:06 -0500] "POST /forms/lservlet;jsessionid=ac16012b30d50773e20604764f08b00ecd741620371e.e3iSbxaKaheRe38RbNmLa3mSc41ynknvrkLOlQzNp65In0 HTTP/1.1" 200 2
186.155.90.85 - - [06/Feb/2015:00:58:40 -0500] "GET /videos/CRRFFS.mp4 HTTP/1.1" 200 286784363
66.249.73.163 - - [06/Feb/2015:01:00:09 -0500] "GET /even/solojefe1/tsld021.htm HTTP/1.1" 404 1018
201.184.65.114 - - [06/Feb/2015:01:00:21 -0500] "POST /forms/lservlet;jsessionid=ac16012b30d50773e20604764f08b00ecd741620371e.e3iSbxaKaheRe38RbNmLa3mSc41ynknvrkLOlQzNp65In0 HTTP/1.1" 200 2
201.184.65.114 - - [06/Feb/2015:01:00:21 -0500] "POST /forms/lservlet;jsessionid=ac16012b30d50773e20604764f08b00ecd741620371e.e3iSbxaKaheRe38RbNmLa3mSc41ynknvrkLOlQzNp65In0 HTTP/1.1" 200 2271
201.184.65.114 - - [06/Feb/2015:01:00:21 -0500] "POST /forms/lservlet;jsessionid=ac16012b30d50773e20604764f08b00ecd741620371e.e3iSbxaKaheRe38RbNmLa3mSc41ynknvrkLOlQzNp65In0 HTTP/1.1" 200 10
201.184.65.114 - - [06/Feb/2015:01:00:23 -0500] "POST /forms/lservlet;jsessionid=ac16012b30d50773e20604764f08b00ecd741620371e.e3iSbxaKaheRe38RbNmLa3mSc41ynknvrkLOlQzNp65In0 HTTP/1.1" 200 2
201.184.65.114 - - [06/Feb/2015:01:00:23 -0500] "POST /forms/lservlet;jsessionid=ac16012b30d50773e20604764f08b00ecd741620371e.e3iSbxaKaheRe38RbNmLa3mSc41ynknvrkLOlQzNp65In0 HTTP/1.1" 200 3960
201.184.65.114 - - [06/Feb/2015:01:00:24 -0500] "POST /forms/lservlet;jsessionid=ac16012b30d50773e20604764f08b00ecd741620371e.e3iSbxaKaheRe38RbNmLa3mSc41ynknvrkLOlQzNp65In0 HTTP/1.1" 200 2
201.184.65.114 - - [06/Feb/2015:01:00:36 -0500] "POST /forms/lservlet;jsessionid=ac16012b30d50773e20604764f08b00ecd741620371e.e3iSbxaKaheRe38RbNmLa3mSc41ynknvrkLOlQzNp65In0 HTTP/1.1" 200 2
201.184.65.114 - - [06/Feb/2015:01:00:36 -0500] "POST /forms/lservlet;jsessionid=ac16012b30d50773e20604764f08b00ecd741620371e.e3iSbxaKaheRe38RbNmLa3mSc41ynknvrkLOlQzNp65In0 HTTP/1.1" 200 2332
201.184.65.114 - - [06/Feb/2015:01:00:36 -0500] "POST /forms/lservlet;jsessionid=ac16012b30d50773e20604764f08b00ecd741620371e.e3iSbxaKaheRe38RbNmLa3mSc41ynknvrkLOlQzNp65In0 HTTP/1.1" 200 10
201.184.65.114 - - [06/Feb/2015:01:00:38 -0500] "POST /forms/lservlet;jsessionid=ac16012b30d50773e20604764f08b00ecd741620371e.e3iSbxaKaheRe38RbNmLa3mSc41ynknvrkLOlQzNp65In0 HTTP/1.1" 200 2
201.184.65.114 - - [06/Feb/2015:01:00:38 -0500] "POST /forms/lservlet;jsessionid=ac16012b30d50773e20604764f08b00ecd741620371e.e3iSbxaKaheRe38RbNmLa3mSc41ynknvrkLOlQzNp65In0 HTTP/1.1" 200 3779
201.184.65.114 - - [06/Feb/2015:01:00:39 -0500] "POST /forms/lservlet;jsessionid=ac16012b30d50773e20604764f08b00ecd741620371e.e3iSbxaKaheRe38RbNmLa3mSc41ynknvrkLOlQzNp65In0 HTTP/1.1" 200 2
201.184.65.114 - - [06/Feb/2015:01:00:49 -0500] "POST /forms/lservlet;jsessionid=ac16012b30d50773e20604764f08b00ecd741620371e.e3iSbxaKaheRe38RbNmLa3mSc41ynknvrkLOlQzNp65In0 HTTP/1.1" 200 2
201.184.65.114 - - [06/Feb/2015:01:00:49 -0500] "POST /forms/lservlet;jsessionid=ac16012b30d50773e20604764f08b00ecd741620371e.e3iSbxaKaheRe38RbNmLa3mSc41ynknvrkLOlQzNp65In0 HTTP/1.1" 200 2332
201.184.65.114 - - [06/Feb/2015:01:00:49 -0500] "POST /forms/lservlet;jsessionid=ac16012b30d50773e20604764f08b00ecd741620371e.e3iSbxaKaheRe38RbNmLa3mSc41ynknvrkLOlQzNp65In0 HTTP/1.1" 200 10
201.184.65.114 - - [06/Feb/2015:01:00:52 -0500] "POST /forms/lservlet;jsessionid=ac16012b30d50773e20604764f08b00ecd741620371e.e3iSbxaKaheRe38RbNmLa3mSc41ynknvrkLOlQzNp65In0 HTTP/1.1" 200 2
201.184.65.114 - - [06/Feb/2015:01:00:52 -0500] "POST /forms/lservlet;jsessionid=ac16012b30d50773e20604764f08b00ecd741620371e.e3iSbxaKaheRe38RbNmLa3mSc41ynknvrkLOlQzNp65In0 HTTP/1.1" 200 3830
201.184.65.114 - - [06/Feb/2015:01:00:52 -0500] "POST /forms/lservlet;jsessionid=ac16012b30d50773e20604764f08b00ecd741620371e.e3iSbxaKaheRe38RbNmLa3mSc41ynknvrkLOlQzNp65In0 HTTP/1.1" 200 2
186.84.26.113 - - [06/Feb/2015:01:00:55 -0500] "GET /BLA/boletinlegal/js/jquery.js HTTP/1.1" 200 57254
186.84.26.113 - - [06/Feb/2015:01:00:55 -0500] "GET /BLA/boletinlegal/js/jquery.scrollShow.js HTTP/1.1" 200 4586
186.84.26.113 - - [06/Feb/2015:01:00:55 -0500] "GET /BLA/boletinlegal/js/jquery.scrollTo-min.js HTTP/1.1" 200 1150
186.84.26.113 - - [06/Feb/2015:01:00:55 -0500] "GET /galeria/carrusel/Carrusel/jquery-ui-1.8.13.custom.min.js HTTP/1.1" 200 10800
186.84.26.113 - - [06/Feb/2015:01:00:55 -0500] "GET /galeria/carrusel/Carrusel/jquery.thumbnailScroller.css HTTP/1.1" 200 2066
186.84.26.113 - - [06/Feb/2015:01:00:55 -0500] "GET /galeria/carrusel/Carrusel/jquery.thumbnailScroller.js HTTP/1.1" 200 8157
186.155.90.85 - - [06/Feb/2015:01:01:01 -0500] "GET /videos/CRRFFS.mp4 HTTP/1.1" 206 1
186.84.26.113 - - [06/Feb/2015:01:01:03 -0500] "GET /galeria/nivo-slider/demo/demo.html HTTP/1.1" 200 3334
186.155.90.85 - - [06/Feb/2015:01:01:03 -0500] "GET /videos/CRRFFS.mp4 HTTP/1.1" 206 258702042
201.184.65.114 - - [06/Feb/2015:01:01:06 -0500] "POST /forms/lservlet;jsessionid=ac16012b30d50773e20604764f08b00ecd741620371e.e3iSbxaKaheRe38RbNmLa3mSc41ynknvrkLOlQzNp65In0 HTTP/1.1" 200 2
201.184.65.114 - - [06/Feb/2015:01:01:06 -0500] "POST /forms/lservlet;jsessionid=ac16012b30d50773e20604764f08b00ecd741620371e.e3iSbxaKaheRe38RbNmLa3mSc41ynknvrkLOlQzNp65In0 HTTP/1.1" 200 2325
186.84.26.113 - - [06/Feb/2015:01:01:06 -0500] "GET /galeria/nivo-slider/themes/default/default.css HTTP/1.1" 200 1569
186.84.26.113 - - [06/Feb/2015:01:01:06 -0500] "GET /galeria/nivo-slider/themes/orman/orman.css HTTP/1.1" 200 2152
186.84.26.113 - - [06/Feb/2015:01:01:06 -0500] "GET /galeria/nivo-slider/themes/pascal/pascal.css HTTP/1.1" 200 2258
