!C99Shell v. 1.0 pre-release build #13!

Software: Apache. PHP/5.5.15 

uname -a: Windows NT SVR-DMZ 6.1 build 7600 (Windows Server 2008 R2 Enterprise Edition) i586 

SYSTEM 

Safe-mode: OFF (not secure)

E:\nuevo\apache\logs\   drwxrwxrwx
Free 5.02 GB of 239.26 GB (2.1%)
Detected drives: [ a ] [ c ] [ d ] [ e ] [ f ]
Home    Back    Forward    UPDIR    Refresh    Search    Buffer    Encoder    Tools    Proc.    FTP brute    Sec.    SQL    PHP-code    Update    Feedback    Self remove    Logout    


Viewing file:     access.2015.02.07.log (3.08 MB)      -rw-rw-rw-
Select action/file-type:
(+) | (+) | (+) | Code (+) | Session (+) | (+) | SDB (+) | (+) | (+) | (+) | (+) | (+) |
188.165.15.26 - - [07/Feb/2015:00:00:06 -0500] "GET /BLA/resoluciones/RESOLUCIONES%202002/RES%202002%20201-250/2002RES214.tif HTTP/1.1" 200 79900
180.76.4.33 - - [07/Feb/2015:00:00:43 -0500] "GET / HTTP/1.1" 302 -
188.165.15.193 - - [07/Feb/2015:00:01:04 -0500] "GET /BLA/resoluciones/RESOLUCIONES%202006/RES%202006%20851-900/00000872.tif HTTP/1.1" 200 96890
66.249.75.67 - - [07/Feb/2015:00:01:11 -0500] "GET /BLA/resoluciones/RESOLUCIONES%202005/RES%202005%201-50/RES%202005%20101-150/00000148.tif HTTP/1.1" 200 130984
66.249.83.185 - - [07/Feb/2015:00:01:44 -0500] "GET /BLA/boletinlegal/js/jquery.js HTTP/1.1" 200 57254
66.249.83.191 - - [07/Feb/2015:00:01:44 -0500] "GET /BLA/boletinlegal/js/jquery.scrollTo-min.js HTTP/1.1" 200 1150
66.249.83.191 - - [07/Feb/2015:00:01:44 -0500] "GET /BLA/boletinlegal/js/jquery.scrollShow.js HTTP/1.1" 200 4586
178.162.193.32 - - [07/Feb/2015:00:01:48 -0500] "GET /POT-2013/Cartografia/06_Mitigacion_Remasa_V1_2013.pdf HTTP/1.0" 200 4362311
68.180.229.40 - - [07/Feb/2015:00:01:51 -0500] "GET /BLA/boletinlegal/Directivas/2011/Directiva%20No.%207%20del%2015%20de%20Septiembre%20de%202011.pdf HTTP/1.1" 200 268084
66.249.75.83 - - [07/Feb/2015:00:02:36 -0500] "GET /BLA/resoluciones/RESOLUCIONES%202011/4607.pdf HTTP/1.1" 200 554443
74.86.158.107 - - [07/Feb/2015:00:03:34 -0500] "HEAD / HTTP/1.1" 302 -
188.165.15.193 - - [07/Feb/2015:00:03:44 -0500] "GET /BLA/resoluciones/RESOLUCIONES%202005/RES%202005%201751-1800/00001754.tif HTTP/1.1" 200 127674
188.165.15.108 - - [07/Feb/2015:00:04:42 -0500] "GET /BLA/resoluciones/RESOLUCIONES%202003/RES%202003%201301-1350/20031338.tif HTTP/1.1" 200 100424
188.165.15.119 - - [07/Feb/2015:00:05:39 -0500] "GET /BLA/resoluciones/RESOLUCIONES%202006/RES%202006%202001-2050/00002002.tif HTTP/1.1" 200 122864
188.165.15.87 - - [07/Feb/2015:00:06:20 -0500] "GET /BLA/resoluciones/index.php?dir=RESOLUCIONES+2002%2FRES+2002+501-550%2F HTTP/1.1" 200 12029
188.165.15.193 - - [07/Feb/2015:00:06:55 -0500] "GET /BLA/resoluciones/RESOLUCIONES%202005/RES%202005%202051-2100/00002099.tif HTTP/1.1" 200 133688
188.165.15.119 - - [07/Feb/2015:00:06:59 -0500] "GET /BLA/resoluciones/RESOLUCIONES%202006/RES%202006%202451-2500/00002495.tif HTTP/1.1" 200 225816
201.244.204.118 - - [07/Feb/2015:00:07:02 -0500] "GET /stormWeb/filtrarConsultarAutorizaciones.jsp?id_group=2300&id_rd=2305 HTTP/1.1" 200 23869
201.244.204.118 - - [07/Feb/2015:00:07:11 -0500] "POST /stormWeb/listarAutorizaciones.do HTTP/1.1" 200 23820
220.181.108.155 - - [07/Feb/2015:00:07:17 -0500] "GET /BLA/boletinlegal/js/jquery.js HTTP/1.1" 200 57254
66.249.75.51 - - [07/Feb/2015:00:07:20 -0500] "GET /BLA/resoluciones/RESOLUCIONES%202012/0288.pdf HTTP/1.1" 304 -
220.181.108.143 - - [07/Feb/2015:00:07:21 -0500] "GET /BLA/boletinlegal/js/jquery.scrollTo-min.js HTTP/1.1" 200 1150
201.244.204.118 - - [07/Feb/2015:00:07:25 -0500] "GET /stormWeb/filtrarConsultarAutorizaciones.jsp?id_group=2300&id_rd=2305 HTTP/1.1" 200 23869
201.244.204.118 - - [07/Feb/2015:00:07:34 -0500] "POST /stormWeb/listarAutorizaciones.do HTTP/1.1" 200 23820
201.244.204.118 - - [07/Feb/2015:00:07:41 -0500] "GET /stormWeb/cargaArchivo.jsp?id_group=2100&id_rd=2105 HTTP/1.1" 200 35923
201.244.204.118 - - [07/Feb/2015:00:07:50 -0500] "POST /stormWeb/ajax.do?opc=1&nomArchivo=C:\\fakepath\\18_000000504_20141231.str&codInf=18&nitso=504&fechaC=20141231&a=0.549183041555807 HTTP/1.1" 200 184
201.244.204.118 - - [07/Feb/2015:00:08:04 -0500] "POST /stormWeb/ajax.do?opc=1&nomArchivo=C:\\fakepath\\18_000000504_20141231.str&codInf=18&nitso=504&fechaC=20141231&a=0.8460406144149601 HTTP/1.1" 200 184
201.244.204.118 - - [07/Feb/2015:00:08:12 -0500] "POST /stormWeb/ajax.do?opc=1&nomArchivo=C:\\fakepath\\18_000000504_20141231.str&codInf=18&nitso=504&fechaC=20141231&a=0.23098191409371793 HTTP/1.1" 200 184
66.249.69.95 - - [07/Feb/2015:00:08:16 -0500] "GET /BLA/ HTTP/1.1" 200 538
74.86.158.107 - - [07/Feb/2015:00:08:34 -0500] "HEAD / HTTP/1.1" 302 -
179.52.27.12 - - [07/Feb/2015:00:09:17 -0500] "GET /BLA/boletinlegal/js/jquery.js HTTP/1.1" 200 57254
179.52.27.12 - - [07/Feb/2015:00:09:17 -0500] "GET /BLA/boletinlegal/js/jquery.scrollTo-min.js HTTP/1.1" 200 1150
179.52.27.12 - - [07/Feb/2015:00:09:17 -0500] "GET /BLA/boletinlegal/js/jquery.scrollShow.js HTTP/1.1" 200 4586
188.165.15.41 - - [07/Feb/2015:00:09:44 -0500] "GET /BLA/resoluciones/RESOLUCIONES%202005/RES%202005%202401-2450/00002427.tif HTTP/1.1" 200 119326
188.165.15.97 - - [07/Feb/2015:00:10:02 -0500] "GET /BLA/resoluciones/RESOLUCIONES%202002/RES%202002%20401-450/00000408.tif HTTP/1.1" 200 58350
180.76.6.20 - - [07/Feb/2015:00:10:04 -0500] "GET /Autoliquidacion/Grupo%20Forestal%20-%20Silvicultura/APLICATIVO%20COSTO%20EVALUACION%20SALVOCONDUCTO%202015-.xls HTTP/1.1" 200 108544
180.76.5.18 - - [07/Feb/2015:00:10:42 -0500] "GET /BLA/boletinlegal;jsessionid=744FCCB38853A55D760B0AAD9D2B93FD?/? HTTP/1.1" 404 1018
188.165.15.87 - - [07/Feb/2015:00:10:55 -0500] "GET /BLA/resoluciones/RESOLUCIONES%202006/RES%202006%2051-100/00000093.tif HTTP/1.1" 200 202640
190.84.112.143 - - [07/Feb/2015:00:11:41 -0500] "GET /BLA/boletinlegal/consulta_actos.php?tipo=autos&no=2552&usuario=&sector=&fecha=2013&resuelve= HTTP/1.1" 200 623
190.84.112.143 - - [07/Feb/2015:00:11:44 -0500] "GET /BLA/boletinlegal/consulta_actos.php?tipo=autos&no=2552&usuario=&sector=&fecha=2013&resuelve= HTTP/1.1" 200 623
66.249.75.51 - - [07/Feb/2015:00:12:05 -0500] "GET /BLA/resoluciones/AUTOS%202011/7229.pdf HTTP/1.1" 200 174942
66.249.69.95 - - [07/Feb/2015:00:12:56 -0500] "GET /Anexos%20estudio%20Organizacional%20SDA/ANEXO%20No.%208%20-%20MATRICES%20DE%20REGISTRO%20Y%20DE%20SALIDA%20MEDICI%C3%93N%20CARGAS%20LABORALES%20SDA/1.2%20OPEL/OPEL.xls HTTP/1.1" 200 291328
74.86.158.107 - - [07/Feb/2015:00:13:34 -0500] "HEAD / HTTP/1.1" 302 -
66.220.158.114 - - [07/Feb/2015:00:13:46 -0500] "GET /PORTAL_SIAC/swf/Residuos/impresion/files/guia_impresion-lit.pdf HTTP/1.1" 206 524288
190.84.112.143 - - [07/Feb/2015:00:15:01 -0500] "GET /BLA/boletinlegal/consulta_actos.php?tipo=autos&no=5967&usuario=&sector=&fecha=2014&resuelve= HTTP/1.1" 200 623
190.84.112.143 - - [07/Feb/2015:00:15:04 -0500] "GET /BLA/boletinlegal/consulta_actos.php?tipo=autos&no=5967&usuario=&sector=&fecha=2014&resuelve= HTTP/1.1" 200 623
190.84.112.143 - - [07/Feb/2015:00:15:04 -0500] "GET /BLA/boletinlegal/consulta_actos.php?tipo=autos&no=5967&usuario=&sector=&fecha=2014&resuelve= HTTP/1.1" 200 623
190.84.112.143 - - [07/Feb/2015:00:15:04 -0500] "GET /BLA/boletinlegal/consulta_actos.php?tipo=autos&no=5967&usuario=&sector=&fecha=2014&resuelve= HTTP/1.1" 200 623
190.84.112.143 - - [07/Feb/2015:00:15:04 -0500] "GET /BLA/boletinlegal/consulta_actos.php?tipo=autos&no=5967&usuario=&sector=&fecha=2014&resuelve= HTTP/1.1" 200 623
190.84.112.143 - - [07/Feb/2015:00:15:04 -0500] "GET /BLA/boletinlegal/consulta_actos.php?tipo=autos&no=5967&usuario=&sector=&fecha=2014&resuelve= HTTP/1.1" 200 623
66.249.88.209 - - [07/Feb/2015:00:15:50 -0500] "GET /stormWeb/login.do HTTP/1.1" 200 12184
66.249.88.211 - - [07/Feb/2015:00:15:50 -0500] "GET /img/storm.ico HTTP/1.1" 406 -
66.249.75.83 - - [07/Feb/2015:00:16:49 -0500] "GET /BLA/resoluciones/RESOLUCIONES%202007/RES%202007%203501%20AL%203600/RESOLUCION%203577%20DE%202007.pdf HTTP/1.1" 304 -
190.84.112.143 - - [07/Feb/2015:00:17:10 -0500] "GET /BLA/boletinlegal/consulta_actos.php?tipo=resoluciones&no=0014&usuario=&sector=&fecha=2015&resuelve= HTTP/1.1" 200 623
190.84.112.143 - - [07/Feb/2015:00:17:13 -0500] "GET /BLA/boletinlegal/consulta_actos.php?tipo=resoluciones&no=0014&usuario=&sector=&fecha=2015&resuelve= HTTP/1.1" 200 623
190.84.112.143 - - [07/Feb/2015:00:17:14 -0500] "GET /BLA/boletinlegal/consulta_actos.php?tipo=resoluciones&no=0014&usuario=&sector=&fecha=2015&resuelve= HTTP/1.1" 200 623
66.249.75.67 - - [07/Feb/2015:00:17:37 -0500] "GET /BLA/resoluciones/AUTOS%202007/3400.pdf HTTP/1.1" 200 195299
188.165.15.152 - - [07/Feb/2015:00:17:58 -0500] "GET /BLA/resoluciones/RESOLUCIONES%202006/RES%202006%20451-500/00000461.tif HTTP/1.1" 200 364420
74.86.158.107 - - [07/Feb/2015:00:18:34 -0500] "HEAD / HTTP/1.1" 302 -
188.165.15.108 - - [07/Feb/2015:00:18:34 -0500] "GET /BLA/resoluciones/index.php?dir=RESOLUCIONES%202005/RES%202005%201801-1850/&sort=date&order=asc HTTP/1.1" 200 12362
190.84.112.143 - - [07/Feb/2015:00:18:51 -0500] "GET /BLA/boletinlegal/consulta_actos.php?tipo=resoluciones&no=0014&usuario=&sector=&fecha=2015&resuelve= HTTP/1.1" 200 623
66.249.75.51 - - [07/Feb/2015:00:19:29 -0500] "GET /BLA/resoluciones/RESOLUCIONES%202004/RES%202004%20301-350/00000333.tif HTTP/1.1" 200 163110
188.165.15.44 - - [07/Feb/2015:00:19:39 -0500] "GET /BLA/resoluciones/RESOLUCIONES%202006/RES%202006%201001-1050/00001005.tif HTTP/1.1" 200 246696
181.60.190.112 - - [07/Feb/2015:00:19:54 -0500] "GET /BLA/resoluciones/AUTOS%202013/0896.pdf HTTP/1.1" 200 970526
181.60.190.112 - - [07/Feb/2015:00:19:56 -0500] "GET /BLA/resoluciones/AUTOS%202013/0896.pdf HTTP/1.1" 200 970526
181.60.190.112 - - [07/Feb/2015:00:20:00 -0500] "GET /BLA/resoluciones/AUTOS%202013/0896.pdf HTTP/1.1" 200 970526
181.60.190.112 - - [07/Feb/2015:00:20:14 -0500] "GET /BLA/resoluciones/AUTOS%202013/0896.pdf HTTP/1.1" 200 970526
190.84.112.143 - - [07/Feb/2015:00:20:20 -0500] "GET /BLA/boletinlegal/consulta_actos.php?tipo=resoluciones&no=2083&usuario=&sector=&fecha=2014&resuelve= HTTP/1.1" 200 623
190.84.112.143 - - [07/Feb/2015:00:20:26 -0500] "GET /BLA/boletinlegal/consulta_actos.php?tipo=autos&no=2083&usuario=&sector=&fecha=2014&resuelve= HTTP/1.1" 200 623
188.165.15.108 - - [07/Feb/2015:00:20:44 -0500] "GET /BLA/resoluciones/RESOLUCIONES%202002/RES%202002%201201-1250/20021243.tif HTTP/1.1" 200 45768
188.165.15.193 - - [07/Feb/2015:00:21:24 -0500] "GET /BLA/resoluciones/index.php?dir=RESOLUCIONES%202004/RES%202004%202351-2401/&sort=size&order=asc HTTP/1.1" 200 12572
66.249.75.67 - - [07/Feb/2015:00:21:34 -0500] "GET /BLA/resoluciones/RESOLUCIONES%202013/2079.pdf HTTP/1.1" 200 490937
188.165.15.26 - - [07/Feb/2015:00:21:53 -0500] "GET /BLA/resoluciones/RESOLUCIONES%202006/RES%202006%20%202901-2950/00002937.tif HTTP/1.1" 200 199084
66.249.75.67 - - [07/Feb/2015:00:22:18 -0500] "GET /BLA/resoluciones/AUTOS%202011/6410.pdf HTTP/1.1" 200 228867
207.46.13.116 - - [07/Feb/2015:00:22:24 -0500] "GET /dama/libreria/pdf/pev01_06A.pdf HTTP/1.1" 404 1019
188.165.15.119 - - [07/Feb/2015:00:22:39 -0500] "GET /BLA/resoluciones/RESOLUCIONES%202005/RES%202005%20701-750/00000741.tif HTTP/1.1" 200 130224
180.76.6.42 - - [07/Feb/2015:00:22:48 -0500] "GET /BLA/resoluciones/RESOLUCIONES%202008/0845.pdf HTTP/1.1" 200 486699
188.165.15.44 - - [07/Feb/2015:00:23:13 -0500] "GET /BLA/resoluciones/index.php?dir=RESOLUCIONES%202000/&sort=size&order=desc HTTP/1.1" 200 13661
74.86.158.107 - - [07/Feb/2015:00:23:34 -0500] "HEAD / HTTP/1.1" 302 -
190.127.234.45 - - [07/Feb/2015:00:24:15 -0500] "GET /galeria/nivo-slider/demo/demo.html HTTP/1.1" 200 3334
190.127.234.45 - - [07/Feb/2015:00:24:17 -0500] "GET /galeria/nivo-slider/demo/images/banner-V2.jpg HTTP/1.1" 304 -
181.136.40.113 - - [07/Feb/2015:00:24:39 -0500] "GET /BLA/resoluciones/AUTOS%202011/7219.pdf HTTP/1.1" 200 146312
181.136.40.113 - - [07/Feb/2015:00:24:40 -0500] "GET /favicon.ico HTTP/1.1" 200 7782
123.125.71.21 - - [07/Feb/2015:00:25:28 -0500] "GET / HTTP/1.1" 302 -
190.84.112.143 - - [07/Feb/2015:00:25:30 -0500] "GET /BLA/boletinlegal/consulta_actos.php?tipo=autos&no=2083&usuario=&sector=&fecha=2014&resuelve= HTTP/1.1" 200 623
201.184.74.246 - - [07/Feb/2015:00:25:31 -0500] "GET /BLA/resoluciones/RESOLUCIONES%202010/6894.pdf HTTP/1.1" 200 269927
177.254.131.239 - - [07/Feb/2015:00:25:47 -0500] "GET /BLA/boletinlegal/js/jquery.js HTTP/1.1" 200 57254
177.254.131.239 - - [07/Feb/2015:00:25:47 -0500] "GET /BLA/boletinlegal/js/jquery.scrollShow.js HTTP/1.1" 200 4586
177.254.131.239 - - [07/Feb/2015:00:25:47 -0500] "GET /BLA/boletinlegal/js/jquery.scrollTo-min.js HTTP/1.1" 200 1150
66.249.75.67 - - [07/Feb/2015:00:26:05 -0500] "GET /BLA/resoluciones/index.php?dir=RESOLUCIONES%202007/&sort=date&order=desc HTTP/1.1" 200 12503
66.249.75.67 - - [07/Feb/2015:00:26:19 -0500] "GET /BLA/resoluciones/RESOLUCIONES%202009/5272.pdf HTTP/1.1" 200 450357
66.249.69.95 - - [07/Feb/2015:00:26:32 -0500] "GET / HTTP/1.1" 302 -
161.10.173.58 - - [07/Feb/2015:00:26:56 -0500] "GET /BLA/resoluciones/RESOLUCIONES%202010/0375.pdf HTTP/1.1" 200 117734
161.10.173.58 - - [07/Feb/2015:00:26:57 -0500] "GET /BLA/resoluciones/RESOLUCIONES%202010/0375.pdf HTTP/1.1" 206 32768
161.10.173.58 - - [07/Feb/2015:00:26:57 -0500] "GET /BLA/resoluciones/RESOLUCIONES%202010/0375.pdf HTTP/1.1" 206 84966
161.10.173.58 - - [07/Feb/2015:00:26:58 -0500] "GET /favicon.ico HTTP/1.1" 200 7782
66.249.75.51 - - [07/Feb/2015:00:26:58 -0500] "GET /BLA/resoluciones/RESOLUCIONES%202007/RES%202007%202301%20AL%202400/RESOLUCION%202331%20DE%202007.pdf HTTP/1.1" 200 109526
220.181.108.120 - - [07/Feb/2015:00:27:06 -0500] "GET / HTTP/1.1" 302 -
188.165.15.44 - - [07/Feb/2015:00:28:03 -0500] "GET /BLA/resoluciones/index.php?dir=RESOLUCIONES%202006/RES%202006%201-50/&sort=name&order=desc HTTP/1.1" 200 11866
74.86.158.107 - - [07/Feb/2015:00:28:34 -0500] "HEAD / HTTP/1.1" 302 -
190.24.96.242 - - [07/Feb/2015:00:29:05 -0500] "GET /BLA/boletinlegal/js/jquery.js HTTP/1.1" 200 57254
190.24.96.242 - - [07/Feb/2015:00:29:05 -0500] "GET /BLA/boletinlegal/js/jquery.scrollTo-min.js HTTP/1.1" 200 1150
190.24.96.242 - - [07/Feb/2015:00:29:05 -0500] "GET /BLA/boletinlegal/js/jquery.scrollShow.js HTTP/1.1" 200 4586
190.24.96.242 - - [07/Feb/2015:00:29:06 -0500] "GET /hidrico/aguas%20subterraneas/ HTTP/1.1" 404 1200
66.249.75.67 - - [07/Feb/2015:00:29:08 -0500] "GET /BLA/resoluciones/RESOLUCIONES%202009/1524.pdf HTTP/1.1" 200 463750
66.249.75.67 - - [07/Feb/2015:00:29:09 -0500] "GET /BLA/resoluciones/RESOLUCIONES%202010/7436.pdf HTTP/1.1" 200 266706
188.165.15.193 - - [07/Feb/2015:00:29:48 -0500] "GET /BLA/resoluciones/RESOLUCIONES%202004/RES%202004%201301-1350/00001317.tif HTTP/1.1" 200 87420
188.165.15.200 - - [07/Feb/2015:00:29:54 -0500] "GET /BLA/resoluciones/RESOLUCIONES%202002/RES%202002%201851-1900/20021860.tif HTTP/1.1" 200 110090
66.249.69.95 - - [07/Feb/2015:00:29:59 -0500] "GET /Anexos%20estudio%20Organizacional%20SDA/ANEXO%20No.%201-%20NORMAS%20LEGALES%20DE%20ESTRUCTURA%20Y%20PLANTA/Decreto%20562%20de%202006%20-%20Establece%20planta%20de%20cargos%20de%20SDA.jsp_files/play.png HTTP/1.1" 200 1218
66.249.75.67 - - [07/Feb/2015:00:31:03 -0500] "GET /BLA/resoluciones/RESOLUCIONES%202007/RES%202007%20301%20AL%20400/RESOLUCION%200311%20DE%202007.pdf HTTP/1.1" 200 403688
66.249.69.111 - - [07/Feb/2015:00:31:17 -0500] "GET / HTTP/1.1" 302 -
66.249.75.51 - - [07/Feb/2015:00:31:38 -0500] "GET /BLA/resoluciones/RESOLUCIONES%202007/RES%202007%202301%20AL%202400/RESOLUCION%202370%20DE%202007.pdf HTTP/1.1" 304 -
180.76.5.25 - - [07/Feb/2015:00:32:30 -0500] "GET /BLA/resoluciones/RESOLUCIONES%202007/RES%202007%20201%20AL%20300/RESOLUCION%200202%20DE%202007.pdf HTTP/1.1" 200 380933
181.50.101.136 - - [07/Feb/2015:00:32:54 -0500] "GET /BLA/boletinlegal/js/jquery.js HTTP/1.1" 200 57254
181.50.101.136 - - [07/Feb/2015:00:32:54 -0500] "GET /BLA/boletinlegal/js/jquery.scrollTo-min.js HTTP/1.1" 200 1150
181.50.101.136 - - [07/Feb/2015:00:32:54 -0500] "GET /BLA/boletinlegal/js/jquery.scrollShow.js HTTP/1.1" 200 4586
181.50.101.136 - - [07/Feb/2015:00:32:55 -0500] "GET /galeria/carrusel/Carrusel/jquery.thumbnailScroller.css HTTP/1.1" 200 2066
181.50.101.136 - - [07/Feb/2015:00:32:55 -0500] "GET /galeria/carrusel/Carrusel/jquery-ui-1.8.13.custom.min.js HTTP/1.1" 200 10800
181.50.101.136 - - [07/Feb/2015:00:32:56 -0500] "GET /galeria/carrusel/Carrusel/jquery.thumbnailScroller.js HTTP/1.1" 200 8157
181.50.101.136 - - [07/Feb/2015:00:32:58 -0500] "GET /galeria/nivo-slider/demo/demo.html HTTP/1.1" 200 3334
180.76.6.158 - - [07/Feb/2015:00:33:09 -0500] "GET /BLA/boletinlegal;jsessionid=3CE9B332DCEEE28440838481B0B87C3F?/? HTTP/1.1" 404 1018
181.50.101.136 - - [07/Feb/2015:00:33:09 -0500] "GET /galeria/nivo-slider/themes/default/default.css HTTP/1.1" 200 1569
181.50.101.136 - - [07/Feb/2015:00:33:09 -0500] "GET /galeria/nivo-slider/themes/pascal/pascal.css HTTP/1.1" 200 2258
181.50.101.136 - - [07/Feb/2015:00:33:09 -0500] "GET /galeria/nivo-slider/themes/orman/orman.css HTTP/1.1" 200 2152
181.50.101.136 - - [07/Feb/2015:00:33:09 -0500] "GET /galeria/nivo-slider/nivo-slider.css HTTP/1.1" 200 1507
181.50.101.136 - - [07/Feb/2015:00:33:10 -0500] "GET /galeria/nivo-slider/demo/images/banner-V2.jpg HTTP/1.1" 200 167020
181.50.101.136 - - [07/Feb/2015:00:33:10 -0500] "GET /galeria/nivo-slider/demo/images/Ruta-vertimientos-01.jpg HTTP/1.1" 200 130151
181.50.101.136 - - [07/Feb/2015:00:33:10 -0500] "GET /galeria/nivo-slider/demo/style.css HTTP/1.1" 200 2222
181.50.101.136 - - [07/Feb/2015:00:33:11 -0500] "GET /galeria/nivo-slider/demo/images/bolsas-06.jpg HTTP/1.1" 200 90982
181.50.101.136 - - [07/Feb/2015:00:33:11 -0500] "GET /galeria/nivo-slider/demo/images/ecolecta-Dic2014.png HTTP/1.1" 200 288593
181.50.101.136 - - [07/Feb/2015:00:33:12 -0500] "GET /galeria/nivo-slider/demo/images/porloshumedales.jpg HTTP/1.1" 200 351238
181.50.101.136 - - [07/Feb/2015:00:33:12 -0500] "GET /galeria/nivo-slider/demo/images/Tingua-azul.jpg HTTP/1.1" 200 307638
181.50.101.136 - - [07/Feb/2015:00:33:14 -0500] "GET /galeria/nivo-slider/demo/images/bolsas-08.jpg HTTP/1.1" 200 85589
181.50.101.136 - - [07/Feb/2015:00:33:14 -0500] "GET /galeria/nivo-slider/demo/images/Banner-Caracol-Africano.jpg HTTP/1.1" 200 331986
181.50.101.136 - - [07/Feb/2015:00:33:14 -0500] "GET /galeria/nivo-slider/demo/images/banner-redes.jpg HTTP/1.1" 200 62209
181.50.101.136 - - [07/Feb/2015:00:33:14 -0500] "GET /galeria/nivo-slider/demo/images/9Signos.jpg HTTP/1.1" 200 93040
181.50.101.136 - - [07/Feb/2015:00:33:14 -0500] "GET /galeria/nivo-slider/demo/images/banner-llantas2.jpg HTTP/1.1" 200 73153
181.50.101.136 - - [07/Feb/2015:00:33:14 -0500] "GET /galeria/nivo-slider/demo/images/banner-caballos.png HTTP/1.1" 200 389106
181.50.101.136 - - [07/Feb/2015:00:33:15 -0500] "GET /galeria/nivo-slider/jquery.nivo.slider.pack.js HTTP/1.1" 200 11561
181.50.101.136 - - [07/Feb/2015:00:33:15 -0500] "GET /galeria/nivo-slider/demo/scripts/jquery-1.7.1.min.js HTTP/1.1" 200 93868
181.50.101.136 - - [07/Feb/2015:00:33:17 -0500] "GET /galeria/nivo-slider/demo/images/4Simple_Slider.png HTTP/1.1" 200 11722
181.50.101.136 - - [07/Feb/2015:00:33:17 -0500] "GET /galeria/nivo-slider/themes/default/loading.gif HTTP/1.1" 200 1737
181.50.101.136 - - [07/Feb/2015:00:33:18 -0500] "GET /galeria/nivo-slider/themes/default/arrows.png HTTP/1.1" 200 824
181.50.101.136 - - [07/Feb/2015:00:33:18 -0500] "GET /galeria/nivo-slider/themes/default/bullets.png HTTP/1.1" 200 1281
188.165.15.119 - - [07/Feb/2015:00:33:27 -0500] "GET /BLA/resoluciones/RESOLUCIONES%202004/RES%202004%202051-2100/00002072.tif HTTP/1.1" 200 153764
74.86.158.107 - - [07/Feb/2015:00:33:34 -0500] "HEAD / HTTP/1.1" 302 -
66.249.75.51 - - [07/Feb/2015:00:33:54 -0500] "GET /BLA/resoluciones/AUTOS%202012/2538.pdf HTTP/1.1" 200 793907
66.249.75.67 - - [07/Feb/2015:00:34:41 -0500] "GET /BLA/resoluciones/RESOLUCIONES%202007/RES%202007%201901%20AL%202000/RESOLUCION%201958%20DE%202007.pdf HTTP/1.1" 304 -
66.249.75.83 - - [07/Feb/2015:00:34:41 -0500] "GET /BLA/resoluciones/AUTOS%202008/3292.pdf HTTP/1.1" 200 83202
66.249.75.67 - - [07/Feb/2015:00:34:42 -0500] "GET /BLA/resoluciones/RESOLUCIONES%202010/5976.pdf HTTP/1.1" 200 490813
112.111.190.69 - - [07/Feb/2015:00:35:10 -0500] "GET /BLA/resoluciones/RESOLUCIONES%202012/0317.pdf HTTP/1.1" 200 380151
112.111.190.69 - - [07/Feb/2015:00:35:33 -0500] "POST /BLA/resoluciones/RESOLUCIONES%202012/0317.pdf/trackback/ HTTP/1.1" 404 1292
66.249.75.83 - - [07/Feb/2015:00:35:48 -0500] "GET /BLA/resoluciones/AUTOS%202009/2180.pdf HTTP/1.1" 200 100630
76.127.107.210 - - [07/Feb/2015:00:36:13 -0500] "GET /webdav/x32.php?host=&time=60&port=80 HTTP/1.1" 404 1018
66.249.75.83 - - [07/Feb/2015:00:36:19 -0500] "GET /BLA/resoluciones/RESOLUCIONES%202008/4383.pdf HTTP/1.1" 304 -
188.165.15.26 - - [07/Feb/2015:00:36:28 -0500] "GET /BLA/resoluciones/RESOLUCIONES%202003/RES%202003%20701-750/714.tif HTTP/1.1" 200 124904
180.76.5.28 - - [07/Feb/2015:00:36:44 -0500] "GET /BLA/boletinlegal;jsessionid=37B51B8F953B20E124191722F8C136F2?/? HTTP/1.1" 404 1018
180.76.5.94 - - [07/Feb/2015:00:37:23 -0500] "GET /BLA/boletinlegal;jsessionid=0A1896F9BA53EE5B09A3939500303FD7?/? HTTP/1.1" 404 1018
66.201.161.243 - - [07/Feb/2015:00:37:35 -0500] "GET /BLA/boletinlegal/js/jquery.js HTTP/1.1" 200 57254
66.201.161.243 - - [07/Feb/2015:00:37:35 -0500] "GET /BLA/boletinlegal/js/jquery.scrollTo-min.js HTTP/1.1" 200 1150
66.201.161.243 - - [07/Feb/2015:00:37:35 -0500] "GET /BLA/boletinlegal/js/jquery.scrollShow.js HTTP/1.1" 200 4586
188.165.15.152 - - [07/Feb/2015:00:37:41 -0500] "GET /BLA/resoluciones/index.php?dir=RESOLUCIONES%202003/RES%202003%201751-1800/&sort=date&order=desc HTTP/1.1" 200 12150
188.165.15.193 - - [07/Feb/2015:00:38:24 -0500] "GET /BLA/resoluciones/RESOLUCIONES%202002/RES%202002%201451-1500/20021463.tif HTTP/1.1" 200 337542
74.86.158.107 - - [07/Feb/2015:00:38:34 -0500] "HEAD / HTTP/1.1" 302 -
188.165.15.87 - - [07/Feb/2015:00:40:12 -0500] "GET /BLA/resoluciones/RESOLUCIONES%202002/RES%202002%20751-800/2002RES780.tif HTTP/1.1" 200 84268
66.249.75.51 - - [07/Feb/2015:00:40:33 -0500] "GET /BLA/resoluciones/RESOLUCIONES%202007/RES%202007%203601%20AL%203700/RESOLUCION%203625%20DE%202007.pdf HTTP/1.1" 200 640070
66.249.75.83 - - [07/Feb/2015:00:40:59 -0500] "GET /BLA/resoluciones/AUTOS%202013/1438.pdf HTTP/1.1" 304 -
201.137.241.122 - - [07/Feb/2015:00:41:08 -0500] "GET /BLA/boletinlegal/js/jquery.scrollShow.js HTTP/1.1" 200 4586
201.137.241.122 - - [07/Feb/2015:00:41:08 -0500] "GET /BLA/boletinlegal/js/jquery.js HTTP/1.1" 200 57254
201.137.241.122 - - [07/Feb/2015:00:41:08 -0500] "GET /BLA/boletinlegal/js/jquery.scrollTo-min.js HTTP/1.1" 200 1150
180.76.6.54 - - [07/Feb/2015:00:41:13 -0500] "GET /BLA/resoluciones/RESOLUCIONES%202007/RES%202007%202201%20AL%202300/RESOLUCION%202246%20DE%202007.pdf HTTP/1.1" 200 1009743
180.76.6.63 - - [07/Feb/2015:00:41:51 -0500] "GET /BLA/resoluciones/AUTOS%202007/2975.pdf HTTP/1.1" 200 83100
188.165.15.87 - - [07/Feb/2015:00:42:29 -0500] "GET /BLA/resoluciones/RESOLUCIONES%202005/RES%202005%20401-450/00000424.tif HTTP/1.1" 200 137610
74.86.158.107 - - [07/Feb/2015:00:43:34 -0500] "HEAD / HTTP/1.1" 302 -
186.28.59.211 - - [07/Feb/2015:00:44:14 -0500] "GET /BLA/boletinlegal/js/jquery.scrollTo-min.js HTTP/1.1" 200 1150
186.28.59.211 - - [07/Feb/2015:00:44:14 -0500] "GET /BLA/boletinlegal/js/jquery.js HTTP/1.1" 200 57254
186.28.59.211 - - [07/Feb/2015:00:44:15 -0500] "GET /BLA/boletinlegal/js/jquery.scrollShow.js HTTP/1.1" 200 4586
188.165.15.193 - - [07/Feb/2015:00:44:17 -0500] "GET /BLA/resoluciones/index.php?dir=RESOLUCIONES%202002/RES%202002%201951-1971/&sort=name&order=asc HTTP/1.1" 200 6225
66.249.75.83 - - [07/Feb/2015:00:45:18 -0500] "GET /BLA/resoluciones/RESOLUCIONES%202011/5689.pdf HTTP/1.1" 200 389965
66.249.75.51 - - [07/Feb/2015:00:45:40 -0500] "GET /BLA/resoluciones/RESOLUCIONES%202007/RES%202007%20601%20AL%20700/RESOLUCION%200616%20DE%202007.pdf HTTP/1.1" 200 1007153
180.76.6.151 - - [07/Feb/2015:00:46:28 -0500] "GET /BLA/resoluciones/RESOLUCIONES%202007/RES%202007%202001%20AL%202100/RESOLUCION%202096%20DE%202007.pdf HTTP/1.1" 200 1174394
188.165.15.26 - - [07/Feb/2015:00:46:41 -0500] "GET /BLA/resoluciones/RESOLUCIONES%202004/RES%202004%201701-1750/00001734.tif HTTP/1.1" 200 110674
66.249.75.67 - - [07/Feb/2015:00:48:25 -0500] "GET /BLA/resoluciones/RESOLUCIONES%202004/RES%202004%20401-450/00000416.tif HTTP/1.1" 200 165866
74.86.158.107 - - [07/Feb/2015:00:48:33 -0500] "HEAD / HTTP/1.1" 302 -
66.249.75.83 - - [07/Feb/2015:00:48:48 -0500] "GET /Anexos%20estudio%20Organizacional%20SDA/index.php?dir=ANEXO%20No.%201-%20NORMAS%20LEGALES%20DE%20ESTRUCTURA%20Y%20PLANTA/Decreto%20109%20de%202009%20-%20Modifica%20la%20estructura%20de%20la%20SDA.jsp_files/&sort=date&order=desc HTTP/1.1" 200 10689
66.249.75.67 - - [07/Feb/2015:00:50:04 -0500] "GET /BLA/resoluciones/RESOLUCIONES%202012/0848.pdf HTTP/1.1" 304 -
66.249.75.67 - - [07/Feb/2015:00:50:21 -0500] "GET /BLA/resoluciones/AUTOS%202013/0552.pdf HTTP/1.1" 200 1678912
180.76.5.167 - - [07/Feb/2015:00:50:54 -0500] "GET /BLA/resoluciones/RESOLUCIONES%202009/9747.pdf HTTP/1.1" 200 346301
179.51.96.3 - - [07/Feb/2015:00:50:55 -0500] "GET /videos/galeria-fotografica/index13.html? HTTP/1.1" 200 1971
179.51.96.3 - - [07/Feb/2015:00:50:55 -0500] "GET /videos/galeria-fotografica/js/jquery-flickr-gallery/jquery-flickr.css HTTP/1.1" 200 711
179.51.96.3 - - [07/Feb/2015:00:50:55 -0500] "GET /videos/galeria-fotografica/js/jquery-flickr-gallery/jquery-flickr-gallery.js HTTP/1.1" 200 9050
179.51.96.3 - - [07/Feb/2015:00:50:56 -0500] "GET /videos/galeria-fotografica/js/jquery-flickr-gallery/loader.gif HTTP/1.1" 200 2129
186.113.10.143 - - [07/Feb/2015:00:50:59 -0500] "GET /galeria/nivo-slider/demo/images/Banner-Ecourbanismo.jpg HTTP/1.1" 304 -
190.157.151.50 - - [07/Feb/2015:00:52:38 -0500] "GET /BLA/boletinlegal/js/jquery.js HTTP/1.1" 200 57254
190.157.151.50 - - [07/Feb/2015:00:52:38 -0500] "GET /BLA/boletinlegal/js/jquery.scrollShow.js HTTP/1.1" 200 4586
190.157.151.50 - - [07/Feb/2015:00:52:38 -0500] "GET /BLA/boletinlegal/js/jquery.scrollTo-min.js HTTP/1.1" 200 1150
157.55.39.13 - - [07/Feb/2015:00:52:46 -0500] "GET /POT-2013/Cartografia/01_Clasificacion_Rural_V1_2013.pdf HTTP/1.1" 200 2522282
202.46.48.151 - - [07/Feb/2015:00:53:04 -0500] "GET /BLA/resoluciones/RESOLUCIONES%202007/RES%202007%202001%20AL%202100/RESOLUCION%202096%20DE%202007.pdf HTTP/1.1" 200 1174394
74.86.158.107 - - [07/Feb/2015:00:53:33 -0500] "HEAD / HTTP/1.1" 302 -
66.249.75.67 - - [07/Feb/2015:00:54:49 -0500] "GET /BLA/resoluciones/RESOLUCIONES%202012/1780.pdf HTTP/1.1" 304 -
188.165.15.97 - - [07/Feb/2015:00:54:50 -0500] "GET /BLA/resoluciones/RESOLUCIONES%202002/RES%202002%20601-650/00000644.tif HTTP/1.1" 200 104966
66.249.75.67 - - [07/Feb/2015:00:55:01 -0500] "GET /BLA/resoluciones/RESOLUCIONES%202010/3391.pdf HTTP/1.1" 200 500375
179.51.96.3 - - [07/Feb/2015:00:55:05 -0500] "GET /videos/galeria-fotografica/index12.html? HTTP/1.1" 200 1971
188.165.15.97 - - [07/Feb/2015:00:55:10 -0500] "GET /BLA/resoluciones/RESOLUCIONES%202002/RES%202002%201901-1950/20021926.tif HTTP/1.1" 200 145408
178.162.193.32 - - [07/Feb/2015:00:57:08 -0500] "GET /POT-2013/Cartografia/30_PATRIMONIO_CULTURAL.pdf HTTP/1.0" 200 2804509
188.165.15.87 - - [07/Feb/2015:00:57:29 -0500] "GET /BLA/resoluciones/RESOLUCIONES%202004/RES%202004%201751-1800/00001796.tif HTTP/1.1" 200 81580
180.76.6.66 - - [07/Feb/2015:00:57:36 -0500] "GET /videos/60Sgs_Feb6.flv HTTP/1.1" 200 8325183
180.76.6.153 - - [07/Feb/2015:00:58:22 -0500] "GET /BLA/resoluciones/RESOLUCIONES%202007/RES%202007%202201%20AL%202300/RESOLUCION%202293%20DE%202007.pdf HTTP/1.1" 200 763025
74.86.158.107 - - [07/Feb/2015:00:58:33 -0500] "HEAD / HTTP/1.1" 302 -
66.249.69.79 - - [07/Feb/2015:00:58:46 -0500] "GET /Anexos%20estudio%20Organizacional%20SDA/ANEXO%20No.%201-%20NORMAS%20LEGALES%20DE%20ESTRUCTURA%20Y%20PLANTA/RESE%C3%91A%20HIST%C3%93RICA%20SDA-NORMAS/Decreto%20673%20de%201995%20Reestructura%20el%20DAMA_files/FFFFFFtl.gif HTTP/1.1" 200 191
180.76.6.63 - - [07/Feb/2015:00:59:02 -0500] "GET /BLA/resoluciones/AUTOS%202011/1547.pdf HTTP/1.1" 200 152015
66.249.75.83 - - [07/Feb/2015:00:59:35 -0500] "GET /BLA/resoluciones/RESOLUCIONES%202009/4928.pdf HTTP/1.1" 200 113200
66.249.75.51 - - [07/Feb/2015:00:59:42 -0500] "GET /BLA/resoluciones/RESOLUCIONES%202010/0828.pdf HTTP/1.1" 200 102908
66.249.75.67 - - [07/Feb/2015:00:59:53 -0500] "GET /BLA/resoluciones/RESOLUCIONES%202002/RES%202002%201451-1500/20021459.tif HTTP/1.1" 304 -
188.165.15.119 - - [07/Feb/2015:01:00:02 -0500] "GET /BLA/resoluciones/RESOLUCIONES%202003/RES%202003%202051-2100/00002078.tif HTTP/1.1" 200 61990
66.249.75.83 - - [07/Feb/2015:01:00:13 -0500] "GET /galeria/nivo-slider/demo/images/banner-llantas2.jpg HTTP/1.1" 304 -
180.76.6.148 - - [07/Feb/2015:01:00:18 -0500] "GET /BLA/resoluciones/RESOLUCIONES%202008/4591.pdf HTTP/1.1" 200 201705
66.249.75.83 - - [07/Feb/2015:01:00:46 -0500] "GET /BLA/resoluciones/RESOLUCIONES%202002/RES%202002%201451-1500/20021470.tif HTTP/1.1" 304 -
180.76.6.16 - - [07/Feb/2015:01:00:57 -0500] "GET /BLA/resoluciones/AUTOS%202009/0858.pdf HTTP/1.1" 200 65325
180.76.5.58 - - [07/Feb/2015:01:02:14 -0500] "GET /BLA/resoluciones/RESOLUCIONES%202007/RES%202007%20201%20AL%20300/RESOLUCION%200257%20DE%202007.pdf HTTP/1.1" 200 262382
66.249.75.51 - - [07/Feb/2015:01:02:25 -0500] "GET /BLA/resoluciones/RESOLUCIONES%202002/RES%202002%201451-1500/20021484.tif HTTP/1.1" 304 -
186.28.193.166 - - [07/Feb/2015:01:02:49 -0500] "GET /BLA/boletinlegal/js/jquery.scrollTo-min.js HTTP/1.1" 200 1150
186.28.193.166 - - [07/Feb/2015:01:02:49 -0500] "GET /BLA/boletinlegal/js/jquery.scrollShow.js HTTP/1.1" 200 4586
186.28.193.166 - - [07/Feb/2015:01:02:49 -0500] "GET /BLA/boletinlegal/js/jquery.js HTTP/1.1" 200 57254
188.165.15.26 - - [07/Feb/2015:01:02:55 -0500] "GET /BLA/resoluciones/RESOLUCIONES%202006/RES%202006%20901-950/00000943.tif HTTP/1.1" 200 328298
74.86.158.107 - - [07/Feb/2015:01:03:33 -0500] "HEAD / HTTP/1.1" 302 -
66.249.75.83 - - [07/Feb/2015:01:03:47 -0500] "GET /Anexos%20estudio%20Organizacional%20SDA/index.php?dir=ANEXO%20No.%201-%20NORMAS%20LEGALES%20DE%20ESTRUCTURA%20Y%20PLANTA/Decreto%20175%20de%202009%20_files/&sort=size&order=desc HTTP/1.1" 200 8917
190.66.253.9 - - [07/Feb/2015:01:04:09 -0500] "GET /BLA/boletinlegal/js/jquery.js HTTP/1.1" 200 57254
190.66.253.9 - - [07/Feb/2015:01:04:09 -0500] "GET /BLA/boletinlegal/js/jquery.scrollTo-min.js HTTP/1.1" 200 1150
190.66.253.9 - - [07/Feb/2015:01:04:09 -0500] "GET /BLA/boletinlegal/js/jquery.scrollShow.js HTTP/1.1" 200 4586
66.249.75.83 - - [07/Feb/2015:01:04:21 -0500] "GET /BLA/resoluciones/RESOLUCIONES%202012/1311.pdf HTTP/1.1" 200 1612140
66.249.75.67 - - [07/Feb/2015:01:04:23 -0500] "GET /BLA/resoluciones/RESOLUCIONES%202009/0052.pdf HTTP/1.1" 200 583282
207.46.13.111 - - [07/Feb/2015:01:04:24 -0500] "GET /dama/libreria/php/frame_detalle.php?h_id=754 HTTP/1.1" 404 1019
190.212.203.202 - - [07/Feb/2015:01:06:57 -0500] "GET /BLA/boletinlegal/js/jquery.js HTTP/1.1" 200 57254
190.212.203.202 - - [07/Feb/2015:01:06:57 -0500] "GET /BLA/boletinlegal/js/jquery.scrollTo-min.js HTTP/1.1" 200 1150
190.212.203.202 - - [07/Feb/2015:01:06:57 -0500] "GET /BLA/boletinlegal/js/jquery.scrollShow.js HTTP/1.1" 200 4586
188.165.15.26 - - [07/Feb/2015:01:07:40 -0500] "GET /BLA/resoluciones/RESOLUCIONES%202006/RES%202006%20451-500/00000474.tif HTTP/1.1" 200 151828
186.113.242.99 - - [07/Feb/2015:01:07:42 -0500] "GET /BLA/boletinlegal/js/jquery.js HTTP/1.1" 200 57254
186.113.242.99 - - [07/Feb/2015:01:07:42 -0500] "GET /BLA/boletinlegal/js/jquery.scrollTo-min.js HTTP/1.1" 200 1150
186.113.242.99 - - [07/Feb/2015:01:07:42 -0500] "GET /BLA/boletinlegal/js/jquery.scrollShow.js HTTP/1.1" 200 4586
195.245.194.62 - - [07/Feb/2015:01:08:25 -0500] "GET /Autoliquidacion/index.php?dir=Solicitudes%20relacionadas%20con%20calidad%20del%20aire%20auditiva%20y%20visual/Registro%20de%20Elementos%20de%20publicidad%20Exterior%20Visual/'&sort=date'&order=desc'\" HTTP/1.1" 200 7001
213.205.38.27 - - [07/Feb/2015:01:08:26 -0500] "GET /BLA/resoluciones/index.php?dir=RESOLUCIONES%202005/RES%202005%202151-2200/'&sort=name'&order=desc'\" HTTP/1.1" 200 7457
195.245.194.62 - - [07/Feb/2015:01:08:26 -0500] "GET /Autoliquidacion/index.php?dir=Solicitudes%20relacionadas%20con%20calidad%20del%20aire%20auditiva%20y%20visual%2FRegistro%20de%20Elementos%20de%20publicidad%20Exterior%20Visual%2F&sort=date&order=desc HTTP/1.0" 200 4036
213.205.38.27 - - [07/Feb/2015:01:08:26 -0500] "GET /BLA/resoluciones/index.php?dir=RESOLUCIONES%202005%2FRES%202005%202151-2200%2F&sort=name&order=desc HTTP/1.0" 200 16990
152.61.128.66 - - [07/Feb/2015:01:08:31 -0500] "HEAD / HTTP/1.1" 302 -
152.61.128.66 - - [07/Feb/2015:01:08:31 -0500] "GET /arcgis/services/Calidad_del_Agua_WQI/MapServer/WMSServer?request=GetCapabilities&service=WMS HTTP/1.1" 200 32135
152.61.128.66 - - [07/Feb/2015:01:08:33 -0500] "GET /arcgis/services/Calidad_del_Agua_WQI/MapServer/WMSServer?request=GetCapabilities&service=WMS HTTP/1.0" 200 32135
74.86.158.107 - - [07/Feb/2015:01:08:33 -0500] "HEAD / HTTP/1.1" 302 -
152.61.128.66 - - [07/Feb/2015:01:08:34 -0500] "GET /arcgis/services/Calidad_del_Agua_WQI/MapServer/WMSServer?request=GetCapabilities&service=WMS HTTP/1.0" 200 32135
152.61.128.66 - - [07/Feb/2015:01:08:35 -0500] "GET /arcgis/services/Calidad_del_Agua_WQI/MapServer/WMSServer?request=GetCapabilities&service=WMS HTTP/1.0" 200 32135
152.61.128.66 - - [07/Feb/2015:01:08:36 -0500] "GET /arcgis/services/Calidad_del_Agua_WQI/MapServer/WMSServer?VERSION=1.1.1&REQUEST=GetMap&LAYERS=0&SRS=EPSG:4326&BBOX=-74.473395,3.674381,-73.963300,4.920569&WIDTH=250&HEIGHT=250&FORMAT=image/bmp&STYLES=& HTTP/1.1" 200 188054
152.61.128.66 - - [07/Feb/2015:01:08:47 -0500] "HEAD / HTTP/1.1" 302 -
152.61.128.66 - - [07/Feb/2015:01:08:47 -0500] "GET /arcgis/services/Calidad_del_Agua_WQI/MapServer/WMSServer?SERVICE=WMS&REQUEST=GetCapabilities HTTP/1.1" 200 32135
152.61.128.66 - - [07/Feb/2015:01:08:48 -0500] "GET /arcgis/services/Calidad_del_Agua_WQI/MapServer/WMSServer?SERVICE=WMS&REQUEST=GetCapabilities HTTP/1.0" 200 32135
152.61.128.66 - - [07/Feb/2015:01:08:49 -0500] "GET /arcgis/services/Calidad_del_Agua_WQI/MapServer/WMSServer?SERVICE=WMS&REQUEST=GetCapabilities HTTP/1.0" 200 32135
152.61.128.66 - - [07/Feb/2015:01:08:50 -0500] "GET /arcgis/services/Calidad_del_Agua_WQI/MapServer/WMSServer?SERVICE=WMS&REQUEST=GetCapabilities HTTP/1.0" 200 32135
152.61.128.66 - - [07/Feb/2015:01:08:51 -0500] "GET /arcgis/services/Calidad_del_Agua_WQI/MapServer/WMSServer?VERSION=1.1.1&REQUEST=GetMap&LAYERS=0&SRS=EPSG:4326&BBOX=-74.473395,3.674381,-73.963300,4.920569&WIDTH=250&HEIGHT=250&FORMAT=image/bmp&STYLES=& HTTP/1.1" 200 188054
66.249.75.83 - - [07/Feb/2015:01:09:03 -0500] "GET /autoliquidacion/index.php?dir=TR%C1MITES+ACEITES-RESIDUOS-ESTACIONES%2FREGISTRO+COMO+ACOPIADOR+PRIMARIO%2F HTTP/1.1" 200 3288
66.249.75.67 - - [07/Feb/2015:01:09:07 -0500] "GET /BLA/resoluciones/RESOLUCIONES%202011/1854.pdf HTTP/1.1" 304 -
186.113.242.99 - - [07/Feb/2015:01:07:49 -0500] "GET /videos/CRRFFS.mp4 HTTP/1.1" 200 286784363
186.113.242.99 - - [07/Feb/2015:01:09:27 -0500] "GET /videos/CRRFFS.mp4 HTTP/1.1" 206 1
188.165.15.41 - - [07/Feb/2015:01:09:29 -0500] "GET /BLA/resoluciones/RESOLUCIONES%202006/RES%202006%20751-800/00000781.tif HTTP/1.1" 200 563508
188.165.15.108 - - [07/Feb/2015:01:09:30 -0500] "GET /BLA/resoluciones/RESOLUCIONES%202006/RES%202006%201501-1550/00001547.tif HTTP/1.1" 200 214116
180.76.6.144 - - [07/Feb/2015:01:09:52 -0500] "GET /BLA/resoluciones/RESOLUCIONES%202007/RES%202007%203301%20AL%203400/RESOLUCION%203364%20DE%202007.pdf HTTP/1.1" 200 904628
180.76.6.29 - - [07/Feb/2015:01:10:31 -0500] "GET /Autoliquidacion/Grupo%20Forestal%20-%20Silvicultura/Estructura%20del%20SIADAMA.xls HTTP/1.1" 200 1761792
66.249.75.83 - - [07/Feb/2015:01:10:39 -0500] "GET /resoluciones/RESOLUCIONES%202009/3913.pdf HTTP/1.1" 404 1018
186.113.242.99 - - [07/Feb/2015:01:09:28 -0500] "GET /videos/CRRFFS.mp4 HTTP/1.1" 206 264981043
66.249.75.83 - - [07/Feb/2015:01:11:51 -0500] "GET /BLA/resoluciones/RESOLUCIONES%202007/RES%202007%201201%20AL%201300/RESOLUCION%201208%20DE%202007.pdf HTTP/1.1" 200 489317
188.165.15.44 - - [07/Feb/2015:01:12:35 -0500] "GET /BLA/resoluciones/RESOLUCIONES%202006/RES%202006%20501-550/00000528.tif HTTP/1.1" 200 299808
188.165.15.41 - - [07/Feb/2015:01:13:19 -0500] "GET /BLA/resoluciones/RESOLUCIONES%202006/RES%202006%201351-1400/00001377.tif HTTP/1.1" 200 420416
213.205.38.27 - - [07/Feb/2015:01:13:27 -0500] "-" 408 -
195.245.194.62 - - [07/Feb/2015:01:13:27 -0500] "-" 408 -
74.86.158.107 - - [07/Feb/2015:01:13:33 -0500] "HEAD / HTTP/1.1" 302 -
66.249.75.67 - - [07/Feb/2015:01:13:43 -0500] "GET /BLA/resoluciones/RESOLUCIONES%202007/RES%202007%203101%20AL%203200/RESOLUCION%203185%20DE%202007.pdf HTTP/1.1" 304 -
66.249.75.51 - - [07/Feb/2015:01:13:55 -0500] "GET /autoliquidacion/index.php?dir=Solicitudes+relacionadas+con+calidad+del+aire+auditiva+y+visual%2F HTTP/1.1" 200 5748
188.165.15.119 - - [07/Feb/2015:01:14:35 -0500] "GET /BLA/resoluciones/RESOLUCIONES%202004/RES%202004%201351-1400/00001382.tif HTTP/1.1" 200 108478
188.165.15.27 - - [07/Feb/2015:01:15:51 -0500] "GET /BLA/resoluciones/RESOLUCIONES%202003/RES%202003%201551-1601/20031585.tif HTTP/1.1" 200 107860
66.249.75.67 - - [07/Feb/2015:01:16:03 -0500] "GET /BLA/resoluciones/RESOLUCIONES%202005/RES%202005%201-50/RES%202005%20101-150/00000142.tif HTTP/1.1" 200 138960
66.249.75.67 - - [07/Feb/2015:01:17:05 -0500] "GET /BLA/resoluciones/RESOLUCIONES%202004/RES%202004%20801-850/00000843.tif HTTP/1.1" 200 9222
66.249.75.83 - - [07/Feb/2015:01:18:24 -0500] "GET /BLA/resoluciones/RESOLUCIONES%202010/4410.pdf HTTP/1.1" 200 589920
66.249.75.51 - - [07/Feb/2015:01:18:25 -0500] "GET /BLA/resoluciones/RESOLUCIONES%202007/RES%202007%202301%20AL%202400/RESOLUCION%202396%20DE%202007.pdf HTTP/1.1" 200 2873129
74.86.158.107 - - [07/Feb/2015:01:18:33 -0500] "HEAD / HTTP/1.1" 302 -
66.249.75.51 - - [07/Feb/2015:01:18:37 -0500] "GET /galeria/nivo-slider/demo/demo.html HTTP/1.1" 200 3334
66.249.75.67 - - [07/Feb/2015:01:18:39 -0500] "GET /galeria/nivo-slider/demo/scripts/jquery-1.7.1.min.js HTTP/1.1" 200 93868
66.249.75.51 - - [07/Feb/2015:01:18:39 -0500] "GET /galeria/nivo-slider/themes/pascal/pascal.css HTTP/1.1" 200 2258
66.249.75.51 - - [07/Feb/2015:01:18:40 -0500] "GET /galeria/nivo-slider/demo/style.css HTTP/1.1" 200 2222
66.249.75.67 - - [07/Feb/2015:01:18:40 -0500] "GET /galeria/nivo-slider/themes/default/default.css HTTP/1.1" 200 1569
66.249.75.67 - - [07/Feb/2015:01:18:41 -0500] "GET /galeria/nivo-slider/jquery.nivo.slider.pack.js HTTP/1.1" 200 11561
66.249.75.51 - - [07/Feb/2015:01:18:42 -0500] "GET /galeria/nivo-slider/nivo-slider.css HTTP/1.1" 200 1507
66.249.75.51 - - [07/Feb/2015:01:18:42 -0500] "GET /galeria/nivo-slider/themes/orman/orman.css HTTP/1.1" 200 2152
66.249.75.51 - - [07/Feb/2015:01:18:43 -0500] "GET /BLA/resoluciones/AUTOS%202011/0945.pdf HTTP/1.1" 304 -
188.165.15.119 - - [07/Feb/2015:01:20:24 -0500] "GET /BLA/resoluciones/RESOLUCIONES%202003/RES%202003%201951-2000/00001955.tif HTTP/1.1" 200 75796
188.165.15.87 - - [07/Feb/2015:01:21:44 -0500] "GET /BLA/resoluciones/RESOLUCIONES%202004/RES%202004%201701-1750/00001703.tif HTTP/1.1" 200 137438
188.165.15.87 - - [07/Feb/2015:01:22:07 -0500] "GET /BLA/resoluciones/RESOLUCIONES%202005/RES%202005%201501-1550/00001527.tif HTTP/1.1" 200 226872
66.249.75.83 - - [07/Feb/2015:01:22:41 -0500] "GET /Anexos%20estudio%20Organizacional%20SDA/index.php?dir=ANEXO%20No.%201-%20NORMAS%20LEGALES%20DE%20ESTRUCTURA%20Y%20PLANTA/RESE%D1A%20HIST%D3RICA%20SDA-NORMAS/&sort=date&order=desc HTTP/1.1" 200 9107
66.249.75.67 - - [07/Feb/2015:01:22:49 -0500] "GET /BLA/resoluciones/Autos%202008/1325.pdf HTTP/1.1" 200 222861
180.76.6.63 - - [07/Feb/2015:01:22:54 -0500] "GET /Autoliquidacion/Fauna%20Silvestre/APLICATIVO%20COSTO%20EVALUACION%20SALVOCONDUCTO%202015-.xls HTTP/1.1" 200 108544
123.125.71.25 - - [07/Feb/2015:01:22:55 -0500] "GET / HTTP/1.1" 302 -
66.249.75.51 - - [07/Feb/2015:01:23:04 -0500] "GET /BLA/resoluciones/RESOLUCIONES%202010/6659.pdf HTTP/1.1" 304 -
66.249.75.51 - - [07/Feb/2015:01:23:27 -0500] "GET /BLA/resoluciones/AUTOS%202009/2941.pdf HTTP/1.1" 200 177825
74.86.158.107 - - [07/Feb/2015:01:23:33 -0500] "HEAD / HTTP/1.1" 302 -
66.249.75.67 - - [07/Feb/2015:01:23:34 -0500] "GET /BLA/resoluciones/RESOLUCIONES%202007/RES%202007%202301%20AL%202400/RESOLUCION%202347%20DE%202007.pdf HTTP/1.1" 200 381354
220.181.108.75 - - [07/Feb/2015:01:24:23 -0500] "GET / HTTP/1.1" 302 -
188.165.15.152 - - [07/Feb/2015:01:24:24 -0500] "GET /BLA/resoluciones/RESOLUCIONES%202005/RES%202005%20751-800/00000765.tif HTTP/1.1" 200 148750
66.249.75.67 - - [07/Feb/2015:01:26:08 -0500] "GET /BLA/resoluciones/index.php?dir=RESOLUCIONES+2010%2F HTTP/1.1" 200 1288667
188.165.15.44 - - [07/Feb/2015:01:26:12 -0500] "GET /BLA/resoluciones/RESOLUCIONES%202005/RES%202005%202801-2850/00002808.tif HTTP/1.1" 200 358180
188.165.15.26 - - [07/Feb/2015:01:26:15 -0500] "GET /BLA/resoluciones/RESOLUCIONES%202004/RES%202004%201951-2000/00001989.tif HTTP/1.1" 200 110116
190.158.221.156 - - [07/Feb/2015:01:26:54 -0500] "GET /BLA/boletinlegal/js/jquery.js HTTP/1.1" 200 57254
190.158.221.156 - - [07/Feb/2015:01:26:54 -0500] "GET /BLA/boletinlegal/js/jquery.scrollTo-min.js HTTP/1.1" 200 1150
190.158.221.156 - - [07/Feb/2015:01:26:54 -0500] "GET /BLA/boletinlegal/js/jquery.scrollShow.js HTTP/1.1" 200 4586
66.249.75.51 - - [07/Feb/2015:01:27:45 -0500] "GET /BLA/resoluciones/AUTOS%202013/0492.pdf HTTP/1.1" 304 -
66.249.75.83 - - [07/Feb/2015:01:28:29 -0500] "GET /BLA/resoluciones/RESOLUCIONES%202013/0372.pdf HTTP/1.1" 304 -
74.86.158.107 - - [07/Feb/2015:01:28:33 -0500] "HEAD / HTTP/1.1" 302 -
152.61.193.99 - - [07/Feb/2015:01:30:16 -0500] "HEAD / HTTP/1.1" 302 -
152.61.193.99 - - [07/Feb/2015:01:30:17 -0500] "GET /arcgis/services/Calidad_del_Agua_WQI/MapServer/WMSServer?request=GetCapabilities&service=WMS HTTP/1.1" 200 32135
152.61.193.99 - - [07/Feb/2015:01:30:17 -0500] "GET /arcgis/services/Calidad_del_Agua_WQI/MapServer/WMSServer?request=GetCapabilities&service=WMS HTTP/1.1" 200 32135
152.61.193.99 - - [07/Feb/2015:01:30:18 -0500] "GET /arcgis/services/Calidad_del_Agua_WQI/MapServer/WMSServer?request=GetCapabilities&service=WMS HTTP/1.1" 200 32135
152.61.193.99 - - [07/Feb/2015:01:30:19 -0500] "GET /arcgis/services/Calidad_del_Agua_WQI/MapServer/WMSServer?request=GetCapabilities&service=WMS HTTP/1.1" 200 32135
152.61.193.99 - - [07/Feb/2015:01:30:20 -0500] "GET /arcgis/services/Calidad_del_Agua_WQI/MapServer/WMSServer?VERSION=1.1.1&REQUEST=GetMap&LAYERS=0&SRS=EPSG:4326&BBOX=-74.473395,3.674381,-73.963300,4.920569&WIDTH=250&HEIGHT=250&FORMAT=image/bmp&STYLES=& HTTP/1.1" 200 188054
180.76.6.48 - - [07/Feb/2015:01:30:32 -0500] "GET /BLA/resoluciones/RESOLUCIONES%202007/RES%202007%20201%20AL%20300/RESOLUCION%200209%20DE%202007.pdf HTTP/1.1" 200 290799
188.165.15.152 - - [07/Feb/2015:01:31:45 -0500] "GET /BLA/resoluciones/RESOLUCIONES%202006/RES%202006%201951-2000/00001964.tif HTTP/1.1" 200 383000
66.249.75.83 - - [07/Feb/2015:01:32:25 -0500] "GET /BLA/resoluciones/AUTOS%202013/1102.pdf HTTP/1.1" 304 -
188.165.15.152 - - [07/Feb/2015:01:32:33 -0500] "GET /BLA/resoluciones/RESOLUCIONES%202004/RES%202004%20101-150/00000102.tif HTTP/1.1" 200 257290
152.61.193.99 - - [07/Feb/2015:01:32:50 -0500] "HEAD / HTTP/1.1" 302 -
152.61.193.99 - - [07/Feb/2015:01:32:50 -0500] "GET /arcgis/services/Calidad_del_Agua_WQI/MapServer/WMSServer?SERVICE=WMS&REQUEST=GetCapabilities HTTP/1.1" 200 32135
152.61.193.99 - - [07/Feb/2015:01:32:51 -0500] "GET /arcgis/services/Calidad_del_Agua_WQI/MapServer/WMSServer?SERVICE=WMS&REQUEST=GetCapabilities HTTP/1.1" 200 32135
152.61.193.99 - - [07/Feb/2015:01:32:52 -0500] "GET /arcgis/services/Calidad_del_Agua_WQI/MapServer/WMSServer?SERVICE=WMS&REQUEST=GetCapabilities HTTP/1.1" 200 32135
152.61.193.99 - - [07/Feb/2015:01:32:52 -0500] "GET /arcgis/services/Calidad_del_Agua_WQI/MapServer/WMSServer?SERVICE=WMS&REQUEST=GetCapabilities HTTP/1.1" 200 32135
152.61.193.99 - - [07/Feb/2015:01:32:53 -0500] "GET /arcgis/services/Calidad_del_Agua_WQI/MapServer/WMSServer?VERSION=1.1.1&REQUEST=GetMap&LAYERS=0&SRS=EPSG:4326&BBOX=-74.473395,3.674381,-73.963300,4.920569&WIDTH=250&HEIGHT=250&FORMAT=image/bmp&STYLES=& HTTP/1.1" 200 188054
188.165.15.44 - - [07/Feb/2015:01:33:03 -0500] "GET /BLA/resoluciones/RESOLUCIONES%202006/RES%202006%20451-500/00000482.tif HTTP/1.1" 200 160366
66.249.69.111 - - [07/Feb/2015:01:33:29 -0500] "GET /PORTAL_SIAC/swf/Residuos/textiles/textiles.html HTTP/1.1" 304 -
74.86.158.107 - - [07/Feb/2015:01:33:33 -0500] "HEAD / HTTP/1.1" 302 -
188.165.15.193 - - [07/Feb/2015:01:35:07 -0500] "GET /BLA/resoluciones/RESOLUCIONES%202005/RES%202005%203051-3100/00003093.tif HTTP/1.1" 200 122110
180.76.5.176 - - [07/Feb/2015:01:35:20 -0500] "GET /BLA/boletinlegal;jsessionid=99B2A090250ABA59989F7313F074C760?/? HTTP/1.1" 404 1018
188.165.15.152 - - [07/Feb/2015:01:36:01 -0500] "GET /BLA/resoluciones/RESOLUCIONES%202005/RES%202005%20151-200/00000180.tif HTTP/1.1" 200 226106
66.249.75.67 - - [07/Feb/2015:01:37:06 -0500] "GET /BLA/resoluciones/RESOLUCIONES%202007/RES%202007%201901%20AL%202000/RESOLUCION%201945%20DE%202007.pdf HTTP/1.1" 304 -
66.249.75.67 - - [07/Feb/2015:01:38:29 -0500] "GET /sia/ HTTP/1.1" 304 -
188.165.15.41 - - [07/Feb/2015:01:38:32 -0500] "GET /BLA/resoluciones/RESOLUCIONES%202005/RES%202005%201301-1350/00001350.tif HTTP/1.1" 200 36684
74.86.158.107 - - [07/Feb/2015:01:38:33 -0500] "HEAD / HTTP/1.1" 302 -
66.249.75.67 - - [07/Feb/2015:01:39:02 -0500] "GET /BLA/resoluciones/RESOLUCIONES%202005/RES%202005%201-50/RES%202005%20101-150/00000145.tif HTTP/1.1" 200 125476
188.165.15.193 - - [07/Feb/2015:01:40:25 -0500] "GET /BLA/resoluciones/RESOLUCIONES%202003/RES%202003%202001-2051/20032044.tif HTTP/1.1" 200 309846
207.46.13.116 - - [07/Feb/2015:01:41:18 -0500] "GET /POT-2013/Cartografia/Anexo01_Sistema_Hidrico.pdf HTTP/1.1" 200 5860035
200.119.36.254 - - [07/Feb/2015:01:41:22 -0500] "GET /galeria/carrusel/Carrusel/jquery.thumbnailScroller.css HTTP/1.1" 200 2066
200.119.36.254 - - [07/Feb/2015:01:41:22 -0500] "GET /galeria/carrusel/Carrusel/jquery-ui-1.8.13.custom.min.js HTTP/1.1" 200 10800
200.119.36.254 - - [07/Feb/2015:01:41:22 -0500] "GET /galeria/carrusel/Carrusel/jquery.thumbnailScroller.js HTTP/1.1" 200 8157
200.119.36.254 - - [07/Feb/2015:01:41:23 -0500] "GET /galeria/nivo-slider/demo/demo.html HTTP/1.1" 200 3334
200.119.36.254 - - [07/Feb/2015:01:41:24 -0500] "GET /galeria/nivo-slider/themes/default/default.css HTTP/1.1" 200 1569
200.119.36.254 - - [07/Feb/2015:01:41:24 -0500] "GET /galeria/nivo-slider/themes/pascal/pascal.css HTTP/1.1" 200 2258
200.119.36.254 - - [07/Feb/2015:01:41:24 -0500] "GET /galeria/nivo-slider/themes/orman/orman.css HTTP/1.1" 200 2152
200.119.36.254 - - [07/Feb/2015:01:41:24 -0500] "GET /galeria/nivo-slider/nivo-slider.css HTTP/1.1" 200 1507
200.119.36.254 - - [07/Feb/2015:01:41:24 -0500] "GET /galeria/nivo-slider/demo/style.css HTTP/1.1" 200 2222
200.119.36.254 - - [07/Feb/2015:01:41:24 -0500] "GET /galeria/nivo-slider/demo/images/banner-V2.jpg HTTP/1.1" 200 167020
200.119.36.254 - - [07/Feb/2015:01:41:24 -0500] "GET /galeria/nivo-slider/demo/scripts/jquery-1.7.1.min.js HTTP/1.1" 200 93868
200.119.36.254 - - [07/Feb/2015:01:41:24 -0500] "GET /galeria/nivo-slider/jquery.nivo.slider.pack.js HTTP/1.1" 200 11561
200.119.36.254 - - [07/Feb/2015:01:41:24 -0500] "GET /galeria/nivo-slider/demo/images/bolsas-08.jpg HTTP/1.1" 200 85589
200.119.36.254 - - [07/Feb/2015:01:41:24 -0500] "GET /galeria/nivo-slider/demo/images/Ruta-vertimientos-01.jpg HTTP/1.1" 200 130151
200.119.36.254 - - [07/Feb/2015:01:41:24 -0500] "GET /galeria/nivo-slider/demo/images/bolsas-06.jpg HTTP/1.1" 200 90982
200.119.36.254 - - [07/Feb/2015:01:41:24 -0500] "GET /galeria/nivo-slider/demo/images/ecolecta-Dic2014.png HTTP/1.1" 200 288593
200.119.36.254 - - [07/Feb/2015:01:41:25 -0500] "GET /galeria/nivo-slider/demo/images/porloshumedales.jpg HTTP/1.1" 200 351238
200.119.36.254 - - [07/Feb/2015:01:41:25 -0500] "GET /galeria/nivo-slider/demo/images/Tingua-azul.jpg HTTP/1.1" 200 307638
200.119.36.254 - - [07/Feb/2015:01:41:26 -0500] "GET /galeria/nivo-slider/demo/images/4Simple_Slider.png HTTP/1.1" 200 11722
200.119.36.254 - - [07/Feb/2015:01:41:26 -0500] "GET /galeria/nivo-slider/themes/default/loading.gif HTTP/1.1" 200 1737
200.119.36.254 - - [07/Feb/2015:01:41:26 -0500] "GET /galeria/nivo-slider/demo/images/Banner-Caracol-Africano.jpg HTTP/1.1" 200 331986
200.119.36.254 - - [07/Feb/2015:01:41:26 -0500] "GET /galeria/nivo-slider/demo/images/banner-redes.jpg HTTP/1.1" 200 62209
200.119.36.254 - - [07/Feb/2015:01:41:26 -0500] "GET /galeria/nivo-slider/demo/images/9Signos.jpg HTTP/1.1" 200 93040
200.119.36.254 - - [07/Feb/2015:01:41:27 -0500] "GET /galeria/nivo-slider/demo/images/banner-llantas2.jpg HTTP/1.1" 200 73153
200.119.36.254 - - [07/Feb/2015:01:41:27 -0500] "GET /galeria/nivo-slider/demo/images/banner-caballos.png HTTP/1.1" 200 389106
200.119.36.254 - - [07/Feb/2015:01:41:29 -0500] "GET /galeria/nivo-slider/themes/default/arrows.png HTTP/1.1" 200 824
200.119.36.254 - - [07/Feb/2015:01:41:29 -0500] "GET /galeria/nivo-slider/themes/default/bullets.png HTTP/1.1" 200 1281
200.119.36.254 - - [07/Feb/2015:01:41:31 -0500] "GET /videos/Spot_CambioClimatico.flv HTTP/1.1" 200 4371917
66.249.75.67 - - [07/Feb/2015:01:41:43 -0500] "GET /videos/galeria-fotografica/index10.html? HTTP/1.1" 200 1971
66.249.75.83 - - [07/Feb/2015:01:41:46 -0500] "GET /BLA/resoluciones/RESOLUCIONES%202013/0594.pdf HTTP/1.1" 304 -
180.76.5.166 - - [07/Feb/2015:01:42:08 -0500] "GET /BLA/resoluciones/RESOLUCIONES%202007/RES%202007%202201%20AL%202300/RESOLUCION%202274%20DE%202007.pdf HTTP/1.1" 200 785153
