188.165.15.41 - - [07/Feb/2015:01:42:14 -0500] "GET /BLA/resoluciones/index.php?dir=RESOLUCIONES+2003%2FRES+2003+1701-1750%2F HTTP/1.1" 200 12147
188.165.15.200 - - [07/Feb/2015:01:42:35 -0500] "GET /BLA/resoluciones/RESOLUCIONES%202006/RES%202006%20551-600/00000557.tif HTTP/1.1" 200 332424
180.76.6.60 - - [07/Feb/2015:01:42:47 -0500] "GET /BLA/resoluciones/RESOLUCIONES%202007/RES%202007%202201%20AL%202300/RESOLUCION%202230%20DE%202007.pdf HTTP/1.1" 200 73807
190.26.210.162 - - [07/Feb/2015:01:42:58 -0500] "GET /BLA/boletinlegal/js/jquery.js HTTP/1.1" 200 57254
190.26.210.162 - - [07/Feb/2015:01:42:58 -0500] "GET /BLA/boletinlegal/js/jquery.scrollShow.js HTTP/1.1" 200 4586
190.26.210.162 - - [07/Feb/2015:01:42:58 -0500] "GET /BLA/boletinlegal/js/jquery.scrollTo-min.js HTTP/1.1" 200 1150
190.26.210.162 - - [07/Feb/2015:01:43:16 -0500] "GET /galeria/nivo-slider/demo/demo.html HTTP/1.1" 200 3334
190.26.210.162 - - [07/Feb/2015:01:43:16 -0500] "GET /galeria/carrusel/Carrusel/jquery.thumbnailScroller.css HTTP/1.1" 200 2066
190.26.210.162 - - [07/Feb/2015:01:43:16 -0500] "GET /galeria/carrusel/Carrusel/jquery-ui- HTTP/1.1" 404 1018
190.26.210.162 - - [07/Feb/2015:01:43:20 -0500] "GET /galeria/carrusel/Carrusel/jquery.thumbnailScroller.js HTTP/1.1" 200 8157
190.26.210.162 - - [07/Feb/2015:01:43:32 -0500] "GET /videos/Spot_CambioClimatico.flv HTTP/1.1" 200 4371917
74.86.158.107 - - [07/Feb/2015:01:43:33 -0500] "HEAD / HTTP/1.1" 302 -
190.26.210.162 - - [07/Feb/2015:01:43:39 -0500] "GET /galeria/nivo-slider/demo/ HTTP/1.1" 200 2278
190.131.194.135 - - [07/Feb/2015:01:43:53 -0500] "GET /galeria/nivo-slider/demo/images/Banner-techos-verdes.jpg HTTP/1.1" 304 -
190.26.210.162 - - [07/Feb/2015:01:43:16 -0500] "GET /BLA/boletinlegal/index.php? HTTP/1.1" 200 45811
190.36.209.122 - - [07/Feb/2015:01:44:18 -0500] "GET /BLA/boletinlegal/js/jquery.js HTTP/1.1" 200 57254
190.36.209.122 - - [07/Feb/2015:01:44:18 -0500] "GET /BLA/boletinlegal/js/jquery.scrollTo-min.js HTTP/1.1" 200 1150
190.36.209.122 - - [07/Feb/2015:01:44:18 -0500] "GET /BLA/boletinlegal/js/jquery.scrollShow.js HTTP/1.1" 200 4586
180.76.5.197 - - [07/Feb/2015:01:44:26 -0500] "GET /BLA/resoluciones/RESOLUCIONES%202007/RES%202007%203301%20AL%203400/RESOLUCION%203371%20DE%202007.pdf HTTP/1.1" 200 1143277
180.76.4.231 - - [07/Feb/2015:01:44:37 -0500] "GET / HTTP/1.1" 302 -
188.165.15.97 - - [07/Feb/2015:01:44:51 -0500] "GET /BLA/resoluciones/RESOLUCIONES%202002/RES%202002%20351-400/00000368.tif HTTP/1.1" 200 65052
188.165.15.26 - - [07/Feb/2015:01:45:12 -0500] "GET /BLA/resoluciones/RESOLUCIONES%202005/RES%202005%202751-2800/00002764.tif HTTP/1.1" 200 65446
188.165.15.41 - - [07/Feb/2015:01:45:16 -0500] "GET /BLA/resoluciones/RESOLUCIONES%202006/RES%202006%201701-1751/00001716.tif HTTP/1.1" 200 135704
66.249.75.67 - - [07/Feb/2015:01:45:53 -0500] "GET /BLA/resoluciones/RESOLUCIONES%202004/RES%202004%20351-400/00000365.tif HTTP/1.1" 200 118922
66.249.75.51 - - [07/Feb/2015:01:46:27 -0500] "GET /BLA/resoluciones/RESOLUCIONES%202012/1898.pdf HTTP/1.1" 304 -
190.26.210.162 - - [07/Feb/2015:01:46:51 -0500] "GET / HTTP/1.1" 302 -
74.86.158.107 - - [07/Feb/2015:01:48:33 -0500] "HEAD / HTTP/1.1" 302 -
207.46.13.111 - - [07/Feb/2015:01:47:57 -0500] "GET /BLA/boletinlegal/ HTTP/1.1" 200 48828
157.55.39.194 - - [07/Feb/2015:01:48:48 -0500] "GET /BLA/boletinlegal/style.css HTTP/1.1" 200 9406
157.55.39.194 - - [07/Feb/2015:01:48:49 -0500] "GET /BLA/boletinlegal/styles2.css HTTP/1.1" 200 1838
66.249.75.51 - - [07/Feb/2015:01:49:22 -0500] "GET /BLA/resoluciones/AUTOS%202012/1892.pdf HTTP/1.1" 200 2175042
188.165.15.44 - - [07/Feb/2015:01:49:50 -0500] "GET /BLA/resoluciones/RESOLUCIONES%202004/RES%202004%20751-800/00000768.tif HTTP/1.1" 200 146236
180.76.5.78 - - [07/Feb/2015:01:49:56 -0500] "GET /BLA/resoluciones/RESOLUCIONES%202008/2681.pdf HTTP/1.1" 200 265752
188.165.15.108 - - [07/Feb/2015:01:50:10 -0500] "GET /BLA/resoluciones/index.php?dir=RESOLUCIONES%202005/RES%202005%20851-900/&sort=name&order=asc HTTP/1.1" 200 12242
188.165.15.193 - - [07/Feb/2015:01:50:13 -0500] "GET /BLA/resoluciones/RESOLUCIONES%202002/RES%202002%2001-50/2002RES27.tif HTTP/1.1" 200 128426
186.30.92.173 - - [07/Feb/2015:01:50:32 -0500] "GET /BLA/resoluciones/AUTOS%202012/0700.pdf HTTP/1.1" 200 363027
66.249.75.67 - - [07/Feb/2015:01:51:07 -0500] "GET /BLA/resoluciones/RESOLUCIONES%202009/1803.pdf HTTP/1.1" 200 613104
188.165.15.27 - - [07/Feb/2015:01:51:22 -0500] "GET /BLA/resoluciones/RESOLUCIONES%202002/RES%202002%20801-850/00000842.tif HTTP/1.1" 200 102672
66.249.75.83 - - [07/Feb/2015:01:52:15 -0500] "GET /BLA/resoluciones/Autos%202008/1319.pdf HTTP/1.1" 200 193948
180.76.5.153 - - [07/Feb/2015:01:53:13 -0500] "GET /BLA/resoluciones/RESOLUCIONES%202007/RES%202007%202201%20AL%202300/RESOLUCION%202299%20%20DE%202007.pdf HTTP/1.1" 200 1002388
74.86.158.107 - - [07/Feb/2015:01:53:33 -0500] "HEAD / HTTP/1.1" 302 -
66.249.75.51 - - [07/Feb/2015:01:55:13 -0500] "GET /BLA/resoluciones/AUTOS%202012/2429.pdf HTTP/1.1" 200 647509
180.76.5.223 - - [07/Feb/2015:01:55:17 -0500] "GET /BLA/resoluciones/RESOLUCIONES%202007/RES%202007%201201%20AL%201300/RESOLUCION%201218%20DE%202007.pdf HTTP/1.1" 200 344738
66.249.75.51 - - [07/Feb/2015:01:56:35 -0500] "GET /BLA/resoluciones/RESOLUCIONES%202008/4590.pdf HTTP/1.1" 200 182409
66.249.75.51 - - [07/Feb/2015:01:56:40 -0500] "GET /BLA/resoluciones/RESOLUCIONES%202007/RES%202007%202201%20AL%202300/RESOLUCION%202208%20DE%202007.pdf HTTP/1.1" 200 444830
188.165.15.44 - - [07/Feb/2015:01:56:54 -0500] "GET /BLA/resoluciones/RESOLUCIONES%202004/RES%202004%20451-500/00000469.tif HTTP/1.1" 200 66970
188.165.15.26 - - [07/Feb/2015:01:57:03 -0500] "GET /BLA/resoluciones/RESOLUCIONES%202006/RES%202006%20%202901-2950/00002916.tif HTTP/1.1" 200 196522
66.249.75.67 - - [07/Feb/2015:01:58:08 -0500] "GET /BLA/resoluciones/AUTOS%202010/5254.pdf HTTP/1.1" 200 21900
66.249.75.67 - - [07/Feb/2015:01:58:15 -0500] "GET /BLA/resoluciones/RESOLUCIONES%202008/1291.pdf HTTP/1.1" 200 833797
74.86.158.107 - - [07/Feb/2015:01:58:33 -0500] "HEAD / HTTP/1.1" 302 -
66.249.75.83 - - [07/Feb/2015:01:59:37 -0500] "GET /BLA/resoluciones/AUTOS%202007/3821.pdf HTTP/1.1" 200 55840
180.76.6.47 - - [07/Feb/2015:01:59:57 -0500] "GET /BLA/resoluciones/RESOLUCIONES%202007/RES%202007%203301%20AL%203400/RESOLUCION%203370%20DE%202007.pdf HTTP/1.1" 200 1269077
188.165.15.44 - - [07/Feb/2015:02:00:28 -0500] "GET /BLA/resoluciones/RESOLUCIONES%202004/RES%202004%201701-1750/00001712.tif HTTP/1.1" 200 143022
180.76.5.169 - - [07/Feb/2015:02:00:35 -0500] "GET /BLA/resoluciones/RESOLUCIONES%202007/RES%202007%20201%20AL%20300/RESOLUCION%200211%20DE%202007.pdf HTTP/1.1" 200 287954
188.165.15.41 - - [07/Feb/2015:02:00:37 -0500] "GET /BLA/resoluciones/RESOLUCIONES%202004/RES%202004%20501-550/00000547.tif HTTP/1.1" 200 240806
180.76.6.42 - - [07/Feb/2015:02:01:14 -0500] "GET /BLA/boletinlegal/Directivas/2012/Directiva%20No.%201%20del%2030%20de%20octubre%20de%202012.pdf HTTP/1.1" 200 1522771
66.249.75.51 - - [07/Feb/2015:02:01:27 -0500] "GET /php/correos/Listado%20de%20Cuentas.xls HTTP/1.1" 404 1018
180.76.5.57 - - [07/Feb/2015:02:01:53 -0500] "GET /BLA/boletinlegal;jsessionid=D4E46D5F2E8169B4B6F54E03EDD524C8?/? HTTP/1.1" 404 1018
66.249.75.51 - - [07/Feb/2015:02:02:14 -0500] "GET /BLA/resoluciones/RESOLUCIONES%202005/RES%202005%201-50/RES%202005%20101-150/00000139.tif HTTP/1.1" 200 128092
66.249.75.83 - - [07/Feb/2015:02:02:54 -0500] "GET /BLA/resoluciones/AUTOS%202007/3696.pdf HTTP/1.1" 200 60460
74.86.158.107 - - [07/Feb/2015:02:03:33 -0500] "HEAD / HTTP/1.1" 302 -
188.165.15.119 - - [07/Feb/2015:02:03:53 -0500] "GET /BLA/resoluciones/RESOLUCIONES%202004/RES%202004%20401-450/00000410.tif HTTP/1.1" 200 96790
66.249.75.83 - - [07/Feb/2015:02:04:00 -0500] "GET /Autoliquidacion/Grupo%20Forestal%20-%20Industria%20de%20la%20Madera/Instructivo%20de%20Diligenciamiento%20del%20Libro%20de%20Operaciones.pdf HTTP/1.1" 200 118072
99.249.133.12 - - [07/Feb/2015:02:04:30 -0500] "GET /webdav/x32.php?host=71.165.129.89&time=60&port=4096 HTTP/1.1" 404 1018
66.249.75.83 - - [07/Feb/2015:02:04:45 -0500] "GET /BLA/circulares/4.pdf HTTP/1.1" 304 -
178.162.193.31 - - [07/Feb/2015:02:04:51 -0500] "GET /BLA/resoluciones/RESOLUCIONES%202012/0209.pdf HTTP/1.0" 200 182153
66.249.75.51 - - [07/Feb/2015:02:05:14 -0500] "GET /BLA/resoluciones/AUTOS%202013/1617.pdf HTTP/1.1" 200 1298745
180.76.5.169 - - [07/Feb/2015:02:06:19 -0500] "GET /BLA/resoluciones/RESOLUCIONES%202007/RES%202007%203301%20AL%203400/RESOLUCION%203373%20DE%202007.pdf HTTP/1.1" 200 1027134
188.165.15.44 - - [07/Feb/2015:02:06:53 -0500] "GET /BLA/resoluciones/RESOLUCIONES%202003/RES%202003%20001-050/2003RES34.tif HTTP/1.1" 200 159208
188.165.15.97 - - [07/Feb/2015:02:07:00 -0500] "GET /BLA/resoluciones/RESOLUCIONES%202004/RES%202004%201051-1100/00001054.tif HTTP/1.1" 200 394942
188.165.15.200 - - [07/Feb/2015:02:07:22 -0500] "GET /BLA/resoluciones/RESOLUCIONES%202005/RES%202005%20451-500/00000492.tif HTTP/1.1" 200 292156
180.76.5.190 - - [07/Feb/2015:02:07:36 -0500] "GET /BLA/resoluciones/RESOLUCIONES%202007/RES%202007%203301%20AL%203400/RESOLUCION%203373%20DE%202007.pdf HTTP/1.1" 200 1027134
66.249.75.51 - - [07/Feb/2015:02:07:58 -0500] "GET /BLA/resoluciones/RESOLUCIONES%202012/1430.pdf HTTP/1.1" 200 297566
66.249.75.83 - - [07/Feb/2015:02:08:24 -0500] "GET /BLA/resoluciones/AUTOS%202010/5364.pdf HTTP/1.1" 304 -
74.86.158.107 - - [07/Feb/2015:02:08:33 -0500] "HEAD / HTTP/1.1" 302 -
188.165.15.87 - - [07/Feb/2015:02:10:57 -0500] "GET /BLA/resoluciones/RESOLUCIONES%202005/RES%202005%20401-450/00000444.tif HTTP/1.1" 200 164670
66.249.75.83 - - [07/Feb/2015:02:11:29 -0500] "GET /BLA/resoluciones/index.php?dir=Notificaciones/RESOLUCIONES%202013/&sort=date&order=desc HTTP/1.1" 200 2076
188.165.15.87 - - [07/Feb/2015:02:12:04 -0500] "GET /BLA/resoluciones/RESOLUCIONES%202005/RES%202005%201751-1800/00001780.tif HTTP/1.1" 200 305582
66.249.75.51 - - [07/Feb/2015:02:12:47 -0500] "GET /BLA/resoluciones/AUTOS%202007/1541.pdf HTTP/1.1" 304 -
180.76.6.137 - - [07/Feb/2015:02:12:51 -0500] "GET /BLA/resoluciones/RESOLUCIONES%202009/8110.pdf HTTP/1.1" 200 516492
188.165.15.27 - - [07/Feb/2015:02:13:31 -0500] "GET /BLA/resoluciones/RESOLUCIONES%202006/RES%202006%20351-400/00000353.tif HTTP/1.1" 200 182324
74.86.158.107 - - [07/Feb/2015:02:13:33 -0500] "HEAD / HTTP/1.1" 302 -
188.165.15.27 - - [07/Feb/2015:02:14:51 -0500] "GET /BLA/resoluciones/RESOLUCIONES%202006/RES%202006%201751-1800/00001779.tif HTTP/1.1" 200 155830
188.165.15.44 - - [07/Feb/2015:02:16:42 -0500] "GET /BLA/resoluciones/RESOLUCIONES%202002/RES%202002%201501-1550/20021520.tif HTTP/1.1" 200 108992
188.165.15.41 - - [07/Feb/2015:02:17:05 -0500] "GET /BLA/resoluciones/RESOLUCIONES%202002/RES%202002%20851-900/00000897.tif HTTP/1.1" 200 128438
66.249.75.51 - - [07/Feb/2015:02:17:10 -0500] "GET /BLA/resoluciones/AUTOS%202013/0747.pdf HTTP/1.1" 304 -
66.249.75.67 - - [07/Feb/2015:02:17:12 -0500] "GET /BLA/resoluciones/RESOLUCIONES%202007/RES%202007%204001%20AL%204100/RESOLUCION%204030%20DE%202007.pdf HTTP/1.1" 200 131183
66.249.75.51 - - [07/Feb/2015:02:18:31 -0500] "GET /BLA/resoluciones/RESOLUCIONES%202004/RES%202004%20351-400/00000364.tif HTTP/1.1" 200 119536
74.86.158.107 - - [07/Feb/2015:02:18:33 -0500] "HEAD / HTTP/1.1" 302 -
187.194.232.119 - - [07/Feb/2015:02:18:40 -0500] "GET /BLA/resoluciones/RESOLUCIONES%202008/5730.pdf HTTP/1.1" 200 147837
66.249.75.67 - - [07/Feb/2015:02:21:34 -0500] "GET /BLA/resoluciones/AUTOS%202013/0137.pdf HTTP/1.1" 200 1626887
220.181.108.157 - - [07/Feb/2015:02:21:54 -0500] "GET /BLA/boletinlegal/js/jquery.js HTTP/1.1" 200 57254
220.181.108.162 - - [07/Feb/2015:02:22:00 -0500] "GET /BLA/boletinlegal/js/jquery.scrollTo-min.js HTTP/1.1" 200 1150
178.162.193.31 - - [07/Feb/2015:02:22:13 -0500] "GET /BLA/resoluciones/RESOLUCIONES%202010/0157.pdf HTTP/1.0" 200 447433
188.165.15.41 - - [07/Feb/2015:02:22:33 -0500] "GET /BLA/resoluciones/RESOLUCIONES%202006/RES%202006%201351-1400/00001356.tif HTTP/1.1" 200 186998
188.165.15.108 - - [07/Feb/2015:02:22:33 -0500] "GET /BLA/resoluciones/RESOLUCIONES%202002/RES%202002%20551-600/00000594.tif HTTP/1.1" 200 99126
74.86.158.107 - - [07/Feb/2015:02:23:33 -0500] "HEAD / HTTP/1.1" 302 -
188.165.15.119 - - [07/Feb/2015:02:25:00 -0500] "GET /BLA/resoluciones/RESOLUCIONES%202003/RES%202003%202051-2100/00002090.tif HTTP/1.1" 200 82584
66.249.75.67 - - [07/Feb/2015:02:25:44 -0500] "GET /BLA/resoluciones/RESOLUCIONES%202010/4822.pdf HTTP/1.1" 200 751315
66.249.75.67 - - [07/Feb/2015:02:25:57 -0500] "GET /BLA/resoluciones/RESOLUCIONES%202007/RES%202007%20401%20AL%20500/RESOLUCION%200414%20DE%202007.pdf HTTP/1.1" 304 -
66.249.75.67 - - [07/Feb/2015:02:26:00 -0500] "GET /sig/MECI/DOCUMENTOS/Informe%20de%20Gestion/SDA%20GESTION%20I%20SEMESTRE.pdf HTTP/1.1" 404 1018
66.249.69.111 - - [07/Feb/2015:02:26:08 -0500] "GET /Anexos%20estudio%20Organizacional%20SDA/ANEXO%20No.%201-%20NORMAS%20LEGALES%20DE%20ESTRUCTURA%20Y%20PLANTA/RESE%C3%91A%20HIST%C3%93RICA%20SDA-NORMAS/Decreto%20308%20de%202001%20-%20Modifica%20estructura%20del%20DAMA.jsp_files/loading.gif HTTP/1.1" 200 5206
66.249.75.83 - - [07/Feb/2015:02:27:39 -0500] "GET /BLA/resoluciones/AUTOS%202014/2882.pdf HTTP/1.1" 200 603746
180.76.5.74 - - [07/Feb/2015:02:27:53 -0500] "GET /BLA/resoluciones/RESOLUCIONES%202007/RES%202007%202601%20AL%202700/RESOLUCION%202643%20DE%202007.pdf HTTP/1.1" 200 903401
74.86.158.107 - - [07/Feb/2015:02:28:33 -0500] "HEAD / HTTP/1.1" 302 -
66.249.75.83 - - [07/Feb/2015:02:29:17 -0500] "GET /BLA/resoluciones/RESOLUCIONES%202010/4822.pdf HTTP/1.1" 200 751315
188.165.15.152 - - [07/Feb/2015:02:29:50 -0500] "GET /BLA/resoluciones/index.php?dir=RESOLUCIONES%202006/RES%202006%202301-2350/&sort=date&order=asc HTTP/1.1" 200 12364
180.76.5.145 - - [07/Feb/2015:02:29:56 -0500] "GET /BLA/boletinlegal;jsessionid=DE154CEA13027D04182EC2D21176C26C?/? HTTP/1.1" 404 1018
66.249.75.51 - - [07/Feb/2015:02:30:21 -0500] "GET /BLA/resoluciones/RESOLUCIONES%202009/1068.pdf HTTP/1.1" 304 -
188.165.15.200 - - [07/Feb/2015:02:30:49 -0500] "GET /BLA/resoluciones/RESOLUCIONES%202004/RES%202004%201151-1200/00001191.tif HTTP/1.1" 200 194628
66.249.75.51 - - [07/Feb/2015:02:30:55 -0500] "GET /BLA/resoluciones/RESOLUCIONES%202010/3262.pdf HTTP/1.1" 200 500369
188.165.15.193 - - [07/Feb/2015:02:31:44 -0500] "GET /BLA/resoluciones/RESOLUCIONES%202000/2000%202050-2099.tif HTTP/1.1" 200 4179547
186.30.92.173 - - [07/Feb/2015:02:32:05 -0500] "GET /BLA/resoluciones/AUTOS%202012/0700.pdf HTTP/1.1" 200 363027
188.165.15.119 - - [07/Feb/2015:02:32:10 -0500] "GET /BLA/resoluciones/RESOLUCIONES%202002/RES%202002%20251-300/00000292.tif HTTP/1.1" 200 79070
180.76.5.61 - - [07/Feb/2015:02:32:15 -0500] "GET /BLA/boletinlegal;jsessionid=349F2778EB8A221714D631C85BB37411?/? HTTP/1.1" 404 1018
180.76.6.153 - - [07/Feb/2015:02:32:54 -0500] "GET /BLA/boletinlegal/Circulares/2013/Circular%20No.%205%20del%2013%20de%20junio%20de%202013.pdf HTTP/1.1" 200 110904
188.165.15.193 - - [07/Feb/2015:02:33:02 -0500] "GET /BLA/resoluciones/RESOLUCIONES%202005/RES%202005%20401-450/00000429.tif HTTP/1.1" 200 142028
66.249.75.51 - - [07/Feb/2015:02:33:32 -0500] "GET /BLA/resoluciones/AUTOS%202013/0493.pdf HTTP/1.1" 200 141017
74.86.158.107 - - [07/Feb/2015:02:33:33 -0500] "HEAD / HTTP/1.1" 302 -
188.165.15.87 - - [07/Feb/2015:02:33:45 -0500] "GET /BLA/resoluciones/RESOLUCIONES%202005/RES%202005%201551-1600/00001587.tif HTTP/1.1" 200 153364
188.165.15.27 - - [07/Feb/2015:02:34:04 -0500] "GET /BLA/resoluciones/RESOLUCIONES%202000/2000%202450-2499.tif HTTP/1.1" 200 4743204
180.76.6.44 - - [07/Feb/2015:02:34:11 -0500] "GET /BLA/resoluciones/RESOLUCIONES%202007/RES%202007%20201%20AL%20300/RESOLUCION%200270%20DE%202007.pdf HTTP/1.1" 200 34961
195.245.194.62 - - [07/Feb/2015:02:34:25 -0500] "GET /BLA/resoluciones/index.php?dir=RESOLUCIONES%202005/RES%202005%202151-2200/'&sort=name'&order=desc'\" HTTP/1.1" 200 7457
213.251.182.11 - - [07/Feb/2015:02:34:25 -0500] "GET /Autoliquidacion/index.php?dir=Solicitudes%20relacionadas%20con%20calidad%20del%20aire%20auditiva%20y%20visual/Registro%20de%20Elementos%20de%20publicidad%20Exterior%20Visual/'&sort=date'&order=desc'\" HTTP/1.1" 200 7001
213.251.182.11 - - [07/Feb/2015:02:34:26 -0500] "GET /Autoliquidacion/index.php?dir=Solicitudes%20relacionadas%20con%20calidad%20del%20aire%20auditiva%20y%20visual%2FRegistro%20de%20Elementos%20de%20publicidad%20Exterior%20Visual%2F&sort=date&order=desc HTTP/1.0" 200 4036
195.245.194.62 - - [07/Feb/2015:02:34:25 -0500] "GET /BLA/resoluciones/index.php?dir=RESOLUCIONES%202005%2FRES%202005%202151-2200%2F&sort=name&order=desc HTTP/1.0" 200 16990
66.249.75.51 - - [07/Feb/2015:02:34:44 -0500] "GET /BLA/resoluciones/RESOLUCIONES%202009/5609.pdf HTTP/1.1" 200 433820
180.76.6.52 - - [07/Feb/2015:02:34:50 -0500] "GET /BLA/boletinlegal;jsessionid=502E86781311815A981B95082A0D2D42?/? HTTP/1.1" 404 1018
180.76.6.66 - - [07/Feb/2015:02:35:28 -0500] "GET /BLA/resoluciones/index.php?dir=RESOLUCIONES%202007/RES%202007%201601%20AL%201725/&sort=date&order=desc HTTP/1.1" 200 7201
190.243.1.11 - - [07/Feb/2015:02:35:44 -0500] "GET /BLA/boletinlegal/js/jquery.js HTTP/1.1" 200 57254
190.243.1.11 - - [07/Feb/2015:02:35:44 -0500] "GET /BLA/boletinlegal/js/jquery.scrollTo-min.js HTTP/1.1" 200 1150
190.243.1.11 - - [07/Feb/2015:02:35:44 -0500] "GET /BLA/boletinlegal/js/jquery.scrollShow.js HTTP/1.1" 200 4586
180.76.6.29 - - [07/Feb/2015:02:36:07 -0500] "GET /BLA/boletinlegal;jsessionid=54D37601FCA270CF0F6E7A871C41E1CB?/? HTTP/1.1" 404 1018
188.165.15.44 - - [07/Feb/2015:02:36:10 -0500] "GET /BLA/resoluciones/RESOLUCIONES%202003/RES%202003%20701-750/732.tif HTTP/1.1" 200 140904
180.76.6.146 - - [07/Feb/2015:02:36:46 -0500] "GET /BLA/resoluciones/RESOLUCIONES%202009/1325.pdf HTTP/1.1" 200 437658
66.249.75.83 - - [07/Feb/2015:02:36:50 -0500] "GET /BLA/resoluciones/AUTOS%202013/1040.pdf HTTP/1.1" 200 653681
188.165.15.152 - - [07/Feb/2015:02:38:20 -0500] "GET /BLA/resoluciones/RESOLUCIONES%202003/RES%202003%20151-200/2003RES159.tif HTTP/1.1" 200 97676
74.86.158.107 - - [07/Feb/2015:02:38:33 -0500] "HEAD / HTTP/1.1" 302 -
188.165.15.27 - - [07/Feb/2015:02:39:00 -0500] "GET /BLA/resoluciones/RESOLUCIONES%202004/RES%202004%20951-1000/00000976.tif HTTP/1.1" 200 75760
180.76.5.22 - - [07/Feb/2015:02:39:02 -0500] "GET /BLA/boletinlegal;jsessionid=6BD8965E862199B295BD2B4AB4BF9D27?/? HTTP/1.1" 404 1018
66.249.75.51 - - [07/Feb/2015:02:39:07 -0500] "GET /autoliquidacion/Solicitud%20de%20expedici%C3%B3n%20de%20certificados%20de%20estado%20de%20conservaci%C3%B3n%20ambiental%20(CECA)/Formulario%20de%20solicitud%20de%20CECAS.pdf HTTP/1.1" 404 1018
188.165.15.97 - - [07/Feb/2015:02:39:13 -0500] "GET /BLA/resoluciones/RESOLUCIONES%202003/RES%202003%20801-850/819.tif HTTP/1.1" 200 336300
195.245.194.62 - - [07/Feb/2015:02:39:26 -0500] "-" 408 -
213.251.182.11 - - [07/Feb/2015:02:39:27 -0500] "-" 408 -
66.249.69.79 - - [07/Feb/2015:02:40:07 -0500] "GET /Autoliquidacion/index.php?dir=Solicitud+de+Licencia+Ambiental%2F HTTP/1.1" 200 2642
188.165.15.200 - - [07/Feb/2015:02:40:20 -0500] "GET /BLA/resoluciones/RESOLUCIONES%202006/RES%202006%202401-2450/00002450.tif HTTP/1.1" 200 203986
188.165.15.26 - - [07/Feb/2015:02:40:28 -0500] "GET /BLA/resoluciones/RESOLUCIONES%202003/RES%202003%20951-1000/996.tif HTTP/1.1" 200 108476
188.165.15.44 - - [07/Feb/2015:02:41:10 -0500] "GET /BLA/resoluciones/RESOLUCIONES%202005/RES%202005%202351-2400/00002380.tif HTTP/1.1" 200 209102
188.165.15.27 - - [07/Feb/2015:02:41:21 -0500] "GET /BLA/resoluciones/RESOLUCIONES%202005/RES%202005%202951-3000/00002955.tif HTTP/1.1" 200 60010
188.165.15.119 - - [07/Feb/2015:02:42:25 -0500] "GET /BLA/resoluciones/index.php?dir=AUTOS%202006/&sort=name&order=asc HTTP/1.1" 200 9519
123.125.71.26 - - [07/Feb/2015:02:43:06 -0500] "GET / HTTP/1.1" 302 -
66.249.75.51 - - [07/Feb/2015:02:43:22 -0500] "GET /BLA/resoluciones/AUTOS%202013/3501.pdf HTTP/1.1" 200 472990
66.249.75.67 - - [07/Feb/2015:02:43:29 -0500] "GET /BLA/resoluciones/RESOLUCIONES%202004/RES%202004%20301-350/00000318.tif HTTP/1.1" 200 151670
66.249.75.83 - - [07/Feb/2015:02:43:31 -0500] "GET /BLA/resoluciones/RESOLUCIONES%202010/7206.pdf HTTP/1.1" 304 -
74.86.158.107 - - [07/Feb/2015:02:43:33 -0500] "HEAD / HTTP/1.1" 302 -
190.25.232.143 - - [07/Feb/2015:02:44:15 -0500] "GET /StormSDA/stormWeb/presentacion.html HTTP/1.1" 304 -
220.181.108.111 - - [07/Feb/2015:02:45:01 -0500] "GET / HTTP/1.1" 302 -
188.165.15.87 - - [07/Feb/2015:02:45:15 -0500] "GET /BLA/resoluciones/RESOLUCIONES%202005/RES%202005%202951-3000/00002965.tif HTTP/1.1" 200 37616
66.249.75.67 - - [07/Feb/2015:02:45:19 -0500] "GET /videos/galeria-fotografica/index19.html? HTTP/1.1" 200 1972
66.249.75.67 - - [07/Feb/2015:02:45:20 -0500] "GET /videos/galeria-fotografica/js/jquery-flickr-gallery/jquery-flickr-gallery.js HTTP/1.1" 200 9050
66.249.75.67 - - [07/Feb/2015:02:45:38 -0500] "GET /BLA/resoluciones/RESOLUCIONES%202011/4383.pdf HTTP/1.1" 200 516110
66.249.75.83 - - [07/Feb/2015:02:46:40 -0500] "GET /BLA/resoluciones/RESOLUCIONES%202007/RES%202007%203301%20AL%203400/RESOLUCION%203371%20DE%202007.pdf HTTP/1.1" 200 1143277
66.249.75.83 - - [07/Feb/2015:02:47:54 -0500] "GET /BLA/resoluciones/Notificaciones/AUTOS%202014/5746.doc HTTP/1.1" 200 154112
74.86.158.107 - - [07/Feb/2015:02:48:33 -0500] "HEAD / HTTP/1.1" 302 -
112.111.190.69 - - [07/Feb/2015:02:49:34 -0500] "GET /BLA/resoluciones/RESOLUCIONES%202012/0317.pdf HTTP/1.1" 200 380151
66.249.75.51 - - [07/Feb/2015:02:49:57 -0500] "GET /BLA/resoluciones/AUTOS%202013/1332.pdf HTTP/1.1" 200 983795
112.111.190.69 - - [07/Feb/2015:02:49:58 -0500] "POST /BLA/resoluciones/RESOLUCIONES%202012/0317.pdf/trackback/ HTTP/1.1" 404 1292
188.165.15.200 - - [07/Feb/2015:02:50:02 -0500] "GET /BLA/resoluciones/RESOLUCIONES%202002/RES%202002%20101-150/2002RES104.tif HTTP/1.1" 200 158994
188.165.15.27 - - [07/Feb/2015:02:50:03 -0500] "GET /BLA/resoluciones/RESOLUCIONES%202004/RES%202004%201751-1800/00001781.tif HTTP/1.1" 200 150558
188.165.15.152 - - [07/Feb/2015:02:50:48 -0500] "GET /BLA/resoluciones/RESOLUCIONES%202005/RES%202005%202101-2150/00002148.tif HTTP/1.1" 200 785734
188.165.15.44 - - [07/Feb/2015:02:50:54 -0500] "GET /BLA/resoluciones/RESOLUCIONES%202006/RES%202006%201201-1250/00001248.tif HTTP/1.1" 200 248780
180.76.6.134 - - [07/Feb/2015:02:50:58 -0500] "GET /BLA/resoluciones/Autos%202008/0676.pdf HTTP/1.1" 200 105883
188.165.15.200 - - [07/Feb/2015:02:51:06 -0500] "GET /BLA/resoluciones/RESOLUCIONES%202004/RES%202004%201551-1600/00001588.tif HTTP/1.1" 200 181658
188.165.15.44 - - [07/Feb/2015:02:51:28 -0500] "GET /BLA/resoluciones/index.php?dir=RESOLUCIONES%202005/ANEXO%20RES%202643-2005/&sort=size&order=asc HTTP/1.1" 200 2446
66.249.75.51 - - [07/Feb/2015:02:52:18 -0500] "GET /BLA/resoluciones/RESOLUCIONES%202010/7599.pdf HTTP/1.1" 200 78966
66.249.69.79 - - [07/Feb/2015:02:52:19 -0500] "GET /PruebasSTORM/silvicultura2Pruebas/ HTTP/1.1" 200 1235
207.46.13.111 - - [07/Feb/2015:02:52:26 -0500] "GET /prueba2.php HTTP/1.1" 404 1019
66.249.75.67 - - [07/Feb/2015:02:52:32 -0500] "GET /BLA/resoluciones/RESOLUCIONES%202005/RES%202005%201-50/RES%202005%20101-150/00000109.tif HTTP/1.1" 200 116968
188.165.15.41 - - [07/Feb/2015:02:52:57 -0500] "GET /BLA/resoluciones/RESOLUCIONES%202006/RES%202006%20%203001-3054/00003032.tif HTTP/1.1" 200 67020
66.249.75.67 - - [07/Feb/2015:02:53:13 -0500] "GET /BLA/resoluciones/RESOLUCIONES%202007/RES%202007%20501%20AL%20600/RESOLUCION%200546%20DE%202007.pdf HTTP/1.1" 200 434322
188.165.15.200 - - [07/Feb/2015:02:53:21 -0500] "GET /BLA/resoluciones/index.php?dir=AUTOS+2011%2F HTTP/1.1" 200 541450
74.86.158.107 - - [07/Feb/2015:02:53:33 -0500] "HEAD / HTTP/1.1" 302 -
189.148.139.157 - - [07/Feb/2015:02:54:27 -0500] "GET /BLA/boletinlegal/js/jquery.js HTTP/1.1" 200 57254
189.148.139.157 - - [07/Feb/2015:02:54:27 -0500] "GET /BLA/boletinlegal/js/jquery.scrollTo-min.js HTTP/1.1" 200 1150
189.148.139.157 - - [07/Feb/2015:02:54:27 -0500] "GET /BLA/boletinlegal/js/jquery.scrollShow.js HTTP/1.1" 200 4586
188.165.15.44 - - [07/Feb/2015:02:54:54 -0500] "GET /BLA/resoluciones/RESOLUCIONES%202005/RES%202005%202751-2800/00002780.tif HTTP/1.1" 200 27964
188.165.15.200 - - [07/Feb/2015:02:56:09 -0500] "GET /BLA/resoluciones/RESOLUCIONES%202006/RES%202006%20451-500/00000463.tif HTTP/1.1" 200 57676
131.253.26.245 - - [07/Feb/2015:02:56:25 -0500] "GET /BLA/boletinlegal/js/jquery.scrollTo-min.js HTTP/1.1" 200 1150
131.253.36.203 - - [07/Feb/2015:02:56:25 -0500] "GET /BLA/boletinlegal/js/jquery.js HTTP/1.1" 200 57254
131.253.26.245 - - [07/Feb/2015:02:56:25 -0500] "GET /BLA/boletinlegal/js/jquery.scrollShow.js HTTP/1.1" 200 4586
131.253.26.245 - - [07/Feb/2015:02:56:25 -0500] "GET /galeria/carrusel/Carrusel/jquery.thumbnailScroller.css HTTP/1.1" 200 2066
131.253.26.245 - - [07/Feb/2015:02:56:25 -0500] "GET /galeria/carrusel/Carrusel/jquery-ui-1.8.13.custom.min.js HTTP/1.1" 200 10800
131.253.26.245 - - [07/Feb/2015:02:56:25 -0500] "GET /galeria/carrusel/Carrusel/jquery.thumbnailScroller.js HTTP/1.1" 200 8157
188.165.15.41 - - [07/Feb/2015:02:56:28 -0500] "GET /BLA/resoluciones/index.php?dir=RESOLUCIONES%202003/RES%202003%20251-300/&sort=date&order=asc HTTP/1.1" 200 11115
66.249.75.83 - - [07/Feb/2015:02:56:31 -0500] "GET /BLA/resoluciones/RESOLUCIONES%202007/RES%202007%204201%20AL%204300/RESOLUCION%204242%20DE%202007.pdf HTTP/1.1" 200 240645
65.55.218.40 - - [07/Feb/2015:02:56:32 -0500] "GET /galeria/nivo-slider/demo/demo.html HTTP/1.1" 200 3334
131.253.24.141 - - [07/Feb/2015:02:56:39 -0500] "GET /galeria/nivo-slider/themes/default/default.css HTTP/1.1" 200 1569
131.253.24.136 - - [07/Feb/2015:02:56:39 -0500] "GET /galeria/nivo-slider/themes/orman/orman.css HTTP/1.1" 200 2152
131.253.24.141 - - [07/Feb/2015:02:56:39 -0500] "GET /galeria/nivo-slider/demo/style.css HTTP/1.1" 200 2222
131.253.24.136 - - [07/Feb/2015:02:56:39 -0500] "GET /galeria/nivo-slider/nivo-slider.css HTTP/1.1" 200 1507
131.253.24.141 - - [07/Feb/2015:02:56:39 -0500] "GET /galeria/nivo-slider/themes/pascal/pascal.css HTTP/1.1" 200 2258
131.253.24.136 - - [07/Feb/2015:02:56:39 -0500] "GET /galeria/nivo-slider/demo/scripts/jquery-1.7.1.min.js HTTP/1.1" 200 93868
131.253.24.141 - - [07/Feb/2015:02:56:39 -0500] "GET /galeria/nivo-slider/jquery.nivo.slider.pack.js HTTP/1.1" 200 11561
66.249.75.83 - - [07/Feb/2015:02:56:41 -0500] "GET /BLA/resoluciones/AUTOS%202012/2247.pdf HTTP/1.1" 200 347564
188.165.15.108 - - [07/Feb/2015:02:56:42 -0500] "GET /BLA/resoluciones/RESOLUCIONES%202002/RES%202002%20701-750/00000750.tif HTTP/1.1" 200 41992
188.165.15.87 - - [07/Feb/2015:02:57:11 -0500] "GET /BLA/resoluciones/RESOLUCIONES%202002/RES%202002%20551-600/00000587.tif HTTP/1.1" 200 134188
188.165.15.41 - - [07/Feb/2015:02:57:49 -0500] "GET /BLA/resoluciones/index.php?dir=RESOLUCIONES%202004/RES%202004%20951-1000/&sort=size&order=asc HTTP/1.1" 200 12101
74.86.158.107 - - [07/Feb/2015:02:58:33 -0500] "HEAD / HTTP/1.1" 302 -
188.165.15.108 - - [07/Feb/2015:02:58:56 -0500] "GET /BLA/resoluciones/RESOLUCIONES%202006/RES%202006%20601-650/00000627.tif HTTP/1.1" 200 260308
66.249.75.51 - - [07/Feb/2015:02:59:47 -0500] "GET /BLA/resoluciones/RESOLUCIONES%202009/0139.pdf HTTP/1.1" 200 326775
188.165.15.27 - - [07/Feb/2015:03:00:09 -0500] "GET /BLA/resoluciones/RESOLUCIONES%202002/RES%202002%20601-650/00000634.tif HTTP/1.1" 200 246356
66.249.75.67 - - [07/Feb/2015:03:01:04 -0500] "GET /BLA/resoluciones/AUTOS%202014/0694.pdf HTTP/1.1" 304 -
188.165.15.119 - - [07/Feb/2015:03:01:35 -0500] "GET /BLA/resoluciones/RESOLUCIONES%202006/RES%202006%20%203001-3054/00003029.tif HTTP/1.1" 200 35474
188.165.15.41 - - [07/Feb/2015:03:02:14 -0500] "GET /BLA/resoluciones/RESOLUCIONES%202006/RES%202006%202401-2450/00002401.tif HTTP/1.1" 200 208724
66.249.75.83 - - [07/Feb/2015:03:03:03 -0500] "GET /BLA/resoluciones/RESOLUCIONES%202011/3663.pdf HTTP/1.1" 200 533690
74.86.158.107 - - [07/Feb/2015:03:03:33 -0500] "HEAD / HTTP/1.1" 302 -
66.249.75.67 - - [07/Feb/2015:03:03:34 -0500] "GET /BLA/resoluciones/RESOLUCIONES%202007/RES%202007%204001%20AL%204100/RESOLUCION%204089%20DE%202007.pdf HTTP/1.1" 200 902707
180.76.5.173 - - [07/Feb/2015:03:04:15 -0500] "GET /BLA/boletinlegal;jsessionid=057A5C8BC8EF65F213820E479ABFF634?/? HTTP/1.1" 404 1018
66.249.75.51 - - [07/Feb/2015:03:05:28 -0500] "GET /BLA/resoluciones/AUTOS%202014/1176.pdf HTTP/1.1" 200 386091
180.76.5.95 - - [07/Feb/2015:03:06:16 -0500] "GET /BLA/boletinlegal/Circulares/2010/Circular%2001%20de%2018%20de%20febrero%20de%202010.pdf HTTP/1.1" 200 72083
66.249.75.67 - - [07/Feb/2015:03:06:21 -0500] "GET /BLA/resoluciones/RESOLUCIONES%202007/RES%202007%201726%20AL%201800/RESOLUCION%201795%20DE%202007.pdf HTTP/1.1" 200 1296778
190.67.190.228 - - [07/Feb/2015:03:06:24 -0500] "GET /BLA/boletinlegal/js/jquery.js HTTP/1.1" 200 57254
190.67.190.228 - - [07/Feb/2015:03:06:24 -0500] "GET /BLA/boletinlegal/js/jquery.scrollShow.js HTTP/1.1" 200 4586
190.67.190.228 - - [07/Feb/2015:03:06:24 -0500] "GET /BLA/boletinlegal/js/jquery.scrollTo-min.js HTTP/1.1" 200 1150
157.55.39.149 - - [07/Feb/2015:03:07:08 -0500] "GET /POT-2013/Cartografia/17_Sistema%20de%20Movilidad_Subsistema%20de%20Transporte_Transporte%20.pdf HTTP/1.1" 200 3695775
188.165.15.41 - - [07/Feb/2015:03:07:13 -0500] "GET /BLA/resoluciones/RESOLUCIONES%202006/RES%202006%201701-1751/00001719.tif HTTP/1.1" 200 137226
66.249.75.67 - - [07/Feb/2015:03:07:33 -0500] "GET /BLA/resoluciones/Autos%202008/0928.pdf HTTP/1.1" 200 100625
157.55.39.13 - - [07/Feb/2015:03:07:42 -0500] "GET /POT-2013/Cartografia/20_Sistema%20de%20Alcantarillado_FEB.pdf HTTP/1.1" 200 4849299
157.55.39.13 - - [07/Feb/2015:03:07:44 -0500] "GET /robots.txt HTTP/1.1" 404 1019
188.165.15.41 - - [07/Feb/2015:03:07:47 -0500] "GET /BLA/resoluciones/RESOLUCIONES%202005/RES%202005%202801-2850/00002835.tif HTTP/1.1" 200 1083936
188.165.15.108 - - [07/Feb/2015:03:07:52 -0500] "GET /BLA/resoluciones/RESOLUCIONES%202004/RES%202004%202151-2200/00002162.tif HTTP/1.1" 200 211810
207.46.13.116 - - [07/Feb/2015:03:08:32 -0500] "GET /POT-2013/Cartografia/38_PROGRAMA_REVITALIZACION.pdf HTTP/1.1" 200 2546328
74.86.158.107 - - [07/Feb/2015:03:08:33 -0500] "HEAD / HTTP/1.1" 302 -
188.165.15.152 - - [07/Feb/2015:03:08:35 -0500] "GET /BLA/resoluciones/RESOLUCIONES%202006/RES%202006%202451-2500/00002498.tif HTTP/1.1" 200 200262
66.249.75.51 - - [07/Feb/2015:03:09:38 -0500] "GET /BLA/resoluciones/RESOLUCIONES%202010/5832.pdf HTTP/1.1" 200 491881
66.249.75.83 - - [07/Feb/2015:03:09:51 -0500] "GET /BLA/resoluciones/RESOLUCIONES%202007/RES%202007%201301%20AL%201400/RESOLUCION%201352%20DE%202007.pdf HTTP/1.1" 200 45890
178.162.193.31 - - [07/Feb/2015:03:10:57 -0500] "GET /BLA/resoluciones/AUTOS%202012/1731.pdf HTTP/1.0" 200 2083610
188.165.15.26 - - [07/Feb/2015:03:11:14 -0500] "GET /BLA/resoluciones/index.php?dir=RESOLUCIONES%202005/RES%202005%20151-200/&sort=date&order=desc HTTP/1.1" 200 12229
66.249.75.51 - - [07/Feb/2015:03:12:17 -0500] "GET /BLA/resoluciones/RESOLUCIONES%202004/RES%202004%20401-450/00000403.tif HTTP/1.1" 200 95720
66.249.75.51 - - [07/Feb/2015:03:12:53 -0500] "GET /BLA/resoluciones/RESOLUCIONES%202009/1171.pdf HTTP/1.1" 200 1131184
74.86.158.107 - - [07/Feb/2015:03:13:33 -0500] "HEAD / HTTP/1.1" 302 -
180.76.6.231 - - [07/Feb/2015:03:13:54 -0500] "GET /BLA/resoluciones/AUTOS%202010/5801.pdf HTTP/1.1" 200 291751
66.249.75.51 - - [07/Feb/2015:03:14:15 -0500] "GET /BLA/resoluciones/AUTOS%202009/0177.pdf HTTP/1.1" 200 111885
180.76.6.213 - - [07/Feb/2015:03:14:36 -0500] "GET /BLA/resoluciones/RESOLUCIONES%202007/RES%202007%202201%20AL%202300/RESOLUCION%202202%20DE%202007.pdf HTTP/1.1" 200 254601
186.154.248.138 - - [07/Feb/2015:03:16:02 -0500] "GET /BLA/boletinlegal/js/jquery.scrollShow.js HTTP/1.1" 200 4586
186.154.248.138 - - [07/Feb/2015:03:16:02 -0500] "GET /BLA/boletinlegal/js/jquery.js HTTP/1.1" 200 57254
186.154.248.138 - - [07/Feb/2015:03:16:02 -0500] "GET /BLA/boletinlegal/js/jquery.scrollTo-min.js HTTP/1.1" 200 1150
186.154.248.138 - - [07/Feb/2015:03:16:02 -0500] "GET /galeria/carrusel/Carrusel/jquery.thumbnailScroller.css HTTP/1.1" 200 2066
186.154.248.138 - - [07/Feb/2015:03:16:02 -0500] "GET /galeria/carrusel/Carrusel/jquery-ui-1.8.13.custom.min.js HTTP/1.1" 200 10800
186.154.248.138 - - [07/Feb/2015:03:16:03 -0500] "GET /galeria/carrusel/Carrusel/jquery.thumbnailScroller.js HTTP/1.1" 200 8157
186.154.248.138 - - [07/Feb/2015:03:16:05 -0500] "GET /galeria/nivo-slider/demo/demo.html HTTP/1.1" 200 3334
186.154.248.138 - - [07/Feb/2015:03:16:05 -0500] "GET /galeria/nivo-slider/themes/default/default.css HTTP/1.1" 200 1569
186.154.248.138 - - [07/Feb/2015:03:16:05 -0500] "GET /galeria/nivo-slider/themes/pascal/pascal.css HTTP/1.1" 200 2258
186.154.248.138 - - [07/Feb/2015:03:16:05 -0500] "GET /galeria/nivo-slider/themes/orman/orman.css HTTP/1.1" 200 2152
186.154.248.138 - - [07/Feb/2015:03:16:05 -0500] "GET /galeria/nivo-slider/nivo-slider.css HTTP/1.1" 200 1507
186.154.248.138 - - [07/Feb/2015:03:16:06 -0500] "GET /galeria/nivo-slider/demo/style.css HTTP/1.1" 200 2222
186.154.248.138 - - [07/Feb/2015:03:16:06 -0500] "GET /galeria/nivo-slider/demo/scripts/jquery-1.7.1.min.js HTTP/1.1" 200 93868
186.154.248.138 - - [07/Feb/2015:03:16:06 -0500] "GET /galeria/nivo-slider/jquery.nivo.slider.pack.js HTTP/1.1" 200 11561
186.154.248.138 - - [07/Feb/2015:03:16:06 -0500] "GET /galeria/nivo-slider/demo/images/banner-V2.jpg HTTP/1.1" 200 167020
186.154.248.138 - - [07/Feb/2015:03:16:06 -0500] "GET /galeria/nivo-slider/demo/images/bolsas-08.jpg HTTP/1.1" 200 85589
186.154.248.138 - - [07/Feb/2015:03:16:06 -0500] "GET /galeria/nivo-slider/demo/images/Ruta-vertimientos-01.jpg HTTP/1.1" 200 130151
186.154.248.138 - - [07/Feb/2015:03:16:06 -0500] "GET /galeria/nivo-slider/demo/images/bolsas-06.jpg HTTP/1.1" 200 90982
186.154.248.138 - - [07/Feb/2015:03:16:06 -0500] "GET /galeria/nivo-slider/demo/images/ecolecta-Dic2014.png HTTP/1.1" 200 288593
186.154.248.138 - - [07/Feb/2015:03:16:06 -0500] "GET /galeria/nivo-slider/demo/images/porloshumedales.jpg HTTP/1.1" 200 351238
186.154.248.138 - - [07/Feb/2015:03:16:07 -0500] "GET /galeria/nivo-slider/demo/images/Tingua-azul.jpg HTTP/1.1" 200 307638
186.154.248.138 - - [07/Feb/2015:03:16:07 -0500] "GET /galeria/nivo-slider/demo/images/Banner-Caracol-Africano.jpg HTTP/1.1" 200 331986
186.154.248.138 - - [07/Feb/2015:03:16:08 -0500] "GET /galeria/nivo-slider/demo/images/banner-redes.jpg HTTP/1.1" 200 62209
186.154.248.138 - - [07/Feb/2015:03:16:08 -0500] "GET /galeria/nivo-slider/demo/images/9Signos.jpg HTTP/1.1" 200 93040
186.154.248.138 - - [07/Feb/2015:03:16:08 -0500] "GET /videos/Spot_CambioClimatico.flv HTTP/1.1" 200 4371917
186.154.248.138 - - [07/Feb/2015:03:16:08 -0500] "GET /galeria/nivo-slider/demo/images/banner-llantas2.jpg HTTP/1.1" 200 73153
186.154.248.138 - - [07/Feb/2015:03:16:08 -0500] "GET /galeria/nivo-slider/demo/images/banner-caballos.png HTTP/1.1" 200 389106
186.154.248.138 - - [07/Feb/2015:03:16:09 -0500] "GET /galeria/nivo-slider/demo/images/4Simple_Slider.png HTTP/1.1" 200 11722
186.154.248.138 - - [07/Feb/2015:03:16:09 -0500] "GET /galeria/nivo-slider/themes/default/loading.gif HTTP/1.1" 200 1737
186.154.248.138 - - [07/Feb/2015:03:16:09 -0500] "GET /galeria/nivo-slider/themes/default/arrows.png HTTP/1.1" 200 824
186.154.248.138 - - [07/Feb/2015:03:16:09 -0500] "GET /galeria/nivo-slider/themes/default/bullets.png HTTP/1.1" 200 1281
66.249.75.67 - - [07/Feb/2015:03:16:11 -0500] "GET /BLA/resoluciones/RESOLUCIONES%202010/6085.pdf HTTP/1.1" 200 3019834
188.165.15.41 - - [07/Feb/2015:03:16:44 -0500] "GET /BLA/resoluciones/RESOLUCIONES%202002/RES%202002%20751-800/2002RES761.tif HTTP/1.1" 200 40294
66.91.173.211 - - [07/Feb/2015:03:18:06 -0500] "GET /webdav/x32.php?host=72.130,103.73&time=60&port=3074 HTTP/1.1" 404 1018
74.86.158.107 - - [07/Feb/2015:03:18:33 -0500] "HEAD / HTTP/1.1" 302 -
66.249.75.67 - - [07/Feb/2015:03:18:38 -0500] "GET /BLA/resoluciones/RESOLUCIONES%202013/0598.pdf HTTP/1.1" 304 -
150.70.97.115 - - [07/Feb/2015:03:19:16 -0500] "GET /webdav/x32.php?host=72.130,103.73&time=60&port=3074 HTTP/1.1" 404 1018
66.249.75.67 - - [07/Feb/2015:03:19:28 -0500] "GET /BLA/resoluciones/RESOLUCIONES%202013/0518.pdf HTTP/1.1" 200 2708963
188.165.15.87 - - [07/Feb/2015:03:20:30 -0500] "GET /BLA/resoluciones/RESOLUCIONES%202005/RES%202005%201401-1450/INDEX.DAT HTTP/1.1" 200 2000
66.249.69.95 - - [07/Feb/2015:03:20:43 -0500] "GET /Anexos%20estudio%20Organizacional%20SDA/ANEXO%20No.%201-%20NORMAS%20LEGALES%20DE%20ESTRUCTURA%20Y%20PLANTA/RESE%C3%91A%20HIST%C3%93RICA%20SDA-NORMAS/Decreto%20562%20de%202006%20-%20Establece%20planta%20de%20cargos%20de%20SDA.jsp_files/compedit.jpg HTTP/1.1" 200 6688
66.249.75.51 - - [07/Feb/2015:03:22:44 -0500] "GET /BLA/resoluciones/AUTOS%202013/0981.pdf HTTP/1.1" 304 -
188.165.15.26 - - [07/Feb/2015:03:22:46 -0500] "GET /BLA/resoluciones/RESOLUCIONES%202005/RES%202005%202101-2150/00002114.tif HTTP/1.1" 200 611636
66.249.75.51 - - [07/Feb/2015:03:23:01 -0500] "GET /BLA/resoluciones/RESOLUCIONES%202012/1071.pdf HTTP/1.1" 304 -
74.86.158.107 - - [07/Feb/2015:03:23:33 -0500] "HEAD / HTTP/1.1" 302 -
180.76.6.140 - - [07/Feb/2015:03:23:47 -0500] "GET /BLA/boletinlegal;jsessionid=58E078CFBEAD36F19920E295ABA2F00A?/? HTTP/1.1" 404 1018
188.165.15.108 - - [07/Feb/2015:03:25:43 -0500] "GET /BLA/resoluciones/RESOLUCIONES%202006/RES%202006%20851-900/00000899.tif HTTP/1.1" 200 75758
66.249.75.67 - - [07/Feb/2015:03:26:02 -0500] "GET /BLA/resoluciones/AUTOS%202013/1874.pdf HTTP/1.1" 200 1916144
66.249.75.83 - - [07/Feb/2015:03:27:16 -0500] "GET /BLA/resoluciones/index.php?dir=RESOLUCIONES%202004/RES%202004%201451-1500/&sort=name&order=asc HTTP/1.1" 200 12353
66.249.75.83 - - [07/Feb/2015:03:27:25 -0500] "GET /BLA/resoluciones/AUTOS%202013/1461.pdf HTTP/1.1" 304 -
66.249.75.67 - - [07/Feb/2015:03:28:00 -0500] "GET /BLA/resoluciones/Autos%202008/1069.pdf HTTP/1.1" 200 181621
180.76.5.61 - - [07/Feb/2015:03:28:27 -0500] "GET /BLA/boletinlegal;jsessionid=FCE7F0EC67CD7701B69C1FCA3E89FC4F?/? HTTP/1.1" 404 1018
74.86.158.107 - - [07/Feb/2015:03:28:33 -0500] "HEAD / HTTP/1.1" 302 -
188.165.15.193 - - [07/Feb/2015:03:28:38 -0500] "GET /BLA/resoluciones/RESOLUCIONES%202005/RES%202005%201001-1050/00001045.tif HTTP/1.1" 200 129266
66.249.75.67 - - [07/Feb/2015:03:29:18 -0500] "GET /BLA/resoluciones/AUTOS%202007/1654.pdf HTTP/1.1" 200 201493
66.249.75.83 - - [07/Feb/2015:03:29:55 -0500] "GET /BLA/resoluciones/AUTOS%202011/0009.pdf HTTP/1.1" 200 202441
180.76.5.60 - - [07/Feb/2015:03:30:15 -0500] "GET /BLA/resoluciones/AUTOS%202011/4861.pdf HTTP/1.1" 200 160343
190.25.232.143 - - [07/Feb/2015:03:30:22 -0500] "GET /galeria/nivo-slider/demo/images/Jornada-adopcion.jpg HTTP/1.1" 304 -
66.249.75.51 - - [07/Feb/2015:03:30:45 -0500] "GET /BLA/resoluciones/AUTOS%202012/2453.pdf HTTP/1.1" 200 1373048
66.249.75.67 - - [07/Feb/2015:03:31:48 -0500] "GET /BLA/resoluciones/RESOLUCIONES%202009/9581.pdf HTTP/1.1" 304 -
66.249.75.51 - - [07/Feb/2015:03:32:34 -0500] "GET /BLA/resoluciones/RESOLUCIONES%202013/1140.pdf HTTP/1.1" 304 -
180.76.5.155 - - [07/Feb/2015:03:32:45 -0500] "GET /BLA/boletinlegal/Circulares/2013/Circular%20No.%202%20del%2022%20de%20enero%20de%202013.pdf HTTP/1.1" 200 85466
66.249.75.83 - - [07/Feb/2015:03:33:09 -0500] "GET /BLA/resoluciones/RESOLUCIONES%202011/4716.pdf HTTP/1.1" 200 457484
74.86.158.107 - - [07/Feb/2015:03:33:33 -0500] "HEAD / HTTP/1.1" 302 -
188.165.15.108 - - [07/Feb/2015:03:34:13 -0500] "GET /BLA/resoluciones/RESOLUCIONES%202006/RES%202006%202351-2400/00002363.tif HTTP/1.1" 200 37190
188.165.15.87 - - [07/Feb/2015:03:34:26 -0500] "GET /BLA/resoluciones/RESOLUCIONES%202004/RES%202004%20451-500/00000477.tif HTTP/1.1" 200 209702
180.76.6.41 - - [07/Feb/2015:03:34:36 -0500] "GET /BLA/resoluciones/RESOLUCIONES%202007/RES%202007%20201%20AL%20300/RESOLUCION%200233%20DE%202007.pdf HTTP/1.1" 200 161306
66.249.75.51 - - [07/Feb/2015:03:35:01 -0500] "GET /BLA/resoluciones/index.php?dir=RESOLUCIONES%202009/&sort=size&order=desc HTTP/1.1" 200 1672911
188.165.15.200 - - [07/Feb/2015:03:35:29 -0500] "GET /BLA/resoluciones/RESOLUCIONES%202003/RES%202003%201451-1500/20031477.tif HTTP/1.1" 200 160072
157.55.39.150 - - [07/Feb/2015:03:35:41 -0500] "GET /dama/libreria/php/decide.php?patron=03.1305020113&numm=24 HTTP/1.1" 404 1015
66.249.69.79 - - [07/Feb/2015:03:35:52 -0500] "GET /portalsiaccapacitaciones/Soportes%20Capacitaciones%20A%C3%B1o%202013/0026.%20Uso%20eficiente%20%20y%20Calidad%20del%20Agua%20EAAB%20%2018%20de%20Julio.pdf HTTP/1.1" 304 -
66.249.75.83 - - [07/Feb/2015:03:36:12 -0500] "GET /BLA/resoluciones/AUTOS%202013/1300.pdf HTTP/1.1" 304 -
66.249.75.67 - - [07/Feb/2015:03:37:24 -0500] "GET /BLA/resoluciones/Autos%202008/1300.pdf HTTP/1.1" 200 280906
187.188.109.56 - - [07/Feb/2015:03:37:30 -0500] "GET /BLA/boletinlegal/js/jquery.scrollShow.js HTTP/1.1" 200 4586
187.188.109.56 - - [07/Feb/2015:03:37:30 -0500] "GET /BLA/boletinlegal/js/jquery.scrollTo-min.js HTTP/1.1" 200 1150
187.188.109.56 - - [07/Feb/2015:03:37:30 -0500] "GET /BLA/boletinlegal/js/jquery.js HTTP/1.1" 200 57254
188.165.15.108 - - [07/Feb/2015:03:38:04 -0500] "GET /BLA/resoluciones/RESOLUCIONES%202002/RES%202002%201951-1971/20021961.tif HTTP/1.1" 200 230042
74.86.158.107 - - [07/Feb/2015:03:38:33 -0500] "HEAD / HTTP/1.1" 302 -
66.249.75.67 - - [07/Feb/2015:03:38:56 -0500] "GET /BLA/resoluciones/Autos%202008/2234.pdf HTTP/1.1" 200 177710
66.249.75.67 - - [07/Feb/2015:03:39:09 -0500] "GET /BLA/resoluciones/RESOLUCIONES%202007/RES%202007%201401%20AL%201500/RESOLUCION%201409%20DE%202007.pdf HTTP/1.1" 304 -
66.249.75.67 - - [07/Feb/2015:03:39:11 -0500] "GET /BLA/resoluciones/AUTOS%202010/5592.pdf HTTP/1.1" 304 -
66.249.75.67 - - [07/Feb/2015:03:39:11 -0500] "GET /BLA/resoluciones/RESOLUCIONES%202007/RES%202007%20501%20AL%20600/RESOLUCION%200563%20DE%202007.pdf HTTP/1.1" 200 270944
66.249.75.83 - - [07/Feb/2015:03:40:35 -0500] "GET /BLA/resoluciones/RESOLUCIONES%202007/RES%202007%20401%20AL%20500/RESOLUCION%200441%20DE%202007.pdf HTTP/1.1" 304 -
66.249.75.83 - - [07/Feb/2015:03:41:05 -0500] "GET /BLA/resoluciones/RESOLUCIONES%202004/RES%202004%20801-850/00000834.tif HTTP/1.1" 200 168412
123.125.71.56 - - [07/Feb/2015:03:41:08 -0500] "GET / HTTP/1.1" 302 -
66.249.75.51 - - [07/Feb/2015:03:42:01 -0500] "GET /BLA/resoluciones/AUTOS%202012/2140.pdf HTTP/1.1" 200 1659136
66.249.75.67 - - [07/Feb/2015:03:42:24 -0500] "GET /BLA/normas/7189.pdf HTTP/1.1" 200 208906
187.188.109.56 - - [07/Feb/2015:03:37:34 -0500] "GET /videos/CRRFFS.mp4 HTTP/1.1" 200 286784363
220.181.108.107 - - [07/Feb/2015:03:42:56 -0500] "GET / HTTP/1.1" 302 -
188.165.15.41 - - [07/Feb/2015:03:43:17 -0500] "GET /BLA/resoluciones/RESOLUCIONES%202003/RES%202003%201601-1650/20031646.tif HTTP/1.1" 200 285342
74.86.158.107 - - [07/Feb/2015:03:43:33 -0500] "HEAD / HTTP/1.1" 302 -
66.249.75.51 - - [07/Feb/2015:03:44:34 -0500] "GET /BLA/resoluciones/AUTOS%202007/0938.pdf HTTP/1.1" 200 82481
180.76.5.78 - - [07/Feb/2015:03:44:36 -0500] "GET /BLA/resoluciones/RESOLUCIONES%202007/RES%202007%20201%20AL%20300/RESOLUCION%200293%20DE%202007.pdf HTTP/1.1" 200 610342
188.165.15.41 - - [07/Feb/2015:03:44:40 -0500] "GET /BLA/resoluciones/RESOLUCIONES%202002/RES%202002%201701-1750/20021726.tif HTTP/1.1" 200 121290
66.249.75.51 - - [07/Feb/2015:03:44:59 -0500] "GET /BLA/resoluciones/RESOLUCIONES%202007/RES%202007%202101%20AL%202200/RESOLUCION%202125%20DE%202007.pdf HTTP/1.1" 200 534352
66.249.75.83 - - [07/Feb/2015:03:45:06 -0500] "GET /galeria/nivo-slider/demo/images/porloshumedales.jpg HTTP/1.1" 304 -
180.76.5.150 - - [07/Feb/2015:03:45:15 -0500] "GET /BLA/resoluciones/AUTOS%202009/0597.pdf HTTP/1.1" 200 128539
66.249.75.67 - - [07/Feb/2015:03:45:42 -0500] "GET /BLA/resoluciones/RESOLUCIONES%202010/6439.pdf HTTP/1.1" 304 -
66.249.75.83 - - [07/Feb/2015:03:45:44 -0500] "GET /BLA/resoluciones/AUTOS%202012/1584.pdf HTTP/1.1" 200 2145898
66.249.69.111 - - [07/Feb/2015:03:46:17 -0500] "GET /Anexos%20estudio%20Organizacional%20SDA/ANEXO%20No.%201-%20NORMAS%20LEGALES%20DE%20ESTRUCTURA%20Y%20PLANTA/Decreto%20109%20de%202009%20-%20Modifica%20la%20estructura%20de%20la%20SDA.jsp_files/FFFFFFsl.gif HTTP/1.1" 200 83
74.86.158.107 - - [07/Feb/2015:03:48:33 -0500] "HEAD / HTTP/1.1" 302 -
66.249.75.83 - - [07/Feb/2015:03:48:44 -0500] "GET /BLA/resoluciones/Autos%202008/1275.pdf HTTP/1.1" 200 220830
66.249.75.83 - - [07/Feb/2015:03:48:59 -0500] "GET /BLA/resoluciones/AUTOS%202009/2941.pdf HTTP/1.1" 200 177825
66.249.75.83 - - [07/Feb/2015:03:49:22 -0500] "GET /BLA/resoluciones/RESOLUCIONES%202010/5720.pdf HTTP/1.1" 304 -
180.76.4.148 - - [07/Feb/2015:03:49:38 -0500] "GET / HTTP/1.1" 302 -
180.76.5.22 - - [07/Feb/2015:03:51:25 -0500] "GET /BLA/resoluciones/RESOLUCIONES%202007/RES%202007%202201%20AL%202300/RESOLUCION%202241%20DE%202007.pdf HTTP/1.1" 200 606938
188.165.15.41 - - [07/Feb/2015:03:52:03 -0500] "GET /BLA/resoluciones/RESOLUCIONES%202003/RES%202003%20851-900/894.tif HTTP/1.1" 200 206436
100.43.85.25 - - [07/Feb/2015:03:52:07 -0500] "GET /robots.txt HTTP/1.1" 404 1019
100.43.85.25 - - [07/Feb/2015:03:52:09 -0500] "GET /videos/ambiente-ciudad/programas/ambiente_ciudad_Marzo4.mp3 HTTP/1.1" 206 16385
100.43.85.25 - - [07/Feb/2015:03:52:12 -0500] "GET /videos/?C=M;O=A HTTP/1.1" 200 48637
100.43.85.25 - - [07/Feb/2015:03:52:14 -0500] "GET /StormSDA/lib/win32/?C=N;O=A HTTP/1.1" 200 1203
66.249.75.51 - - [07/Feb/2015:03:52:15 -0500] "GET /BLA/resoluciones/RESOLUCIONES%202007/RES%202007%201401%20AL%201500/RESOLUCION%201493%20DE%202007.pdf HTTP/1.1" 200 243099
100.43.85.25 - - [07/Feb/2015:03:52:16 -0500] "GET /phpscripts/ HTTP/1.1" 404 1019
37.140.141.18 - - [07/Feb/2015:03:52:19 -0500] "GET / HTTP/1.1" 302 -
188.165.15.27 - - [07/Feb/2015:03:52:27 -0500] "GET /BLA/resoluciones/RESOLUCIONES%202004/RES%202004%20251-300/00000273.tif HTTP/1.1" 200 95272
180.76.6.49 - - [07/Feb/2015:03:53:28 -0500] "GET /BLA/boletinlegal;jsessionid=1DB692B296421BCE57D7A2D8BFADC6B0?/? HTTP/1.1" 404 1018
74.86.158.107 - - [07/Feb/2015:03:53:33 -0500] "HEAD / HTTP/1.1" 302 -
66.249.75.83 - - [07/Feb/2015:03:53:45 -0500] "GET /BLA/resoluciones/RESOLUCIONES%202010/5315.pdf HTTP/1.1" 304 -
66.249.75.51 - - [07/Feb/2015:03:53:50 -0500] "GET /BLA/resoluciones/AUTOS%202012/1727.pdf HTTP/1.1" 200 1975846
180.76.5.173 - - [07/Feb/2015:03:55:02 -0500] "GET /BLA/boletinlegal;jsessionid=653E3205BE28BC7D9D0F22F977B0A71A?/? HTTP/1.1" 404 1018
213.251.182.10 - - [07/Feb/2015:03:55:25 -0500] "GET /Autoliquidacion/index.php?dir=Solicitudes%20relacionadas%20con%20calidad%20del%20aire%20auditiva%20y%20visual/Registro%20de%20Elementos%20de%20publicidad%20Exterior%20Visual/'&sort=date'&order=desc'\" HTTP/1.1" 200 7001
213.251.182.10 - - [07/Feb/2015:03:55:25 -0500] "GET /Autoliquidacion/index.php?dir=Solicitudes%20relacionadas%20con%20calidad%20del%20aire%20auditiva%20y%20visual%2FRegistro%20de%20Elementos%20de%20publicidad%20Exterior%20Visual%2F&sort=date&order=desc HTTP/1.0" 200 4036
66.249.75.67 - - [07/Feb/2015:03:55:33 -0500] "GET /BLA/resoluciones/RESOLUCIONES%202007/RES%202007%201%20AL%20100/RESOLUCION%200080%20DE%202007.pdf HTTP/1.1" 200 135878
66.249.75.51 - - [07/Feb/2015:03:57:14 -0500] "GET /BLA/resoluciones/AUTOS%202012/2465.pdf HTTP/1.1" 200 420635
188.186.4.198 - - [07/Feb/2015:03:57:41 -0500] "GET / HTTP/1.0" 302 -
66.249.75.67 - - [07/Feb/2015:03:58:09 -0500] "GET /reports/rwservlet/getjobid216975?server=rep_srvapsda HTTP/1.1" 200 6554
74.86.158.107 - - [07/Feb/2015:03:58:33 -0500] "HEAD / HTTP/1.1" 302 -
66.249.75.83 - - [07/Feb/2015:03:58:35 -0500] "GET /BLA/resoluciones/RESOLUCIONES%202011/0810.pdf HTTP/1.1" 304 -
66.249.75.51 - - [07/Feb/2015:03:58:49 -0500] "GET /BLA/resoluciones/RESOLUCIONES%202009/4035.pdf HTTP/1.1" 200 591473
66.249.75.67 - - [07/Feb/2015:03:59:10 -0500] "GET /BLA/resoluciones/RESOLUCIONES%202007/RES%202007%203401%20AL%203500/RESOLUCION%203496%20DE%202007.pdf HTTP/1.1" 200 580842
192.241.208.172 - - [07/Feb/2015:03:59:52 -0500] "GET /galeria/carrusel/Carrusel/jquery.thumbnailScroller.css HTTP/1.0" 200 2066
213.251.182.10 - - [07/Feb/2015:04:00:26 -0500] "-" 408 -
66.249.75.83 - - [07/Feb/2015:04:02:07 -0500] "GET /BLA/resoluciones/AUTOS%202013/2000.pdf HTTP/1.1" 200 1917726
66.249.69.111 - - [07/Feb/2015:04:02:32 -0500] "GET /Anexos%20estudio%20Organizacional%20SDA/ANEXO%20No.%208%20-%20MATRICES%20DE%20REGISTRO%20Y%20DE%20SALIDA%20MEDICI%C3%93N%20CARGAS%20LABORALES%20SDA/7.%20Direcci%C3%B3n%20Legal%20Ambiental/Legal.xls HTTP/1.1" 200 203264
188.165.15.27 - - [07/Feb/2015:04:03:09 -0500] "GET /BLA/resoluciones/RESOLUCIONES%202006/RES%202006%20%202801-2850/00002819.tif HTTP/1.1" 200 191532
66.249.75.67 - - [07/Feb/2015:04:03:17 -0500] "GET /BLA/resoluciones/AUTOS%202010/5715.pdf HTTP/1.1" 200 152165
66.249.75.83 - - [07/Feb/2015:04:03:29 -0500] "GET /BLA/resoluciones/Autos%202008/3184.pdf HTTP/1.1" 200 232045
178.162.193.31 - - [07/Feb/2015:04:03:29 -0500] "GET /BLA/resoluciones/RESOLUCIONES%202009/9825.pdf HTTP/1.0" 200 591956
74.86.158.107 - - [07/Feb/2015:04:03:33 -0500] "HEAD / HTTP/1.1" 302 -
66.249.75.67 - - [07/Feb/2015:04:05:23 -0500] "GET /BLA/resoluciones/AUTOS%202013/0737.pdf HTTP/1.1" 200 993999
66.249.75.51 - - [07/Feb/2015:04:05:45 -0500] "GET /BLA/resoluciones/AUTOS%202012/1730.pdf HTTP/1.1" 200 1724260
66.249.75.51 - - [07/Feb/2015:04:06:56 -0500] "GET /Residuos/metalmecanica/files/search/searchtext.xml HTTP/1.1" 404 1018
180.76.5.22 - - [07/Feb/2015:04:07:06 -0500] "GET /BLA/boletinlegal;jsessionid=7DFD08E27D11A2D9D16F360CFCFD8D49?/? HTTP/1.1" 404 1018
188.165.15.87 - - [07/Feb/2015:04:07:45 -0500] "GET /BLA/resoluciones/RESOLUCIONES%202006/RES%202006%201201-1250/00001249.tif HTTP/1.1" 200 165912
66.249.75.51 - - [07/Feb/2015:04:07:49 -0500] "GET /BLA/boletinlegal/js/jquery.scrollTo-min.js HTTP/1.1" 200 1150
66.249.75.83 - - [07/Feb/2015:04:07:49 -0500] "GET /BLA/boletinlegal/js/jquery.scrollShow.js HTTP/1.1" 200 4586
