68.180.229.40 - - [15/Feb/2015:02:31:55 -0500] "GET /BLA/boletinlegal/Directivas/2011/Directiva%20No.%206%20del%208%20de%20Septiembre%20de%202011.pdf HTTP/1.1" 304 -
66.249.67.68 - - [15/Feb/2015:02:31:57 -0500] "GET /BLA/resoluciones/Autos%202008/2912.pdf HTTP/1.1" 200 112825
188.165.15.105 - - [15/Feb/2015:02:31:57 -0500] "GET /BLA/resoluciones/RESOLUCIONES%202006/RES%202006%202451-2500/00002457.tif HTTP/1.1" 200 40202
220.181.108.101 - - [15/Feb/2015:02:32:14 -0500] "GET / HTTP/1.1" 302 -
123.125.71.23 - - [15/Feb/2015:02:32:49 -0500] "GET / HTTP/1.1" 302 -
188.165.15.214 - - [15/Feb/2015:02:32:59 -0500] "GET /BLA/resoluciones/RESOLUCIONES%202003/RES%202003%201501-1550/20031538.tif HTTP/1.1" 200 161836
188.165.15.234 - - [15/Feb/2015:02:33:12 -0500] "GET /BLA/resoluciones/RESOLUCIONES%202005/RES%202005%202851-2900/00002876.tif HTTP/1.1" 200 367702
186.147.83.60 - - [15/Feb/2015:02:33:35 -0500] "GET /galeria/galeria/jquery.fancybox.css?v=2.1.5 HTTP/1.1" 200 4895
186.147.83.60 - - [15/Feb/2015:02:33:35 -0500] "GET /BLA/boletinlegal/js/jquery.scrollTo-min.js HTTP/1.1" 200 1150
186.147.83.60 - - [15/Feb/2015:02:33:35 -0500] "GET /galeria/galeria/jquery.fancybox.js?v=2.1.5 HTTP/1.1" 200 48706
186.147.83.60 - - [15/Feb/2015:02:33:35 -0500] "GET /BLA/boletinlegal/js/jquery.scrollShow.js HTTP/1.1" 200 4586
161.18.148.156 - - [15/Feb/2015:02:35:02 -0500] "GET /BLA/resoluciones/RESOLUCIONES%202011/1231.pdf HTTP/1.1" 200 511745
66.249.67.76 - - [15/Feb/2015:02:35:51 -0500] "GET /BLA/resoluciones/RESOLUCIONES%202004/RES%202004%202351-2401/00002364.tif HTTP/1.1" 200 117238
66.249.67.76 - - [15/Feb/2015:02:35:56 -0500] "GET /BLA/resoluciones/Notificaciones/AUTOS%202014/1934.doc HTTP/1.1" 200 252416
74.86.158.107 - - [15/Feb/2015:02:36:25 -0500] "HEAD / HTTP/1.1" 302 -
188.165.15.223 - - [15/Feb/2015:02:37:50 -0500] "GET /BLA/resoluciones/RESOLUCIONES%202004/RES%202004%20701-750/00000744.tif HTTP/1.1" 200 261192
66.249.67.68 - - [15/Feb/2015:02:38:07 -0500] "GET /BLA/resoluciones/RESOLUCIONES%202013/0350.pdf HTTP/1.1" 304 -
66.249.67.84 - - [15/Feb/2015:02:38:14 -0500] "GET /BLA/resoluciones/RESOLUCIONES%202010/6062.pdf HTTP/1.1" 200 641594
66.249.67.68 - - [15/Feb/2015:02:38:37 -0500] "GET /BLA/resoluciones/AUTOS%202007/0864.pdf HTTP/1.1" 200 78577
202.46.50.36 - - [15/Feb/2015:02:38:51 -0500] "GET /BLA/resoluciones/RESOLUCIONES%202009/1582.pdf HTTP/1.1" 200 547971
188.165.15.78 - - [15/Feb/2015:02:40:15 -0500] "GET /BLA/resoluciones/index.php?dir=RESOLUCIONES%202002/RES%202002%201251-1301/&sort=name&order=asc HTTP/1.1" 200 12148
66.249.67.76 - - [15/Feb/2015:02:40:37 -0500] "GET /BLA/resoluciones/Autos%202008/0295.pdf HTTP/1.1" 200 92804
188.165.15.105 - - [15/Feb/2015:02:41:03 -0500] "GET /BLA/resoluciones/RESOLUCIONES%202005/RES%202005%202201-2250/00002220.tif HTTP/1.1" 200 90176
66.249.67.68 - - [15/Feb/2015:02:41:14 -0500] "GET /BLA/resoluciones/Autos%202008/2839.pdf HTTP/1.1" 200 68450
188.165.15.223 - - [15/Feb/2015:02:41:20 -0500] "GET /BLA/resoluciones/RESOLUCIONES%202004/RES%202004%201301-1350/00001315.tif HTTP/1.1" 200 90906
74.86.158.107 - - [15/Feb/2015:02:41:25 -0500] "HEAD / HTTP/1.1" 302 -
180.76.6.232 - - [15/Feb/2015:02:42:38 -0500] "GET /BLA/resoluciones/RESOLUCIONES%202007/RES%202007%202201%20AL%202300/RESOLUCION%202205%20DE%202007.pdf HTTP/1.1" 200 551090
66.249.67.84 - - [15/Feb/2015:02:43:06 -0500] "GET /BLA/resoluciones/RESOLUCIONES%202006/RES%202006%202201-2250/00002231.tif HTTP/1.1" 200 242600
188.165.15.222 - - [15/Feb/2015:02:45:03 -0500] "GET /BLA/resoluciones/RESOLUCIONES%202005/RES%202005%202701%20-2750/00002735.tif HTTP/1.1" 200 37156
66.249.67.112 - - [15/Feb/2015:02:45:19 -0500] "GET /BLA/boletinlegal/jurisprudencia/analisis/Analisis%20jurisprudencial%20Sentencia%20C-366-11.doc HTTP/1.1" 304 -
66.249.67.68 - - [15/Feb/2015:02:46:20 -0500] "GET /BLA/resoluciones/AUTOS%202012/2526.pdf HTTP/1.1" 200 1687703
66.249.67.68 - - [15/Feb/2015:02:46:23 -0500] "GET /BLA/resoluciones/AUTOS%202010/0084.pdf HTTP/1.1" 200 156722
74.86.158.107 - - [15/Feb/2015:02:46:25 -0500] "HEAD / HTTP/1.1" 302 -
180.76.5.171 - - [15/Feb/2015:02:47:45 -0500] "GET /BLA/resoluciones/RESOLUCIONES%202007/RES%202007%202201%20AL%202300/RESOLUCION%202202%20DE%202007.pdf HTTP/1.1" 200 254601
188.165.15.234 - - [15/Feb/2015:02:47:57 -0500] "GET /BLA/resoluciones/RESOLUCIONES%202006/RES%202006%201951-2000/INDEX.DAT HTTP/1.1" 200 2000
180.76.6.134 - - [15/Feb/2015:02:48:17 -0500] "GET /BLA/boletinlegal;jsessionid=96255802B8C32074364985780AD8FF1C?/? HTTP/1.1" 404 1018
188.165.15.105 - - [15/Feb/2015:02:48:34 -0500] "GET /BLA/resoluciones/AUTOS%202006/AUTOS%202006%201-100/00000075.tif HTTP/1.1" 200 56510
66.249.67.68 - - [15/Feb/2015:02:50:44 -0500] "GET /BLA/resoluciones/Autos%202008/1406.pdf HTTP/1.1" 200 241102
66.249.67.68 - - [15/Feb/2015:02:50:51 -0500] "GET /BLA/resoluciones/RESOLUCIONES%202006/RES%202006%201451-1500/00001487.tif HTTP/1.1" 200 168640
188.165.15.223 - - [15/Feb/2015:02:50:55 -0500] "GET /BLA/resoluciones/RESOLUCIONES%202005/RES%202005%201801-1850/00001808.tif HTTP/1.1" 200 37134
74.86.158.107 - - [15/Feb/2015:02:51:25 -0500] "HEAD / HTTP/1.1" 302 -
66.249.67.120 - - [15/Feb/2015:02:52:31 -0500] "GET /videos/galeria-fotografica/ HTTP/1.1" 200 1971
157.55.39.194 - - [15/Feb/2015:02:53:03 -0500] "GET /galeria/galeria/jquery.fancybox.css?v=2.1.5 HTTP/1.1" 200 4895
31.4.189.45 - - [15/Feb/2015:02:54:33 -0500] "GET /galeria/galeria/jquery.fancybox.css?v=2.1.5 HTTP/1.1" 200 4895
31.4.189.45 - - [15/Feb/2015:02:54:33 -0500] "GET /BLA/boletinlegal/js/jquery.scrollTo-min.js HTTP/1.1" 200 1150
31.4.189.45 - - [15/Feb/2015:02:54:34 -0500] "GET /BLA/boletinlegal/js/jquery.scrollShow.js HTTP/1.1" 200 4586
31.4.189.45 - - [15/Feb/2015:02:54:34 -0500] "GET /galeria/galeria/jquery.fancybox.js?v=2.1.5 HTTP/1.1" 200 48706
31.4.189.45 - - [15/Feb/2015:02:54:37 -0500] "GET /hidrico/aguas%20subterraneas/ HTTP/1.1" 404 1296
74.86.158.107 - - [15/Feb/2015:02:56:25 -0500] "HEAD / HTTP/1.1" 302 -
188.165.15.223 - - [15/Feb/2015:02:56:43 -0500] "GET /BLA/resoluciones/RESOLUCIONES%202003/RES%202003%20151-200/2003RES189.tif HTTP/1.1" 200 91480
66.249.67.84 - - [15/Feb/2015:02:56:45 -0500] "GET /BLA/resoluciones/RESOLUCIONES%202011/3779.pdf HTTP/1.1" 200 450537
188.165.15.234 - - [15/Feb/2015:02:56:59 -0500] "GET /BLA/resoluciones/AUTOS%202006/AUTOS%202006%201-100/00000045.tif HTTP/1.1" 200 50474
195.245.194.62 - - [15/Feb/2015:02:57:19 -0500] "GET /autoliquidacion/index.php?dir=Grupo%20Forestal%20-%20Industria%20de%20la%20Madera%2F'\" HTTP/1.1" 200 6698
195.245.194.62 - - [15/Feb/2015:02:57:20 -0500] "GET /autoliquidacion/index.php?dir=Grupo%20Forestal%20-%20Industria%20de%20la%20Madera%2F HTTP/1.0" 200 7201
188.165.15.211 - - [15/Feb/2015:02:57:36 -0500] "GET /BLA/resoluciones/RESOLUCIONES%202004/RES%202004%201901-1950/00001910.tif HTTP/1.1" 200 43924
66.249.67.68 - - [15/Feb/2015:02:58:12 -0500] "GET /BLA/resoluciones/Autos%202008/1638.pdf HTTP/1.1" 200 62244
188.165.15.105 - - [15/Feb/2015:02:58:19 -0500] "GET /BLA/resoluciones/RESOLUCIONES%202006/RES%202006%20451-500/00000477.tif HTTP/1.1" 200 158146
66.249.67.76 - - [15/Feb/2015:02:59:03 -0500] "GET /BLA/resoluciones/RESOLUCIONES%202005/RES%202005%202151-2200/00002175.tif HTTP/1.1" 200 422960
66.249.67.84 - - [15/Feb/2015:02:59:26 -0500] "GET /BLA/resoluciones/RESOLUCIONES%202007/RES%202007%201501%20AL%201600/RESOLUCION%201559%20DE%202007.pdf HTTP/1.1" 200 544366
66.249.67.68 - - [15/Feb/2015:02:59:43 -0500] "GET /BLA/resoluciones/RESOLUCIONES%202007/RES%202007%20701%20AL%20800/RESOLUCION%200705%20DE%202007.pdf HTTP/1.1" 304 -
74.86.158.107 - - [15/Feb/2015:03:01:25 -0500] "HEAD / HTTP/1.1" 302 -
195.245.194.62 - - [15/Feb/2015:03:02:21 -0500] "-" 408 -
180.76.6.53 - - [15/Feb/2015:03:02:50 -0500] "GET /BLA/resoluciones/RESOLUCIONES%202007/RES%202007%20201%20AL%20300/RESOLUCION%200273%20DE%202007.pdf HTTP/1.1" 200 309577
180.76.6.147 - - [15/Feb/2015:03:03:23 -0500] "GET /BLA/boletinlegal;jsessionid=A60ECDB1CDD6A24D166F612D0E0DA46A?/? HTTP/1.1" 404 1018
66.249.67.68 - - [15/Feb/2015:03:04:45 -0500] "GET /BLA/resoluciones/RESOLUCIONES%202011/5794.pdf HTTP/1.1" 304 -
180.76.6.48 - - [15/Feb/2015:03:05:08 -0500] "GET /BLA/boletinlegal;jsessionid=9BFED966594BC9F5232C63AB4A84534F?/? HTTP/1.1" 404 1018
213.251.182.10 - - [15/Feb/2015:03:05:08 -0500] "GET /Anexos%20estudio%20Organizacional%20SDA/index.php?dir=ANEXO%20No.%201-%20NORMAS%20LEGALES%20DE%20ESTRUCTURA%20Y%20PLANTA%2FRESE%D1A%20HIST%D3RICA%20SDA-NORMAS%2FLey%2099%20de%201993%20-%20Crea%20MimAmbiente_files%2F'\" HTTP/1.1" 200 6505
213.251.182.10 - - [15/Feb/2015:03:05:09 -0500] "GET /Anexos%20estudio%20Organizacional%20SDA/index.php?dir=ANEXO%20No.%201-%20NORMAS%20LEGALES%20DE%20ESTRUCTURA%20Y%20PLANTA%2FRESE%D1A%20HIST%D3RICA%20SDA-NORMAS%2FLey%2099%20de%201993%20-%20Crea%20MimAmbiente_files%2F HTTP/1.0" 200 10385
66.249.67.104 - - [15/Feb/2015:03:05:11 -0500] "GET /BLA/boletinlegal/index.php HTTP/1.1" 200 50694
178.162.214.71 - - [15/Feb/2015:03:06:09 -0500] "GET /wp-admin/ HTTP/1.1" 404 1018
66.249.67.84 - - [15/Feb/2015:03:06:20 -0500] "GET /BLA/resoluciones/Autos%202008/1524.pdf HTTP/1.1" 200 342780
74.86.158.107 - - [15/Feb/2015:03:06:25 -0500] "HEAD / HTTP/1.1" 302 -
65.55.218.46 - - [15/Feb/2015:03:06:57 -0500] "GET /BLA/boletinlegal/js/jquery.scrollShow.js HTTP/1.1" 200 4586
65.55.211.251 - - [15/Feb/2015:03:06:57 -0500] "GET /BLA/boletinlegal/js/jquery.scrollTo-min.js HTTP/1.1" 200 1150
65.55.211.251 - - [15/Feb/2015:03:06:57 -0500] "GET /galeria/galeria/jquery.fancybox.js?v=2.1.5 HTTP/1.1" 200 48706
65.55.218.46 - - [15/Feb/2015:03:06:57 -0500] "GET /galeria/galeria/jquery.fancybox.css?v=2.1.5 HTTP/1.1" 200 4895
188.165.15.41 - - [15/Feb/2015:03:07:05 -0500] "GET /BLA/resoluciones/RESOLUCIONES%202005/RES%202005%201551-1600/00001561.tif HTTP/1.1" 200 202002
66.249.67.84 - - [15/Feb/2015:03:07:10 -0500] "GET /BLA/resoluciones/RESOLUCIONES%202011/4566.pdf HTTP/1.1" 200 640310
66.249.67.84 - - [15/Feb/2015:03:07:20 -0500] "GET /BLA/resoluciones/Autos%202008/2016.pdf HTTP/1.1" 200 149320
65.55.212.86 - - [15/Feb/2015:03:09:02 -0500] "GET /BLA/boletinlegal/js/jquery.scrollTo-min.js HTTP/1.1" 200 1150
131.253.24.141 - - [15/Feb/2015:03:09:02 -0500] "GET /BLA/boletinlegal/js/jquery.scrollShow.js HTTP/1.1" 200 4586
65.55.212.86 - - [15/Feb/2015:03:09:02 -0500] "GET /galeria/galeria/jquery.fancybox.js?v=2.1.5 HTTP/1.1" 200 48706
131.253.24.141 - - [15/Feb/2015:03:09:02 -0500] "GET /galeria/galeria/jquery.fancybox.css?v=2.1.5 HTTP/1.1" 200 4895
123.125.71.32 - - [15/Feb/2015:03:09:45 -0500] "GET /BLA/resoluciones/AUTOS%202014/2505.pdf HTTP/1.1" 304 -
66.249.67.84 - - [15/Feb/2015:03:09:57 -0500] "GET /BLA/resoluciones/RESOLUCIONES%202007/RES%202007%204001%20AL%204100/RESOLUCION%204097%20DE%202007.pdf HTTP/1.1" 200 2853072
213.251.182.10 - - [15/Feb/2015:03:10:10 -0500] "-" 408 -
188.165.15.223 - - [15/Feb/2015:03:10:55 -0500] "GET /BLA/resoluciones/RESOLUCIONES%202006/RES%202006%202251-2300/00002264.tif HTTP/1.1" 200 215014
66.249.67.68 - - [15/Feb/2015:03:11:06 -0500] "GET /BLA/resoluciones/AUTOS%202010/5467.pdf HTTP/1.1" 304 -
74.86.158.107 - - [15/Feb/2015:03:11:25 -0500] "HEAD / HTTP/1.1" 302 -
66.249.67.84 - - [15/Feb/2015:03:11:54 -0500] "GET /BLA/resoluciones/RESOLUCIONES%202006/RES%202006%202201-2250/00002209.tif HTTP/1.1" 200 563088
188.165.15.22 - - [15/Feb/2015:03:12:05 -0500] "GET /BLA/resoluciones/RESOLUCIONES%202006/RES%202006%20401-450/00000439.tif HTTP/1.1" 200 260336
188.165.15.41 - - [15/Feb/2015:03:12:13 -0500] "GET /BLA/resoluciones/RESOLUCIONES%202004/RES%202004%20801-850/00000814.tif HTTP/1.1" 200 129816
188.165.15.78 - - [15/Feb/2015:03:12:16 -0500] "GET /BLA/resoluciones/RESOLUCIONES%202004/RES%202004%201601-1650/00001638.tif HTTP/1.1" 200 175584
199.30.24.2 - - [15/Feb/2015:03:12:46 -0500] "GET /galeria/galeria/jquery.fancybox.css?v=2.1.5 HTTP/1.1" 200 4895
188.165.15.214 - - [15/Feb/2015:03:14:17 -0500] "GET /BLA/resoluciones/RESOLUCIONES%202004/RES%202004%202151-2200/00002176.tif HTTP/1.1" 200 168822
178.162.214.71 - - [15/Feb/2015:03:15:41 -0500] "GET /test/wp-admin/ HTTP/1.1" 404 1018
188.165.15.41 - - [15/Feb/2015:03:16:16 -0500] "GET /BLA/resoluciones/RESOLUCIONES%202002/RES%202002%201301-1350/20021336.tif HTTP/1.1" 200 77728
74.86.158.107 - - [15/Feb/2015:03:16:25 -0500] "HEAD / HTTP/1.1" 302 -
66.249.67.68 - - [15/Feb/2015:03:16:39 -0500] "GET /BLA/resoluciones/Autos%202008/2746.pdf HTTP/1.1" 200 248512
180.76.5.196 - - [15/Feb/2015:03:16:51 -0500] "GET /BLA/resoluciones/RESOLUCIONES%202007/RES%202007%202201%20AL%202300/RESOLUCION%202229%20DE%202007.pdf HTTP/1.1" 200 53496
66.249.67.84 - - [15/Feb/2015:03:17:35 -0500] "GET /BLA/resoluciones/AUTOS%202013/3067.pdf HTTP/1.1" 200 660331
66.249.67.104 - - [15/Feb/2015:03:17:40 -0500] "GET /PORTAL_SIAC/swf/Residuos/impresion/files/guia_impresion-lit.pdf HTTP/1.1" 200 12573981
188.165.15.211 - - [15/Feb/2015:03:20:07 -0500] "GET /BLA/resoluciones/RESOLUCIONES%202003/RES%202003%20751-800/789.tif HTTP/1.1" 200 135736
66.249.67.84 - - [15/Feb/2015:03:21:00 -0500] "GET /BLA/resoluciones/Autos%202008/1048.pdf HTTP/1.1" 200 165012
188.165.15.22 - - [15/Feb/2015:03:21:02 -0500] "GET /BLA/resoluciones/index.php?dir=RESOLUCIONES%202005/RES%202005%202201-2250/&sort=date&order=desc HTTP/1.1" 200 12362
66.249.67.76 - - [15/Feb/2015:03:21:12 -0500] "GET /BLA/resoluciones/RESOLUCIONES%202007/RES%202007%20601%20AL%20700/RESOLUCION%200657%20DE%202007.pdf HTTP/1.1" 200 309281
74.86.158.107 - - [15/Feb/2015:03:21:25 -0500] "HEAD / HTTP/1.1" 302 -
66.249.67.68 - - [15/Feb/2015:03:21:46 -0500] "GET /BLA/resoluciones/RESOLUCIONES%202006/RES%202006%202201-2250/00002229.tif HTTP/1.1" 200 240660
66.249.67.68 - - [15/Feb/2015:03:23:12 -0500] "GET /BLA/resoluciones/Autos%202008/2068.pdf HTTP/1.1" 200 83633
123.125.71.53 - - [15/Feb/2015:03:23:41 -0500] "GET / HTTP/1.1" 302 -
180.76.6.154 - - [15/Feb/2015:03:24:18 -0500] "GET /BLA/boletinlegal;jsessionid=89CFA62A68DF844AB539C2A59B1066DD?/? HTTP/1.1" 404 1018
66.249.67.68 - - [15/Feb/2015:03:24:28 -0500] "GET /BLA/resoluciones/RESOLUCIONES%202013/0372.pdf HTTP/1.1" 304 -
66.249.67.76 - - [15/Feb/2015:03:24:35 -0500] "GET /BLA/resoluciones/Autos%202008/2872.pdf HTTP/1.1" 200 262234
178.162.214.71 - - [15/Feb/2015:03:24:46 -0500] "GET /wordpress/wp-admin/ HTTP/1.1" 404 1018
180.76.6.64 - - [15/Feb/2015:03:24:51 -0500] "GET /BLA/boletinlegal;jsessionid=645017710DEF5939938FCE5946CF9D5B?/? HTTP/1.1" 404 1018
220.181.108.81 - - [15/Feb/2015:03:25:16 -0500] "GET / HTTP/1.1" 302 -
180.76.5.75 - - [15/Feb/2015:03:26:25 -0500] "GET /BLA/boletinlegal;jsessionid=1A88E8B90F7002A5FF8260AD6E1A5057?/? HTTP/1.1" 404 1018
74.86.158.107 - - [15/Feb/2015:03:26:25 -0500] "HEAD / HTTP/1.1" 302 -
188.165.15.223 - - [15/Feb/2015:03:27:42 -0500] "GET /BLA/resoluciones/RESOLUCIONES%202004/RES%202004%20201-250/00000223.tif HTTP/1.1" 200 119562
66.249.67.76 - - [15/Feb/2015:03:28:00 -0500] "GET /BLA/resoluciones/RESOLUCIONES%202010/1868.pdf HTTP/1.1" 200 259063
66.249.67.84 - - [15/Feb/2015:03:29:59 -0500] "GET /BLA/resoluciones/RESOLUCIONES%202010/6502.pdf HTTP/1.1" 200 573044
188.165.15.214 - - [15/Feb/2015:03:30:40 -0500] "GET /BLA/resoluciones/index.php?dir=RESOLUCIONES%202003/RES%202003%20451-500/&sort=name&order=asc HTTP/1.1" 200 11311
74.86.158.107 - - [15/Feb/2015:03:31:25 -0500] "HEAD / HTTP/1.1" 302 -
66.249.67.84 - - [15/Feb/2015:03:31:34 -0500] "GET /BLA/resoluciones/AUTOS%202012/0153.pdf HTTP/1.1" 304 -
66.249.67.76 - - [15/Feb/2015:03:31:51 -0500] "GET /BLA/resoluciones/RESOLUCIONES%202006/RES%202006%201451-1500/00001459.tif HTTP/1.1" 200 238118
188.165.15.187 - - [15/Feb/2015:03:32:07 -0500] "GET /BLA/resoluciones/RESOLUCIONES%202003/RES%202003%201301-1350/20031314.tif HTTP/1.1" 200 86804
188.165.15.234 - - [15/Feb/2015:03:33:02 -0500] "GET /BLA/resoluciones/RESOLUCIONES%202006/RES%202006%201701-1751/00001718.tif HTTP/1.1" 200 133016
180.76.5.191 - - [15/Feb/2015:03:33:25 -0500] "GET /BLA/boletinlegal;jsessionid=307216E1204C79C4A87FC6E9112BDFC2?/? HTTP/1.1" 404 1018
178.162.214.71 - - [15/Feb/2015:03:33:43 -0500] "GET /blog/wp-admin/ HTTP/1.1" 404 1018
66.249.67.76 - - [15/Feb/2015:03:34:18 -0500] "GET /BLA/resoluciones/Autos%202008/2183.pdf HTTP/1.1" 200 80980
66.249.67.84 - - [15/Feb/2015:03:34:23 -0500] "GET /BLA/resoluciones/RESOLUCIONES%202010/5045.pdf HTTP/1.1" 200 757449
188.165.15.234 - - [15/Feb/2015:03:34:57 -0500] "GET /BLA/resoluciones/RESOLUCIONES%202006/RES%202006%202601-2650/00002638.tif HTTP/1.1" 200 255638
188.165.15.222 - - [15/Feb/2015:03:35:09 -0500] "GET /BLA/resoluciones/RESOLUCIONES%202002/RES%202002%201551-1600/20021576.tif HTTP/1.1" 200 116630
180.76.6.63 - - [15/Feb/2015:03:35:22 -0500] "GET /BLA/boletinlegal;jsessionid=15B9473E4594CEB3C4658D85A98218CA?/? HTTP/1.1" 404 1018
66.249.67.84 - - [15/Feb/2015:03:36:17 -0500] "GET /BLA/resoluciones/RESOLUCIONES%202010/6292.pdf HTTP/1.1" 200 402609
74.86.158.107 - - [15/Feb/2015:03:36:25 -0500] "HEAD / HTTP/1.1" 302 -
66.249.67.84 - - [15/Feb/2015:03:38:25 -0500] "GET /BLA/resoluciones/AUTOS%202007/1899.pdf HTTP/1.1" 200 100710
66.249.67.68 - - [15/Feb/2015:03:38:32 -0500] "GET /BLA/resoluciones/AUTOS%202013/0324.pdf HTTP/1.1" 304 -
66.249.67.68 - - [15/Feb/2015:03:40:08 -0500] "GET /BLA/resoluciones/RESOLUCIONES%202010/5216.pdf HTTP/1.1" 200 776957
188.165.15.223 - - [15/Feb/2015:03:40:30 -0500] "GET /BLA/resoluciones/RESOLUCIONES%202004/RES%202004%201601-1650/00001629.tif HTTP/1.1" 200 198254
180.76.6.51 - - [15/Feb/2015:03:40:31 -0500] "GET /BLA/resoluciones/RESOLUCIONES%202007/RES%202007%20201%20AL%20300/RESOLUCION%200294%20DE%202007.pdf HTTP/1.1" 200 453484
66.249.67.84 - - [15/Feb/2015:03:40:42 -0500] "GET /BLA/resoluciones/RESOLUCIONES%202005/RES%202005%201551-1600/00001575.tif HTTP/1.1" 200 105732
180.76.6.140 - - [15/Feb/2015:03:41:04 -0500] "GET /BLA/resoluciones/RESOLUCIONES%202007/RES%202007%20201%20AL%20300/RESOLUCION%200228%20DE%202007.pdf HTTP/1.1" 200 276461
74.86.158.107 - - [15/Feb/2015:03:41:25 -0500] "HEAD / HTTP/1.1" 302 -
188.165.15.22 - - [15/Feb/2015:03:41:28 -0500] "GET /BLA/resoluciones/RESOLUCIONES%202006/RES%202006%202451-2500/00002494.tif HTTP/1.1" 200 227870
188.165.15.162 - - [15/Feb/2015:03:42:24 -0500] "GET /BLA/resoluciones/RESOLUCIONES%202003/RES%202003%201751-1800/20031791.tif HTTP/1.1" 200 43324
178.162.214.71 - - [15/Feb/2015:03:42:37 -0500] "GET /wp/wp-admin/ HTTP/1.1" 404 1018
66.249.67.68 - - [15/Feb/2015:03:42:40 -0500] "GET /BLA/resoluciones/RESOLUCIONES%202005/RES%202005%202401-2450/00002407.tif HTTP/1.1" 200 183690
66.249.67.68 - - [15/Feb/2015:03:43:04 -0500] "GET /BLA/resoluciones/Autos%202008/3397.pdf HTTP/1.1" 200 102095
108.193.205.3 - - [15/Feb/2015:03:44:13 -0500] "PUT /webdav/configuration.php HTTP/1.1" 405 938
66.249.67.76 - - [15/Feb/2015:03:44:16 -0500] "GET /BLA/resoluciones/RESOLUCIONES%202009/0114.pdf HTTP/1.1" 200 188468
188.165.15.222 - - [15/Feb/2015:03:45:25 -0500] "GET /BLA/resoluciones/RESOLUCIONES%202006/RES%202006%201001-1050/00001034.tif HTTP/1.1" 200 75692
188.165.15.22 - - [15/Feb/2015:03:46:08 -0500] "GET /BLA/resoluciones/RESOLUCIONES%202004/RES%202004%202101-2150/00002103.tif HTTP/1.1" 200 196446
188.165.15.223 - - [15/Feb/2015:03:46:15 -0500] "GET /BLA/resoluciones/RESOLUCIONES%202002/RES%202002%20851-900/00000862.tif HTTP/1.1" 200 145022
74.86.158.107 - - [15/Feb/2015:03:46:25 -0500] "HEAD / HTTP/1.1" 302 -
188.165.15.223 - - [15/Feb/2015:03:47:31 -0500] "GET /BLA/resoluciones/RESOLUCIONES%202002/RES%202002%20851-900/00000868.tif HTTP/1.1" 200 85672
66.249.67.68 - - [15/Feb/2015:03:47:56 -0500] "GET /BLA/resoluciones/Autos%202008/2748.pdf HTTP/1.1" 200 201538
108.193.205.3 - - [15/Feb/2015:03:48:03 -0500] "PUT /webdav/configuration.php HTTP/1.1" 405 938
200.26.146.14 - - [15/Feb/2015:03:48:45 -0500] "GET /dama/libreria/jpg/ecosistemas/aulas/aa2_1.jpg HTTP/1.1" 404 1347
188.165.15.22 - - [15/Feb/2015:03:48:45 -0500] "GET /BLA/resoluciones/RESOLUCIONES%202003/RES%202003%201201-1250/2003RES1250.tif HTTP/1.1" 200 87400
188.165.15.223 - - [15/Feb/2015:03:48:48 -0500] "GET /BLA/resoluciones/RESOLUCIONES%202005/RES%202005%201451-1500/00001482.tif HTTP/1.1" 200 140478
66.249.67.84 - - [15/Feb/2015:03:48:50 -0500] "GET /BLA/resoluciones/AUTOS%202008/2974.pdf HTTP/1.1" 200 92431
180.76.5.190 - - [15/Feb/2015:03:48:52 -0500] "GET /BLA/resoluciones/RESOLUCIONES%202007/RES%202007%203301%20AL%203400/RESOLUCION%203316%20DE%202007.pdf HTTP/1.1" 200 380151
66.249.75.84 - - [15/Feb/2015:03:49:22 -0500] "GET /BLA/resoluciones/RESOLUCIONES%202007/RES%202007%20101%20AL%20200/RESOLUCION%200132%20%20DE%202007.pdf HTTP/1.1" 200 346630
201.141.73.221 - - [15/Feb/2015:03:50:19 -0500] "GET /galeria/galeria/jquery.fancybox.css?v=2.1.5 HTTP/1.1" 200 4895
201.141.73.221 - - [15/Feb/2015:03:50:19 -0500] "GET /BLA/boletinlegal/js/jquery.scrollTo-min.js HTTP/1.1" 200 1150
201.141.73.221 - - [15/Feb/2015:03:50:19 -0500] "GET /BLA/boletinlegal/js/jquery.scrollShow.js HTTP/1.1" 200 4586
201.141.73.221 - - [15/Feb/2015:03:50:19 -0500] "GET /galeria/galeria/jquery.fancybox.js?v=2.1.5 HTTP/1.1" 200 48706
191.95.252.47 - - [15/Feb/2015:03:50:40 -0500] "GET /BLA/resoluciones/RESOLUCIONES%202007/RES%202007%202801%20AL%202900/RESOLUCION%202863%20DE%202007.pdf HTTP/1.1" 200 871089
180.76.6.231 - - [15/Feb/2015:03:50:43 -0500] "GET /BLA/resoluciones/RESOLUCIONES%202008/0845.pdf HTTP/1.1" 200 486699
191.95.252.47 - - [15/Feb/2015:03:50:52 -0500] "GET /BLA/resoluciones/RESOLUCIONES%202007/RES%202007%202801%20AL%202900/RESOLUCION%202863%20DE%202007.pdf HTTP/1.1" 206 32768
191.95.252.47 - - [15/Feb/2015:03:50:52 -0500] "GET /BLA/resoluciones/RESOLUCIONES%202007/RES%202007%202801%20AL%202900/RESOLUCION%202863%20DE%202007.pdf HTTP/1.1" 206 838321
191.95.252.47 - - [15/Feb/2015:03:51:00 -0500] "GET /favicon.ico HTTP/1.1" 200 7782
180.76.6.213 - - [15/Feb/2015:03:51:18 -0500] "GET /BLA/resoluciones/RESOLUCIONES%202007/RES%202007%202201%20AL%202300/RESOLUCION%202256%20DE%202007.pdf HTTP/1.1" 200 726749
188.165.15.211 - - [15/Feb/2015:03:51:21 -0500] "GET /BLA/resoluciones/RESOLUCIONES%202005/RES%202005%202951-3000/00002975.tif HTTP/1.1" 200 35166
74.86.158.107 - - [15/Feb/2015:03:51:25 -0500] "HEAD / HTTP/1.1" 302 -
178.162.214.71 - - [15/Feb/2015:03:51:35 -0500] "GET /old/wp-admin/ HTTP/1.1" 404 1018
66.249.67.76 - - [15/Feb/2015:03:52:01 -0500] "GET /BLA/resoluciones/Autos%202008/1728.pdf HTTP/1.1" 200 90624
66.249.67.76 - - [15/Feb/2015:03:52:51 -0500] "GET /BLA/resoluciones/Autos%202008/0281.pdf HTTP/1.1" 200 168373
66.249.67.76 - - [15/Feb/2015:03:52:56 -0500] "GET /BLA/resoluciones/AUTOS%202012/1689.pdf HTTP/1.1" 200 531829
100.43.85.25 - - [15/Feb/2015:03:53:04 -0500] "GET /robots.txt HTTP/1.1" 404 1019
188.165.15.162 - - [15/Feb/2015:03:53:30 -0500] "GET /BLA/resoluciones/RESOLUCIONES%202003/RES%202003%20151-200/2003RES165.tif HTTP/1.1" 200 160708
66.249.67.84 - - [15/Feb/2015:03:53:41 -0500] "GET /BLA/resoluciones/Autos%202008/2446.pdf HTTP/1.1" 200 419387
180.76.5.166 - - [15/Feb/2015:03:53:49 -0500] "GET /BLA/boletinlegal;jsessionid=F8B5AD8391699EE4E2CDF7635EC3DACC?/? HTTP/1.1" 404 1018
66.249.67.76 - - [15/Feb/2015:03:53:49 -0500] "GET /BLA/resoluciones/Autos%202008/0977.pdf HTTP/1.1" 200 219917
180.76.5.175 - - [15/Feb/2015:03:54:21 -0500] "GET /BLA/resoluciones/RESOLUCIONES%202008/5186.pdf HTTP/1.1" 200 157035
180.76.5.151 - - [15/Feb/2015:03:54:53 -0500] "GET /BLA/boletinlegal;jsessionid=0F6DB2FB42B419BB3E33A048F2560BB5?/? HTTP/1.1" 404 1018
188.165.15.214 - - [15/Feb/2015:03:55:10 -0500] "GET /BLA/resoluciones/RESOLUCIONES%202003/RES%202003%201901-1950/00001935.tif HTTP/1.1" 200 85856
188.165.15.222 - - [15/Feb/2015:03:55:12 -0500] "GET /BLA/resoluciones/RESOLUCIONES%202002/RES%202002%201101-1150/00001142.tif HTTP/1.1" 200 104452
188.165.15.223 - - [15/Feb/2015:03:55:18 -0500] "GET /BLA/resoluciones/RESOLUCIONES%202005/RES%202005%202651-2700/00002654.tif HTTP/1.1" 200 149482
188.165.15.234 - - [15/Feb/2015:03:55:50 -0500] "GET /BLA/resoluciones/RESOLUCIONES%202002/RES%202002%201151-1200/20021186.tif HTTP/1.1" 200 125266
202.46.63.163 - - [15/Feb/2015:03:56:18 -0500] "GET /BLA/resoluciones/RESOLUCIONES%202007/RES%202007%203301%20AL%203400/RESOLUCION%203316%20DE%202007.pdf HTTP/1.1" 200 380151
74.86.158.107 - - [15/Feb/2015:03:56:25 -0500] "HEAD / HTTP/1.1" 302 -
180.76.5.77 - - [15/Feb/2015:03:56:47 -0500] "GET /BLA/boletinlegal;jsessionid=1BA5F3E6F3BB8564E811C22641DE8BF4?/? HTTP/1.1" 404 1018
180.76.4.141 - - [15/Feb/2015:03:58:12 -0500] "GET / HTTP/1.1" 302 -
188.165.15.214 - - [15/Feb/2015:03:58:36 -0500] "GET /BLA/resoluciones/RESOLUCIONES%202006/RES%202006%202701-2750/00002736.tif HTTP/1.1" 200 158778
66.249.67.68 - - [15/Feb/2015:03:58:41 -0500] "GET /BLA/resoluciones/Autos%202008/3362.pdf HTTP/1.1" 200 63107
180.76.5.63 - - [15/Feb/2015:03:59:11 -0500] "GET /BLA/boletinlegal/actos.php HTTP/1.1" 200 7588
66.249.67.76 - - [15/Feb/2015:03:59:15 -0500] "GET /BLA/resoluciones/RESOLUCIONES%202010/7470.pdf HTTP/1.1" 200 399832
180.76.6.63 - - [15/Feb/2015:03:59:43 -0500] "GET /BLA/boletinlegal;jsessionid=7FFF09BF9FD13583F9FFAD75B92F3FB8?/? HTTP/1.1" 404 1018
66.249.67.68 - - [15/Feb/2015:04:00:08 -0500] "GET /autoliquidacion/TR%C3%81MITES%20VERTIMIENTOS/PERMISOS%20DE%20VERTIMIENTOS/ANEXO%20%205.%20%20MATRIZ%20PAR%C3%81METRSO%20ACTIVDADES%20PRODUCTIVAS.xls HTTP/1.1" 304 -
119.94.11.56 - - [15/Feb/2015:04:01:24 -0500] "POST /xmlrpc.php HTTP/1.1" 404 1018
74.86.158.107 - - [15/Feb/2015:04:01:25 -0500] "HEAD / HTTP/1.1" 302 -
188.165.15.214 - - [15/Feb/2015:04:01:41 -0500] "GET /BLA/resoluciones/RESOLUCIONES%202004/RES%202004%202001-2050/00002049.tif HTTP/1.1" 200 135470
190.25.232.143 - - [15/Feb/2015:04:01:56 -0500] "GET /StormSDA/stormWeb/presentacion.html HTTP/1.1" 304 -
190.25.232.143 - - [15/Feb/2015:04:02:47 -0500] "GET /galeria/nivo-slider/demo/images/banner-aceite3.jpg HTTP/1.1" 304 -
188.165.15.187 - - [15/Feb/2015:04:03:08 -0500] "GET /BLA/resoluciones/RESOLUCIONES%202005/RES%202005%202601-2650/00002643.tif HTTP/1.1" 200 77972
188.165.15.234 - - [15/Feb/2015:04:03:37 -0500] "GET /BLA/resoluciones/RESOLUCIONES%202004/RES%202004%20351-400/00000361.tif HTTP/1.1" 200 118098
206.53.226.251 - - [15/Feb/2015:04:03:53 -0500] "GET /galeria/nivo-slider/demo/images/bolsas-08.jpg HTTP/1.1" 304 -
188.165.15.222 - - [15/Feb/2015:04:04:31 -0500] "GET /BLA/resoluciones/RESOLUCIONES%202002/RES%202002%201201-1250/20021248.tif HTTP/1.1" 200 102520
188.165.15.105 - - [15/Feb/2015:04:04:43 -0500] "GET /BLA/resoluciones/RESOLUCIONES%202003/RES%202003%201701-1750/20031745.tif HTTP/1.1" 200 239314
66.249.67.68 - - [15/Feb/2015:04:05:48 -0500] "GET /BLA/resoluciones/RESOLUCIONES%202005/RES%202005%202151-2200/00002178.tif HTTP/1.1" 200 225488
188.165.15.214 - - [15/Feb/2015:04:05:58 -0500] "GET /BLA/resoluciones/RESOLUCIONES%202005/RES%202005%201751-1800/00001795.tif HTTP/1.1" 200 139388
66.249.67.76 - - [15/Feb/2015:04:06:22 -0500] "GET /BLA/resoluciones/RESOLUCIONES%202013/0003.pdf HTTP/1.1" 304 -
74.86.158.107 - - [15/Feb/2015:04:06:25 -0500] "HEAD / HTTP/1.1" 302 -
66.249.67.84 - - [15/Feb/2015:04:09:30 -0500] "GET /BLA/resoluciones/RESOLUCIONES%202006/RES%202006%202201-2250/00002232.tif HTTP/1.1" 200 236352
66.249.67.68 - - [15/Feb/2015:04:09:40 -0500] "GET /BLA/resoluciones/RESOLUCIONES%202009/0466.pdf HTTP/1.1" 200 308154
188.165.15.41 - - [15/Feb/2015:04:09:45 -0500] "GET /BLA/resoluciones/RESOLUCIONES%202002/RES%202002%2051-100/2002RES96.tif HTTP/1.1" 200 149230
180.76.6.51 - - [15/Feb/2015:04:09:53 -0500] "GET /BLA/resoluciones/RESOLUCIONES%202007/RES%202007%202201%20AL%202300/RESOLUCION%202270%20DE%202007.pdf HTTP/1.1" 200 502473
190.25.232.143 - - [15/Feb/2015:04:11:20 -0500] "GET /galeria/nivo-slider/demo/images/coplima.jpg HTTP/1.1" 304 -
74.86.158.107 - - [15/Feb/2015:04:11:25 -0500] "HEAD / HTTP/1.1" 302 -
157.55.39.150 - - [15/Feb/2015:04:12:09 -0500] "GET / HTTP/1.1" 302 -
188.165.15.211 - - [15/Feb/2015:04:12:48 -0500] "GET /BLA/resoluciones/RESOLUCIONES%202006/RES%202006%202351-2400/00002387.tif HTTP/1.1" 200 208590
66.249.67.76 - - [15/Feb/2015:04:13:24 -0500] "GET /autoliquidacion/Solicitudes%20relacionadas%20con%20calidad%20del%20aire%20auditiva%20y%20visual/Registro%20de%20Elementos%20de%20publicidad%20Exterior%20Visual/126pm04-pr16-f-a301%20Formato%20Solicitud%20de%20registro.xls HTTP/1.1" 304 -
66.249.67.68 - - [15/Feb/2015:04:15:49 -0500] "GET /BLA/resoluciones/RESOLUCIONES%202006/RES%202006%201451-1500/00001485.tif HTTP/1.1" 200 402928
188.165.15.214 - - [15/Feb/2015:04:16:17 -0500] "GET /BLA/resoluciones/index.php?dir=RESOLUCIONES%202004/RES%202004%201051-1100/&sort=name&order=desc HTTP/1.1" 200 12163
74.86.158.107 - - [15/Feb/2015:04:16:25 -0500] "HEAD / HTTP/1.1" 302 -
180.76.6.36 - - [15/Feb/2015:04:19:05 -0500] "GET /Autoliquidacion/Grupo%20Forestal%20-%20Silvicultura/APLICATIVO%20COSTO%20EVALUACION%20SALVOCONDUCTO%202015-.xls HTTP/1.1" 200 108544
180.76.6.61 - - [15/Feb/2015:04:19:37 -0500] "GET /Autoliquidacion/index.php?dir=Fauna+Silvestre%2F HTTP/1.1" 200 3502
66.249.67.84 - - [15/Feb/2015:04:20:05 -0500] "GET /BLA/resoluciones/RESOLUCIONES%202007/RES%202007%20401%20AL%20500/RESOLUCION%200494%20DE%202007.pdf HTTP/1.1" 200 726022
180.76.6.225 - - [15/Feb/2015:04:20:42 -0500] "GET /BLA/boletinlegal;jsessionid=7FA42A9BB7046A6E26D0045C0FDE1AA7?/? HTTP/1.1" 404 1018
188.165.15.105 - - [15/Feb/2015:04:20:44 -0500] "GET /BLA/resoluciones/RESOLUCIONES%202002/RES%202002%20101-150/2002RES113.tif HTTP/1.1" 200 105326
188.165.15.211 - - [15/Feb/2015:04:20:59 -0500] "GET /BLA/resoluciones/RESOLUCIONES%202005/RES%202005%201451-1500/00001457.tif HTTP/1.1" 200 207022
74.86.158.107 - - [15/Feb/2015:04:21:25 -0500] "HEAD / HTTP/1.1" 302 -
180.76.5.61 - - [15/Feb/2015:04:24:56 -0500] "GET /BLA/resoluciones/index.php?dir=RESOLUCIONES%202007/RES%202007%203001%20AL%203100/&sort=name&order=asc HTTP/1.1" 200 26891
188.165.15.162 - - [15/Feb/2015:04:26:11 -0500] "GET /BLA/resoluciones/index.php?dir=RESOLUCIONES%202006/RES%202006%201351-1400/&sort=name&order=desc HTTP/1.1" 200 12366
188.165.15.162 - - [15/Feb/2015:04:26:14 -0500] "GET /BLA/resoluciones/RESOLUCIONES%202005/RES%202005%20601-650/00000623.tif HTTP/1.1" 200 8262
74.86.158.107 - - [15/Feb/2015:04:26:25 -0500] "HEAD / HTTP/1.1" 302 -
123.125.71.33 - - [15/Feb/2015:04:27:13 -0500] "GET / HTTP/1.1" 302 -
66.249.67.68 - - [15/Feb/2015:04:27:38 -0500] "GET /BLA/resoluciones/RESOLUCIONES%202007/RES%202007%201401%20AL%201500/RESOLUCION%201407%20DE%202007.pdf HTTP/1.1" 304 -
66.249.67.84 - - [15/Feb/2015:04:28:00 -0500] "GET /BLA/resoluciones/index.php?dir=RESOLUCIONES%202006/RES%202006%202201-2250/&sort=size&order=desc HTTP/1.1" 200 12365
188.165.15.105 - - [15/Feb/2015:04:28:03 -0500] "GET /BLA/resoluciones/RESOLUCIONES%202004/RES%202004%2001-%2050/00000029.tif HTTP/1.1" 200 87736
200.31.65.170 - - [15/Feb/2015:04:28:07 -0500] "GET /galeria/mapa/3MapaBogot%C3%A1.jpg HTTP/1.1" 200 688183
188.165.15.22 - - [15/Feb/2015:04:28:41 -0500] "GET /BLA/resoluciones/RESOLUCIONES%202006/RES%202006%20151-200/00000190.tif HTTP/1.1" 200 131966
66.249.67.76 - - [15/Feb/2015:04:29:01 -0500] "GET /BLA/resoluciones/RESOLUCIONES%202004/RES%202004%202351-2401/00002365.tif HTTP/1.1" 200 118704
220.181.108.111 - - [15/Feb/2015:04:29:05 -0500] "GET / HTTP/1.1" 302 -
188.165.15.234 - - [15/Feb/2015:04:29:06 -0500] "GET /BLA/resoluciones/RESOLUCIONES%202002/RES%202002%201401-1450/20021402.tif HTTP/1.1" 200 99880
190.252.175.127 - - [15/Feb/2015:04:29:17 -0500] "GET /galeria/galeria/jquery.fancybox.css?v=2.1.5 HTTP/1.1" 200 4895
190.252.175.127 - - [15/Feb/2015:04:29:17 -0500] "GET /BLA/boletinlegal/js/jquery.scrollTo-min.js HTTP/1.1" 200 1150
190.252.175.127 - - [15/Feb/2015:04:29:17 -0500] "GET /BLA/boletinlegal/js/jquery.scrollShow.js HTTP/1.1" 200 4586
190.252.175.127 - - [15/Feb/2015:04:29:17 -0500] "GET /galeria/galeria/jquery.fancybox.js?v=2.1.5 HTTP/1.1" 200 48706
66.249.67.84 - - [15/Feb/2015:04:30:31 -0500] "GET /BLA/resoluciones/RESOLUCIONES%202009/6364.pdf HTTP/1.1" 200 490779
188.165.15.22 - - [15/Feb/2015:04:30:35 -0500] "GET /BLA/resoluciones/RESOLUCIONES%202006/RES%202006%20251-300/00000290.tif HTTP/1.1" 200 36256
188.165.15.214 - - [15/Feb/2015:04:31:19 -0500] "GET /BLA/resoluciones/index.php?dir=RESOLUCIONES%202007/&sort=date&order=desc HTTP/1.1" 200 12503
74.86.158.107 - - [15/Feb/2015:04:31:25 -0500] "HEAD / HTTP/1.1" 302 -
66.249.67.68 - - [15/Feb/2015:04:32:08 -0500] "GET /BLA/resoluciones/RESOLUCIONES%202010/6932.pdf HTTP/1.1" 304 -
180.76.5.67 - - [15/Feb/2015:04:34:18 -0500] "GET /BLA/resoluciones/RESOLUCIONES%202007/RES%202007%20201%20AL%20300/RESOLUCION%200283%20DE%202007.pdf HTTP/1.1" 200 333489
66.249.67.84 - - [15/Feb/2015:04:34:50 -0500] "GET /BLA/resoluciones/RESOLUCIONES%202013/0745.pdf HTTP/1.1" 304 -
180.76.6.135 - - [15/Feb/2015:04:34:51 -0500] "GET /BLA/boletinlegal;jsessionid=DFFDF50BC6DD38D0C675D1910C988EC5?/? HTTP/1.1" 404 1018
188.165.15.187 - - [15/Feb/2015:04:35:09 -0500] "GET /BLA/resoluciones/RESOLUCIONES%202004/RES%202004%20751-800/00000762.tif HTTP/1.1" 200 213968
180.76.5.81 - - [15/Feb/2015:04:35:23 -0500] "GET /BLA/boletinlegal;jsessionid=4FC443F72003143AC2F85DBDEBFD2552?/? HTTP/1.1" 404 1018
180.76.6.57 - - [15/Feb/2015:04:35:55 -0500] "GET /BLA/boletinlegal;jsessionid=79E04F8CF250C5D76ED6CE22EFE9234A?/? HTTP/1.1" 404 1018
74.86.158.107 - - [15/Feb/2015:04:36:25 -0500] "HEAD / HTTP/1.1" 302 -
188.165.15.222 - - [15/Feb/2015:04:36:31 -0500] "GET /BLA/resoluciones/RESOLUCIONES%202002/RES%202002%201951-1971/20021966.tif HTTP/1.1" 200 456286
188.165.15.222 - - [15/Feb/2015:04:36:54 -0500] "GET /BLA/resoluciones/RESOLUCIONES%202004/RES%202004%20701-750/00000705.tif HTTP/1.1" 200 179684
188.165.15.22 - - [15/Feb/2015:04:37:08 -0500] "GET /BLA/resoluciones/RESOLUCIONES%202004/RES%202004%201451-1500/00001452.tif HTTP/1.1" 200 140354
91.194.84.106 - - [15/Feb/2015:04:37:40 -0500] "GET /portalsiaccapacitaciones/Soportes%20Capacitaciones%20A%C3%B1o%202013/?C=M;O=A HTTP/1.0" 200 16997
91.194.84.106 - - [15/Feb/2015:04:37:43 -0500] "GET /portalsiaccapacitaciones/Soportes%20Capacitaciones%20A%C3%B1o%202013/?C=N;O=D HTTP/1.0" 200 16997
91.194.84.106 - - [15/Feb/2015:04:37:49 -0500] "GET /portalsiaccapacitaciones/Soportes%20Capacitaciones%20A%C3%B1o%202013/?C=S;O=A HTTP/1.0" 200 16997
91.194.84.106 - - [15/Feb/2015:04:37:56 -0500] "GET /portalsiaccapacitaciones/Soportes%20Capacitaciones%20A%C3%B1o%202014/?C=S;O=A HTTP/1.0" 200 18973
188.165.15.223 - - [15/Feb/2015:04:38:17 -0500] "GET /BLA/resoluciones/RESOLUCIONES%202006/RES%202006%202551-2600/00002595.tif HTTP/1.1" 200 63520
66.249.67.84 - - [15/Feb/2015:04:38:18 -0500] "GET /BLA/resoluciones/RESOLUCIONES%202003/RES%202003%20101-150/2003RES125.tif HTTP/1.1" 200 170144
91.194.84.106 - - [15/Feb/2015:04:38:18 -0500] "GET /robots.txt HTTP/1.0" 404 1019
91.194.84.106 - - [15/Feb/2015:04:38:21 -0500] "GET /portalsiaccapacitaciones/Soportes%20Capacitaciones%20A%C3%B1o%202013/?C=D;O=A HTTP/1.0" 200 17001
91.194.84.106 - - [15/Feb/2015:04:38:23 -0500] "GET /portalsiaccapacitaciones/Soportes%20Capacitaciones%20A%C3%B1o%202013/?C=M;O=A HTTP/1.0" 200 17001
91.194.84.106 - - [15/Feb/2015:04:38:26 -0500] "GET /portalsiaccapacitaciones/Soportes%20Capacitaciones%20A%C3%B1o%202013/?C=N;O=D HTTP/1.0" 200 17001
91.194.84.106 - - [15/Feb/2015:04:38:31 -0500] "GET /portalsiaccapacitaciones/Soportes%20Capacitaciones%20A%C3%B1o%202013/?C=S;O=A HTTP/1.0" 200 17001
91.194.84.106 - - [15/Feb/2015:04:38:34 -0500] "GET /portalsiaccapacitaciones/Soportes%20Capacitaciones%20A%C3%B1o%202014/?C=D;O=A HTTP/1.0" 200 18977
91.194.84.106 - - [15/Feb/2015:04:38:39 -0500] "GET /portalsiaccapacitaciones/Soportes%20Capacitaciones%20A%C3%B1o%202014/?C=M;O=A HTTP/1.0" 200 18977
91.194.84.106 - - [15/Feb/2015:04:38:43 -0500] "GET /portalsiaccapacitaciones/Soportes%20Capacitaciones%20A%C3%B1o%202014/?C=N;O=D HTTP/1.0" 200 18977
91.194.84.106 - - [15/Feb/2015:04:38:47 -0500] "GET /portalsiaccapacitaciones/Soportes%20Capacitaciones%20A%C3%B1o%202014/?C=S;O=A HTTP/1.0" 200 18977
66.249.67.84 - - [15/Feb/2015:04:40:56 -0500] "GET /BLA/resoluciones/AUTOS%202008/2335.pdf HTTP/1.1" 200 102819
74.86.158.107 - - [15/Feb/2015:04:41:25 -0500] "HEAD / HTTP/1.1" 302 -
66.249.67.68 - - [15/Feb/2015:04:42:02 -0500] "GET /autoliquidacion/TR%C3%81MITES%20MINER%C3%8DA/126PM04-PR39-M-A6-V5.0%20Terminos%20de%20referencia%20PMRRA[1].doc HTTP/1.1" 304 -
188.186.29.169 - - [15/Feb/2015:04:43:46 -0500] "GET / HTTP/1.0" 302 -
188.165.15.22 - - [15/Feb/2015:04:45:08 -0500] "GET /BLA/resoluciones/index.php?dir=RESOLUCIONES%202006/RES%202006%202151-2200/&sort=date&order=asc HTTP/1.1" 200 12368
188.165.15.41 - - [15/Feb/2015:04:45:18 -0500] "GET /BLA/resoluciones/index.php?dir=RESOLUCIONES%202003/RES%202003%201701-1750/&sort=name&order=desc HTTP/1.1" 200 12146
180.76.6.44 - - [15/Feb/2015:04:45:48 -0500] "GET /BLA/boletinlegal;jsessionid=F45239BBE080E62117D21ED34DD5D916?/? HTTP/1.1" 404 1018
74.86.158.107 - - [15/Feb/2015:04:46:25 -0500] "HEAD / HTTP/1.1" 302 -
180.76.5.78 - - [15/Feb/2015:04:48:16 -0500] "GET /BLA/resoluciones/RESOLUCIONES%202007/RES%202007%20201%20AL%20300/RESOLUCION%200245%20DE%202007.pdf HTTP/1.1" 200 300627
188.165.15.234 - - [15/Feb/2015:04:48:24 -0500] "GET /BLA/resoluciones/RESOLUCIONES%202005/RES%202005%202101-2150/00002105.tif HTTP/1.1" 200 193210
188.165.15.162 - - [15/Feb/2015:04:48:25 -0500] "GET /BLA/resoluciones/RESOLUCIONES%202005/RES%202005%201201-1250/00001245.tif HTTP/1.1" 200 119226
180.76.6.45 - - [15/Feb/2015:04:48:48 -0500] "GET /BLA/boletinlegal;jsessionid=BEE81376827AF8DD5B5FEF61403A5A9E?/? HTTP/1.1" 404 1018
66.249.67.84 - - [15/Feb/2015:04:48:54 -0500] "GET /BLA/resoluciones/RESOLUCIONES%202009/8533.pdf HTTP/1.1" 200 518840
66.249.67.76 - - [15/Feb/2015:04:49:14 -0500] "GET /stormWeb/ HTTP/1.1" 200 12126
190.252.175.127 - - [15/Feb/2015:04:50:08 -0500] "GET /galeria/carrusel/Carrusel/jquery.thumbnailScroller.css HTTP/1.1" 200 2066
190.252.175.127 - - [15/Feb/2015:04:50:09 -0500] "GET /galeria/carrusel/Carrusel/jquery-ui-1.8.13.custom.min.js HTTP/1.1" 200 10800
190.252.175.127 - - [15/Feb/2015:04:50:09 -0500] "GET /galeria/carrusel/Carrusel/jquery.thumbnailScroller.js HTTP/1.1" 200 8157
190.252.175.127 - - [15/Feb/2015:04:50:09 -0500] "GET /galeria/nivo-slider/demo/demo.html HTTP/1.1" 200 3336
190.252.175.127 - - [15/Feb/2015:04:50:09 -0500] "GET /galeria/nivo-slider/themes/pascal/pascal.css HTTP/1.1" 200 2258
190.252.175.127 - - [15/Feb/2015:04:50:09 -0500] "GET /galeria/nivo-slider/themes/orman/orman.css HTTP/1.1" 200 2152
190.252.175.127 - - [15/Feb/2015:04:50:09 -0500] "GET /galeria/nivo-slider/themes/default/default.css HTTP/1.1" 200 1569
190.252.175.127 - - [15/Feb/2015:04:50:09 -0500] "GET /galeria/nivo-slider/nivo-slider.css HTTP/1.1" 200 1507
190.252.175.127 - - [15/Feb/2015:04:50:09 -0500] "GET /galeria/nivo-slider/demo/style.css HTTP/1.1" 200 2222
190.252.175.127 - - [15/Feb/2015:04:50:09 -0500] "GET /galeria/nivo-slider/demo/scripts/jquery-1.7.1.min.js HTTP/1.1" 200 93868
190.252.175.127 - - [15/Feb/2015:04:50:09 -0500] "GET /galeria/nivo-slider/jquery.nivo.slider.pack.js HTTP/1.1" 200 11561
190.252.175.127 - - [15/Feb/2015:04:50:09 -0500] "GET /galeria/nivo-slider/demo/images/banner-V2.jpg HTTP/1.1" 200 167020
190.252.175.127 - - [15/Feb/2015:04:50:10 -0500] "GET /galeria/nivo-slider/demo/images/bolsas-08.jpg HTTP/1.1" 200 85589
190.252.175.127 - - [15/Feb/2015:04:50:11 -0500] "GET /galeria/nivo-slider/demo/images/Ruta-vertimientos-01.jpg HTTP/1.1" 200 130151
190.252.175.127 - - [15/Feb/2015:04:50:11 -0500] "GET /galeria/nivo-slider/demo/images/bolsas-06.jpg HTTP/1.1" 200 90982
190.252.175.127 - - [15/Feb/2015:04:50:12 -0500] "GET /galeria/nivo-slider/demo/images/ecolecta-Dic2014.png HTTP/1.1" 200 288593
190.252.175.127 - - [15/Feb/2015:04:50:12 -0500] "GET /galeria/nivo-slider/demo/images/porloshumedales.jpg HTTP/1.1" 200 351238
190.252.175.127 - - [15/Feb/2015:04:50:12 -0500] "GET /videos/Humedals2015WEB.flv HTTP/1.1" 200 16650865
190.252.175.127 - - [15/Feb/2015:04:50:12 -0500] "GET /galeria/nivo-slider/demo/images/Tingua-azul.jpg HTTP/1.1" 200 307638
190.252.175.127 - - [15/Feb/2015:04:50:16 -0500] "GET /galeria/nivo-slider/demo/images/Banner-Caracol-Africano.jpg HTTP/1.1" 200 331986
190.252.175.127 - - [15/Feb/2015:04:50:16 -0500] "GET /galeria/nivo-slider/demo/images/redes_sociales.jpg HTTP/1.1" 200 415652
190.252.175.127 - - [15/Feb/2015:04:50:16 -0500] "GET /galeria/nivo-slider/demo/images/9Signos.jpg HTTP/1.1" 200 93040
190.252.175.127 - - [15/Feb/2015:04:50:17 -0500] "GET /galeria/nivo-slider/demo/images/banner-llantas2.jpg HTTP/1.1" 200 73153
190.252.175.127 - - [15/Feb/2015:04:50:19 -0500] "GET /galeria/nivo-slider/demo/images/banner-caballos.png HTTP/1.1" 200 389106
66.249.67.76 - - [15/Feb/2015:04:51:13 -0500] "GET /BLA/resoluciones/RESOLUCIONES%202011/0416.pdf HTTP/1.1" 200 71087
74.86.158.107 - - [15/Feb/2015:04:51:25 -0500] "HEAD / HTTP/1.1" 302 -
188.165.15.105 - - [15/Feb/2015:04:51:42 -0500] "GET /BLA/resoluciones/RESOLUCIONES%202003/RES%202003%201751-1800/20031759.tif HTTP/1.1" 200 112746
66.249.67.84 - - [15/Feb/2015:04:51:46 -0500] "GET /BLA/resoluciones/RESOLUCIONES%202005/RES%202005%201551-1600/00001554.tif HTTP/1.1" 200 160720
188.165.15.162 - - [15/Feb/2015:04:53:41 -0500] "GET /BLA/resoluciones/RESOLUCIONES%202005/RES%202005%203151-3180/00003162.tif HTTP/1.1" 200 122648
188.165.15.41 - - [15/Feb/2015:04:54:18 -0500] "GET /BLA/resoluciones/RESOLUCIONES%202002/RES%202002%201701-1750/20021733.tif HTTP/1.1" 200 41546
188.165.15.234 - - [15/Feb/2015:04:54:42 -0500] "GET /BLA/resoluciones/RESOLUCIONES%202002/RES%202002%20251-300/00000269.tif HTTP/1.1" 200 54100
180.76.5.149 - - [15/Feb/2015:04:55:39 -0500] "GET /BLA/boletinlegal/Directivas/2011/Directiva%20No.%205%20del%2029%20de%20Agosto%20de%202011.pdf HTTP/1.1" 200 444404
66.249.67.68 - - [15/Feb/2015:04:55:59 -0500] "GET /BLA/resoluciones/RESOLUCIONES%202010/4433.pdf HTTP/1.1" 200 459155
180.76.6.130 - - [15/Feb/2015:04:56:12 -0500] "GET /BLA/boletinlegal;jsessionid=59BA05889C67AC4D9FFC792389E4B74D?/? HTTP/1.1" 404 1018
188.165.15.223 - - [15/Feb/2015:04:56:16 -0500] "GET /BLA/resoluciones/RESOLUCIONES%202006/RES%202006%20951-1000/00000989.tif HTTP/1.1" 200 214902
74.86.158.107 - - [15/Feb/2015:04:56:25 -0500] "HEAD / HTTP/1.1" 302 -
66.249.67.76 - - [15/Feb/2015:04:56:26 -0500] "GET /BLA/resoluciones/RESOLUCIONES%202012/1114.pdf HTTP/1.1" 304 -
188.165.15.105 - - [15/Feb/2015:04:57:38 -0500] "GET /BLA/resoluciones/RESOLUCIONES%202005/RES%202005%202951-3000/00002970.tif HTTP/1.1" 200 37728
188.165.15.223 - - [15/Feb/2015:04:58:51 -0500] "GET /BLA/resoluciones/RESOLUCIONES%202005/RES%202005%20501-550/00000537.tif HTTP/1.1" 200 372702
188.165.15.211 - - [15/Feb/2015:04:59:04 -0500] "GET /BLA/resoluciones/RESOLUCIONES%202003/RES%202003%201751-1800/20031790.tif HTTP/1.1" 200 42096
188.165.15.234 - - [15/Feb/2015:04:59:07 -0500] "GET /BLA/resoluciones/RESOLUCIONES%202003/RES%202003%201501-1550/20031519.tif HTTP/1.1" 200 92380
190.25.232.143 - - [15/Feb/2015:05:00:35 -0500] "GET /galeria/nivo-slider/demo/images/banner-calidad-aire.jpg HTTP/1.1" 304 -
188.165.15.223 - - [15/Feb/2015:05:01:01 -0500] "GET /BLA/resoluciones/index.php?dir=RESOLUCIONES+2006%2FRES+2006+2551-2600%2F HTTP/1.1" 200 12354
74.86.158.107 - - [15/Feb/2015:05:01:25 -0500] "HEAD / HTTP/1.1" 302 -
180.76.5.196 - - [15/Feb/2015:05:01:56 -0500] "GET /BLA/boletinlegal/Circulares/2014/Circular%20No.%203%20del%2014%20de%20Noviembre%20de%202014.pdf HTTP/1.1" 200 104132
188.165.15.22 - - [15/Feb/2015:05:02:08 -0500] "GET /BLA/resoluciones/RESOLUCIONES%202006/RES%202006%20401-450/00000407.tif HTTP/1.1" 200 66678
66.249.67.76 - - [15/Feb/2015:05:03:36 -0500] "GET /galeria/galeria/jquery.fancybox.css?v=2.1.5 HTTP/1.1" 200 4895
66.249.67.84 - - [15/Feb/2015:05:03:36 -0500] "GET /galeria/galeria/jquery.fancybox.js?v=2.1.5 HTTP/1.1" 200 48706
66.249.67.76 - - [15/Feb/2015:05:03:37 -0500] "GET /BLA/boletinlegal/js/jquery.scrollShow.js HTTP/1.1" 200 4586
66.249.67.84 - - [15/Feb/2015:05:03:38 -0500] "GET /BLA/boletinlegal/js/jquery.scrollTo-min.js HTTP/1.1" 200 1150
66.249.67.104 - - [15/Feb/2015:05:03:47 -0500] "GET /videos/emisiones_atmosfericas%20pantallas.swf HTTP/1.1" 200 183908
188.165.15.78 - - [15/Feb/2015:05:03:49 -0500] "GET /BLA/resoluciones/RESOLUCIONES%202002/RES%202002%20151-200/2002RES178.tif HTTP/1.1" 200 93722
207.46.13.73 - - [15/Feb/2015:05:03:56 -0500] "GET /ial/ac0103.pdf HTTP/1.1" 404 1019
157.55.39.150 - - [15/Feb/2015:05:04:17 -0500] "GET /Anexos%20estudio%20Organizacional%20SDA/index.php?dir=ANEXO+No.11-PROYECTO+DE+DECRETO+MODIFICATORIO+PLANTA+DE+CARGOS+SDA%2F HTTP/1.1" 200 2569
188.165.15.105 - - [15/Feb/2015:05:04:46 -0500] "GET /BLA/resoluciones/RESOLUCIONES%202005/RES%202005%201151-1200/00001156.tif HTTP/1.1" 200 133728
74.86.158.107 - - [15/Feb/2015:05:06:25 -0500] "HEAD / HTTP/1.1" 302 -
66.249.67.68 - - [15/Feb/2015:05:06:38 -0500] "GET /BLA/resoluciones/RESOLUCIONES%202006/RES%202006%201451-1500/00001479.tif HTTP/1.1" 304 -
188.165.15.105 - - [15/Feb/2015:05:06:52 -0500] "GET /BLA/resoluciones/RESOLUCIONES%202005/RES%202005%202151-2200/00002155.tif HTTP/1.1" 200 436284
95.60.82.215 - - [15/Feb/2015:05:07:54 -0500] "GET /galeria/galeria/jquery.fancybox.css?v=2.1.5 HTTP/1.1" 200 4895
95.60.82.215 - - [15/Feb/2015:05:07:54 -0500] "GET /BLA/boletinlegal/js/jquery.scrollTo-min.js HTTP/1.1" 200 1150
95.60.82.215 - - [15/Feb/2015:05:07:54 -0500] "GET /BLA/boletinlegal/js/jquery.scrollShow.js HTTP/1.1" 200 4586
95.60.82.215 - - [15/Feb/2015:05:07:54 -0500] "GET /galeria/galeria/jquery.fancybox.js?v=2.1.5 HTTP/1.1" 200 48706
66.249.67.76 - - [15/Feb/2015:05:08:02 -0500] "GET /BLA/resoluciones/RESOLUCIONES%202002/RES%202002%201901-1950/20021934.tif HTTP/1.1" 200 156578
208.68.39.164 - - [15/Feb/2015:05:09:51 -0500] "GET /BLA/boletinlegal/js/jquery.scrollTo-min.js HTTP/1.1" 200 1150
208.68.39.164 - - [15/Feb/2015:05:09:51 -0500] "GET /BLA/boletinlegal/js/jquery.scrollShow.js HTTP/1.1" 200 4586
208.68.39.164 - - [15/Feb/2015:05:09:51 -0500] "GET /galeria/galeria/jquery.fancybox.js?v=2.1.5 HTTP/1.1" 200 48706
208.68.39.164 - - [15/Feb/2015:05:09:51 -0500] "GET /galeria/carrusel/Carrusel/jquery-ui-1.8.13.custom.min.js HTTP/1.1" 200 10800
208.68.39.164 - - [15/Feb/2015:05:09:51 -0500] "GET /galeria/carrusel/Carrusel/jquery.thumbnailScroller.js HTTP/1.1" 200 8157
208.68.39.164 - - [15/Feb/2015:05:09:53 -0500] "GET /galeria/nivo-slider/demo/demo.html HTTP/1.1" 200 3336
208.68.39.164 - - [15/Feb/2015:05:09:53 -0500] "GET /galeria/nivo-slider/demo/scripts/jquery-1.7.1.min.js HTTP/1.1" 200 93868
208.68.39.164 - - [15/Feb/2015:05:09:53 -0500] "GET /galeria/nivo-slider/jquery.nivo.slider.pack.js HTTP/1.1" 200 11561
184.168.200.228 - - [15/Feb/2015:05:10:13 -0500] "GET /wp-admin/ HTTP/1.1" 404 1018
74.86.158.107 - - [15/Feb/2015:05:11:25 -0500] "HEAD / HTTP/1.1" 302 -
201.244.42.248 - - [15/Feb/2015:05:11:16 -0500] "POST /forest/login.do HTTP/1.1" 200 12871
66.249.67.76 - - [15/Feb/2015:05:12:02 -0500] "GET /BLA/resoluciones/RESOLUCIONES%202008/1102.pdf HTTP/1.1" 200 246287
66.249.67.84 - - [15/Feb/2015:05:12:31 -0500] "GET /BLA/resoluciones/RESOLUCIONES%202003/RES%202003%202051-2100/00002072.tif HTTP/1.1" 200 46008
188.165.15.41 - - [15/Feb/2015:05:12:31 -0500] "GET /BLA/resoluciones/AUTOS%202006/AUTOS%202006%201-100/00000026.tif HTTP/1.1" 200 96728
188.165.15.22 - - [15/Feb/2015:05:12:43 -0500] "GET /BLA/resoluciones/RESOLUCIONES%202005/RES%202005%20%201701-1750/00001708.tif HTTP/1.1" 200 160492
201.244.42.248 - - [15/Feb/2015:05:12:15 -0500] "POST /forest/login.do HTTP/1.1" 200 12872
201.244.42.248 - - [15/Feb/2015:05:12:17 -0500] "POST /forest/login.do HTTP/1.1" 200 12872
201.244.42.248 - - [15/Feb/2015:05:13:07 -0500] "POST /forest/login.do HTTP/1.1" 200 12872
201.244.42.248 - - [15/Feb/2015:05:13:09 -0500] "POST /forest/login.do HTTP/1.1" 200 12872
188.165.15.78 - - [15/Feb/2015:05:14:04 -0500] "GET /BLA/resoluciones/RESOLUCIONES%202003/RES%202003%20151-200/2003RES154.tif HTTP/1.1" 200 452692
201.244.42.248 - - [15/Feb/2015:05:15:03 -0500] "GET /forest/ HTTP/1.1" 200 1334
201.244.42.248 - - [15/Feb/2015:05:15:03 -0500] "GET /forest/img/spacer.gif HTTP/1.1" 200 43
201.244.42.248 - - [15/Feb/2015:05:15:03 -0500] "GET /forest/img/base/banner/bsc2_r1_c1.gif HTTP/1.1" 404 185
201.244.42.248 - - [15/Feb/2015:05:15:03 -0500] "GET /forest/img/base/banner/bsc2_r1_c2.gif HTTP/1.1" 404 185
201.244.42.248 - - [15/Feb/2015:05:15:03 -0500] "GET /forest/img/base/banner/bsc2_r1_c3.gif HTTP/1.1" 404 185
201.244.42.248 - - [15/Feb/2015:05:15:03 -0500] "GET /favicon.ico HTTP/1.1" 200 7782
188.165.15.234 - - [15/Feb/2015:05:15:12 -0500] "GET /BLA/resoluciones/RESOLUCIONES%202003/RES%202003%201501-1550/20031549.tif HTTP/1.1" 200 42058
188.165.15.22 - - [15/Feb/2015:05:16:14 -0500] "GET /BLA/resoluciones/RESOLUCIONES%202003/RES%202003%20601-650/612.tif HTTP/1.1" 200 69436
180.76.5.167 - - [15/Feb/2015:05:16:20 -0500] "GET /BLA/resoluciones/RESOLUCIONES%202007/RES%202007%203301%20AL%203400/RESOLUCION%203343%20DE%202007.pdf HTTP/1.1" 200 380826
74.86.158.107 - - [15/Feb/2015:05:16:25 -0500] "HEAD / HTTP/1.1" 302 -
180.76.6.59 - - [15/Feb/2015:05:16:56 -0500] "GET /BLA/boletinlegal/;jsessionid=0D52B9F8A998C457A8ADE5D035243BE3? HTTP/1.1" 404 1018
66.249.67.76 - - [15/Feb/2015:05:18:29 -0500] "GET /galeria/mapa/humedal.html HTTP/1.1" 200 11204
123.125.71.43 - - [15/Feb/2015:05:19:33 -0500] "GET / HTTP/1.1" 302 -
188.165.15.187 - - [15/Feb/2015:05:20:18 -0500] "GET /BLA/resoluciones/RESOLUCIONES%202004/RES%202004%201701-1750/00001711.tif HTTP/1.1" 200 145964
220.181.108.77 - - [15/Feb/2015:05:21:06 -0500] "GET / HTTP/1.1" 302 -
74.86.158.107 - - [15/Feb/2015:05:21:25 -0500] "HEAD / HTTP/1.1" 302 -
188.165.15.22 - - [15/Feb/2015:05:21:31 -0500] "GET /BLA/resoluciones/RESOLUCIONES%202003/RES%202003%202101-2150/20032137.tif HTTP/1.1" 200 84364
66.249.67.68 - - [15/Feb/2015:05:22:26 -0500] "GET /BLA/resoluciones/AUTOS%202007/2104.pdf HTTP/1.1" 200 95406
