188.165.15.222 - - [17/Feb/2015:00:40:21 -0500] "GET /BLA/resoluciones/AUTOS%202006/AUTOS%202006%201401%20-%201500/00001423.tif HTTP/1.1" 200 58240
67.240.249.182 - - [17/Feb/2015:00:40:35 -0500] "GET /webdav/x32.php?host=173.194.54.170&time=180&port=80 HTTP/1.1" 404 1018
66.249.79.84 - - [17/Feb/2015:00:40:45 -0500] "GET /BLA/resoluciones/RESOLUCIONES%202003/RES%202003%201401-1450/20031439.tif HTTP/1.1" 304 -
188.165.15.234 - - [17/Feb/2015:00:41:53 -0500] "GET /BLA/resoluciones/RESOLUCIONES%202003/RES%202003%201451-1500/20031464.tif HTTP/1.1" 200 70668
66.249.79.84 - - [17/Feb/2015:00:42:02 -0500] "GET /BLA/resoluciones/RESOLUCIONES%202003/RES%202003%20101-150/2003RES145.tif HTTP/1.1" 200 91504
188.165.15.234 - - [17/Feb/2015:00:42:20 -0500] "GET /BLA/resoluciones/RESOLUCIONES%202005/RES%202005%20351-400/00000359.tif HTTP/1.1" 200 1362722
186.155.230.161 - - [17/Feb/2015:00:42:30 -0500] "GET /galeria/galeria/jquery.fancybox.css?v=2.1.5 HTTP/1.1" 200 4895
186.155.230.161 - - [17/Feb/2015:00:42:30 -0500] "GET /BLA/boletinlegal/js/jquery.scrollTo-min.js HTTP/1.1" 200 1150
186.155.230.161 - - [17/Feb/2015:00:42:30 -0500] "GET /BLA/boletinlegal/js/jquery.scrollShow.js HTTP/1.1" 200 4586
186.155.230.161 - - [17/Feb/2015:00:42:30 -0500] "GET /galeria/galeria/jquery.fancybox.js?v=2.1.5 HTTP/1.1" 200 48706
66.249.79.120 - - [17/Feb/2015:00:42:55 -0500] "GET /pread5/pread/Presentaci%C3%B3n%20Subdirector.pdf HTTP/1.1" 404 1019
74.86.158.107 - - [17/Feb/2015:00:43:03 -0500] "HEAD / HTTP/1.1" 302 -
188.165.15.162 - - [17/Feb/2015:00:43:18 -0500] "GET /BLA/resoluciones/RESOLUCIONES%202005/RES%202005%20951-1000/00000955.tif HTTP/1.1" 200 128984
188.165.15.234 - - [17/Feb/2015:00:43:37 -0500] "GET /BLA/resoluciones/RESOLUCIONES%202006/RES%202006%202551-2600/00002600.tif HTTP/1.1" 200 65808
66.249.79.68 - - [17/Feb/2015:00:43:43 -0500] "GET /BLA/resoluciones/RESOLUCIONES%202014/1551.pdf HTTP/1.1" 304 -
66.249.79.76 - - [17/Feb/2015:00:43:45 -0500] "GET /BLA/resoluciones/RESOLUCIONES%202003/RES%202003%201401-1450/20031428.tif HTTP/1.1" 304 -
66.249.79.84 - - [17/Feb/2015:00:44:09 -0500] "GET /galeria/nivo-slider/demo/demo.html HTTP/1.1" 200 3771
66.249.79.76 - - [17/Feb/2015:00:44:12 -0500] "GET /galeria/nivo-slider/themes/default/default.css HTTP/1.1" 200 1569
66.249.79.68 - - [17/Feb/2015:00:44:12 -0500] "GET /galeria/nivo-slider/nivo-slider.css HTTP/1.1" 200 1507
66.249.79.68 - - [17/Feb/2015:00:44:13 -0500] "GET /galeria/nivo-slider/jquery.nivo.slider.pack.js HTTP/1.1" 200 11561
66.249.79.76 - - [17/Feb/2015:00:44:13 -0500] "GET /galeria/nivo-slider/demo/scripts/jquery-1.7.1.min.js HTTP/1.1" 200 93868
66.249.79.76 - - [17/Feb/2015:00:44:14 -0500] "GET /galeria/nivo-slider/themes/orman/orman.css HTTP/1.1" 200 2152
66.249.79.84 - - [17/Feb/2015:00:44:15 -0500] "GET /galeria/nivo-slider/themes/pascal/pascal.css HTTP/1.1" 200 2258
66.249.79.84 - - [17/Feb/2015:00:44:15 -0500] "GET /galeria/nivo-slider/demo/style.css HTTP/1.1" 200 2222
161.10.6.206 - - [17/Feb/2015:00:45:15 -0500] "GET /galeria/galeria/jquery.fancybox.css?v=2.1.5 HTTP/1.1" 200 4895
161.10.6.206 - - [17/Feb/2015:00:45:15 -0500] "GET /BLA/boletinlegal/js/jquery.scrollTo-min.js HTTP/1.1" 200 1150
161.10.6.206 - - [17/Feb/2015:00:45:15 -0500] "GET /galeria/galeria/jquery.fancybox.js?v=2.1.5 HTTP/1.1" 200 48706
161.10.6.206 - - [17/Feb/2015:00:45:15 -0500] "GET /BLA/boletinlegal/js/jquery.scrollShow.js HTTP/1.1" 200 4586
186.118.62.168 - - [17/Feb/2015:00:46:24 -0500] "GET /galeria/galeria/jquery.fancybox.css?v=2.1.5 HTTP/1.1" 200 4895
186.118.62.168 - - [17/Feb/2015:00:46:24 -0500] "GET /BLA/boletinlegal/js/jquery.scrollTo-min.js HTTP/1.1" 200 1150
186.118.62.168 - - [17/Feb/2015:00:46:24 -0500] "GET /BLA/boletinlegal/js/jquery.scrollShow.js HTTP/1.1" 200 4586
186.118.62.168 - - [17/Feb/2015:00:46:24 -0500] "GET /galeria/galeria/jquery.fancybox.js?v=2.1.5 HTTP/1.1" 200 48706
66.249.79.68 - - [17/Feb/2015:00:46:39 -0500] "GET /Autoliquidacion/index.php?dir=Solicitudes%20relacionadas%20con%20calidad%20del%20aire%20auditiva%20y%20visual/Evaluaci%F3n%20certificado%20de%20Intensidad%20Auditiva/&sort=date&order=asc HTTP/1.1" 200 3407
66.249.79.76 - - [17/Feb/2015:00:46:49 -0500] "GET /BLA/resoluciones/RESOLUCIONES%202003/RES%202003%201401-1450/20031437.tif HTTP/1.1" 304 -
186.113.10.143 - - [17/Feb/2015:00:46:55 -0500] "GET /galeria/nivo-slider/demo/images/redes_sociales.jpg HTTP/1.1" 304 -
187.208.215.234 - - [17/Feb/2015:00:48:02 -0500] "GET /BLA/boletinlegal/js/jquery.scrollTo-min.js HTTP/1.1" 200 1150
187.208.215.234 - - [17/Feb/2015:00:48:02 -0500] "GET /BLA/boletinlegal/js/jquery.scrollShow.js HTTP/1.1" 200 4586
187.208.215.234 - - [17/Feb/2015:00:48:02 -0500] "GET /galeria/galeria/jquery.fancybox.js?v=2.1.5 HTTP/1.1" 200 48706
187.208.215.234 - - [17/Feb/2015:00:48:02 -0500] "GET /galeria/galeria/jquery.fancybox.css?v=2.1.5 HTTP/1.1" 200 4895
74.86.158.107 - - [17/Feb/2015:00:48:03 -0500] "HEAD / HTTP/1.1" 302 -
66.249.79.76 - - [17/Feb/2015:00:48:48 -0500] "GET /BLA/resoluciones/RESOLUCIONES%202008/0138.pdf HTTP/1.1" 200 222404
188.165.15.223 - - [17/Feb/2015:00:48:56 -0500] "GET /BLA/resoluciones/RESOLUCIONES%202003/RES%202003%20751-800/753.tif HTTP/1.1" 200 78276
201.190.97.134 - - [17/Feb/2015:00:49:16 -0500] "GET /BLA/resoluciones/RESOLUCIONES%202011/1237.pdf HTTP/1.1" 200 322785
201.190.97.134 - - [17/Feb/2015:00:49:16 -0500] "GET /BLA/resoluciones/RESOLUCIONES%202011/1237.pdf HTTP/1.1" 206 65536
201.190.97.134 - - [17/Feb/2015:00:49:16 -0500] "GET /BLA/resoluciones/RESOLUCIONES%202011/1237.pdf HTTP/1.1" 206 60641
201.190.97.134 - - [17/Feb/2015:00:49:17 -0500] "GET /favicon.ico HTTP/1.1" 200 7782
66.249.79.68 - - [17/Feb/2015:00:49:51 -0500] "GET /BLA/resoluciones/RESOLUCIONES%202003/RES%202003%201401-1450/20031410.tif HTTP/1.1" 304 -
66.249.79.68 - - [17/Feb/2015:00:50:16 -0500] "GET /Autoliquidacion/index.php?dir=Solicitudes%20relacionadas%20con%20calidad%20del%20aire%20auditiva%20y%20visual/Evaluaci%F3n%20certificado%20de%20Intensidad%20Auditiva/&sort=size&order=asc HTTP/1.1" 200 3407
188.165.15.105 - - [17/Feb/2015:00:50:16 -0500] "GET /BLA/resoluciones/index.php?dir=RESOLUCIONES%202006/RES%202006%201501-1550/&sort=size&order=desc HTTP/1.1" 200 12369
189.217.30.67 - - [17/Feb/2015:00:51:34 -0500] "GET /BLA/boletinlegal/js/jquery.scrollTo-min.js HTTP/1.1" 200 1150
189.217.30.67 - - [17/Feb/2015:00:51:34 -0500] "GET /galeria/galeria/jquery.fancybox.css?v=2.1.5 HTTP/1.1" 200 4895
189.217.30.67 - - [17/Feb/2015:00:51:34 -0500] "GET /BLA/boletinlegal/js/jquery.scrollShow.js HTTP/1.1" 200 4586
189.217.30.67 - - [17/Feb/2015:00:51:34 -0500] "GET /galeria/galeria/jquery.fancybox.js?v=2.1.5 HTTP/1.1" 200 48706
66.249.79.76 - - [17/Feb/2015:00:51:36 -0500] "GET /BLA/resoluciones/RESOLUCIONES%202004/RES%202004%202351-2401/00002368.tif HTTP/1.1" 200 170110
188.165.15.223 - - [17/Feb/2015:00:51:44 -0500] "GET /BLA/resoluciones/RESOLUCIONES%202002/RES%202002%20401-450/00000444.tif HTTP/1.1" 200 158776
188.165.15.211 - - [17/Feb/2015:00:52:16 -0500] "GET /BLA/resoluciones/RESOLUCIONES%202005/RES%202005%201501-1550/00001541.tif HTTP/1.1" 200 165642
189.217.30.67 - - [17/Feb/2015:00:51:50 -0500] "GET /videos/CRRFFS.mp4 HTTP/1.1" 200 286784363
66.249.79.84 - - [17/Feb/2015:00:52:39 -0500] "GET /BLA/resoluciones/RESOLUCIONES%202009/2376.pdf HTTP/1.1" 200 415881
66.249.79.68 - - [17/Feb/2015:00:52:54 -0500] "GET /BLA/resoluciones/RESOLUCIONES%202003/RES%202003%201401-1450/20031424.tif HTTP/1.1" 304 -
74.86.158.107 - - [17/Feb/2015:00:53:03 -0500] "HEAD / HTTP/1.1" 302 -
201.228.77.42 - - [17/Feb/2015:00:53:13 -0500] "GET /galeria/galeria/jquery.fancybox.css?v=2.1.5 HTTP/1.1" 200 4895
201.228.77.42 - - [17/Feb/2015:00:53:13 -0500] "GET /galeria/galeria/jquery.fancybox.js?v=2.1.5 HTTP/1.1" 200 48706
201.228.77.42 - - [17/Feb/2015:00:53:14 -0500] "GET /BLA/boletinlegal/js/jquery.scrollShow.js HTTP/1.1" 200 4586
201.228.77.42 - - [17/Feb/2015:00:53:14 -0500] "GET /BLA/boletinlegal/js/jquery.scrollTo-min.js HTTP/1.1" 200 1150
66.249.79.76 - - [17/Feb/2015:00:53:52 -0500] "GET /BLA/resoluciones/RESOLUCIONES%202010/6347.pdf HTTP/1.1" 200 472358
66.249.79.84 - - [17/Feb/2015:00:54:07 -0500] "GET /BLA/resoluciones/RESOLUCIONES%202009/4609.pdf HTTP/1.1" 200 643669
188.165.15.22 - - [17/Feb/2015:00:54:13 -0500] "GET /BLA/resoluciones/RESOLUCIONES%202002/RES%202002%20551-600/00000574.tif HTTP/1.1" 200 93400
188.165.15.234 - - [17/Feb/2015:00:54:32 -0500] "GET /BLA/resoluciones/RESOLUCIONES%202003/RES%202003%201401-1450/20031401.tif HTTP/1.1" 200 165806
180.76.6.231 - - [17/Feb/2015:00:55:05 -0500] "GET /BLA/resoluciones/AUTOS%202009/3261.pdf HTTP/1.1" 200 221938
66.249.79.76 - - [17/Feb/2015:00:55:59 -0500] "GET /BLA/resoluciones/RESOLUCIONES%202003/RES%202003%201401-1450/20031426.tif HTTP/1.1" 304 -
66.249.79.76 - - [17/Feb/2015:00:57:50 -0500] "GET /BLA/resoluciones/RESOLUCIONES%202011/0041.pdf HTTP/1.1" 200 433238
181.59.27.64 - - [17/Feb/2015:00:58:03 -0500] "GET /BLA/boletinlegal/js/jquery.scrollTo-min.js HTTP/1.1" 200 1150
74.86.158.107 - - [17/Feb/2015:00:58:03 -0500] "HEAD / HTTP/1.1" 302 -
181.59.27.64 - - [17/Feb/2015:00:58:03 -0500] "GET /BLA/boletinlegal/js/jquery.scrollShow.js HTTP/1.1" 200 4586
181.59.27.64 - - [17/Feb/2015:00:58:03 -0500] "GET /galeria/galeria/jquery.fancybox.css?v=2.1.5 HTTP/1.1" 200 4895
181.59.27.64 - - [17/Feb/2015:00:58:03 -0500] "GET /galeria/galeria/jquery.fancybox.js?v=2.1.5 HTTP/1.1" 200 48706
66.249.79.76 - - [17/Feb/2015:00:58:57 -0500] "GET /BLA/resoluciones/RESOLUCIONES%202009/7350.pdf HTTP/1.1" 200 811373
66.249.79.84 - - [17/Feb/2015:00:59:03 -0500] "GET /BLA/resoluciones/RESOLUCIONES%202003/RES%202003%201401-1450/20031401.tif HTTP/1.1" 304 -
220.181.108.155 - - [17/Feb/2015:00:59:44 -0500] "GET /BLA/resoluciones/RESOLUCIONES%202013/0310.pdf HTTP/1.1" 200 2091959
180.76.5.63 - - [17/Feb/2015:00:59:50 -0500] "GET /BLA/boletinlegal;jsessionid=7EBC19A4AFC87099D63F773345734E07?/? HTTP/1.1" 404 1018
186.118.96.83 - - [17/Feb/2015:01:00:08 -0500] "GET /galeria/galeria/jquery.fancybox.css?v=2.1.5 HTTP/1.1" 200 4895
186.118.96.83 - - [17/Feb/2015:01:00:08 -0500] "GET /BLA/boletinlegal/js/jquery.scrollTo-min.js HTTP/1.1" 200 1150
186.118.96.83 - - [17/Feb/2015:01:00:08 -0500] "GET /galeria/galeria/jquery.fancybox.js?v=2.1.5 HTTP/1.1" 200 48706
186.118.96.83 - - [17/Feb/2015:01:00:08 -0500] "GET /BLA/boletinlegal/js/jquery.scrollShow.js HTTP/1.1" 200 4586
188.165.15.222 - - [17/Feb/2015:01:02:02 -0500] "GET /BLA/resoluciones/RESOLUCIONES%202002/RES%202002%201401-1450/20021424.tif HTTP/1.1" 200 108842
66.249.79.84 - - [17/Feb/2015:01:02:05 -0500] "GET /BLA/resoluciones/RESOLUCIONES%202003/RES%202003%201401-1450/20031408.tif HTTP/1.1" 304 -
74.86.158.107 - - [17/Feb/2015:01:03:03 -0500] "HEAD / HTTP/1.1" 302 -
188.165.15.22 - - [17/Feb/2015:01:03:29 -0500] "GET /BLA/resoluciones/RESOLUCIONES%202006/RES%202006%201201-1250/00001217.tif HTTP/1.1" 200 35406
66.249.79.76 - - [17/Feb/2015:01:03:33 -0500] "GET /BLA/resoluciones/RESOLUCIONES%202004/RES%202004%202351-2401/00002359.tif HTTP/1.1" 200 237942
190.25.162.76 - - [17/Feb/2015:01:05:02 -0500] "GET /galeria/galeria/jquery.fancybox.css?v=2.1.5 HTTP/1.1" 200 4895
190.25.162.76 - - [17/Feb/2015:01:05:02 -0500] "GET /BLA/boletinlegal/js/jquery.scrollTo-min.js HTTP/1.1" 200 1150
190.25.162.76 - - [17/Feb/2015:01:05:02 -0500] "GET /BLA/boletinlegal/js/jquery.scrollShow.js HTTP/1.1" 200 4586
190.25.162.76 - - [17/Feb/2015:01:05:02 -0500] "GET /galeria/galeria/jquery.fancybox.js?v=2.1.5 HTTP/1.1" 200 48706
66.249.79.76 - - [17/Feb/2015:01:05:11 -0500] "GET /BLA/resoluciones/RESOLUCIONES%202003/RES%202003%201401-1450/20031441.tif HTTP/1.1" 304 -
188.165.15.223 - - [17/Feb/2015:01:06:41 -0500] "GET /BLA/resoluciones/RESOLUCIONES%202006/RES%202006%202501-2550/00002536.tif HTTP/1.1" 200 194868
188.165.15.22 - - [17/Feb/2015:01:07:12 -0500] "GET /BLA/resoluciones/RESOLUCIONES%202005/RES%202005%201851-1900/00001871.tif HTTP/1.1" 200 292782
66.249.79.112 - - [17/Feb/2015:01:07:16 -0500] "GET / HTTP/1.1" 302 -
180.76.6.20 - - [17/Feb/2015:01:07:22 -0500] "GET /BLA/boletinlegal;jsessionid=016D6F4F4A95FAD5AECE03E5043B2232?/? HTTP/1.1" 404 1018
189.138.252.69 - - [17/Feb/2015:01:08:01 -0500] "GET /galeria/galeria/jquery.fancybox.css?v=2.1.5 HTTP/1.1" 200 4895
189.138.252.69 - - [17/Feb/2015:01:08:01 -0500] "GET /BLA/boletinlegal/js/jquery.scrollTo-min.js HTTP/1.1" 200 1150
189.138.252.69 - - [17/Feb/2015:01:08:01 -0500] "GET /BLA/boletinlegal/js/jquery.scrollShow.js HTTP/1.1" 200 4586
189.138.252.69 - - [17/Feb/2015:01:08:01 -0500] "GET /galeria/galeria/jquery.fancybox.js?v=2.1.5 HTTP/1.1" 200 48706
74.86.158.107 - - [17/Feb/2015:01:08:03 -0500] "HEAD / HTTP/1.1" 302 -
66.249.79.76 - - [17/Feb/2015:01:08:23 -0500] "GET /BLA/resoluciones/RESOLUCIONES%202003/RES%202003%201401-1450/20031420.tif HTTP/1.1" 304 -
188.165.15.234 - - [17/Feb/2015:01:08:27 -0500] "GET /BLA/resoluciones/RESOLUCIONES%202006/RES%202006%201-50/00000045.tif HTTP/1.1" 200 284372
152.61.193.99 - - [17/Feb/2015:01:08:44 -0500] "HEAD / HTTP/1.1" 302 -
152.61.193.99 - - [17/Feb/2015:01:08:44 -0500] "GET /arcgis/services/Calidad_del_Agua_WQI/MapServer/WMSServer?SERVICE=WMS&REQUEST=GetCapabilities HTTP/1.1" 200 32135
152.61.193.99 - - [17/Feb/2015:01:08:45 -0500] "GET /arcgis/services/Calidad_del_Agua_WQI/MapServer/WMSServer?SERVICE=WMS&REQUEST=GetCapabilities HTTP/1.1" 200 32135
152.61.193.99 - - [17/Feb/2015:01:08:46 -0500] "GET /arcgis/services/Calidad_del_Agua_WQI/MapServer/WMSServer?SERVICE=WMS&REQUEST=GetCapabilities HTTP/1.1" 200 32135
152.61.193.99 - - [17/Feb/2015:01:08:46 -0500] "GET /arcgis/services/Calidad_del_Agua_WQI/MapServer/WMSServer?SERVICE=WMS&REQUEST=GetCapabilities HTTP/1.1" 200 32135
152.61.193.99 - - [17/Feb/2015:01:08:47 -0500] "GET /arcgis/services/Calidad_del_Agua_WQI/MapServer/WMSServer?VERSION=1.1.1&REQUEST=GetMap&LAYERS=0&SRS=EPSG:4326&BBOX=-74.473395,3.674381,-73.963300,4.920569&WIDTH=250&HEIGHT=250&FORMAT=image/bmp&STYLES=& HTTP/1.1" 200 188054
66.249.79.68 - - [17/Feb/2015:01:09:06 -0500] "GET /BLA/resoluciones/RESOLUCIONES%202007/RES%202007%202701%20AL%202800/RESOLUCION%202747%20DE%202007.pdf HTTP/1.1" 200 976598
188.165.15.211 - - [17/Feb/2015:01:09:33 -0500] "GET /BLA/resoluciones/RESOLUCIONES%202006/RES%202006%202501-2550/00002546.tif HTTP/1.1" 200 148940
66.249.79.68 - - [17/Feb/2015:01:09:48 -0500] "GET /BLA/resoluciones/RESOLUCIONES%202007/RES%202007%201001%20AL%201100/RESOLUCION%201026%20DE%202007.pdf HTTP/1.1" 200 1068622
65.55.212.81 - - [17/Feb/2015:01:10:14 -0500] "GET /BLA/boletinlegal/js/jquery.scrollTo-min.js HTTP/1.1" 200 1150
65.55.212.73 - - [17/Feb/2015:01:10:14 -0500] "GET /BLA/boletinlegal/js/jquery.scrollShow.js HTTP/1.1" 200 4586
65.55.212.81 - - [17/Feb/2015:01:10:15 -0500] "GET /galeria/galeria/jquery.fancybox.js?v=2.1.5 HTTP/1.1" 200 48706
65.55.212.73 - - [17/Feb/2015:01:10:15 -0500] "GET /galeria/galeria/jquery.fancybox.css?v=2.1.5 HTTP/1.1" 200 4895
152.61.128.66 - - [17/Feb/2015:01:10:44 -0500] "HEAD / HTTP/1.1" 302 -
152.61.128.66 - - [17/Feb/2015:01:10:44 -0500] "GET /arcgis/services/Calidad_del_Agua_WQI/MapServer/WMSServer?request=GetCapabilities&service=WMS HTTP/1.1" 200 32135
152.61.128.66 - - [17/Feb/2015:01:10:45 -0500] "GET /arcgis/services/Calidad_del_Agua_WQI/MapServer/WMSServer?request=GetCapabilities&service=WMS HTTP/1.0" 200 32135
152.61.128.66 - - [17/Feb/2015:01:10:46 -0500] "GET /arcgis/services/Calidad_del_Agua_WQI/MapServer/WMSServer?request=GetCapabilities&service=WMS HTTP/1.0" 200 32135
152.61.128.66 - - [17/Feb/2015:01:10:47 -0500] "GET /arcgis/services/Calidad_del_Agua_WQI/MapServer/WMSServer?request=GetCapabilities&service=WMS HTTP/1.0" 200 32135
152.61.128.66 - - [17/Feb/2015:01:10:48 -0500] "GET /arcgis/services/Calidad_del_Agua_WQI/MapServer/WMSServer?VERSION=1.1.1&REQUEST=GetMap&LAYERS=0&SRS=EPSG:4326&BBOX=-74.473395,3.674381,-73.963300,4.920569&WIDTH=250&HEIGHT=250&FORMAT=image/bmp&STYLES=& HTTP/1.1" 200 188054
66.249.79.84 - - [17/Feb/2015:01:10:50 -0500] "GET /BLA/resoluciones/RESOLUCIONES%202006/RES%202006%202201-2250/00002221.tif HTTP/1.1" 200 312782
66.249.79.84 - - [17/Feb/2015:01:11:20 -0500] "GET /BLA/resoluciones/RESOLUCIONES%202003/RES%202003%201401-1450/20031446.tif HTTP/1.1" 304 -
186.147.104.183 - - [17/Feb/2015:01:12:41 -0500] "GET /BLA/boletinlegal/js/jquery.scrollTo-min.js HTTP/1.1" 200 1150
186.147.104.183 - - [17/Feb/2015:01:12:41 -0500] "GET /galeria/galeria/jquery.fancybox.css?v=2.1.5 HTTP/1.1" 200 4895
186.147.104.183 - - [17/Feb/2015:01:12:41 -0500] "GET /galeria/galeria/jquery.fancybox.js?v=2.1.5 HTTP/1.1" 200 48706
186.147.104.183 - - [17/Feb/2015:01:12:41 -0500] "GET /BLA/boletinlegal/js/jquery.scrollShow.js HTTP/1.1" 200 4586
74.86.158.107 - - [17/Feb/2015:01:13:03 -0500] "HEAD / HTTP/1.1" 302 -
199.30.24.19 - - [17/Feb/2015:01:14:00 -0500] "GET /galeria/nivo-slider/demo/demo.html HTTP/1.1" 200 3771
199.30.24.19 - - [17/Feb/2015:01:14:05 -0500] "GET /galeria/nivo-slider/demo/images/BFebrero-mes-de-los-humedales.jpg HTTP/1.1" 200 320179
199.30.24.19 - - [17/Feb/2015:01:14:08 -0500] "GET /videos/Humedals2015WEB.flv HTTP/1.1" 200 16650865
66.249.79.76 - - [17/Feb/2015:01:14:10 -0500] "GET /BLA/resoluciones/RESOLUCIONES%202012/1143.pdf HTTP/1.1" 304 -
66.249.79.68 - - [17/Feb/2015:01:14:22 -0500] "GET /BLA/resoluciones/RESOLUCIONES%202003/RES%202003%201401-1450/20031402.tif HTTP/1.1" 304 -
188.165.15.105 - - [17/Feb/2015:01:15:09 -0500] "GET /BLA/resoluciones/RESOLUCIONES%202003/RES%202003%201201-1250/2003RES1208.tif HTTP/1.1" 200 2103320
162.243.170.57 - - [17/Feb/2015:01:15:11 -0500] "GET /BLA/boletinlegal/js/jquery.scrollTo-min.js HTTP/1.1" 200 1150
162.243.170.57 - - [17/Feb/2015:01:15:11 -0500] "GET /galeria/carrusel/Carrusel/jquery-ui-1.8.13.custom.min.js HTTP/1.1" 200 10800
162.243.170.57 - - [17/Feb/2015:01:15:11 -0500] "GET /galeria/carrusel/Carrusel/jquery.thumbnailScroller.js HTTP/1.1" 200 8157
162.243.170.57 - - [17/Feb/2015:01:15:11 -0500] "GET /galeria/galeria/jquery.fancybox.js?v=2.1.5 HTTP/1.1" 200 48706
162.243.170.57 - - [17/Feb/2015:01:15:11 -0500] "GET /BLA/boletinlegal/js/jquery.scrollShow.js HTTP/1.1" 200 4586
188.165.15.222 - - [17/Feb/2015:01:15:12 -0500] "GET /BLA/resoluciones/RESOLUCIONES%202006/RES%202006%20101-150/00000141.tif HTTP/1.1" 200 220052
162.243.170.57 - - [17/Feb/2015:01:15:16 -0500] "GET /galeria/nivo-slider/demo/demo.html HTTP/1.1" 200 3771
162.243.170.57 - - [17/Feb/2015:01:15:17 -0500] "GET /galeria/nivo-slider/demo/scripts/jquery-1.7.1.min.js HTTP/1.1" 200 93868
162.243.170.57 - - [17/Feb/2015:01:15:17 -0500] "GET /galeria/nivo-slider/jquery.nivo.slider.pack.js HTTP/1.1" 200 11561
77.66.121.239 - - [17/Feb/2015:01:15:21 -0500] "GET /robots.txt HTTP/1.0" 404 1019
77.66.121.239 - - [17/Feb/2015:01:15:23 -0500] "GET / HTTP/1.0" 302 -
77.66.121.239 - - [17/Feb/2015:01:15:28 -0500] "GET /robots.txt HTTP/1.0" 404 1018
77.66.121.239 - - [17/Feb/2015:01:15:29 -0500] "GET /galeria/nivo-slider/demo/demo.html HTTP/1.0" 200 3771
188.165.15.214 - - [17/Feb/2015:01:15:53 -0500] "GET /BLA/resoluciones/RESOLUCIONES%202005/RES%202005%201951-2000/00001957.tif HTTP/1.1" 200 154224
180.76.5.19 - - [17/Feb/2015:01:16:57 -0500] "GET /BLA/boletinlegal;jsessionid=587F327AE536651475926751FE08CCF9?/? HTTP/1.1" 404 1018
66.249.79.76 - - [17/Feb/2015:01:17:29 -0500] "GET /BLA/resoluciones/RESOLUCIONES%202003/RES%202003%201401-1450/20031447.tif HTTP/1.1" 304 -
74.86.158.107 - - [17/Feb/2015:01:18:03 -0500] "HEAD / HTTP/1.1" 302 -
66.249.79.76 - - [17/Feb/2015:01:18:12 -0500] "GET /BLA/resoluciones/AUTOS%202007/3577.pdf HTTP/1.1" 200 185778
66.249.79.84 - - [17/Feb/2015:01:18:28 -0500] "GET /BLA/resoluciones/AUTOS%202007/3298.pdf HTTP/1.1" 200 236453
93.174.93.239 - - [17/Feb/2015:01:18:31 -0500] "GET / HTTP/1.0" 302 -
66.249.79.76 - - [17/Feb/2015:01:20:33 -0500] "GET /BLA/resoluciones/RESOLUCIONES%202003/RES%202003%201401-1450/20031409.tif HTTP/1.1" 304 -
66.249.88.242 - - [17/Feb/2015:01:21:36 -0500] "GET /BLA/boletinlegal/js/jquery.scrollTo-min.js HTTP/1.1" 200 1150
66.249.88.242 - - [17/Feb/2015:01:21:36 -0500] "GET /BLA/boletinlegal/js/jquery.scrollShow.js HTTP/1.1" 200 4586
66.249.88.238 - - [17/Feb/2015:01:21:37 -0500] "GET /galeria/galeria/jquery.fancybox.css?v=2.1.5 HTTP/1.1" 200 4895
66.249.88.238 - - [17/Feb/2015:01:21:37 -0500] "GET /galeria/galeria/jquery.fancybox.js?v=2.1.5 HTTP/1.1" 200 48706
66.249.88.242 - - [17/Feb/2015:01:21:37 -0500] "GET /galeria/carrusel/Carrusel/jquery.thumbnailScroller.css HTTP/1.1" 200 2066
66.249.88.240 - - [17/Feb/2015:01:21:37 -0500] "GET /galeria/carrusel/Carrusel/jquery-ui-1.8.13.custom.min.js HTTP/1.1" 200 10800
66.249.79.84 - - [17/Feb/2015:01:21:37 -0500] "GET /BLA/resoluciones/RESOLUCIONES%202005/RES%202005%201051-1100/00001056.tif HTTP/1.1" 200 157148
66.249.88.238 - - [17/Feb/2015:01:21:37 -0500] "GET /galeria/carrusel/Carrusel/jquery.thumbnailScroller.js HTTP/1.1" 200 8157
66.249.88.242 - - [17/Feb/2015:01:21:40 -0500] "GET /galeria/nivo-slider/demo/demo.html HTTP/1.1" 200 3771
220.181.108.106 - - [17/Feb/2015:01:21:44 -0500] "GET / HTTP/1.1" 302 -
66.249.88.242 - - [17/Feb/2015:01:21:48 -0500] "GET /galeria/nivo-slider/nivo-slider.css HTTP/1.1" 200 1507
66.249.88.240 - - [17/Feb/2015:01:21:48 -0500] "GET /galeria/nivo-slider/themes/pascal/pascal.css HTTP/1.1" 200 2258
66.249.88.242 - - [17/Feb/2015:01:21:48 -0500] "GET /galeria/nivo-slider/themes/default/default.css HTTP/1.1" 200 1569
66.249.88.242 - - [17/Feb/2015:01:21:48 -0500] "GET /galeria/nivo-slider/demo/style.css HTTP/1.1" 200 2222
66.249.88.240 - - [17/Feb/2015:01:21:48 -0500] "GET /galeria/nivo-slider/demo/images/BFebrero-mes-de-los-humedales.jpg HTTP/1.1" 200 320179
66.249.88.238 - - [17/Feb/2015:01:21:48 -0500] "GET /galeria/nivo-slider/jquery.nivo.slider.pack.js HTTP/1.1" 200 11561
66.249.88.242 - - [17/Feb/2015:01:21:48 -0500] "GET /galeria/nivo-slider/demo/scripts/jquery-1.7.1.min.js HTTP/1.1" 200 93868
66.249.88.240 - - [17/Feb/2015:01:21:48 -0500] "GET /galeria/nivo-slider/themes/orman/orman.css HTTP/1.1" 200 2152
66.249.88.242 - - [17/Feb/2015:01:21:48 -0500] "GET /galeria/nivo-slider/demo/images/redes_sociales.jpg HTTP/1.1" 200 415652
66.249.88.240 - - [17/Feb/2015:01:21:48 -0500] "GET /galeria/nivo-slider/demo/images/banner-llantas2.jpg HTTP/1.1" 200 73153
66.249.88.242 - - [17/Feb/2015:01:21:48 -0500] "GET /galeria/nivo-slider/demo/images/Tingua-azul.jpg HTTP/1.1" 200 307638
66.249.88.240 - - [17/Feb/2015:01:21:48 -0500] "GET /galeria/nivo-slider/demo/images/Ruta-vertimientos-01.jpg HTTP/1.1" 200 130151
66.249.88.238 - - [17/Feb/2015:01:21:48 -0500] "GET /galeria/nivo-slider/demo/images/ecolecta-Dic2014.png HTTP/1.1" 200 288593
66.249.88.242 - - [17/Feb/2015:01:21:48 -0500] "GET /galeria/nivo-slider/demo/images/Banner-Caracol-Africano.jpg HTTP/1.1" 200 331986
66.249.88.240 - - [17/Feb/2015:01:21:48 -0500] "GET /galeria/nivo-slider/demo/images/banner-V2.jpg HTTP/1.1" 200 167020
66.249.88.238 - - [17/Feb/2015:01:21:48 -0500] "GET /galeria/nivo-slider/demo/images/banner-caballos.png HTTP/1.1" 200 389106
66.249.88.240 - - [17/Feb/2015:01:21:48 -0500] "GET /galeria/nivo-slider/demo/images/9Signos.jpg HTTP/1.1" 200 93040
66.249.88.238 - - [17/Feb/2015:01:21:48 -0500] "GET /galeria/nivo-slider/demo/images/bolsas-08.jpg HTTP/1.1" 200 85589
66.249.88.242 - - [17/Feb/2015:01:21:48 -0500] "GET /galeria/nivo-slider/demo/images/porloshumedales.jpg HTTP/1.1" 200 351238
66.249.88.242 - - [17/Feb/2015:01:21:48 -0500] "GET /galeria/nivo-slider/demo/images/Banner_SEGAE.jpg HTTP/1.1" 200 169523
66.249.88.242 - - [17/Feb/2015:01:21:48 -0500] "GET /galeria/nivo-slider/demo/images/bolsas-06.jpg HTTP/1.1" 200 90982
66.249.88.240 - - [17/Feb/2015:01:21:48 -0500] "GET /galeria/nivo-slider/demo/images/4Simple_Slider.png HTTP/1.1" 200 11722
66.249.88.240 - - [17/Feb/2015:01:21:48 -0500] "GET /galeria/nivo-slider/themes/default/loading.gif HTTP/1.1" 200 1737
66.249.88.242 - - [17/Feb/2015:01:21:52 -0500] "GET /galeria/nivo-slider/themes/default/arrows.png HTTP/1.1" 200 824
66.249.88.240 - - [17/Feb/2015:01:21:52 -0500] "GET /galeria/nivo-slider/themes/default/bullets.png HTTP/1.1" 200 1281
66.249.79.84 - - [17/Feb/2015:01:22:26 -0500] "GET /BLA/resoluciones/index.php?dir=RESOLUCIONES+2010%2F HTTP/1.1" 200 1288667
66.249.79.84 - - [17/Feb/2015:01:22:44 -0500] "GET /PruebasSTORM/StormSDA_pruebas/userFiles/user_files/formulas/4/ HTTP/1.1" 200 904
74.86.158.107 - - [17/Feb/2015:01:23:03 -0500] "HEAD / HTTP/1.1" 302 -
180.76.6.156 - - [17/Feb/2015:01:23:16 -0500] "GET /BLA/boletinlegal;jsessionid=14D468746564E8718F9E8117C8136DAC?/? HTTP/1.1" 404 1018
188.165.15.187 - - [17/Feb/2015:01:23:16 -0500] "GET /BLA/resoluciones/index.php?dir=RESOLUCIONES%202005/RES%202005%20701-750/&sort=name&order=desc HTTP/1.1" 200 12246
66.249.79.84 - - [17/Feb/2015:01:23:42 -0500] "GET /BLA/resoluciones/RESOLUCIONES%202003/RES%202003%201401-1450/20031413.tif HTTP/1.1" 304 -
180.76.6.29 - - [17/Feb/2015:01:24:04 -0500] "GET /BLA/resoluciones/AUTOS%202009/2771.pdf HTTP/1.1" 200 100303
66.249.79.68 - - [17/Feb/2015:01:24:19 -0500] "GET /BLA/resoluciones/RESOLUCIONES%202007/RES%202007%203201%20AL%203300/RESOLUCION%203278%20DE%202007.pdf HTTP/1.1" 200 200801
188.165.15.41 - - [17/Feb/2015:01:24:44 -0500] "GET /BLA/resoluciones/index.php?dir=RESOLUCIONES+2004%2FRES+2004+951-1000%2F HTTP/1.1" 200 12101
180.76.5.22 - - [17/Feb/2015:01:24:51 -0500] "GET /BLA/boletinlegal;jsessionid=60D3001B09E1223C010D55C89B834C72?/? HTTP/1.1" 404 1018
188.165.15.187 - - [17/Feb/2015:01:25:01 -0500] "GET /BLA/resoluciones/index.php?dir=RESOLUCIONES+2007%2FRES+2007+2101+AL+2200%2F HTTP/1.1" 200 26871
180.76.6.135 - - [17/Feb/2015:01:25:39 -0500] "GET /BLA/boletinlegal;jsessionid=BC09C57EA60CC819CD2E2912168023E9?/? HTTP/1.1" 404 1018
187.146.205.11 - - [17/Feb/2015:01:25:40 -0500] "GET /BLA/boletinlegal/js/jquery.scrollShow.js HTTP/1.1" 200 4586
187.146.205.11 - - [17/Feb/2015:01:25:40 -0500] "GET /BLA/boletinlegal/js/jquery.scrollTo-min.js HTTP/1.1" 200 1150
187.146.205.11 - - [17/Feb/2015:01:25:41 -0500] "GET /galeria/galeria/jquery.fancybox.js?v=2.1.5 HTTP/1.1" 200 48706
187.146.205.11 - - [17/Feb/2015:01:25:41 -0500] "GET /galeria/galeria/jquery.fancybox.css?v=2.1.5 HTTP/1.1" 200 4895
66.249.79.76 - - [17/Feb/2015:01:26:52 -0500] "GET /BLA/resoluciones/RESOLUCIONES%202003/RES%202003%201401-1450/20031404.tif HTTP/1.1" 304 -
65.55.218.60 - - [17/Feb/2015:01:27:36 -0500] "GET /BLA/boletinlegal/js/jquery.scrollTo-min.js HTTP/1.1" 200 1150
131.253.26.252 - - [17/Feb/2015:01:27:36 -0500] "GET /BLA/boletinlegal/js/jquery.scrollShow.js HTTP/1.1" 200 4586
65.55.218.60 - - [17/Feb/2015:01:27:36 -0500] "GET /galeria/galeria/jquery.fancybox.js?v=2.1.5 HTTP/1.1" 200 48706
131.253.26.252 - - [17/Feb/2015:01:27:36 -0500] "GET /galeria/galeria/jquery.fancybox.css?v=2.1.5 HTTP/1.1" 200 4895
152.61.128.66 - - [17/Feb/2015:01:27:39 -0500] "HEAD / HTTP/1.1" 302 -
152.61.128.66 - - [17/Feb/2015:01:27:39 -0500] "GET /arcgis/services/Calidad_del_Agua_WQI/MapServer/WMSServer?SERVICE=WMS&REQUEST=GetCapabilities HTTP/1.1" 200 32135
152.61.128.66 - - [17/Feb/2015:01:27:40 -0500] "GET /arcgis/services/Calidad_del_Agua_WQI/MapServer/WMSServer?SERVICE=WMS&REQUEST=GetCapabilities HTTP/1.0" 200 32135
152.61.128.66 - - [17/Feb/2015:01:27:41 -0500] "GET /arcgis/services/Calidad_del_Agua_WQI/MapServer/WMSServer?SERVICE=WMS&REQUEST=GetCapabilities HTTP/1.0" 200 32135
152.61.128.66 - - [17/Feb/2015:01:27:42 -0500] "GET /arcgis/services/Calidad_del_Agua_WQI/MapServer/WMSServer?SERVICE=WMS&REQUEST=GetCapabilities HTTP/1.0" 200 32135
152.61.128.66 - - [17/Feb/2015:01:27:43 -0500] "GET /arcgis/services/Calidad_del_Agua_WQI/MapServer/WMSServer?VERSION=1.1.1&REQUEST=GetMap&LAYERS=0&SRS=EPSG:4326&BBOX=-74.473395,3.674381,-73.963300,4.920569&WIDTH=250&HEIGHT=250&FORMAT=image/bmp&STYLES=& HTTP/1.1" 200 188054
74.86.158.107 - - [17/Feb/2015:01:28:03 -0500] "HEAD / HTTP/1.1" 302 -
66.249.79.68 - - [17/Feb/2015:01:29:24 -0500] "GET /BLA/resoluciones/AUTOS%202009/1999.pdf HTTP/1.1" 200 101325
66.249.79.68 - - [17/Feb/2015:01:29:37 -0500] "GET /ial/sitio/MEMORIAS%20SIMAH/Auditorio/Viernes%20AM/Sesion%205%20830%201000/4%20Anne%20Chung%20Japon.pdf HTTP/1.1" 404 1018
66.249.79.76 - - [17/Feb/2015:01:29:52 -0500] "GET /BLA/resoluciones/Autos%202008/2388.pdf HTTP/1.1" 200 121261
66.249.79.76 - - [17/Feb/2015:01:30:02 -0500] "GET /BLA/resoluciones/RESOLUCIONES%202003/RES%202003%201401-1450/20031443.tif HTTP/1.1" 304 -
66.249.79.68 - - [17/Feb/2015:01:30:06 -0500] "GET /BLA/resoluciones/RESOLUCIONES%202007/RES%202007%20801%20AL%20900/RESOLUCION%200840%20DE%202007.pdf HTTP/1.1" 200 240702
157.55.39.98 - - [17/Feb/2015:01:30:47 -0500] "GET /_private/atlas.htm HTTP/1.1" 404 1015
66.249.79.68 - - [17/Feb/2015:01:30:56 -0500] "GET /BLA/resoluciones/RESOLUCIONES%202010/6171.pdf HTTP/1.1" 200 669868
66.249.79.76 - - [17/Feb/2015:01:31:11 -0500] "GET /BLA/resoluciones/Autos%202008/2681.pdf HTTP/1.1" 200 120028
66.249.79.76 - - [17/Feb/2015:01:31:12 -0500] "GET /BLA/resoluciones/RESOLUCIONES%202008/2153.pdf HTTP/1.1" 200 293384
66.249.79.76 - - [17/Feb/2015:01:31:17 -0500] "GET /BLA/resoluciones/RESOLUCIONES%202007/RES%202007%202501%20AL%202600/RESOLUCION%202574%20DE%202007.pdf HTTP/1.1" 200 254684
152.61.193.99 - - [17/Feb/2015:01:31:22 -0500] "HEAD / HTTP/1.1" 302 -
152.61.193.99 - - [17/Feb/2015:01:31:22 -0500] "GET /arcgis/services/Calidad_del_Agua_WQI/MapServer/WMSServer?request=GetCapabilities&service=WMS HTTP/1.1" 200 32135
152.61.193.99 - - [17/Feb/2015:01:31:23 -0500] "GET /arcgis/services/Calidad_del_Agua_WQI/MapServer/WMSServer?request=GetCapabilities&service=WMS HTTP/1.1" 200 32135
152.61.193.99 - - [17/Feb/2015:01:31:24 -0500] "GET /arcgis/services/Calidad_del_Agua_WQI/MapServer/WMSServer?request=GetCapabilities&service=WMS HTTP/1.1" 200 32135
152.61.193.99 - - [17/Feb/2015:01:31:24 -0500] "GET /arcgis/services/Calidad_del_Agua_WQI/MapServer/WMSServer?request=GetCapabilities&service=WMS HTTP/1.1" 200 32135
152.61.193.99 - - [17/Feb/2015:01:31:25 -0500] "GET /arcgis/services/Calidad_del_Agua_WQI/MapServer/WMSServer?VERSION=1.1.1&REQUEST=GetMap&LAYERS=0&SRS=EPSG:4326&BBOX=-74.473395,3.674381,-73.963300,4.920569&WIDTH=250&HEIGHT=250&FORMAT=image/bmp&STYLES=& HTTP/1.1" 200 188054
188.165.15.223 - - [17/Feb/2015:01:31:32 -0500] "GET /BLA/resoluciones/RESOLUCIONES%202002/RES%202002%201551-1600/20021572.tif HTTP/1.1" 200 155070
66.249.79.68 - - [17/Feb/2015:01:32:26 -0500] "GET /BLA/resoluciones/RESOLUCIONES%202007/RES%202007%20301%20AL%20400/RESOLUCION%200342%20DE%202007.pdf HTTP/1.1" 200 331081
66.249.88.242 - - [17/Feb/2015:01:32:36 -0500] "GET /galeria/galeria/jquery.fancybox.css?v=2.1.5 HTTP/1.1" 200 4895
66.249.88.242 - - [17/Feb/2015:01:32:36 -0500] "GET /BLA/boletinlegal/js/jquery.scrollTo-min.js HTTP/1.1" 200 1150
66.249.88.242 - - [17/Feb/2015:01:32:36 -0500] "GET /BLA/boletinlegal/js/jquery.scrollShow.js HTTP/1.1" 200 4586
66.249.88.240 - - [17/Feb/2015:01:32:36 -0500] "GET /galeria/galeria/jquery.fancybox.js?v=2.1.5 HTTP/1.1" 200 48706
74.86.158.107 - - [17/Feb/2015:01:33:03 -0500] "HEAD / HTTP/1.1" 302 -
220.181.108.116 - - [17/Feb/2015:01:33:04 -0500] "GET /BLA/resoluciones/AUTOS%202013/1603.pdf HTTP/1.1" 200 140600
66.249.79.76 - - [17/Feb/2015:01:33:09 -0500] "GET /BLA/resoluciones/RESOLUCIONES%202003/RES%202003%201401-1450/20031438.tif HTTP/1.1" 304 -
66.249.79.76 - - [17/Feb/2015:01:33:09 -0500] "GET /BLA/resoluciones/RESOLUCIONES%202004/RES%202004%202351-2401/00002353.tif HTTP/1.1" 200 80924
188.165.15.211 - - [17/Feb/2015:01:33:21 -0500] "GET /BLA/resoluciones/RESOLUCIONES%202003/RES%202003%20501-550/518.tif HTTP/1.1" 200 197520
190.26.210.162 - - [17/Feb/2015:01:33:32 -0500] "GET / HTTP/1.1" 302 -
66.249.79.76 - - [17/Feb/2015:01:33:52 -0500] "GET /BLA/resoluciones/AUTOS%202007/0333.pdf HTTP/1.1" 200 158955
66.249.79.68 - - [17/Feb/2015:01:34:28 -0500] "GET /BLA/resoluciones/RESOLUCIONES%202013/0169.pdf HTTP/1.1" 200 2658087
190.26.210.162 - - [17/Feb/2015:01:35:45 -0500] "GET /BLA/boletinlegal/js/jquery.scrollTo-min.js HTTP/1.1" 200 1150
190.26.210.162 - - [17/Feb/2015:01:35:45 -0500] "GET /BLA/boletinlegal/js/jquery.scrollShow.js HTTP/1.1" 200 4586
190.26.210.162 - - [17/Feb/2015:01:35:45 -0500] "GET /galeria/galeria/jquery.fancybox.js?v=2.1.5 HTTP/1.1" 200 48706
190.26.210.162 - - [17/Feb/2015:01:35:46 -0500] "GET /galeria/galeria/jquery.fancybox.css?v=2.1.5 HTTP/1.1" 200 4895
188.165.15.22 - - [17/Feb/2015:01:35:49 -0500] "GET /BLA/resoluciones/index.php?dir=AUTOS+2012%2F HTTP/1.1" 200 249076
190.26.210.162 - - [17/Feb/2015:01:35:55 -0500] "GET /galeria/nivo-slider/demo/demo.html HTTP/1.1" 304 -
190.26.210.162 - - [17/Feb/2015:01:35:55 -0500] "GET /galeria/carrusel/Carrusel/jquery.thumbnailScroller.css HTTP/1.1" 200 2066
190.26.210.162 - - [17/Feb/2015:01:35:55 -0500] "GET /galeria/carrusel/Carrusel/jquery-ui- HTTP/1.1" 404 1018
190.26.210.162 - - [17/Feb/2015:01:35:56 -0500] "GET /galeria/carrusel/Carrusel/jquery.thumbnailScroller.js HTTP/1.1" 200 8157
190.26.210.162 - - [17/Feb/2015:01:36:00 -0500] "GET /videos/Humedals2015WEB.flv HTTP/1.1" 200 16650865
190.26.210.162 - - [17/Feb/2015:01:36:03 -0500] "GET /galeria/nivo-slider/demo/ HTTP/1.1" 200 2278
66.249.79.84 - - [17/Feb/2015:01:36:21 -0500] "GET /BLA/resoluciones/RESOLUCIONES%202003/RES%202003%201401-1450/20031421.tif HTTP/1.1" 304 -
188.165.15.214 - - [17/Feb/2015:01:36:25 -0500] "GET /BLA/resoluciones/RESOLUCIONES%202004/RES%202004%201001-1050/00001041.tif HTTP/1.1" 200 159322
190.26.210.162 - - [17/Feb/2015:01:35:55 -0500] "GET /BLA/boletinlegal/index.php? HTTP/1.1" 200 46714
201.245.247.38 - - [17/Feb/2015:01:36:49 -0500] "GET /galeria/galeria/jquery.fancybox.js?v=2.1.5 HTTP/1.1" 200 48706
201.245.247.38 - - [17/Feb/2015:01:36:49 -0500] "GET /galeria/galeria/jquery.fancybox.css?v=2.1.5 HTTP/1.1" 200 4895
180.76.6.63 - - [17/Feb/2015:01:37:54 -0500] "GET /BLA/boletinlegal;jsessionid=2BAD0CFAA5A3DF68B5E55D42FAA94B8E?/? HTTP/1.1" 404 1018
74.86.158.107 - - [17/Feb/2015:01:38:03 -0500] "HEAD / HTTP/1.1" 302 -
180.76.6.147 - - [17/Feb/2015:01:39:29 -0500] "GET /BLA/boletinlegal;jsessionid=62AE067259061314616B5273858B3748?/? HTTP/1.1" 404 1018
66.249.79.84 - - [17/Feb/2015:01:39:30 -0500] "GET /BLA/resoluciones/RESOLUCIONES%202003/RES%202003%201401-1450/20031403.tif HTTP/1.1" 304 -
66.249.79.84 - - [17/Feb/2015:01:39:35 -0500] "GET /BLA/resoluciones/RESOLUCIONES%202010/7374.pdf HTTP/1.1" 200 383422
66.249.79.84 - - [17/Feb/2015:01:39:40 -0500] "GET /BLA/resoluciones/RESOLUCIONES%202005/RES%202005%202151-2200/00002172.tif HTTP/1.1" 200 1363618
188.165.15.41 - - [17/Feb/2015:01:41:33 -0500] "GET /BLA/resoluciones/RESOLUCIONES%202003/RES%202003%20951-1000/981.tif HTTP/1.1" 200 121884
66.249.79.68 - - [17/Feb/2015:01:42:40 -0500] "GET /BLA/resoluciones/RESOLUCIONES%202003/RES%202003%201401-1450/20031425.tif HTTP/1.1" 304 -
74.86.158.107 - - [17/Feb/2015:01:43:03 -0500] "HEAD / HTTP/1.1" 302 -
188.165.15.41 - - [17/Feb/2015:01:43:20 -0500] "GET /BLA/resoluciones/RESOLUCIONES%202003/RES%202003%20951-1000/952.tif HTTP/1.1" 200 197140
180.76.6.62 - - [17/Feb/2015:01:43:33 -0500] "GET /BLA/boletinlegal;jsessionid=6B259EE89E72609D993317A0D1EE54E5?/? HTTP/1.1" 404 1018
66.249.79.68 - - [17/Feb/2015:01:44:37 -0500] "GET /BLA/resoluciones/AUTOS%202013/1284.pdf HTTP/1.1" 200 1093767
188.165.15.187 - - [17/Feb/2015:01:44:43 -0500] "GET /BLA/resoluciones/RESOLUCIONES%202002/RES%202002%201851-1900/20021898.tif HTTP/1.1" 200 79264
66.249.79.68 - - [17/Feb/2015:01:44:52 -0500] "GET /BLA/resoluciones/RESOLUCIONES%202010/5807.pdf HTTP/1.1" 200 747955
66.249.79.76 - - [17/Feb/2015:01:45:56 -0500] "GET /BLA/resoluciones/RESOLUCIONES%202003/RES%202003%201401-1450/20031407.tif HTTP/1.1" 304 -
66.249.79.76 - - [17/Feb/2015:01:46:14 -0500] "GET /BLA/resoluciones/Autos%202008/0792.pdf HTTP/1.1" 200 68805
181.141.84.151 - - [17/Feb/2015:01:46:52 -0500] "GET /BLA/boletinlegal/js/jquery.scrollTo-min.js HTTP/1.1" 200 1150
181.141.84.151 - - [17/Feb/2015:01:46:52 -0500] "GET /galeria/galeria/jquery.fancybox.css?v=2.1.5 HTTP/1.1" 200 4895
181.141.84.151 - - [17/Feb/2015:01:46:52 -0500] "GET /galeria/galeria/jquery.fancybox.js?v=2.1.5 HTTP/1.1" 200 48706
181.141.84.151 - - [17/Feb/2015:01:46:52 -0500] "GET /BLA/boletinlegal/js/jquery.scrollShow.js HTTP/1.1" 200 4586
180.76.6.154 - - [17/Feb/2015:01:47:14 -0500] "GET /BLA/resoluciones/AUTOS%202011/1412.pdf HTTP/1.1" 200 101797
201.138.239.92 - - [17/Feb/2015:01:47:26 -0500] "GET /BLA/boletinlegal/js/jquery.scrollShow.js HTTP/1.1" 200 4586
201.138.239.92 - - [17/Feb/2015:01:47:26 -0500] "GET /galeria/galeria/jquery.fancybox.css?v=2.1.5 HTTP/1.1" 200 4895
201.138.239.92 - - [17/Feb/2015:01:47:26 -0500] "GET /galeria/galeria/jquery.fancybox.js?v=2.1.5 HTTP/1.1" 200 48706
201.138.239.92 - - [17/Feb/2015:01:47:26 -0500] "GET /BLA/boletinlegal/js/jquery.scrollTo-min.js HTTP/1.1" 200 1150
66.249.79.76 - - [17/Feb/2015:01:47:27 -0500] "GET /BLA/resoluciones/Autos%202008/1671.pdf HTTP/1.1" 200 90599
74.86.158.107 - - [17/Feb/2015:01:48:03 -0500] "HEAD / HTTP/1.1" 302 -
66.249.79.76 - - [17/Feb/2015:01:48:42 -0500] "GET /BLA/resoluciones/Autos%202008/1497.pdf HTTP/1.1" 200 302840
188.165.15.223 - - [17/Feb/2015:01:48:57 -0500] "GET /BLA/resoluciones/RESOLUCIONES%202002/RES%202002%20601-650/00000632.tif HTTP/1.1" 200 97874
66.249.79.84 - - [17/Feb/2015:01:49:08 -0500] "GET /BLA/resoluciones/RESOLUCIONES%202003/RES%202003%201401-1450/20031405.tif HTTP/1.1" 304 -
66.249.79.68 - - [17/Feb/2015:01:49:41 -0500] "GET /BLA/resoluciones/RESOLUCIONES%202008/1475.pdf HTTP/1.1" 200 824288
66.249.79.76 - - [17/Feb/2015:01:50:02 -0500] "GET /BLA/resoluciones/RESOLUCIONES%202012/1587.pdf HTTP/1.1" 200 3493026
66.249.79.84 - - [17/Feb/2015:01:50:18 -0500] "GET /BLA/resoluciones/Autos%202008/0571.pdf HTTP/1.1" 200 95897
188.165.15.223 - - [17/Feb/2015:01:50:47 -0500] "GET /BLA/resoluciones/RESOLUCIONES%202005/RES%202005%20%201701-1750/INDEX.DAT HTTP/1.1" 200 1960
188.165.15.162 - - [17/Feb/2015:01:50:57 -0500] "GET /BLA/resoluciones/RESOLUCIONES%202003/RES%202003%20051-100/2003RES61.tif HTTP/1.1" 200 82988
180.76.6.48 - - [17/Feb/2015:01:50:59 -0500] "GET /BLA/boletinlegal;jsessionid=28055B3352F7405C7A3102C6C3355374?/? HTTP/1.1" 404 1018
66.249.79.68 - - [17/Feb/2015:01:51:30 -0500] "GET /BLA/resoluciones/RESOLUCIONES%202004/RES%202004%202351-2401/00002375.tif HTTP/1.1" 200 136190
66.249.79.68 - - [17/Feb/2015:01:51:32 -0500] "GET /BLA/boletinlegal/js/jquery.scrollShow.js HTTP/1.1" 200 4586
66.249.79.84 - - [17/Feb/2015:01:51:32 -0500] "GET /BLA/boletinlegal/js/jquery.scrollTo-min.js HTTP/1.1" 200 1150
66.249.79.76 - - [17/Feb/2015:01:51:33 -0500] "GET /galeria/galeria/jquery.fancybox.js?v=2.1.5 HTTP/1.1" 200 48706
66.249.79.84 - - [17/Feb/2015:01:51:34 -0500] "GET /galeria/galeria/jquery.fancybox.css?v=2.1.5 HTTP/1.1" 200 4895
61.240.144.64 - - [17/Feb/2015:01:51:36 -0500] "GET / HTTP/1.0" 302 -
66.249.79.68 - - [17/Feb/2015:01:52:18 -0500] "GET /BLA/resoluciones/RESOLUCIONES%202002/RES%202002%201951-1971/20021953.tif HTTP/1.1" 304 -
74.86.158.107 - - [17/Feb/2015:01:53:03 -0500] "HEAD / HTTP/1.1" 302 -
186.113.10.143 - - [17/Feb/2015:01:53:26 -0500] "GET /galeria/nivo-slider/demo/images/ecolecta-Dic2014.png HTTP/1.1" 304 -
180.76.6.20 - - [17/Feb/2015:01:54:04 -0500] "GET /BLA/boletinlegal;jsessionid=CB6E562866D2F6D9F0B247416465CED2?/? HTTP/1.1" 404 1018
188.165.15.211 - - [17/Feb/2015:01:54:19 -0500] "GET /BLA/resoluciones/RESOLUCIONES%202006/RES%202006%202351-2400/00002366.tif HTTP/1.1" 200 35588
66.249.79.84 - - [17/Feb/2015:01:54:46 -0500] "GET /BLA/resoluciones/RESOLUCIONES%202009/2502.pdf HTTP/1.1" 200 396183
188.165.15.211 - - [17/Feb/2015:01:54:53 -0500] "GET /BLA/resoluciones/RESOLUCIONES%202005/RES%202005%202151-2200/00002156.tif HTTP/1.1" 200 245850
188.165.15.22 - - [17/Feb/2015:01:54:54 -0500] "GET /BLA/resoluciones/RESOLUCIONES%202006/RES%202006%20951-1000/00000952.tif HTTP/1.1" 200 289398
66.249.79.68 - - [17/Feb/2015:01:55:03 -0500] "GET /BLA/resoluciones/index.php?dir=RESOLUCIONES%202009/&sort=size&order=desc HTTP/1.1" 200 1672911
66.249.79.76 - - [17/Feb/2015:01:55:33 -0500] "GET /BLA/resoluciones/RESOLUCIONES%202002/RES%202002%20201-250/2002RES213.tif HTTP/1.1" 304 -
190.131.241.26 - - [17/Feb/2015:01:55:51 -0500] "GET /BLA/boletinlegal/js/jquery.scrollShow.js HTTP/1.1" 200 4586
190.131.241.26 - - [17/Feb/2015:01:55:51 -0500] "GET /BLA/boletinlegal/js/jquery.scrollTo-min.js HTTP/1.1" 200 1150
190.131.241.26 - - [17/Feb/2015:01:55:52 -0500] "GET /galeria/galeria/jquery.fancybox.js?v=2.1.5 HTTP/1.1" 200 48706
190.131.241.26 - - [17/Feb/2015:01:55:52 -0500] "GET /galeria/galeria/jquery.fancybox.css?v=2.1.5 HTTP/1.1" 200 4895
190.131.241.26 - - [17/Feb/2015:01:56:36 -0500] "GET /galeria/galeria/jquery.fancybox.css?v=2.1.5 HTTP/1.1" 304 -
190.131.241.26 - - [17/Feb/2015:01:56:36 -0500] "GET /galeria/galeria/jquery.fancybox.js?v=2.1.5 HTTP/1.1" 304 -
180.76.4.209 - - [17/Feb/2015:01:56:38 -0500] "GET / HTTP/1.1" 302 -
188.165.15.222 - - [17/Feb/2015:01:56:52 -0500] "GET /BLA/resoluciones/RESOLUCIONES%202003/RES%202003%201351-1400/20031379.tif HTTP/1.1" 200 166448
190.131.241.26 - - [17/Feb/2015:01:56:58 -0500] "GET /galeria/galeria/jquery.fancybox.js?v=2.1.5 HTTP/1.1" 304 -
190.131.241.26 - - [17/Feb/2015:01:56:58 -0500] "GET /galeria/galeria/jquery.fancybox.css?v=2.1.5 HTTP/1.1" 304 -
66.249.79.76 - - [17/Feb/2015:01:57:00 -0500] "GET /resoluciones/AUTOS%202007/2837.pdf HTTP/1.1" 404 1018
180.76.6.21 - - [17/Feb/2015:01:57:20 -0500] "GET /BLA/boletinlegal;jsessionid=63B3B97BFFDF52E12DBDB89927C86170?/? HTTP/1.1" 404 1018
188.165.15.214 - - [17/Feb/2015:01:57:30 -0500] "GET /BLA/resoluciones/RESOLUCIONES%202004/RES%202004%201801-1850/00001825.tif HTTP/1.1" 200 200468
190.131.241.26 - - [17/Feb/2015:01:57:36 -0500] "GET /galeria/galeria/jquery.fancybox.css?v=2.1.5 HTTP/1.1" 304 -
190.131.241.26 - - [17/Feb/2015:01:57:36 -0500] "GET /galeria/galeria/jquery.fancybox.js?v=2.1.5 HTTP/1.1" 304 -
74.86.158.107 - - [17/Feb/2015:01:58:03 -0500] "HEAD / HTTP/1.1" 302 -
188.165.15.162 - - [17/Feb/2015:01:58:41 -0500] "GET /BLA/resoluciones/RESOLUCIONES%202006/RES%202006%201601-1650/00001646.tif HTTP/1.1" 200 127880
66.249.79.84 - - [17/Feb/2015:01:58:46 -0500] "GET /BLA/resoluciones/RESOLUCIONES%202002/RES%202002%20201-250/2002RES237.tif HTTP/1.1" 304 -
66.249.79.84 - - [17/Feb/2015:01:59:12 -0500] "GET /BLA/resoluciones/RESOLUCIONES%202010/5141.pdf HTTP/1.1" 200 1309768
66.249.79.68 - - [17/Feb/2015:01:59:50 -0500] "GET /BLA/resoluciones/AUTOS%202012/1779.pdf HTTP/1.1" 200 810464
66.249.79.84 - - [17/Feb/2015:02:01:55 -0500] "GET /BLA/resoluciones/RESOLUCIONES%202002/RES%202002%20201-250/2002RES244.tif HTTP/1.1" 304 -
74.86.158.107 - - [17/Feb/2015:02:03:03 -0500] "HEAD / HTTP/1.1" 302 -
201.245.210.36 - - [17/Feb/2015:02:03:19 -0500] "GET /BLA/resoluciones/RESOLUCIONES%202009/5692.pdf HTTP/1.1" 200 476637
194.254.62.47 - - [17/Feb/2015:02:03:33 -0500] "GET /BLA/boletinlegal/js/jquery.scrollShow.js HTTP/1.1" 200 4586
194.254.62.47 - - [17/Feb/2015:02:03:33 -0500] "GET /galeria/galeria/jquery.fancybox.css?v=2.1.5 HTTP/1.1" 200 4895
194.254.62.47 - - [17/Feb/2015:02:03:33 -0500] "GET /galeria/galeria/jquery.fancybox.js?v=2.1.5 HTTP/1.1" 200 48706
194.254.62.47 - - [17/Feb/2015:02:03:36 -0500] "GET /BLA/boletinlegal/js/jquery.scrollTo-min.js HTTP/1.1" 200 1150
66.249.79.84 - - [17/Feb/2015:02:04:01 -0500] "GET /BLA/resoluciones/RESOLUCIONES%202004/RES%202004%202351-2401/00002358.tif HTTP/1.1" 200 137542
194.254.62.47 - - [17/Feb/2015:02:04:22 -0500] "GET /galeria/galeria/jquery.fancybox.js?v=2.1.5 HTTP/1.1" 304 -
194.254.62.47 - - [17/Feb/2015:02:04:22 -0500] "GET /galeria/galeria/jquery.fancybox.css?v=2.1.5 HTTP/1.1" 304 -
66.249.79.76 - - [17/Feb/2015:02:04:55 -0500] "GET /BLA/resoluciones/RESOLUCIONES%202007/RES%202007%201201%20AL%201300/RESOLUCION%201204%20DE%202007.pdf HTTP/1.1" 200 390506
66.249.79.76 - - [17/Feb/2015:02:05:08 -0500] "GET /BLA/resoluciones/RESOLUCIONES%202002/RES%202002%20201-250/2002RES208.tif HTTP/1.1" 304 -
66.249.79.104 - - [17/Feb/2015:02:05:27 -0500] "GET /BLA/boletinlegal/jurisprudencia/analisis/Analisis%20jurisprudencial%20Sentencia%20C-366-11.doc HTTP/1.1" 304 -
188.165.15.222 - - [17/Feb/2015:02:05:38 -0500] "GET /BLA/resoluciones/RESOLUCIONES%202006/RES%202006%20701-750/00000740.tif HTTP/1.1" 200 138828
123.125.71.49 - - [17/Feb/2015:02:06:24 -0500] "GET /BLA/resoluciones/AUTOS%202011/4017.pdf HTTP/1.1" 200 330794
180.76.5.58 - - [17/Feb/2015:02:06:31 -0500] "GET /BLA/boletinlegal;jsessionid=F90127899F1248EE8F5A8C01733D161C?/? HTTP/1.1" 404 1018
188.165.15.162 - - [17/Feb/2015:02:07:37 -0500] "GET /BLA/resoluciones/index.php?dir=RESOLUCIONES%202005/RES%202005%20151-200/&sort=name&order=desc HTTP/1.1" 200 12229
188.165.15.214 - - [17/Feb/2015:02:07:52 -0500] "GET /BLA/resoluciones/RESOLUCIONES%202005/RES%202005%203101-3150/00003102.tif HTTP/1.1" 200 207288
74.86.158.107 - - [17/Feb/2015:02:08:03 -0500] "HEAD / HTTP/1.1" 302 -
66.249.79.76 - - [17/Feb/2015:02:08:23 -0500] "GET /BLA/resoluciones/RESOLUCIONES%202002/RES%202002%20201-250/2002RES229.tif HTTP/1.1" 304 -
66.249.79.84 - - [17/Feb/2015:02:08:26 -0500] "GET /BLA/resoluciones/RESOLUCIONES%202003/RES%202003%20101-150/2003RES119.tif HTTP/1.1" 200 187112
188.165.15.105 - - [17/Feb/2015:02:08:35 -0500] "GET /BLA/resoluciones/RESOLUCIONES%202005/RES%202005%20201-250/00000236.tif HTTP/1.1" 200 119168
157.55.39.219 - - [17/Feb/2015:02:08:44 -0500] "GET /ecodirectorio/ HTTP/1.1" 200 4751
157.55.39.219 - - [17/Feb/2015:02:08:45 -0500] "GET /phpold/data.php HTTP/1.1" 404 1019
181.50.162.62 - - [17/Feb/2015:02:08:51 -0500] "GET /BLA/boletinlegal/js/jquery.scrollTo-min.js HTTP/1.1" 200 1150
181.50.162.62 - - [17/Feb/2015:02:08:51 -0500] "GET /BLA/boletinlegal/js/jquery.scrollShow.js HTTP/1.1" 200 4586
181.50.162.62 - - [17/Feb/2015:02:08:51 -0500] "GET /galeria/galeria/jquery.fancybox.js?v=2.1.5 HTTP/1.1" 200 48706
181.50.162.62 - - [17/Feb/2015:02:08:51 -0500] "GET /galeria/galeria/jquery.fancybox.css?v=2.1.5 HTTP/1.1" 200 4895
188.165.15.211 - - [17/Feb/2015:02:08:58 -0500] "GET /BLA/resoluciones/RESOLUCIONES%202004/RES%202004%201001-1050/00001002.tif HTTP/1.1" 200 157300
157.55.39.219 - - [17/Feb/2015:02:08:59 -0500] "GET /ecodirectorio/files/js/swfaddress.js HTTP/1.1" 200 15916
66.249.79.84 - - [17/Feb/2015:02:09:59 -0500] "GET /BLA/resoluciones/AUTOS%202011/0163.pdf HTTP/1.1" 304 -
188.165.15.41 - - [17/Feb/2015:02:10:22 -0500] "GET /BLA/resoluciones/RESOLUCIONES%202003/RES%202003%201101-1150/1126.tif HTTP/1.1" 200 179696
157.55.39.98 - - [17/Feb/2015:02:10:53 -0500] "GET /ecodirectorio/files/mobile/index.html HTTP/1.1" 200 1036
186.80.227.10 - - [17/Feb/2015:02:11:27 -0500] "GET /BLA/boletinlegal/js/jquery.scrollTo-min.js HTTP/1.1" 200 1150
186.80.227.10 - - [17/Feb/2015:02:11:27 -0500] "GET /galeria/galeria/jquery.fancybox.js?v=2.1.5 HTTP/1.1" 200 48706
186.80.227.10 - - [17/Feb/2015:02:11:27 -0500] "GET /galeria/galeria/jquery.fancybox.css?v=2.1.5 HTTP/1.1" 200 4895
186.80.227.10 - - [17/Feb/2015:02:11:27 -0500] "GET /BLA/boletinlegal/js/jquery.scrollShow.js HTTP/1.1" 200 4586
66.249.79.76 - - [17/Feb/2015:02:11:36 -0500] "GET /BLA/resoluciones/RESOLUCIONES%202002/RES%202002%20201-250/2002RES241.tif HTTP/1.1" 304 -
157.55.39.75 - - [17/Feb/2015:02:11:51 -0500] "GET /ecodirectorio/files/js/swfobject.js HTTP/1.1" 200 10220
66.249.79.76 - - [17/Feb/2015:02:12:28 -0500] "GET /portel_dama/libreria/pdf/2.pdf HTTP/1.1" 404 1018
74.86.158.107 - - [17/Feb/2015:02:13:03 -0500] "HEAD / HTTP/1.1" 302 -
181.54.223.85 - - [17/Feb/2015:02:13:29 -0500] "GET /BLA/boletinlegal/js/jquery.scrollTo-min.js HTTP/1.1" 200 1150
181.54.223.85 - - [17/Feb/2015:02:13:29 -0500] "GET /BLA/boletinlegal/js/jquery.scrollShow.js HTTP/1.1" 200 4586
181.54.223.85 - - [17/Feb/2015:02:13:29 -0500] "GET /galeria/galeria/jquery.fancybox.js?v=2.1.5 HTTP/1.1" 200 48706
181.54.223.85 - - [17/Feb/2015:02:13:29 -0500] "GET /galeria/galeria/jquery.fancybox.css?v=2.1.5 HTTP/1.1" 200 4895
180.76.6.47 - - [17/Feb/2015:02:13:52 -0500] "GET /Autoliquidacion/index.php?dir=TR%C1MITES%20AGUAS%20SUBTERR%C1NEAS/126PM04-PR91-CONCESI%D2N%20DE%20AGUAS%20SUBTERRANEAS/&sort=name&order=desc HTTP/1.1" 200 2915
66.249.79.84 - - [17/Feb/2015:02:14:52 -0500] "GET /BLA/resoluciones/RESOLUCIONES%202002/RES%202002%20201-250/2002RES223.tif HTTP/1.1" 304 -
66.249.79.76 - - [17/Feb/2015:02:15:04 -0500] "GET /BLA/resoluciones/RESOLUCIONES%202014/0115.pdf HTTP/1.1" 200 1123490
66.249.79.76 - - [17/Feb/2015:02:15:59 -0500] "GET /BLA/resoluciones/RESOLUCIONES%202010/2181.pdf HTTP/1.1" 200 487397
157.55.39.157 - - [17/Feb/2015:02:17:24 -0500] "GET /videos/Humedals2015WEB.flv HTTP/1.1" 200 16650865
67.48.253.187 - - [17/Feb/2015:02:17:44 -0500] "GET /autoliquidacion/index.php?dir=Grupo%20Forestal%20-%20Industria%20de%20la%20Madera%2F'\" HTTP/1.1" 200 6698
67.48.253.187 - - [17/Feb/2015:02:17:44 -0500] "GET /autoliquidacion/index.php?dir=Grupo%20Forestal%20-%20Industria%20de%20la%20Madera%2F HTTP/1.0" 200 7201
188.165.15.105 - - [17/Feb/2015:02:17:48 -0500] "GET /BLA/resoluciones/RESOLUCIONES%202005/RES%202005%202301-2350/00002348.tif HTTP/1.1" 200 247194
180.76.5.19 - - [17/Feb/2015:02:17:53 -0500] "GET /BLA/boletinlegal;jsessionid=8472A4F4E51994E2F846880FA8F21F43?/? HTTP/1.1" 404 1018
74.86.158.107 - - [17/Feb/2015:02:18:03 -0500] "HEAD / HTTP/1.1" 302 -
66.249.79.76 - - [17/Feb/2015:02:18:16 -0500] "GET /BLA/resoluciones/RESOLUCIONES%202002/RES%202002%20201-250/2002RES228.tif HTTP/1.1" 304 -
188.165.15.41 - - [17/Feb/2015:02:18:19 -0500] "GET /BLA/resoluciones/RESOLUCIONES%202006/RES%202006%202601-2650/00002624.tif HTTP/1.1" 200 206426
186.147.180.48 - - [17/Feb/2015:02:18:42 -0500] "GET /BLA/boletinlegal/js/jquery.scrollShow.js HTTP/1.1" 200 4586
186.147.180.48 - - [17/Feb/2015:02:18:42 -0500] "GET /galeria/galeria/jquery.fancybox.js?v=2.1.5 HTTP/1.1" 200 48706
186.147.180.48 - - [17/Feb/2015:02:18:42 -0500] "GET /BLA/boletinlegal/js/jquery.scrollTo-min.js HTTP/1.1" 200 1150
