190.253.188.186 - - [18/Feb/2015:01:48:47 -0500] "GET /galeria/nivo-slider/demo/demo.html HTTP/1.1" 200 3975
190.253.188.186 - - [18/Feb/2015:01:48:51 -0500] "GET /galeria/nivo-slider/demo/images/Banner-Directorio.jpg HTTP/1.1" 200 182068
190.253.188.186 - - [18/Feb/2015:01:48:51 -0500] "GET /galeria/nivo-slider/demo/images/BFebrero-mes-de-los-humedales.jpg HTTP/1.1" 200 320179
190.253.188.186 - - [18/Feb/2015:01:48:51 -0500] "GET /galeria/nivo-slider/demo/images/Banner_SEGAE.jpg HTTP/1.1" 304 -
190.253.188.186 - - [18/Feb/2015:01:48:51 -0500] "GET /galeria/nivo-slider/demo/images/banner-V2.jpg HTTP/1.1" 304 -
190.253.188.186 - - [18/Feb/2015:01:48:51 -0500] "GET /galeria/nivo-slider/demo/images/porloshumedales.jpg HTTP/1.1" 304 -
190.253.188.186 - - [18/Feb/2015:01:48:52 -0500] "GET /galeria/nivo-slider/demo/images/redes_sociales.jpg HTTP/1.1" 304 -
66.249.79.76 - - [18/Feb/2015:01:49:25 -0500] "GET /BLA/resoluciones/RESOLUCIONES%202008/2920.pdf HTTP/1.1" 200 255282
189.164.200.204 - - [18/Feb/2015:01:50:07 -0500] "GET /BLA/boletinlegal/js/jquery.scrollTo-min.js HTTP/1.1" 200 1150
189.164.200.204 - - [18/Feb/2015:01:50:07 -0500] "GET /BLA/boletinlegal/js/jquery.scrollShow.js HTTP/1.1" 200 4586
189.164.200.204 - - [18/Feb/2015:01:50:07 -0500] "GET /galeria/galeria/jquery.fancybox.js?v=2.1.5 HTTP/1.1" 200 48706
189.164.200.204 - - [18/Feb/2015:01:50:07 -0500] "GET /galeria/galeria/jquery.fancybox.css?v=2.1.5 HTTP/1.1" 200 4895
201.245.192.253 - - [18/Feb/2015:01:50:30 -0500] "GET /forest/session.jsp?a=0.14434455294212956 HTTP/1.1" 200 4
186.145.128.140 - - [18/Feb/2015:01:44:41 -0500] "GET /ForestMSG_SDA/channelAsync/template_word_16080988?X-Atmosphere-tracking-id=ce3d784c-b165-f87e-6af1-1deb3a66040f&X-Atmosphere-Framework=1.0.5&X-Atmosphere-Transport=long-polling&tabid=0.6259987261146307&X-Cache-Date=0&Content-Type=application/xml&_=1424242094020 HTTP/1.1" 200 8193
66.249.79.76 - - [18/Feb/2015:01:50:59 -0500] "GET /BLA/resoluciones/RESOLUCIONES%202006/RES%202006%201001-1050/00001026.tif HTTP/1.1" 200 75126
186.145.128.140 - - [18/Feb/2015:01:52:21 -0500] "GET /forest/session.jsp?a=0.20662177167832851 HTTP/1.1" 200 4
74.86.158.107 - - [18/Feb/2015:01:53:00 -0500] "HEAD / HTTP/1.1" 302 -
201.245.192.253 - - [18/Feb/2015:01:53:15 -0500] "GET /forest/session.jsp?a=0.5379980755130171 HTTP/1.1" 200 4
66.249.79.68 - - [18/Feb/2015:01:53:24 -0500] "GET /BLA/resoluciones/AUTOS%202006/AUTOS%202006%20101-200/00000128.tif HTTP/1.1" 200 41734
190.27.144.204 - - [18/Feb/2015:01:53:42 -0500] "GET /galeria/galeria/jquery.fancybox.js?v=2.1.5 HTTP/1.1" 304 -
190.27.144.204 - - [18/Feb/2015:01:53:42 -0500] "GET /galeria/galeria/jquery.fancybox.css?v=2.1.5 HTTP/1.1" 304 -
202.46.62.146 - - [18/Feb/2015:01:55:04 -0500] "GET /BLA/resoluciones/AUTOS%202010/1388.pdf HTTP/1.1" 200 253460
201.245.192.253 - - [18/Feb/2015:01:55:30 -0500] "GET /forest/session.jsp?a=0.0479031841951324 HTTP/1.1" 200 4
186.145.128.140 - - [18/Feb/2015:01:50:42 -0500] "GET /ForestMSG_SDA/channelAsync/template_word_16080988?X-Atmosphere-tracking-id=ce3d784c-b165-f87e-6af1-1deb3a66040f&X-Atmosphere-Framework=1.0.5&X-Atmosphere-Transport=long-polling&tabid=0.6259987261146307&X-Cache-Date=0&Content-Type=application/xml&_=1424242455021 HTTP/1.1" 200 8193
186.145.128.140 - - [18/Feb/2015:01:57:22 -0500] "GET /forest/session.jsp?a=0.38870280142873526 HTTP/1.1" 200 4
74.86.158.107 - - [18/Feb/2015:01:58:00 -0500] "HEAD / HTTP/1.1" 302 -
201.245.192.253 - - [18/Feb/2015:01:58:15 -0500] "GET /forest/session.jsp?a=0.5095742141141113 HTTP/1.1" 200 4
66.249.79.76 - - [18/Feb/2015:01:59:44 -0500] "GET /BLA/resoluciones/RESOLUCIONES%202003/RES%202003%20101-150/2003RES127.tif HTTP/1.1" 200 67776
201.245.192.253 - - [18/Feb/2015:02:00:30 -0500] "GET /forest/session.jsp?a=0.2435170038271245 HTTP/1.1" 200 4
186.145.128.140 - - [18/Feb/2015:02:02:23 -0500] "GET /forest/session.jsp?a=0.36098718526773155 HTTP/1.1" 200 4
180.76.6.232 - - [18/Feb/2015:02:02:36 -0500] "GET /BLA/resoluciones/AUTOS%202012/2815.pdf HTTP/1.1" 200 382973
187.204.114.255 - - [18/Feb/2015:02:02:39 -0500] "GET /galeria/galeria/jquery.fancybox.css?v=2.1.5 HTTP/1.1" 200 4895
187.204.114.255 - - [18/Feb/2015:02:02:39 -0500] "GET /BLA/boletinlegal/js/jquery.scrollTo-min.js HTTP/1.1" 200 1150
187.204.114.255 - - [18/Feb/2015:02:02:39 -0500] "GET /BLA/boletinlegal/js/jquery.scrollShow.js HTTP/1.1" 200 4586
187.204.114.255 - - [18/Feb/2015:02:02:39 -0500] "GET /galeria/galeria/jquery.fancybox.js?v=2.1.5 HTTP/1.1" 200 48706
186.145.128.140 - - [18/Feb/2015:02:02:40 -0500] "GET /forest/session.jsp?a=0.36007843306288123 HTTP/1.1" 200 4
186.145.128.140 - - [18/Feb/2015:01:56:43 -0500] "GET /ForestMSG_SDA/channelAsync/template_word_16080988?X-Atmosphere-tracking-id=ce3d784c-b165-f87e-6af1-1deb3a66040f&X-Atmosphere-Framework=1.0.5&X-Atmosphere-Transport=long-polling&tabid=0.6259987261146307&X-Cache-Date=0&Content-Type=application/xml&_=1424242816021 HTTP/1.1" 200 8193
74.86.158.107 - - [18/Feb/2015:02:03:00 -0500] "HEAD / HTTP/1.1" 302 -
201.245.192.253 - - [18/Feb/2015:02:03:15 -0500] "GET /forest/session.jsp?a=0.5336021191302285 HTTP/1.1" 200 4
66.249.79.68 - - [18/Feb/2015:02:03:54 -0500] "GET /BLA/circulares/6.pdf HTTP/1.1" 304 -
180.76.5.146 - - [18/Feb/2015:02:04:13 -0500] "GET /BLA/boletinlegal;jsessionid=D1C4251B1BE013F2C140A9C471AA2832?/? HTTP/1.1" 404 1018
180.76.6.62 - - [18/Feb/2015:02:04:45 -0500] "GET /BLA/resoluciones/RESOLUCIONES%202007/RES%202007%202901%20AL%203000/RESOLUCION%202926%20DE%202007.pdf HTTP/1.1" 200 760318
201.245.192.253 - - [18/Feb/2015:02:05:30 -0500] "GET /forest/session.jsp?a=0.7093108953170287 HTTP/1.1" 200 4
186.145.128.140 - - [18/Feb/2015:02:07:24 -0500] "GET /forest/session.jsp?a=0.5253616461995989 HTTP/1.1" 200 4
66.249.79.84 - - [18/Feb/2015:02:07:28 -0500] "GET /BLA/resoluciones/RESOLUCIONES%202006/RES%202006%201001-1050/00001042.tif HTTP/1.1" 200 189306
186.145.128.140 - - [18/Feb/2015:02:07:40 -0500] "GET /forest/session.jsp?a=0.33534695697017014 HTTP/1.1" 200 4
74.86.158.107 - - [18/Feb/2015:02:08:00 -0500] "HEAD / HTTP/1.1" 302 -
201.245.192.253 - - [18/Feb/2015:02:08:15 -0500] "GET /forest/session.jsp?a=0.28844277406850616 HTTP/1.1" 200 4
186.145.128.140 - - [18/Feb/2015:02:02:44 -0500] "GET /ForestMSG_SDA/channelAsync/template_word_16080988?X-Atmosphere-tracking-id=ce3d784c-b165-f87e-6af1-1deb3a66040f&X-Atmosphere-Framework=1.0.5&X-Atmosphere-Transport=long-polling&tabid=0.6259987261146307&X-Cache-Date=0&Content-Type=application/xml&_=1424243177032 HTTP/1.1" 200 8193
66.249.79.120 - - [18/Feb/2015:02:08:39 -0500] "GET /BLA/boletinlegal/index.php HTTP/1.1" 200 46027
201.245.192.253 - - [18/Feb/2015:02:10:30 -0500] "GET /forest/session.jsp?a=0.7754402585985808 HTTP/1.1" 200 4
186.113.10.143 - - [18/Feb/2015:02:11:30 -0500] "GET /videos/Humedals2015WEB.flv HTTP/1.1" 304 -
186.145.128.140 - - [18/Feb/2015:02:12:25 -0500] "GET /forest/session.jsp?a=0.3420489716809243 HTTP/1.1" 200 4
74.86.158.107 - - [18/Feb/2015:02:13:00 -0500] "HEAD / HTTP/1.1" 302 -
66.249.79.68 - - [18/Feb/2015:02:13:13 -0500] "GET /BLA/resoluciones/RESOLUCIONES%202012/1780.pdf HTTP/1.1" 200 449665
201.245.192.253 - - [18/Feb/2015:02:13:15 -0500] "GET /forest/session.jsp?a=0.17723304092429792 HTTP/1.1" 200 4
66.249.79.68 - - [18/Feb/2015:02:13:26 -0500] "GET /resoluciones/RESOLUCIONES%202009/3660.pdf HTTP/1.1" 404 1018
186.145.128.140 - - [18/Feb/2015:02:08:45 -0500] "GET /ForestMSG_SDA/channelAsync/template_word_16080988?X-Atmosphere-tracking-id=ce3d784c-b165-f87e-6af1-1deb3a66040f&X-Atmosphere-Framework=1.0.5&X-Atmosphere-Transport=long-polling&tabid=0.6259987261146307&X-Cache-Date=0&Content-Type=application/xml&_=1424243538020 HTTP/1.1" 200 8193
201.245.192.253 - - [18/Feb/2015:02:15:30 -0500] "GET /forest/session.jsp?a=0.24167122052563061 HTTP/1.1" 200 4
66.249.79.84 - - [18/Feb/2015:02:15:48 -0500] "GET /galeria/nivo-slider/themes/default/default.css HTTP/1.1" 304 -
66.249.79.84 - - [18/Feb/2015:02:15:49 -0500] "GET /galeria/nivo-slider/themes/orman/orman.css HTTP/1.1" 304 -
66.249.79.84 - - [18/Feb/2015:02:15:50 -0500] "GET /galeria/nivo-slider/demo/style.css HTTP/1.1" 304 -
66.249.79.84 - - [18/Feb/2015:02:15:50 -0500] "GET /galeria/nivo-slider/themes/pascal/pascal.css HTTP/1.1" 304 -
66.249.79.68 - - [18/Feb/2015:02:15:51 -0500] "GET /galeria/nivo-slider/nivo-slider.css HTTP/1.1" 304 -
186.145.128.140 - - [18/Feb/2015:02:17:26 -0500] "GET /forest/session.jsp?a=0.14405810902826488 HTTP/1.1" 200 4
74.86.158.107 - - [18/Feb/2015:02:18:00 -0500] "HEAD / HTTP/1.1" 302 -
201.245.192.253 - - [18/Feb/2015:02:18:15 -0500] "GET /forest/session.jsp?a=0.8901892279580089 HTTP/1.1" 200 4
66.249.79.76 - - [18/Feb/2015:02:19:19 -0500] "GET /BLA/resoluciones/AUTOS%202006/AUTOS%202006%20101-200/00000103.tif HTTP/1.1" 200 51118
180.76.6.131 - - [18/Feb/2015:02:20:22 -0500] "GET /BLA/boletinlegal;jsessionid=8240579964D7EA2F166C4E9DF6A41537?/? HTTP/1.1" 404 1018
201.245.192.253 - - [18/Feb/2015:02:20:30 -0500] "GET /forest/session.jsp?a=0.9891707735961633 HTTP/1.1" 200 4
186.145.141.211 - - [18/Feb/2015:02:20:40 -0500] "GET /galeria/galeria/jquery.fancybox.css?v=2.1.5 HTTP/1.1" 200 4895
186.145.141.211 - - [18/Feb/2015:02:20:40 -0500] "GET /BLA/boletinlegal/js/jquery.scrollTo-min.js HTTP/1.1" 200 1150
186.145.141.211 - - [18/Feb/2015:02:20:40 -0500] "GET /BLA/boletinlegal/js/jquery.scrollShow.js HTTP/1.1" 200 4586
186.145.141.211 - - [18/Feb/2015:02:20:40 -0500] "GET /galeria/galeria/jquery.fancybox.js?v=2.1.5 HTTP/1.1" 200 48706
186.145.141.211 - - [18/Feb/2015:02:20:42 -0500] "GET /galeria/carrusel/Carrusel/jquery.thumbnailScroller.css HTTP/1.1" 200 2066
186.145.141.211 - - [18/Feb/2015:02:20:42 -0500] "GET /galeria/carrusel/Carrusel/jquery-ui-1.8.13.custom.min.js HTTP/1.1" 200 10800
186.145.141.211 - - [18/Feb/2015:02:20:42 -0500] "GET /galeria/carrusel/Carrusel/jquery.thumbnailScroller.js HTTP/1.1" 200 8157
186.145.141.211 - - [18/Feb/2015:02:20:44 -0500] "GET /galeria/nivo-slider/demo/demo.html HTTP/1.1" 200 3975
186.145.128.140 - - [18/Feb/2015:02:14:46 -0500] "GET /ForestMSG_SDA/channelAsync/template_word_16080988?X-Atmosphere-tracking-id=ce3d784c-b165-f87e-6af1-1deb3a66040f&X-Atmosphere-Framework=1.0.5&X-Atmosphere-Transport=long-polling&tabid=0.6259987261146307&X-Cache-Date=0&Content-Type=application/xml&_=1424243899021 HTTP/1.1" 200 8193
186.145.141.211 - - [18/Feb/2015:02:20:48 -0500] "GET /galeria/nivo-slider/themes/default/default.css HTTP/1.1" 200 1569
186.145.141.211 - - [18/Feb/2015:02:20:48 -0500] "GET /galeria/nivo-slider/themes/pascal/pascal.css HTTP/1.1" 200 2258
186.145.141.211 - - [18/Feb/2015:02:20:48 -0500] "GET /galeria/nivo-slider/themes/orman/orman.css HTTP/1.1" 200 2152
186.145.141.211 - - [18/Feb/2015:02:20:48 -0500] "GET /galeria/nivo-slider/nivo-slider.css HTTP/1.1" 200 1507
186.145.141.211 - - [18/Feb/2015:02:20:48 -0500] "GET /galeria/nivo-slider/demo/scripts/jquery-1.7.1.min.js HTTP/1.1" 200 93868
186.145.141.211 - - [18/Feb/2015:02:20:48 -0500] "GET /galeria/nivo-slider/demo/style.css HTTP/1.1" 200 2222
186.145.141.211 - - [18/Feb/2015:02:20:48 -0500] "GET /galeria/nivo-slider/jquery.nivo.slider.pack.js HTTP/1.1" 200 11561
186.145.141.211 - - [18/Feb/2015:02:20:48 -0500] "GET /galeria/nivo-slider/demo/images/Banner-Directorio.jpg HTTP/1.1" 200 182068
186.145.141.211 - - [18/Feb/2015:02:20:48 -0500] "GET /galeria/nivo-slider/demo/images/BFebrero-mes-de-los-humedales.jpg HTTP/1.1" 200 320179
186.145.141.211 - - [18/Feb/2015:02:20:48 -0500] "GET /galeria/nivo-slider/demo/images/Banner_SEGAE.jpg HTTP/1.1" 200 169523
186.145.141.211 - - [18/Feb/2015:02:20:48 -0500] "GET /galeria/nivo-slider/demo/images/banner-V2.jpg HTTP/1.1" 200 167020
186.145.141.211 - - [18/Feb/2015:02:20:48 -0500] "GET /galeria/nivo-slider/demo/images/bolsas-08.jpg HTTP/1.1" 200 85589
186.145.141.211 - - [18/Feb/2015:02:20:49 -0500] "GET /galeria/nivo-slider/demo/images/Ruta-vertimientos-01.jpg HTTP/1.1" 200 130151
186.145.141.211 - - [18/Feb/2015:02:20:50 -0500] "GET /galeria/nivo-slider/demo/images/bolsas-06.jpg HTTP/1.1" 200 90982
186.145.141.211 - - [18/Feb/2015:02:20:50 -0500] "GET /galeria/nivo-slider/demo/images/ecolecta-Dic2014.png HTTP/1.1" 200 288593
186.145.141.211 - - [18/Feb/2015:02:20:50 -0500] "GET /galeria/nivo-slider/demo/images/Tingua-azul.jpg HTTP/1.1" 200 307638
186.145.141.211 - - [18/Feb/2015:02:20:50 -0500] "GET /galeria/nivo-slider/demo/images/porloshumedales.jpg HTTP/1.1" 200 351238
186.145.141.211 - - [18/Feb/2015:02:20:51 -0500] "GET /galeria/nivo-slider/demo/images/redes_sociales.jpg HTTP/1.1" 200 415652
186.145.141.211 - - [18/Feb/2015:02:20:51 -0500] "GET /galeria/nivo-slider/demo/images/Banner-Caracol-Africano.jpg HTTP/1.1" 200 331986
186.145.141.211 - - [18/Feb/2015:02:20:51 -0500] "GET /galeria/nivo-slider/demo/images/9Signos.jpg HTTP/1.1" 200 93040
186.145.141.211 - - [18/Feb/2015:02:20:51 -0500] "GET /galeria/nivo-slider/demo/images/banner-llantas2.jpg HTTP/1.1" 200 73153
186.145.141.211 - - [18/Feb/2015:02:20:51 -0500] "GET /galeria/nivo-slider/demo/images/banner-caballos.png HTTP/1.1" 200 389106
186.145.141.211 - - [18/Feb/2015:02:20:53 -0500] "GET /galeria/nivo-slider/demo/images/4Simple_Slider.png HTTP/1.1" 200 11722
186.145.141.211 - - [18/Feb/2015:02:20:53 -0500] "GET /galeria/nivo-slider/themes/default/loading.gif HTTP/1.1" 200 1737
186.145.141.211 - - [18/Feb/2015:02:20:54 -0500] "GET /galeria/nivo-slider/themes/default/arrows.png HTTP/1.1" 200 824
186.145.141.211 - - [18/Feb/2015:02:20:55 -0500] "GET /galeria/nivo-slider/themes/default/bullets.png HTTP/1.1" 200 1281
186.145.141.211 - - [18/Feb/2015:02:20:57 -0500] "GET /videos/Humedals2015WEB.flv HTTP/1.1" 200 16650865
186.145.141.211 - - [18/Feb/2015:02:21:22 -0500] "GET /videos/Humedals2015WEB.flv HTTP/1.1" 206 1
186.145.141.211 - - [18/Feb/2015:02:21:23 -0500] "GET /videos/Humedals2015WEB.flv HTTP/1.1" 206 12624463
186.145.128.140 - - [18/Feb/2015:02:22:27 -0500] "GET /forest/session.jsp?a=0.18883004924282432 HTTP/1.1" 200 4
74.86.158.107 - - [18/Feb/2015:02:23:00 -0500] "HEAD / HTTP/1.1" 302 -
201.245.192.253 - - [18/Feb/2015:02:23:15 -0500] "GET /forest/session.jsp?a=0.14971003970059282 HTTP/1.1" 200 4
66.249.79.68 - - [18/Feb/2015:02:24:20 -0500] "GET /BLA/resoluciones/RESOLUCIONES%202006/RES%202006%201001-1050/00001007.tif HTTP/1.1" 200 38128
217.76.132.233 - - [18/Feb/2015:02:25:02 -0500] "GET /blog/wp-admin/ HTTP/1.1" 404 1018
217.76.132.233 - - [18/Feb/2015:02:25:15 -0500] "GET /wp/wp-admin/ HTTP/1.1" 404 1018
217.76.132.233 - - [18/Feb/2015:02:25:25 -0500] "GET /old/wp-admin/ HTTP/1.1" 404 1018
201.245.192.253 - - [18/Feb/2015:02:25:30 -0500] "GET /forest/session.jsp?a=0.46564565304092576 HTTP/1.1" 200 4
180.76.6.56 - - [18/Feb/2015:02:26:05 -0500] "GET /BLA/resoluciones/RESOLUCIONES%202008/1773.pdf HTTP/1.1" 200 50537
186.145.128.140 - - [18/Feb/2015:02:20:47 -0500] "GET /ForestMSG_SDA/channelAsync/template_word_16080988?X-Atmosphere-tracking-id=ce3d784c-b165-f87e-6af1-1deb3a66040f&X-Atmosphere-Framework=1.0.5&X-Atmosphere-Transport=long-polling&tabid=0.6259987261146307&X-Cache-Date=0&Content-Type=application/xml&_=1424244260020 HTTP/1.1" 200 8193
66.249.79.76 - - [18/Feb/2015:02:27:54 -0500] "GET /BLA/resoluciones/AUTOS%202010/0054.pdf HTTP/1.1" 200 164352
74.86.158.107 - - [18/Feb/2015:02:28:00 -0500] "HEAD / HTTP/1.1" 302 -
201.245.192.253 - - [18/Feb/2015:02:28:15 -0500] "GET /forest/session.jsp?a=0.33544344823060634 HTTP/1.1" 200 4
66.249.79.68 - - [18/Feb/2015:02:28:32 -0500] "GET /BLA/resoluciones/RESOLUCIONES%202005/RES%202005%202151-2200/00002191.tif HTTP/1.1" 200 114506
201.245.192.253 - - [18/Feb/2015:02:30:30 -0500] "GET /forest/session.jsp?a=0.8361640587163529 HTTP/1.1" 200 4
186.145.141.211 - - [18/Feb/2015:02:31:31 -0500] "GET /BLA/resoluciones/RESOLUCIONES%202012/0819.pdf HTTP/1.1" 200 451870
186.145.141.211 - - [18/Feb/2015:02:31:32 -0500] "GET /BLA/resoluciones/RESOLUCIONES%202012/0819.pdf HTTP/1.1" 200 451870
186.145.141.211 - - [18/Feb/2015:02:31:32 -0500] "GET /BLA/resoluciones/RESOLUCIONES%202012/0819.pdf HTTP/1.1" 206 32768
186.145.141.211 - - [18/Feb/2015:02:31:32 -0500] "GET /BLA/resoluciones/RESOLUCIONES%202012/0819.pdf HTTP/1.1" 206 419102
74.86.158.107 - - [18/Feb/2015:02:33:00 -0500] "HEAD / HTTP/1.1" 302 -
201.245.192.253 - - [18/Feb/2015:02:33:15 -0500] "GET /forest/session.jsp?a=0.37940664857951656 HTTP/1.1" 200 4
66.249.79.84 - - [18/Feb/2015:02:33:18 -0500] "GET /Autoliquidacion/Solicitud%20de%20expedici%C3%B3n%20de%20certificados%20de%20estado%20de%20conservaci%C3%B3n%20ambiental%20(CECA)/FORMULARIO%20DE%20SOLICITUD%20DE%20CECA.pdf HTTP/1.1" 200 236219
180.76.5.67 - - [18/Feb/2015:02:34:18 -0500] "GET /BLA/boletinlegal;jsessionid=A9E3943084E10BAEB29CE6638AB2F72B?/? HTTP/1.1" 404 1018
190.158.85.152 - - [18/Feb/2015:02:34:24 -0500] "GET /BLA/boletinlegal/js/jquery.scrollTo-min.js HTTP/1.1" 200 1150
190.158.85.152 - - [18/Feb/2015:02:34:24 -0500] "GET /BLA/boletinlegal/js/jquery.scrollShow.js HTTP/1.1" 200 4586
190.158.85.152 - - [18/Feb/2015:02:34:24 -0500] "GET /galeria/carrusel/Carrusel/jquery.thumbnailScroller.css HTTP/1.1" 200 2066
190.158.85.152 - - [18/Feb/2015:02:34:24 -0500] "GET /galeria/galeria/jquery.fancybox.js?v=2.1.5 HTTP/1.1" 200 48706
190.158.85.152 - - [18/Feb/2015:02:34:24 -0500] "GET /galeria/carrusel/Carrusel/jquery-ui-1.8.13.custom.min.js HTTP/1.1" 200 10800
190.158.85.152 - - [18/Feb/2015:02:34:24 -0500] "GET /galeria/carrusel/Carrusel/jquery.thumbnailScroller.js HTTP/1.1" 200 8157
190.158.85.152 - - [18/Feb/2015:02:34:24 -0500] "GET /galeria/galeria/jquery.fancybox.css?v=2.1.5 HTTP/1.1" 200 4895
190.158.85.152 - - [18/Feb/2015:02:34:24 -0500] "GET /galeria/nivo-slider/demo/demo.html HTTP/1.1" 200 3975
190.158.85.152 - - [18/Feb/2015:02:34:25 -0500] "GET /galeria/nivo-slider/nivo-slider.css HTTP/1.1" 200 1507
190.158.85.152 - - [18/Feb/2015:02:34:25 -0500] "GET /galeria/nivo-slider/demo/style.css HTTP/1.1" 200 2222
190.158.85.152 - - [18/Feb/2015:02:34:25 -0500] "GET /galeria/nivo-slider/themes/default/default.css HTTP/1.1" 200 1569
190.158.85.152 - - [18/Feb/2015:02:34:25 -0500] "GET /galeria/nivo-slider/themes/orman/orman.css HTTP/1.1" 200 2152
190.158.85.152 - - [18/Feb/2015:02:34:25 -0500] "GET /galeria/nivo-slider/themes/pascal/pascal.css HTTP/1.1" 200 2258
190.158.85.152 - - [18/Feb/2015:02:34:25 -0500] "GET /galeria/nivo-slider/demo/images/Banner-Directorio.jpg HTTP/1.1" 200 182068
190.158.85.152 - - [18/Feb/2015:02:34:26 -0500] "GET /galeria/nivo-slider/jquery.nivo.slider.pack.js HTTP/1.1" 200 11561
190.158.85.152 - - [18/Feb/2015:02:34:26 -0500] "GET /galeria/nivo-slider/demo/scripts/jquery-1.7.1.min.js HTTP/1.1" 200 93868
190.158.85.152 - - [18/Feb/2015:02:34:26 -0500] "GET /galeria/nivo-slider/demo/images/BFebrero-mes-de-los-humedales.jpg HTTP/1.1" 200 320179
190.158.85.152 - - [18/Feb/2015:02:34:26 -0500] "GET /galeria/nivo-slider/demo/images/Banner_SEGAE.jpg HTTP/1.1" 200 169523
190.158.85.152 - - [18/Feb/2015:02:34:26 -0500] "GET /galeria/nivo-slider/demo/images/banner-V2.jpg HTTP/1.1" 200 167020
190.158.85.152 - - [18/Feb/2015:02:34:26 -0500] "GET /galeria/nivo-slider/demo/images/bolsas-08.jpg HTTP/1.1" 200 85589
190.158.85.152 - - [18/Feb/2015:02:34:26 -0500] "GET /galeria/nivo-slider/demo/images/4Simple_Slider.png HTTP/1.1" 200 11722
190.158.85.152 - - [18/Feb/2015:02:34:26 -0500] "GET /galeria/nivo-slider/demo/images/Ruta-vertimientos-01.jpg HTTP/1.1" 200 130151
190.158.85.152 - - [18/Feb/2015:02:34:26 -0500] "GET /galeria/nivo-slider/themes/default/loading.gif HTTP/1.1" 200 1737
190.158.85.152 - - [18/Feb/2015:02:34:26 -0500] "GET /galeria/nivo-slider/demo/images/bolsas-06.jpg HTTP/1.1" 200 90982
190.158.85.152 - - [18/Feb/2015:02:34:26 -0500] "GET /galeria/nivo-slider/demo/images/ecolecta-Dic2014.png HTTP/1.1" 200 288593
190.158.85.152 - - [18/Feb/2015:02:34:27 -0500] "GET /galeria/nivo-slider/demo/images/porloshumedales.jpg HTTP/1.1" 200 351238
190.158.85.152 - - [18/Feb/2015:02:34:27 -0500] "GET /galeria/nivo-slider/demo/images/Tingua-azul.jpg HTTP/1.1" 200 307638
190.158.85.152 - - [18/Feb/2015:02:34:27 -0500] "GET /galeria/nivo-slider/demo/images/Banner-Caracol-Africano.jpg HTTP/1.1" 200 331986
190.158.85.152 - - [18/Feb/2015:02:34:27 -0500] "GET /galeria/nivo-slider/demo/images/redes_sociales.jpg HTTP/1.1" 200 415652
190.158.85.152 - - [18/Feb/2015:02:34:27 -0500] "GET /galeria/nivo-slider/demo/images/9Signos.jpg HTTP/1.1" 200 93040
190.158.85.152 - - [18/Feb/2015:02:34:27 -0500] "GET /galeria/nivo-slider/demo/images/banner-llantas2.jpg HTTP/1.1" 200 73153
190.158.85.152 - - [18/Feb/2015:02:34:27 -0500] "GET /galeria/nivo-slider/demo/images/banner-caballos.png HTTP/1.1" 200 389106
190.158.85.152 - - [18/Feb/2015:02:34:28 -0500] "GET /videos/Humedals2015WEB.flv HTTP/1.1" 200 16650865
201.245.192.253 - - [18/Feb/2015:02:35:30 -0500] "GET /forest/session.jsp?a=0.9750196746401276 HTTP/1.1" 200 4
186.29.186.117 - - [18/Feb/2015:02:37:42 -0500] "GET /galeria/galeria/jquery.fancybox.css?v=2.1.5 HTTP/1.1" 200 4895
186.29.186.117 - - [18/Feb/2015:02:37:42 -0500] "GET /BLA/boletinlegal/js/jquery.scrollTo-min.js HTTP/1.1" 200 1150
186.29.186.117 - - [18/Feb/2015:02:37:42 -0500] "GET /BLA/boletinlegal/js/jquery.scrollShow.js HTTP/1.1" 200 4586
186.29.186.117 - - [18/Feb/2015:02:37:42 -0500] "GET /galeria/galeria/jquery.fancybox.js?v=2.1.5 HTTP/1.1" 200 48706
74.86.158.107 - - [18/Feb/2015:02:38:00 -0500] "HEAD / HTTP/1.1" 302 -
190.151.203.23 - - [18/Feb/2015:02:38:05 -0500] "GET /galeria/galeria/jquery.fancybox.css?v=2.1.5 HTTP/1.1" 200 4895
190.151.203.23 - - [18/Feb/2015:02:38:05 -0500] "GET /BLA/boletinlegal/js/jquery.scrollTo-min.js HTTP/1.1" 200 1150
190.151.203.23 - - [18/Feb/2015:02:38:05 -0500] "GET /BLA/boletinlegal/js/jquery.scrollShow.js HTTP/1.1" 200 4586
190.151.203.23 - - [18/Feb/2015:02:38:05 -0500] "GET /galeria/galeria/jquery.fancybox.js?v=2.1.5 HTTP/1.1" 200 48706
201.245.192.253 - - [18/Feb/2015:02:38:15 -0500] "GET /forest/session.jsp?a=0.6887544695942366 HTTP/1.1" 200 4
180.76.5.168 - - [18/Feb/2015:02:39:41 -0500] "GET /BLA/boletinlegal;jsessionid=92715174ABECF400686D89597114F3C1?/? HTTP/1.1" 404 1018
201.245.192.253 - - [18/Feb/2015:02:40:30 -0500] "GET /forest/session.jsp?a=0.2056573855132836 HTTP/1.1" 200 4
66.249.79.84 - - [18/Feb/2015:02:40:35 -0500] "GET /BLA/resoluciones/RESOLUCIONES%202006/RES%202006%201001-1050/00001005.tif HTTP/1.1" 200 246696
66.249.79.84 - - [18/Feb/2015:02:41:33 -0500] "GET /BLA/resoluciones/RESOLUCIONES%202003/RES%202003%20851-900/880.tif HTTP/1.1" 200 301152
202.46.49.146 - - [18/Feb/2015:02:42:34 -0500] "GET /BLA/boletinlegal/circulares/6-2013-SDA.pdf HTTP/1.1" 200 4210437
74.86.158.107 - - [18/Feb/2015:02:43:00 -0500] "HEAD / HTTP/1.1" 302 -
201.245.192.253 - - [18/Feb/2015:02:43:15 -0500] "GET /forest/session.jsp?a=0.723760858577871 HTTP/1.1" 200 4
181.61.77.82 - - [18/Feb/2015:02:44:26 -0500] "GET /BLA/boletinlegal/js/jquery.scrollTo-min.js HTTP/1.1" 200 1150
181.61.77.82 - - [18/Feb/2015:02:44:26 -0500] "GET /BLA/boletinlegal/js/jquery.scrollShow.js HTTP/1.1" 200 4586
181.61.77.82 - - [18/Feb/2015:02:44:26 -0500] "GET /galeria/galeria/jquery.fancybox.css?v=2.1.5 HTTP/1.1" 200 4895
181.61.77.82 - - [18/Feb/2015:02:44:26 -0500] "GET /galeria/galeria/jquery.fancybox.js?v=2.1.5 HTTP/1.1" 200 48706
201.245.192.253 - - [18/Feb/2015:02:45:30 -0500] "GET /forest/session.jsp?a=0.2891873254724151 HTTP/1.1" 200 4
212.231.219.228 - - [18/Feb/2015:02:46:05 -0500] "GET /galeria/galeria/jquery.fancybox.css?v=2.1.5 HTTP/1.0" 304 -
212.231.219.228 - - [18/Feb/2015:02:46:05 -0500] "GET /galeria/galeria/jquery.fancybox.js?v=2.1.5 HTTP/1.0" 304 -
213.251.182.11 - - [18/Feb/2015:02:47:45 -0500] "GET /autoliquidacion/index.php?dir=Grupo%20Forestal%20-%20Industria%20de%20la%20Madera%2F'\" HTTP/1.1" 200 6698
213.251.182.11 - - [18/Feb/2015:02:47:45 -0500] "GET /autoliquidacion/index.php?dir=Grupo%20Forestal%20-%20Industria%20de%20la%20Madera%2F HTTP/1.0" 200 7201
74.86.158.107 - - [18/Feb/2015:02:48:00 -0500] "HEAD / HTTP/1.1" 302 -
201.245.192.253 - - [18/Feb/2015:02:48:15 -0500] "GET /forest/session.jsp?a=0.5462100459466467 HTTP/1.1" 200 4
180.76.5.223 - - [18/Feb/2015:02:48:41 -0500] "GET /BLA/resoluciones/RESOLUCIONES%202007/RES%202007%20701%20AL%20800/RESOLUCION%200706%20DE%202007.pdf HTTP/1.1" 200 1721730
201.245.192.253 - - [18/Feb/2015:02:50:30 -0500] "GET /forest/session.jsp?a=0.32534738202967517 HTTP/1.1" 200 4
181.48.249.27 - - [18/Feb/2015:02:50:32 -0500] "GET /galeria/galeria/jquery.fancybox.css?v=2.1.5 HTTP/1.1" 200 4895
181.48.249.27 - - [18/Feb/2015:02:50:32 -0500] "GET /BLA/boletinlegal/js/jquery.scrollTo-min.js HTTP/1.1" 200 1150
181.48.249.27 - - [18/Feb/2015:02:50:32 -0500] "GET /BLA/boletinlegal/js/jquery.scrollShow.js HTTP/1.1" 200 4586
181.48.249.27 - - [18/Feb/2015:02:50:32 -0500] "GET /galeria/galeria/jquery.fancybox.js?v=2.1.5 HTTP/1.1" 200 48706
66.249.79.84 - - [18/Feb/2015:02:51:11 -0500] "GET /BLA/resoluciones/RESOLUCIONES%202007/RES%202007%204001%20AL%204100/RESOLUCION%204044%20DE%202007.pdf HTTP/1.1" 200 632667
119.18.58.70 - - [18/Feb/2015:02:51:12 -0500] "GET /Anexos%20estudio%20Organizacional%20SDA/index.php?dir=ANEXO%20No.%201-%20NORMAS%20LEGALES%20DE%20ESTRUCTURA%20Y%20PLANTA%2FRESE%D1A%20HIST%D3RICA%20SDA-NORMAS%2FLey%2099%20de%201993%20-%20Crea%20MimAmbiente_files%2F'\" HTTP/1.1" 200 6505
119.18.58.70 - - [18/Feb/2015:02:51:13 -0500] "GET /Anexos%20estudio%20Organizacional%20SDA/index.php?dir=ANEXO%20No.%201-%20NORMAS%20LEGALES%20DE%20ESTRUCTURA%20Y%20PLANTA%2FRESE%D1A%20HIST%D3RICA%20SDA-NORMAS%2FLey%2099%20de%201993%20-%20Crea%20MimAmbiente_files%2F HTTP/1.0" 200 10385
66.249.79.84 - - [18/Feb/2015:02:51:54 -0500] "GET /phpold/videosIntranet/ HTTP/1.1" 404 1018
213.251.182.11 - - [18/Feb/2015:02:52:46 -0500] "-" 408 -
66.249.79.84 - - [18/Feb/2015:02:52:58 -0500] "GET /BLA/resoluciones/AUTOS%202007/0442.pdf HTTP/1.1" 200 18030
74.86.158.107 - - [18/Feb/2015:02:53:00 -0500] "HEAD / HTTP/1.1" 302 -
201.245.192.253 - - [18/Feb/2015:02:53:15 -0500] "GET /forest/session.jsp?a=0.16121039705151274 HTTP/1.1" 200 4
66.249.79.84 - - [18/Feb/2015:02:54:02 -0500] "GET /BLA/resoluciones/AUTOS%202012/2154.pdf HTTP/1.1" 200 300786
157.55.39.157 - - [18/Feb/2015:02:55:14 -0500] "GET /videos/galeria-fotografica/index12.html? HTTP/1.1" 200 1971
100.43.85.25 - - [18/Feb/2015:02:55:23 -0500] "GET /galeria/nivo-slider/themes/?C=D;O=A HTTP/1.1" 200 1425
201.245.192.253 - - [18/Feb/2015:02:55:30 -0500] "GET /forest/session.jsp?a=0.735136822040095 HTTP/1.1" 200 4
186.31.28.118 - - [18/Feb/2015:02:55:58 -0500] "GET /BLA/boletinlegal/js/jquery.scrollTo-min.js HTTP/1.1" 200 1150
186.31.28.118 - - [18/Feb/2015:02:55:58 -0500] "GET /galeria/galeria/jquery.fancybox.css?v=2.1.5 HTTP/1.1" 200 4895
186.31.28.118 - - [18/Feb/2015:02:55:58 -0500] "GET /BLA/boletinlegal/js/jquery.scrollShow.js HTTP/1.1" 200 4586
186.31.28.118 - - [18/Feb/2015:02:55:58 -0500] "GET /galeria/galeria/jquery.fancybox.js?v=2.1.5 HTTP/1.1" 200 48706
119.18.58.70 - - [18/Feb/2015:02:56:14 -0500] "-" 408 -
202.46.49.129 - - [18/Feb/2015:02:56:18 -0500] "GET /BLA/resoluciones/RESOLUCIONES%202007/RES%202007%20701%20AL%20800/RESOLUCION%200706%20DE%202007.pdf HTTP/1.1" 200 1721730
180.76.5.60 - - [18/Feb/2015:02:56:49 -0500] "GET /BLA/resoluciones/AUTOS%202013/1603.pdf HTTP/1.1" 200 140600
172.248.181.73 - - [18/Feb/2015:02:56:50 -0500] "GET /webdav/x32.php HTTP/1.1" 404 1018
66.249.79.76 - - [18/Feb/2015:02:57:10 -0500] "GET /robots.txt HTTP/1.1" 404 1018
66.249.79.68 - - [18/Feb/2015:02:57:10 -0500] "GET /BLA/resoluciones/RESOLUCIONES%202006/RES%202006%201001-1050/00001003.tif HTTP/1.1" 200 38854
66.249.79.84 - - [18/Feb/2015:02:57:42 -0500] "GET /BLA/resoluciones/RESOLUCIONES%202005/RES%202005%201951-2000/00001974.tif HTTP/1.1" 200 150014
180.76.6.150 - - [18/Feb/2015:02:57:55 -0500] "GET /BLA/resoluciones/RESOLUCIONES%202008/2009.pdf HTTP/1.1" 200 273979
74.86.158.107 - - [18/Feb/2015:02:58:00 -0500] "HEAD / HTTP/1.1" 302 -
201.245.192.253 - - [18/Feb/2015:02:58:15 -0500] "GET /forest/session.jsp?a=0.5258249655241485 HTTP/1.1" 200 4
180.76.5.166 - - [18/Feb/2015:02:58:24 -0500] "GET /BLA/resoluciones/RESOLUCIONES%202008/1494.pdf HTTP/1.1" 200 214942
180.76.5.60 - - [18/Feb/2015:02:58:56 -0500] "GET /BLA/resoluciones/AUTOS%202010/6612.pdf HTTP/1.1" 200 150795
180.76.5.166 - - [18/Feb/2015:02:59:28 -0500] "GET /BLA/resoluciones/RESOLUCIONES%202010/0993.pdf HTTP/1.1" 200 117900
201.245.192.253 - - [18/Feb/2015:03:00:30 -0500] "GET /forest/session.jsp?a=0.2512051902326059 HTTP/1.1" 200 4
180.76.6.48 - - [18/Feb/2015:03:00:31 -0500] "GET /Autoliquidacion/index.php?dir=TR%C1MITES%20ACEITES-RESIDUOS-ESTACIONES/aceites-ES/&sort=size&order=desc HTTP/1.1" 200 3333
180.76.6.52 - - [18/Feb/2015:03:02:01 -0500] "GET /BLA/resoluciones/RESOLUCIONES%202010/5653.pdf HTTP/1.1" 200 2752865
66.249.79.76 - - [18/Feb/2015:03:02:35 -0500] "GET /BLA/resoluciones/AUTOS%202006/AUTOS%202006%20101-200/00000179.tif HTTP/1.1" 200 42320
74.86.158.107 - - [18/Feb/2015:03:03:00 -0500] "HEAD / HTTP/1.1" 302 -
190.156.25.103 - - [18/Feb/2015:03:03:00 -0500] "GET /BLA/boletinlegal/js/jquery.scrollShow.js HTTP/1.1" 200 4586
190.156.25.103 - - [18/Feb/2015:03:03:00 -0500] "GET /BLA/boletinlegal/js/jquery.scrollTo-min.js HTTP/1.1" 200 1150
190.156.25.103 - - [18/Feb/2015:03:03:00 -0500] "GET /galeria/galeria/jquery.fancybox.css?v=2.1.5 HTTP/1.1" 200 4895
190.156.25.103 - - [18/Feb/2015:03:03:00 -0500] "GET /galeria/galeria/jquery.fancybox.js?v=2.1.5 HTTP/1.1" 200 48706
190.156.25.103 - - [18/Feb/2015:03:03:00 -0500] "GET /galeria/carrusel/Carrusel/jquery.thumbnailScroller.css HTTP/1.1" 200 2066
190.156.25.103 - - [18/Feb/2015:03:03:00 -0500] "GET /galeria/carrusel/Carrusel/jquery-ui-1.8.13.custom.min.js HTTP/1.1" 200 10800
190.156.25.103 - - [18/Feb/2015:03:03:01 -0500] "GET /galeria/carrusel/Carrusel/jquery.thumbnailScroller.js HTTP/1.1" 200 8157
190.156.25.103 - - [18/Feb/2015:03:03:02 -0500] "GET /galeria/nivo-slider/demo/demo.html HTTP/1.1" 200 3975
190.156.25.103 - - [18/Feb/2015:03:03:08 -0500] "GET /galeria/nivo-slider/themes/pascal/pascal.css HTTP/1.1" 200 2258
190.156.25.103 - - [18/Feb/2015:03:03:08 -0500] "GET /galeria/nivo-slider/demo/style.css HTTP/1.1" 200 2222
190.156.25.103 - - [18/Feb/2015:03:03:08 -0500] "GET /galeria/nivo-slider/demo/images/Banner-Directorio.jpg HTTP/1.1" 200 182068
190.156.25.103 - - [18/Feb/2015:03:03:08 -0500] "GET /galeria/nivo-slider/demo/images/BFebrero-mes-de-los-humedales.jpg HTTP/1.1" 200 320179
190.156.25.103 - - [18/Feb/2015:03:03:08 -0500] "GET /galeria/nivo-slider/themes/orman/orman.css HTTP/1.1" 200 2152
190.156.25.103 - - [18/Feb/2015:03:03:08 -0500] "GET /galeria/nivo-slider/nivo-slider.css HTTP/1.1" 200 1507
190.156.25.103 - - [18/Feb/2015:03:03:08 -0500] "GET /galeria/nivo-slider/themes/default/default.css HTTP/1.1" 200 1569
190.156.25.103 - - [18/Feb/2015:03:03:08 -0500] "GET /galeria/nivo-slider/demo/scripts/jquery-1.7.1.min.js HTTP/1.1" 200 93868
190.156.25.103 - - [18/Feb/2015:03:03:08 -0500] "GET /galeria/nivo-slider/jquery.nivo.slider.pack.js HTTP/1.1" 200 11561
190.156.25.103 - - [18/Feb/2015:03:03:08 -0500] "GET /galeria/nivo-slider/demo/images/Banner_SEGAE.jpg HTTP/1.1" 200 169523
190.156.25.103 - - [18/Feb/2015:03:03:08 -0500] "GET /galeria/nivo-slider/demo/images/banner-V2.jpg HTTP/1.1" 200 167020
190.156.25.103 - - [18/Feb/2015:03:03:08 -0500] "GET /galeria/nivo-slider/demo/images/bolsas-08.jpg HTTP/1.1" 200 85589
190.156.25.103 - - [18/Feb/2015:03:03:11 -0500] "GET /galeria/nivo-slider/demo/images/Ruta-vertimientos-01.jpg HTTP/1.1" 200 130151
190.156.25.103 - - [18/Feb/2015:03:03:11 -0500] "GET /galeria/nivo-slider/demo/images/bolsas-06.jpg HTTP/1.1" 200 90982
190.156.25.103 - - [18/Feb/2015:03:03:11 -0500] "GET /galeria/nivo-slider/demo/images/porloshumedales.jpg HTTP/1.1" 200 351238
190.156.25.103 - - [18/Feb/2015:03:03:11 -0500] "GET /galeria/nivo-slider/demo/images/Tingua-azul.jpg HTTP/1.1" 200 307638
190.156.25.103 - - [18/Feb/2015:03:03:11 -0500] "GET /galeria/nivo-slider/demo/images/redes_sociales.jpg HTTP/1.1" 200 415652
190.156.25.103 - - [18/Feb/2015:03:03:11 -0500] "GET /galeria/nivo-slider/demo/images/banner-caballos.png HTTP/1.1" 200 389106
190.156.25.103 - - [18/Feb/2015:03:03:11 -0500] "GET /galeria/nivo-slider/demo/images/9Signos.jpg HTTP/1.1" 200 93040
190.156.25.103 - - [18/Feb/2015:03:03:11 -0500] "GET /galeria/nivo-slider/demo/images/Banner-Caracol-Africano.jpg HTTP/1.1" 200 331986
190.156.25.103 - - [18/Feb/2015:03:03:11 -0500] "GET /galeria/nivo-slider/demo/images/ecolecta-Dic2014.png HTTP/1.1" 200 288593
190.156.25.103 - - [18/Feb/2015:03:03:11 -0500] "GET /galeria/nivo-slider/demo/images/banner-llantas2.jpg HTTP/1.1" 200 73153
190.156.25.103 - - [18/Feb/2015:03:03:13 -0500] "GET /galeria/nivo-slider/demo/images/4Simple_Slider.png HTTP/1.1" 200 11722
190.156.25.103 - - [18/Feb/2015:03:03:13 -0500] "GET /galeria/nivo-slider/themes/default/loading.gif HTTP/1.1" 200 1737
201.245.192.253 - - [18/Feb/2015:03:03:15 -0500] "GET /forest/session.jsp?a=0.8301733545999858 HTTP/1.1" 200 4
190.156.25.103 - - [18/Feb/2015:03:03:22 -0500] "GET /videos/Humedals2015WEB.flv HTTP/1.1" 200 16650865
190.156.25.103 - - [18/Feb/2015:03:03:32 -0500] "GET /galeria/nivo-slider/themes/default/arrows.png HTTP/1.1" 200 824
190.156.25.103 - - [18/Feb/2015:03:03:32 -0500] "GET /galeria/nivo-slider/themes/default/bullets.png HTTP/1.1" 200 1281
176.84.107.225 - - [18/Feb/2015:03:04:53 -0500] "GET /BLA/boletinlegal/js/jquery.scrollTo-min.js HTTP/1.1" 200 1150
176.84.107.225 - - [18/Feb/2015:03:04:53 -0500] "GET /BLA/boletinlegal/js/jquery.scrollShow.js HTTP/1.1" 200 4586
176.84.107.225 - - [18/Feb/2015:03:04:53 -0500] "GET /galeria/galeria/jquery.fancybox.js?v=2.1.5 HTTP/1.1" 200 48706
176.84.107.225 - - [18/Feb/2015:03:04:53 -0500] "GET /galeria/galeria/jquery.fancybox.css?v=2.1.5 HTTP/1.1" 200 4895
176.84.107.225 - - [18/Feb/2015:03:04:53 -0500] "GET /galeria/carrusel/Carrusel/jquery.thumbnailScroller.css HTTP/1.1" 200 2066
176.84.107.225 - - [18/Feb/2015:03:04:55 -0500] "GET /galeria/carrusel/Carrusel/jquery-ui-1.8.13.custom.min.js HTTP/1.1" 200 10800
176.84.107.225 - - [18/Feb/2015:03:04:55 -0500] "GET /galeria/carrusel/Carrusel/jquery.thumbnailScroller.js HTTP/1.1" 200 8157
176.84.107.225 - - [18/Feb/2015:03:05:04 -0500] "GET /galeria/nivo-slider/demo/demo.html HTTP/1.1" 200 3975
176.84.107.225 - - [18/Feb/2015:03:05:07 -0500] "GET /galeria/nivo-slider/themes/default/default.css HTTP/1.1" 200 1569
176.84.107.225 - - [18/Feb/2015:03:05:08 -0500] "GET /galeria/nivo-slider/themes/pascal/pascal.css HTTP/1.1" 200 2258
176.84.107.225 - - [18/Feb/2015:03:05:08 -0500] "GET /galeria/nivo-slider/themes/orman/orman.css HTTP/1.1" 200 2152
176.84.107.225 - - [18/Feb/2015:03:05:08 -0500] "GET /galeria/nivo-slider/nivo-slider.css HTTP/1.1" 200 1507
176.84.107.225 - - [18/Feb/2015:03:05:08 -0500] "GET /galeria/nivo-slider/demo/style.css HTTP/1.1" 200 2222
176.84.107.225 - - [18/Feb/2015:03:05:08 -0500] "GET /galeria/nivo-slider/demo/scripts/jquery-1.7.1.min.js HTTP/1.1" 200 93868
176.84.107.225 - - [18/Feb/2015:03:05:08 -0500] "GET /galeria/nivo-slider/jquery.nivo.slider.pack.js HTTP/1.1" 200 11561
176.84.107.225 - - [18/Feb/2015:03:05:08 -0500] "GET /galeria/nivo-slider/demo/images/Banner-Directorio.jpg HTTP/1.1" 200 182068
176.84.107.225 - - [18/Feb/2015:03:05:08 -0500] "GET /galeria/nivo-slider/demo/images/BFebrero-mes-de-los-humedales.jpg HTTP/1.1" 200 320179
176.84.107.225 - - [18/Feb/2015:03:05:08 -0500] "GET /galeria/nivo-slider/demo/images/Banner_SEGAE.jpg HTTP/1.1" 200 169523
176.84.107.225 - - [18/Feb/2015:03:05:08 -0500] "GET /galeria/nivo-slider/demo/images/bolsas-08.jpg HTTP/1.1" 200 85589
176.84.107.225 - - [18/Feb/2015:03:05:08 -0500] "GET /galeria/nivo-slider/demo/images/banner-V2.jpg HTTP/1.1" 200 167020
176.84.107.225 - - [18/Feb/2015:03:05:08 -0500] "GET /galeria/nivo-slider/demo/images/Ruta-vertimientos-01.jpg HTTP/1.1" 200 130151
176.84.107.225 - - [18/Feb/2015:03:05:08 -0500] "GET /galeria/nivo-slider/demo/images/bolsas-06.jpg HTTP/1.1" 200 90982
176.84.107.225 - - [18/Feb/2015:03:05:09 -0500] "GET /galeria/nivo-slider/demo/images/ecolecta-Dic2014.png HTTP/1.1" 200 288593
176.84.107.225 - - [18/Feb/2015:03:05:10 -0500] "GET /galeria/nivo-slider/demo/images/porloshumedales.jpg HTTP/1.1" 200 351238
176.84.107.225 - - [18/Feb/2015:03:05:12 -0500] "GET / HTTP/1.1" 302 -
176.84.107.225 - - [18/Feb/2015:03:05:13 -0500] "GET /galeria/nivo-slider/demo/images/Tingua-azul.jpg HTTP/1.1" 200 307638
176.84.107.225 - - [18/Feb/2015:03:05:13 -0500] "GET /galeria/nivo-slider/demo/images/Banner-Caracol-Africano.jpg HTTP/1.1" 200 331986
176.84.107.225 - - [18/Feb/2015:03:05:17 -0500] "GET /galeria/nivo-slider/demo/images/9Signos.jpg HTTP/1.1" 200 93040
176.84.107.225 - - [18/Feb/2015:03:05:17 -0500] "GET /galeria/nivo-slider/demo/images/banner-llantas2.jpg HTTP/1.1" 200 73153
176.84.107.225 - - [18/Feb/2015:03:05:20 -0500] "GET /galeria/nivo-slider/demo/images/banner-caballos.png HTTP/1.1" 200 389106
176.84.107.225 - - [18/Feb/2015:03:05:21 -0500] "GET /galeria/nivo-slider/demo/images/4Simple_Slider.png HTTP/1.1" 200 11722
176.84.107.225 - - [18/Feb/2015:03:05:21 -0500] "GET /galeria/nivo-slider/themes/default/loading.gif HTTP/1.1" 200 1737
176.84.107.225 - - [18/Feb/2015:03:05:21 -0500] "GET /galeria/nivo-slider/demo/images/redes_sociales.jpg HTTP/1.1" 200 415652
201.245.192.253 - - [18/Feb/2015:03:05:31 -0500] "GET /forest/session.jsp?a=0.5996490207699882 HTTP/1.1" 200 4
176.84.107.225 - - [18/Feb/2015:03:05:38 -0500] "GET /galeria/nivo-slider/themes/default/arrows.png HTTP/1.1" 200 824
176.84.107.225 - - [18/Feb/2015:03:05:38 -0500] "GET /galeria/nivo-slider/themes/default/bullets.png HTTP/1.1" 200 1281
177.246.188.142 - - [18/Feb/2015:03:05:44 -0500] "GET /galeria/galeria/jquery.fancybox.css?v=2.1.5 HTTP/1.1" 200 4895
177.246.188.142 - - [18/Feb/2015:03:05:44 -0500] "GET /BLA/boletinlegal/js/jquery.scrollTo-min.js HTTP/1.1" 200 1150
177.246.188.142 - - [18/Feb/2015:03:05:44 -0500] "GET /BLA/boletinlegal/js/jquery.scrollShow.js HTTP/1.1" 200 4586
177.246.188.142 - - [18/Feb/2015:03:05:44 -0500] "GET /galeria/galeria/jquery.fancybox.js?v=2.1.5 HTTP/1.1" 200 48706
180.76.5.66 - - [18/Feb/2015:03:07:20 -0500] "GET /BLA/boletinlegal;jsessionid=EDB3227FEFBEC8BEF7AAAE64197DDA10?/? HTTP/1.1" 404 1018
74.86.158.107 - - [18/Feb/2015:03:08:00 -0500] "HEAD / HTTP/1.1" 302 -
201.245.192.253 - - [18/Feb/2015:03:08:15 -0500] "GET /forest/session.jsp?a=0.35197331237602714 HTTP/1.1" 200 4
186.145.206.30 - - [18/Feb/2015:03:08:29 -0500] "GET /BLA/boletinlegal/js/jquery.scrollTo-min.js HTTP/1.1" 200 1150
186.145.206.30 - - [18/Feb/2015:03:08:29 -0500] "GET /BLA/boletinlegal/js/jquery.scrollShow.js HTTP/1.1" 200 4586
186.145.206.30 - - [18/Feb/2015:03:08:29 -0500] "GET /galeria/galeria/jquery.fancybox.js?v=2.1.5 HTTP/1.1" 200 48706
186.145.206.30 - - [18/Feb/2015:03:08:29 -0500] "GET /galeria/galeria/jquery.fancybox.css?v=2.1.5 HTTP/1.1" 200 4895
176.84.107.225 - - [18/Feb/2015:03:09:46 -0500] "GET /galeria/galeria/jquery.fancybox.js?v=2.1.5 HTTP/1.1" 304 -
176.84.107.225 - - [18/Feb/2015:03:09:46 -0500] "GET /galeria/galeria/jquery.fancybox.css?v=2.1.5 HTTP/1.1" 304 -
176.84.107.225 - - [18/Feb/2015:03:10:08 -0500] "GET /galeria/galeria/jquery.fancybox.js?v=2.1.5 HTTP/1.1" 304 -
176.84.107.225 - - [18/Feb/2015:03:10:08 -0500] "GET /galeria/galeria/jquery.fancybox.css?v=2.1.5 HTTP/1.1" 304 -
201.245.192.253 - - [18/Feb/2015:03:10:31 -0500] "GET /forest/session.jsp?a=0.9429531534002474 HTTP/1.1" 200 4
207.46.13.104 - - [18/Feb/2015:03:12:17 -0500] "GET /Anexos%20estudio%20Organizacional%20SDA/ANEXO%20No.%203-%20CONTRATACI%C3%83%E2%80%9CN%20%20OPS%C3%82%C2%B4s%202008-2012/CONTRATOS%20SDA%202008%20POR%20DEPENDENCIA.xls HTTP/1.1" 404 1019
66.249.88.240 - - [18/Feb/2015:03:12:42 -0500] "GET /galeria/galeria/jquery.fancybox.css?v=2.1.5 HTTP/1.1" 200 4895
66.249.88.240 - - [18/Feb/2015:03:12:42 -0500] "GET /BLA/boletinlegal/js/jquery.scrollTo-min.js HTTP/1.1" 200 1150
66.249.88.240 - - [18/Feb/2015:03:12:42 -0500] "GET /BLA/boletinlegal/js/jquery.scrollShow.js HTTP/1.1" 200 4586
66.249.88.240 - - [18/Feb/2015:03:12:42 -0500] "GET /galeria/galeria/jquery.fancybox.js?v=2.1.5 HTTP/1.1" 200 48706
74.86.158.107 - - [18/Feb/2015:03:13:00 -0500] "HEAD / HTTP/1.1" 302 -
180.76.5.21 - - [18/Feb/2015:03:13:11 -0500] "GET /BLA/boletinlegal;jsessionid=D752570846E6D33F0100094CAE337DA8?/? HTTP/1.1" 404 1018
201.245.192.253 - - [18/Feb/2015:03:13:15 -0500] "GET /forest/session.jsp?a=0.16415765168795848 HTTP/1.1" 200 4
66.249.79.76 - - [18/Feb/2015:03:13:58 -0500] "GET /BLA/resoluciones/RESOLUCIONES%202006/RES%202006%201001-1050/00001025.tif HTTP/1.1" 200 80962
210.97.192.210 - - [18/Feb/2015:03:14:17 -0500] "GET /BLA/resoluciones/RESOLUCIONES%202014/3653.pdf HTTP/1.0" 200 1687850
201.245.192.253 - - [18/Feb/2015:03:15:31 -0500] "GET /forest/session.jsp?a=0.28842300824420974 HTTP/1.1" 200 4
66.249.79.120 - - [18/Feb/2015:03:15:54 -0500] "GET /robots.txt HTTP/1.1" 404 1019
66.249.79.112 - - [18/Feb/2015:03:15:54 -0500] "GET /BLA/boletinlegal/Circulares/2010/Circular%2006%20de%208%20de%20septiembre%20de%202010.pdf HTTP/1.1" 200 4657752
74.86.158.107 - - [18/Feb/2015:03:18:00 -0500] "HEAD / HTTP/1.1" 302 -
201.245.192.253 - - [18/Feb/2015:03:18:15 -0500] "GET /forest/session.jsp?a=0.8420783051094105 HTTP/1.1" 200 4
199.30.25.230 - - [18/Feb/2015:03:20:15 -0500] "GET /videos/CRRFFS.mp4 HTTP/1.1" 200 286784363
201.245.192.253 - - [18/Feb/2015:03:20:31 -0500] "GET /forest/session.jsp?a=0.7696161801109299 HTTP/1.1" 200 4
74.86.158.107 - - [18/Feb/2015:03:23:00 -0500] "HEAD / HTTP/1.1" 302 -
201.245.192.253 - - [18/Feb/2015:03:23:15 -0500] "GET /forest/session.jsp?a=0.011903372431728898 HTTP/1.1" 200 4
190.24.48.168 - - [18/Feb/2015:03:24:26 -0500] "GET /videos/galeria-fotografica/index16.html? HTTP/1.1" 200 1971
190.24.48.168 - - [18/Feb/2015:03:24:28 -0500] "GET /videos/galeria-fotografica/js/jquery-flickr-gallery/jquery-flickr.css HTTP/1.1" 200 711
190.24.48.168 - - [18/Feb/2015:03:24:28 -0500] "GET /videos/galeria-fotografica/js/jquery-flickr-gallery/jquery-flickr-gallery.js HTTP/1.1" 200 9050
190.24.48.168 - - [18/Feb/2015:03:24:35 -0500] "GET /videos/galeria-fotografica/js/jquery-flickr-gallery/loader.gif HTTP/1.1" 200 2129
201.245.192.253 - - [18/Feb/2015:03:25:31 -0500] "GET /forest/session.jsp?a=0.3528863424437523 HTTP/1.1" 200 4
66.249.79.84 - - [18/Feb/2015:03:25:37 -0500] "GET /BLA/resoluciones/RESOLUCIONES%202003/RES%202003%20851-900/856.tif HTTP/1.1" 200 189512
180.76.5.21 - - [18/Feb/2015:03:25:41 -0500] "GET /BLA/resoluciones/RESOLUCIONES%202013/0226.pdf HTTP/1.1" 200 2018794
66.249.79.76 - - [18/Feb/2015:03:26:08 -0500] "GET /BLA/resoluciones/RESOLUCIONES%202005/RES%202005%202151-2200/00002187.tif HTTP/1.1" 200 365680
186.113.10.143 - - [18/Feb/2015:03:26:34 -0500] "GET /galeria/nivo-slider/demo/images/redes_sociales.jpg HTTP/1.1" 304 -
66.249.79.76 - - [18/Feb/2015:03:27:11 -0500] "GET /BLA/resoluciones/RESOLUCIONES%202010/6523.pdf HTTP/1.1" 200 911057
180.76.6.138 - - [18/Feb/2015:03:27:35 -0500] "GET /BLA/boletinlegal;jsessionid=063B300D294D36830C1C2958F6907C95?/? HTTP/1.1" 404 1018
186.84.195.95 - - [18/Feb/2015:03:27:48 -0500] "GET /galeria/galeria/jquery.fancybox.css?v=2.1.5 HTTP/1.1" 200 4895
186.84.195.95 - - [18/Feb/2015:03:27:48 -0500] "GET /BLA/boletinlegal/js/jquery.scrollShow.js HTTP/1.1" 200 4586
186.84.195.95 - - [18/Feb/2015:03:27:48 -0500] "GET /BLA/boletinlegal/js/jquery.scrollTo-min.js HTTP/1.1" 200 1150
186.84.195.95 - - [18/Feb/2015:03:27:48 -0500] "GET /galeria/galeria/jquery.fancybox.js?v=2.1.5 HTTP/1.1" 200 48706
74.86.158.107 - - [18/Feb/2015:03:28:00 -0500] "HEAD / HTTP/1.1" 302 -
201.245.192.253 - - [18/Feb/2015:03:28:15 -0500] "GET /forest/session.jsp?a=0.22433656662604873 HTTP/1.1" 200 4
201.245.192.253 - - [18/Feb/2015:03:30:31 -0500] "GET /forest/session.jsp?a=0.8628525894809722 HTTP/1.1" 200 4
66.249.79.76 - - [18/Feb/2015:03:30:38 -0500] "GET /BLA/resoluciones/RESOLUCIONES%202006/RES%202006%201001-1050/00001041.tif HTTP/1.1" 200 246206
66.249.79.76 - - [18/Feb/2015:03:32:31 -0500] "GET /galeria/nivo-slider/demo/demo.html HTTP/1.1" 200 3975
74.86.158.107 - - [18/Feb/2015:03:33:00 -0500] "HEAD / HTTP/1.1" 302 -
201.245.192.253 - - [18/Feb/2015:03:33:15 -0500] "GET /forest/session.jsp?a=0.9332078356425356 HTTP/1.1" 200 4
201.245.192.253 - - [18/Feb/2015:03:35:31 -0500] "GET /forest/session.jsp?a=0.06803655020001387 HTTP/1.1" 200 4
66.249.79.84 - - [18/Feb/2015:03:36:35 -0500] "GET /BLA/resoluciones/RESOLUCIONES%202004/RES%202004%201051-1100/00001072.tif HTTP/1.1" 200 100992
180.76.6.141 - - [18/Feb/2015:03:37:27 -0500] "GET /Autoliquidacion/Solicitudes%20relacionadas%20con%20calidad%20del%20aire%20auditiva%20y%20visual/Evaluaci%C3%B3n%20certificado%20de%20Intensidad%20Auditiva/ HTTP/1.1" 200 1636
74.86.158.107 - - [18/Feb/2015:03:38:00 -0500] "HEAD / HTTP/1.1" 302 -
201.245.192.253 - - [18/Feb/2015:03:38:16 -0500] "GET /forest/session.jsp?a=0.36932576272923245 HTTP/1.1" 200 4
157.55.39.194 - - [18/Feb/2015:03:39:33 -0500] "GET /videos/galeria-fotografica/index3.html? HTTP/1.1" 200 1972
66.249.79.112 - - [18/Feb/2015:03:39:54 -0500] "GET /StormSDA/userFiles%20-%20Copy%2019-07-2012/user_files/formulas/ HTTP/1.1" 200 1504
201.245.192.253 - - [18/Feb/2015:03:40:31 -0500] "GET /forest/session.jsp?a=0.9377841603016716 HTTP/1.1" 200 4
74.86.158.107 - - [18/Feb/2015:03:43:00 -0500] "HEAD / HTTP/1.1" 302 -
201.245.192.253 - - [18/Feb/2015:03:43:16 -0500] "GET /forest/session.jsp?a=0.46245202972170163 HTTP/1.1" 200 4
201.245.192.253 - - [18/Feb/2015:03:45:31 -0500] "GET /forest/session.jsp?a=0.6144311971954488 HTTP/1.1" 200 4
66.249.79.68 - - [18/Feb/2015:03:47:10 -0500] "GET /BLA/resoluciones/RESOLUCIONES%202003/RES%202003%20301-350/320.tif HTTP/1.1" 200 211872
66.249.79.84 - - [18/Feb/2015:03:47:11 -0500] "GET /BLA/resoluciones/RESOLUCIONES%202006/RES%202006%201001-1050/00001011.tif HTTP/1.1" 200 145852
123.125.71.82 - - [18/Feb/2015:03:47:21 -0500] "GET /BLA/resoluciones/RESOLUCIONES%202013/0337.pdf HTTP/1.1" 200 2327132
74.86.158.107 - - [18/Feb/2015:03:48:00 -0500] "HEAD / HTTP/1.1" 302 -
201.245.192.253 - - [18/Feb/2015:03:48:16 -0500] "GET /forest/session.jsp?a=0.16393213462524459 HTTP/1.1" 200 4
180.76.4.171 - - [18/Feb/2015:03:48:40 -0500] "GET / HTTP/1.1" 302 -
201.245.192.253 - - [18/Feb/2015:03:50:31 -0500] "GET /forest/session.jsp?a=0.6382285019090798 HTTP/1.1" 200 4
180.76.6.29 - - [18/Feb/2015:03:51:04 -0500] "GET /BLA/resoluciones/RESOLUCIONES%202007/RES%202007%203401%20AL%203500/RESOLUCION%203496%20DE%202007.pdf HTTP/1.1" 200 580842
66.249.79.68 - - [18/Feb/2015:03:52:03 -0500] "GET /BLA/resoluciones/RESOLUCIONES%202005/RES%202005%201551-1600/00001568.tif HTTP/1.1" 200 169876
74.86.158.107 - - [18/Feb/2015:03:53:00 -0500] "HEAD / HTTP/1.1" 302 -
201.245.192.253 - - [18/Feb/2015:03:53:16 -0500] "GET /forest/session.jsp?a=0.6236561732451128 HTTP/1.1" 200 4
181.50.20.241 - - [18/Feb/2015:03:54:24 -0500] "GET /galeria/galeria/jquery.fancybox.js?v=2.1.5 HTTP/1.1" 200 48706
181.50.20.241 - - [18/Feb/2015:03:54:24 -0500] "GET /BLA/boletinlegal/js/jquery.scrollTo-min.js HTTP/1.1" 200 1150
181.50.20.241 - - [18/Feb/2015:03:54:24 -0500] "GET /BLA/boletinlegal/js/jquery.scrollShow.js HTTP/1.1" 200 4586
181.50.20.241 - - [18/Feb/2015:03:54:24 -0500] "GET /galeria/galeria/jquery.fancybox.css?v=2.1.5 HTTP/1.1" 200 4895
157.55.39.219 - - [18/Feb/2015:03:54:31 -0500] "GET /Anexos%20estudio%20Organizacional%20SDA/ANEXO%20No.%203-%20CONTRATACI%C3%83%E2%80%9CN%20%20OPS%C3%82%C2%B4s%202008-2012/CONTRATOS%20SDA%202010%20POR%20DEPENDENCIA%20(1).xls HTTP/1.1" 404 1019
201.245.192.253 - - [18/Feb/2015:03:55:31 -0500] "GET /forest/session.jsp?a=0.011151479030690692 HTTP/1.1" 200 4
199.30.24.113 - - [18/Feb/2015:03:56:12 -0500] "GET /videos/galeria-fotografica/js/jquery-flickr-gallery/jquery-flickr-gallery.js HTTP/1.1" 200 9050
74.86.158.107 - - [18/Feb/2015:03:58:00 -0500] "HEAD / HTTP/1.1" 302 -
201.245.192.253 - - [18/Feb/2015:03:58:16 -0500] "GET /forest/session.jsp?a=0.9292716782658724 HTTP/1.1" 200 4
66.249.79.84 - - [18/Feb/2015:03:58:40 -0500] "GET /BLA/resoluciones/RESOLUCIONES%202007/RES%202007%203401%20AL%203500/RESOLUCION%203483%20DE%202007.pdf HTTP/1.1" 200 1785157
201.245.192.253 - - [18/Feb/2015:04:00:31 -0500] "GET /forest/session.jsp?a=0.19515901957854032 HTTP/1.1" 200 4
74.86.158.107 - - [18/Feb/2015:04:03:00 -0500] "HEAD / HTTP/1.1" 302 -
201.245.192.253 - - [18/Feb/2015:04:03:16 -0500] "GET /forest/session.jsp?a=0.15708940414094252 HTTP/1.1" 200 4
100.43.85.25 - - [18/Feb/2015:04:03:47 -0500] "GET /galeria/nivo-slider/themes/?C=N;O=A HTTP/1.1" 200 1425
66.249.79.104 - - [18/Feb/2015:04:03:54 -0500] "GET / HTTP/1.1" 302 -
66.249.79.76 - - [18/Feb/2015:04:04:25 -0500] "GET /BLA/resoluciones/RESOLUCIONES%202004/RES%202004%201051-1100/00001099.tif HTTP/1.1" 200 135842
201.245.192.253 - - [18/Feb/2015:04:05:31 -0500] "GET /forest/session.jsp?a=0.5190932089586725 HTTP/1.1" 200 4
180.76.5.62 - - [18/Feb/2015:04:06:03 -0500] "GET /BLA/resoluciones/RESOLUCIONES%202010/2041.pdf HTTP/1.1" 200 59245
206.53.226.251 - - [18/Feb/2015:04:07:37 -0500] "GET /galeria/nivo-slider/demo/images/banner-redes.jpg HTTP/1.1" 304 -
74.86.158.107 - - [18/Feb/2015:04:08:00 -0500] "HEAD / HTTP/1.1" 302 -
180.76.6.17 - - [18/Feb/2015:04:08:12 -0500] "GET /BLA/resoluciones/RESOLUCIONES%202008/5487.pdf HTTP/1.1" 200 43968
201.245.192.253 - - [18/Feb/2015:04:08:16 -0500] "GET /forest/session.jsp?a=0.3494219101512458 HTTP/1.1" 200 4
66.249.67.76 - - [18/Feb/2015:04:09:26 -0500] "GET /BLA/resoluciones/RESOLUCIONES%202004/RES%202004%201051-1100/00001095.tif HTTP/1.1" 200 111256
201.245.192.253 - - [18/Feb/2015:04:10:31 -0500] "GET /forest/session.jsp?a=0.976574073320557 HTTP/1.1" 200 4
74.86.158.107 - - [18/Feb/2015:04:13:00 -0500] "HEAD / HTTP/1.1" 302 -
211.244.83.248 - - [18/Feb/2015:04:13:12 -0500] "GET /robots.txt HTTP/1.1" 404 1243
