152.61.193.99 - - [21/Feb/2015:01:37:14 -0500] "GET /arcgis/services/Calidad_del_Agua_WQI/MapServer/WMSServer?SERVICE=WMS&REQUEST=GetCapabilities HTTP/1.1" 200 32135
152.61.193.99 - - [21/Feb/2015:01:37:15 -0500] "GET /arcgis/services/Calidad_del_Agua_WQI/MapServer/WMSServer?SERVICE=WMS&REQUEST=GetCapabilities HTTP/1.1" 200 32135
152.61.193.99 - - [21/Feb/2015:01:37:16 -0500] "GET /arcgis/services/Calidad_del_Agua_WQI/MapServer/WMSServer?VERSION=1.1.1&REQUEST=GetMap&LAYERS=0&SRS=EPSG:4326&BBOX=-74.473395,3.674381,-73.963300,4.920569&WIDTH=250&HEIGHT=250&FORMAT=image/bmp&STYLES=& HTTP/1.1" 200 188054
188.165.15.79 - - [21/Feb/2015:01:37:58 -0500] "GET /BLA/resoluciones/RESOLUCIONES%202006/RES%202006%202151-2200/00002159.tif HTTP/1.1" 200 165376
190.66.108.8 - - [21/Feb/2015:01:38:12 -0500] "POST /forms/lservlet;jsessionid=ac16012b30d6dcd57794e9934df49194e056853b9b0d.e3iSbxaKaheRe3eNbhaPbhuQa41ynknvrkLOlQzNp65In0 HTTP/1.1" 200 2312
190.66.108.8 - - [21/Feb/2015:01:38:24 -0500] "POST /forms/lservlet;jsessionid=ac16012b30d6dcd57794e9934df49194e056853b9b0d.e3iSbxaKaheRe3eNbhaPbhuQa41ynknvrkLOlQzNp65In0 HTTP/1.1" 200 24
190.66.108.8 - - [21/Feb/2015:01:38:24 -0500] "POST /forms/lservlet;jsessionid=ac16012b30d6dcd57794e9934df49194e056853b9b0d.e3iSbxaKaheRe3eNbhaPbhuQa41ynknvrkLOlQzNp65In0 HTTP/1.1" 200 3895
190.66.108.8 - - [21/Feb/2015:01:38:24 -0500] "POST /forms/lservlet;jsessionid=ac16012b30d6dcd57794e9934df49194e056853b9b0d.e3iSbxaKaheRe3eNbhaPbhuQa41ynknvrkLOlQzNp65In0 HTTP/1.1" 200 2
190.66.108.8 - - [21/Feb/2015:01:38:44 -0500] "POST /forms/lservlet;jsessionid=ac16012b30d6dcd57794e9934df49194e056853b9b0d.e3iSbxaKaheRe3eNbhaPbhuQa41ynknvrkLOlQzNp65In0 HTTP/1.1" 200 2
66.249.73.171 - - [21/Feb/2015:01:39:17 -0500] "GET /BLA/resoluciones/RESOLUCIONES%202007/RES%202007%203201%20AL%203300/RESOLUCION%203208%20DE%202007.pdf HTTP/1.1" 200 211532
180.76.5.80 - - [21/Feb/2015:01:39:27 -0500] "GET /BLA/boletinlegal/;jsessionid=F927E1C4E600193466CCA62E89803A8D? HTTP/1.1" 404 1018
74.86.158.107 - - [21/Feb/2015:01:39:48 -0500] "HEAD / HTTP/1.1" 302 -
190.66.108.8 - - [21/Feb/2015:01:40:45 -0500] "POST /forms/lservlet;jsessionid=ac16012b30d6dcd57794e9934df49194e056853b9b0d.e3iSbxaKaheRe3eNbhaPbhuQa41ynknvrkLOlQzNp65In0 HTTP/1.1" 200 2
66.249.73.163 - - [21/Feb/2015:01:41:31 -0500] "GET /galeria/bibloteca/mycontentflow.css HTTP/1.1" 200 3110
66.249.73.171 - - [21/Feb/2015:01:41:32 -0500] "GET /galeria/bibloteca/ContentFlowAddOn_white.css HTTP/1.1" 200 3355
190.26.210.162 - - [21/Feb/2015:01:42:07 -0500] "GET / HTTP/1.1" 302 -
66.249.73.155 - - [21/Feb/2015:01:42:23 -0500] "GET /BLA/resoluciones/RESOLUCIONES%202014/0649.pdf HTTP/1.1" 304 -
190.66.108.8 - - [21/Feb/2015:01:42:28 -0500] "POST /forms/lservlet;jsessionid=ac16012b30d6dcd57794e9934df49194e056853b9b0d.e3iSbxaKaheRe3eNbhaPbhuQa41ynknvrkLOlQzNp65In0 HTTP/1.1" 200 2323
190.66.108.8 - - [21/Feb/2015:01:42:35 -0500] "POST /forms/lservlet;jsessionid=ac16012b30d6dcd57794e9934df49194e056853b9b0d.e3iSbxaKaheRe3eNbhaPbhuQa41ynknvrkLOlQzNp65In0 HTTP/1.1" 200 24
188.165.15.209 - - [21/Feb/2015:01:42:35 -0500] "GET /BLA/resoluciones/RESOLUCIONES%202005/RES%202005%202301-2350/00002311.tif HTTP/1.1" 200 151314
190.66.108.8 - - [21/Feb/2015:01:42:35 -0500] "POST /forms/lservlet;jsessionid=ac16012b30d6dcd57794e9934df49194e056853b9b0d.e3iSbxaKaheRe3eNbhaPbhuQa41ynknvrkLOlQzNp65In0 HTTP/1.1" 200 4747
190.66.108.8 - - [21/Feb/2015:01:42:35 -0500] "POST /forms/lservlet;jsessionid=ac16012b30d6dcd57794e9934df49194e056853b9b0d.e3iSbxaKaheRe3eNbhaPbhuQa41ynknvrkLOlQzNp65In0 HTTP/1.1" 200 2
190.66.108.8 - - [21/Feb/2015:01:42:38 -0500] "POST /forms/lservlet;jsessionid=ac16012b30d6dcd57794e9934df49194e056853b9b0d.e3iSbxaKaheRe3eNbhaPbhuQa41ynknvrkLOlQzNp65In0 HTTP/1.1" 200 2
190.66.108.8 - - [21/Feb/2015:01:42:38 -0500] "POST /forms/lservlet;jsessionid=ac16012b30d6dcd57794e9934df49194e056853b9b0d.e3iSbxaKaheRe3eNbhaPbhuQa41ynknvrkLOlQzNp65In0 HTTP/1.1" 200 14
190.66.108.8 - - [21/Feb/2015:01:42:39 -0500] "POST /forms/lservlet;jsessionid=ac16012b30d6dcd57794e9934df49194e056853b9b0d.e3iSbxaKaheRe3eNbhaPbhuQa41ynknvrkLOlQzNp65In0 HTTP/1.1" 200 131
190.66.108.8 - - [21/Feb/2015:01:42:39 -0500] "POST /forms/lservlet;jsessionid=ac16012b30d6dcd57794e9934df49194e056853b9b0d.e3iSbxaKaheRe3eNbhaPbhuQa41ynknvrkLOlQzNp65In0 HTTP/1.1" 200 2
190.66.108.8 - - [21/Feb/2015:01:42:40 -0500] "GET /reports/rwservlet/getjobid344279?server=rep_srvapsda HTTP/1.1" 200 111479
190.66.108.8 - - [21/Feb/2015:01:42:45 -0500] "POST /forms/lservlet;jsessionid=ac16012b30d6dcd57794e9934df49194e056853b9b0d.e3iSbxaKaheRe3eNbhaPbhuQa41ynknvrkLOlQzNp65In0 HTTP/1.1" 200 2
190.66.108.8 - - [21/Feb/2015:01:43:07 -0500] "POST /forms/lservlet;jsessionid=ac16012b30d6dcd57794e9934df49194e056853b9b0d.e3iSbxaKaheRe3eNbhaPbhuQa41ynknvrkLOlQzNp65In0 HTTP/1.1" 200 190
190.66.108.8 - - [21/Feb/2015:01:43:07 -0500] "GET /imagenes/listval.gif HTTP/1.1" 200 905
190.66.108.8 - - [21/Feb/2015:01:43:07 -0500] "POST /forms/lservlet;jsessionid=ac16012b30d6dcd57794e9934df49194e056853b9b0d.e3iSbxaKaheRe3eNbhaPbhuQa41ynknvrkLOlQzNp65In0 HTTP/1.1" 200 7
66.249.73.163 - - [21/Feb/2015:01:43:16 -0500] "GET /BLA/resoluciones/AUTOS%202007/3548.pdf HTTP/1.1" 200 216540
188.165.15.95 - - [21/Feb/2015:01:43:44 -0500] "GET /BLA/resoluciones/RESOLUCIONES%202002/RES%202002%20851-900/00000895.tif HTTP/1.1" 200 145656
188.165.15.55 - - [21/Feb/2015:01:44:01 -0500] "GET /BLA/resoluciones/RESOLUCIONES%202004/RES%202004%20651-700/00000691.tif HTTP/1.1" 200 183144
190.66.108.8 - - [21/Feb/2015:01:44:45 -0500] "POST /forms/lservlet;jsessionid=ac16012b30d6dcd57794e9934df49194e056853b9b0d.e3iSbxaKaheRe3eNbhaPbhuQa41ynknvrkLOlQzNp65In0 HTTP/1.1" 200 2
74.86.158.107 - - [21/Feb/2015:01:44:48 -0500] "HEAD / HTTP/1.1" 302 -
188.165.15.98 - - [21/Feb/2015:01:45:07 -0500] "GET /BLA/resoluciones/index.php?dir=RESOLUCIONES%202005/RES%202005%202001-2050/&sort=name&order=asc HTTP/1.1" 200 12358
190.26.210.162 - - [21/Feb/2015:01:45:25 -0500] "GET /BLA/boletinlegal/js/jquery.scrollShow.js HTTP/1.1" 200 4586
190.26.210.162 - - [21/Feb/2015:01:45:25 -0500] "GET /galeria/galeria/jquery.fancybox.js?v=2.1.5 HTTP/1.1" 200 48706
190.26.210.162 - - [21/Feb/2015:01:45:25 -0500] "GET /galeria/galeria/jquery.fancybox.css?v=2.1.5 HTTP/1.1" 200 4895
190.26.210.162 - - [21/Feb/2015:01:45:27 -0500] "GET /BLA/boletinlegal/js/jquery.scrollTo-min.js HTTP/1.1" 200 1150
66.249.73.163 - - [21/Feb/2015:01:45:30 -0500] "GET /BLA/resoluciones/RESOLUCIONES%202010/5315.pdf HTTP/1.1" 200 523877
66.249.73.163 - - [21/Feb/2015:01:45:43 -0500] "GET /BLA/resoluciones/RESOLUCIONES%202005/RES%202005%201951-2000/00001971.tif HTTP/1.1" 200 142168
207.46.13.137 - - [21/Feb/2015:01:45:48 -0500] "GET /p2001/2002.pdf HTTP/1.1" 404 1019
190.26.210.162 - - [21/Feb/2015:01:45:49 -0500] "GET /galeria/nivo-slider/demo/demo.html HTTP/1.1" 200 3975
190.26.210.162 - - [21/Feb/2015:01:45:49 -0500] "GET /galeria/carrusel/Carrusel/jquery.thumbnailScroller.css HTTP/1.1" 200 2066
190.26.210.162 - - [21/Feb/2015:01:45:49 -0500] "GET /galeria/carrusel/Carrusel/jquery-ui- HTTP/1.1" 404 1018
190.26.210.162 - - [21/Feb/2015:01:45:52 -0500] "GET /galeria/carrusel/Carrusel/jquery.thumbnailScroller.js HTTP/1.1" 200 8157
190.26.210.162 - - [21/Feb/2015:01:46:08 -0500] "GET /videos/Humedals2015WEB.flv HTTP/1.1" 200 16650865
66.249.73.171 - - [21/Feb/2015:01:46:21 -0500] "GET /Residuos/impresion/impresion.html HTTP/1.1" 404 1018
190.26.210.162 - - [21/Feb/2015:01:45:49 -0500] "GET /BLA/boletinlegal/index.php? HTTP/1.1" 200 42261
190.26.210.162 - - [21/Feb/2015:01:46:30 -0500] "GET /galeria/nivo-slider/demo/ HTTP/1.1" 200 2278
188.165.15.59 - - [21/Feb/2015:01:46:39 -0500] "GET /BLA/resoluciones/RESOLUCIONES%202004/RES%202004%201351-1400/00001365.tif HTTP/1.1" 200 96332
190.66.108.8 - - [21/Feb/2015:01:46:45 -0500] "POST /forms/lservlet;jsessionid=ac16012b30d6dcd57794e9934df49194e056853b9b0d.e3iSbxaKaheRe3eNbhaPbhuQa41ynknvrkLOlQzNp65In0 HTTP/1.1" 200 2
186.145.46.209 - - [21/Feb/2015:01:47:03 -0500] "GET /galeria/galeria/jquery.fancybox.css?v=2.1.5 HTTP/1.1" 200 4895
186.145.46.209 - - [21/Feb/2015:01:47:03 -0500] "GET /BLA/boletinlegal/js/jquery.scrollTo-min.js HTTP/1.1" 200 1150
186.145.46.209 - - [21/Feb/2015:01:47:03 -0500] "GET /galeria/galeria/jquery.fancybox.js?v=2.1.5 HTTP/1.1" 200 48706
186.145.46.209 - - [21/Feb/2015:01:47:03 -0500] "GET /BLA/boletinlegal/js/jquery.scrollShow.js HTTP/1.1" 200 4586
66.249.73.155 - - [21/Feb/2015:01:48:36 -0500] "GET /BLA/resoluciones/RESOLUCIONES%202007/RES%202007%202001%20AL%202100/RESOLUCION%202023%20DE%202007.pdf HTTP/1.1" 200 669895
190.66.108.8 - - [21/Feb/2015:01:48:45 -0500] "POST /forms/lservlet;jsessionid=ac16012b30d6dcd57794e9934df49194e056853b9b0d.e3iSbxaKaheRe3eNbhaPbhuQa41ynknvrkLOlQzNp65In0 HTTP/1.1" 200 2
74.86.158.107 - - [21/Feb/2015:01:49:48 -0500] "HEAD / HTTP/1.1" 302 -
180.76.4.52 - - [21/Feb/2015:01:50:14 -0500] "GET / HTTP/1.1" 302 -
188.165.15.209 - - [21/Feb/2015:01:50:37 -0500] "GET /BLA/resoluciones/index.php?dir=RESOLUCIONES%202005/RES%202005%201101-1150/&sort=date&order=asc HTTP/1.1" 200 12363
190.66.108.8 - - [21/Feb/2015:01:50:46 -0500] "POST /forms/lservlet;jsessionid=ac16012b30d6dcd57794e9934df49194e056853b9b0d.e3iSbxaKaheRe3eNbhaPbhuQa41ynknvrkLOlQzNp65In0 HTTP/1.1" 200 2
66.249.73.163 - - [21/Feb/2015:01:50:58 -0500] "GET /Autoliquidacion/TR%C3%81MITES%20AGUAS%20SUBTERR%C3%81NEAS/126PM04-PR91-CONCESI%C3%92N%20DE%20AGUAS%20SUBTERRANEAS/formulario%20solicitud_concesion_aguas_subterraneas%20RTF%5B1%5D.rtf HTTP/1.1" 200 244527
66.249.73.155 - - [21/Feb/2015:01:51:44 -0500] "GET /BLA/resoluciones/RESOLUCIONES%202011/1474.pdf HTTP/1.1" 200 70925
190.66.108.8 - - [21/Feb/2015:01:52:37 -0500] "POST /forms/lservlet;jsessionid=ac16012b30d6dcd57794e9934df49194e056853b9b0d.e3iSbxaKaheRe3eNbhaPbhuQa41ynknvrkLOlQzNp65In0 HTTP/1.1" 200 135
190.66.108.8 - - [21/Feb/2015:01:52:46 -0500] "POST /forms/lservlet;jsessionid=ac16012b30d6dcd57794e9934df49194e056853b9b0d.e3iSbxaKaheRe3eNbhaPbhuQa41ynknvrkLOlQzNp65In0 HTTP/1.1" 200 2
190.66.108.8 - - [21/Feb/2015:01:53:00 -0500] "POST /forms/lservlet;jsessionid=ac16012b30d6dcd57794e9934df49194e056853b9b0d.e3iSbxaKaheRe3eNbhaPbhuQa41ynknvrkLOlQzNp65In0 HTTP/1.1" 200 2014
190.66.108.8 - - [21/Feb/2015:01:53:01 -0500] "POST /forms/lservlet;jsessionid=ac16012b30d6dcd57794e9934df49194e056853b9b0d.e3iSbxaKaheRe3eNbhaPbhuQa41ynknvrkLOlQzNp65In0 HTTP/1.1" 200 78
190.66.108.8 - - [21/Feb/2015:01:53:04 -0500] "POST /forms/lservlet;jsessionid=ac16012b30d6dcd57794e9934df49194e056853b9b0d.e3iSbxaKaheRe3eNbhaPbhuQa41ynknvrkLOlQzNp65In0 HTTP/1.1" 200 34756
190.66.108.8 - - [21/Feb/2015:01:53:05 -0500] "GET /imagenes/listval.gif HTTP/1.1" 200 905
190.66.108.8 - - [21/Feb/2015:01:53:05 -0500] "POST /forms/lservlet;jsessionid=ac16012b30d6dcd57794e9934df49194e056853b9b0d.e3iSbxaKaheRe3eNbhaPbhuQa41ynknvrkLOlQzNp65In0 HTTP/1.1" 200 7
190.66.108.8 - - [21/Feb/2015:01:53:05 -0500] "POST /forms/lservlet;jsessionid=ac16012b30d6dcd57794e9934df49194e056853b9b0d.e3iSbxaKaheRe3eNbhaPbhuQa41ynknvrkLOlQzNp65In0 HTTP/1.1" 200 34
190.66.108.8 - - [21/Feb/2015:01:53:05 -0500] "POST /forms/lservlet;jsessionid=ac16012b30d6dcd57794e9934df49194e056853b9b0d.e3iSbxaKaheRe3eNbhaPbhuQa41ynknvrkLOlQzNp65In0 HTTP/1.1" 200 2
190.66.108.8 - - [21/Feb/2015:01:53:06 -0500] "POST /forms/lservlet;jsessionid=ac16012b30d6dcd57794e9934df49194e056853b9b0d.e3iSbxaKaheRe3eNbhaPbhuQa41ynknvrkLOlQzNp65In0 HTTP/1.1" 200 610
190.66.108.8 - - [21/Feb/2015:01:53:16 -0500] "POST /forms/lservlet;jsessionid=ac16012b30d6dcd57794e9934df49194e056853b9b0d.e3iSbxaKaheRe3eNbhaPbhuQa41ynknvrkLOlQzNp65In0 HTTP/1.1" 200 26
190.66.108.8 - - [21/Feb/2015:01:53:16 -0500] "POST /forms/lservlet;jsessionid=ac16012b30d6dcd57794e9934df49194e056853b9b0d.e3iSbxaKaheRe3eNbhaPbhuQa41ynknvrkLOlQzNp65In0 HTTP/1.1" 200 5036
190.66.108.8 - - [21/Feb/2015:01:53:17 -0500] "POST /forms/lservlet;jsessionid=ac16012b30d6dcd57794e9934df49194e056853b9b0d.e3iSbxaKaheRe3eNbhaPbhuQa41ynknvrkLOlQzNp65In0 HTTP/1.1" 200 2
190.66.108.8 - - [21/Feb/2015:01:53:21 -0500] "POST /forms/lservlet;jsessionid=ac16012b30d6dcd57794e9934df49194e056853b9b0d.e3iSbxaKaheRe3eNbhaPbhuQa41ynknvrkLOlQzNp65In0 HTTP/1.1" 200 10
190.66.108.8 - - [21/Feb/2015:01:53:22 -0500] "POST /forms/lservlet;jsessionid=ac16012b30d6dcd57794e9934df49194e056853b9b0d.e3iSbxaKaheRe3eNbhaPbhuQa41ynknvrkLOlQzNp65In0 HTTP/1.1" 200 194
190.66.108.8 - - [21/Feb/2015:01:53:22 -0500] "POST /forms/lservlet;jsessionid=ac16012b30d6dcd57794e9934df49194e056853b9b0d.e3iSbxaKaheRe3eNbhaPbhuQa41ynknvrkLOlQzNp65In0 HTTP/1.1" 200 69
190.66.108.8 - - [21/Feb/2015:01:53:22 -0500] "POST /forms/lservlet;jsessionid=ac16012b30d6dcd57794e9934df49194e056853b9b0d.e3iSbxaKaheRe3eNbhaPbhuQa41ynknvrkLOlQzNp65In0 HTTP/1.1" 200 18
190.66.108.8 - - [21/Feb/2015:01:53:22 -0500] "POST /forms/lservlet;jsessionid=ac16012b30d6dcd57794e9934df49194e056853b9b0d.e3iSbxaKaheRe3eNbhaPbhuQa41ynknvrkLOlQzNp65In0 HTTP/1.1" 200 40
190.66.108.8 - - [21/Feb/2015:01:53:23 -0500] "POST /forms/lservlet;jsessionid=ac16012b30d6dcd57794e9934df49194e056853b9b0d.e3iSbxaKaheRe3eNbhaPbhuQa41ynknvrkLOlQzNp65In0 HTTP/1.1" 200 2
190.66.108.8 - - [21/Feb/2015:01:53:29 -0500] "POST /forms/lservlet;jsessionid=ac16012b30d6dcd57794e9934df49194e056853b9b0d.e3iSbxaKaheRe3eNbhaPbhuQa41ynknvrkLOlQzNp65In0 HTTP/1.1" 200 115
190.66.108.8 - - [21/Feb/2015:01:53:32 -0500] "POST /forms/lservlet;jsessionid=ac16012b30d6dcd57794e9934df49194e056853b9b0d.e3iSbxaKaheRe3eNbhaPbhuQa41ynknvrkLOlQzNp65In0 HTTP/1.1" 200 98
190.66.108.8 - - [21/Feb/2015:01:53:32 -0500] "POST /forms/lservlet;jsessionid=ac16012b30d6dcd57794e9934df49194e056853b9b0d.e3iSbxaKaheRe3eNbhaPbhuQa41ynknvrkLOlQzNp65In0 HTTP/1.1" 200 2
190.66.108.8 - - [21/Feb/2015:01:53:32 -0500] "GET /imagenes/listval.gif HTTP/1.1" 200 905
190.66.108.8 - - [21/Feb/2015:01:53:36 -0500] "POST /forms/lservlet;jsessionid=ac16012b30d6dcd57794e9934df49194e056853b9b0d.e3iSbxaKaheRe3eNbhaPbhuQa41ynknvrkLOlQzNp65In0 HTTP/1.1" 200 49
189.196.79.239 - - [21/Feb/2015:01:53:39 -0500] "GET /BLA/boletinlegal/js/jquery.scrollShow.js HTTP/1.1" 200 4586
189.196.79.239 - - [21/Feb/2015:01:53:39 -0500] "GET /galeria/galeria/jquery.fancybox.css?v=2.1.5 HTTP/1.1" 200 4895
189.196.79.239 - - [21/Feb/2015:01:53:39 -0500] "GET /BLA/boletinlegal/js/jquery.scrollTo-min.js HTTP/1.1" 200 1150
189.196.79.239 - - [21/Feb/2015:01:53:39 -0500] "GET /galeria/galeria/jquery.fancybox.js?v=2.1.5 HTTP/1.1" 200 48706
189.196.79.239 - - [21/Feb/2015:01:53:51 -0500] "GET /videos/CRRFFS.mp4 HTTP/1.1" 200 286784363
190.66.108.8 - - [21/Feb/2015:01:54:46 -0500] "POST /forms/lservlet;jsessionid=ac16012b30d6dcd57794e9934df49194e056853b9b0d.e3iSbxaKaheRe3eNbhaPbhuQa41ynknvrkLOlQzNp65In0 HTTP/1.1" 200 2
74.86.158.107 - - [21/Feb/2015:01:54:48 -0500] "HEAD / HTTP/1.1" 302 -
66.249.73.163 - - [21/Feb/2015:01:54:49 -0500] "GET /BLA/resoluciones/RESOLUCIONES%202009/2252.pdf HTTP/1.1" 200 457109
66.249.73.163 - - [21/Feb/2015:01:54:50 -0500] "GET /BLA/resoluciones/AUTOS%202013/0632.pdf HTTP/1.1" 304 -
66.249.73.171 - - [21/Feb/2015:01:55:15 -0500] "GET /BLA/resoluciones/RESOLUCIONES%202014/3687.pdf HTTP/1.1" 304 -
188.165.15.14 - - [21/Feb/2015:01:55:42 -0500] "GET /BLA/resoluciones/index.php?dir=RESOLUCIONES%202006/RES%202006%20301-350/&sort=date&order=desc HTTP/1.1" 200 12248
190.66.108.8 - - [21/Feb/2015:01:56:46 -0500] "POST /forms/lservlet;jsessionid=ac16012b30d6dcd57794e9934df49194e056853b9b0d.e3iSbxaKaheRe3eNbhaPbhuQa41ynknvrkLOlQzNp65In0 HTTP/1.1" 200 2
66.249.73.163 - - [21/Feb/2015:01:56:48 -0500] "GET /BLA/resoluciones/AUTOS%202007/0464.pdf HTTP/1.1" 200 37992
66.249.73.171 - - [21/Feb/2015:01:57:55 -0500] "GET /BLA/resoluciones/RESOLUCIONES%202011/3951.pdf HTTP/1.1" 200 906037
190.66.108.8 - - [21/Feb/2015:01:58:47 -0500] "POST /forms/lservlet;jsessionid=ac16012b30d6dcd57794e9934df49194e056853b9b0d.e3iSbxaKaheRe3eNbhaPbhuQa41ynknvrkLOlQzNp65In0 HTTP/1.1" 200 2
188.165.15.55 - - [21/Feb/2015:01:59:15 -0500] "GET /BLA/resoluciones/index.php?dir=RESOLUCIONES%202005/RES%202005%201901-1950/&sort=name&order=asc HTTP/1.1" 200 12364
66.249.73.163 - - [21/Feb/2015:01:59:30 -0500] "GET /BLA/resoluciones/AUTOS%202013/2928.pdf HTTP/1.1" 304 -
180.76.6.63 - - [21/Feb/2015:01:59:32 -0500] "GET /BLA/boletinlegal;jsessionid=45EF9F61AA1101C7CC6C9EFE85F5B14A?/? HTTP/1.1" 404 1018
74.86.158.107 - - [21/Feb/2015:01:59:48 -0500] "HEAD / HTTP/1.1" 302 -
190.66.108.8 - - [21/Feb/2015:02:00:47 -0500] "POST /forms/lservlet;jsessionid=ac16012b30d6dcd57794e9934df49194e056853b9b0d.e3iSbxaKaheRe3eNbhaPbhuQa41ynknvrkLOlQzNp65In0 HTTP/1.1" 200 2
66.249.73.155 - - [21/Feb/2015:02:00:54 -0500] "GET /BLA/resoluciones/RESOLUCIONES%202010/6164.pdf HTTP/1.1" 200 1000122
66.249.73.163 - - [21/Feb/2015:02:01:08 -0500] "GET /BLA/resoluciones/RESOLUCIONES%202007/RES%202007%204101%20AL%204200/RESOLUCION%204147%20DE%202007.pdf HTTP/1.1" 200 48081
180.76.5.71 - - [21/Feb/2015:02:01:21 -0500] "GET /BLA/boletinlegal;jsessionid=6C9FAEC901B410A0117AAAEFB36E69E2?/? HTTP/1.1" 404 1018
200.106.172.153 - - [21/Feb/2015:02:01:27 -0500] "GET /BLA/boletinlegal/js/jquery.scrollShow.js HTTP/1.1" 200 4586
200.106.172.153 - - [21/Feb/2015:02:01:27 -0500] "GET /galeria/galeria/jquery.fancybox.js?v=2.1.5 HTTP/1.1" 200 48706
200.106.172.153 - - [21/Feb/2015:02:01:27 -0500] "GET /BLA/boletinlegal/js/jquery.scrollTo-min.js HTTP/1.1" 200 1150
200.106.172.153 - - [21/Feb/2015:02:01:27 -0500] "GET /galeria/galeria/jquery.fancybox.css?v=2.1.5 HTTP/1.1" 200 4895
178.162.193.35 - - [21/Feb/2015:02:01:29 -0500] "GET /BLA/resoluciones/RESOLUCIONES%202011/0868.pdf HTTP/1.0" 200 239277
188.165.15.108 - - [21/Feb/2015:02:01:35 -0500] "GET /BLA/resoluciones/RESOLUCIONES%202006/RES%202006%20%203001-3054/00003039.tif HTTP/1.1" 200 44276
188.165.15.98 - - [21/Feb/2015:02:01:38 -0500] "GET /BLA/resoluciones/RESOLUCIONES%202006/RES%202006%202001-2050/00002043.tif HTTP/1.1" 200 155338
66.249.73.171 - - [21/Feb/2015:02:01:53 -0500] "GET /BLA/resoluciones/Autos%202008/2882.pdf HTTP/1.1" 200 263626
190.66.108.8 - - [21/Feb/2015:02:02:47 -0500] "POST /forms/lservlet;jsessionid=ac16012b30d6dcd57794e9934df49194e056853b9b0d.e3iSbxaKaheRe3eNbhaPbhuQa41ynknvrkLOlQzNp65In0 HTTP/1.1" 200 2
66.249.73.171 - - [21/Feb/2015:02:04:07 -0500] "GET /BLA/resoluciones/RESOLUCIONES%202010/5720.pdf HTTP/1.1" 304 -
180.76.5.152 - - [21/Feb/2015:02:04:11 -0500] "GET /BLA/resoluciones/RESOLUCIONES%202007/RES%202007%201%20AL%20100/RESOLUCION%200009%20DE%202007.pdf HTTP/1.1" 200 24040
186.27.192.5 - - [21/Feb/2015:02:04:43 -0500] "GET /galeria/galeria/jquery.fancybox.css?v=2.1.5 HTTP/1.1" 200 4895
186.27.192.5 - - [21/Feb/2015:02:04:43 -0500] "GET /BLA/boletinlegal/js/jquery.scrollTo-min.js HTTP/1.1" 200 1150
186.27.192.5 - - [21/Feb/2015:02:04:43 -0500] "GET /BLA/boletinlegal/js/jquery.scrollShow.js HTTP/1.1" 200 4586
186.27.192.5 - - [21/Feb/2015:02:04:43 -0500] "GET /galeria/galeria/jquery.fancybox.js?v=2.1.5 HTTP/1.1" 200 48706
190.66.108.8 - - [21/Feb/2015:02:04:47 -0500] "POST /forms/lservlet;jsessionid=ac16012b30d6dcd57794e9934df49194e056853b9b0d.e3iSbxaKaheRe3eNbhaPbhuQa41ynknvrkLOlQzNp65In0 HTTP/1.1" 200 2
74.86.158.107 - - [21/Feb/2015:02:04:48 -0500] "HEAD / HTTP/1.1" 302 -
66.249.73.155 - - [21/Feb/2015:02:04:48 -0500] "GET /BLA/resoluciones/AUTOS%202006/AUTOS%202006%20101-200/00000124.tif HTTP/1.1" 200 65982
186.27.192.5 - - [21/Feb/2015:02:04:51 -0500] "GET /videos/Comadreja.flv HTTP/1.1" 200 1953549
188.165.15.97 - - [21/Feb/2015:02:04:58 -0500] "GET /BLA/resoluciones/RESOLUCIONES%202004/RES%202004%201251-1300/00001259.tif HTTP/1.1" 200 131820
180.76.6.46 - - [21/Feb/2015:02:05:05 -0500] "GET /BLA/boletinlegal;jsessionid=35BF6ECE84890612C82AF6450E96BB8F?/? HTTP/1.1" 404 1018
190.66.108.8 - - [21/Feb/2015:02:06:47 -0500] "POST /forms/lservlet;jsessionid=ac16012b30d6dcd57794e9934df49194e056853b9b0d.e3iSbxaKaheRe3eNbhaPbhuQa41ynknvrkLOlQzNp65In0 HTTP/1.1" 200 2
66.249.73.163 - - [21/Feb/2015:02:07:14 -0500] "GET /BLA/resoluciones/AUTOS%202013/0854.pdf HTTP/1.1" 200 1650332
188.165.15.79 - - [21/Feb/2015:02:07:33 -0500] "GET /BLA/resoluciones/RESOLUCIONES%202003/RES%202003%20001-050/2003RES35.tif HTTP/1.1" 200 155084
188.165.15.119 - - [21/Feb/2015:02:07:51 -0500] "GET /BLA/resoluciones/RESOLUCIONES%202003/RES%202003%201701-1750/20031726.tif HTTP/1.1" 200 577532
180.76.5.197 - - [21/Feb/2015:02:08:11 -0500] "GET /BLA/boletinlegal;jsessionid=12E25B87D9F35A39FB322AC50C9D5CC5?/? HTTP/1.1" 404 1018
66.249.73.171 - - [21/Feb/2015:02:08:31 -0500] "GET /resoluciones/RESOLUCIONES%202009/7642.pdf HTTP/1.1" 404 1018
190.66.108.8 - - [21/Feb/2015:02:08:48 -0500] "POST /forms/lservlet;jsessionid=ac16012b30d6dcd57794e9934df49194e056853b9b0d.e3iSbxaKaheRe3eNbhaPbhuQa41ynknvrkLOlQzNp65In0 HTTP/1.1" 200 2
180.76.5.63 - - [21/Feb/2015:02:09:06 -0500] "GET /BLA/boletinlegal;jsessionid=32F9762A161CB6D78A9ACFCF146D1D46?/? HTTP/1.1" 404 1018
74.86.158.107 - - [21/Feb/2015:02:09:48 -0500] "HEAD / HTTP/1.1" 302 -
188.165.15.108 - - [21/Feb/2015:02:10:08 -0500] "GET /BLA/resoluciones/RESOLUCIONES%202006/RES%202006%20601-650/00000630.tif HTTP/1.1" 200 404184
66.249.73.155 - - [21/Feb/2015:02:10:21 -0500] "GET /BLA/resoluciones/RESOLUCIONES%202014/0433.pdf HTTP/1.1" 200 826794
190.66.108.8 - - [21/Feb/2015:02:10:48 -0500] "POST /forms/lservlet;jsessionid=ac16012b30d6dcd57794e9934df49194e056853b9b0d.e3iSbxaKaheRe3eNbhaPbhuQa41ynknvrkLOlQzNp65In0 HTTP/1.1" 200 2
66.249.73.171 - - [21/Feb/2015:02:10:58 -0500] "GET /BLA/resoluciones/AUTOS%202007/3400.pdf HTTP/1.1" 200 195299
188.165.15.209 - - [21/Feb/2015:02:12:02 -0500] "GET /BLA/resoluciones/index.php?dir=RESOLUCIONES%202005/&sort=name&order=desc HTTP/1.1" 200 24430
190.66.108.8 - - [21/Feb/2015:02:12:48 -0500] "POST /forms/lservlet;jsessionid=ac16012b30d6dcd57794e9934df49194e056853b9b0d.e3iSbxaKaheRe3eNbhaPbhuQa41ynknvrkLOlQzNp65In0 HTTP/1.1" 200 2
66.249.73.171 - - [21/Feb/2015:02:13:26 -0500] "GET /BLA/resoluciones/RESOLUCIONES%202012/0634.pdf HTTP/1.1" 304 -
188.165.15.55 - - [21/Feb/2015:02:13:55 -0500] "GET /BLA/resoluciones/RESOLUCIONES%202005/RES%202005%202751-2800/00002761.tif HTTP/1.1" 200 51838
188.165.15.209 - - [21/Feb/2015:02:13:59 -0500] "GET /BLA/resoluciones/RESOLUCIONES%202003/RES%202003%201851--1900/20031875.tif HTTP/1.1" 200 160594
66.249.73.163 - - [21/Feb/2015:02:14:31 -0500] "GET /BLA/resoluciones/RESOLUCIONES%202002/RES%202002%20751-800/2002RES769.tif HTTP/1.1" 200 85018
74.86.158.107 - - [21/Feb/2015:02:14:48 -0500] "HEAD / HTTP/1.1" 302 -
190.66.108.8 - - [21/Feb/2015:02:14:49 -0500] "POST /forms/lservlet;jsessionid=ac16012b30d6dcd57794e9934df49194e056853b9b0d.e3iSbxaKaheRe3eNbhaPbhuQa41ynknvrkLOlQzNp65In0 HTTP/1.1" 200 2
190.66.108.8 - - [21/Feb/2015:02:15:15 -0500] "POST /forms/lservlet;jsessionid=ac16012b30d6dcd57794e9934df49194e056853b9b0d.e3iSbxaKaheRe3eNbhaPbhuQa41ynknvrkLOlQzNp65In0 HTTP/1.1" 200 252
190.66.108.8 - - [21/Feb/2015:02:15:15 -0500] "POST /forms/lservlet;jsessionid=ac16012b30d6dcd57794e9934df49194e056853b9b0d.e3iSbxaKaheRe3eNbhaPbhuQa41ynknvrkLOlQzNp65In0 HTTP/1.1" 200 2
190.66.108.8 - - [21/Feb/2015:02:15:17 -0500] "POST /forms/lservlet;jsessionid=ac16012b30d6dcd57794e9934df49194e056853b9b0d.e3iSbxaKaheRe3eNbhaPbhuQa41ynknvrkLOlQzNp65In0 HTTP/1.1" 200 219
190.66.108.8 - - [21/Feb/2015:02:15:17 -0500] "POST /forms/lservlet;jsessionid=ac16012b30d6dcd57794e9934df49194e056853b9b0d.e3iSbxaKaheRe3eNbhaPbhuQa41ynknvrkLOlQzNp65In0 HTTP/1.1" 200 2027
190.66.108.8 - - [21/Feb/2015:02:15:18 -0500] "POST /forms/lservlet;jsessionid=ac16012b30d6dcd57794e9934df49194e056853b9b0d.e3iSbxaKaheRe3eNbhaPbhuQa41ynknvrkLOlQzNp65In0 HTTP/1.1" 200 78
190.66.108.8 - - [21/Feb/2015:02:15:23 -0500] "POST /forms/lservlet;jsessionid=ac16012b30d6dcd57794e9934df49194e056853b9b0d.e3iSbxaKaheRe3eNbhaPbhuQa41ynknvrkLOlQzNp65In0 HTTP/1.1" 200 34756
190.66.108.8 - - [21/Feb/2015:02:15:23 -0500] "GET /imagenes/listval.gif HTTP/1.1" 200 905
190.66.108.8 - - [21/Feb/2015:02:15:24 -0500] "POST /forms/lservlet;jsessionid=ac16012b30d6dcd57794e9934df49194e056853b9b0d.e3iSbxaKaheRe3eNbhaPbhuQa41ynknvrkLOlQzNp65In0 HTTP/1.1" 200 7
190.66.108.8 - - [21/Feb/2015:02:15:24 -0500] "POST /forms/lservlet;jsessionid=ac16012b30d6dcd57794e9934df49194e056853b9b0d.e3iSbxaKaheRe3eNbhaPbhuQa41ynknvrkLOlQzNp65In0 HTTP/1.1" 200 34
190.66.108.8 - - [21/Feb/2015:02:15:24 -0500] "POST /forms/lservlet;jsessionid=ac16012b30d6dcd57794e9934df49194e056853b9b0d.e3iSbxaKaheRe3eNbhaPbhuQa41ynknvrkLOlQzNp65In0 HTTP/1.1" 200 2
180.76.6.41 - - [21/Feb/2015:02:15:24 -0500] "GET /BLA/boletinlegal;jsessionid=A3645848B142E6D97EB012ACA04C4CCC?/? HTTP/1.1" 404 1018
190.66.108.8 - - [21/Feb/2015:02:15:24 -0500] "POST /forms/lservlet;jsessionid=ac16012b30d6dcd57794e9934df49194e056853b9b0d.e3iSbxaKaheRe3eNbhaPbhuQa41ynknvrkLOlQzNp65In0 HTTP/1.1" 200 610
190.66.108.8 - - [21/Feb/2015:02:15:31 -0500] "POST /forms/lservlet;jsessionid=ac16012b30d6dcd57794e9934df49194e056853b9b0d.e3iSbxaKaheRe3eNbhaPbhuQa41ynknvrkLOlQzNp65In0 HTTP/1.1" 200 26
190.66.108.8 - - [21/Feb/2015:02:15:32 -0500] "POST /forms/lservlet;jsessionid=ac16012b30d6dcd57794e9934df49194e056853b9b0d.e3iSbxaKaheRe3eNbhaPbhuQa41ynknvrkLOlQzNp65In0 HTTP/1.1" 200 4760
190.66.108.8 - - [21/Feb/2015:02:15:33 -0500] "POST /forms/lservlet;jsessionid=ac16012b30d6dcd57794e9934df49194e056853b9b0d.e3iSbxaKaheRe3eNbhaPbhuQa41ynknvrkLOlQzNp65In0 HTTP/1.1" 200 2
190.66.108.8 - - [21/Feb/2015:02:15:38 -0500] "POST /forms/lservlet;jsessionid=ac16012b30d6dcd57794e9934df49194e056853b9b0d.e3iSbxaKaheRe3eNbhaPbhuQa41ynknvrkLOlQzNp65In0 HTTP/1.1" 200 10
190.66.108.8 - - [21/Feb/2015:02:15:38 -0500] "POST /forms/lservlet;jsessionid=ac16012b30d6dcd57794e9934df49194e056853b9b0d.e3iSbxaKaheRe3eNbhaPbhuQa41ynknvrkLOlQzNp65In0 HTTP/1.1" 200 194
190.66.108.8 - - [21/Feb/2015:02:15:38 -0500] "POST /forms/lservlet;jsessionid=ac16012b30d6dcd57794e9934df49194e056853b9b0d.e3iSbxaKaheRe3eNbhaPbhuQa41ynknvrkLOlQzNp65In0 HTTP/1.1" 200 69
190.66.108.8 - - [21/Feb/2015:02:15:38 -0500] "POST /forms/lservlet;jsessionid=ac16012b30d6dcd57794e9934df49194e056853b9b0d.e3iSbxaKaheRe3eNbhaPbhuQa41ynknvrkLOlQzNp65In0 HTTP/1.1" 200 18
190.66.108.8 - - [21/Feb/2015:02:15:38 -0500] "POST /forms/lservlet;jsessionid=ac16012b30d6dcd57794e9934df49194e056853b9b0d.e3iSbxaKaheRe3eNbhaPbhuQa41ynknvrkLOlQzNp65In0 HTTP/1.1" 200 40
190.66.108.8 - - [21/Feb/2015:02:15:39 -0500] "POST /forms/lservlet;jsessionid=ac16012b30d6dcd57794e9934df49194e056853b9b0d.e3iSbxaKaheRe3eNbhaPbhuQa41ynknvrkLOlQzNp65In0 HTTP/1.1" 200 2
190.66.108.8 - - [21/Feb/2015:02:15:40 -0500] "POST /forms/lservlet;jsessionid=ac16012b30d6dcd57794e9934df49194e056853b9b0d.e3iSbxaKaheRe3eNbhaPbhuQa41ynknvrkLOlQzNp65In0 HTTP/1.1" 200 115
190.66.108.8 - - [21/Feb/2015:02:15:42 -0500] "POST /forms/lservlet;jsessionid=ac16012b30d6dcd57794e9934df49194e056853b9b0d.e3iSbxaKaheRe3eNbhaPbhuQa41ynknvrkLOlQzNp65In0 HTTP/1.1" 200 172
190.66.108.8 - - [21/Feb/2015:02:15:42 -0500] "GET /imagenes/listval.gif HTTP/1.1" 200 905
190.66.108.8 - - [21/Feb/2015:02:15:42 -0500] "POST /forms/lservlet;jsessionid=ac16012b30d6dcd57794e9934df49194e056853b9b0d.e3iSbxaKaheRe3eNbhaPbhuQa41ynknvrkLOlQzNp65In0 HTTP/1.1" 200 7
190.66.108.8 - - [21/Feb/2015:02:15:46 -0500] "POST /forms/lservlet;jsessionid=ac16012b30d6dcd57794e9934df49194e056853b9b0d.e3iSbxaKaheRe3eNbhaPbhuQa41ynknvrkLOlQzNp65In0 HTTP/1.1" 200 89
190.66.108.8 - - [21/Feb/2015:02:15:46 -0500] "POST /forms/lservlet;jsessionid=ac16012b30d6dcd57794e9934df49194e056853b9b0d.e3iSbxaKaheRe3eNbhaPbhuQa41ynknvrkLOlQzNp65In0 HTTP/1.1" 200 2
190.66.108.8 - - [21/Feb/2015:02:15:46 -0500] "GET /imagenes/listval.gif HTTP/1.1" 200 905
190.66.108.8 - - [21/Feb/2015:02:15:48 -0500] "POST /forms/lservlet;jsessionid=ac16012b30d6dcd57794e9934df49194e056853b9b0d.e3iSbxaKaheRe3eNbhaPbhuQa41ynknvrkLOlQzNp65In0 HTTP/1.1" 200 142
190.66.108.8 - - [21/Feb/2015:02:15:48 -0500] "POST /forms/lservlet;jsessionid=ac16012b30d6dcd57794e9934df49194e056853b9b0d.e3iSbxaKaheRe3eNbhaPbhuQa41ynknvrkLOlQzNp65In0 HTTP/1.1" 200 7
190.66.108.8 - - [21/Feb/2015:02:15:49 -0500] "POST /forms/lservlet;jsessionid=ac16012b30d6dcd57794e9934df49194e056853b9b0d.e3iSbxaKaheRe3eNbhaPbhuQa41ynknvrkLOlQzNp65In0 HTTP/1.1" 200 167
190.66.108.8 - - [21/Feb/2015:02:15:49 -0500] "GET /imagenes/listval.gif HTTP/1.1" 200 905
190.66.108.8 - - [21/Feb/2015:02:15:49 -0500] "POST /forms/lservlet;jsessionid=ac16012b30d6dcd57794e9934df49194e056853b9b0d.e3iSbxaKaheRe3eNbhaPbhuQa41ynknvrkLOlQzNp65In0 HTTP/1.1" 200 11
190.66.108.8 - - [21/Feb/2015:02:15:50 -0500] "POST /forms/lservlet;jsessionid=ac16012b30d6dcd57794e9934df49194e056853b9b0d.e3iSbxaKaheRe3eNbhaPbhuQa41ynknvrkLOlQzNp65In0 HTTP/1.1" 200 138
190.66.108.8 - - [21/Feb/2015:02:15:50 -0500] "POST /forms/lservlet;jsessionid=ac16012b30d6dcd57794e9934df49194e056853b9b0d.e3iSbxaKaheRe3eNbhaPbhuQa41ynknvrkLOlQzNp65In0 HTTP/1.1" 200 7
190.66.108.8 - - [21/Feb/2015:02:16:01 -0500] "POST /forms/lservlet;jsessionid=ac16012b30d6dcd57794e9934df49194e056853b9b0d.e3iSbxaKaheRe3eNbhaPbhuQa41ynknvrkLOlQzNp65In0 HTTP/1.1" 200 126
190.66.108.8 - - [21/Feb/2015:02:16:06 -0500] "POST /forms/lservlet;jsessionid=ac16012b30d6dcd57794e9934df49194e056853b9b0d.e3iSbxaKaheRe3eNbhaPbhuQa41ynknvrkLOlQzNp65In0 HTTP/1.1" 200 53
190.66.108.8 - - [21/Feb/2015:02:16:07 -0500] "POST /forms/lservlet;jsessionid=ac16012b30d6dcd57794e9934df49194e056853b9b0d.e3iSbxaKaheRe3eNbhaPbhuQa41ynknvrkLOlQzNp65In0 HTTP/1.1" 200 10
190.66.108.8 - - [21/Feb/2015:02:16:09 -0500] "POST /forms/lservlet;jsessionid=ac16012b30d6dcd57794e9934df49194e056853b9b0d.e3iSbxaKaheRe3eNbhaPbhuQa41ynknvrkLOlQzNp65In0 HTTP/1.1" 200 24
190.66.108.8 - - [21/Feb/2015:02:16:11 -0500] "POST /forms/lservlet;jsessionid=ac16012b30d6dcd57794e9934df49194e056853b9b0d.e3iSbxaKaheRe3eNbhaPbhuQa41ynknvrkLOlQzNp65In0 HTTP/1.1" 200 22
190.66.108.8 - - [21/Feb/2015:02:16:26 -0500] "POST /forms/lservlet;jsessionid=ac16012b30d6dcd57794e9934df49194e056853b9b0d.e3iSbxaKaheRe3eNbhaPbhuQa41ynknvrkLOlQzNp65In0 HTTP/1.1" 200 2
190.66.108.8 - - [21/Feb/2015:02:16:26 -0500] "POST /forms/lservlet;jsessionid=ac16012b30d6dcd57794e9934df49194e056853b9b0d.e3iSbxaKaheRe3eNbhaPbhuQa41ynknvrkLOlQzNp65In0 HTTP/1.1" 200 76
190.66.108.8 - - [21/Feb/2015:02:16:27 -0500] "POST /forms/lservlet;jsessionid=ac16012b30d6dcd57794e9934df49194e056853b9b0d.e3iSbxaKaheRe3eNbhaPbhuQa41ynknvrkLOlQzNp65In0 HTTP/1.1" 200 2
190.66.108.8 - - [21/Feb/2015:02:16:27 -0500] "POST /forms/lservlet;jsessionid=ac16012b30d6dcd57794e9934df49194e056853b9b0d.e3iSbxaKaheRe3eNbhaPbhuQa41ynknvrkLOlQzNp65In0 HTTP/1.1" 200 2
190.66.108.8 - - [21/Feb/2015:02:16:28 -0500] "POST /forms/lservlet;jsessionid=ac16012b30d6dcd57794e9934df49194e056853b9b0d.e3iSbxaKaheRe3eNbhaPbhuQa41ynknvrkLOlQzNp65In0 HTTP/1.1" 200 11
190.66.108.8 - - [21/Feb/2015:02:16:29 -0500] "POST /forms/lservlet;jsessionid=ac16012b30d6dcd57794e9934df49194e056853b9b0d.e3iSbxaKaheRe3eNbhaPbhuQa41ynknvrkLOlQzNp65In0 HTTP/1.1" 200 2014
190.66.108.8 - - [21/Feb/2015:02:16:30 -0500] "POST /forms/lservlet;jsessionid=ac16012b30d6dcd57794e9934df49194e056853b9b0d.e3iSbxaKaheRe3eNbhaPbhuQa41ynknvrkLOlQzNp65In0 HTTP/1.1" 200 78
190.66.108.8 - - [21/Feb/2015:02:16:33 -0500] "POST /forms/lservlet;jsessionid=ac16012b30d6dcd57794e9934df49194e056853b9b0d.e3iSbxaKaheRe3eNbhaPbhuQa41ynknvrkLOlQzNp65In0 HTTP/1.1" 200 34756
66.249.73.155 - - [21/Feb/2015:02:16:33 -0500] "GET /BLA/resoluciones/RESOLUCIONES%202012/0771.pdf HTTP/1.1" 200 396079
190.66.108.8 - - [21/Feb/2015:02:16:34 -0500] "GET /imagenes/listval.gif HTTP/1.1" 200 905
190.66.108.8 - - [21/Feb/2015:02:16:34 -0500] "POST /forms/lservlet;jsessionid=ac16012b30d6dcd57794e9934df49194e056853b9b0d.e3iSbxaKaheRe3eNbhaPbhuQa41ynknvrkLOlQzNp65In0 HTTP/1.1" 200 7
190.66.108.8 - - [21/Feb/2015:02:16:34 -0500] "POST /forms/lservlet;jsessionid=ac16012b30d6dcd57794e9934df49194e056853b9b0d.e3iSbxaKaheRe3eNbhaPbhuQa41ynknvrkLOlQzNp65In0 HTTP/1.1" 200 34
190.66.108.8 - - [21/Feb/2015:02:16:34 -0500] "POST /forms/lservlet;jsessionid=ac16012b30d6dcd57794e9934df49194e056853b9b0d.e3iSbxaKaheRe3eNbhaPbhuQa41ynknvrkLOlQzNp65In0 HTTP/1.1" 200 2
190.66.108.8 - - [21/Feb/2015:02:16:34 -0500] "POST /forms/lservlet;jsessionid=ac16012b30d6dcd57794e9934df49194e056853b9b0d.e3iSbxaKaheRe3eNbhaPbhuQa41ynknvrkLOlQzNp65In0 HTTP/1.1" 200 610
178.162.193.35 - - [21/Feb/2015:02:16:35 -0500] "GET /BLA/resoluciones/RESOLUCIONES%202011/5532.pdf HTTP/1.0" 200 750034
190.66.108.8 - - [21/Feb/2015:02:16:43 -0500] "POST /forms/lservlet;jsessionid=ac16012b30d6dcd57794e9934df49194e056853b9b0d.e3iSbxaKaheRe3eNbhaPbhuQa41ynknvrkLOlQzNp65In0 HTTP/1.1" 200 26
190.66.108.8 - - [21/Feb/2015:02:16:44 -0500] "POST /forms/lservlet;jsessionid=ac16012b30d6dcd57794e9934df49194e056853b9b0d.e3iSbxaKaheRe3eNbhaPbhuQa41ynknvrkLOlQzNp65In0 HTTP/1.1" 200 4760
190.66.108.8 - - [21/Feb/2015:02:16:44 -0500] "POST /forms/lservlet;jsessionid=ac16012b30d6dcd57794e9934df49194e056853b9b0d.e3iSbxaKaheRe3eNbhaPbhuQa41ynknvrkLOlQzNp65In0 HTTP/1.1" 200 2
190.66.108.8 - - [21/Feb/2015:02:16:47 -0500] "POST /forms/lservlet;jsessionid=ac16012b30d6dcd57794e9934df49194e056853b9b0d.e3iSbxaKaheRe3eNbhaPbhuQa41ynknvrkLOlQzNp65In0 HTTP/1.1" 200 2
190.66.108.8 - - [21/Feb/2015:02:16:47 -0500] "POST /forms/lservlet;jsessionid=ac16012b30d6dcd57794e9934df49194e056853b9b0d.e3iSbxaKaheRe3eNbhaPbhuQa41ynknvrkLOlQzNp65In0 HTTP/1.1" 200 14
190.66.108.8 - - [21/Feb/2015:02:16:49 -0500] "POST /forms/lservlet;jsessionid=ac16012b30d6dcd57794e9934df49194e056853b9b0d.e3iSbxaKaheRe3eNbhaPbhuQa41ynknvrkLOlQzNp65In0 HTTP/1.1" 200 14
190.66.108.8 - - [21/Feb/2015:02:16:50 -0500] "POST /forms/lservlet;jsessionid=ac16012b30d6dcd57794e9934df49194e056853b9b0d.e3iSbxaKaheRe3eNbhaPbhuQa41ynknvrkLOlQzNp65In0 HTTP/1.1" 200 133
190.66.108.8 - - [21/Feb/2015:02:16:51 -0500] "POST /forms/lservlet;jsessionid=ac16012b30d6dcd57794e9934df49194e056853b9b0d.e3iSbxaKaheRe3eNbhaPbhuQa41ynknvrkLOlQzNp65In0 HTTP/1.1" 200 2
190.66.108.8 - - [21/Feb/2015:02:16:52 -0500] "GET /reports/rwservlet/getjobid344280?server=rep_srvapsda HTTP/1.1" 200 60878
190.66.108.8 - - [21/Feb/2015:02:17:02 -0500] "POST /forms/lservlet;jsessionid=ac16012b30d6dcd57794e9934df49194e056853b9b0d.e3iSbxaKaheRe3eNbhaPbhuQa41ynknvrkLOlQzNp65In0 HTTP/1.1" 200 2
190.66.108.8 - - [21/Feb/2015:02:17:02 -0500] "POST /forms/lservlet;jsessionid=ac16012b30d6dcd57794e9934df49194e056853b9b0d.e3iSbxaKaheRe3eNbhaPbhuQa41ynknvrkLOlQzNp65In0 HTTP/1.1" 200 14
190.66.108.8 - - [21/Feb/2015:02:17:03 -0500] "POST /forms/lservlet;jsessionid=ac16012b30d6dcd57794e9934df49194e056853b9b0d.e3iSbxaKaheRe3eNbhaPbhuQa41ynknvrkLOlQzNp65In0 HTTP/1.1" 200 14
190.66.108.8 - - [21/Feb/2015:02:17:04 -0500] "POST /forms/lservlet;jsessionid=ac16012b30d6dcd57794e9934df49194e056853b9b0d.e3iSbxaKaheRe3eNbhaPbhuQa41ynknvrkLOlQzNp65In0 HTTP/1.1" 200 14
216.113.84.53 - - [21/Feb/2015:02:17:05 -0500] "GET /BLA/resoluciones/AUTOS%202010/5368.pdf HTTP/1.1" 200 1431909
190.66.108.8 - - [21/Feb/2015:02:17:06 -0500] "POST /forms/lservlet;jsessionid=ac16012b30d6dcd57794e9934df49194e056853b9b0d.e3iSbxaKaheRe3eNbhaPbhuQa41ynknvrkLOlQzNp65In0 HTTP/1.1" 200 118
190.66.108.8 - - [21/Feb/2015:02:17:06 -0500] "POST /forms/lservlet;jsessionid=ac16012b30d6dcd57794e9934df49194e056853b9b0d.e3iSbxaKaheRe3eNbhaPbhuQa41ynknvrkLOlQzNp65In0 HTTP/1.1" 200 2
190.66.108.8 - - [21/Feb/2015:02:17:07 -0500] "GET /reports/rwservlet/getjobid344281?server=rep_srvapsda HTTP/1.1" 200 60083
180.76.5.146 - - [21/Feb/2015:02:17:13 -0500] "GET /BLA/boletinlegal;jsessionid=28D042AC038C0BC21769BD69B969FCC5?/? HTTP/1.1" 404 1018
66.249.73.155 - - [21/Feb/2015:02:17:18 -0500] "GET /BLA/resoluciones/RESOLUCIONES%202007/RES%202007%20601%20AL%20700/RESOLUCION%200622%20DE%202007.pdf HTTP/1.1" 200 125205
188.165.15.55 - - [21/Feb/2015:02:18:11 -0500] "GET /BLA/resoluciones/RESOLUCIONES%202003/RES%202003%20601-650/645.tif HTTP/1.1" 200 69204
186.113.10.143 - - [21/Feb/2015:02:18:29 -0500] "GET /galeria/galeria/jquery.fancybox.js?v=2.1.5 HTTP/1.1" 304 -
190.66.108.8 - - [21/Feb/2015:02:18:49 -0500] "POST /forms/lservlet;jsessionid=ac16012b30d6dcd57794e9934df49194e056853b9b0d.e3iSbxaKaheRe3eNbhaPbhuQa41ynknvrkLOlQzNp65In0 HTTP/1.1" 200 2
188.165.15.108 - - [21/Feb/2015:02:18:52 -0500] "GET /BLA/resoluciones/RESOLUCIONES%202005/RES%202005%202751-2800/00002767.tif HTTP/1.1" 200 83512
74.86.158.107 - - [21/Feb/2015:02:19:48 -0500] "HEAD / HTTP/1.1" 302 -
188.165.15.108 - - [21/Feb/2015:02:20:15 -0500] "GET /BLA/resoluciones/RESOLUCIONES%202003/RES%202003%20951-1000/951.tif HTTP/1.1" 200 237916
66.249.73.163 - - [21/Feb/2015:02:20:16 -0500] "GET /resoluciones/RESOLUCIONES%202007/RES%202007%203101%20AL%203200/RESOLUCION%203194%20DE%202007.pdf HTTP/1.1" 404 1018
190.66.108.8 - - [21/Feb/2015:02:20:49 -0500] "POST /forms/lservlet;jsessionid=ac16012b30d6dcd57794e9934df49194e056853b9b0d.e3iSbxaKaheRe3eNbhaPbhuQa41ynknvrkLOlQzNp65In0 HTTP/1.1" 200 2
66.249.73.163 - - [21/Feb/2015:02:22:43 -0500] "GET /BLA/resoluciones/RESOLUCIONES%202010/6978.pdf HTTP/1.1" 200 249946
66.249.73.155 - - [21/Feb/2015:02:22:45 -0500] "GET /BLA/resoluciones/AUTOS%202009/3287.pdf HTTP/1.1" 200 94363
190.66.108.8 - - [21/Feb/2015:02:22:49 -0500] "POST /forms/lservlet;jsessionid=ac16012b30d6dcd57794e9934df49194e056853b9b0d.e3iSbxaKaheRe3eNbhaPbhuQa41ynknvrkLOlQzNp65In0 HTTP/1.1" 200 2
188.165.15.108 - - [21/Feb/2015:02:23:07 -0500] "GET /BLA/resoluciones/RESOLUCIONES%202005/RES%202005%20151-200/00000187.tif HTTP/1.1" 200 151988
74.86.158.107 - - [21/Feb/2015:02:24:48 -0500] "HEAD / HTTP/1.1" 302 -
190.66.108.8 - - [21/Feb/2015:02:24:49 -0500] "POST /forms/lservlet;jsessionid=ac16012b30d6dcd57794e9934df49194e056853b9b0d.e3iSbxaKaheRe3eNbhaPbhuQa41ynknvrkLOlQzNp65In0 HTTP/1.1" 200 2
178.162.193.35 - - [21/Feb/2015:02:24:52 -0500] "GET /BLA/resoluciones/RESOLUCIONES%202008/2453.pdf HTTP/1.0" 200 499883
123.125.71.79 - - [21/Feb/2015:02:25:37 -0500] "GET /BLA/resoluciones/RESOLUCIONES%202010/2555.pdf HTTP/1.1" 200 539945
66.249.73.171 - - [21/Feb/2015:02:25:49 -0500] "GET /BLA/resoluciones/RESOLUCIONES%202010/1413.pdf HTTP/1.1" 200 2025111
66.249.73.171 - - [21/Feb/2015:02:25:53 -0500] "GET /BLA/resoluciones/RESOLUCIONES%202008/4029.pdf HTTP/1.1" 200 316984
188.165.15.98 - - [21/Feb/2015:02:26:36 -0500] "GET /BLA/resoluciones/RESOLUCIONES%202004/RES%202004%201751-1800/00001794.tif HTTP/1.1" 200 82570
180.76.5.168 - - [21/Feb/2015:02:26:42 -0500] "GET /Autoliquidacion/index.php?dir=Fauna+Silvestre%2F HTTP/1.1" 200 3502
190.66.108.8 - - [21/Feb/2015:02:26:50 -0500] "POST /forms/lservlet;jsessionid=ac16012b30d6dcd57794e9934df49194e056853b9b0d.e3iSbxaKaheRe3eNbhaPbhuQa41ynknvrkLOlQzNp65In0 HTTP/1.1" 200 2
107.23.45.196 - - [21/Feb/2015:02:27:21 -0500] "GET / HTTP/1.1" 302 -
188.165.15.79 - - [21/Feb/2015:02:27:28 -0500] "GET /BLA/resoluciones/RESOLUCIONES%202005/RES%202005%20651-700/00000694.tif HTTP/1.1" 200 41186
186.85.11.16 - - [21/Feb/2015:02:27:28 -0500] "GET /galeria/galeria/jquery.fancybox.css?v=2.1.5 HTTP/1.1" 200 4895
186.85.11.16 - - [21/Feb/2015:02:27:28 -0500] "GET /BLA/boletinlegal/js/jquery.scrollTo-min.js HTTP/1.1" 200 1150
186.85.11.16 - - [21/Feb/2015:02:27:28 -0500] "GET /galeria/galeria/jquery.fancybox.js?v=2.1.5 HTTP/1.1" 200 48706
186.85.11.16 - - [21/Feb/2015:02:27:28 -0500] "GET /BLA/boletinlegal/js/jquery.scrollShow.js HTTP/1.1" 200 4586
190.66.108.8 - - [21/Feb/2015:02:28:50 -0500] "POST /forms/lservlet;jsessionid=ac16012b30d6dcd57794e9934df49194e056853b9b0d.e3iSbxaKaheRe3eNbhaPbhuQa41ynknvrkLOlQzNp65In0 HTTP/1.1" 200 2
66.249.73.171 - - [21/Feb/2015:02:28:59 -0500] "GET /BLA/resoluciones/RESOLUCIONES%202007/RES%202007%202001%20AL%202100/RESOLUCION%202055%20DE%202007.pdf HTTP/1.1" 200 326055
74.86.158.107 - - [21/Feb/2015:02:29:48 -0500] "HEAD / HTTP/1.1" 302 -
188.165.15.61 - - [21/Feb/2015:02:30:01 -0500] "GET /BLA/resoluciones/RESOLUCIONES%202005/RES%202005%20601-650/00000606.tif HTTP/1.1" 200 270166
190.66.108.8 - - [21/Feb/2015:02:30:50 -0500] "POST /forms/lservlet;jsessionid=ac16012b30d6dcd57794e9934df49194e056853b9b0d.e3iSbxaKaheRe3eNbhaPbhuQa41ynknvrkLOlQzNp65In0 HTTP/1.1" 200 2
188.165.15.97 - - [21/Feb/2015:02:31:40 -0500] "GET /BLA/resoluciones/RESOLUCIONES%202005/00001084.tif HTTP/1.1" 200 52930
66.249.73.163 - - [21/Feb/2015:02:32:05 -0500] "GET /BLA/resoluciones/RESOLUCIONES%202009/9245.pdf HTTP/1.1" 200 500385
188.165.15.108 - - [21/Feb/2015:02:32:31 -0500] "GET /BLA/resoluciones/RESOLUCIONES%202005/RES%202005%201551-1600/00001563.tif HTTP/1.1" 200 216066
188.165.15.98 - - [21/Feb/2015:02:32:33 -0500] "GET /BLA/resoluciones/RESOLUCIONES%202005/RES%202005%202751-2800/00002772.tif HTTP/1.1" 200 160608
190.66.108.8 - - [21/Feb/2015:02:32:50 -0500] "POST /forms/lservlet;jsessionid=ac16012b30d6dcd57794e9934df49194e056853b9b0d.e3iSbxaKaheRe3eNbhaPbhuQa41ynknvrkLOlQzNp65In0 HTTP/1.1" 200 2
180.76.5.25 - - [21/Feb/2015:02:33:35 -0500] "GET /BLA/boletinlegal;jsessionid=EB66CECAD1597CB9440C62F07553A4D9?/? HTTP/1.1" 404 1018
66.249.73.171 - - [21/Feb/2015:02:33:36 -0500] "GET /BLA/resoluciones/AUTOS%202006/AUTOS%202006%20101-200/00000140.tif HTTP/1.1" 200 50332
87.98.217.58 - - [21/Feb/2015:02:33:42 -0500] "GET /BLA/resoluciones/RESOLUCIONES HTTP/1.0" 404 1148
87.98.217.58 - - [21/Feb/2015:02:33:42 -0500] "GET /BLA/resoluciones/RESOLUCIONES HTTP/1.0" 404 1148
87.98.217.58 - - [21/Feb/2015:02:33:43 -0500] "GET /BLA/resoluciones/RESOLUCIONES HTTP/1.0" 404 1148
87.98.217.58 - - [21/Feb/2015:02:33:43 -0500] "GET /BLA/resoluciones/RESOLUCIONES HTTP/1.0" 404 1148
66.249.73.163 - - [21/Feb/2015:02:33:50 -0500] "GET /BLA/resoluciones/RESOLUCIONES%202011/1932.pdf HTTP/1.1" 304 -
74.86.158.107 - - [21/Feb/2015:02:34:48 -0500] "HEAD / HTTP/1.1" 302 -
190.66.108.8 - - [21/Feb/2015:02:34:50 -0500] "POST /forms/lservlet;jsessionid=ac16012b30d6dcd57794e9934df49194e056853b9b0d.e3iSbxaKaheRe3eNbhaPbhuQa41ynknvrkLOlQzNp65In0 HTTP/1.1" 200 2
220.181.108.145 - - [21/Feb/2015:02:35:07 -0500] "GET /BLA/boletinlegal/js/jquery.scrollTo-min.js HTTP/1.1" 200 1150
220.181.108.144 - - [21/Feb/2015:02:35:10 -0500] "GET /BLA/boletinlegal/js/jquery.scrollShow.js HTTP/1.1" 200 4586
66.249.73.171 - - [21/Feb/2015:02:35:11 -0500] "GET /BLA/resoluciones/RESOLUCIONES%202009/8641.pdf HTTP/1.1" 200 314177
220.181.108.79 - - [21/Feb/2015:02:35:12 -0500] "GET /galeria/galeria/jquery.fancybox.js?v=2.1.5 HTTP/1.1" 200 48706
220.181.108.151 - - [21/Feb/2015:02:35:14 -0500] "GET /galeria/galeria/jquery.fancybox.css?v=2.1.5 HTTP/1.1" 200 4895
157.55.39.157 - - [21/Feb/2015:02:35:29 -0500] "GET /galeria/nivo-slider/demo/demo.html HTTP/1.1" 200 3975
180.76.5.63 - - [21/Feb/2015:02:35:48 -0500] "GET /BLA/boletinlegal;jsessionid=4194C3F70736BF1AD5F33002C8A100CF?/? HTTP/1.1" 404 1018
220.181.108.80 - - [21/Feb/2015:02:36:09 -0500] "GET / HTTP/1.1" 302 -
123.125.71.102 - - [21/Feb/2015:02:36:10 -0500] "GET / HTTP/1.1" 302 -
190.66.108.8 - - [21/Feb/2015:02:36:51 -0500] "POST /forms/lservlet;jsessionid=ac16012b30d6dcd57794e9934df49194e056853b9b0d.e3iSbxaKaheRe3eNbhaPbhuQa41ynknvrkLOlQzNp65In0 HTTP/1.1" 200 2
188.165.15.59 - - [21/Feb/2015:02:37:06 -0500] "GET /BLA/resoluciones/RESOLUCIONES%202006/RES%202006%202351-2400/00002384.tif HTTP/1.1" 200 112854
190.25.232.143 - - [21/Feb/2015:02:37:39 -0500] "GET /galeria/nivo-slider/demo/images/Biotaxis-Man.jpg HTTP/1.1" 304 -
188.165.15.61 - - [21/Feb/2015:02:38:17 -0500] "GET /BLA/resoluciones/RESOLUCIONES%202004/RES%202004%201251-1300/00001283.tif HTTP/1.1" 200 348170
66.249.73.163 - - [21/Feb/2015:02:38:18 -0500] "GET /BLA/resoluciones/RESOLUCIONES%202011/5013.pdf HTTP/1.1" 200 1733503
66.249.73.171 - - [21/Feb/2015:02:38:39 -0500] "GET /videos/galeria-cronicas/skin/circle.skin/ HTTP/1.1" 200 2124
190.66.108.8 - - [21/Feb/2015:02:38:51 -0500] "POST /forms/lservlet;jsessionid=ac16012b30d6dcd57794e9934df49194e056853b9b0d.e3iSbxaKaheRe3eNbhaPbhuQa41ynknvrkLOlQzNp65In0 HTTP/1.1" 200 2
180.76.6.130 - - [21/Feb/2015:02:39:00 -0500] "GET /BLA/boletinlegal;jsessionid=2385BB60DE301CA80339F97CB585758E?/? HTTP/1.1" 404 1018
188.165.15.119 - - [21/Feb/2015:02:39:09 -0500] "GET /BLA/resoluciones/RESOLUCIONES%202004/RES%202004%20451-500/00000465.tif HTTP/1.1" 200 55128
207.46.13.61 - - [21/Feb/2015:02:39:10 -0500] "GET /galeria/galeria/jquery.fancybox.js?v=2.1.5 HTTP/1.1" 200 48706
74.86.158.107 - - [21/Feb/2015:02:39:48 -0500] "HEAD / HTTP/1.1" 302 -
180.76.6.66 - - [21/Feb/2015:02:39:54 -0500] "GET /BLA/boletinlegal;jsessionid=9033409554FAE62455BDAEA82A6A3533?/? HTTP/1.1" 404 1018
178.162.193.35 - - [21/Feb/2015:02:40:38 -0500] "GET /BLA/resoluciones/AUTOS%202009/1831.pdf HTTP/1.0" 200 123577
190.66.108.8 - - [21/Feb/2015:02:40:51 -0500] "POST /forms/lservlet;jsessionid=ac16012b30d6dcd57794e9934df49194e056853b9b0d.e3iSbxaKaheRe3eNbhaPbhuQa41ynknvrkLOlQzNp65In0 HTTP/1.1" 200 2
104.152.52.75 - - [21/Feb/2015:02:40:54 -0500] "GET / HTTP/1.0" 302 -
66.249.73.171 - - [21/Feb/2015:02:41:25 -0500] "GET /BLA/resoluciones/RESOLUCIONES%202010/6819.pdf HTTP/1.1" 200 642138
186.28.139.25 - - [21/Feb/2015:02:41:56 -0500] "GET /BLA/resoluciones/AUTOS%202011/1904.pdf HTTP/1.1" 200 208358
66.249.73.171 - - [21/Feb/2015:02:42:39 -0500] "GET /BLA/resoluciones/RESOLUCIONES%202007/RES%202007%202501%20AL%202600/RESOLUCION%202563%20DE%202007.pdf HTTP/1.1" 200 733367
190.66.108.8 - - [21/Feb/2015:02:42:51 -0500] "POST /forms/lservlet;jsessionid=ac16012b30d6dcd57794e9934df49194e056853b9b0d.e3iSbxaKaheRe3eNbhaPbhuQa41ynknvrkLOlQzNp65In0 HTTP/1.1" 200 2
186.154.248.138 - - [21/Feb/2015:02:43:03 -0500] "GET /galeria/galeria/jquery.fancybox.css?v=2.1.5 HTTP/1.1" 200 4895
186.154.248.138 - - [21/Feb/2015:02:43:03 -0500] "GET /galeria/carrusel/Carrusel/jquery.thumbnailScroller.css HTTP/1.1" 200 2066
186.154.248.138 - - [21/Feb/2015:02:43:03 -0500] "GET /BLA/boletinlegal/js/jquery.scrollTo-min.js HTTP/1.1" 200 1150
186.154.248.138 - - [21/Feb/2015:02:43:03 -0500] "GET /BLA/boletinlegal/js/jquery.scrollShow.js HTTP/1.1" 200 4586
186.154.248.138 - - [21/Feb/2015:02:43:03 -0500] "GET /galeria/galeria/jquery.fancybox.js?v=2.1.5 HTTP/1.1" 200 48706
186.154.248.138 - - [21/Feb/2015:02:43:03 -0500] "GET /galeria/carrusel/Carrusel/jquery-ui-1.8.13.custom.min.js HTTP/1.1" 200 10800
186.154.248.138 - - [21/Feb/2015:02:43:03 -0500] "GET /galeria/carrusel/Carrusel/jquery.thumbnailScroller.js HTTP/1.1" 200 8157
186.154.248.138 - - [21/Feb/2015:02:43:04 -0500] "GET /galeria/nivo-slider/demo/demo.html HTTP/1.1" 200 3975
186.154.248.138 - - [21/Feb/2015:02:43:04 -0500] "GET /galeria/nivo-slider/themes/pascal/pascal.css HTTP/1.1" 200 2258
186.154.248.138 - - [21/Feb/2015:02:43:04 -0500] "GET /galeria/nivo-slider/demo/images/Banner-Directorio.jpg HTTP/1.1" 200 182068
186.154.248.138 - - [21/Feb/2015:02:43:04 -0500] "GET /galeria/nivo-slider/themes/orman/orman.css HTTP/1.1" 200 2152
186.154.248.138 - - [21/Feb/2015:02:43:04 -0500] "GET /galeria/nivo-slider/themes/default/default.css HTTP/1.1" 200 1569
186.154.248.138 - - [21/Feb/2015:02:43:04 -0500] "GET /galeria/nivo-slider/demo/style.css HTTP/1.1" 200 2222
186.154.248.138 - - [21/Feb/2015:02:43:04 -0500] "GET /galeria/nivo-slider/nivo-slider.css HTTP/1.1" 200 1507
186.154.248.138 - - [21/Feb/2015:02:43:04 -0500] "GET /galeria/nivo-slider/demo/scripts/jquery-1.7.1.min.js HTTP/1.1" 200 93868
186.154.248.138 - - [21/Feb/2015:02:43:04 -0500] "GET /galeria/nivo-slider/jquery.nivo.slider.pack.js HTTP/1.1" 200 11561
186.154.248.138 - - [21/Feb/2015:02:43:04 -0500] "GET /galeria/nivo-slider/demo/images/BFebrero-mes-de-los-humedales.jpg HTTP/1.1" 200 320179
186.154.248.138 - - [21/Feb/2015:02:43:05 -0500] "GET /galeria/nivo-slider/demo/images/4Simple_Slider.png HTTP/1.1" 200 11722
186.154.248.138 - - [21/Feb/2015:02:43:05 -0500] "GET /galeria/nivo-slider/themes/default/loading.gif HTTP/1.1" 200 1737
186.154.248.138 - - [21/Feb/2015:02:43:05 -0500] "GET /galeria/nivo-slider/demo/images/Banner_SEGAE.jpg HTTP/1.1" 200 169523
186.154.248.138 - - [21/Feb/2015:02:43:05 -0500] "GET /galeria/nivo-slider/demo/images/bolsas-08.jpg HTTP/1.1" 200 85589
186.154.248.138 - - [21/Feb/2015:02:43:05 -0500] "GET /galeria/nivo-slider/demo/images/banner-V2.jpg HTTP/1.1" 200 167020
186.154.248.138 - - [21/Feb/2015:02:43:05 -0500] "GET /galeria/nivo-slider/demo/images/Ruta-vertimientos-01.jpg HTTP/1.1" 200 130151
186.154.248.138 - - [21/Feb/2015:02:43:05 -0500] "GET /galeria/nivo-slider/demo/images/bolsas-06.jpg HTTP/1.1" 200 90982
186.154.248.138 - - [21/Feb/2015:02:43:05 -0500] "GET /galeria/nivo-slider/demo/images/ecolecta-Dic2014.png HTTP/1.1" 200 288593
186.154.248.138 - - [21/Feb/2015:02:43:06 -0500] "GET /galeria/nivo-slider/demo/images/porloshumedales.jpg HTTP/1.1" 200 351238
186.154.248.138 - - [21/Feb/2015:02:43:06 -0500] "GET /galeria/nivo-slider/demo/images/Tingua-azul.jpg HTTP/1.1" 200 307638
186.154.248.138 - - [21/Feb/2015:02:43:06 -0500] "GET /galeria/nivo-slider/demo/images/Banner-Caracol-Africano.jpg HTTP/1.1" 200 331986
186.154.248.138 - - [21/Feb/2015:02:43:06 -0500] "GET /galeria/nivo-slider/demo/images/redes_sociales.jpg HTTP/1.1" 200 415652
186.154.248.138 - - [21/Feb/2015:02:43:06 -0500] "GET /galeria/nivo-slider/demo/images/9Signos.jpg HTTP/1.1" 200 93040
186.154.248.138 - - [21/Feb/2015:02:43:06 -0500] "GET /galeria/nivo-slider/demo/images/banner-llantas2.jpg HTTP/1.1" 200 73153
186.154.248.138 - - [21/Feb/2015:02:43:07 -0500] "GET /galeria/nivo-slider/demo/images/banner-caballos.png HTTP/1.1" 200 389106
186.154.248.138 - - [21/Feb/2015:02:43:08 -0500] "GET /galeria/nivo-slider/themes/default/arrows.png HTTP/1.1" 200 824
186.154.248.138 - - [21/Feb/2015:02:43:08 -0500] "GET /galeria/nivo-slider/themes/default/bullets.png HTTP/1.1" 200 1281
186.154.248.138 - - [21/Feb/2015:02:43:10 -0500] "GET /videos/Humedals2015WEB.flv HTTP/1.1" 200 16650865
66.249.73.171 - - [21/Feb/2015:02:43:19 -0500] "GET /BLA/resoluciones/RESOLUCIONES%202002/RES%202002%201901-1950/20021917.tif HTTP/1.1" 200 112930
66.249.73.163 - - [21/Feb/2015:02:43:20 -0500] "GET /BLA/boletinlegal/js/jquery.scrollShow.js HTTP/1.1" 200 4586
