!C99Shell v. 1.0 pre-release build #13!

Software: Apache. PHP/5.5.15 

uname -a: Windows NT SVR-DMZ 6.1 build 7600 (Windows Server 2008 R2 Enterprise Edition) i586 

SYSTEM 

Safe-mode: OFF (not secure)

E:\nuevo\apache\logs\   drwxrwxrwx
Free 8.02 GB of 239.26 GB (3.35%)
Detected drives: [ a ] [ c ] [ d ] [ e ] [ f ]
Home    Back    Forward    UPDIR    Refresh    Search    Buffer    Encoder    Tools    Proc.    FTP brute    Sec.    SQL    PHP-code    Update    Feedback    Self remove    Logout    


Viewing file:     access.2015.02.28.log (3.82 MB)      -rw-rw-rw-
Select action/file-type:
(+) | (+) | (+) | Code (+) | Session (+) | (+) | SDB (+) | (+) | (+) | (+) | (+) | (+) |
66.249.67.68 - - [28/Feb/2015:00:00:05 -0500] "GET /BLA/resoluciones/RESOLUCIONES%202013/0654.pdf HTTP/1.1" 304 -
66.249.67.68 - - [28/Feb/2015:00:00:10 -0500] "GET /BLA/resoluciones/RESOLUCIONES%202008/2105.pdf HTTP/1.1" 200 145624
74.86.158.107 - - [28/Feb/2015:00:00:21 -0500] "HEAD / HTTP/1.1" 302 -
66.249.67.76 - - [28/Feb/2015:00:00:47 -0500] "GET /BLA/resoluciones/RESOLUCIONES%202008/4677.pdf HTTP/1.1" 200 490669
174.99.113.40 - - [28/Feb/2015:00:00:55 -0500] "GET /BLA/boletinlegal/js/jquery.scrollTo-min.js HTTP/1.1" 200 1150
174.99.113.40 - - [28/Feb/2015:00:00:55 -0500] "GET /galeria/galeria/jquery.fancybox.js?v=2.1.5 HTTP/1.1" 200 48706
174.99.113.40 - - [28/Feb/2015:00:00:55 -0500] "GET /galeria/galeria/jquery.fancybox.css?v=2.1.5 HTTP/1.1" 200 4895
174.99.113.40 - - [28/Feb/2015:00:00:55 -0500] "GET /BLA/boletinlegal/js/jquery.scrollShow.js HTTP/1.1" 200 4586
180.76.6.134 - - [28/Feb/2015:00:01:04 -0500] "GET /BLA/boletinlegal;jsessionid=60DB233988AE64D5C269AB007ABC0955?/? HTTP/1.1" 404 1018
181.61.237.22 - - [27/Feb/2015:23:55:05 -0500] "GET /ForestMSG_SDA/channelAsync/template_word_17606017?X-Atmosphere-tracking-id=1f09f667-12cb-d904-5ce3-373eca329cae&X-Atmosphere-Framework=1.0.5&X-Atmosphere-Transport=long-polling&tabid=0.6039477523881942&X-Cache-Date=0&Content-Type=application/xml&_=1425099494373 HTTP/1.1" 200 8193
186.154.94.72 - - [28/Feb/2015:00:01:08 -0500] "GET /Residuos/vehiculos/vehiculos.html HTTP/1.1" 404 1324
186.154.94.72 - - [28/Feb/2015:00:01:09 -0500] "GET /favicon.ico HTTP/1.1" 200 7782
186.154.94.72 - - [28/Feb/2015:00:01:13 -0500] "GET /Residuos/vehiculos/vehiculos.html HTTP/1.1" 404 1324
186.154.94.72 - - [28/Feb/2015:00:01:17 -0500] "GET /Residuos/maderas/maderas.html HTTP/1.1" 404 1324
66.249.67.76 - - [28/Feb/2015:00:01:26 -0500] "GET /BLA/resoluciones/AUTOS%202007/0788.pdf HTTP/1.1" 200 75589
180.76.5.151 - - [28/Feb/2015:00:01:43 -0500] "GET /BLA/boletinlegal;jsessionid=E6A6BAB78314087989F3535888DC4E26?/? HTTP/1.1" 404 1018
66.249.67.84 - - [28/Feb/2015:00:02:02 -0500] "GET /BLA/resoluciones/RESOLUCIONES%202009/2708.pdf HTTP/1.1" 200 1028713
174.99.113.40 - - [28/Feb/2015:00:02:17 -0500] "GET /galeria/galeria/jquery.fancybox.js?v=2.1.5 HTTP/1.1" 304 -
174.99.113.40 - - [28/Feb/2015:00:02:17 -0500] "GET /galeria/galeria/jquery.fancybox.css?v=2.1.5 HTTP/1.1" 304 -
66.249.67.76 - - [28/Feb/2015:00:02:38 -0500] "GET /BLA/resoluciones/AUTOS%202008/0506.pdf HTTP/1.1" 200 68832
66.249.67.120 - - [28/Feb/2015:00:02:42 -0500] "GET /BLA/ HTTP/1.1" 200 538
190.240.211.243 - - [28/Feb/2015:00:02:49 -0500] "GET /BLA/boletinlegal/js/jquery.scrollTo-min.js HTTP/1.1" 200 1150
190.240.211.243 - - [28/Feb/2015:00:02:49 -0500] "GET /galeria/galeria/jquery.fancybox.css?v=2.1.5 HTTP/1.1" 200 4895
190.240.211.243 - - [28/Feb/2015:00:02:49 -0500] "GET /BLA/boletinlegal/js/jquery.scrollShow.js HTTP/1.1" 200 4586
190.240.211.243 - - [28/Feb/2015:00:02:49 -0500] "GET /galeria/galeria/jquery.fancybox.js?v=2.1.5 HTTP/1.1" 200 48706
66.249.67.68 - - [28/Feb/2015:00:03:03 -0500] "GET /BLA/resoluciones/RESOLUCIONES%202005/RES%202005%20301-351/00000312.tif HTTP/1.1" 200 179794
66.249.67.84 - - [28/Feb/2015:00:03:11 -0500] "GET /BLA/resoluciones/RESOLUCIONES%202007/RES%202007%201401%20AL%201500/RESOLUCION%201405%20DE%202007.pdf HTTP/1.1" 304 -
66.249.67.68 - - [28/Feb/2015:00:03:15 -0500] "GET /BLA/resoluciones/AUTOS%202007/2491.pdf HTTP/1.1" 200 65639
190.9.194.170 - - [28/Feb/2015:00:03:19 -0500] "GET /BLA/boletinlegal/js/jquery.scrollTo-min.js HTTP/1.1" 200 1150
190.9.194.170 - - [28/Feb/2015:00:03:19 -0500] "GET /BLA/boletinlegal/js/jquery.scrollShow.js HTTP/1.1" 200 4586
190.9.194.170 - - [28/Feb/2015:00:03:19 -0500] "GET /galeria/galeria/jquery.fancybox.js?v=2.1.5 HTTP/1.1" 200 48706
190.9.194.170 - - [28/Feb/2015:00:03:20 -0500] "GET /galeria/galeria/jquery.fancybox.css?v=2.1.5 HTTP/1.1" 200 4895
66.249.67.84 - - [28/Feb/2015:00:03:52 -0500] "GET /BLA/resoluciones/RESOLUCIONES%202009/1104.pdf HTTP/1.1" 200 291030
181.61.237.22 - - [28/Feb/2015:00:04:06 -0500] "GET /forest/session.jsp?a=0.538336334284395 HTTP/1.1" 200 4
198.245.49.180 - - [28/Feb/2015:00:04:09 -0500] "GET /robots.txt HTTP/1.0" 404 1019
198.245.49.180 - - [28/Feb/2015:00:04:11 -0500] "GET /galeria/galeria/ HTTP/1.0" 200 3181
198.245.49.180 - - [28/Feb/2015:00:04:13 -0500] "GET /galeria/mapa2/ HTTP/1.0" 200 5108
66.249.67.84 - - [28/Feb/2015:00:04:29 -0500] "GET /BLA/resoluciones/RESOLUCIONES%202009/9144.pdf HTTP/1.1" 200 412356
188.165.15.223 - - [28/Feb/2015:00:04:31 -0500] "GET /BLA/resoluciones/RESOLUCIONES%202002/RES%202002%2051-100/2002RES86.tif HTTP/1.1" 200 90098
186.147.70.145 - - [28/Feb/2015:00:04:39 -0500] "GET /BLA/boletinlegal/js/jquery.scrollTo-min.js HTTP/1.1" 200 1150
186.147.70.145 - - [28/Feb/2015:00:04:39 -0500] "GET /BLA/boletinlegal/js/jquery.scrollShow.js HTTP/1.1" 200 4586
186.147.70.145 - - [28/Feb/2015:00:04:39 -0500] "GET /galeria/galeria/jquery.fancybox.css?v=2.1.5 HTTP/1.1" 200 4895
186.147.70.145 - - [28/Feb/2015:00:04:39 -0500] "GET /galeria/galeria/jquery.fancybox.js?v=2.1.5 HTTP/1.1" 200 48706
180.76.6.51 - - [28/Feb/2015:00:04:42 -0500] "GET /BLA/boletinlegal;jsessionid=FDEE298B10361DB8991B9B09CC7F0B9E?/? HTTP/1.1" 404 1018
186.81.173.187 - - [28/Feb/2015:00:04:52 -0500] "GET /BLA/boletinlegal/js/jquery.scrollShow.js HTTP/1.1" 200 4586
186.81.173.187 - - [28/Feb/2015:00:04:52 -0500] "GET /galeria/galeria/jquery.fancybox.css?v=2.1.5 HTTP/1.1" 200 4895
186.81.173.187 - - [28/Feb/2015:00:04:52 -0500] "GET /BLA/boletinlegal/js/jquery.scrollTo-min.js HTTP/1.1" 200 1150
186.81.173.187 - - [28/Feb/2015:00:04:52 -0500] "GET /galeria/galeria/jquery.fancybox.js?v=2.1.5 HTTP/1.1" 200 48706
190.159.146.144 - - [28/Feb/2015:00:04:56 -0500] "GET /BLA/boletinlegal/js/jquery.scrollShow.js HTTP/1.1" 200 4586
190.159.146.144 - - [28/Feb/2015:00:04:56 -0500] "GET /galeria/galeria/jquery.fancybox.js?v=2.1.5 HTTP/1.1" 200 48706
190.159.146.144 - - [28/Feb/2015:00:04:56 -0500] "GET /BLA/boletinlegal/js/jquery.scrollTo-min.js HTTP/1.1" 200 1150
190.159.146.144 - - [28/Feb/2015:00:04:56 -0500] "GET /galeria/carrusel/Carrusel/jquery.thumbnailScroller.css HTTP/1.1" 200 2066
190.159.146.144 - - [28/Feb/2015:00:04:56 -0500] "GET /galeria/galeria/jquery.fancybox.css?v=2.1.5 HTTP/1.1" 200 4895
190.159.146.144 - - [28/Feb/2015:00:04:56 -0500] "GET /galeria/carrusel/Carrusel/jquery-ui-1.8.13.custom.min.js HTTP/1.1" 200 10800
190.159.146.144 - - [28/Feb/2015:00:04:58 -0500] "GET /galeria/carrusel/Carrusel/jquery.thumbnailScroller.js HTTP/1.1" 200 8157
190.159.146.144 - - [28/Feb/2015:00:05:02 -0500] "GET /galeria/nivo-slider/demo/demo.html HTTP/1.1" 200 4191
66.249.67.76 - - [28/Feb/2015:00:05:06 -0500] "GET /BLA/resoluciones/RESOLUCIONES%202010/5055.pdf HTTP/1.1" 200 763139
190.159.146.144 - - [28/Feb/2015:00:05:11 -0500] "GET /galeria/nivo-slider/themes/default/default.css HTTP/1.1" 200 1569
190.159.146.144 - - [28/Feb/2015:00:05:11 -0500] "GET /galeria/nivo-slider/themes/orman/orman.css HTTP/1.1" 200 2152
190.159.146.144 - - [28/Feb/2015:00:05:11 -0500] "GET /galeria/nivo-slider/demo/style.css HTTP/1.1" 200 2222
190.159.146.144 - - [28/Feb/2015:00:05:11 -0500] "GET /galeria/nivo-slider/themes/pascal/pascal.css HTTP/1.1" 200 2258
190.159.146.144 - - [28/Feb/2015:00:05:11 -0500] "GET /galeria/nivo-slider/nivo-slider.css HTTP/1.1" 200 1507
190.159.146.144 - - [28/Feb/2015:00:05:11 -0500] "GET /galeria/nivo-slider/demo/scripts/jquery-1.7.1.min.js HTTP/1.1" 200 93868
190.159.146.144 - - [28/Feb/2015:00:05:11 -0500] "GET /galeria/nivo-slider/jquery.nivo.slider.pack.js HTTP/1.1" 200 11561
190.159.146.144 - - [28/Feb/2015:00:05:11 -0500] "GET /galeria/nivo-slider/demo/images/Banner-decreto1299.jpg HTTP/1.1" 200 182613
190.159.146.144 - - [28/Feb/2015:00:05:11 -0500] "GET /galeria/nivo-slider/demo/images/Banner-Directorio.jpg HTTP/1.1" 200 182068
190.159.146.144 - - [28/Feb/2015:00:05:11 -0500] "GET /galeria/nivo-slider/demo/images/BFebrero-mes-de-los-humedales.jpg HTTP/1.1" 200 320179
190.159.146.144 - - [28/Feb/2015:00:05:11 -0500] "GET /galeria/nivo-slider/demo/images/Banner_SEGAE.jpg HTTP/1.1" 200 169523
190.159.146.144 - - [28/Feb/2015:00:05:13 -0500] "GET /galeria/nivo-slider/demo/images/banner-V2.jpg HTTP/1.1" 200 167020
190.159.146.144 - - [28/Feb/2015:00:05:13 -0500] "GET /galeria/nivo-slider/demo/images/bolsas-08.jpg HTTP/1.1" 200 85589
190.159.146.144 - - [28/Feb/2015:00:05:14 -0500] "GET /galeria/nivo-slider/demo/images/4Simple_Slider.png HTTP/1.1" 200 11722
190.159.146.144 - - [28/Feb/2015:00:05:14 -0500] "GET /galeria/nivo-slider/themes/default/loading.gif HTTP/1.1" 200 1737
190.159.146.144 - - [28/Feb/2015:00:05:14 -0500] "GET /galeria/nivo-slider/demo/images/Ruta-vertimientos-01.jpg HTTP/1.1" 200 130151
190.159.146.144 - - [28/Feb/2015:00:05:14 -0500] "GET /galeria/nivo-slider/demo/images/bolsas-06.jpg HTTP/1.1" 200 90982
190.159.146.144 - - [28/Feb/2015:00:05:14 -0500] "GET /galeria/nivo-slider/demo/images/ecolecta-Dic2014.png HTTP/1.1" 200 288593
66.249.67.76 - - [28/Feb/2015:00:05:15 -0500] "GET /BLA/resoluciones/RESOLUCIONES%202003/RES%202003%20951-1000/984.tif HTTP/1.1" 200 185936
190.159.146.144 - - [28/Feb/2015:00:05:15 -0500] "GET /galeria/nivo-slider/demo/images/porloshumedales.jpg HTTP/1.1" 200 351238
190.159.146.144 - - [28/Feb/2015:00:05:16 -0500] "GET /galeria/nivo-slider/demo/images/Tingua-azul.jpg HTTP/1.1" 200 307638
190.159.146.144 - - [28/Feb/2015:00:05:16 -0500] "GET /galeria/nivo-slider/demo/images/Banner-Caracol-Africano.jpg HTTP/1.1" 200 331986
190.159.146.144 - - [28/Feb/2015:00:05:16 -0500] "GET /galeria/nivo-slider/demo/images/redes_sociales.jpg HTTP/1.1" 200 415652
190.159.146.144 - - [28/Feb/2015:00:05:16 -0500] "GET /galeria/nivo-slider/demo/images/9Signos.jpg HTTP/1.1" 200 93040
66.249.67.84 - - [28/Feb/2015:00:05:16 -0500] "GET /BLA/resoluciones/RESOLUCIONES%202006/RES%202006%202601-2650/00002607.tif HTTP/1.1" 200 72860
190.159.146.144 - - [28/Feb/2015:00:05:17 -0500] "GET /galeria/nivo-slider/demo/images/banner-llantas2.jpg HTTP/1.1" 200 73153
190.159.146.144 - - [28/Feb/2015:00:05:17 -0500] "GET /galeria/nivo-slider/demo/images/banner-caballos.png HTTP/1.1" 200 389106
190.159.146.144 - - [28/Feb/2015:00:05:21 -0500] "GET /galeria/nivo-slider/themes/default/bullets.png HTTP/1.1" 200 1281
190.159.146.144 - - [28/Feb/2015:00:05:21 -0500] "GET /galeria/nivo-slider/themes/default/arrows.png HTTP/1.1" 200 824
74.86.158.107 - - [28/Feb/2015:00:05:21 -0500] "HEAD / HTTP/1.1" 302 -
190.159.146.144 - - [28/Feb/2015:00:05:23 -0500] "GET /videos/Humedals2015WEB.flv HTTP/1.1" 200 16650865
66.249.67.84 - - [28/Feb/2015:00:05:43 -0500] "GET /BLA/resoluciones/AUTOS%202007/2150.pdf HTTP/1.1" 200 80582
180.76.6.45 - - [28/Feb/2015:00:06:00 -0500] "GET /BLA/boletinlegal;jsessionid=A815B9EB7D6BFD410C2C7C212D9F8332?/? HTTP/1.1" 404 1018
188.165.15.191 - - [28/Feb/2015:00:06:09 -0500] "GET /BLA/resoluciones/AUTOS%202006/AUTOS%202006%20501-600/00000541.tif HTTP/1.1" 200 51290
66.249.67.68 - - [28/Feb/2015:00:06:17 -0500] "GET /BLA/resoluciones/RESOLUCIONES%202007/RES%202007%203501%20AL%203600/RESOLUCION%203595%20DE%202007.pdf HTTP/1.1" 304 -
66.249.67.68 - - [28/Feb/2015:00:06:20 -0500] "GET /BLA/resoluciones/RESOLUCIONES%202010/3923.pdf HTTP/1.1" 200 557247
190.9.200.50 - - [28/Feb/2015:00:06:41 -0500] "GET /BLA/resoluciones/AUTOS%202014/2007.pdf HTTP/1.1" 200 413665
190.9.200.50 - - [28/Feb/2015:00:06:41 -0500] "GET /BLA/resoluciones/AUTOS%202014/2007.pdf HTTP/1.1" 206 32768
190.9.200.50 - - [28/Feb/2015:00:06:42 -0500] "GET /BLA/resoluciones/AUTOS%202014/2007.pdf HTTP/1.1" 206 380897
190.9.200.50 - - [28/Feb/2015:00:06:44 -0500] "GET /favicon.ico HTTP/1.1" 200 7782
201.255.233.24 - - [28/Feb/2015:00:06:51 -0500] "GET /webdav/x32.php?act=phptools&host=0&port=1025&time=60 HTTP/1.1" 404 1018
66.249.67.76 - - [28/Feb/2015:00:06:57 -0500] "GET /BLA/resoluciones/AUTOS%202008/1108.pdf HTTP/1.1" 200 76270
201.255.233.24 - - [28/Feb/2015:00:07:05 -0500] "GET /webdav/x32.php?act=phptools&host=0&port=1025&time=33000 HTTP/1.1" 404 1018
181.61.237.22 - - [28/Feb/2015:00:01:05 -0500] "GET /ForestMSG_SDA/channelAsync/template_word_17606017?X-Atmosphere-tracking-id=1f09f667-12cb-d904-5ce3-373eca329cae&X-Atmosphere-Framework=1.0.5&X-Atmosphere-Transport=long-polling&tabid=0.6039477523881942&X-Cache-Date=0&Content-Type=application/xml&_=1425099854634 HTTP/1.1" 200 8193
66.249.67.76 - - [28/Feb/2015:00:07:34 -0500] "GET /BLA/resoluciones/RESOLUCIONES%202008/3488.pdf HTTP/1.1" 200 382402
66.249.67.84 - - [28/Feb/2015:00:08:10 -0500] "GET /BLA/resoluciones/AUTOS%202008/0411.pdf HTTP/1.1" 200 149334
186.115.218.81 - - [28/Feb/2015:00:08:38 -0500] "-" 408 -
186.115.218.81 - - [28/Feb/2015:00:08:38 -0500] "-" 408 -
190.242.111.17 - - [28/Feb/2015:00:08:38 -0500] "-" 408 -
190.242.111.17 - - [28/Feb/2015:00:08:38 -0500] "-" 408 -
66.249.67.76 - - [28/Feb/2015:00:08:47 -0500] "GET /BLA/resoluciones/AUTOS%202007/2277.pdf HTTP/1.1" 200 587484
181.61.237.22 - - [28/Feb/2015:00:09:06 -0500] "GET /forest/session.jsp?a=0.1361950491555035 HTTP/1.1" 200 4
66.249.67.68 - - [28/Feb/2015:00:09:24 -0500] "GET /BLA/resoluciones/RESOLUCIONES%202009/3500.pdf HTTP/1.1" 200 699896
66.249.67.68 - - [28/Feb/2015:00:09:26 -0500] "GET /BLA/resoluciones/RESOLUCIONES%202010/7477.pdf HTTP/1.1" 304 -
66.249.67.84 - - [28/Feb/2015:00:10:01 -0500] "GET /BLA/resoluciones/AUTOS%202007/2873.pdf HTTP/1.1" 200 76693
186.115.218.81 - - [28/Feb/2015:00:10:18 -0500] "-" 408 -
188.165.15.160 - - [28/Feb/2015:00:10:21 -0500] "GET /BLA/resoluciones/RESOLUCIONES%202004/RES%202004%201551-1600/00001552.tif HTTP/1.1" 200 132020
74.86.158.107 - - [28/Feb/2015:00:10:21 -0500] "HEAD / HTTP/1.1" 302 -
66.249.67.84 - - [28/Feb/2015:00:10:38 -0500] "GET /BLA/resoluciones/RESOLUCIONES%202009/1447.pdf HTTP/1.1" 200 359199
201.255.233.24 - - [28/Feb/2015:00:10:45 -0500] "GET /webdav/x32.php?act=phptools&host=0&port=80&time=300 HTTP/1.1" 404 1018
186.115.218.81 - - [28/Feb/2015:00:10:46 -0500] "-" 408 -
66.249.67.68 - - [28/Feb/2015:00:10:55 -0500] "GET /BLA/resoluciones/RESOLUCIONES%202006/RES%202006%202601-2650/00002633.tif HTTP/1.1" 200 639722
201.255.233.24 - - [28/Feb/2015:00:11:02 -0500] "GET /webdav/x32.php?act=phptools&host=0&port=80&time=300 HTTP/1.1" 404 1018
66.249.67.68 - - [28/Feb/2015:00:11:15 -0500] "GET /BLA/resoluciones/RESOLUCIONES%202008/0172.pdf HTTP/1.1" 200 221200
180.76.5.21 - - [28/Feb/2015:00:11:19 -0500] "GET /BLA/boletinlegal;jsessionid=5030E1920BD3D85C0F8B89003178648E?/? HTTP/1.1" 404 1018
66.249.67.84 - - [28/Feb/2015:00:11:53 -0500] "GET /BLA/resoluciones/AUTOS%202007/0053.pdf HTTP/1.1" 200 139368
190.242.111.17 - - [28/Feb/2015:00:11:53 -0500] "-" 408 -
188.165.15.121 - - [28/Feb/2015:00:11:55 -0500] "GET /BLA/resoluciones/RESOLUCIONES%202006/RES%202006%201901-1950/00001941.tif HTTP/1.1" 200 120094
180.76.6.141 - - [28/Feb/2015:00:11:58 -0500] "GET /BLA/resoluciones/RESOLUCIONES%202010/3103.pdf HTTP/1.1" 200 346764
188.165.15.204 - - [28/Feb/2015:00:12:28 -0500] "GET /BLA/resoluciones/AUTOS%202006/AUTOS%202006%201-100/00000087.tif HTTP/1.1" 200 59128
66.249.67.68 - - [28/Feb/2015:00:12:29 -0500] "GET /BLA/resoluciones/RESOLUCIONES%202008/0142.pdf HTTP/1.1" 200 247175
190.242.111.17 - - [28/Feb/2015:00:12:32 -0500] "-" 408 -
66.249.67.84 - - [28/Feb/2015:00:12:36 -0500] "GET /BLA/resoluciones/RESOLUCIONES%202009/2087.pdf HTTP/1.1" 200 471144
181.61.237.22 - - [28/Feb/2015:00:07:05 -0500] "GET /ForestMSG_SDA/channelAsync/template_word_17606017?X-Atmosphere-tracking-id=1f09f667-12cb-d904-5ce3-373eca329cae&X-Atmosphere-Framework=1.0.5&X-Atmosphere-Transport=long-polling&tabid=0.6039477523881942&X-Cache-Date=0&Content-Type=application/xml&_=1425100214757 HTTP/1.1" 200 8193
66.249.67.76 - - [28/Feb/2015:00:13:06 -0500] "GET /BLA/resoluciones/AUTOS%202007/3166.pdf HTTP/1.1" 200 86684
66.249.67.84 - - [28/Feb/2015:00:13:43 -0500] "GET /BLA/resoluciones/RESOLUCIONES%202009/2270.pdf HTTP/1.1" 200 342785
213.251.182.10 - - [28/Feb/2015:00:14:07 -0500] "GET /autoliquidacion/index.php?dir=Grupo%20Forestal%20-%20Industria%20de%20la%20Madera%2F'\" HTTP/1.1" 200 6698
213.251.182.10 - - [28/Feb/2015:00:14:08 -0500] "GET /autoliquidacion/index.php?dir=Grupo%20Forestal%20-%20Industria%20de%20la%20Madera%2F HTTP/1.0" 200 7201
66.249.67.68 - - [28/Feb/2015:00:14:20 -0500] "GET /BLA/resoluciones/AUTOS%202007/0635.pdf HTTP/1.1" 200 67657
180.76.6.28 - - [28/Feb/2015:00:14:54 -0500] "GET /BLA/boletinlegal;jsessionid=99DD9EA2111B07EB0C70D07D534B67C4?/? HTTP/1.1" 404 1018
66.249.67.76 - - [28/Feb/2015:00:14:57 -0500] "GET /BLA/resoluciones/AUTOS%202007/3741.pdf HTTP/1.1" 200 499041
74.86.158.107 - - [28/Feb/2015:00:15:21 -0500] "HEAD / HTTP/1.1" 302 -
180.76.5.66 - - [28/Feb/2015:00:15:33 -0500] "GET /BLA/boletinlegal;jsessionid=A6325472C639E943E18E148DDC9C8372?/? HTTP/1.1" 404 1018
66.249.67.84 - - [28/Feb/2015:00:15:34 -0500] "GET /BLA/resoluciones/RESOLUCIONES%202010/6831.pdf HTTP/1.1" 200 676970
66.249.67.84 - - [28/Feb/2015:00:15:43 -0500] "GET /BLA/resoluciones/RESOLUCIONES%202007/RES%202007%203601%20AL%203700/RESOLUCION%203662%20DE%202007.pdf HTTP/1.1" 200 674847
188.165.15.204 - - [28/Feb/2015:00:16:15 -0500] "GET /BLA/resoluciones/RESOLUCIONES%202006/RES%202006%202651-2700/00002662.tif HTTP/1.1" 200 351296
181.131.8.4 - - [28/Feb/2015:00:16:33 -0500] "GET /BLA/boletinlegal/js/jquery.scrollTo-min.js HTTP/1.1" 200 1150
181.131.8.4 - - [28/Feb/2015:00:16:33 -0500] "GET /BLA/boletinlegal/js/jquery.scrollShow.js HTTP/1.1" 200 4586
181.131.8.4 - - [28/Feb/2015:00:16:34 -0500] "GET /galeria/galeria/jquery.fancybox.css?v=2.1.5 HTTP/1.1" 200 4895
181.131.8.4 - - [28/Feb/2015:00:16:34 -0500] "GET /galeria/galeria/jquery.fancybox.js?v=2.1.5 HTTP/1.1" 200 48706
66.249.67.68 - - [28/Feb/2015:00:16:35 -0500] "GET /BLA/resoluciones/RESOLUCIONES%202006/RES%202006%202601-2650/00002637.tif HTTP/1.1" 200 416468
191.111.94.225 - - [28/Feb/2015:00:16:35 -0500] "GET /videos/galeria-fotografica/index6.html HTTP/1.1" 200 1971
191.111.94.225 - - [28/Feb/2015:00:16:35 -0500] "GET /videos/galeria-fotografica/js/jquery-flickr-gallery/jquery-flickr.css HTTP/1.1" 200 711
191.111.94.225 - - [28/Feb/2015:00:16:36 -0500] "GET /videos/galeria-fotografica/js/jquery-flickr-gallery/jquery-flickr-gallery.js HTTP/1.1" 200 9050
191.111.94.225 - - [28/Feb/2015:00:16:37 -0500] "GET /videos/galeria-fotografica/js/jquery-flickr-gallery/loader.gif HTTP/1.1" 200 2129
66.249.67.84 - - [28/Feb/2015:00:16:47 -0500] "GET /BLA/resoluciones/RESOLUCIONES%202007/RES%202007%203501%20AL%203600/RESOLUCION%203581%20DE%202007.pdf HTTP/1.1" 200 149166
188.165.15.61 - - [28/Feb/2015:00:16:57 -0500] "GET /BLA/resoluciones/RESOLUCIONES%202004/RES%202004%202101-2150/00002106.tif HTTP/1.1" 200 238052
191.111.94.225 - - [28/Feb/2015:00:17:00 -0500] "GET /videos/galeria-fotografica/index6.html HTTP/1.1" 304 -
191.111.94.225 - - [28/Feb/2015:00:17:00 -0500] "GET /videos/galeria-fotografica/js/jquery-flickr-gallery/jquery-flickr.css HTTP/1.1" 304 -
191.111.94.225 - - [28/Feb/2015:00:17:00 -0500] "GET /videos/galeria-fotografica/js/jquery-flickr-gallery/jquery-flickr-gallery.js HTTP/1.1" 304 -
213.251.182.10 - - [28/Feb/2015:00:17:00 -0500] "GET /Anexos%20estudio%20Organizacional%20SDA/index.php?dir=ANEXO%20No.%201-%20NORMAS%20LEGALES%20DE%20ESTRUCTURA%20Y%20PLANTA%2FRESE%D1A%20HIST%D3RICA%20SDA-NORMAS%2FLey%2099%20de%201993%20-%20Crea%20MimAmbiente_files%2F'\" HTTP/1.1" 200 6505
213.251.182.10 - - [28/Feb/2015:00:17:01 -0500] "GET /Anexos%20estudio%20Organizacional%20SDA/index.php?dir=ANEXO%20No.%201-%20NORMAS%20LEGALES%20DE%20ESTRUCTURA%20Y%20PLANTA%2FRESE%D1A%20HIST%D3RICA%20SDA-NORMAS%2FLey%2099%20de%201993%20-%20Crea%20MimAmbiente_files%2F HTTP/1.0" 200 10385
191.111.94.225 - - [28/Feb/2015:00:17:10 -0500] "GET /videos/galeria-fotografica/index6.html HTTP/1.1" 304 -
188.165.15.235 - - [28/Feb/2015:00:17:15 -0500] "GET /BLA/resoluciones/index.php?dir=RESOLUCIONES%202002/RES%202002%201201-1250/&sort=name&order=desc HTTP/1.1" 200 12150
66.249.67.68 - - [28/Feb/2015:00:17:24 -0500] "GET /BLA/resoluciones/RESOLUCIONES%202008/3809.pdf HTTP/1.1" 200 405531
186.15.154.184 - - [28/Feb/2015:00:17:50 -0500] "GET /galeria/nivo-slider/demo/images/Banner-decreto1299.jpg HTTP/1.1" 304 -
66.249.67.84 - - [28/Feb/2015:00:18:01 -0500] "GET /BLA/resoluciones/RESOLUCIONES%202008/4223.pdf HTTP/1.1" 200 343032
190.156.59.5 - - [28/Feb/2015:00:18:25 -0500] "GET /galeria/galeria/jquery.fancybox.js?v=2.1.5 HTTP/1.1" 200 48706
190.156.59.5 - - [28/Feb/2015:00:18:25 -0500] "GET /BLA/boletinlegal/js/jquery.scrollTo-min.js HTTP/1.1" 200 1150
190.156.59.5 - - [28/Feb/2015:00:18:25 -0500] "GET /BLA/boletinlegal/js/jquery.scrollShow.js HTTP/1.1" 200 4586
190.156.59.5 - - [28/Feb/2015:00:18:25 -0500] "GET /galeria/galeria/jquery.fancybox.css?v=2.1.5 HTTP/1.1" 200 4895
66.249.67.68 - - [28/Feb/2015:00:18:38 -0500] "GET /BLA/resoluciones/RESOLUCIONES%202008/2751.pdf HTTP/1.1" 200 196901
186.82.221.11 - - [28/Feb/2015:00:18:42 -0500] "GET /galeria/galeria/jquery.fancybox.css?v=2.1.5 HTTP/1.1" 200 4895
186.82.221.11 - - [28/Feb/2015:00:18:42 -0500] "GET /galeria/galeria/jquery.fancybox.js?v=2.1.5 HTTP/1.1" 200 48706
186.82.221.11 - - [28/Feb/2015:00:18:42 -0500] "GET /BLA/boletinlegal/js/jquery.scrollShow.js HTTP/1.1" 200 4586
186.82.221.11 - - [28/Feb/2015:00:18:42 -0500] "GET /BLA/boletinlegal/js/jquery.scrollTo-min.js HTTP/1.1" 200 1150
66.249.67.76 - - [28/Feb/2015:00:18:51 -0500] "GET /BLA/resoluciones/RESOLUCIONES%202007/RES%202007%202401%20AL%202500/RESOLUCION%202436%20DE%202007.pdf HTTP/1.1" 304 -
188.165.15.223 - - [28/Feb/2015:00:19:04 -0500] "GET /BLA/resoluciones/RESOLUCIONES%202002/RES%202002%201451-1500/20021456.tif HTTP/1.1" 200 97464
213.251.182.10 - - [28/Feb/2015:00:19:09 -0500] "-" 408 -
66.249.67.76 - - [28/Feb/2015:00:19:15 -0500] "GET /BLA/resoluciones/RESOLUCIONES%202008/2594.pdf HTTP/1.1" 200 31287
66.249.67.84 - - [28/Feb/2015:00:19:52 -0500] "GET /BLA/resoluciones/RESOLUCIONES%202009/7849.pdf HTTP/1.1" 200 379842
186.155.146.176 - - [28/Feb/2015:00:20:05 -0500] "GET /huelladecarbono/index.html HTTP/1.1" 200 5211
186.155.146.176 - - [28/Feb/2015:00:20:17 -0500] "GET /huelladecarbono/estilos.css HTTP/1.1" 200 4034
186.155.146.176 - - [28/Feb/2015:00:20:17 -0500] "GET /huelladecarbono/Imagenes/btn_gris.png HTTP/1.1" 200 3006
186.155.146.176 - - [28/Feb/2015:00:20:17 -0500] "GET /huelladecarbono/Imagenes/btn_gris2.png HTTP/1.1" 200 4298
186.155.146.176 - - [28/Feb/2015:00:20:17 -0500] "GET /huelladecarbono/Imagenes/btn_gris3.png HTTP/1.1" 200 4357
186.155.146.176 - - [28/Feb/2015:00:20:17 -0500] "GET /huelladecarbono/Imagenes/btn_gris4.png HTTP/1.1" 200 2999
186.155.146.176 - - [28/Feb/2015:00:20:17 -0500] "GET /huelladecarbono/Imagenes/btn_gris5.png HTTP/1.1" 200 4459
186.155.146.176 - - [28/Feb/2015:00:20:23 -0500] "GET /huelladecarbono/Imagenes/fondo_header.jpg HTTP/1.1" 200 28877
186.155.146.176 - - [28/Feb/2015:00:20:23 -0500] "GET /huelladecarbono/Imagenes/campana_title.jpg HTTP/1.1" 200 5453
74.86.158.107 - - [28/Feb/2015:00:20:24 -0500] "HEAD / HTTP/1.1" 302 -
66.249.67.76 - - [28/Feb/2015:00:20:29 -0500] "GET /BLA/resoluciones/AUTOS%202007/0839.pdf HTTP/1.1" 200 228489
186.155.146.176 - - [28/Feb/2015:00:20:29 -0500] "GET /huelladecarbono/Imagenes/btn_verde.png HTTP/1.1" 200 3266
186.155.146.176 - - [28/Feb/2015:00:20:29 -0500] "GET /huelladecarbono/Imagenes/btn_verde3.png HTTP/1.1" 200 4302
186.155.146.176 - - [28/Feb/2015:00:20:29 -0500] "GET /huelladecarbono/Imagenes/btn_verde5.png HTTP/1.1" 200 4384
186.155.146.176 - - [28/Feb/2015:00:20:29 -0500] "GET /huelladecarbono/Imagenes/btn_verde4.png HTTP/1.1" 200 3343
186.155.146.176 - - [28/Feb/2015:00:20:29 -0500] "GET /huelladecarbono/Imagenes/btn_verde2.png HTTP/1.1" 200 4064
188.165.15.160 - - [28/Feb/2015:00:20:50 -0500] "GET /BLA/resoluciones/RESOLUCIONES%202002/RES%202002%20101-150/2002RES110.tif HTTP/1.1" 200 67248
66.249.67.68 - - [28/Feb/2015:00:21:06 -0500] "GET /BLA/resoluciones/RESOLUCIONES%202009/1641.pdf HTTP/1.1" 200 490030
186.155.146.176 - - [28/Feb/2015:00:21:22 -0500] "GET /huelladecarbono/huella_carbono.html HTTP/1.1" 200 5190
186.155.146.176 - - [28/Feb/2015:00:21:22 -0500] "GET /huelladecarbono/huella_carbono.html HTTP/1.1" 200 5190
186.155.146.176 - - [28/Feb/2015:00:21:22 -0500] "GET /huelladecarbono/Imagenes/HUELLA_TITLE.jpg HTTP/1.1" 200 8599
186.155.146.176 - - [28/Feb/2015:00:21:22 -0500] "GET /huelladecarbono/Imagenes/hand.png HTTP/1.1" 200 1578
186.155.146.176 - - [28/Feb/2015:00:21:30 -0500] "GET /huelladecarbono/soluciones.html HTTP/1.1" 200 6658
186.155.146.176 - - [28/Feb/2015:00:21:30 -0500] "GET /huelladecarbono/Scripts/swfobject_modified.js HTTP/1.1" 200 22365
186.155.146.176 - - [28/Feb/2015:00:21:30 -0500] "GET /huelladecarbono/Imagenes/SOLUCION_TITLE.jpg HTTP/1.1" 200 5274
186.155.146.176 - - [28/Feb/2015:00:21:30 -0500] "GET /huelladecarbono/soluciones2.swf HTTP/1.1" 200 44100
180.76.6.50 - - [28/Feb/2015:00:21:32 -0500] "GET /BLA/boletinlegal;jsessionid=AFBB4764203C7DBB1CE1D1C2914F78F1?/? HTTP/1.1" 404 1018
66.249.67.68 - - [28/Feb/2015:00:21:34 -0500] "GET /BLA/resoluciones/RESOLUCIONES%202007/RES%202007%202301%20AL%202400/RESOLUCION%202345%20DE%202007.pdf HTTP/1.1" 304 -
188.165.15.235 - - [28/Feb/2015:00:21:35 -0500] "GET /BLA/resoluciones/index.php?dir=RESOLUCIONES+2014%2F HTTP/1.1" 200 95147
66.249.67.84 - - [28/Feb/2015:00:21:43 -0500] "GET /BLA/resoluciones/RESOLUCIONES%202010/7318.pdf HTTP/1.1" 200 339961
213.251.182.10 - - [28/Feb/2015:00:22:01 -0500] "-" 408 -
66.249.67.68 - - [28/Feb/2015:00:22:15 -0500] "GET /BLA/resoluciones/RESOLUCIONES%202006/RES%202006%202601-2650/00002612.tif HTTP/1.1" 200 62048
66.249.67.68 - - [28/Feb/2015:00:22:20 -0500] "GET /BLA/resoluciones/RESOLUCIONES%202010/7333.pdf HTTP/1.1" 200 341816
180.76.6.45 - - [28/Feb/2015:00:22:53 -0500] "GET /BLA/boletinlegal;jsessionid=5621814E27E2FF6654B384F8ED6BA968?/? HTTP/1.1" 404 1018
66.249.67.84 - - [28/Feb/2015:00:22:57 -0500] "GET /BLA/resoluciones/AUTOS%202007/2314.pdf HTTP/1.1" 200 39515
66.249.67.68 - - [28/Feb/2015:00:22:57 -0500] "GET /BLA/resoluciones/RESOLUCIONES%202003/RES%202003%20951-1000/956.tif HTTP/1.1" 200 182124
180.76.6.137 - - [28/Feb/2015:00:23:29 -0500] "GET /BLA/boletinlegal;jsessionid=7E35580D0AB3BF2E2603102D71A6CC8A?/? HTTP/1.1" 404 1018
66.249.67.68 - - [28/Feb/2015:00:23:34 -0500] "GET /BLA/resoluciones/AUTOS%202011/7590.pdf HTTP/1.1" 200 137244
188.165.15.160 - - [28/Feb/2015:00:23:51 -0500] "GET /BLA/resoluciones/RESOLUCIONES%202005/RES%202005%20451-500/00000489.tif HTTP/1.1" 200 78224
181.130.73.67 - - [28/Feb/2015:00:23:59 -0500] "GET /BLA/boletinlegal/js/jquery.scrollTo-min.js HTTP/1.1" 200 1150
181.130.73.67 - - [28/Feb/2015:00:23:59 -0500] "GET /BLA/boletinlegal/js/jquery.scrollShow.js HTTP/1.1" 200 4586
181.130.73.67 - - [28/Feb/2015:00:23:59 -0500] "GET /galeria/galeria/jquery.fancybox.js?v=2.1.5 HTTP/1.1" 200 48706
181.130.73.67 - - [28/Feb/2015:00:23:59 -0500] "GET /galeria/galeria/jquery.fancybox.css?v=2.1.5 HTTP/1.1" 200 4895
180.76.5.143 - - [28/Feb/2015:00:24:08 -0500] "GET /forest/ HTTP/1.1" 200 1356
66.249.67.68 - - [28/Feb/2015:00:24:10 -0500] "GET /BLA/resoluciones/AUTOS%202007/0107.pdf HTTP/1.1" 200 47486
66.249.67.68 - - [28/Feb/2015:00:24:28 -0500] "GET /BLA/resoluciones/RESOLUCIONES%202013/0780.pdf HTTP/1.1" 304 -
66.249.67.68 - - [28/Feb/2015:00:24:47 -0500] "GET /BLA/resoluciones/RESOLUCIONES%202008/2560.pdf HTTP/1.1" 200 336454
188.165.15.223 - - [28/Feb/2015:00:24:51 -0500] "GET /BLA/resoluciones/AUTOS%202006/AUTOS%202006%20201-300/00000256.tif HTTP/1.1" 200 164748
74.86.158.107 - - [28/Feb/2015:00:25:21 -0500] "HEAD / HTTP/1.1" 302 -
66.249.67.76 - - [28/Feb/2015:00:25:24 -0500] "GET /BLA/resoluciones/AUTOS%202007/2088.pdf HTTP/1.1" 200 97181
186.80.98.44 - - [28/Feb/2015:00:25:28 -0500] "GET /BLA/boletinlegal/js/jquery.scrollShow.js HTTP/1.1" 200 4586
186.80.98.44 - - [28/Feb/2015:00:25:28 -0500] "GET /galeria/galeria/jquery.fancybox.css?v=2.1.5 HTTP/1.1" 200 4895
186.80.98.44 - - [28/Feb/2015:00:25:28 -0500] "GET /galeria/galeria/jquery.fancybox.js?v=2.1.5 HTTP/1.1" 200 48706
186.80.98.44 - - [28/Feb/2015:00:25:28 -0500] "GET /galeria/carrusel/Carrusel/jquery-ui-1.8.13.custom.min.js HTTP/1.1" 200 10800
186.80.98.44 - - [28/Feb/2015:00:25:32 -0500] "GET /galeria/nivo-slider/demo/demo.html HTTP/1.1" 200 4191
186.80.98.44 - - [28/Feb/2015:00:25:32 -0500] "GET /galeria/nivo-slider/themes/orman/orman.css HTTP/1.1" 200 2152
186.80.98.44 - - [28/Feb/2015:00:25:32 -0500] "GET /galeria/nivo-slider/nivo-slider.css HTTP/1.1" 200 1507
186.80.98.44 - - [28/Feb/2015:00:25:32 -0500] "GET /galeria/nivo-slider/themes/pascal/pascal.css HTTP/1.1" 200 2258
186.80.98.44 - - [28/Feb/2015:00:25:32 -0500] "GET /galeria/nivo-slider/demo/images/Banner-Directorio.jpg HTTP/1.1" 200 182068
186.80.98.44 - - [28/Feb/2015:00:25:32 -0500] "GET /galeria/nivo-slider/demo/images/BFebrero-mes-de-los-humedales.jpg HTTP/1.1" 200 320179
186.80.98.44 - - [28/Feb/2015:00:25:32 -0500] "GET /galeria/nivo-slider/demo/images/Banner-decreto1299.jpg HTTP/1.1" 200 182613
186.80.98.44 - - [28/Feb/2015:00:25:32 -0500] "GET /galeria/nivo-slider/demo/images/banner-V2.jpg HTTP/1.1" 304 -
186.80.98.44 - - [28/Feb/2015:00:25:32 -0500] "GET /galeria/nivo-slider/demo/images/Ruta-vertimientos-01.jpg HTTP/1.1" 304 -
186.80.98.44 - - [28/Feb/2015:00:25:32 -0500] "GET /galeria/nivo-slider/demo/images/Banner_SEGAE.jpg HTTP/1.1" 200 169523
186.80.98.44 - - [28/Feb/2015:00:25:32 -0500] "GET /galeria/nivo-slider/demo/images/bolsas-08.jpg HTTP/1.1" 304 -
186.80.98.44 - - [28/Feb/2015:00:25:33 -0500] "GET /galeria/nivo-slider/demo/images/bolsas-06.jpg HTTP/1.1" 304 -
186.80.98.44 - - [28/Feb/2015:00:25:33 -0500] "GET /galeria/nivo-slider/demo/images/ecolecta-Dic2014.png HTTP/1.1" 304 -
186.80.98.44 - - [28/Feb/2015:00:25:33 -0500] "GET /galeria/nivo-slider/demo/images/porloshumedales.jpg HTTP/1.1" 304 -
186.80.98.44 - - [28/Feb/2015:00:25:34 -0500] "GET /galeria/nivo-slider/demo/images/redes_sociales.jpg HTTP/1.1" 200 415652
186.80.98.44 - - [28/Feb/2015:00:25:34 -0500] "GET /galeria/nivo-slider/demo/images/Banner-Caracol-Africano.jpg HTTP/1.1" 304 -
186.80.98.44 - - [28/Feb/2015:00:25:34 -0500] "GET /galeria/nivo-slider/demo/images/Tingua-azul.jpg HTTP/1.1" 200 307638
186.80.98.44 - - [28/Feb/2015:00:25:35 -0500] "GET /videos/Humedals2015WEB.flv HTTP/1.1" 200 16650865
186.80.98.44 - - [28/Feb/2015:00:25:37 -0500] "GET /galeria/nivo-slider/themes/default/bullets.png HTTP/1.1" 200 1281
74.125.63.33 - - [28/Feb/2015:00:25:51 -0500] "GET /BLA/boletinlegal/js/jquery.scrollShow.js HTTP/1.1" 200 4586
74.125.63.33 - - [28/Feb/2015:00:25:51 -0500] "GET /BLA/boletinlegal/js/jquery.scrollTo-min.js HTTP/1.1" 200 1150
74.125.63.33 - - [28/Feb/2015:00:25:51 -0500] "GET /galeria/galeria/jquery.fancybox.js?v=2.1.5 HTTP/1.1" 200 48706
74.125.63.33 - - [28/Feb/2015:00:25:51 -0500] "GET /galeria/galeria/jquery.fancybox.css?v=2.1.5 HTTP/1.1" 200 4895
74.125.63.33 - - [28/Feb/2015:00:25:51 -0500] "GET /galeria/carrusel/Carrusel/jquery.thumbnailScroller.css HTTP/1.1" 200 2066
74.125.63.33 - - [28/Feb/2015:00:25:51 -0500] "GET /galeria/carrusel/Carrusel/jquery-ui-1.8.13.custom.min.js HTTP/1.1" 200 10800
74.125.63.33 - - [28/Feb/2015:00:25:51 -0500] "GET /galeria/carrusel/Carrusel/jquery.thumbnailScroller.js HTTP/1.1" 200 8157
74.125.63.33 - - [28/Feb/2015:00:26:01 -0500] "GET /galeria/nivo-slider/demo/demo.html HTTP/1.1" 200 4191
66.249.67.84 - - [28/Feb/2015:00:26:01 -0500] "GET /BLA/resoluciones/RESOLUCIONES%202010/4393.pdf HTTP/1.1" 200 596383
74.125.63.33 - - [28/Feb/2015:00:26:04 -0500] "GET /galeria/nivo-slider/themes/default/default.css HTTP/1.1" 200 1569
74.125.63.33 - - [28/Feb/2015:00:26:04 -0500] "GET /galeria/nivo-slider/themes/pascal/pascal.css HTTP/1.1" 200 2258
74.125.63.33 - - [28/Feb/2015:00:26:04 -0500] "GET /galeria/nivo-slider/themes/orman/orman.css HTTP/1.1" 200 2152
74.125.63.33 - - [28/Feb/2015:00:26:04 -0500] "GET /galeria/nivo-slider/nivo-slider.css HTTP/1.1" 200 1507
74.125.63.33 - - [28/Feb/2015:00:26:04 -0500] "GET /galeria/nivo-slider/demo/style.css HTTP/1.1" 200 2222
74.125.63.33 - - [28/Feb/2015:00:26:04 -0500] "GET /galeria/nivo-slider/demo/images/Banner-decreto1299.jpg HTTP/1.1" 200 182613
74.125.63.33 - - [28/Feb/2015:00:26:05 -0500] "GET /galeria/nivo-slider/demo/images/Banner-Directorio.jpg HTTP/1.1" 200 182068
74.125.63.33 - - [28/Feb/2015:00:26:05 -0500] "GET /galeria/nivo-slider/demo/images/BFebrero-mes-de-los-humedales.jpg HTTP/1.1" 200 320179
74.125.63.33 - - [28/Feb/2015:00:26:05 -0500] "GET /galeria/nivo-slider/demo/images/Banner_SEGAE.jpg HTTP/1.1" 200 169523
74.125.63.33 - - [28/Feb/2015:00:26:06 -0500] "GET /galeria/nivo-slider/demo/images/banner-V2.jpg HTTP/1.1" 200 167020
74.125.63.33 - - [28/Feb/2015:00:26:07 -0500] "GET /galeria/nivo-slider/demo/images/bolsas-08.jpg HTTP/1.1" 200 85589
74.125.63.33 - - [28/Feb/2015:00:26:07 -0500] "GET /galeria/nivo-slider/demo/images/Ruta-vertimientos-01.jpg HTTP/1.1" 200 130151
74.125.63.33 - - [28/Feb/2015:00:26:07 -0500] "GET /galeria/nivo-slider/demo/images/bolsas-06.jpg HTTP/1.1" 200 90982
74.125.63.33 - - [28/Feb/2015:00:26:07 -0500] "GET /galeria/nivo-slider/demo/images/ecolecta-Dic2014.png HTTP/1.1" 200 288593
74.125.63.33 - - [28/Feb/2015:00:26:07 -0500] "GET /galeria/nivo-slider/demo/images/porloshumedales.jpg HTTP/1.1" 200 351238
74.125.63.33 - - [28/Feb/2015:00:26:07 -0500] "GET /galeria/nivo-slider/demo/images/Tingua-azul.jpg HTTP/1.1" 200 307638
74.125.63.33 - - [28/Feb/2015:00:26:07 -0500] "GET /galeria/nivo-slider/demo/images/Banner-Caracol-Africano.jpg HTTP/1.1" 200 331986
74.125.63.33 - - [28/Feb/2015:00:26:09 -0500] "GET /galeria/nivo-slider/demo/images/redes_sociales.jpg HTTP/1.1" 200 415652
190.66.151.209 - - [28/Feb/2015:00:26:10 -0500] "GET /galeria/galeria/jquery.fancybox.css?v=2.1.5 HTTP/1.1" 200 4895
190.66.151.209 - - [28/Feb/2015:00:26:10 -0500] "GET /BLA/boletinlegal/js/jquery.scrollTo-min.js HTTP/1.1" 200 1150
190.66.151.209 - - [28/Feb/2015:00:26:10 -0500] "GET /BLA/boletinlegal/js/jquery.scrollShow.js HTTP/1.1" 200 4586
190.66.151.209 - - [28/Feb/2015:00:26:10 -0500] "GET /galeria/galeria/jquery.fancybox.js?v=2.1.5 HTTP/1.1" 200 48706
74.125.63.33 - - [28/Feb/2015:00:26:10 -0500] "GET /galeria/nivo-slider/demo/images/9Signos.jpg HTTP/1.1" 200 93040
74.125.63.33 - - [28/Feb/2015:00:26:10 -0500] "GET /galeria/nivo-slider/demo/images/banner-llantas2.jpg HTTP/1.1" 200 73153
74.125.63.33 - - [28/Feb/2015:00:26:11 -0500] "GET /galeria/nivo-slider/demo/images/banner-caballos.png HTTP/1.1" 200 389106
74.125.63.33 - - [28/Feb/2015:00:26:11 -0500] "GET /galeria/nivo-slider/demo/scripts/jquery-1.7.1.min.js HTTP/1.1" 200 93868
74.125.63.33 - - [28/Feb/2015:00:26:12 -0500] "GET /galeria/nivo-slider/jquery.nivo.slider.pack.js HTTP/1.1" 200 11561
74.125.63.33 - - [28/Feb/2015:00:26:13 -0500] "GET /galeria/nivo-slider/demo/images/4Simple_Slider.png HTTP/1.1" 200 11722
74.125.63.33 - - [28/Feb/2015:00:26:14 -0500] "GET /galeria/nivo-slider/themes/default/loading.gif HTTP/1.1" 200 1737
188.165.15.41 - - [28/Feb/2015:00:26:15 -0500] "GET /BLA/resoluciones/RESOLUCIONES%202005/RES%202005%20%201601-1650/00001602.tif HTTP/1.1" 200 186638
74.125.63.33 - - [28/Feb/2015:00:26:30 -0500] "GET /galeria/nivo-slider/themes/default/arrows.png HTTP/1.1" 200 824
74.125.63.33 - - [28/Feb/2015:00:26:30 -0500] "GET /galeria/nivo-slider/themes/default/bullets.png HTTP/1.1" 200 1281
180.76.6.232 - - [28/Feb/2015:00:26:37 -0500] "GET /BLA/boletinlegal/Circulares/2013/Circular%20No.%207%20del%201%20de%20Agosto%20de%202013.pdf HTTP/1.1" 200 340934
66.249.67.68 - - [28/Feb/2015:00:26:38 -0500] "GET /BLA/resoluciones/AUTOS%202007/2026.pdf HTTP/1.1" 200 77369
66.249.67.84 - - [28/Feb/2015:00:27:15 -0500] "GET /BLA/resoluciones/AUTOS%202007/0159.pdf HTTP/1.1" 200 121502
66.249.67.76 - - [28/Feb/2015:00:27:27 -0500] "GET /BLA/resoluciones/RESOLUCIONES%202011/5101.pdf HTTP/1.1" 200 491251
188.165.15.121 - - [28/Feb/2015:00:27:34 -0500] "GET /BLA/resoluciones/RESOLUCIONES%202006/RES%202006%20501-550/00000503.tif HTTP/1.1" 200 471166
181.53.19.181 - - [28/Feb/2015:00:27:46 -0500] "GET /PORTAL_SIAC/swf/Residuos/impresion/files/guia_impresion-lit.pdf HTTP/1.1" 200 12573981
181.53.19.181 - - [28/Feb/2015:00:27:46 -0500] "GET /PORTAL_SIAC/swf/Residuos/impresion/files/guia_impresion-lit.pdf HTTP/1.1" 206 32768
181.53.19.181 - - [28/Feb/2015:00:27:46 -0500] "GET /PORTAL_SIAC/swf/Residuos/impresion/files/guia_impresion-lit.pdf HTTP/1.1" 206 12541213
66.249.67.68 - - [28/Feb/2015:00:27:52 -0500] "GET /BLA/resoluciones/RESOLUCIONES%202010/4140.pdf HTTP/1.1" 200 755071
66.249.67.84 - - [28/Feb/2015:00:27:58 -0500] "GET /BLA/resoluciones/RESOLUCIONES%202005/RES%202005%201101-1150/00001138.tif HTTP/1.1" 200 138310
190.158.221.71 - - [28/Feb/2015:00:28:02 -0500] "GET /galeria/galeria/jquery.fancybox.css?v=2.1.5 HTTP/1.1" 304 -
190.158.221.71 - - [28/Feb/2015:00:28:02 -0500] "GET /galeria/galeria/jquery.fancybox.js?v=2.1.5 HTTP/1.1" 304 -
181.53.19.181 - - [28/Feb/2015:00:28:07 -0500] "GET /favicon.ico HTTP/1.1" 200 7782
188.165.15.191 - - [28/Feb/2015:00:28:27 -0500] "GET /BLA/resoluciones/index.php?dir=RESOLUCIONES%202002/RES%202002%201701-1750/&sort=size&order=desc HTTP/1.1" 200 12140
66.249.67.84 - - [28/Feb/2015:00:28:29 -0500] "GET /BLA/resoluciones/RESOLUCIONES%202009/4464.pdf HTTP/1.1" 200 489469
66.249.67.76 - - [28/Feb/2015:00:29:06 -0500] "GET /BLA/resoluciones/RESOLUCIONES%202010/2942.pdf HTTP/1.1" 200 52852
66.249.67.84 - - [28/Feb/2015:00:29:43 -0500] "GET /BLA/resoluciones/RESOLUCIONES%202008/1007.pdf HTTP/1.1" 200 183015
74.86.158.107 - - [28/Feb/2015:00:30:21 -0500] "HEAD / HTTP/1.1" 302 -
66.249.67.68 - - [28/Feb/2015:00:30:27 -0500] "GET /BLA/resoluciones/RESOLUCIONES%202009/1373.pdf HTTP/1.1" 304 -
66.249.67.68 - - [28/Feb/2015:00:30:57 -0500] "GET /PORTAL_SIAC/swf/650x80.swf HTTP/1.1" 200 35899
188.165.15.233 - - [28/Feb/2015:00:31:12 -0500] "GET /BLA/resoluciones/index.php?dir=RESOLUCIONES%202006/RES%202006%20201-250/&sort=size&order=desc HTTP/1.1" 200 12237
180.76.5.78 - - [28/Feb/2015:00:31:19 -0500] "GET /BLA/boletinlegal;jsessionid=D188E232F0656029D534025881F7D634?/? HTTP/1.1" 404 1018
66.249.67.76 - - [28/Feb/2015:00:31:35 -0500] "GET /BLA/resoluciones/RESOLUCIONES%202008/4636.pdf HTTP/1.1" 200 677613
66.249.67.84 - - [28/Feb/2015:00:31:51 -0500] "GET /BLA/resoluciones/RESOLUCIONES%202005/RES%202005%20551-600/00000575.tif HTTP/1.1" 200 122648
174.99.113.40 - - [28/Feb/2015:00:31:58 -0500] "GET /galeria/galeria/jquery.fancybox.js?v=2.1.5 HTTP/1.1" 304 -
174.99.113.40 - - [28/Feb/2015:00:31:58 -0500] "GET /galeria/galeria/jquery.fancybox.css?v=2.1.5 HTTP/1.1" 304 -
180.76.5.151 - - [28/Feb/2015:00:31:58 -0500] "GET /BLA/resoluciones/RESOLUCIONES%202010/0270.pdf HTTP/1.1" 200 130762
190.9.203.193 - - [28/Feb/2015:00:32:07 -0500] "GET /galeria/galeria/jquery.fancybox.js?v=2.1.5 HTTP/1.1" 200 48706
190.9.203.193 - - [28/Feb/2015:00:32:07 -0500] "GET /BLA/boletinlegal/js/jquery.scrollShow.js HTTP/1.1" 200 4586
190.9.203.193 - - [28/Feb/2015:00:32:07 -0500] "GET /BLA/boletinlegal/js/jquery.scrollTo-min.js HTTP/1.1" 200 1150
190.9.203.193 - - [28/Feb/2015:00:32:07 -0500] "GET /galeria/galeria/jquery.fancybox.css?v=2.1.5 HTTP/1.1" 200 4895
66.249.67.84 - - [28/Feb/2015:00:32:10 -0500] "GET /BLA/resoluciones/AUTOS%202007/0671.pdf HTTP/1.1" 200 64111
180.76.5.145 - - [28/Feb/2015:00:32:37 -0500] "GET /BLA/resoluciones/RESOLUCIONES%202010/0577.pdf HTTP/1.1" 200 91143
188.165.15.204 - - [28/Feb/2015:00:32:39 -0500] "GET /BLA/resoluciones/RESOLUCIONES%202003/RES%202003%201251-1300/20031282.tif HTTP/1.1" 200 126662
66.249.67.84 - - [28/Feb/2015:00:32:47 -0500] "GET /BLA/resoluciones/RESOLUCIONES%202009/7552.pdf HTTP/1.1" 200 538262
157.55.39.121 - - [28/Feb/2015:00:33:15 -0500] "GET /dama/libreria/pdf/pigas/piga_jb/piga_jb.pdf HTTP/1.1" 404 1019
188.165.15.235 - - [28/Feb/2015:00:33:22 -0500] "GET /BLA/resoluciones/RESOLUCIONES%202006/RES%202006%20551-600/00000590.tif HTTP/1.1" 200 372290
66.249.67.68 - - [28/Feb/2015:00:33:24 -0500] "GET /BLA/resoluciones/AUTOS%202007/1027.pdf HTTP/1.1" 200 121276
66.249.67.68 - - [28/Feb/2015:00:33:32 -0500] "GET /BLA/resoluciones/AUTOS%202007/3400.pdf HTTP/1.1" 200 195299
66.249.67.84 - - [28/Feb/2015:00:33:35 -0500] "GET /BLA/resoluciones/RESOLUCIONES%202005/RES%202005%201101-1150/00001134.tif HTTP/1.1" 200 157940
66.249.67.68 - - [28/Feb/2015:00:34:01 -0500] "GET /BLA/resoluciones/AUTOS%202008/0844.pdf HTTP/1.1" 200 86087
66.249.67.76 - - [28/Feb/2015:00:34:38 -0500] "GET /BLA/resoluciones/AUTOS%202008/1401.pdf HTTP/1.1" 200 183835
222.77.227.233 - - [28/Feb/2015:00:33:43 -0500] "GET /bla/boletinlegal/index.php? HTTP/1.1" 200 46508
66.249.67.84 - - [28/Feb/2015:00:35:15 -0500] "GET /BLA/resoluciones/RESOLUCIONES%202008/4470.pdf HTTP/1.1" 200 338584
186.155.146.176 - - [28/Feb/2015:00:35:19 -0500] "GET /galeria/nivo-slider/demo/demo.html HTTP/1.1" 304 -
186.155.146.176 - - [28/Feb/2015:00:35:21 -0500] "GET /galeria/nivo-slider/demo/images/Banner-decreto1299.jpg HTTP/1.1" 304 -
74.86.158.107 - - [28/Feb/2015:00:35:21 -0500] "HEAD / HTTP/1.1" 302 -
188.165.15.212 - - [28/Feb/2015:00:35:24 -0500] "GET /BLA/resoluciones/RESOLUCIONES%202003/RES%202003%20051-100/2003RES93.tif HTTP/1.1" 200 567096
188.165.15.160 - - [28/Feb/2015:00:35:25 -0500] "GET /BLA/resoluciones/AUTOS%202006/AUTOS%202006%201-100/00000086.tif HTTP/1.1" 200 50734
222.77.227.233 - - [28/Feb/2015:00:34:55 -0500] "POST /bla/boletinlegal/index.php/trackback/ HTTP/1.1" 200 46508
66.249.67.84 - - [28/Feb/2015:00:35:52 -0500] "GET /BLA/resoluciones/AUTOS%202007/3829.pdf HTTP/1.1" 200 120305
188.165.15.160 - - [28/Feb/2015:00:36:03 -0500] "GET /BLA/resoluciones/AUTOS%202006/AUTOS%202006%201-100/00000026.tif HTTP/1.1" 200 96728
66.249.67.68 - - [28/Feb/2015:00:36:29 -0500] "GET /BLA/resoluciones/AUTOS%202007/1317.pdf HTTP/1.1" 200 59865
66.249.67.84 - - [28/Feb/2015:00:36:37 -0500] "GET /BLA/resoluciones/AUTOS%202013/2767.pdf HTTP/1.1" 304 -
66.249.67.84 - - [28/Feb/2015:00:37:06 -0500] "GET /BLA/resoluciones/RESOLUCIONES%202008/3918.pdf HTTP/1.1" 200 418904
66.249.67.76 - - [28/Feb/2015:00:37:43 -0500] "GET /BLA/resoluciones/RESOLUCIONES%202008/2621.pdf HTTP/1.1" 200 248905
188.165.15.235 - - [28/Feb/2015:00:38:16 -0500] "GET /BLA/resoluciones/index.php?dir=RESOLUCIONES%202004/RES%202004%201401-1450/&sort=size&order=asc HTTP/1.1" 200 12371
66.249.67.84 - - [28/Feb/2015:00:38:20 -0500] "GET /BLA/resoluciones/RESOLUCIONES%202008/3046.pdf HTTP/1.1" 200 310574
186.114.9.207 - - [28/Feb/2015:00:38:25 -0500] "GET /galeria/galeria/jquery.fancybox.js?v=2.1.5 HTTP/1.1" 304 -
186.114.9.207 - - [28/Feb/2015:00:38:25 -0500] "GET /galeria/galeria/jquery.fancybox.css?v=2.1.5 HTTP/1.1" 304 -
180.76.6.54 - - [28/Feb/2015:00:38:50 -0500] "GET /BLA/boletinlegal;jsessionid=0D5D398012539E48155725086742A1CD?/? HTTP/1.1" 404 1018
66.249.67.76 - - [28/Feb/2015:00:38:57 -0500] "GET /BLA/resoluciones/RESOLUCIONES%202009/8053.pdf HTTP/1.1" 200 415798
66.249.67.84 - - [28/Feb/2015:00:39:16 -0500] "GET /BLA/resoluciones/RESOLUCIONES%202005/RES%202005%201101-1150/00001147.tif HTTP/1.1" 200 137590
66.249.67.76 - - [28/Feb/2015:00:39:34 -0500] "GET /BLA/resoluciones/AUTOS%202007/3625.pdf HTTP/1.1" 200 282020
66.249.67.84 - - [28/Feb/2015:00:39:41 -0500] "GET /BLA/resoluciones/RESOLUCIONES%202011/5538.pdf HTTP/1.1" 200 1147008
66.249.67.68 - - [28/Feb/2015:00:40:10 -0500] "GET /BLA/resoluciones/AUTOS%202008/3435.pdf HTTP/1.1" 200 183347
74.86.158.107 - - [28/Feb/2015:00:40:21 -0500] "HEAD / HTTP/1.1" 302 -
66.249.67.68 - - [28/Feb/2015:00:40:47 -0500] "GET /BLA/resoluciones/RESOLUCIONES%202009/4832.pdf HTTP/1.1" 200 468997
186.155.146.176 - - [28/Feb/2015:00:41:12 -0500] "GET /BLA/boletinlegal/js/jquery.scrollTo-min.js HTTP/1.1" 304 -
186.155.146.176 - - [28/Feb/2015:00:41:12 -0500] "GET /galeria/galeria/jquery.fancybox.css?v=2.1.5 HTTP/1.1" 304 -
186.155.146.176 - - [28/Feb/2015:00:41:12 -0500] "GET /BLA/boletinlegal/js/jquery.scrollShow.js HTTP/1.1" 304 -
186.155.146.176 - - [28/Feb/2015:00:41:12 -0500] "GET /galeria/galeria/jquery.fancybox.js?v=2.1.5 HTTP/1.1" 304 -
66.249.67.76 - - [28/Feb/2015:00:41:26 -0500] "GET /BLA/resoluciones/RESOLUCIONES%202009/3212.pdf HTTP/1.1" 200 502236
220.181.108.173 - - [28/Feb/2015:00:41:44 -0500] "GET / HTTP/1.1" 302 -
220.181.125.162 - - [28/Feb/2015:00:41:45 -0500] "GET /robots.txt HTTP/1.1" 404 1015
123.125.71.36 - - [28/Feb/2015:00:41:45 -0500] "GET / HTTP/1.1" 302 -
220.181.125.162 - - [28/Feb/2015:00:41:48 -0500] "GET / HTTP/1.1" 302 -
220.181.125.162 - - [28/Feb/2015:00:41:50 -0500] "GET /robots.txt HTTP/1.1" 404 1019
188.165.15.204 - - [28/Feb/2015:00:41:52 -0500] "GET /BLA/resoluciones/AUTOS%202006/AUTOS%202006%20501-600/00000534.tif HTTP/1.1" 200 39074
188.165.15.41 - - [28/Feb/2015:00:41:56 -0500] "GET /BLA/resoluciones/AUTOS%202006/AUTOS%202006%20201-300/00000268.tif HTTP/1.1" 200 60864
66.249.67.68 - - [28/Feb/2015:00:42:01 -0500] "GET /BLA/resoluciones/RESOLUCIONES%202009/2956.pdf HTTP/1.1" 200 540747
220.181.125.162 - - [28/Feb/2015:00:42:04 -0500] "GET / HTTP/1.1" 302 -
66.249.67.68 - - [28/Feb/2015:00:42:13 -0500] "GET /reports/images/blaf-en.css HTTP/1.1" 200 16003
66.249.67.76 - - [28/Feb/2015:00:42:38 -0500] "GET /BLA/resoluciones/RESOLUCIONES%202009/0541.pdf HTTP/1.1" 200 263873
180.76.5.71 - - [28/Feb/2015:00:42:54 -0500] "GET /BLA/boletinlegal;jsessionid=B98E86BFF30B8273412AF81496977A04?/? HTTP/1.1" 404 1018
66.249.67.84 - - [28/Feb/2015:00:43:07 -0500] "GET /BLA/resoluciones/RESOLUCIONES%202003/RES%202003%20951-1000/967.tif HTTP/1.1" 200 345932
66.249.67.84 - - [28/Feb/2015:00:43:15 -0500] "GET /BLA/resoluciones/AUTOS%202007/1904.pdf HTTP/1.1" 200 48373
66.249.67.76 - - [28/Feb/2015:00:43:16 -0500] "GET /BLA/resoluciones/RESOLUCIONES%202009/1734.pdf HTTP/1.1" 200 238398
66.249.67.76 - - [28/Feb/2015:00:43:52 -0500] "GET /BLA/resoluciones/RESOLUCIONES%202009/8092.pdf HTTP/1.1" 200 584171
66.249.67.76 - - [28/Feb/2015:00:44:29 -0500] "GET /BLA/resoluciones/RESOLUCIONES%202008/5084.pdf HTTP/1.1" 200 195957
66.249.67.76 - - [28/Feb/2015:00:44:57 -0500] "GET /BLA/resoluciones/RESOLUCIONES%202005/RES%202005%201101-1150/00001112.tif HTTP/1.1" 200 136038
66.249.67.84 - - [28/Feb/2015:00:45:06 -0500] "GET /BLA/resoluciones/RESOLUCIONES%202009/9830.pdf HTTP/1.1" 200 1355451
74.86.158.107 - - [28/Feb/2015:00:45:21 -0500] "HEAD / HTTP/1.1" 302 -
186.155.146.176 - - [28/Feb/2015:00:45:42 -0500] "GET /hidrico/aguas%20subterraneas/ HTTP/1.1" 404 1296
66.249.67.76 - - [28/Feb/2015:00:45:43 -0500] "GET /BLA/resoluciones/AUTOS%202007/3409.pdf HTTP/1.1" 200 82677
66.249.67.84 - - [28/Feb/2015:00:46:20 -0500] "GET /BLA/resoluciones/AUTOS%202007/0491.pdf HTTP/1.1" 200 15863
190.13.43.194 - - [28/Feb/2015:00:46:42 -0500] "GET /galeria/galeria/jquery.fancybox.css?v=2.1.5 HTTP/1.1" 200 4895
190.13.43.194 - - [28/Feb/2015:00:46:42 -0500] "GET /BLA/boletinlegal/js/jquery.scrollTo-min.js HTTP/1.1" 200 1150
190.13.43.194 - - [28/Feb/2015:00:46:42 -0500] "GET /BLA/boletinlegal/js/jquery.scrollShow.js HTTP/1.1" 200 4586
190.13.43.194 - - [28/Feb/2015:00:46:42 -0500] "GET /galeria/galeria/jquery.fancybox.js?v=2.1.5 HTTP/1.1" 200 48706
66.249.67.68 - - [28/Feb/2015:00:46:57 -0500] "GET /BLA/resoluciones/AUTOS%202007/1295.pdf HTTP/1.1" 200 55534
180.76.6.28 - - [28/Feb/2015:00:46:58 -0500] "GET /BLA/boletinlegal/;jsessionid=4C4EA3555DB2D1AB467FEC539CE0430D? HTTP/1.1" 404 1018
66.249.67.68 - - [28/Feb/2015:00:47:34 -0500] "GET /BLA/resoluciones/RESOLUCIONES%202008/0838.pdf HTTP/1.1" 200 124564
180.76.5.74 - - [28/Feb/2015:00:47:36 -0500] "GET /BLA/resoluciones/RESOLUCIONES%202010/2636.pdf HTTP/1.1" 200 569002
176.9.25.25 - - [28/Feb/2015:00:48:05 -0500] "GET /favicon.ico HTTP/1.0" 200 7782
188.165.15.233 - - [28/Feb/2015:00:48:09 -0500] "GET /BLA/resoluciones/RESOLUCIONES%202002/RES%202002%201151-1200/20021177.tif HTTP/1.1" 200 86448
66.249.67.84 - - [28/Feb/2015:00:48:10 -0500] "GET /BLA/resoluciones/RESOLUCIONES%202009/4280.pdf HTTP/1.1" 200 510349
181.139.180.34 - - [28/Feb/2015:00:48:50 -0500] "GET /galeria/galeria/jquery.fancybox.css?v=2.1.5 HTTP/1.1" 200 4895
181.139.180.34 - - [28/Feb/2015:00:48:50 -0500] "GET /BLA/boletinlegal/js/jquery.scrollTo-min.js HTTP/1.1" 200 1150
181.139.180.34 - - [28/Feb/2015:00:48:50 -0500] "GET /BLA/boletinlegal/js/jquery.scrollShow.js HTTP/1.1" 200 4586
181.139.180.34 - - [28/Feb/2015:00:48:50 -0500] "GET /galeria/galeria/jquery.fancybox.js?v=2.1.5 HTTP/1.1" 200 48706
188.165.15.212 - - [28/Feb/2015:00:49:00 -0500] "GET /BLA/resoluciones/AUTOS%202006/AUTOS%202006%201-100/00000091.tif HTTP/1.1" 200 53300
66.249.67.76 - - [28/Feb/2015:00:49:18 -0500] "GET / HTTP/1.1" 302 -
66.249.67.76 - - [28/Feb/2015:00:49:24 -0500] "GET /BLA/resoluciones/AUTOS%202012/1682.pdf HTTP/1.1" 200 322673
207.46.13.49 - - [28/Feb/2015:00:49:27 -0500] "GET /BLA/boletinlegal/js/jquery.js HTTP/1.1" 200 57254
207.46.13.49 - - [28/Feb/2015:00:49:28 -0500] "GET /BLA/boletinlegal/js/jquery.scrollShow.js HTTP/1.1" 200 4586
207.46.13.49 - - [28/Feb/2015:00:49:28 -0500] "GET /BLA/boletinlegal/js/jquery.scrollTo-min.js HTTP/1.1" 200 1150
186.147.40.242 - - [28/Feb/2015:00:49:43 -0500] "GET /BLA/resoluciones/RESOLUCIONES%202010/1727.pdf HTTP/1.1" 200 553241
