186.145.128.140 - - [01/Mar/2015:02:25:19 -0500] "GET /forest/documentos/167275/2008ER50980.pdf HTTP/1.1" 200 214
74.86.158.107 - - [01/Mar/2015:02:25:23 -0500] "HEAD / HTTP/1.1" 302 -
186.145.128.140 - - [01/Mar/2015:02:25:25 -0500] "GET /forest/documentos/142721/2007ER41071.pdf HTTP/1.1" 200 214
66.249.67.84 - - [01/Mar/2015:02:25:25 -0500] "GET /BLA/resoluciones/AUTOS%202007/2778.pdf HTTP/1.1" 200 75417
190.252.234.70 - - [01/Mar/2015:02:25:29 -0500] "GET /galeria/nivo-slider/demo/images/BFebrero-mes-de-los-humedales.jpg HTTP/1.1" 200 320179
190.252.234.70 - - [01/Mar/2015:02:25:29 -0500] "GET /galeria/nivo-slider/demo/images/Banner_SEGAE.jpg HTTP/1.1" 200 169523
190.252.234.70 - - [01/Mar/2015:02:25:39 -0500] "GET /galeria/nivo-slider/demo/images/banner-V2.jpg HTTP/1.1" 200 167020
66.249.67.76 - - [01/Mar/2015:02:25:45 -0500] "GET /BLA/resoluciones/RESOLUCIONES%202008/3975.pdf HTTP/1.1" 200 521087
190.252.234.70 - - [01/Mar/2015:02:25:49 -0500] "GET /galeria/nivo-slider/demo/images/bolsas-08.jpg HTTP/1.1" 200 85589
186.145.128.140 - - [01/Mar/2015:02:25:56 -0500] "POST /forest/actions/workplace.getReparto?a=0.5919700744561851 HTTP/1.1" 200 1131
190.252.234.70 - - [01/Mar/2015:02:25:59 -0500] "GET /galeria/nivo-slider/demo/images/Ruta-vertimientos-01.jpg HTTP/1.1" 200 130151
186.145.128.140 - - [01/Mar/2015:02:26:00 -0500] "GET /forest/suactividades.do?verDocs=&codPro=95&numPro=2753364&codInst=2774691&a=0.2722792725544423 HTTP/1.1" 200 77769
190.252.234.70 - - [01/Mar/2015:02:26:04 -0500] "GET /BLA/boletinlegal/js/jquery.scrollTo-min.js HTTP/1.1" 200 1150
190.252.234.70 - - [01/Mar/2015:02:26:04 -0500] "GET /BLA/boletinlegal/js/jquery.scrollShow.js HTTP/1.1" 200 4586
190.252.234.70 - - [01/Mar/2015:02:26:04 -0500] "GET /galeria/galeria/jquery.fancybox.js?v=2.1.5 HTTP/1.1" 200 48706
190.252.234.70 - - [01/Mar/2015:02:26:04 -0500] "GET /galeria/galeria/jquery.fancybox.css?v=2.1.5 HTTP/1.1" 200 4895
190.252.234.70 - - [01/Mar/2015:02:26:04 -0500] "GET /galeria/bibloteca/contentflow.js HTTP/1.1" 200 42804
66.249.67.68 - - [01/Mar/2015:02:26:05 -0500] "GET /BLA/resoluciones/RESOLUCIONES%202008/4096.pdf HTTP/1.1" 200 236890
186.145.128.140 - - [01/Mar/2015:02:26:06 -0500] "GET /forest/documentos/1950853/2014EE180470.docx HTTP/1.1" 200 60132
190.252.234.70 - - [01/Mar/2015:02:26:07 -0500] "GET /galeria/bibloteca/contentflow.css HTTP/1.1" 200 3201
190.252.234.70 - - [01/Mar/2015:02:26:07 -0500] "GET /galeria/bibloteca/mycontentflow.css HTTP/1.1" 200 3110
190.252.234.70 - - [01/Mar/2015:02:26:07 -0500] "GET /galeria/bibloteca/ContentFlowAddOn_white.js HTTP/1.1" 200 2497
190.252.234.70 - - [01/Mar/2015:02:26:09 -0500] "GET /galeria/bibloteca/ContentFlowAddOn_white.css HTTP/1.1" 200 3355
190.252.234.70 - - [01/Mar/2015:02:26:10 -0500] "GET /galeria/bibloteca/img/loader.gif HTTP/1.1" 200 8238
190.252.234.70 - - [01/Mar/2015:02:26:10 -0500] "GET /galeria/bibloteca/img/scrollbar_white.png HTTP/1.1" 200 82
190.252.234.70 - - [01/Mar/2015:02:26:10 -0500] "GET /galeria/bibloteca/img/slider_white.png HTTP/1.1" 200 178
190.252.234.70 - - [01/Mar/2015:02:26:17 -0500] "GET /galeria/bibloteca/img/1x1_0.5_white.png HTTP/1.1" 200 82
190.252.234.70 - - [01/Mar/2015:02:26:17 -0500] "GET /galeria/bibloteca/img/ajax-loader.gif HTTP/1.1" 200 9427
190.252.234.70 - - [01/Mar/2015:02:26:17 -0500] "GET /galeria/bibloteca/img/scrollbar_black.png HTTP/1.1" 200 82
190.252.234.70 - - [01/Mar/2015:02:26:17 -0500] "GET /galeria/bibloteca/img/slider_black.png HTTP/1.1" 200 175
66.249.67.76 - - [01/Mar/2015:02:26:25 -0500] "GET /BLA/resoluciones/AUTOS%202007/3504.pdf HTTP/1.1" 200 89154
180.76.6.232 - - [01/Mar/2015:02:26:42 -0500] "GET /BLA/boletinlegal;jsessionid=57267028DDC0764E6F9E4E643DC62B86?/? HTTP/1.1" 404 1018
66.249.67.68 - - [01/Mar/2015:02:26:45 -0500] "GET /BLA/resoluciones/RESOLUCIONES%202009/7464.pdf HTTP/1.1" 200 726703
66.249.67.84 - - [01/Mar/2015:02:27:00 -0500] "GET /BLA/resoluciones/RESOLUCIONES%202003/RES%202003%20251-300/276.tif HTTP/1.1" 200 87176
190.252.234.70 - - [01/Mar/2015:02:27:04 -0500] "GET /galeria/carrusel/Carrusel/jquery.thumbnailScroller.css HTTP/1.1" 200 2066
190.252.234.70 - - [01/Mar/2015:02:27:04 -0500] "GET /galeria/carrusel/Carrusel/jquery-ui-1.8.13.custom.min.js HTTP/1.1" 200 10800
190.252.234.70 - - [01/Mar/2015:02:27:04 -0500] "GET /galeria/carrusel/Carrusel/jquery.thumbnailScroller.js HTTP/1.1" 200 8157
66.249.67.84 - - [01/Mar/2015:02:27:04 -0500] "GET /BLA/resoluciones/AUTOS%202007/1553.pdf HTTP/1.1" 200 28694
190.252.234.70 - - [01/Mar/2015:02:27:04 -0500] "GET /galeria/nivo-slider/demo/demo.html HTTP/1.1" 200 4191
190.252.234.70 - - [01/Mar/2015:02:27:06 -0500] "GET /galeria/nivo-slider/themes/default/default.css HTTP/1.1" 200 1569
190.252.234.70 - - [01/Mar/2015:02:27:06 -0500] "GET /galeria/nivo-slider/themes/pascal/pascal.css HTTP/1.1" 200 2258
190.252.234.70 - - [01/Mar/2015:02:27:06 -0500] "GET /galeria/nivo-slider/themes/orman/orman.css HTTP/1.1" 200 2152
190.252.234.70 - - [01/Mar/2015:02:27:06 -0500] "GET /galeria/nivo-slider/nivo-slider.css HTTP/1.1" 200 1507
190.252.234.70 - - [01/Mar/2015:02:27:06 -0500] "GET /galeria/nivo-slider/demo/style.css HTTP/1.1" 200 2222
190.252.234.70 - - [01/Mar/2015:02:27:06 -0500] "GET /galeria/nivo-slider/demo/scripts/jquery-1.7.1.min.js HTTP/1.1" 200 93868
190.252.234.70 - - [01/Mar/2015:02:27:06 -0500] "GET /galeria/nivo-slider/jquery.nivo.slider.pack.js HTTP/1.1" 200 11561
190.252.234.70 - - [01/Mar/2015:02:27:06 -0500] "GET /galeria/nivo-slider/demo/images/Banner-decreto1299.jpg HTTP/1.1" 200 182613
190.252.234.70 - - [01/Mar/2015:02:27:06 -0500] "GET /galeria/nivo-slider/demo/images/Banner-Directorio.jpg HTTP/1.1" 200 182068
190.252.234.70 - - [01/Mar/2015:02:27:06 -0500] "GET /galeria/nivo-slider/demo/images/bolsas-06.jpg HTTP/1.1" 200 90982
190.252.234.70 - - [01/Mar/2015:02:27:06 -0500] "GET /galeria/nivo-slider/demo/images/ecolecta-Dic2014.png HTTP/1.1" 200 288593
190.252.234.70 - - [01/Mar/2015:02:27:06 -0500] "GET /galeria/nivo-slider/demo/images/porloshumedales.jpg HTTP/1.1" 200 351238
190.252.234.70 - - [01/Mar/2015:02:27:06 -0500] "GET /galeria/nivo-slider/demo/images/Tingua-azul.jpg HTTP/1.1" 200 307638
190.252.234.70 - - [01/Mar/2015:02:27:06 -0500] "GET /galeria/nivo-slider/demo/images/Banner-Caracol-Africano.jpg HTTP/1.1" 200 331986
190.252.234.70 - - [01/Mar/2015:02:27:06 -0500] "GET /galeria/nivo-slider/demo/images/redes_sociales.jpg HTTP/1.1" 200 415652
190.252.234.70 - - [01/Mar/2015:02:27:06 -0500] "GET /galeria/nivo-slider/demo/images/9Signos.jpg HTTP/1.1" 200 93040
190.252.234.70 - - [01/Mar/2015:02:27:06 -0500] "GET /galeria/nivo-slider/demo/images/banner-llantas2.jpg HTTP/1.1" 200 73153
190.252.234.70 - - [01/Mar/2015:02:27:09 -0500] "GET /galeria/nivo-slider/demo/images/banner-caballos.png HTTP/1.1" 200 389106
190.252.234.70 - - [01/Mar/2015:02:27:10 -0500] "GET /galeria/nivo-slider/demo/images/4Simple_Slider.png HTTP/1.1" 200 11722
190.252.234.70 - - [01/Mar/2015:02:27:10 -0500] "GET /galeria/nivo-slider/themes/default/loading.gif HTTP/1.1" 200 1737
190.252.234.70 - - [01/Mar/2015:02:27:22 -0500] "GET /galeria/nivo-slider/themes/default/arrows.png HTTP/1.1" 200 824
190.252.234.70 - - [01/Mar/2015:02:27:22 -0500] "GET /galeria/nivo-slider/themes/default/bullets.png HTTP/1.1" 200 1281
66.249.67.68 - - [01/Mar/2015:02:27:24 -0500] "GET /BLA/resoluciones/RESOLUCIONES%202008/5460.pdf HTTP/1.1" 200 443451
186.145.128.140 - - [01/Mar/2015:02:27:25 -0500] "GET /forest/session.jsp?a=0.33217312674969435 HTTP/1.1" 200 4
186.145.128.140 - - [01/Mar/2015:02:27:29 -0500] "POST /forest/actions/workplace.getReparto?a=0.0743880751542747 HTTP/1.1" 200 1007
190.252.234.70 - - [01/Mar/2015:02:27:39 -0500] "GET /videos/galeria-cronicas/1V3wnplaylist.htm? HTTP/1.1" 200 4013
190.252.234.70 - - [01/Mar/2015:02:27:39 -0500] "GET /videos/galeria-cronicas/skin/blue.monday/jplayer.blue.monday.css HTTP/1.1" 200 12518
190.252.234.70 - - [01/Mar/2015:02:27:39 -0500] "GET /videos/galeria-cronicas/js/jquery.jplayer.min.js HTTP/1.1" 200 43668
190.252.234.70 - - [01/Mar/2015:02:27:39 -0500] "GET /videos/galeria-cronicas/js/jplayer.playlist.min.js HTTP/1.1" 200 8608
190.252.234.70 - - [01/Mar/2015:02:27:41 -0500] "GET /videos/galeria-cronicas/skin/blue.monday/jplayer.blue.monday.video.play.png HTTP/1.1" 200 14424
190.252.234.70 - - [01/Mar/2015:02:27:41 -0500] "GET /videos/galeria-cronicas/skin/blue.monday/jplayer.blue.monday.jpg HTTP/1.1" 200 23189
66.249.67.84 - - [01/Mar/2015:02:27:44 -0500] "GET /BLA/resoluciones/RESOLUCIONES%202009/4583.pdf HTTP/1.1" 200 642899
66.249.67.76 - - [01/Mar/2015:02:28:04 -0500] "GET /BLA/resoluciones/RESOLUCIONES%202008/4779.pdf HTTP/1.1" 200 170529
180.76.5.26 - - [01/Mar/2015:02:28:20 -0500] "GET /BLA/boletinlegal;jsessionid=43EAA80F5ED7EB3F455FC0F8D786B5EF?/? HTTP/1.1" 404 1018
66.249.67.84 - - [01/Mar/2015:02:28:24 -0500] "GET /BLA/resoluciones/RESOLUCIONES%202008/1052.pdf HTTP/1.1" 200 62940
190.252.234.70 - - [01/Mar/2015:02:28:36 -0500] "GET /BLA/boletinlegal/js/jquery.scrollTo-min.js HTTP/1.1" 200 1150
190.252.234.70 - - [01/Mar/2015:02:28:36 -0500] "GET /BLA/boletinlegal/js/jquery.scrollShow.js HTTP/1.1" 200 4586
190.252.234.70 - - [01/Mar/2015:02:28:36 -0500] "GET /galeria/galeria/jquery.fancybox.js?v=2.1.5 HTTP/1.1" 200 48706
190.252.234.70 - - [01/Mar/2015:02:28:36 -0500] "GET /galeria/galeria/jquery.fancybox.css?v=2.1.5 HTTP/1.1" 200 4895
190.27.189.214 - - [01/Mar/2015:02:28:38 -0500] "GET /BLA/resoluciones/RESOLUCIONES%202010/7206.pdf HTTP/1.1" 200 982364
190.27.189.214 - - [01/Mar/2015:02:28:40 -0500] "GET /BLA/resoluciones/RESOLUCIONES%202010/7206.pdf HTTP/1.1" 206 32768
190.27.189.214 - - [01/Mar/2015:02:28:40 -0500] "GET /BLA/resoluciones/RESOLUCIONES%202010/7206.pdf HTTP/1.1" 206 949596
190.27.189.214 - - [01/Mar/2015:02:28:43 -0500] "GET /favicon.ico HTTP/1.1" 200 7782
66.249.67.84 - - [01/Mar/2015:02:28:43 -0500] "GET /BLA/resoluciones/AUTOS%202012/0653.pdf HTTP/1.1" 200 572060
186.145.128.140 - - [01/Mar/2015:02:28:44 -0500] "POST /forest/actions/workplace.getReparto?a=0.2817263323813677 HTTP/1.1" 200 1062
186.145.128.140 - - [01/Mar/2015:02:28:48 -0500] "GET /forest/suactividades.do?verDocs=&codPro=134&numPro=2702027&codInst=2719870&a=0.4865620597265661 HTTP/1.1" 200 47456
190.252.234.70 - - [01/Mar/2015:02:28:58 -0500] "GET /videos/galeria-cronicas/1V3wnplaylist.htm? HTTP/1.1" 200 4013
190.252.234.70 - - [01/Mar/2015:02:28:59 -0500] "GET /videos/galeria-cronicas/skin/blue.monday/jplayer.blue.monday.css HTTP/1.1" 200 12518
190.252.234.70 - - [01/Mar/2015:02:28:59 -0500] "GET /videos/galeria-cronicas/js/jquery.jplayer.min.js HTTP/1.1" 200 43668
190.252.234.70 - - [01/Mar/2015:02:28:59 -0500] "GET /videos/galeria-cronicas/js/jplayer.playlist.min.js HTTP/1.1" 200 8608
190.252.234.70 - - [01/Mar/2015:02:29:00 -0500] "GET /videos/galeria-cronicas/skin/blue.monday/jplayer.blue.monday.video.play.png HTTP/1.1" 200 14424
190.252.234.70 - - [01/Mar/2015:02:29:00 -0500] "GET /videos/galeria-cronicas/skin/blue.monday/jplayer.blue.monday.jpg HTTP/1.1" 200 23189
66.249.67.76 - - [01/Mar/2015:02:29:03 -0500] "GET /BLA/resoluciones/AUTOS%202007/1633.pdf HTTP/1.1" 200 166705
186.145.128.140 - - [01/Mar/2015:02:28:54 -0500] "GET /forest/documentos/1697428/2013ER108679.pdf HTTP/1.1" 200 6969794
66.249.67.76 - - [01/Mar/2015:02:29:23 -0500] "GET /BLA/resoluciones/RESOLUCIONES%202008/0655.pdf HTTP/1.1" 200 95432
66.249.67.76 - - [01/Mar/2015:02:29:43 -0500] "GET /BLA/resoluciones/AUTOS%202008/1980.pdf HTTP/1.1" 200 99608
186.145.128.140 - - [01/Mar/2015:02:30:02 -0500] "POST /forest/actions/workplace.getReparto?a=0.7003367266152054 HTTP/1.1" 200 1085
66.249.67.84 - - [01/Mar/2015:02:30:12 -0500] "GET / HTTP/1.1" 302 -
186.145.128.140 - - [01/Mar/2015:02:30:18 -0500] "GET /forest/suactividades.do?verDocs=&codPro=134&numPro=2881116&codInst=2908684&a=0.13138365815393627 HTTP/1.1" 200 67923
66.249.67.76 - - [01/Mar/2015:02:30:23 -0500] "GET /BLA/resoluciones/RESOLUCIONES%202009/4749.pdf HTTP/1.1" 200 812457
74.86.158.107 - - [01/Mar/2015:02:30:23 -0500] "HEAD / HTTP/1.1" 302 -
186.145.128.140 - - [01/Mar/2015:02:30:21 -0500] "GET /forest/documentos/1804430/2014ER034064.pdf HTTP/1.1" 200 959435
66.249.67.76 - - [01/Mar/2015:02:30:42 -0500] "GET /BLA/resoluciones/AUTOS%202008/0960.pdf HTTP/1.1" 200 88109
66.249.67.76 - - [01/Mar/2015:02:31:03 -0500] "GET /BLA/resoluciones/AUTOS%202008/2021.pdf HTTP/1.1" 200 74692
66.249.67.68 - - [01/Mar/2015:02:31:04 -0500] "GET /BLA/resoluciones/RESOLUCIONES%202010/7434.pdf HTTP/1.1" 200 43989
188.165.15.61 - - [01/Mar/2015:02:31:18 -0500] "GET /BLA/resoluciones/RESOLUCIONES%202005/RES%202005%20551-600/00000573.tif HTTP/1.1" 200 176634
66.249.67.84 - - [01/Mar/2015:02:31:22 -0500] "GET /BLA/resoluciones/AUTOS%202007/2265.pdf HTTP/1.1" 200 220004
66.249.67.76 - - [01/Mar/2015:02:31:42 -0500] "GET /BLA/resoluciones/RESOLUCIONES%202008/4820.pdf HTTP/1.1" 200 28910
66.249.67.84 - - [01/Mar/2015:02:32:02 -0500] "GET /BLA/resoluciones/RESOLUCIONES%202010/4692.pdf HTTP/1.1" 200 757463
186.145.128.140 - - [01/Mar/2015:02:32:11 -0500] "POST /forest/actions/workplace.getReparto?a=0.9411556655541062 HTTP/1.1" 200 1353
186.145.128.140 - - [01/Mar/2015:02:32:15 -0500] "GET /forest/suactividades.do?verDocs=&codPro=95&numPro=2805818&codInst=2829207&a=0.9138505707960576 HTTP/1.1" 200 47762
66.249.67.84 - - [01/Mar/2015:02:32:21 -0500] "GET /BLA/resoluciones/RESOLUCIONES%202007/RES%202007%20101%20AL%20200/RESOLUCION%200158%20DE%202007.pdf HTTP/1.1" 200 22403
186.145.128.140 - - [01/Mar/2015:02:32:25 -0500] "GET /forest/session.jsp?a=0.9541651792824268 HTTP/1.1" 200 4
186.145.128.140 - - [01/Mar/2015:02:32:25 -0500] "GET /forest/documentos/1838814/2014IE68442.docx HTTP/1.1" 200 188100
66.249.67.76 - - [01/Mar/2015:02:32:41 -0500] "GET /BLA/resoluciones/AUTOS%202007/2162.pdf HTTP/1.1" 200 62866
66.249.67.76 - - [01/Mar/2015:02:33:01 -0500] "GET /BLA/resoluciones/RESOLUCIONES%202009/8339.pdf HTTP/1.1" 200 503248
66.249.67.68 - - [01/Mar/2015:02:33:12 -0500] "GET /BLA/resoluciones/RESOLUCIONES%202002/RES%202002%20551-600/00000595.tif HTTP/1.1" 200 123548
66.249.67.68 - - [01/Mar/2015:02:33:21 -0500] "GET /BLA/resoluciones/RESOLUCIONES%202010/5671.pdf HTTP/1.1" 200 279293
66.249.67.84 - - [01/Mar/2015:02:33:41 -0500] "GET /BLA/resoluciones/AUTOS%202007/1039.pdf HTTP/1.1" 200 49387
66.249.67.76 - - [01/Mar/2015:02:34:00 -0500] "GET /BLA/resoluciones/AUTOS%202007/3068.pdf HTTP/1.1" 200 185066
186.145.128.140 - - [01/Mar/2015:02:34:06 -0500] "POST /forest/actions/workplace.getReparto?a=0.8030521776527166 HTTP/1.1" 200 1041
186.145.128.140 - - [01/Mar/2015:02:34:09 -0500] "GET /forest/suactividades.do?verDocs=&codPro=198&numPro=2854557&codInst=2880337&a=0.06560492655262351 HTTP/1.1" 200 47669
186.145.128.140 - - [01/Mar/2015:02:34:12 -0500] "GET /forest/usudocumentos.do?p7z=1878976&a=0.9444841123186052&a=0.8710369979962707 HTTP/1.1" 200 2525
66.249.67.84 - - [01/Mar/2015:02:34:20 -0500] "GET /BLA/resoluciones/AUTOS%202007/1435.pdf HTTP/1.1" 200 29297
186.145.128.140 - - [01/Mar/2015:02:34:20 -0500] "GET /forest/documentos/1878976/2014IE108600.p7z:claro/Conceptotec.docx HTTP/1.1" 200 400532
66.249.67.84 - - [01/Mar/2015:02:34:40 -0500] "GET /BLA/resoluciones/AUTOS%202007/1488.pdf HTTP/1.1" 200 31264
180.76.6.156 - - [01/Mar/2015:02:34:50 -0500] "GET /BLA/boletinlegal;jsessionid=3BEDA47E1873C4E0A4C4B691B700EAC1?/? HTTP/1.1" 404 1018
66.249.67.68 - - [01/Mar/2015:02:35:00 -0500] "GET /BLA/resoluciones/AUTOS%202007/0984.pdf HTTP/1.1" 200 29076
66.249.67.68 - - [01/Mar/2015:02:35:20 -0500] "GET /BLA/resoluciones/RESOLUCIONES%202009/7109.pdf HTTP/1.1" 200 169768
74.86.158.107 - - [01/Mar/2015:02:35:23 -0500] "HEAD / HTTP/1.1" 302 -
66.249.67.76 - - [01/Mar/2015:02:35:39 -0500] "GET /BLA/resoluciones/RESOLUCIONES%202009/4981.pdf HTTP/1.1" 200 178302
66.249.67.68 - - [01/Mar/2015:02:36:19 -0500] "GET /BLA/resoluciones/AUTOS%202007/1459.pdf HTTP/1.1" 200 87688
66.249.67.84 - - [01/Mar/2015:02:36:39 -0500] "GET /BLA/resoluciones/RESOLUCIONES%202010/6630.pdf HTTP/1.1" 200 277458
66.249.67.76 - - [01/Mar/2015:02:36:59 -0500] "GET /BLA/resoluciones/RESOLUCIONES%202007/RES%202007%203901%20AL%204000/RESOLUCION%203981%20DE%202007.pdf HTTP/1.1" 200 753685
66.249.67.68 - - [01/Mar/2015:02:37:19 -0500] "GET /BLA/resoluciones/AUTOS%202007/0877.pdf HTTP/1.1" 200 87740
186.145.128.140 - - [01/Mar/2015:02:37:25 -0500] "GET /forest/session.jsp?a=0.9796848224941641 HTTP/1.1" 200 4
66.249.67.68 - - [01/Mar/2015:02:37:34 -0500] "GET /BLA/resoluciones/AUTOS%202007/3177.pdf HTTP/1.1" 200 83772
66.249.67.76 - - [01/Mar/2015:02:37:38 -0500] "GET /BLA/resoluciones/AUTOS%202007/1734.pdf HTTP/1.1" 200 36240
186.145.128.140 - - [01/Mar/2015:02:37:46 -0500] "POST /forest/actions/workplace.getReparto?a=0.7851607692427933 HTTP/1.1" 200 1170
186.145.128.140 - - [01/Mar/2015:02:37:48 -0500] "GET /forest/suactividades.do?verDocs=&codPro=95&numPro=2324373&codInst=2325817&a=0.6367122721858323 HTTP/1.1" 200 47419
186.145.128.140 - - [01/Mar/2015:02:37:51 -0500] "GET /forest/documentos/1453186/2012IE029425.doc HTTP/1.1" 200 841216
66.249.67.76 - - [01/Mar/2015:02:37:58 -0500] "GET /BLA/resoluciones/AUTOS%202007/1845.pdf HTTP/1.1" 200 31652
207.46.13.113 - - [01/Mar/2015:02:38:09 -0500] "GET /BLA/resoluciones/ HTTP/1.1" 200 7340
207.46.13.113 - - [01/Mar/2015:02:38:10 -0500] "GET /BLA/resoluciones/AUTOS%202007/?C=M;O=D HTTP/1.1" 200 593318
66.249.67.68 - - [01/Mar/2015:02:38:18 -0500] "GET /BLA/resoluciones/RESOLUCIONES%202009/3525.pdf HTTP/1.1" 200 721560
207.46.13.113 - - [01/Mar/2015:02:38:13 -0500] "GET /BLA/resoluciones/AUTOS%202007/?C=S;O=A HTTP/1.1" 200 609354
207.46.13.113 - - [01/Mar/2015:02:38:20 -0500] "GET /BLA/resoluciones/AUTOS%202009/?C=S;O=A HTTP/1.1" 200 509725
207.46.13.113 - - [01/Mar/2015:02:38:24 -0500] "GET /BLA/resoluciones/Autos%202008/?C=D;O=A HTTP/1.1" 200 609354
207.46.13.113 - - [01/Mar/2015:02:38:29 -0500] "GET /BLA/resoluciones/Autos%202008/?C=N;O=A HTTP/1.1" 200 537192
207.46.13.113 - - [01/Mar/2015:02:38:34 -0500] "GET /BLA/resoluciones/RESOLUCIONES%202008/?C=N;O=D HTTP/1.1" 200 593209
207.46.13.113 - - [01/Mar/2015:02:38:38 -0500] "GET /BLA/resoluciones/RESOLUCIONES%202009/?C=M;O=A HTTP/1.1" 200 665494
180.76.6.56 - - [01/Mar/2015:02:38:44 -0500] "GET /BLA/boletinlegal;jsessionid=05A7FE053C2DAC0D7FC453F3A8C24533?/? HTTP/1.1" 404 1018
207.46.13.113 - - [01/Mar/2015:02:38:42 -0500] "GET /BLA/resoluciones/RESOLUCIONES%202010/?C=D;O=A HTTP/1.1" 200 593332
207.46.13.113 - - [01/Mar/2015:02:38:48 -0500] "GET /BLA/resoluciones/RESOLUCIONES%202012/?C=M;O=A HTTP/1.1" 200 165599
207.46.13.113 - - [01/Mar/2015:02:38:49 -0500] "GET /BLA/resoluciones/index.php?dir=RESOLUCIONES%202008/&sort=date&order=asc HTTP/1.1" 200 672885
207.46.13.113 - - [01/Mar/2015:02:38:52 -0500] "GET /BLA/resoluciones/index.php?dir=RESOLUCIONES%202008/&sort=size&order=asc HTTP/1.1" 200 738616
186.145.128.140 - - [01/Mar/2015:02:38:58 -0500] "POST /forest/actions/workplace.getReparto?a=0.9799608828034252 HTTP/1.1" 200 965
207.46.13.113 - - [01/Mar/2015:02:38:55 -0500] "GET /BLA/resoluciones/index.php?dir=RESOLUCIONES%202010/&sort=date&order=asc HTTP/1.1" 200 672900
207.46.13.113 - - [01/Mar/2015:02:39:02 -0500] "GET /BLA/resoluciones/index.php?dir=RESOLUCIONES%202010/&sort=date&order=desc HTTP/1.1" 200 738618
207.46.13.113 - - [01/Mar/2015:02:39:07 -0500] "GET /BLA/resoluciones/index.php?dir=RESOLUCIONES%202011/&sort=name&order=desc HTTP/1.1" 200 681625
207.46.13.113 - - [01/Mar/2015:02:39:07 -0500] "GET /bla/resoluciones/RESOLUCIONES%202009/?C=M;O=A HTTP/1.1" 200 665494
207.46.13.113 - - [01/Mar/2015:02:39:11 -0500] "GET /bla/resoluciones/RESOLUCIONES%202009/?C=S;O=D HTTP/1.1" 200 593332
207.46.13.113 - - [01/Mar/2015:02:39:12 -0500] "GET /bla/resoluciones/RESOLUCIONES%202011/?C=M;O=D HTTP/1.1" 200 737445
66.249.67.84 - - [01/Mar/2015:02:39:17 -0500] "GET /BLA/resoluciones/RESOLUCIONES%202009/1044.pdf HTTP/1.1" 200 205220
207.46.13.113 - - [01/Mar/2015:02:39:16 -0500] "GET /bla/resoluciones/resoluciones%202009/?C=M;O=A HTTP/1.1" 200 665494
207.46.13.113 - - [01/Mar/2015:02:39:21 -0500] "GET /bla/resoluciones/resoluciones%202009/?C=S;O=D HTTP/1.1" 200 737656
207.46.13.113 - - [01/Mar/2015:02:39:25 -0500] "GET /bla/resoluciones/resoluciones%202010/?C=D;O=A HTTP/1.1" 200 673512
66.249.67.68 - - [01/Mar/2015:02:39:37 -0500] "GET /BLA/resoluciones/AUTOS%202007/0368.pdf HTTP/1.1" 200 172768
207.46.13.113 - - [01/Mar/2015:02:39:35 -0500] "GET /bla/resoluciones/resoluciones%202010/?C=N;O=A HTTP/1.1" 200 665494
207.46.13.113 - - [01/Mar/2015:02:39:40 -0500] "GET /bla/resoluciones/resoluciones%202011/?C=S;O=A HTTP/1.1" 200 665493
180.76.5.192 - - [01/Mar/2015:02:39:51 -0500] "GET /BLA/boletinlegal;jsessionid=1D3BC977810D0DA6AF7C5300F9F0265E?/? HTTP/1.1" 404 1018
66.249.67.76 - - [01/Mar/2015:02:39:57 -0500] "GET /BLA/resoluciones/RESOLUCIONES%202009/3733.pdf HTTP/1.1" 200 214171
66.249.67.84 - - [01/Mar/2015:02:40:17 -0500] "GET /BLA/resoluciones/AUTOS%202007/2228.pdf HTTP/1.1" 200 157842
74.86.158.107 - - [01/Mar/2015:02:40:23 -0500] "HEAD / HTTP/1.1" 302 -
66.249.67.84 - - [01/Mar/2015:02:40:37 -0500] "GET /BLA/resoluciones/AUTOS%202007/1413.pdf HTTP/1.1" 200 41968
181.255.151.135 - - [01/Mar/2015:02:40:39 -0500] "GET /galeria/galeria/jquery.fancybox.css?v=2.1.5 HTTP/1.1" 200 4895
181.255.151.135 - - [01/Mar/2015:02:40:39 -0500] "GET /BLA/boletinlegal/js/jquery.scrollTo-min.js HTTP/1.1" 200 1150
181.255.151.135 - - [01/Mar/2015:02:40:39 -0500] "GET /BLA/boletinlegal/js/jquery.scrollShow.js HTTP/1.1" 200 4586
181.255.151.135 - - [01/Mar/2015:02:40:39 -0500] "GET /galeria/galeria/jquery.fancybox.js?v=2.1.5 HTTP/1.1" 200 48706
66.249.67.84 - - [01/Mar/2015:02:40:57 -0500] "GET /BLA/resoluciones/RESOLUCIONES%202008/1168.pdf HTTP/1.1" 200 131020
186.145.128.140 - - [01/Mar/2015:02:41:06 -0500] "POST /forest/actions/workplace.getReparto?a=0.6727826802525669 HTTP/1.1" 200 1153
66.249.67.68 - - [01/Mar/2015:02:41:17 -0500] "GET /BLA/resoluciones/RESOLUCIONES%202008/5193.pdf HTTP/1.1" 200 58838
66.249.67.84 - - [01/Mar/2015:02:41:37 -0500] "GET /BLA/resoluciones/AUTOS%202008/2939.pdf HTTP/1.1" 200 74421
66.249.67.76 - - [01/Mar/2015:02:41:48 -0500] "GET /BLA/resoluciones/RESOLUCIONES%202009/9758.pdf HTTP/1.1" 304 -
66.249.67.68 - - [01/Mar/2015:02:41:55 -0500] "GET /BLA/resoluciones/AUTOS%202007/3792.pdf HTTP/1.1" 200 130747
186.145.128.140 - - [01/Mar/2015:02:42:01 -0500] "POST /forest/actions/workplace.getReparto?a=0.4076914764009416 HTTP/1.1" 200 1332
93.174.95.4 - - [01/Mar/2015:02:42:05 -0500] "GET / HTTP/1.0" 302 -
66.249.67.84 - - [01/Mar/2015:02:42:15 -0500] "GET /BLA/resoluciones/AUTOS%202007/2473.pdf HTTP/1.1" 200 104944
186.145.128.140 - - [01/Mar/2015:02:42:16 -0500] "GET /forest/suactividades.do?verDocs=&codPro=192&numPro=2770082&codInst=2792566&a=0.7335029866080731 HTTP/1.1" 200 57787
186.145.128.140 - - [01/Mar/2015:02:42:24 -0500] "GET /forest/usudocumentos.do?p7z=1871452&a=0.9366895067505538&a=0.4705219187308103 HTTP/1.1" 200 2527
186.145.128.140 - - [01/Mar/2015:02:42:25 -0500] "GET /forest/session.jsp?a=0.7336560031399131 HTTP/1.1" 200 4
186.145.128.140 - - [01/Mar/2015:02:42:26 -0500] "GET /forest/documentos/1871452/2014EE101076.p7z:claro/Requerimiento.docx HTTP/1.1" 200 174173
66.249.67.68 - - [01/Mar/2015:02:42:35 -0500] "GET /BLA/resoluciones/RESOLUCIONES%202010/4209.pdf HTTP/1.1" 200 428401
66.249.67.76 - - [01/Mar/2015:02:42:55 -0500] "GET /BLA/resoluciones/AUTOS%202007/3577.pdf HTTP/1.1" 200 185778
66.249.67.84 - - [01/Mar/2015:02:43:15 -0500] "GET /BLA/resoluciones/AUTOS%202007/3270.pdf HTTP/1.1" 200 201601
66.249.67.76 - - [01/Mar/2015:02:43:34 -0500] "GET /BLA/resoluciones/AUTOS%202007/3399.pdf HTTP/1.1" 200 71718
66.249.67.76 - - [01/Mar/2015:02:43:54 -0500] "GET /BLA/resoluciones/RESOLUCIONES%202009/2994.pdf HTTP/1.1" 200 608918
66.249.67.84 - - [01/Mar/2015:02:44:01 -0500] "GET /BLA/resoluciones/AUTOS%202007/2897.pdf HTTP/1.1" 200 253309
66.249.67.68 - - [01/Mar/2015:02:44:14 -0500] "GET /BLA/resoluciones/AUTOS%202007/1397.pdf HTTP/1.1" 200 26686
66.249.67.84 - - [01/Mar/2015:02:44:34 -0500] "GET /BLA/resoluciones/AUTOS%202007/1660.pdf HTTP/1.1" 200 268517
66.249.67.84 - - [01/Mar/2015:02:44:54 -0500] "GET /BLA/resoluciones/AUTOS%202008/2247.pdf HTTP/1.1" 200 243044
66.249.67.84 - - [01/Mar/2015:02:45:14 -0500] "GET /BLA/resoluciones/RESOLUCIONES%202010/4036.pdf HTTP/1.1" 200 760961
74.86.158.107 - - [01/Mar/2015:02:45:23 -0500] "HEAD / HTTP/1.1" 302 -
180.76.6.145 - - [01/Mar/2015:02:45:33 -0500] "GET /BLA/boletinlegal;jsessionid=215763E4B0633C37D99208850C0EAF78?/? HTTP/1.1" 404 1018
66.249.67.84 - - [01/Mar/2015:02:45:33 -0500] "GET /BLA/resoluciones/RESOLUCIONES%202008/0021.pdf HTTP/1.1" 200 26669
66.249.67.68 - - [01/Mar/2015:02:45:53 -0500] "GET /BLA/resoluciones/RESOLUCIONES%202010/7488.pdf HTTP/1.1" 200 36860
186.145.128.140 - - [01/Mar/2015:02:46:11 -0500] "POST /forest/actions/workplace.getReparto?a=0.705126975895837 HTTP/1.1" 200 1013
66.249.67.68 - - [01/Mar/2015:02:46:13 -0500] "GET /BLA/resoluciones/AUTOS%202007/1684.pdf HTTP/1.1" 200 74201
186.145.128.140 - - [01/Mar/2015:02:46:14 -0500] "GET /forest/suactividades.do?verDocs=&codPro=95&numPro=2164581&codInst=2165151&a=0.5857767562847584 HTTP/1.1" 200 57687
123.125.71.81 - - [01/Mar/2015:02:46:22 -0500] "GET /BLA/resoluciones/RESOLUCIONES%202008/4294.pdf HTTP/1.1" 304 -
66.249.67.76 - - [01/Mar/2015:02:46:26 -0500] "GET /BLA/resoluciones/AUTOS%202013/0219.pdf HTTP/1.1" 304 -
66.249.67.76 - - [01/Mar/2015:02:46:33 -0500] "GET /BLA/resoluciones/AUTOS%202008/1096.pdf HTTP/1.1" 200 65405
186.145.128.140 - - [01/Mar/2015:02:46:28 -0500] "GET /forest/documentos/1349743/2011IE98171.doc HTTP/1.1" 200 5214720
27.153.233.18 - - [01/Mar/2015:02:46:16 -0500] "GET /bla/boletinlegal/index.php? HTTP/1.1" 200 42645
68.180.229.40 - - [01/Mar/2015:02:47:07 -0500] "GET /BLA/boletinlegal/jurisprudencia/analisis/analisis%20sentencia%20C-596-10.doc HTTP/1.1" 200 36352
66.249.67.68 - - [01/Mar/2015:02:47:12 -0500] "GET /BLA/resoluciones/AUTOS%202007/1599.pdf HTTP/1.1" 200 46873
186.145.128.140 - - [01/Mar/2015:02:47:25 -0500] "GET /forest/session.jsp?a=0.6208370765671134 HTTP/1.1" 200 4
66.249.67.76 - - [01/Mar/2015:02:47:32 -0500] "GET /BLA/resoluciones/RESOLUCIONES%202008/0112.pdf HTTP/1.1" 200 17636
66.249.67.68 - - [01/Mar/2015:02:47:37 -0500] "GET /BLA/resoluciones/AUTOS%202011/2751.pdf HTTP/1.1" 304 -
27.153.233.18 - - [01/Mar/2015:02:47:00 -0500] "POST /bla/boletinlegal/index.php/trackback/ HTTP/1.1" 200 42645
66.249.67.68 - - [01/Mar/2015:02:47:52 -0500] "GET /BLA/resoluciones/RESOLUCIONES%202007/RES%202007%201101%20AL%201200/RESOLUCION%201156%20DE%202007.pdf HTTP/1.1" 200 552224
66.249.67.76 - - [01/Mar/2015:02:48:12 -0500] "GET /BLA/resoluciones/AUTOS%202007/0248.pdf HTTP/1.1" 200 15723
188.165.15.212 - - [01/Mar/2015:02:48:28 -0500] "GET /BLA/resoluciones/RESOLUCIONES%202003/RES%202003%20951-1000/975.tif HTTP/1.1" 200 145676
66.249.67.76 - - [01/Mar/2015:02:48:32 -0500] "GET /BLA/resoluciones/AUTOS%202008/1787.pdf HTTP/1.1" 200 201062
66.249.67.76 - - [01/Mar/2015:02:48:44 -0500] "GET /BLA/resoluciones/AUTOS%202008/2197.pdf HTTP/1.1" 200 84127
66.249.67.84 - - [01/Mar/2015:02:48:51 -0500] "GET /BLA/resoluciones/AUTOS%202007/1675.pdf HTTP/1.1" 200 135228
66.249.67.76 - - [01/Mar/2015:02:49:05 -0500] "GET /BLA/resoluciones/RESOLUCIONES%202010/6708.pdf HTTP/1.1" 304 -
66.249.67.84 - - [01/Mar/2015:02:49:11 -0500] "GET /BLA/resoluciones/AUTOS%202007/3530.pdf HTTP/1.1" 200 208241
220.181.108.121 - - [01/Mar/2015:02:49:17 -0500] "GET / HTTP/1.1" 302 -
123.125.71.54 - - [01/Mar/2015:02:49:17 -0500] "GET / HTTP/1.1" 302 -
186.145.128.140 - - [01/Mar/2015:02:49:29 -0500] "POST /forest/actions/workplace.getReparto?a=0.804500897647813 HTTP/1.1" 200 1268
66.249.67.84 - - [01/Mar/2015:02:49:31 -0500] "GET /BLA/resoluciones/AUTOS%202007/2549.pdf HTTP/1.1" 200 138293
186.145.128.140 - - [01/Mar/2015:02:49:32 -0500] "GET /forest/suactividades.do?verDocs=&codPro=95&numPro=2600161&codInst=2612969&a=0.10992203117348254 HTTP/1.1" 200 47490
66.249.67.68 - - [01/Mar/2015:02:49:36 -0500] "GET /BLA/resoluciones/Autos%202008/2607.pdf HTTP/1.1" 200 79780
186.145.128.140 - - [01/Mar/2015:02:49:33 -0500] "GET /forest/documentos/1668874/2013IE080125.doc HTTP/1.1" 200 1289728
66.249.67.68 - - [01/Mar/2015:02:49:51 -0500] "GET /BLA/resoluciones/RESOLUCIONES%202008/2011.pdf HTTP/1.1" 200 111980
66.249.67.68 - - [01/Mar/2015:02:50:11 -0500] "GET /BLA/resoluciones/AUTOS%202007/1687.pdf HTTP/1.1" 200 101389
180.76.6.58 - - [01/Mar/2015:02:50:13 -0500] "GET /BLA/boletinlegal;jsessionid=C8DCAC6A85694AE0FDDE173635CCD1A9?/? HTTP/1.1" 404 1018
74.86.158.107 - - [01/Mar/2015:02:50:23 -0500] "HEAD / HTTP/1.1" 302 -
66.249.67.84 - - [01/Mar/2015:02:50:28 -0500] "GET /BLA/resoluciones/RESOLUCIONES%202008/0453.pdf HTTP/1.1" 200 239316
66.249.67.68 - - [01/Mar/2015:02:50:30 -0500] "GET /BLA/resoluciones/RESOLUCIONES%202009/7581.pdf HTTP/1.1" 200 490681
186.145.128.140 - - [01/Mar/2015:02:50:39 -0500] "POST /forest/actions/workplace.getReparto?a=0.8816493528429419 HTTP/1.1" 200 1446
207.46.13.47 - - [01/Mar/2015:02:50:41 -0500] "GET /BLA/resoluciones/AUTOS%202007/?C=D;O=D HTTP/1.1" 200 593318
207.46.13.47 - - [01/Mar/2015:02:50:45 -0500] "GET /BLA/resoluciones/AUTOS%202011/?C=D;O=A HTTP/1.1" 200 593318
66.249.67.68 - - [01/Mar/2015:02:50:50 -0500] "GET /BLA/resoluciones/AUTOS%202008/2054.pdf HTTP/1.1" 200 194508
207.46.13.47 - - [01/Mar/2015:02:50:48 -0500] "GET /BLA/resoluciones/Autos%202008/?C=S;O=D HTTP/1.1" 200 593318
207.46.13.47 - - [01/Mar/2015:02:50:53 -0500] "GET /BLA/resoluciones/RESOLUCIONES%202008/?C=M;O=D HTTP/1.1" 200 593209
207.46.13.47 - - [01/Mar/2015:02:50:56 -0500] "GET /BLA/resoluciones/RESOLUCIONES%202008/?C=S;O=A HTTP/1.1" 200 593001
207.46.13.47 - - [01/Mar/2015:02:51:00 -0500] "GET /BLA/resoluciones/RESOLUCIONES%202009/?C=D;O=A HTTP/1.1" 200 609367
207.46.13.47 - - [01/Mar/2015:02:51:07 -0500] "GET /BLA/resoluciones/RESOLUCIONES%202012/?C=D;O=A HTTP/1.1" 200 165599
207.46.13.47 - - [01/Mar/2015:02:51:06 -0500] "GET /BLA/resoluciones/RESOLUCIONES%202010/?C=S;O=D HTTP/1.1" 200 665494
207.46.13.47 - - [01/Mar/2015:02:51:09 -0500] "GET /BLA/resoluciones/RESOLUCIONES%202012/?C=N;O=A HTTP/1.1" 200 165599
66.249.67.76 - - [01/Mar/2015:02:51:12 -0500] "GET /BLA/resoluciones/AUTOS%202007/0552.pdf HTTP/1.1" 200 132940
207.46.13.47 - - [01/Mar/2015:02:51:10 -0500] "GET /BLA/resoluciones/Resoluciones%202011/?C=D;O=D HTTP/1.1" 200 593122
207.46.13.47 - - [01/Mar/2015:02:51:11 -0500] "GET /BLA/resoluciones/Resoluciones%202011/?C=N;O=D HTTP/1.1" 200 609158
207.46.13.47 - - [01/Mar/2015:02:51:13 -0500] "GET /BLA/resoluciones/index.php?dir=AUTOS%202009/&sort=name&order=asc HTTP/1.1" 200 393983
207.46.13.47 - - [01/Mar/2015:02:51:17 -0500] "GET /BLA/resoluciones/index.php?dir=AUTOS%202010/&sort=date&order=asc HTTP/1.1" 200 235285
207.46.13.47 - - [01/Mar/2015:02:51:19 -0500] "GET /BLA/resoluciones/index.php?dir=AUTOS%202010/&sort=size&order=asc HTTP/1.1" 200 235285
207.46.13.47 - - [01/Mar/2015:02:51:20 -0500] "GET /BLA/resoluciones/index.php?dir=AUTOS%202010/&sort=size&order=desc HTTP/1.1" 200 235284
207.46.13.47 - - [01/Mar/2015:02:51:22 -0500] "GET /BLA/resoluciones/index.php?dir=AUTOS%202012/&sort=name&order=desc HTTP/1.1" 200 250870
207.46.13.47 - - [01/Mar/2015:02:51:25 -0500] "GET /BLA/resoluciones/index.php?dir=RESOLUCIONES%202008/&sort=name&order=desc HTTP/1.1" 200 738531
66.249.67.84 - - [01/Mar/2015:02:51:31 -0500] "GET /BLA/resoluciones/AUTOS%202008/2762.pdf HTTP/1.1" 200 98982
157.55.39.187 - - [01/Mar/2015:02:51:28 -0500] "GET /BLA/resoluciones/AUTOS%202009/?C=D;O=A HTTP/1.1" 200 509725
157.55.39.187 - - [01/Mar/2015:02:51:32 -0500] "GET /BLA/resoluciones/Autos%202008/?C=M;O=D HTTP/1.1" 200 617372
188.165.15.41 - - [01/Mar/2015:02:51:39 -0500] "GET /BLA/resoluciones/index.php?dir=RESOLUCIONES%202006/RES%202006%20901-950/&sort=size&order=asc HTTP/1.1" 200 12239
157.55.39.189 - - [01/Mar/2015:02:51:35 -0500] "GET /BLA/resoluciones/RESOLUCIONES%202008/?C=M;O=A HTTP/1.1" 200 737444
157.55.39.189 - - [01/Mar/2015:02:51:39 -0500] "GET /BLA/resoluciones/RESOLUCIONES%202008/?C=S;O=D HTTP/1.1" 200 665076
157.55.39.189 - - [01/Mar/2015:02:51:43 -0500] "GET /BLA/resoluciones/RESOLUCIONES%202009/ HTTP/1.1" 200 593331
66.249.67.68 - - [01/Mar/2015:02:51:50 -0500] "GET /BLA/resoluciones/AUTOS%202007/3822.pdf HTTP/1.1" 200 51163
157.55.39.186 - - [01/Mar/2015:02:51:47 -0500] "GET /BLA/resoluciones/RESOLUCIONES%202009/?C=D;O=D HTTP/1.1" 200 593123
157.55.39.186 - - [01/Mar/2015:02:51:51 -0500] "GET /BLA/resoluciones/RESOLUCIONES%202010/?C=M;O=D HTTP/1.1" 200 665494
157.55.39.186 - - [01/Mar/2015:02:51:58 -0500] "GET /BLA/resoluciones/RESOLUCIONES%202012/ HTTP/1.1" 200 165599
157.55.39.186 - - [01/Mar/2015:02:51:56 -0500] "GET /BLA/resoluciones/RESOLUCIONES%202010/?C=S;O=A HTTP/1.1" 200 665494
157.55.39.186 - - [01/Mar/2015:02:52:00 -0500] "GET /BLA/resoluciones/Resoluciones%202011/?C=D;O=A HTTP/1.1" 200 665283
157.55.39.186 - - [01/Mar/2015:02:52:00 -0500] "GET /BLA/resoluciones/Resoluciones%202011/?C=N;O=A HTTP/1.1" 200 665283
207.46.13.47 - - [01/Mar/2015:02:52:03 -0500] "GET /BLA/resoluciones/index.php?dir=RESOLUCIONES%202010/&sort=name&order=desc HTTP/1.1" 200 607245
157.55.39.186 - - [01/Mar/2015:02:52:03 -0500] "GET /BLA/resoluciones/index.php?dir=AUTOS%202009/&sort=date&order=desc HTTP/1.1" 200 393982
207.46.13.47 - - [01/Mar/2015:02:52:06 -0500] "GET /robots.txt HTTP/1.1" 404 1018
157.55.39.186 - - [01/Mar/2015:02:52:04 -0500] "GET /BLA/resoluciones/index.php?dir=AUTOS+2009%2F HTTP/1.1" 200 393983
157.55.39.186 - - [01/Mar/2015:02:52:07 -0500] "GET /BLA/resoluciones/index.php?dir=AUTOS+2012%2F HTTP/1.1" 200 250871
66.249.67.84 - - [01/Mar/2015:02:52:10 -0500] "GET /BLA/resoluciones/RESOLUCIONES%202009/8715.pdf HTTP/1.1" 200 497024
207.46.13.47 - - [01/Mar/2015:02:52:06 -0500] "GET /bla/resoluciones/RESOLUCIONES%202009/?C=N;O=A HTTP/1.1" 200 593331
157.55.39.186 - - [01/Mar/2015:02:52:08 -0500] "GET /BLA/resoluciones/index.php?dir=RESOLUCIONES%202010/&sort=name&order=asc HTTP/1.1" 200 738604
207.46.13.47 - - [01/Mar/2015:02:52:10 -0500] "GET /bla/resoluciones/RESOLUCIONES%202011/?C=D;O=D HTTP/1.1" 200 737445
207.46.13.47 - - [01/Mar/2015:02:52:10 -0500] "GET /bla/resoluciones/resoluciones%202009/?C=D;O=A HTTP/1.1" 200 593331
157.55.39.186 - - [01/Mar/2015:02:52:14 -0500] "GET /BLA/resoluciones/index.php?dir=RESOLUCIONES%202010/&sort=size&order=desc HTTP/1.1" 200 673101
207.46.13.47 - - [01/Mar/2015:02:52:14 -0500] "GET /bla/resoluciones/resoluciones%202010/ HTTP/1.1" 200 737656
157.55.39.186 - - [01/Mar/2015:02:52:17 -0500] "GET /BLA/resoluciones/index.php?dir=RESOLUCIONES%202011/&sort=date&order=asc HTTP/1.1" 200 673053
157.55.39.186 - - [01/Mar/2015:02:52:21 -0500] "GET /BLA/resoluciones/index.php?dir=RESOLUCIONES%202012/&sort=date&order=asc HTTP/1.1" 200 134623
66.249.67.68 - - [01/Mar/2015:02:52:24 -0500] "GET /BLA/resoluciones/RESOLUCIONES%202008/0527.pdf HTTP/1.1" 304 -
186.145.128.140 - - [01/Mar/2015:02:52:25 -0500] "GET /forest/session.jsp?a=0.9556747565511614 HTTP/1.1" 200 4
157.55.39.186 - - [01/Mar/2015:02:52:22 -0500] "GET /BLA/resoluciones/index.php?dir=RESOLUCIONES%202011/&sort=date&order=asc HTTP/1.1" 200 673053
66.249.67.76 - - [01/Mar/2015:02:52:29 -0500] "GET /BLA/resoluciones/AUTOS%202007/2063.pdf HTTP/1.1" 200 72624
157.55.39.187 - - [01/Mar/2015:02:52:26 -0500] "GET /BLA/resoluciones/index.php?dir=RESOLUCIONES%202011/&sort=size&order=asc HTTP/1.1" 200 681626
157.55.39.187 - - [01/Mar/2015:02:52:34 -0500] "GET /BLA/resoluciones/index.php?dir=RESOLUCIONES+2012%2F HTTP/1.1" 200 134623
157.55.39.187 - - [01/Mar/2015:02:52:35 -0500] "GET /bla/resoluciones/RESOLUCIONES%202009/?C=D;O=D HTTP/1.1" 200 617177
157.55.39.189 - - [01/Mar/2015:02:52:42 -0500] "GET /bla/resoluciones/RESOLUCIONES%202011/?C=D;O=A HTTP/1.1" 200 601139
66.249.67.84 - - [01/Mar/2015:02:52:49 -0500] "GET /BLA/resoluciones/AUTOS%202007/0741.pdf HTTP/1.1" 200 24030
66.249.67.76 - - [01/Mar/2015:02:52:54 -0500] "GET /BLA/resoluciones/RESOLUCIONES%202005/RES%202005%20551-600/00000567.tif HTTP/1.1" 200 123320
157.55.39.186 - - [01/Mar/2015:02:52:48 -0500] "GET /bla/resoluciones/RESOLUCIONES%202011/?C=N;O=A HTTP/1.1" 200 737445
188.165.15.191 - - [01/Mar/2015:02:52:59 -0500] "GET /BLA/resoluciones/index.php?dir=RESOLUCIONES%202006/RES%202006%201601-1650/&sort=date&order=desc HTTP/1.1" 200 12365
157.55.39.186 - - [01/Mar/2015:02:52:59 -0500] "GET /bla/resoluciones/autos%202010/?C=S;O=D HTTP/1.1" 200 303158
157.55.39.186 - - [01/Mar/2015:02:53:02 -0500] "GET /bla/resoluciones/resoluciones%202009/ HTTP/1.1" 200 673511
66.249.67.84 - - [01/Mar/2015:02:53:09 -0500] "GET /BLA/resoluciones/AUTOS%202007/1393.pdf HTTP/1.1" 200 112133
157.55.39.186 - - [01/Mar/2015:02:53:05 -0500] "GET /bla/resoluciones/resoluciones%202009/?C=N;O=D HTTP/1.1" 200 665285
157.55.39.186 - - [01/Mar/2015:02:53:09 -0500] "GET /bla/resoluciones/resoluciones%202010/?C=M;O=D HTTP/1.1" 200 737656
186.145.128.140 - - [01/Mar/2015:02:53:20 -0500] "POST /forest/actions/workplace.getReparto?a=0.030663860263302922 HTTP/1.1" 200 1002
186.145.128.140 - - [01/Mar/2015:02:53:22 -0500] "GET /forest/suactividades.do?verDocs=&codPro=95&numPro=2545805&codInst=2556001&a=0.9709087789524347 HTTP/1.1" 200 57758
157.55.39.187 - - [01/Mar/2015:02:53:21 -0500] "GET /bla/resoluciones/resoluciones%202011/?C=N;O=A HTTP/1.1" 200 737445
66.249.67.76 - - [01/Mar/2015:02:53:29 -0500] "GET /BLA/resoluciones/AUTOS%202007/0654.pdf HTTP/1.1" 200 143795
186.145.128.140 - - [01/Mar/2015:02:53:40 -0500] "GET /forest/documentos/1627099/2013IE038371.docx HTTP/1.1" 200 289763
66.249.67.84 - - [01/Mar/2015:02:53:49 -0500] "GET /BLA/resoluciones/AUTOS%202008/2627.pdf HTTP/1.1" 200 100412
66.249.67.84 - - [01/Mar/2015:02:54:08 -0500] "GET /BLA/resoluciones/RESOLUCIONES%202009/9274.pdf HTTP/1.1" 200 514168
66.249.67.84 - - [01/Mar/2015:02:54:28 -0500] "GET /BLA/resoluciones/RESOLUCIONES%202010/5811.pdf HTTP/1.1" 200 78769
66.249.67.68 - - [01/Mar/2015:02:54:48 -0500] "GET /BLA/resoluciones/AUTOS%202007/2202.pdf HTTP/1.1" 200 165676
180.76.5.170 - - [01/Mar/2015:02:54:55 -0500] "GET /BLA/boletinlegal;jsessionid=3B27AC4C5EBECCF4E56E98449BF34A48?/? HTTP/1.1" 404 1018
66.249.67.76 - - [01/Mar/2015:02:55:08 -0500] "GET /BLA/resoluciones/RESOLUCIONES%202008/1585.pdf HTTP/1.1" 200 323735
186.145.128.140 - - [01/Mar/2015:02:55:08 -0500] "POST /forest/actions/workplace.getReparto?a=0.3622864671051502 HTTP/1.1" 200 997
186.145.128.140 - - [01/Mar/2015:02:55:12 -0500] "GET /forest/suactividades.do?verDocs=&codPro=134&numPro=2554387&codInst=2564996&a=0.07040237192995846 HTTP/1.1" 200 68087
74.86.158.107 - - [01/Mar/2015:02:55:23 -0500] "HEAD / HTTP/1.1" 302 -
186.145.128.140 - - [01/Mar/2015:02:55:25 -0500] "GET /forest/usudocumentos.do?p7z=1643931&a=0.2096283114515245&a=0.5625302733387798 HTTP/1.1" 200 2526
66.249.67.76 - - [01/Mar/2015:02:55:28 -0500] "GET /BLA/resoluciones/AUTOS%202007/2639.pdf HTTP/1.1" 200 28924
186.145.128.140 - - [01/Mar/2015:02:55:27 -0500] "GET /forest/documentos/1643931/2013IE055184.p7z:claro/Concepto%20Tecnico.doc HTTP/1.1" 200 622592
66.249.67.76 - - [01/Mar/2015:02:55:47 -0500] "GET /BLA/resoluciones/RESOLUCIONES%202008/3959.pdf HTTP/1.1" 200 15832
66.249.67.68 - - [01/Mar/2015:02:56:07 -0500] "GET /BLA/resoluciones/AUTOS%202007/2738.pdf HTTP/1.1" 200 74060
66.249.67.84 - - [01/Mar/2015:02:56:15 -0500] "GET /BLA/resoluciones/RESOLUCIONES%202004/RES%202004%20701-750/00000721.tif HTTP/1.1" 200 123984
66.249.67.84 - - [01/Mar/2015:02:56:27 -0500] "GET /BLA/resoluciones/AUTOS%202007/2396.pdf HTTP/1.1" 200 82012
66.249.67.84 - - [01/Mar/2015:02:56:47 -0500] "GET /BLA/resoluciones/RESOLUCIONES%202009/8764.pdf HTTP/1.1" 200 55666
66.249.67.76 - - [01/Mar/2015:02:56:58 -0500] "GET /BLA/resoluciones/AUTOS%202007/1275.pdf HTTP/1.1" 200 83975
186.145.128.140 - - [01/Mar/2015:02:57:04 -0500] "POST /forest/actions/workplace.getReparto?a=0.20778457960113883 HTTP/1.1" 200 996
66.249.67.68 - - [01/Mar/2015:02:57:07 -0500] "GET /BLA/resoluciones/RESOLUCIONES%202007/RES%202007%202401%20AL%202500/RESOLUCION%202459%20DE%202007.pdf HTTP/1.1" 200 858374
186.145.128.140 - - [01/Mar/2015:02:57:07 -0500] "GET /forest/suactividades.do?verDocs=&codPro=134&numPro=2573027&codInst=2584668&a=0.4088867490645498 HTTP/1.1" 200 68128
186.145.128.140 - - [01/Mar/2015:02:57:09 -0500] "GET /forest/usudocumentos.do?p7z=1662163&a=0.06461875815875828&a=0.9534993444103748 HTTP/1.1" 200 2526
180.76.6.52 - - [01/Mar/2015:02:57:10 -0500] "GET /BLA/resoluciones/AUTOS%202010/5518.pdf HTTP/1.1" 200 150117
186.145.128.140 - - [01/Mar/2015:02:57:11 -0500] "GET /forest/documentos/1662163/2013IE073414.p7z:claro/Concepto%20Tecnico.doc HTTP/1.1" 200 717824
188.165.15.61 - - [01/Mar/2015:02:57:24 -0500] "GET /BLA/resoluciones/RESOLUCIONES%202005/RES%202005%201751-1800/00001755.tif HTTP/1.1" 200 141956
186.145.128.140 - - [01/Mar/2015:02:57:25 -0500] "GET /forest/session.jsp?a=0.46429845388047397 HTTP/1.1" 200 4
66.249.67.84 - - [01/Mar/2015:02:57:27 -0500] "GET /BLA/resoluciones/RESOLUCIONES%202008/1507.pdf HTTP/1.1" 200 17510
66.249.67.76 - - [01/Mar/2015:02:57:46 -0500] "GET /BLA/resoluciones/AUTOS%202007/0161.pdf HTTP/1.1" 200 47936
66.249.67.84 - - [01/Mar/2015:02:57:52 -0500] "GET /BLA/resoluciones/RESOLUCIONES%202009/2070.pdf HTTP/1.1" 200 649019
66.249.67.76 - - [01/Mar/2015:02:58:06 -0500] "GET /BLA/resoluciones/RESOLUCIONES%202009/7925.pdf HTTP/1.1" 200 167116
180.76.5.71 - - [01/Mar/2015:02:58:17 -0500] "GET /BLA/boletinlegal;jsessionid=07149795AC0285E812EF43B4CA1F0722?/? HTTP/1.1" 404 1018
66.249.67.68 - - [01/Mar/2015:02:58:26 -0500] "GET /BLA/resoluciones/AUTOS%202007/1389.pdf HTTP/1.1" 200 27080
66.249.67.76 - - [01/Mar/2015:02:58:32 -0500] "GET /BLA/resoluciones/RESOLUCIONES%202010/6305.pdf HTTP/1.1" 304 -
66.249.67.68 - - [01/Mar/2015:02:58:40 -0500] "GET /BLA/resoluciones/RESOLUCIONES%202003/RES%202003%20251-300/275.tif HTTP/1.1" 200 105916
66.249.67.84 - - [01/Mar/2015:02:58:46 -0500] "GET /BLA/resoluciones/AUTOS%202007/1386.pdf HTTP/1.1" 200 28611
188.165.15.41 - - [01/Mar/2015:02:58:52 -0500] "GET /BLA/resoluciones/RESOLUCIONES%202004/RES%202004%20651-700/00000687.tif HTTP/1.1" 200 185834
66.249.67.84 - - [01/Mar/2015:02:59:06 -0500] "GET /BLA/resoluciones/AUTOS%202008/1695.pdf HTTP/1.1" 200 135911
180.76.5.57 - - [01/Mar/2015:02:59:24 -0500] "GET /BLA/boletinlegal;jsessionid=E6508E26D855A823B0D65EA4C22D2DF2?/? HTTP/1.1" 404 1018
66.249.67.68 - - [01/Mar/2015:02:59:24 -0500] "GET /BLA/resoluciones/AUTOS%202010/1309.pdf HTTP/1.1" 200 267883
66.249.67.84 - - [01/Mar/2015:02:59:25 -0500] "GET /BLA/resoluciones/AUTOS%202008/1839.pdf HTTP/1.1" 200 312556
66.249.67.84 - - [01/Mar/2015:02:59:45 -0500] "GET /BLA/resoluciones/AUTOS%202008/2115.pdf HTTP/1.1" 200 75658
66.249.67.84 - - [01/Mar/2015:03:00:05 -0500] "GET /BLA/resoluciones/RESOLUCIONES%202009/9744.pdf HTTP/1.1" 200 312140
74.86.158.107 - - [01/Mar/2015:03:00:23 -0500] "HEAD / HTTP/1.1" 302 -
188.165.15.204 - - [01/Mar/2015:03:00:25 -0500] "GET /BLA/resoluciones/RESOLUCIONES%202002/RES%202002%20151-200/2002RES155.tif HTTP/1.1" 200 64094
66.249.67.76 - - [01/Mar/2015:03:00:25 -0500] "GET /BLA/resoluciones/AUTOS%202008/1991.pdf HTTP/1.1" 200 110337
66.249.67.84 - - [01/Mar/2015:03:00:45 -0500] "GET /BLA/resoluciones/AUTOS%202008/2458.pdf HTTP/1.1" 200 162203
188.165.15.223 - - [01/Mar/2015:03:01:05 -0500] "GET /BLA/resoluciones/RESOLUCIONES%202004/RES%202004%202251-2300/00002279.tif HTTP/1.1" 200 150642
66.249.67.68 - - [01/Mar/2015:03:01:06 -0500] "GET /BLA/resoluciones/index.php?dir=RESOLUCIONES%202003/RES%202003%20501-550/&sort=size&order=asc HTTP/1.1" 200 11308
66.249.67.68 - - [01/Mar/2015:03:01:24 -0500] "GET /BLA/resoluciones/RESOLUCIONES%202010/7510.pdf HTTP/1.1" 200 55322
66.249.67.68 - - [01/Mar/2015:03:01:44 -0500] "GET /BLA/resoluciones/RESOLUCIONES%202013/1183.pdf HTTP/1.1" 200 399363
186.145.128.140 - - [01/Mar/2015:02:59:58 -0500] "GET /forest/index2.jsp?_a=0.4909615006763488 HTTP/1.1" 200 78058
186.145.128.140 - - [01/Mar/2015:03:01:48 -0500] "GET /forest/session.jsp?a=0.20875667966902256 HTTP/1.1" 200 4
180.76.5.80 - - [01/Mar/2015:03:01:55 -0500] "GET /BLA/boletinlegal;jsessionid=4F0D5DEF5BE37575E5D5C937EE4E75B8?/? HTTP/1.1" 404 1018
186.114.57.107 - - [01/Mar/2015:03:02:23 -0500] "GET /galeria/galeria/jquery.fancybox.css?v=2.1.5 HTTP/1.1" 200 4895
186.114.57.107 - - [01/Mar/2015:03:02:23 -0500] "GET /BLA/boletinlegal/js/jquery.scrollTo-min.js HTTP/1.1" 200 1150
186.114.57.107 - - [01/Mar/2015:03:02:23 -0500] "GET /BLA/boletinlegal/js/jquery.scrollShow.js HTTP/1.1" 200 4586
186.114.57.107 - - [01/Mar/2015:03:02:23 -0500] "GET /galeria/galeria/jquery.fancybox.js?v=2.1.5 HTTP/1.1" 200 48706
66.249.67.84 - - [01/Mar/2015:03:02:24 -0500] "GET /BLA/resoluciones/AUTOS%202007/1491.pdf HTTP/1.1" 200 25393
66.249.67.76 - - [01/Mar/2015:03:03:03 -0500] "GET /BLA/resoluciones/RESOLUCIONES%202010/7041.pdf HTTP/1.1" 200 62643
66.249.67.76 - - [01/Mar/2015:03:03:23 -0500] "GET /BLA/resoluciones/AUTOS%202008/0697.pdf HTTP/1.1" 200 91310
66.249.67.68 - - [01/Mar/2015:03:03:25 -0500] "GET /BLA/resoluciones/AUTOS%202007/3189.pdf HTTP/1.1" 200 73759
66.249.67.68 - - [01/Mar/2015:03:03:27 -0500] "GET /BLA/resoluciones/RESOLUCIONES%202010/7460.pdf HTTP/1.1" 304 -
66.249.67.84 - - [01/Mar/2015:03:03:43 -0500] "GET /BLA/resoluciones/AUTOS%202007/2312.pdf HTTP/1.1" 200 31170
180.76.5.147 - - [01/Mar/2015:03:03:53 -0500] "GET /BLA/boletinlegal;jsessionid=BB88A87F15FFC2BB294C767AF649D451?/? HTTP/1.1" 404 1018
66.249.67.76 - - [01/Mar/2015:03:04:03 -0500] "GET /BLA/resoluciones/RESOLUCIONES%202007/RES%202007%201301%20AL%201400/RESOLUCION%201340%20DE%202007.pdf HTTP/1.1" 200 27194
66.249.67.84 - - [01/Mar/2015:03:04:23 -0500] "GET /BLA/resoluciones/AUTOS%202008/1287.pdf HTTP/1.1" 200 61241
59.58.157.42 - - [01/Mar/2015:03:03:57 -0500] "GET /bla/boletinlegal/index.php? HTTP/1.1" 200 43085
66.249.67.76 - - [01/Mar/2015:03:04:42 -0500] "GET /BLA/resoluciones/AUTOS%202007/1588.pdf HTTP/1.1" 200 29396
66.249.67.76 - - [01/Mar/2015:03:05:02 -0500] "GET /BLA/resoluciones/AUTOS%202008/1242.pdf HTTP/1.1" 200 68754
59.58.157.42 - - [01/Mar/2015:03:04:37 -0500] "POST /bla/boletinlegal/index.php/trackback/ HTTP/1.1" 200 43085
66.249.67.76 - - [01/Mar/2015:03:05:22 -0500] "GET /BLA/resoluciones/AUTOS%202007/1394.pdf HTTP/1.1" 200 25321
74.86.158.107 - - [01/Mar/2015:03:05:23 -0500] "HEAD / HTTP/1.1" 302 -
66.249.67.84 - - [01/Mar/2015:03:05:42 -0500] "GET /BLA/resoluciones/RESOLUCIONES%202010/7879.pdf HTTP/1.1" 200 399428
180.76.5.28 - - [01/Mar/2015:03:05:54 -0500] "GET /Autoliquidacion/index.php?dir=TR%C1MITES%20MINER%CDA/&sort=size&order=asc HTTP/1.1" 200 2829
66.249.67.68 - - [01/Mar/2015:03:06:02 -0500] "GET /BLA/resoluciones/RESOLUCIONES%202009/1042.pdf HTTP/1.1" 200 208653
188.165.15.212 - - [01/Mar/2015:03:06:06 -0500] "GET /BLA/resoluciones/RESOLUCIONES%202002/RES%202002%20701-750/00000715.tif HTTP/1.1" 200 42146
66.249.67.76 - - [01/Mar/2015:03:06:21 -0500] "GET /BLA/resoluciones/RESOLUCIONES%202009/9161.pdf HTTP/1.1" 200 436823
66.249.67.68 - - [01/Mar/2015:03:06:41 -0500] "GET /BLA/resoluciones/RESOLUCIONES%202011/4131.pdf HTTP/1.1" 200 94375
188.165.15.223 - - [01/Mar/2015:03:06:51 -0500] "GET /BLA/resoluciones/RESOLUCIONES%202005/RES%202005%20551-600/00000562.tif HTTP/1.1" 200 220334
66.249.67.68 - - [01/Mar/2015:03:07:01 -0500] "GET /BLA/resoluciones/RESOLUCIONES%202009/7344.pdf HTTP/1.1" 200 450102
181.133.86.115 - - [01/Mar/2015:03:07:19 -0500] "GET /galeria/galeria/jquery.fancybox.css?v=2.1.5 HTTP/1.1" 200 4895
181.133.86.115 - - [01/Mar/2015:03:07:19 -0500] "GET /BLA/boletinlegal/js/jquery.scrollTo-min.js HTTP/1.1" 200 1150
181.133.86.115 - - [01/Mar/2015:03:07:19 -0500] "GET /BLA/boletinlegal/js/jquery.scrollShow.js HTTP/1.1" 200 4586
181.133.86.115 - - [01/Mar/2015:03:07:19 -0500] "GET /galeria/galeria/jquery.fancybox.js?v=2.1.5 HTTP/1.1" 200 48706
66.249.67.76 - - [01/Mar/2015:03:07:21 -0500] "GET /BLA/resoluciones/RESOLUCIONES%202009/3919.pdf HTTP/1.1" 200 911312
66.249.67.76 - - [01/Mar/2015:03:07:41 -0500] "GET /BLA/resoluciones/RESOLUCIONES%202007/RES%202007%201501%20AL%201600/RESOLUCION%201547%20DE%202007.pdf HTTP/1.1" 200 1022571
188.165.15.160 - - [01/Mar/2015:03:07:54 -0500] "GET /BLA/resoluciones/RESOLUCIONES%202005/RES%202005%202401-2450/00002416.tif HTTP/1.1" 200 298414
66.249.67.76 - - [01/Mar/2015:03:08:00 -0500] "GET /BLA/resoluciones/AUTOS%202007/1543.pdf HTTP/1.1" 200 181780
188.165.15.235 - - [01/Mar/2015:03:08:02 -0500] "GET /BLA/resoluciones/AUTOS%202006/AUTOS%202006%20501-600/00000516.tif HTTP/1.1" 200 40414
189.152.152.205 - - [01/Mar/2015:03:08:09 -0500] "GET /galeria/galeria/jquery.fancybox.css?v=2.1.5 HTTP/1.1" 200 4895
189.152.152.205 - - [01/Mar/2015:03:08:09 -0500] "GET /BLA/boletinlegal/js/jquery.scrollTo-min.js HTTP/1.1" 200 1150
189.152.152.205 - - [01/Mar/2015:03:08:09 -0500] "GET /galeria/galeria/jquery.fancybox.js?v=2.1.5 HTTP/1.1" 200 48706
189.152.152.205 - - [01/Mar/2015:03:08:09 -0500] "GET /BLA/boletinlegal/js/jquery.scrollShow.js HTTP/1.1" 200 4586
66.249.67.68 - - [01/Mar/2015:03:08:20 -0500] "GET /BLA/resoluciones/AUTOS%202007/2961.pdf HTTP/1.1" 200 69763
66.249.67.84 - - [01/Mar/2015:03:08:40 -0500] "GET /BLA/resoluciones/RESOLUCIONES%202008/5105.pdf HTTP/1.1" 200 352606
66.249.67.76 - - [01/Mar/2015:03:09:00 -0500] "GET /BLA/resoluciones/AUTOS%202007/0918.pdf HTTP/1.1" 200 74185
66.249.67.84 - - [01/Mar/2015:03:09:11 -0500] "GET /BLA/resoluciones/RESOLUCIONES%202011/6015.pdf HTTP/1.1" 304 -
66.249.67.68 - - [01/Mar/2015:03:09:20 -0500] "GET /BLA/resoluciones/RESOLUCIONES%202008/3000.pdf HTTP/1.1" 200 101758
66.249.67.84 - - [01/Mar/2015:03:09:40 -0500] "GET /BLA/resoluciones/AUTOS%202007/0167.pdf HTTP/1.1" 200 47172
66.249.67.68 - - [01/Mar/2015:03:09:53 -0500] "GET /BLA/resoluciones/AUTOS%202008/1426.pdf HTTP/1.1" 200 97748
