66.249.67.84 - - [01/Mar/2015:01:37:33 -0500] "GET /BLA/resoluciones/AUTOS%202007/0852.pdf HTTP/1.1" 200 92391
92.48.105.158 - - [01/Mar/2015:01:37:37 -0500] "GET /wordpress/wp-admin/ HTTP/1.1" 404 1018
66.249.67.68 - - [01/Mar/2015:01:37:49 -0500] "GET /BLA/resoluciones/RESOLUCIONES%202008/2978.pdf HTTP/1.1" 200 258258
66.249.67.76 - - [01/Mar/2015:01:37:53 -0500] "GET /BLA/resoluciones/AUTOS%202007/0221.pdf HTTP/1.1" 200 32473
186.145.128.140 - - [01/Mar/2015:01:38:10 -0500] "GET /forest/session.jsp?a=0.5472852250095457 HTTP/1.1" 200 4
66.249.67.68 - - [01/Mar/2015:01:38:12 -0500] "GET /BLA/resoluciones/RESOLUCIONES%202008/0553.pdf HTTP/1.1" 200 118055
190.26.210.162 - - [01/Mar/2015:01:38:16 -0500] "GET / HTTP/1.1" 302 -
66.249.67.68 - - [01/Mar/2015:01:38:32 -0500] "GET /BLA/resoluciones/AUTOS%202007/0844.pdf HTTP/1.1" 200 318888
186.145.128.140 - - [01/Mar/2015:01:38:44 -0500] "POST /forest/actions/workplace.getReparto?a=0.510568963130936 HTTP/1.1" 200 999
186.145.128.140 - - [01/Mar/2015:01:38:47 -0500] "GET /forest/suactividades.do?verDocs=&codPro=134&numPro=2639930&codInst=2655042&a=0.5308140725828707 HTTP/1.1" 200 78171
66.249.67.76 - - [01/Mar/2015:01:38:48 -0500] "GET /BLA/resoluciones/RESOLUCIONES%202008/4433.pdf HTTP/1.1" 200 299798
66.249.67.68 - - [01/Mar/2015:01:38:52 -0500] "GET /BLA/resoluciones/AUTOS%202008/3119.pdf HTTP/1.1" 200 52001
66.249.67.84 - - [01/Mar/2015:01:39:12 -0500] "GET /BLA/resoluciones/RESOLUCIONES%202010/6731.pdf HTTP/1.1" 200 322865
66.249.67.76 - - [01/Mar/2015:01:39:17 -0500] "GET /BLA/resoluciones/RESOLUCIONES%202008/2248.pdf HTTP/1.1" 200 191143
190.26.210.162 - - [01/Mar/2015:01:39:17 -0500] "GET /BLA/boletinlegal/js/jquery.scrollTo-min.js HTTP/1.1" 304 -
190.26.210.162 - - [01/Mar/2015:01:39:17 -0500] "GET /BLA/boletinlegal/js/jquery.scrollShow.js HTTP/1.1" 304 -
190.26.210.162 - - [01/Mar/2015:01:39:18 -0500] "GET /galeria/galeria/jquery.fancybox.js?v=2.1.5 HTTP/1.1" 200 48706
190.26.210.162 - - [01/Mar/2015:01:39:18 -0500] "GET /galeria/galeria/jquery.fancybox.css?v=2.1.5 HTTP/1.1" 200 4895
190.26.210.162 - - [01/Mar/2015:01:39:24 -0500] "GET /galeria/nivo-slider/demo/demo.html HTTP/1.1" 304 -
190.26.210.162 - - [01/Mar/2015:01:39:24 -0500] "GET /galeria/carrusel/Carrusel/jquery.thumbnailScroller.css HTTP/1.1" 304 -
190.26.210.162 - - [01/Mar/2015:01:39:24 -0500] "GET /galeria/carrusel/Carrusel/jquery-ui- HTTP/1.1" 404 1018
190.26.210.162 - - [01/Mar/2015:01:39:25 -0500] "GET /galeria/carrusel/Carrusel/jquery.thumbnailScroller.js HTTP/1.1" 304 -
190.26.210.162 - - [01/Mar/2015:01:39:28 -0500] "GET /videos/Humedals2015WEB.flv HTTP/1.1" 304 -
186.145.128.140 - - [01/Mar/2015:01:39:31 -0500] "GET /forest/usudocumentos.do?p7z=1709340&a=0.5995979565195739&a=0.8279502014629543 HTTP/1.1" 200 2526
66.249.67.68 - - [01/Mar/2015:01:39:32 -0500] "GET /BLA/resoluciones/AUTOS%202007/2982.pdf HTTP/1.1" 200 64244
186.145.128.140 - - [01/Mar/2015:01:39:36 -0500] "GET /forest/documentos/1709340/2013IE120585.p7z:claro/Concepto%20Tecnico.doc HTTP/1.1" 200 468480
66.249.67.84 - - [01/Mar/2015:01:39:51 -0500] "GET /BLA/resoluciones/RESOLUCIONES%202009/8976.pdf HTTP/1.1" 200 269417
66.249.67.120 - - [01/Mar/2015:01:39:54 -0500] "GET /dama/libreria/php/decide.php?patron=01. HTTP/1.1" 404 1019
190.26.210.162 - - [01/Mar/2015:01:39:24 -0500] "GET /BLA/boletinlegal/index.php? HTTP/1.1" 200 49041
190.26.210.162 - - [01/Mar/2015:01:40:09 -0500] "GET /galeria/nivo-slider/demo/ HTTP/1.1" 200 2278
66.249.67.76 - - [01/Mar/2015:01:40:11 -0500] "GET /BLA/resoluciones/RESOLUCIONES%202010/6775.pdf HTTP/1.1" 200 355148
74.86.158.107 - - [01/Mar/2015:01:40:23 -0500] "HEAD / HTTP/1.1" 302 -
186.145.128.140 - - [01/Mar/2015:01:40:29 -0500] "GET /forest/session.jsp?a=0.9573086439631879 HTTP/1.1" 200 4
180.76.6.54 - - [01/Mar/2015:01:40:31 -0500] "GET /BLA/boletinlegal;jsessionid=88CF3EA11CA0190E1BCCC9F7F2D4D67B?/? HTTP/1.1" 404 1018
66.249.67.76 - - [01/Mar/2015:01:40:31 -0500] "GET /BLA/resoluciones/RESOLUCIONES%202010/7509.pdf HTTP/1.1" 200 77405
188.165.15.233 - - [01/Mar/2015:01:40:36 -0500] "GET /BLA/resoluciones/index.php?dir=RESOLUCIONES%202003/RES%202003%201251-1300/&sort=size&order=desc HTTP/1.1" 200 12201
66.249.67.68 - - [01/Mar/2015:01:40:51 -0500] "GET /BLA/resoluciones/AUTOS%202008/1202.pdf HTTP/1.1" 200 89401
66.249.67.68 - - [01/Mar/2015:01:41:33 -0500] "GET /BLA/resoluciones/AUTOS%202008/1889.pdf HTTP/1.1" 200 87468
201.234.75.11 - - [01/Mar/2015:01:41:40 -0500] "GET /galeria/nivo-slider/demo/images/banner-conejera1.jpg HTTP/1.1" 304 -
180.76.5.60 - - [01/Mar/2015:01:42:09 -0500] "GET /BLA/boletinlegal;jsessionid=3D296501F2A10134B4800695B593FE23?/? HTTP/1.1" 404 1018
66.249.67.84 - - [01/Mar/2015:01:42:10 -0500] "GET /BLA/resoluciones/AUTOS%202008/2334.pdf HTTP/1.1" 200 146743
188.165.15.233 - - [01/Mar/2015:01:42:21 -0500] "GET /BLA/resoluciones/RESOLUCIONES%202005/RES%202005%20301-351/00000348.tif HTTP/1.1" 200 138686
66.249.67.68 - - [01/Mar/2015:01:42:30 -0500] "GET /BLA/resoluciones/AUTOS%202008/1181.pdf HTTP/1.1" 200 129679
180.76.5.71 - - [01/Mar/2015:01:42:43 -0500] "GET /BLA/boletinlegal;jsessionid=052891E82E138BADAF0AE197EBE2CA94?/? HTTP/1.1" 404 1018
66.249.67.84 - - [01/Mar/2015:01:42:50 -0500] "GET /BLA/resoluciones/RESOLUCIONES%202010/4569.pdf HTTP/1.1" 200 1120694
66.249.67.76 - - [01/Mar/2015:01:43:10 -0500] "GET /BLA/resoluciones/AUTOS%202007/0944.pdf HTTP/1.1" 200 22017
186.145.128.140 - - [01/Mar/2015:01:43:10 -0500] "GET /forest/session.jsp?a=0.4533005924895406 HTTP/1.1" 200 4
188.165.15.191 - - [01/Mar/2015:01:43:10 -0500] "GET /BLA/resoluciones/index.php?dir=RESOLUCIONES+2006%2FRES+2006+2601-2650%2F HTTP/1.1" 200 11939
66.249.67.68 - - [01/Mar/2015:01:43:29 -0500] "GET /BLA/resoluciones/RESOLUCIONES%202007/RES%202007%20901%20AL%201000/RESOLUCION%200984%20DE%202007.pdf HTTP/1.1" 200 265341
186.145.128.140 - - [01/Mar/2015:01:43:43 -0500] "POST /forest/actions/workplace.getReparto?a=0.13340228609740734 HTTP/1.1" 200 1055
186.145.128.140 - - [01/Mar/2015:01:43:46 -0500] "GET /forest/suactividades.do?verDocs=&codPro=95&numPro=2724704&codInst=2743597&a=0.18849593540653586 HTTP/1.1" 200 47395
66.249.67.76 - - [01/Mar/2015:01:43:49 -0500] "GET /BLA/resoluciones/RESOLUCIONES%202008/0583.pdf HTTP/1.1" 200 426976
220.181.108.172 - - [01/Mar/2015:01:43:49 -0500] "GET / HTTP/1.1" 302 -
123.125.71.17 - - [01/Mar/2015:01:43:51 -0500] "GET / HTTP/1.1" 302 -
66.249.67.84 - - [01/Mar/2015:01:44:09 -0500] "GET /BLA/resoluciones/AUTOS%202007/1290.pdf HTTP/1.1" 200 71315
186.145.128.140 - - [01/Mar/2015:01:44:14 -0500] "GET /forest/documentos/1774198/2014ER003832.pdf HTTP/1.1" 200 4604935
66.249.67.76 - - [01/Mar/2015:01:44:29 -0500] "GET /BLA/resoluciones/RESOLUCIONES%202010/3156.pdf HTTP/1.1" 200 354994
66.249.67.76 - - [01/Mar/2015:01:44:49 -0500] "GET /BLA/resoluciones/RESOLUCIONES%202008/3048.pdf HTTP/1.1" 200 224223
66.249.67.84 - - [01/Mar/2015:01:45:08 -0500] "GET /BLA/resoluciones/RESOLUCIONES%202010/6808.pdf HTTP/1.1" 200 225231
74.86.158.107 - - [01/Mar/2015:01:45:23 -0500] "HEAD / HTTP/1.1" 302 -
66.249.67.84 - - [01/Mar/2015:01:45:28 -0500] "GET /BLA/resoluciones/RESOLUCIONES%202008/0793.pdf HTTP/1.1" 200 117982
186.145.128.140 - - [01/Mar/2015:01:45:29 -0500] "GET /forest/session.jsp?a=0.5442360430024564 HTTP/1.1" 200 4
66.249.67.76 - - [01/Mar/2015:01:45:47 -0500] "GET /BLA/resoluciones/RESOLUCIONES%202008/5471.pdf HTTP/1.1" 200 186767
66.249.67.76 - - [01/Mar/2015:01:45:48 -0500] "GET /BLA/resoluciones/AUTOS%202007/0233.pdf HTTP/1.1" 200 16202
27.153.216.20 - - [01/Mar/2015:01:45:23 -0500] "GET /bla/boletinlegal/index.php? HTTP/1.1" 200 43876
66.249.67.76 - - [01/Mar/2015:01:46:08 -0500] "GET /BLA/resoluciones/RESOLUCIONES%202009/7097.pdf HTTP/1.1" 200 622101
66.249.67.84 - - [01/Mar/2015:01:46:28 -0500] "GET /BLA/resoluciones/RESOLUCIONES%202010/7019.pdf HTTP/1.1" 200 998830
27.153.216.20 - - [01/Mar/2015:01:46:03 -0500] "POST /bla/boletinlegal/index.php/trackback/ HTTP/1.1" 200 43876
66.249.67.84 - - [01/Mar/2015:01:46:48 -0500] "GET /BLA/resoluciones/AUTOS%202007/1156.pdf HTTP/1.1" 200 42304
92.48.105.158 - - [01/Mar/2015:01:46:48 -0500] "GET /blog/wp-admin/ HTTP/1.1" 404 1018
186.145.128.140 - - [01/Mar/2015:01:47:01 -0500] "POST /forest/actions/workplace.getReparto?a=0.6130390181206167 HTTP/1.1" 200 1012
66.249.67.68 - - [01/Mar/2015:01:47:07 -0500] "GET /BLA/resoluciones/AUTOS%202007/0378.pdf HTTP/1.1" 200 160006
186.145.128.140 - - [01/Mar/2015:01:47:09 -0500] "GET /forest/suactividades.do?verDocs=&codPro=134&numPro=2636765&codInst=2651716&a=0.2088095045182854 HTTP/1.1" 200 47728
66.249.67.68 - - [01/Mar/2015:01:47:27 -0500] "GET /BLA/resoluciones/AUTOS%202008/0814.pdf HTTP/1.1" 200 87813
66.249.67.84 - - [01/Mar/2015:01:47:47 -0500] "GET /BLA/resoluciones/RESOLUCIONES%202010/3278.pdf HTTP/1.1" 200 745015
186.145.128.140 - - [01/Mar/2015:01:47:49 -0500] "GET /forest/usudocumentos.do?p7z=1708724&a=0.8555572556797415&a=0.5345901381224394 HTTP/1.1" 200 2526
186.145.128.140 - - [01/Mar/2015:01:47:54 -0500] "GET /forest/documentos/1708724/2013IE119969.p7z:claro/Concepto%20Tecnico.doc HTTP/1.1" 200 1097216
66.249.67.68 - - [01/Mar/2015:01:48:07 -0500] "GET /BLA/resoluciones/RESOLUCIONES%202008/5569.pdf HTTP/1.1" 200 257243
186.145.128.140 - - [01/Mar/2015:01:48:10 -0500] "GET /forest/session.jsp?a=0.6481533371843398 HTTP/1.1" 200 4
66.249.67.68 - - [01/Mar/2015:01:48:27 -0500] "GET /BLA/resoluciones/AUTOS%202008/0353.pdf HTTP/1.1" 200 269322
201.114.204.215 - - [01/Mar/2015:01:48:42 -0500] "GET /galeria/galeria/jquery.fancybox.css?v=2.1.5 HTTP/1.1" 200 4895
201.114.204.215 - - [01/Mar/2015:01:48:42 -0500] "GET /BLA/boletinlegal/js/jquery.scrollShow.js HTTP/1.1" 200 4586
201.114.204.215 - - [01/Mar/2015:01:48:43 -0500] "GET /BLA/boletinlegal/js/jquery.scrollTo-min.js HTTP/1.1" 200 1150
201.114.204.215 - - [01/Mar/2015:01:48:43 -0500] "GET /galeria/galeria/jquery.fancybox.js?v=2.1.5 HTTP/1.1" 200 48706
66.249.67.76 - - [01/Mar/2015:01:48:46 -0500] "GET /BLA/resoluciones/index.php?dir=RESOLUCIONES%202007/RES%202007%201201%20AL%201300/&sort=size&order=asc HTTP/1.1" 200 26864
66.249.67.68 - - [01/Mar/2015:01:49:06 -0500] "GET /BLA/resoluciones/AUTOS%202008/1887.pdf HTTP/1.1" 200 300646
188.165.15.41 - - [01/Mar/2015:01:49:07 -0500] "GET /BLA/resoluciones/RESOLUCIONES%202005/RES%202005%201751-1800/00001761.tif HTTP/1.1" 200 174004
66.249.67.68 - - [01/Mar/2015:01:49:26 -0500] "GET /BLA/resoluciones/RESOLUCIONES%202008/4541.pdf HTTP/1.1" 200 553415
186.145.128.140 - - [01/Mar/2015:01:49:37 -0500] "POST /forest/actions/workplace.getReparto?a=0.24799695424735546 HTTP/1.1" 200 997
186.145.128.140 - - [01/Mar/2015:01:49:40 -0500] "GET /forest/suactividades.do?verDocs=&codPro=134&numPro=2642335&codInst=2657485&a=0.36300955270417035 HTTP/1.1" 200 57851
66.249.67.76 - - [01/Mar/2015:01:49:46 -0500] "GET /BLA/resoluciones/AUTOS%202008/0674.pdf HTTP/1.1" 200 101453
188.165.15.61 - - [01/Mar/2015:01:49:56 -0500] "GET /BLA/resoluciones/RESOLUCIONES%202003/RES%202003%20801-850/841.tif HTTP/1.1" 200 97904
66.249.67.84 - - [01/Mar/2015:01:50:00 -0500] "GET /BLA/resoluciones/RESOLUCIONES%202004/RES%202004%20701-750/00000741.tif HTTP/1.1" 200 155542
66.249.67.76 - - [01/Mar/2015:01:50:06 -0500] "GET /BLA/resoluciones/AUTOS%202008/3169.pdf HTTP/1.1" 200 112243
66.249.67.84 - - [01/Mar/2015:01:50:07 -0500] "GET /BLA/resoluciones/AUTOS%202013/0039.pdf HTTP/1.1" 304 -
181.55.169.96 - - [01/Mar/2015:01:50:15 -0500] "GET /galeria/galeria/jquery.fancybox.js?v=2.1.5 HTTP/1.1" 304 -
181.55.169.96 - - [01/Mar/2015:01:50:15 -0500] "GET /galeria/galeria/jquery.fancybox.css?v=2.1.5 HTTP/1.1" 304 -
74.86.158.107 - - [01/Mar/2015:01:50:23 -0500] "HEAD / HTTP/1.1" 302 -
66.249.67.76 - - [01/Mar/2015:01:50:25 -0500] "GET /BLA/resoluciones/AUTOS%202012/0683.pdf HTTP/1.1" 200 309307
186.145.128.140 - - [01/Mar/2015:01:50:29 -0500] "GET /forest/session.jsp?a=0.0770736422855407 HTTP/1.1" 200 4
186.145.128.140 - - [01/Mar/2015:01:50:40 -0500] "GET /forest/usudocumentos.do?p7z=1708594&a=0.7106206535827368&a=0.4468907774426043 HTTP/1.1" 200 2526
186.145.128.140 - - [01/Mar/2015:01:50:41 -0500] "GET /forest/documentos/1708594/2013IE119839.p7z:claro/Concepto%20Tecnico.doc HTTP/1.1" 200 663575
66.249.67.76 - - [01/Mar/2015:01:50:45 -0500] "GET /BLA/resoluciones/AUTOS%202008/1753.pdf HTTP/1.1" 200 179444
66.249.67.68 - - [01/Mar/2015:01:51:05 -0500] "GET /BLA/resoluciones/RESOLUCIONES%202010/2008.pdf HTTP/1.1" 200 337930
188.165.15.61 - - [01/Mar/2015:01:51:08 -0500] "GET /BLA/resoluciones/RESOLUCIONES%202004/RES%202004%202201-2250/00002207.tif HTTP/1.1" 200 227880
66.249.67.68 - - [01/Mar/2015:01:51:26 -0500] "GET /BLA/resoluciones/RESOLUCIONES%202009/2672.pdf HTTP/1.1" 200 492539
66.249.67.68 - - [01/Mar/2015:01:51:45 -0500] "GET /BLA/resoluciones/AUTOS%202007/1463.pdf HTTP/1.1" 200 29675
66.249.67.84 - - [01/Mar/2015:01:52:04 -0500] "GET /BLA/resoluciones/RESOLUCIONES%202008/4145.pdf HTTP/1.1" 200 202240
188.165.15.223 - - [01/Mar/2015:01:52:13 -0500] "GET /BLA/resoluciones/AUTOS%202006/AUTOS%202006%20501-600/00000526.tif HTTP/1.1" 200 44672
207.46.13.137 - - [01/Mar/2015:01:52:13 -0500] "GET /even/eventem.htm HTTP/1.1" 404 1019
66.249.67.76 - - [01/Mar/2015:01:52:14 -0500] "GET /BLA/resoluciones/AUTOS%202008/3052.pdf HTTP/1.1" 200 70833
66.249.67.76 - - [01/Mar/2015:01:52:24 -0500] "GET /BLA/resoluciones/RESOLUCIONES%202008/2998.pdf HTTP/1.1" 200 52293
66.249.67.68 - - [01/Mar/2015:01:52:44 -0500] "GET /BLA/resoluciones/RESOLUCIONES%202010/4004.pdf HTTP/1.1" 200 118488
66.249.67.68 - - [01/Mar/2015:01:52:48 -0500] "GET /portel_dama/libreria/php/2006/ECOSISTEMAS%20FINAL%20web_mz27/restauracion/sitio/55_artic/xtras/2.pdf HTTP/1.1" 404 1018
186.145.128.140 - - [01/Mar/2015:01:52:59 -0500] "POST /forest/actions/workplace.getReparto?a=0.5168201697524637 HTTP/1.1" 200 1009
186.145.128.140 - - [01/Mar/2015:01:53:01 -0500] "GET /forest/suactividades.do?verDocs=&codPro=134&numPro=2644725&codInst=2659919&a=0.30075042764656246 HTTP/1.1" 200 57911
66.249.67.76 - - [01/Mar/2015:01:53:04 -0500] "GET /BLA/resoluciones/RESOLUCIONES%202008/4981.pdf HTTP/1.1" 200 215866
186.145.128.140 - - [01/Mar/2015:01:53:10 -0500] "GET /forest/session.jsp?a=0.4027828141115606 HTTP/1.1" 200 4
180.76.4.41 - - [01/Mar/2015:01:53:18 -0500] "GET / HTTP/1.1" 302 -
66.249.67.84 - - [01/Mar/2015:01:53:24 -0500] "GET /BLA/resoluciones/RESOLUCIONES%202010/7439.pdf HTTP/1.1" 200 355165
66.249.67.84 - - [01/Mar/2015:01:53:29 -0500] "GET /BLA/resoluciones/RESOLUCIONES%202010/5077.pdf HTTP/1.1" 200 762993
66.249.67.76 - - [01/Mar/2015:01:53:44 -0500] "GET /BLA/resoluciones/RESOLUCIONES%202008/5466.pdf HTTP/1.1" 200 227566
186.145.128.140 - - [01/Mar/2015:01:53:46 -0500] "GET /forest/usudocumentos.do?p7z=1708505&a=0.043796553276479244&a=0.6936421666759998 HTTP/1.1" 200 2526
186.145.128.140 - - [01/Mar/2015:01:53:49 -0500] "GET /forest/documentos/1708505/2013IE119751.p7z:claro/Concepto%20Tecnico.doc HTTP/1.1" 200 2169856
66.249.67.84 - - [01/Mar/2015:01:54:03 -0500] "GET /BLA/resoluciones/AUTOS%202012/1587.pdf HTTP/1.1" 200 562266
181.55.169.96 - - [01/Mar/2015:01:54:07 -0500] "GET /galeria/galeria/jquery.fancybox.js?v=2.1.5 HTTP/1.1" 304 -
181.55.169.96 - - [01/Mar/2015:01:54:07 -0500] "GET /galeria/galeria/jquery.fancybox.css?v=2.1.5 HTTP/1.1" 304 -
181.55.169.96 - - [01/Mar/2015:01:54:07 -0500] "GET /autoliquidacion HTTP/1.1" 301 310
181.55.169.96 - - [01/Mar/2015:01:54:08 -0500] "GET /autoliquidacion/ HTTP/1.1" 200 6375
181.55.169.96 - - [01/Mar/2015:01:54:08 -0500] "GET /autoliquidacion/dlf/styles.css HTTP/1.1" 200 3045
181.55.169.96 - - [01/Mar/2015:01:54:08 -0500] "GET /autoliquidacion/dlf/folder.png HTTP/1.1" 200 410
181.55.169.96 - - [01/Mar/2015:01:54:08 -0500] "GET /autoliquidacion/dlf/bg.gif HTTP/1.1" 200 54
66.249.67.68 - - [01/Mar/2015:01:54:23 -0500] "GET /BLA/resoluciones/RESOLUCIONES%202010/6415.pdf HTTP/1.1" 200 529788
181.55.169.96 - - [01/Mar/2015:01:54:31 -0500] "GET /autoliquidacion/index.php?dir=Solicitudes+relacionadas+con+calidad+del+aire+auditiva+y+visual%2F HTTP/1.1" 200 5748
181.55.169.96 - - [01/Mar/2015:01:54:31 -0500] "GET /autoliquidacion/dlf/dirup.png HTTP/1.1" 200 644
181.55.169.96 - - [01/Mar/2015:01:54:39 -0500] "GET /autoliquidacion/index.php?dir=Solicitudes+relacionadas+con+calidad+del+aire+auditiva+y+visual%2FRegistro+de+Elementos+de+publicidad+Exterior+Visual%2F HTTP/1.1" 200 4037
181.55.169.96 - - [01/Mar/2015:01:54:39 -0500] "GET /autoliquidacion/dlf/xls.gif HTTP/1.1" 200 636
181.55.169.96 - - [01/Mar/2015:01:54:39 -0500] "GET /autoliquidacion/dlf/html.gif HTTP/1.1" 200 632
181.55.169.96 - - [01/Mar/2015:01:54:39 -0500] "GET /autoliquidacion/dlf/pdf.gif HTTP/1.1" 200 272
66.249.67.84 - - [01/Mar/2015:01:54:43 -0500] "GET /BLA/resoluciones/RESOLUCIONES%202008/5404.pdf HTTP/1.1" 200 108411
181.55.169.96 - - [01/Mar/2015:01:54:52 -0500] "GET /autoliquidacion/Solicitudes%20relacionadas%20con%20calidad%20del%20aire%20auditiva%20y%20visual/Registro%20de%20Elementos%20de%20publicidad%20Exterior%20Visual/126pm04-pr16-f-a301%20Formato%20Solicitud%20de%20registro.xls HTTP/1.1" 200 3573248
181.55.169.96 - - [01/Mar/2015:01:54:57 -0500] "GET /autoliquidacion/Solicitudes%20relacionadas%20con%20calidad%20del%20aire%20auditiva%20y%20visual/Registro%20de%20Elementos%20de%20publicidad%20Exterior%20Visual/Aplicativo%20PEV%202015.htm HTTP/1.1" 200 327
181.55.169.96 - - [01/Mar/2015:01:55:00 -0500] "GET /autoliquidacion/index.php?dir=Solicitudes+relacionadas+con+calidad+del+aire+auditiva+y+visual%2FRegistro+de+Elementos+de+publicidad+Exterior+Visual%2F HTTP/1.1" 200 4037
181.55.169.96 - - [01/Mar/2015:01:55:02 -0500] "GET /autoliquidacion/Solicitudes%20relacionadas%20con%20calidad%20del%20aire%20auditiva%20y%20visual/Registro%20de%20Elementos%20de%20publicidad%20Exterior%20Visual/126pm04-pr16-f-a20-1%20Lista%20de%20Chequeo.xls HTTP/1.1" 200 114176
66.249.67.76 - - [01/Mar/2015:01:55:03 -0500] "GET /BLA/resoluciones/RESOLUCIONES%202009/9282.pdf HTTP/1.1" 200 514877
66.249.67.84 - - [01/Mar/2015:01:55:11 -0500] "GET /BLA/resoluciones/RESOLUCIONES%202007/RES%202007%20701%20AL%20800/RESOLUCION%200724%20DE%202007.pdf HTTP/1.1" 304 -
66.249.67.68 - - [01/Mar/2015:01:55:19 -0500] "GET /BLA/resoluciones/RESOLUCIONES%202005/RES%202005%20551-600/00000593.tif HTTP/1.1" 200 334396
66.249.67.76 - - [01/Mar/2015:01:55:23 -0500] "GET /BLA/resoluciones/AUTOS%202008/1968.pdf HTTP/1.1" 200 88322
74.86.158.107 - - [01/Mar/2015:01:55:23 -0500] "HEAD / HTTP/1.1" 302 -
66.249.67.84 - - [01/Mar/2015:01:55:28 -0500] "GET /BLA/resoluciones/RESOLUCIONES%202003/RES%202003%20251-300/259.tif HTTP/1.1" 200 190664
186.145.128.140 - - [01/Mar/2015:01:55:29 -0500] "GET /forest/session.jsp?a=0.23367191688157618 HTTP/1.1" 200 4
66.249.67.68 - - [01/Mar/2015:01:55:42 -0500] "GET /BLA/resoluciones/RESOLUCIONES%202009/9129.pdf HTTP/1.1" 200 416538
66.249.67.112 - - [01/Mar/2015:01:55:43 -0500] "GET /POT-2013/index.php?dir=expediente%2F HTTP/1.1" 200 1903
188.165.15.41 - - [01/Mar/2015:01:55:51 -0500] "GET /BLA/resoluciones/RESOLUCIONES%202003/RES%202003%201951-2000/00001976.tif HTTP/1.1" 200 59432
186.145.128.140 - - [01/Mar/2015:01:55:54 -0500] "POST /forest/actions/workplace.getReparto?a=0.041629812214523554 HTTP/1.1" 200 975
186.145.128.140 - - [01/Mar/2015:01:55:56 -0500] "GET /forest/suactividades.do?verDocs=&codPro=134&numPro=2642218&codInst=2657368&a=0.5806509356480092 HTTP/1.1" 200 57903
66.249.67.76 - - [01/Mar/2015:01:56:02 -0500] "GET /BLA/resoluciones/AUTOS%202008/2945.pdf HTTP/1.1" 200 50071
66.249.67.68 - - [01/Mar/2015:01:56:22 -0500] "GET /BLA/resoluciones/AUTOS%202007/0481.pdf HTTP/1.1" 200 73088
180.76.5.65 - - [01/Mar/2015:01:56:26 -0500] "GET /BLA/boletinlegal;jsessionid=2071DC09C620D1730AC1B39A3962BE94?/? HTTP/1.1" 404 1018
92.48.105.158 - - [01/Mar/2015:01:56:28 -0500] "GET /wp/wp-admin/ HTTP/1.1" 404 1018
186.145.128.140 - - [01/Mar/2015:01:56:28 -0500] "GET /forest/usudocumentos.do?p7z=1713856&a=0.9993438683450222&a=0.054630719125270844 HTTP/1.1" 200 2526
66.249.67.68 - - [01/Mar/2015:01:56:42 -0500] "GET /BLA/resoluciones/AUTOS%202007/0561.pdf HTTP/1.1" 200 93975
186.145.128.140 - - [01/Mar/2015:01:56:30 -0500] "GET /forest/documentos/1713856/2013IE125097.p7z:claro/Concepto%20Tecnico.doc HTTP/1.1" 200 10121728
66.249.67.76 - - [01/Mar/2015:01:57:02 -0500] "GET /BLA/resoluciones/RESOLUCIONES%202010/6801.pdf HTTP/1.1" 200 339183
66.249.67.68 - - [01/Mar/2015:01:57:21 -0500] "GET /BLA/resoluciones/AUTOS%202008/1959.pdf HTTP/1.1" 200 88997
188.165.15.233 - - [01/Mar/2015:01:57:27 -0500] "GET /BLA/resoluciones/RESOLUCIONES%202005/RES%202005%202701%20-2750/00002718.tif HTTP/1.1" 200 150500
66.249.67.68 - - [01/Mar/2015:01:57:41 -0500] "GET /BLA/resoluciones/RESOLUCIONES%202008/4968.pdf HTTP/1.1" 200 212498
66.249.67.84 - - [01/Mar/2015:01:58:01 -0500] "GET /BLA/resoluciones/RESOLUCIONES%202010/2922.pdf HTTP/1.1" 200 163357
186.145.128.140 - - [01/Mar/2015:01:58:10 -0500] "GET /forest/session.jsp?a=0.19010679423809052 HTTP/1.1" 200 4
190.67.153.81 - - [01/Mar/2015:01:58:19 -0500] "GET /BLA/boletinlegal/js/jquery.scrollTo-min.js HTTP/1.1" 200 1150
190.67.153.81 - - [01/Mar/2015:01:58:19 -0500] "GET /BLA/boletinlegal/js/jquery.scrollShow.js HTTP/1.1" 200 4586
190.67.153.81 - - [01/Mar/2015:01:58:19 -0500] "GET /galeria/galeria/jquery.fancybox.js?v=2.1.5 HTTP/1.1" 200 48706
190.67.153.81 - - [01/Mar/2015:01:58:19 -0500] "GET /galeria/galeria/jquery.fancybox.css?v=2.1.5 HTTP/1.1" 200 4895
66.249.67.68 - - [01/Mar/2015:01:58:21 -0500] "GET /BLA/resoluciones/RESOLUCIONES%202009/1072.pdf HTTP/1.1" 200 47203
199.67.131.149 - - [01/Mar/2015:01:58:26 -0500] "GET /galeria/nivo-slider/demo/images/Tingua-azul.jpg HTTP/1.1" 304 -
180.76.6.52 - - [01/Mar/2015:01:58:26 -0500] "GET /BLA/resoluciones/RESOLUCIONES%202010/2924.pdf HTTP/1.1" 200 118686
66.249.67.84 - - [01/Mar/2015:01:58:41 -0500] "GET /BLA/resoluciones/AUTOS%202007/0240.pdf HTTP/1.1" 200 33611
66.249.67.84 - - [01/Mar/2015:01:58:42 -0500] "GET /BLA/resoluciones/RESOLUCIONES%202008/5621.pdf HTTP/1.1" 200 228416
66.249.67.84 - - [01/Mar/2015:01:59:01 -0500] "GET /autoliquidacion/index.php?dir=Solicitud%20de%20expedici%F3n%20de%20certificados%20de%20estado%20de%20conservaci%F3n%20ambiental%20(CECA)/&sort=date&order=asc HTTP/1.1" 200 3221
66.249.67.68 - - [01/Mar/2015:01:59:05 -0500] "GET /autoliquidacion/Solicitudes%20relacionadas%20con%20calidad%20del%20aire%20auditiva%20y%20visual/Registro%20de%20Elementos%20de%20publicidad%20Exterior%20Visual/Aplicativo%20para%20el%20pago%20del%20Registro%20de%20Elementos%20de%20Publicidad%20Exterior%20Visual%202013.xls HTTP/1.1" 404 1018
186.145.128.140 - - [01/Mar/2015:01:59:08 -0500] "POST /forest/actions/workplace.getReparto?a=0.40974789927713573 HTTP/1.1" 200 1025
186.145.128.140 - - [01/Mar/2015:01:59:10 -0500] "GET /forest/suactividades.do?verDocs=&codPro=134&numPro=2654520&codInst=2670061&a=0.7413510901387781 HTTP/1.1" 200 78392
66.249.67.120 - - [01/Mar/2015:01:59:16 -0500] "GET /POT-2013/index.php?dir=expediente/&sort=size&order=asc HTTP/1.1" 200 1903
66.249.67.68 - - [01/Mar/2015:01:59:20 -0500] "GET /BLA/resoluciones/AUTOS%202008/0596.pdf HTTP/1.1" 200 150996
186.145.128.140 - - [01/Mar/2015:01:59:40 -0500] "GET /forest/usudocumentos.do?p7z=1733876&a=0.6219635237939656&a=0.20587747800163925 HTTP/1.1" 200 2545
66.249.67.68 - - [01/Mar/2015:01:59:40 -0500] "GET /BLA/resoluciones/RESOLUCIONES%202009/9395.pdf HTTP/1.1" 200 392191
186.145.128.140 - - [01/Mar/2015:01:59:47 -0500] "GET /forest/documentos/1733876/2013IE145113.p7z:claro/Concepto%20Tecnico.doc HTTP/1.1" 200 5862912
66.249.67.84 - - [01/Mar/2015:02:00:00 -0500] "GET /BLA/resoluciones/RESOLUCIONES%202008/5037.pdf HTTP/1.1" 200 211086
66.249.67.68 - - [01/Mar/2015:02:00:20 -0500] "GET /BLA/resoluciones/RESOLUCIONES%202009/8596.pdf HTTP/1.1" 200 537271
74.86.158.107 - - [01/Mar/2015:02:00:23 -0500] "HEAD / HTTP/1.1" 302 -
186.145.128.140 - - [01/Mar/2015:02:00:29 -0500] "GET /forest/session.jsp?a=0.03574768314138055 HTTP/1.1" 200 4
66.249.67.112 - - [01/Mar/2015:02:00:36 -0500] "GET /POT-2013/index.php?dir=expediente/&sort=date&order=asc HTTP/1.1" 200 1903
66.249.67.68 - - [01/Mar/2015:02:00:40 -0500] "GET /BLA/resoluciones/AUTOS%202008/1509.pdf HTTP/1.1" 200 255226
66.249.67.68 - - [01/Mar/2015:02:00:59 -0500] "GET /BLA/resoluciones/AUTOS%202007/0766.pdf HTTP/1.1" 200 94907
66.249.67.76 - - [01/Mar/2015:02:01:21 -0500] "GET /BLA/resoluciones/AUTOS%202008/1806.pdf HTTP/1.1" 200 96209
66.249.67.84 - - [01/Mar/2015:02:01:25 -0500] "GET /autoliquidacion/Grupo%20Forestal%20-%20Silvicultura/Especies%20de%20flora%20en%20la%20ciudad%20de%20bogota.xls HTTP/1.1" 304 -
66.249.67.84 - - [01/Mar/2015:02:01:40 -0500] "GET /BLA/resoluciones/RESOLUCIONES%202009/2209.pdf HTTP/1.1" 200 622375
66.249.67.68 - - [01/Mar/2015:02:01:59 -0500] "GET /BLA/resoluciones/RESOLUCIONES%202009/3605.pdf HTTP/1.1" 200 42308
66.249.67.68 - - [01/Mar/2015:02:02:19 -0500] "GET /BLA/resoluciones/RESOLUCIONES%202009/1054.pdf HTTP/1.1" 200 209966
66.249.67.84 - - [01/Mar/2015:02:02:19 -0500] "GET /BLA/resoluciones/RESOLUCIONES%202012/0721.pdf HTTP/1.1" 200 371031
66.249.67.104 - - [01/Mar/2015:02:02:35 -0500] "GET /POT-2013/index.php?dir=expediente/&sort=name&order=desc HTTP/1.1" 200 1902
66.249.67.76 - - [01/Mar/2015:02:02:38 -0500] "GET /BLA/resoluciones/RESOLUCIONES%202008/0634.pdf HTTP/1.1" 200 56234
66.249.67.84 - - [01/Mar/2015:02:02:58 -0500] "GET /BLA/resoluciones/RESOLUCIONES%202008/3697.pdf HTTP/1.1" 200 561448
180.76.5.57 - - [01/Mar/2015:02:02:58 -0500] "GET /BLA/boletinlegal;jsessionid=FDA6FBC607C0930228085FB840505D8D?/? HTTP/1.1" 404 1018
186.145.128.140 - - [01/Mar/2015:02:03:11 -0500] "GET /forest/session.jsp?a=0.3782449341379106 HTTP/1.1" 200 4
66.249.67.68 - - [01/Mar/2015:02:03:18 -0500] "GET /BLA/resoluciones/RESOLUCIONES%202008/5713.pdf HTTP/1.1" 200 233534
181.143.229.106 - - [01/Mar/2015:02:03:21 -0500] "GET /galeria/galeria/jquery.fancybox.css?v=2.1.5 HTTP/1.1" 200 4895
181.143.229.106 - - [01/Mar/2015:02:03:21 -0500] "GET /galeria/galeria/jquery.fancybox.js?v=2.1.5 HTTP/1.1" 200 48706
181.143.229.106 - - [01/Mar/2015:02:03:21 -0500] "GET /BLA/boletinlegal/js/jquery.scrollTo-min.js HTTP/1.1" 200 1150
181.143.229.106 - - [01/Mar/2015:02:03:21 -0500] "GET /BLA/boletinlegal/js/jquery.scrollShow.js HTTP/1.1" 200 4586
180.76.6.62 - - [01/Mar/2015:02:03:32 -0500] "GET /BLA/resoluciones/RESOLUCIONES%202009/5612.pdf HTTP/1.1" 200 849391
66.249.67.76 - - [01/Mar/2015:02:03:38 -0500] "GET /BLA/resoluciones/RESOLUCIONES%202010/7132.pdf HTTP/1.1" 200 280156
186.81.173.84 - - [01/Mar/2015:02:03:46 -0500] "GET /BLA/boletinlegal/js/jquery.scrollTo-min.js HTTP/1.1" 200 1150
186.81.173.84 - - [01/Mar/2015:02:03:46 -0500] "GET /BLA/boletinlegal/js/jquery.scrollShow.js HTTP/1.1" 200 4586
186.81.173.84 - - [01/Mar/2015:02:03:46 -0500] "GET /galeria/galeria/jquery.fancybox.js?v=2.1.5 HTTP/1.1" 200 48706
186.81.173.84 - - [01/Mar/2015:02:03:46 -0500] "GET /galeria/galeria/jquery.fancybox.css?v=2.1.5 HTTP/1.1" 200 4895
66.249.67.68 - - [01/Mar/2015:02:03:58 -0500] "GET /BLA/resoluciones/AUTOS%202008/2206.pdf HTTP/1.1" 200 88821
180.76.5.25 - - [01/Mar/2015:02:04:05 -0500] "GET /BLA/boletinlegal;jsessionid=6A4A1B3652101792F2790A84E8936F83?/? HTTP/1.1" 404 1018
66.249.67.76 - - [01/Mar/2015:02:04:17 -0500] "GET /BLA/resoluciones/RESOLUCIONES%202009/3883.pdf HTTP/1.1" 200 540715
66.249.67.76 - - [01/Mar/2015:02:04:37 -0500] "GET /BLA/resoluciones/AUTOS%202007/2977.pdf HTTP/1.1" 200 71678
66.249.67.68 - - [01/Mar/2015:02:04:57 -0500] "GET /BLA/resoluciones/RESOLUCIONES%202009/8957.pdf HTTP/1.1" 200 278987
66.249.67.112 - - [01/Mar/2015:02:05:09 -0500] "GET /POT-2013/index.php?dir=expediente/&sort=date&order=desc HTTP/1.1" 200 1902
66.249.67.68 - - [01/Mar/2015:02:05:12 -0500] "GET /BLA/resoluciones/RESOLUCIONES%202010/4389.pdf HTTP/1.1" 200 564923
66.249.67.76 - - [01/Mar/2015:02:05:16 -0500] "GET /BLA/resoluciones/AUTOS%202011/3953.pdf HTTP/1.1" 304 -
66.249.67.84 - - [01/Mar/2015:02:05:17 -0500] "GET /BLA/resoluciones/RESOLUCIONES%202011/6971.pdf HTTP/1.1" 304 -
66.249.67.68 - - [01/Mar/2015:02:05:18 -0500] "GET /BLA/resoluciones/RESOLUCIONES%202011/6971.pdf HTTP/1.1" 304 -
66.249.67.68 - - [01/Mar/2015:02:05:18 -0500] "GET /BLA/resoluciones/RESOLUCIONES%202010/2075.pdf HTTP/1.1" 200 204825
74.86.158.107 - - [01/Mar/2015:02:05:23 -0500] "HEAD / HTTP/1.1" 302 -
186.145.128.140 - - [01/Mar/2015:02:05:29 -0500] "GET /forest/session.jsp?a=0.5844132108613849 HTTP/1.1" 200 4
92.48.105.158 - - [01/Mar/2015:02:05:32 -0500] "GET /old/wp-admin/ HTTP/1.1" 404 1018
66.249.67.68 - - [01/Mar/2015:02:05:37 -0500] "GET /BLA/resoluciones/RESOLUCIONES%202008/2932.pdf HTTP/1.1" 200 105012
66.249.67.84 - - [01/Mar/2015:02:05:57 -0500] "GET /BLA/resoluciones/RESOLUCIONES%202010/6457.pdf HTTP/1.1" 200 285004
66.249.67.68 - - [01/Mar/2015:02:06:36 -0500] "GET /BLA/resoluciones/RESOLUCIONES%202009/2192.pdf HTTP/1.1" 200 733650
66.249.67.68 - - [01/Mar/2015:02:06:56 -0500] "GET /BLA/resoluciones/AUTOS%202007/2574.pdf HTTP/1.1" 200 80833
180.76.5.69 - - [01/Mar/2015:02:07:01 -0500] "GET /BLA/boletinlegal;jsessionid=64F0B94AC9FA6466E3BE21FB866C5DBC?/? HTTP/1.1" 404 1018
66.249.67.84 - - [01/Mar/2015:02:07:13 -0500] "GET /BLA/resoluciones/RESOLUCIONES%202007/RES%202007%202501%20AL%202600/RESOLUCION%202546%20DE%202007.pdf HTTP/1.1" 304 -
66.249.67.84 - - [01/Mar/2015:02:07:16 -0500] "GET /BLA/resoluciones/RESOLUCIONES%202010/7398.pdf HTTP/1.1" 200 468508
186.145.128.140 - - [01/Mar/2015:02:07:23 -0500] "GET /forest/session.jsp?a=0.7172998092137277 HTTP/1.1" 200 4
186.145.128.140 - - [01/Mar/2015:02:07:24 -0500] "POST /forest/actions/workplace.getReparto?a=0.7014103916008025 HTTP/1.1" 200 1026
186.145.128.140 - - [01/Mar/2015:02:07:28 -0500] "POST /forest/actions/workplace.getReparto?a=0.4529823870398104 HTTP/1.1" 200 1168
66.249.67.76 - - [01/Mar/2015:02:07:36 -0500] "GET /BLA/resoluciones/RESOLUCIONES%202009/9267.pdf HTTP/1.1" 200 482081
186.145.128.140 - - [01/Mar/2015:02:07:44 -0500] "GET /forest/suactividades.do?verDocs=&codPro=95&numPro=2964990&codInst=2999523&a=0.2855624614749104 HTTP/1.1" 200 47452
186.145.128.140 - - [01/Mar/2015:02:07:46 -0500] "GET /forest/documentos/1966169/2014ER195768.pdf HTTP/1.1" 200 1054304
66.249.67.76 - - [01/Mar/2015:02:07:55 -0500] "GET /BLA/resoluciones/RESOLUCIONES%202009/2537.pdf HTTP/1.1" 200 453016
186.145.128.140 - - [01/Mar/2015:02:08:33 -0500] "GET /forest/skins/gdocs-jar/popup/popup.jsp?width=1100&height=500&title=Buscar%20documentos&uri=/forest/buscar.do%3Ftype%3Ddocumentos&name=undefined&_a=0.6448316369205713&a=0.20420680358074605 HTTP/1.1" 200 1300
186.145.128.140 - - [01/Mar/2015:02:08:33 -0500] "GET /forest/buscar.do?type=documentos HTTP/1.1" 200 18159
186.145.128.140 - - [01/Mar/2015:02:08:33 -0500] "GET /forest/buscar.do?type=documentos HTTP/1.1" 200 84417
186.145.128.140 - - [01/Mar/2015:02:08:34 -0500] "GET /forest/json.do?query=usersByDep&coddep=7105 HTTP/1.1" 200 117
186.145.128.140 - - [01/Mar/2015:02:08:34 -0500] "GET /forest/json.do?query=versionListadas HTTP/1.1" 200 15
186.145.128.140 - - [01/Mar/2015:02:08:34 -0500] "GET /forest/json.do?query=usersByDep&coddep=7105 HTTP/1.1" 200 117
186.145.128.140 - - [01/Mar/2015:02:08:34 -0500] "GET /forest/json.do?query=procesIniciales HTTP/1.1" 200 10080
66.249.67.76 - - [01/Mar/2015:02:08:35 -0500] "GET /BLA/resoluciones/RESOLUCIONES%202008/4898.pdf HTTP/1.1" 200 211523
186.145.128.140 - - [01/Mar/2015:02:08:53 -0500] "POST /forest/buscar.do? HTTP/1.1" 200 5968
186.86.143.174 - - [01/Mar/2015:02:08:53 -0500] "GET /galeria/galeria/jquery.fancybox.css?v=2.1.5 HTTP/1.1" 200 4895
186.86.143.174 - - [01/Mar/2015:02:08:53 -0500] "GET /BLA/boletinlegal/js/jquery.scrollTo-min.js HTTP/1.1" 200 1150
186.86.143.174 - - [01/Mar/2015:02:08:53 -0500] "GET /galeria/galeria/jquery.fancybox.js?v=2.1.5 HTTP/1.1" 200 48706
186.86.143.174 - - [01/Mar/2015:02:08:53 -0500] "GET /BLA/boletinlegal/js/jquery.scrollShow.js HTTP/1.1" 200 4586
66.249.67.68 - - [01/Mar/2015:02:08:55 -0500] "GET /BLA/resoluciones/RESOLUCIONES%202009/9615.pdf HTTP/1.1" 200 986622
66.249.67.76 - - [01/Mar/2015:02:09:15 -0500] "GET /BLA/resoluciones/RESOLUCIONES%202009/1241.pdf HTTP/1.1" 200 610399
66.249.67.84 - - [01/Mar/2015:02:09:34 -0500] "GET /BLA/resoluciones/AUTOS%202008/2460.pdf HTTP/1.1" 200 148670
66.249.67.76 - - [01/Mar/2015:02:09:54 -0500] "GET /BLA/resoluciones/RESOLUCIONES%202008/5419.pdf HTTP/1.1" 200 205432
157.55.39.121 - - [01/Mar/2015:02:10:12 -0500] "GET /pot/?C=N;O=A HTTP/1.1" 404 1015
66.249.67.76 - - [01/Mar/2015:02:10:14 -0500] "GET /BLA/resoluciones/RESOLUCIONES%202009/6077.pdf HTTP/1.1" 200 414371
74.86.158.107 - - [01/Mar/2015:02:10:23 -0500] "HEAD / HTTP/1.1" 302 -
66.249.67.68 - - [01/Mar/2015:02:10:54 -0500] "GET /BLA/resoluciones/RESOLUCIONES%202008/2564.pdf HTTP/1.1" 200 339107
186.145.128.140 - - [01/Mar/2015:02:11:06 -0500] "POST /forest/actions/workplace.getReparto?a=0.7792742599267513 HTTP/1.1" 200 1058
66.249.67.84 - - [01/Mar/2015:02:11:14 -0500] "GET /BLA/resoluciones/AUTOS%202007/3580.pdf HTTP/1.1" 200 177419
186.145.128.140 - - [01/Mar/2015:02:11:25 -0500] "POST /forest/actions/workplace.getReparto?a=0.2286025679204613 HTTP/1.1" 200 56
186.145.128.140 - - [01/Mar/2015:02:11:26 -0500] "POST /forest/actions/workplace.getReparto?a=0.726694232551381 HTTP/1.1" 200 56
186.145.128.140 - - [01/Mar/2015:02:11:27 -0500] "POST /forest/actions/workplace.getReparto?a=0.18568526837043464 HTTP/1.1" 200 56
186.145.128.140 - - [01/Mar/2015:02:11:28 -0500] "GET /forest/img/jquery/ui-icons_217bc0_256x240.png HTTP/1.1" 200 70221
186.145.128.140 - - [01/Mar/2015:02:11:30 -0500] "GET /forest/skins/gdocs-jar/popup/popup.jsp?width=1100&height=500&title=Buscar%20procesos&uri=/forest/buscar.do%3Ftype%3Dprocesos&name=undefined&_a=0.08613385376520455&a=0.8056032878812402 HTTP/1.1" 200 1296
186.145.128.140 - - [01/Mar/2015:02:11:30 -0500] "GET /forest/buscar.do?type=procesos HTTP/1.1" 200 14695
186.145.128.140 - - [01/Mar/2015:02:11:30 -0500] "GET /forest/buscar.do?type=procesos HTTP/1.1" 200 84389
186.145.128.140 - - [01/Mar/2015:02:11:31 -0500] "GET /forest/json.do?query=usersByDep&coddep=7105 HTTP/1.1" 200 117
186.145.128.140 - - [01/Mar/2015:02:11:31 -0500] "GET /forest/json.do?query=versionListadas HTTP/1.1" 200 15
186.145.128.140 - - [01/Mar/2015:02:11:31 -0500] "GET /forest/json.do?query=usersByDep&coddep=7105 HTTP/1.1" 200 117
186.145.128.140 - - [01/Mar/2015:02:11:31 -0500] "GET /forest/json.do?query=procesIniciales HTTP/1.1" 200 10080
66.249.67.76 - - [01/Mar/2015:02:11:34 -0500] "GET /BLA/circulares/8-2011-SDA.pdf HTTP/1.1" 200 285158
186.145.128.140 - - [01/Mar/2015:02:11:35 -0500] "POST /forest/buscar.do? HTTP/1.1" 200 5181
66.249.67.76 - - [01/Mar/2015:02:11:39 -0500] "GET /BLA/resoluciones/RESOLUCIONES%202009/9647.pdf HTTP/1.1" 200 543125
66.249.67.84 - - [01/Mar/2015:02:11:53 -0500] "GET /BLA/resoluciones/AUTOS%202008/3475.pdf HTTP/1.1" 200 105017
66.249.67.76 - - [01/Mar/2015:02:11:59 -0500] "GET /BLA/resoluciones/RESOLUCIONES%202002/RES%202002%20551-600/00000558.tif HTTP/1.1" 200 309090
188.165.15.223 - - [01/Mar/2015:02:12:08 -0500] "GET /BLA/resoluciones/RESOLUCIONES%202006/RES%202006%20%202801-2850/00002847.tif HTTP/1.1" 200 188434
66.249.67.68 - - [01/Mar/2015:02:12:13 -0500] "GET /BLA/resoluciones/RESOLUCIONES%202010/1999.pdf HTTP/1.1" 200 336320
186.145.128.140 - - [01/Mar/2015:02:12:12 -0500] "GET /forest/buscar.do?type=procesos HTTP/1.1" 200 84389
186.145.128.140 - - [01/Mar/2015:02:12:13 -0500] "GET /forest/json.do?query=usersByDep&coddep=7105 HTTP/1.1" 200 117
186.145.128.140 - - [01/Mar/2015:02:12:13 -0500] "GET /forest/json.do?query=versionListadas HTTP/1.1" 200 15
186.145.128.140 - - [01/Mar/2015:02:12:13 -0500] "GET /forest/json.do?query=usersByDep&coddep=7105 HTTP/1.1" 200 117
186.145.128.140 - - [01/Mar/2015:02:12:13 -0500] "GET /forest/json.do?query=procesIniciales HTTP/1.1" 200 10080
186.145.128.140 - - [01/Mar/2015:02:12:17 -0500] "POST /forest/buscar.do? HTTP/1.1" 200 5919
186.145.128.140 - - [01/Mar/2015:02:12:20 -0500] "GET /forest/skins/gdocs-jar/popup/popup.jsp?width=900&height=600&title=Informaci%F3n%20de%20proceso&uri=/forest/system/process.jsp%3FnumPro%3D2827817&name=undefined&_a=0.04627563641406596&a=0.37325566820800304 HTTP/1.1" 200 1312
186.145.128.140 - - [01/Mar/2015:02:12:20 -0500] "GET /forest/system/process.jsp?numPro=2827817 HTTP/1.1" 200 28567
186.145.128.140 - - [01/Mar/2015:02:12:20 -0500] "GET /forest/system/process.jsp?numPro=2827817 HTTP/1.1" 200 176795
186.145.128.140 - - [01/Mar/2015:02:12:24 -0500] "GET /forest/session.jsp?a=0.6243998829741031 HTTP/1.1" 200 4
66.249.67.76 - - [01/Mar/2015:02:12:33 -0500] "GET /BLA/resoluciones/RESOLUCIONES%202009/8921.pdf HTTP/1.1" 200 338053
66.249.67.84 - - [01/Mar/2015:02:12:46 -0500] "GET /BLA/resoluciones/AUTOS%202007/2044.pdf HTTP/1.1" 200 92809
66.249.67.76 - - [01/Mar/2015:02:12:53 -0500] "GET /BLA/resoluciones/AUTOS%202007/3411.pdf HTTP/1.1" 200 194505
66.249.67.76 - - [01/Mar/2015:02:13:12 -0500] "GET /BLA/resoluciones/AUTOS%202007/2887.pdf HTTP/1.1" 200 235526
188.165.15.212 - - [01/Mar/2015:02:13:14 -0500] "GET /BLA/resoluciones/RESOLUCIONES%202002/RES%202002%20751-800/2002RES766.tif HTTP/1.1" 200 90540
186.145.128.140 - - [01/Mar/2015:02:13:32 -0500] "POST /forest/actions/workplace.getReparto?a=0.8480472527444363 HTTP/1.1" 200 980
66.249.67.76 - - [01/Mar/2015:02:13:32 -0500] "GET /BLA/resoluciones/RESOLUCIONES%202009/7777.pdf HTTP/1.1" 200 496457
66.249.67.68 - - [01/Mar/2015:02:13:52 -0500] "GET /BLA/resoluciones/AUTOS%202007/0110.pdf HTTP/1.1" 200 48289
66.249.67.84 - - [01/Mar/2015:02:14:12 -0500] "GET /BLA/resoluciones/AUTOS%202008/2414.pdf HTTP/1.1" 200 94081
180.76.5.153 - - [01/Mar/2015:02:14:18 -0500] "GET /BLA/boletinlegal;jsessionid=9AA074546E6381CFBF5E7F1E595075A1?/? HTTP/1.1" 404 1018
66.249.67.84 - - [01/Mar/2015:02:14:32 -0500] "GET /BLA/resoluciones/AUTOS%202007/3172.pdf HTTP/1.1" 200 79074
186.82.72.151 - - [01/Mar/2015:02:14:45 -0500] "GET /videos/galeria-fotografica/index8.html? HTTP/1.1" 200 1971
186.82.72.151 - - [01/Mar/2015:02:14:45 -0500] "GET /videos/galeria-fotografica/js/jquery-flickr-gallery/jquery-flickr.css HTTP/1.1" 200 711
186.82.72.151 - - [01/Mar/2015:02:14:45 -0500] "GET /videos/galeria-fotografica/js/jquery-flickr-gallery/jquery-flickr-gallery.js HTTP/1.1" 200 9050
186.82.72.151 - - [01/Mar/2015:02:14:46 -0500] "GET /videos/galeria-fotografica/js/jquery-flickr-gallery/loader.gif HTTP/1.1" 200 2129
66.249.67.76 - - [01/Mar/2015:02:14:51 -0500] "GET /BLA/resoluciones/RESOLUCIONES%202009/2970.pdf HTTP/1.1" 200 604646
186.145.128.140 - - [01/Mar/2015:02:15:10 -0500] "POST /forest/actions/workplace.getReparto?a=0.29186977725476027 HTTP/1.1" 200 1092
66.249.67.84 - - [01/Mar/2015:02:15:11 -0500] "GET /BLA/resoluciones/RESOLUCIONES%202009/7845.pdf HTTP/1.1" 200 540419
186.145.128.140 - - [01/Mar/2015:02:15:14 -0500] "GET /forest/suactividades.do?verDocs=&codPro=134&numPro=2852579&codInst=2878279&a=0.37641545478254557 HTTP/1.1" 200 98353
186.145.128.140 - - [01/Mar/2015:02:15:18 -0500] "GET /forest/usudocumentos.do?p7z=1588349&a=0.64097507041879&a=0.6248500917572528 HTTP/1.1" 200 2557
186.145.128.140 - - [01/Mar/2015:02:15:19 -0500] "GET /forest/documentos/1588349/2012EE164450.p7z:claro/Autos.doc HTTP/1.1" 200 226816
74.86.158.107 - - [01/Mar/2015:02:15:23 -0500] "HEAD / HTTP/1.1" 302 -
66.249.67.84 - - [01/Mar/2015:02:15:31 -0500] "GET /BLA/resoluciones/RESOLUCIONES%202010/3793.pdf HTTP/1.1" 200 1055297
66.249.67.76 - - [01/Mar/2015:02:15:51 -0500] "GET /BLA/resoluciones/RESOLUCIONES%202008/4847.pdf HTTP/1.1" 200 418698
66.249.67.76 - - [01/Mar/2015:02:16:11 -0500] "GET /BLA/resoluciones/RESOLUCIONES%202010/3445.pdf HTTP/1.1" 200 738197
66.249.67.68 - - [01/Mar/2015:02:16:30 -0500] "GET /BLA/resoluciones/RESOLUCIONES%202009/7383.pdf HTTP/1.1" 200 953961
186.145.128.140 - - [01/Mar/2015:02:16:42 -0500] "POST /forest/actions/workplace.getReparto?a=0.17518285242840648 HTTP/1.1" 200 1020
66.249.67.84 - - [01/Mar/2015:02:16:50 -0500] "GET /BLA/resoluciones/AUTOS%202008/1079.pdf HTTP/1.1" 200 45335
66.249.67.68 - - [01/Mar/2015:02:17:01 -0500] "GET /BLA/resoluciones/RESOLUCIONES%202011/1830.pdf HTTP/1.1" 200 503190
66.249.67.76 - - [01/Mar/2015:02:17:10 -0500] "GET /BLA/resoluciones/AUTOS%202008/1061.pdf HTTP/1.1" 200 169753
186.145.128.140 - - [01/Mar/2015:02:17:25 -0500] "GET /forest/session.jsp?a=0.5032078982330859 HTTP/1.1" 200 4
66.249.67.68 - - [01/Mar/2015:02:17:30 -0500] "GET /BLA/resoluciones/AUTOS%202007/1284.pdf HTTP/1.1" 200 75006
66.249.67.76 - - [01/Mar/2015:02:17:50 -0500] "GET /BLA/resoluciones/AUTOS%202007/3522.pdf HTTP/1.1" 200 294554
66.249.67.68 - - [01/Mar/2015:02:18:07 -0500] "GET /BLA/resoluciones/AUTOS%202008/1863.pdf HTTP/1.1" 200 172127
66.249.67.76 - - [01/Mar/2015:02:18:10 -0500] "GET /BLA/resoluciones/RESOLUCIONES%202009/8095.pdf HTTP/1.1" 200 531743
66.249.67.76 - - [01/Mar/2015:02:18:29 -0500] "GET /BLA/resoluciones/AUTOS%202007/2275.pdf HTTP/1.1" 200 98622
66.249.67.84 - - [01/Mar/2015:02:18:35 -0500] "GET /BLA/resoluciones/RESOLUCIONES%202009/3890.pdf HTTP/1.1" 304 -
66.249.67.76 - - [01/Mar/2015:02:18:49 -0500] "GET /BLA/resoluciones/RESOLUCIONES%202010/7775.pdf HTTP/1.1" 200 113794
66.249.67.84 - - [01/Mar/2015:02:19:09 -0500] "GET /BLA/resoluciones/RESOLUCIONES%202008/5110.pdf HTTP/1.1" 200 518165
66.249.67.68 - - [01/Mar/2015:02:19:29 -0500] "GET /BLA/resoluciones/RESOLUCIONES%202009/1570.pdf HTTP/1.1" 200 81493
188.165.15.212 - - [01/Mar/2015:02:19:30 -0500] "GET /BLA/resoluciones/RESOLUCIONES%202005/RES%202005%202151-2200/WSG-TriSorter.gif HTTP/1.1" 200 39772
66.249.67.76 - - [01/Mar/2015:02:19:49 -0500] "GET /BLA/resoluciones/RESOLUCIONES%202008/4329.pdf HTTP/1.1" 200 894350
186.145.128.140 - - [01/Mar/2015:02:20:03 -0500] "POST /forest/actions/workplace.getReparto?a=0.8225481091067195 HTTP/1.1" 200 975
74.86.158.107 - - [01/Mar/2015:02:20:23 -0500] "HEAD / HTTP/1.1" 302 -
66.249.67.68 - - [01/Mar/2015:02:20:28 -0500] "GET /BLA/resoluciones/RESOLUCIONES%202010/7122.pdf HTTP/1.1" 200 742848
66.249.67.84 - - [01/Mar/2015:02:20:48 -0500] "GET /BLA/resoluciones/RESOLUCIONES%202007/RES%202007%201901%20AL%202000/RESOLUCION%201962%20DE%202007.pdf HTTP/1.1" 200 279332
66.249.67.84 - - [01/Mar/2015:02:20:49 -0500] "GET /BLA/resoluciones/AUTOS%202008/1015.pdf HTTP/1.1" 200 366911
66.249.67.76 - - [01/Mar/2015:02:21:08 -0500] "GET /BLA/resoluciones/RESOLUCIONES%202008/3136.pdf HTTP/1.1" 200 230425
186.145.128.140 - - [01/Mar/2015:02:21:22 -0500] "POST /forest/actions/workplace.getReparto?a=0.5397450800519437 HTTP/1.1" 200 981
66.249.67.76 - - [01/Mar/2015:02:21:30 -0500] "GET /BLA/resoluciones/RESOLUCIONES%202010/7787.pdf HTTP/1.1" 200 72403
66.249.67.84 - - [01/Mar/2015:02:21:47 -0500] "GET /BLA/resoluciones/AUTOS%202008/1346.pdf HTTP/1.1" 200 72492
66.249.67.84 - - [01/Mar/2015:02:22:00 -0500] "GET /portel_dama/libreria/php/2006/restauracion/22_proye/xtras_in/2a.pdf HTTP/1.1" 404 1018
66.249.67.68 - - [01/Mar/2015:02:22:07 -0500] "GET /BLA/resoluciones/RESOLUCIONES%202009/0610.pdf HTTP/1.1" 200 303448
188.165.15.233 - - [01/Mar/2015:02:22:18 -0500] "GET /BLA/resoluciones/RESOLUCIONES%202002/RES%202002%2001-50/2002RES3.tif HTTP/1.1" 200 50824
186.145.128.140 - - [01/Mar/2015:02:22:25 -0500] "GET /forest/session.jsp?a=0.6282730295788497 HTTP/1.1" 200 4
66.249.67.68 - - [01/Mar/2015:02:22:47 -0500] "GET /BLA/resoluciones/AUTOS%202008/0378.pdf HTTP/1.1" 200 144041
66.249.67.76 - - [01/Mar/2015:02:23:07 -0500] "GET /BLA/resoluciones/RESOLUCIONES%202009/2426.pdf HTTP/1.1" 200 411503
188.165.15.191 - - [01/Mar/2015:02:23:16 -0500] "GET /BLA/resoluciones/RESOLUCIONES%202005/RES%202005%20701-750/00000704.tif HTTP/1.1" 200 168264
186.145.128.140 - - [01/Mar/2015:02:23:19 -0500] "POST /forest/actions/workplace.getReparto?a=0.7733113751746714 HTTP/1.1" 200 985
66.249.67.68 - - [01/Mar/2015:02:23:26 -0500] "GET /BLA/resoluciones/AUTOS%202007/0646.pdf HTTP/1.1" 200 150934
188.165.15.61 - - [01/Mar/2015:02:23:34 -0500] "GET /BLA/resoluciones/RESOLUCIONES%202004/RES%202004%2051-100/00000061.tif HTTP/1.1" 200 144834
66.249.67.68 - - [01/Mar/2015:02:23:46 -0500] "GET /BLA/resoluciones/AUTOS%202008/2528.pdf HTTP/1.1" 200 81295
66.249.67.76 - - [01/Mar/2015:02:24:06 -0500] "GET /BLA/resoluciones/AUTOS%202007/2075.pdf HTTP/1.1" 200 655960
66.249.67.84 - - [01/Mar/2015:02:24:07 -0500] "GET /BLA/resoluciones/RESOLUCIONES%202005/RES%202005%20651-700/00000695.tif HTTP/1.1" 200 38202
66.249.67.76 - - [01/Mar/2015:02:24:23 -0500] "GET /BLA/resoluciones/RESOLUCIONES%202009/1717.pdf HTTP/1.1" 304 -
66.249.67.76 - - [01/Mar/2015:02:24:26 -0500] "GET /BLA/resoluciones/RESOLUCIONES%202010/7666.pdf HTTP/1.1" 200 425952
186.145.128.140 - - [01/Mar/2015:02:24:29 -0500] "POST /forest/actions/workplace.getReparto?a=0.7749177173245698 HTTP/1.1" 200 987
190.252.234.70 - - [01/Mar/2015:02:24:30 -0500] "GET /BLA/boletinlegal/js/jquery.scrollTo-min.js HTTP/1.1" 200 1150
190.252.234.70 - - [01/Mar/2015:02:24:30 -0500] "GET /BLA/boletinlegal/js/jquery.scrollShow.js HTTP/1.1" 200 4586
190.252.234.70 - - [01/Mar/2015:02:24:30 -0500] "GET /galeria/galeria/jquery.fancybox.js?v=2.1.5 HTTP/1.1" 200 48706
190.252.234.70 - - [01/Mar/2015:02:24:30 -0500] "GET /galeria/galeria/jquery.fancybox.css?v=2.1.5 HTTP/1.1" 200 4895
190.252.234.70 - - [01/Mar/2015:02:24:30 -0500] "GET /galeria/carrusel/Carrusel/jquery.thumbnailScroller.css HTTP/1.1" 200 2066
190.252.234.70 - - [01/Mar/2015:02:24:30 -0500] "GET /galeria/carrusel/Carrusel/jquery-ui-1.8.13.custom.min.js HTTP/1.1" 200 10800
190.252.234.70 - - [01/Mar/2015:02:24:30 -0500] "GET /galeria/carrusel/Carrusel/jquery.thumbnailScroller.js HTTP/1.1" 200 8157
190.252.234.70 - - [01/Mar/2015:02:24:32 -0500] "GET /galeria/nivo-slider/demo/demo.html HTTP/1.1" 200 4191
190.252.234.70 - - [01/Mar/2015:02:24:34 -0500] "GET /galeria/nivo-slider/themes/default/default.css HTTP/1.1" 200 1569
190.252.234.70 - - [01/Mar/2015:02:24:34 -0500] "GET /galeria/nivo-slider/themes/pascal/pascal.css HTTP/1.1" 200 2258
190.252.234.70 - - [01/Mar/2015:02:24:34 -0500] "GET /galeria/nivo-slider/themes/orman/orman.css HTTP/1.1" 200 2152
190.252.234.70 - - [01/Mar/2015:02:24:34 -0500] "GET /galeria/nivo-slider/nivo-slider.css HTTP/1.1" 200 1507
190.252.234.70 - - [01/Mar/2015:02:24:34 -0500] "GET /galeria/nivo-slider/demo/style.css HTTP/1.1" 200 2222
190.252.234.70 - - [01/Mar/2015:02:24:34 -0500] "GET /galeria/nivo-slider/demo/scripts/jquery-1.7.1.min.js HTTP/1.1" 200 93868
190.252.234.70 - - [01/Mar/2015:02:24:34 -0500] "GET /galeria/nivo-slider/jquery.nivo.slider.pack.js HTTP/1.1" 200 11561
190.252.234.70 - - [01/Mar/2015:02:24:34 -0500] "GET /galeria/nivo-slider/demo/images/Banner-decreto1299.jpg HTTP/1.1" 200 182613
190.252.234.70 - - [01/Mar/2015:02:24:34 -0500] "GET /galeria/nivo-slider/demo/images/Banner-Directorio.jpg HTTP/1.1" 200 182068
190.252.234.70 - - [01/Mar/2015:02:24:34 -0500] "GET /galeria/nivo-slider/demo/images/BFebrero-mes-de-los-humedales.jpg HTTP/1.1" 200 320179
190.252.234.70 - - [01/Mar/2015:02:24:34 -0500] "GET /galeria/nivo-slider/demo/images/Banner_SEGAE.jpg HTTP/1.1" 200 169523
190.252.234.70 - - [01/Mar/2015:02:24:34 -0500] "GET /galeria/nivo-slider/demo/images/banner-V2.jpg HTTP/1.1" 200 167020
190.252.234.70 - - [01/Mar/2015:02:24:34 -0500] "GET /galeria/nivo-slider/demo/images/bolsas-08.jpg HTTP/1.1" 200 85589
190.252.234.70 - - [01/Mar/2015:02:24:34 -0500] "GET /galeria/nivo-slider/demo/images/Ruta-vertimientos-01.jpg HTTP/1.1" 200 130151
190.252.234.70 - - [01/Mar/2015:02:24:34 -0500] "GET /galeria/nivo-slider/demo/images/bolsas-06.jpg HTTP/1.1" 200 90982
190.252.234.70 - - [01/Mar/2015:02:24:34 -0500] "GET /galeria/nivo-slider/demo/images/ecolecta-Dic2014.png HTTP/1.1" 200 288593
190.252.234.70 - - [01/Mar/2015:02:24:34 -0500] "GET /galeria/nivo-slider/demo/images/porloshumedales.jpg HTTP/1.1" 200 351238
190.252.234.70 - - [01/Mar/2015:02:24:36 -0500] "GET /galeria/nivo-slider/demo/images/Tingua-azul.jpg HTTP/1.1" 200 307638
66.249.67.84 - - [01/Mar/2015:02:24:36 -0500] "GET /BLA/resoluciones/AUTOS%202007/2589.pdf HTTP/1.1" 200 91682
190.252.234.70 - - [01/Mar/2015:02:24:36 -0500] "GET /galeria/nivo-slider/demo/images/Banner-Caracol-Africano.jpg HTTP/1.1" 200 331986
190.252.234.70 - - [01/Mar/2015:02:24:41 -0500] "GET /galeria/nivo-slider/demo/images/redes_sociales.jpg HTTP/1.1" 200 415652
190.252.234.70 - - [01/Mar/2015:02:24:41 -0500] "GET /galeria/nivo-slider/demo/images/banner-llantas2.jpg HTTP/1.1" 200 73153
190.252.234.70 - - [01/Mar/2015:02:24:43 -0500] "GET /galeria/nivo-slider/demo/images/banner-caballos.png HTTP/1.1" 200 389106
190.252.234.70 - - [01/Mar/2015:02:24:43 -0500] "GET /galeria/nivo-slider/demo/images/4Simple_Slider.png HTTP/1.1" 200 11722
190.252.234.70 - - [01/Mar/2015:02:24:44 -0500] "GET /galeria/nivo-slider/themes/default/loading.gif HTTP/1.1" 200 1737
190.252.234.70 - - [01/Mar/2015:02:24:45 -0500] "GET /galeria/nivo-slider/demo/images/9Signos.jpg HTTP/1.1" 200 93040
66.249.67.76 - - [01/Mar/2015:02:24:46 -0500] "GET /BLA/resoluciones/RESOLUCIONES%202009/1892.pdf HTTP/1.1" 200 550575
188.165.15.121 - - [01/Mar/2015:02:24:52 -0500] "GET /BLA/resoluciones/RESOLUCIONES%202005/RES%202005%20851-900/00000893.tif HTTP/1.1" 200 247144
190.252.234.70 - - [01/Mar/2015:02:24:55 -0500] "GET /galeria/nivo-slider/themes/default/arrows.png HTTP/1.1" 200 824
190.252.234.70 - - [01/Mar/2015:02:24:55 -0500] "GET /galeria/nivo-slider/themes/default/bullets.png HTTP/1.1" 200 1281
66.249.67.76 - - [01/Mar/2015:02:25:06 -0500] "GET /BLA/resoluciones/AUTOS%202007/1102.pdf HTTP/1.1" 200 25011
186.145.128.140 - - [01/Mar/2015:02:25:10 -0500] "POST /forest/actions/workplace.getReparto?a=0.9771196988876909 HTTP/1.1" 200 1026
186.145.128.140 - - [01/Mar/2015:02:25:13 -0500] "GET /forest/suactividades.do?verDocs=&codPro=134&numPro=2995557&codInst=3032096&a=0.539240773068741 HTTP/1.1" 200 57571
