66.249.67.68 - - [01/Mar/2015:00:39:07 -0500] "GET /BLA/resoluciones/RESOLUCIONES%202009/7496.pdf HTTP/1.1" 200 487539
188.165.15.84 - - [01/Mar/2015:00:39:25 -0500] "GET /BLA/resoluciones/RESOLUCIONES%202005/RES%202005%201351-1400/00001379.tif HTTP/1.1" 200 156198
66.249.67.84 - - [01/Mar/2015:00:39:27 -0500] "GET /BLA/resoluciones/RESOLUCIONES%202010/7605.pdf HTTP/1.1" 200 69029
66.249.67.84 - - [01/Mar/2015:00:39:46 -0500] "GET /BLA/resoluciones/RESOLUCIONES%202008/4310.pdf HTTP/1.1" 200 262657
186.28.9.17 - - [01/Mar/2015:00:33:47 -0500] "GET /ForestMSG_SDA/channelAsync/template_word_17611215?X-Atmosphere-tracking-id=939f21ca-e969-0a69-6f55-17633d2b10e9&X-Atmosphere-Framework=1.0.5&X-Atmosphere-Transport=long-polling&tabid=0.8160054734908044&X-Cache-Date=0&Content-Type=application/xml&_=1425188246402 HTTP/1.1" 200 8193
66.249.67.76 - - [01/Mar/2015:00:40:06 -0500] "GET /BLA/resoluciones/RESOLUCIONES%202010/5958.pdf HTTP/1.1" 200 325510
74.86.158.107 - - [01/Mar/2015:00:40:23 -0500] "HEAD / HTTP/1.1" 302 -
66.249.67.84 - - [01/Mar/2015:00:40:26 -0500] "GET /BLA/resoluciones/RESOLUCIONES%202009/8214.pdf HTTP/1.1" 200 1059236
186.145.128.140 - - [01/Mar/2015:00:40:27 -0500] "GET /forest/session.jsp?a=0.6721130486112088 HTTP/1.1" 200 4
190.157.153.111 - - [01/Mar/2015:00:36:38 -0500] "GET /ForestMSG_SDA/channelAsync/template_word_17362547;jsessionid=sVSa6ZQNdEArhMGB4l9KAvlH.server1?X-Atmosphere-tracking-id=f0240eb5-cb7e-8b35-67a3-0c59403a059d&X-Atmosphere-Framework=1.0.5&X-Atmosphere-Transport=long-polling&tabid=0.9264687237890289&X-Cache-Date=1425188389740&Content-Type=application/xml HTTP/1.1" 200 8193
190.157.153.111 - - [01/Mar/2015:00:40:37 -0500] "GET /ForestMSG_SDA/channelAsync/template_word_17362547;jsessionid=sVSa6ZQNdEArhMGB4l9KAvlH.server1?X-Atmosphere-tracking-id=a1a75996-b74c-7c25-55a1-f9d288f70583&X-Atmosphere-Framework=1.0.5&X-Atmosphere-Transport=long-polling&tabid=0.9264687237890289&X-Cache-Date=0&Content-Type=application/xml HTTP/1.1" 200 8193
190.157.153.111 - - [01/Mar/2015:00:40:38 -0500] "GET /ForestMSG_SDA/channelAsync/template_word_17362547;jsessionid=sVSa6ZQNdEArhMGB4l9KAvlH.server1?X-Atmosphere-tracking-id=a1a75996-b74c-7c25-55a1-f9d288f70583&X-Atmosphere-Framework=1.0.5&X-Atmosphere-Transport=long-polling&tabid=0.9264687237890289&X-Cache-Date=1425188629637&Content-Type=application/xml HTTP/1.1" 200 8193
190.157.153.111 - - [01/Mar/2015:00:40:38 -0500] "GET /ForestMSG_SDA/channelAsync/template_word_17362547;jsessionid=sVSa6ZQNdEArhMGB4l9KAvlH.server1?X-Atmosphere-tracking-id=a1a75996-b74c-7c25-55a1-f9d288f70583&X-Atmosphere-Framework=1.0.5&X-Atmosphere-Transport=long-polling&tabid=0.9264687237890289&X-Cache-Date=1425188629637&Content-Type=application/xml HTTP/1.1" 200 8193
190.157.153.111 - - [01/Mar/2015:00:40:38 -0500] "GET /ForestMSG_SDA/channelAsync/template_word_17362547;jsessionid=sVSa6ZQNdEArhMGB4l9KAvlH.server1?X-Atmosphere-tracking-id=a1a75996-b74c-7c25-55a1-f9d288f70583&X-Atmosphere-Framework=1.0.5&X-Atmosphere-Transport=long-polling&tabid=0.9264687237890289&X-Cache-Date=1425188629669&Content-Type=application/xml HTTP/1.1" 200 8193
190.157.153.111 - - [01/Mar/2015:00:40:38 -0500] "GET /ForestMSG_SDA/channelAsync/template_word_17362547;jsessionid=sVSa6ZQNdEArhMGB4l9KAvlH.server1?X-Atmosphere-tracking-id=a1a75996-b74c-7c25-55a1-f9d288f70583&X-Atmosphere-Framework=1.0.5&X-Atmosphere-Transport=long-polling&tabid=0.9264687237890289&X-Cache-Date=1425188629669&Content-Type=application/xml HTTP/1.1" 200 8193
190.157.153.111 - - [01/Mar/2015:00:40:38 -0500] "GET /ForestMSG_SDA/channelAsync/template_word_17362547;jsessionid=sVSa6ZQNdEArhMGB4l9KAvlH.server1?X-Atmosphere-tracking-id=a1a75996-b74c-7c25-55a1-f9d288f70583&X-Atmosphere-Framework=1.0.5&X-Atmosphere-Transport=long-polling&tabid=0.9264687237890289&X-Cache-Date=1425188629669&Content-Type=application/xml HTTP/1.1" 200 8193
190.157.153.111 - - [01/Mar/2015:00:40:38 -0500] "GET /ForestMSG_SDA/channelAsync/template_word_17362547;jsessionid=sVSa6ZQNdEArhMGB4l9KAvlH.server1?X-Atmosphere-tracking-id=a1a75996-b74c-7c25-55a1-f9d288f70583&X-Atmosphere-Framework=1.0.5&X-Atmosphere-Transport=long-polling&tabid=0.9264687237890289&X-Cache-Date=1425188629684&Content-Type=application/xml HTTP/1.1" 200 8193
190.157.153.111 - - [01/Mar/2015:00:40:38 -0500] "GET /ForestMSG_SDA/channelAsync/template_word_17362547;jsessionid=sVSa6ZQNdEArhMGB4l9KAvlH.server1?X-Atmosphere-tracking-id=a1a75996-b74c-7c25-55a1-f9d288f70583&X-Atmosphere-Framework=1.0.5&X-Atmosphere-Transport=long-polling&tabid=0.9264687237890289&X-Cache-Date=1425188629684&Content-Type=application/xml HTTP/1.1" 200 8193
190.157.153.111 - - [01/Mar/2015:00:40:38 -0500] "GET /ForestMSG_SDA/channelAsync/template_word_17362547;jsessionid=sVSa6ZQNdEArhMGB4l9KAvlH.server1?X-Atmosphere-tracking-id=a1a75996-b74c-7c25-55a1-f9d288f70583&X-Atmosphere-Framework=1.0.5&X-Atmosphere-Transport=long-polling&tabid=0.9264687237890289&X-Cache-Date=1425188629715&Content-Type=application/xml HTTP/1.1" 200 8193
190.157.153.111 - - [01/Mar/2015:00:40:38 -0500] "GET /ForestMSG_SDA/channelAsync/template_word_17362547;jsessionid=sVSa6ZQNdEArhMGB4l9KAvlH.server1?X-Atmosphere-tracking-id=a1a75996-b74c-7c25-55a1-f9d288f70583&X-Atmosphere-Framework=1.0.5&X-Atmosphere-Transport=long-polling&tabid=0.9264687237890289&X-Cache-Date=1425188629669&Content-Type=application/xml HTTP/1.1" 200 8193
66.249.67.84 - - [01/Mar/2015:00:40:46 -0500] "GET /BLA/resoluciones/AUTOS%202007/3105.pdf HTTP/1.1" 200 448273
66.249.67.68 - - [01/Mar/2015:00:41:03 -0500] "GET /BLA/resoluciones/RESOLUCIONES%202009/3291.pdf HTTP/1.1" 200 612695
66.249.67.76 - - [01/Mar/2015:00:41:06 -0500] "GET /PruebasSTORM/StormSDA_pruebas/userFiles/user_files/97/ HTTP/1.1" 200 1755
186.145.128.140 - - [01/Mar/2015:00:41:42 -0500] "POST /forest/actions/workplace.getReparto?a=0.2771831585559994 HTTP/1.1" 200 1049
186.145.128.140 - - [01/Mar/2015:00:41:45 -0500] "GET /forest/suactividades.do?verDocs=&codPro=134&numPro=2579154&codInst=2591106&a=0.6664478559978306 HTTP/1.1" 200 57885
66.249.67.84 - - [01/Mar/2015:00:41:45 -0500] "GET /BLA/resoluciones/RESOLUCIONES%202009/2501.pdf HTTP/1.1" 200 264583
76.91.213.108 - - [01/Mar/2015:00:41:55 -0500] "GET /webdav/x32.php HTTP/1.1" 404 1018
66.249.67.84 - - [01/Mar/2015:00:41:55 -0500] "GET /BLA/resoluciones/RESOLUCIONES%202003/RES%202003%201051-1100/1088.tif HTTP/1.1" 200 320288
66.249.67.84 - - [01/Mar/2015:00:41:55 -0500] "GET /BLA/resoluciones/RESOLUCIONES%202009/7589.pdf HTTP/1.1" 200 498839
66.249.67.76 - - [01/Mar/2015:00:42:05 -0500] "GET /BLA/resoluciones/RESOLUCIONES%202010/6849.pdf HTTP/1.1" 200 201329
66.249.67.68 - - [01/Mar/2015:00:42:15 -0500] "GET /BLA/resoluciones/RESOLUCIONES%202009/0819.pdf HTTP/1.1" 200 202089
66.249.67.84 - - [01/Mar/2015:00:42:25 -0500] "GET /BLA/resoluciones/RESOLUCIONES%202010/7547.pdf HTTP/1.1" 200 496491
186.145.128.140 - - [01/Mar/2015:00:42:39 -0500] "GET /forest/usudocumentos.do?p7z=1695400&a=0.04122460540384054&a=0.2715909874532372 HTTP/1.1" 200 2526
66.249.67.84 - - [01/Mar/2015:00:42:45 -0500] "GET /BLA/resoluciones/RESOLUCIONES%202008/2712.pdf HTTP/1.1" 200 334664
186.145.128.140 - - [01/Mar/2015:00:42:41 -0500] "GET /forest/documentos/1695400/2013IE106651.p7z:claro/Concepto%20Tecnico.doc HTTP/1.1" 200 4508160
186.145.128.140 - - [01/Mar/2015:00:43:04 -0500] "GET /forest/session.jsp?a=0.5253156295511872 HTTP/1.1" 200 4
66.249.67.84 - - [01/Mar/2015:00:43:05 -0500] "GET /BLA/resoluciones/RESOLUCIONES%202008/5057.pdf HTTP/1.1" 200 210588
66.249.67.76 - - [01/Mar/2015:00:43:24 -0500] "GET /BLA/resoluciones/AUTOS%202007/1010.pdf HTTP/1.1" 200 118413
180.76.5.58 - - [01/Mar/2015:00:43:36 -0500] "GET /BLA/boletinlegal;jsessionid=7C10A9450F3EEDCB0EEEB5E60DFB0DC0?/? HTTP/1.1" 404 1018
66.249.67.84 - - [01/Mar/2015:00:43:44 -0500] "GET /BLA/resoluciones/RESOLUCIONES%202008/0525.pdf HTTP/1.1" 200 178939
66.249.67.68 - - [01/Mar/2015:00:44:04 -0500] "GET /BLA/resoluciones/RESOLUCIONES%202010/3433.pdf HTTP/1.1" 200 745703
66.249.67.68 - - [01/Mar/2015:00:44:24 -0500] "GET /BLA/resoluciones/RESOLUCIONES%202010/4101.pdf HTTP/1.1" 200 335492
157.55.39.187 - - [01/Mar/2015:00:44:33 -0500] "GET /BLA/boletinlegal/js/jquery.scrollShow.js HTTP/1.1" 200 4586
190.157.153.111 - - [01/Mar/2015:00:40:38 -0500] "GET /ForestMSG_SDA/channelAsync/template_word_17362547;jsessionid=sVSa6ZQNdEArhMGB4l9KAvlH.server1?X-Atmosphere-tracking-id=a1a75996-b74c-7c25-55a1-f9d288f70583&X-Atmosphere-Framework=1.0.5&X-Atmosphere-Transport=long-polling&tabid=0.9264687237890289&X-Cache-Date=1425188629715&Content-Type=application/xml HTTP/1.1" 200 8193
190.157.153.111 - - [01/Mar/2015:00:44:37 -0500] "GET /ForestMSG_SDA/channelAsync/template_word_17362547;jsessionid=sVSa6ZQNdEArhMGB4l9KAvlH.server1?X-Atmosphere-tracking-id=ce239e02-8b76-1ec4-2a33-22085b8a9f9b&X-Atmosphere-Framework=1.0.5&X-Atmosphere-Transport=long-polling&tabid=0.9264687237890289&X-Cache-Date=0&Content-Type=application/xml HTTP/1.1" 200 8193
190.157.153.111 - - [01/Mar/2015:00:44:38 -0500] "GET /ForestMSG_SDA/channelAsync/template_word_17362547;jsessionid=sVSa6ZQNdEArhMGB4l9KAvlH.server1?X-Atmosphere-tracking-id=ce239e02-8b76-1ec4-2a33-22085b8a9f9b&X-Atmosphere-Framework=1.0.5&X-Atmosphere-Transport=long-polling&tabid=0.9264687237890289&X-Cache-Date=1425188869659&Content-Type=application/xml HTTP/1.1" 200 8193
190.157.153.111 - - [01/Mar/2015:00:44:38 -0500] "GET /ForestMSG_SDA/channelAsync/template_word_17362547;jsessionid=sVSa6ZQNdEArhMGB4l9KAvlH.server1?X-Atmosphere-tracking-id=ce239e02-8b76-1ec4-2a33-22085b8a9f9b&X-Atmosphere-Framework=1.0.5&X-Atmosphere-Transport=long-polling&tabid=0.9264687237890289&X-Cache-Date=1425188869644&Content-Type=application/xml HTTP/1.1" 200 8193
190.157.153.111 - - [01/Mar/2015:00:44:38 -0500] "GET /ForestMSG_SDA/channelAsync/template_word_17362547;jsessionid=sVSa6ZQNdEArhMGB4l9KAvlH.server1?X-Atmosphere-tracking-id=ce239e02-8b76-1ec4-2a33-22085b8a9f9b&X-Atmosphere-Framework=1.0.5&X-Atmosphere-Transport=long-polling&tabid=0.9264687237890289&X-Cache-Date=1425188869675&Content-Type=application/xml HTTP/1.1" 200 8193
190.157.153.111 - - [01/Mar/2015:00:44:38 -0500] "GET /ForestMSG_SDA/channelAsync/template_word_17362547;jsessionid=sVSa6ZQNdEArhMGB4l9KAvlH.server1?X-Atmosphere-tracking-id=ce239e02-8b76-1ec4-2a33-22085b8a9f9b&X-Atmosphere-Framework=1.0.5&X-Atmosphere-Transport=long-polling&tabid=0.9264687237890289&X-Cache-Date=1425188869675&Content-Type=application/xml HTTP/1.1" 200 8193
190.157.153.111 - - [01/Mar/2015:00:44:38 -0500] "GET /ForestMSG_SDA/channelAsync/template_word_17362547;jsessionid=sVSa6ZQNdEArhMGB4l9KAvlH.server1?X-Atmosphere-tracking-id=ce239e02-8b76-1ec4-2a33-22085b8a9f9b&X-Atmosphere-Framework=1.0.5&X-Atmosphere-Transport=long-polling&tabid=0.9264687237890289&X-Cache-Date=1425188869644&Content-Type=application/xml HTTP/1.1" 200 8193
190.157.153.111 - - [01/Mar/2015:00:44:38 -0500] "GET /ForestMSG_SDA/channelAsync/template_word_17362547;jsessionid=sVSa6ZQNdEArhMGB4l9KAvlH.server1?X-Atmosphere-tracking-id=ce239e02-8b76-1ec4-2a33-22085b8a9f9b&X-Atmosphere-Framework=1.0.5&X-Atmosphere-Transport=long-polling&tabid=0.9264687237890289&X-Cache-Date=1425188869706&Content-Type=application/xml HTTP/1.1" 200 8193
190.157.153.111 - - [01/Mar/2015:00:44:38 -0500] "GET /ForestMSG_SDA/channelAsync/template_word_17362547;jsessionid=sVSa6ZQNdEArhMGB4l9KAvlH.server1?X-Atmosphere-tracking-id=ce239e02-8b76-1ec4-2a33-22085b8a9f9b&X-Atmosphere-Framework=1.0.5&X-Atmosphere-Transport=long-polling&tabid=0.9264687237890289&X-Cache-Date=1425188869675&Content-Type=application/xml HTTP/1.1" 200 8193
190.157.153.111 - - [01/Mar/2015:00:44:38 -0500] "GET /ForestMSG_SDA/channelAsync/template_word_17362547;jsessionid=sVSa6ZQNdEArhMGB4l9KAvlH.server1?X-Atmosphere-tracking-id=ce239e02-8b76-1ec4-2a33-22085b8a9f9b&X-Atmosphere-Framework=1.0.5&X-Atmosphere-Transport=long-polling&tabid=0.9264687237890289&X-Cache-Date=1425188869706&Content-Type=application/xml HTTP/1.1" 200 8193
190.157.153.111 - - [01/Mar/2015:00:44:38 -0500] "GET /ForestMSG_SDA/channelAsync/template_word_17362547;jsessionid=sVSa6ZQNdEArhMGB4l9KAvlH.server1?X-Atmosphere-tracking-id=ce239e02-8b76-1ec4-2a33-22085b8a9f9b&X-Atmosphere-Framework=1.0.5&X-Atmosphere-Transport=long-polling&tabid=0.9264687237890289&X-Cache-Date=1425188869722&Content-Type=application/xml HTTP/1.1" 200 8193
66.249.67.68 - - [01/Mar/2015:00:44:44 -0500] "GET /BLA/resoluciones/RESOLUCIONES%202007/RES%202007%202701%20AL%202800/RESOLUCION%202704%20DE%202007.pdf HTTP/1.1" 200 478294
66.249.67.76 - - [01/Mar/2015:00:45:03 -0500] "GET /BLA/resoluciones/RESOLUCIONES%202008/5111.pdf HTTP/1.1" 200 451787
74.86.158.107 - - [01/Mar/2015:00:45:23 -0500] "HEAD / HTTP/1.1" 302 -
66.249.67.76 - - [01/Mar/2015:00:45:23 -0500] "GET /BLA/resoluciones/AUTOS%202007/1342.pdf HTTP/1.1" 200 55126
186.145.128.140 - - [01/Mar/2015:00:45:28 -0500] "GET /forest/session.jsp?a=0.49210440926253796 HTTP/1.1" 200 4
66.249.67.84 - - [01/Mar/2015:00:45:43 -0500] "GET /BLA/resoluciones/RESOLUCIONES%202008/3080.pdf HTTP/1.1" 200 294912
66.249.67.76 - - [01/Mar/2015:00:46:03 -0500] "GET /BLA/resoluciones/RESOLUCIONES%202009/8316.pdf HTTP/1.1" 200 495104
186.145.128.140 - - [01/Mar/2015:00:46:04 -0500] "POST /forest/actions/workplace.getReparto?a=0.6344570522196591 HTTP/1.1" 200 1060
186.145.128.140 - - [01/Mar/2015:00:46:06 -0500] "GET /forest/suactividades.do?verDocs=&codPro=134&numPro=2610270&codInst=2623870&a=0.18216037168167531 HTTP/1.1" 200 57918
66.249.67.68 - - [01/Mar/2015:00:46:23 -0500] "GET /BLA/resoluciones/RESOLUCIONES%202010/5092.pdf HTTP/1.1" 200 754719
190.157.153.111 - - [01/Mar/2015:00:46:39 -0500] "GET /forest/session.jsp?a=0.1729558821758551 HTTP/1.1" 200 4
66.249.67.84 - - [01/Mar/2015:00:46:42 -0500] "GET /BLA/resoluciones/AUTOS%202007/2832.pdf HTTP/1.1" 200 295571
190.157.153.111 - - [01/Mar/2015:00:46:47 -0500] "POST /forest/index.do HTTP/1.1" 302 -
190.157.153.111 - - [01/Mar/2015:00:46:47 -0500] "GET /forest/skins/gdocs-jar/css/forest.css?version=1412.231748 HTTP/1.1" 304 -
190.157.153.111 - - [01/Mar/2015:00:46:47 -0500] "GET /forest/skins/gdocs-jar/css/autocomplete.css?version=1412.231748 HTTP/1.1" 304 -
190.157.153.111 - - [01/Mar/2015:00:46:47 -0500] "GET /forest/skins/gdocs-jar/css/menu.css?version=1412.231748 HTTP/1.1" 304 -
190.157.153.111 - - [01/Mar/2015:00:46:47 -0500] "GET /forest/css/index.css?version=1412.231748 HTTP/1.1" 304 -
190.157.153.111 - - [01/Mar/2015:00:46:47 -0500] "GET /forest/css/escritorio.css?version=1412.231748 HTTP/1.1" 304 -
190.157.153.111 - - [01/Mar/2015:00:46:47 -0500] "GET /forest/skins/gdocs-jar/css/dialog.css?version=1412.231748 HTTP/1.1" 304 -
190.157.153.111 - - [01/Mar/2015:00:46:47 -0500] "GET /forest/1ibre/jscalendar/calendar-win2k-1.css?version=1412.231748 HTTP/1.1" 304 -
190.157.153.111 - - [01/Mar/2015:00:46:47 -0500] "GET /forest/skins/gdocs-jar/css/forms.css?version=1412.231748 HTTP/1.1" 304 -
190.157.153.111 - - [01/Mar/2015:00:46:47 -0500] "GET /forest/jsoptimized/gz/js/gdocsall-1412.231748.js HTTP/1.1" 304 -
190.157.153.111 - - [01/Mar/2015:00:46:47 -0500] "GET /forest/js/json3.js HTTP/1.1" 304 -
190.157.153.111 - - [01/Mar/2015:00:46:47 -0500] "GET /forest/img/loading.gif HTTP/1.1" 304 -
190.157.153.111 - - [01/Mar/2015:00:46:47 -0500] "GET /forest/img/spacer.gif HTTP/1.1" 304 -
190.157.153.111 - - [01/Mar/2015:00:46:47 -0500] "GET /forest/img/base/bsc2_r1_c1.gif HTTP/1.1" 304 -
190.157.153.111 - - [01/Mar/2015:00:46:47 -0500] "GET /forest/img/base/bsc2_r1_c2.gif HTTP/1.1" 304 -
190.157.153.111 - - [01/Mar/2015:00:46:48 -0500] "GET /forest/img/base/bsc2_r1_c3.gif HTTP/1.1" 304 -
190.157.153.111 - - [01/Mar/2015:00:46:48 -0500] "GET /forest/img/panel/view_icon.gif HTTP/1.1" 304 -
190.157.153.111 - - [01/Mar/2015:00:46:48 -0500] "GET /forest/img/panel/menu/folder.png HTTP/1.1" 304 -
190.157.153.111 - - [01/Mar/2015:00:46:48 -0500] "GET /forest/img/panel/menu/add.png HTTP/1.1" 304 -
190.157.153.111 - - [01/Mar/2015:00:46:48 -0500] "GET /forest/img/panel/menu/hoy.png HTTP/1.1" 304 -
190.157.153.111 - - [01/Mar/2015:00:46:48 -0500] "GET /forest/img/panel/menu/danger2.png HTTP/1.1" 304 -
190.157.153.111 - - [01/Mar/2015:00:46:48 -0500] "GET /forest/skins/gdocs-jar/css/autocomplete.css HTTP/1.1" 304 -
190.157.153.111 - - [01/Mar/2015:00:46:48 -0500] "GET /forest/skins/gdocs-jar/js/autocompletar2.js?version=1412.231748 HTTP/1.1" 304 -
190.157.153.111 - - [01/Mar/2015:00:46:48 -0500] "GET /forest/skins/gdocs-jar/js/xml_utilities.js?version=1412.231748 HTTP/1.1" 304 -
190.157.153.111 - - [01/Mar/2015:00:46:48 -0500] "GET /forest/js/inicio.js?version=1412.231748 HTTP/1.1" 304 -
190.157.153.111 - - [01/Mar/2015:00:46:48 -0500] "GET /forest/skins/gdocs-jar/css/tree.css HTTP/1.1" 304 -
190.157.153.111 - - [01/Mar/2015:00:46:48 -0500] "GET /forest/skins/gdocs-jar/js/misprocesos.js?version=1412.231748 HTTP/1.1" 304 -
190.157.153.111 - - [01/Mar/2015:00:46:48 -0500] "GET /forest/img/instanciar.gif HTTP/1.1" 304 -
190.157.153.111 - - [01/Mar/2015:00:46:48 -0500] "GET /forest/img/close.gif HTTP/1.1" 304 -
190.157.153.111 - - [01/Mar/2015:00:46:48 -0500] "GET /forest/img/misdocumentos.gif HTTP/1.1" 304 -
190.157.153.111 - - [01/Mar/2015:00:46:48 -0500] "GET /forest/img/misactividades.gif HTTP/1.1" 304 -
190.157.153.111 - - [01/Mar/2015:00:46:47 -0500] "GET /forest/index2.jsp?a=0.9965501601883963 HTTP/1.1" 200 213475
190.157.153.111 - - [01/Mar/2015:00:46:49 -0500] "GET /forest/img/mplogo.gif HTTP/1.1" 304 -
190.157.153.111 - - [01/Mar/2015:00:46:49 -0500] "GET /forest/skins/gdocs-jar/img/okey.gif HTTP/1.1" 304 -
190.157.153.111 - - [01/Mar/2015:00:46:49 -0500] "GET /forest/1ibre/1ibre.css HTTP/1.1" 304 -
190.157.153.111 - - [01/Mar/2015:00:46:49 -0500] "GET /forest/session.jsp?a=0.19346786009314903 HTTP/1.1" 200 4
190.157.153.111 - - [01/Mar/2015:00:46:52 -0500] "GET /forest/skins/gdocs-jar/popup/popup.jsp?width=1100&height=500&title=Buscar%20procesos&uri=/forest/buscar.do%3Ftype%3Dprocesos&name=undefined&_a=0.6246882156473843&a=0.5364253949566723 HTTP/1.1" 200 1296
190.157.153.111 - - [01/Mar/2015:00:46:53 -0500] "GET /forest/1ibre/jscalendar/calendar-win2k-1.css HTTP/1.1" 304 -
190.157.153.111 - - [01/Mar/2015:00:46:53 -0500] "GET /forest/css/autocomplete.css?version=1412.231748 HTTP/1.1" 304 -
190.157.153.111 - - [01/Mar/2015:00:46:53 -0500] "GET /forest/skins/gdocs-jar/css/tree.css?version=1412.231748 HTTP/1.1" 304 -
190.157.153.111 - - [01/Mar/2015:00:46:53 -0500] "GET /forest/js/sarissa.js?version=1412.231748 HTTP/1.1" 304 -
190.157.153.111 - - [01/Mar/2015:00:46:53 -0500] "GET /forest/js/load_func.js?version=1412.231748 HTTP/1.1" 304 -
190.157.153.111 - - [01/Mar/2015:00:46:53 -0500] "GET /forest/js/escritorio/escritorio.js?version=1412.231748 HTTP/1.1" 304 -
190.157.153.111 - - [01/Mar/2015:00:46:53 -0500] "GET /forest/js/internJS.js?version=1412.231748 HTTP/1.1" 304 -
190.157.153.111 - - [01/Mar/2015:00:46:53 -0500] "GET /forest/js/autocompletar2.js?version=1412.231748 HTTP/1.1" 304 -
190.157.153.111 - - [01/Mar/2015:00:46:53 -0500] "GET /forest/1ibre/protoaculous.js?version=1412.231748 HTTP/1.1" 304 -
190.157.153.111 - - [01/Mar/2015:00:46:53 -0500] "GET /forest/1ibre/jscalendar/calendar.js?version=1412.231748 HTTP/1.1" 304 -
190.157.153.111 - - [01/Mar/2015:00:46:53 -0500] "GET /forest/1ibre/jscalendar/calendar-setup.js?version=1412.231748 HTTP/1.1" 304 -
190.157.153.111 - - [01/Mar/2015:00:46:53 -0500] "GET /forest/1ibre/jscalendar/lang/calendar-es.js?version=1412.231748 HTTP/1.1" 304 -
190.157.153.111 - - [01/Mar/2015:00:46:53 -0500] "GET /forest/1ibre/1ibre.js?version=1412.231748 HTTP/1.1" 304 -
190.157.153.111 - - [01/Mar/2015:00:46:53 -0500] "GET /forest/js/dialog.js?version=1412.231748 HTTP/1.1" 304 -
190.157.153.111 - - [01/Mar/2015:00:46:53 -0500] "GET /forest/js/xml_utilities.js?version=1412.231748 HTTP/1.1" 304 -
190.157.153.111 - - [01/Mar/2015:00:46:52 -0500] "GET /forest/buscar.do?type=procesos HTTP/1.1" 200 84389
190.157.153.111 - - [01/Mar/2015:00:46:53 -0500] "GET /forest/json.do?query=versionListadas HTTP/1.1" 200 15
190.157.153.111 - - [01/Mar/2015:00:46:53 -0500] "GET /forest/json.do?query=procesIniciales HTTP/1.1" 200 10080
190.157.153.111 - - [01/Mar/2015:00:46:54 -0500] "GET /forest/json.do?query=usersByDep&coddep=2013 HTTP/1.1" 200 7101
190.157.153.111 - - [01/Mar/2015:00:46:54 -0500] "GET /forest/json.do?query=usersByDep&coddep=2013 HTTP/1.1" 200 7101
66.249.67.68 - - [01/Mar/2015:00:46:54 -0500] "GET /BLA/resoluciones/AUTOS%202013/0083.pdf HTTP/1.1" 304 -
190.157.153.111 - - [01/Mar/2015:00:47:02 -0500] "POST /forest/buscar.do? HTTP/1.1" 200 5378
190.157.153.111 - - [01/Mar/2015:00:47:02 -0500] "GET /forest/css/escritorio.css HTTP/1.1" 304 -
66.249.67.68 - - [01/Mar/2015:00:47:02 -0500] "GET /BLA/resoluciones/RESOLUCIONES%202009/1480.pdf HTTP/1.1" 200 440683
190.157.153.111 - - [01/Mar/2015:00:47:05 -0500] "GET /forest/jsoptimized/gz/js/gdocsall-1412.231748.js HTTP/1.1" 304 -
190.157.153.111 - - [01/Mar/2015:00:47:05 -0500] "GET /forest/skins/gdocs-jar/js/tareas.js?version=1412.231748 HTTP/1.1" 304 -
190.157.153.111 - - [01/Mar/2015:00:47:04 -0500] "GET /forest/usutareas.do?group_system_actual=3&codAct=1476&numPro=2963205&codPro=134&fecTra=2014-11-24%2011:51:01.0&codInst=2997676&codTraEsc=16955407 HTTP/1.1" 200 112736
190.157.153.111 - - [01/Mar/2015:00:47:05 -0500] "GET /forest/skins/gdocs-jar/js/grid.js?version=1412.231748 HTTP/1.1" 304 -
190.157.153.111 - - [01/Mar/2015:00:47:05 -0500] "GET /forest/js/usutareas-docs.js HTTP/1.1" 304 -
190.157.153.111 - - [01/Mar/2015:00:47:05 -0500] "GET /forest/js/jquery/jquery-1.5.2.min.js HTTP/1.1" 304 -
190.157.153.111 - - [01/Mar/2015:00:47:05 -0500] "GET /forest/js/jquery/jquery.atmosphere.js HTTP/1.1" 304 -
190.157.153.111 - - [01/Mar/2015:00:47:05 -0500] "GET /forest/js/socketConnection.js HTTP/1.1" 304 -
190.157.153.111 - - [01/Mar/2015:00:47:06 -0500] "GET /forest/skins/gdocs-jar/css/forms.css HTTP/1.1" 304 -
190.157.153.111 - - [01/Mar/2015:00:47:06 -0500] "GET /forest/skins/gdocs-jar/js/number-functions.js?version=1412.231748 HTTP/1.1" 304 -
190.157.153.111 - - [01/Mar/2015:00:47:06 -0500] "GET /ForestMSG_SDA/channelAsync/template_word_16955407;jsessionid=sVSa6ZQNdEArhMGB4l9KAvlH.server1?X-Atmosphere-tracking-id=575cee19-3015-014f-4419-4087dbd9adca&X-Atmosphere-Framework=1.0.5&X-Atmosphere-Transport=long-polling&tabid=0.4733160916905021&X-Cache-Date=0&Content-Type=application/xml HTTP/1.1" 200 8193
190.157.153.111 - - [01/Mar/2015:00:47:06 -0500] "GET /ForestMSG_SDA/channelAsync/template_word_16955407;jsessionid=sVSa6ZQNdEArhMGB4l9KAvlH.server1?X-Atmosphere-tracking-id=575cee19-3015-014f-4419-4087dbd9adca&X-Atmosphere-Framework=1.0.5&X-Atmosphere-Transport=long-polling&tabid=0.4733160916905021&X-Cache-Date=1425189017683&Content-Type=application/xml HTTP/1.1" 200 8193
190.157.153.111 - - [01/Mar/2015:00:47:06 -0500] "GET /ForestMSG_SDA/channelAsync/template_word_16955407;jsessionid=sVSa6ZQNdEArhMGB4l9KAvlH.server1?X-Atmosphere-tracking-id=575cee19-3015-014f-4419-4087dbd9adca&X-Atmosphere-Framework=1.0.5&X-Atmosphere-Transport=long-polling&tabid=0.4733160916905021&X-Cache-Date=1425189017683&Content-Type=application/xml HTTP/1.1" 200 8193
190.157.153.111 - - [01/Mar/2015:00:47:06 -0500] "GET /ForestMSG_SDA/channelAsync/template_word_16955407;jsessionid=sVSa6ZQNdEArhMGB4l9KAvlH.server1?X-Atmosphere-tracking-id=575cee19-3015-014f-4419-4087dbd9adca&X-Atmosphere-Framework=1.0.5&X-Atmosphere-Transport=long-polling&tabid=0.4733160916905021&X-Cache-Date=1425189017683&Content-Type=application/xml HTTP/1.1" 200 8193
190.157.153.111 - - [01/Mar/2015:00:47:06 -0500] "GET /ForestMSG_SDA/channelAsync/template_word_16955407;jsessionid=sVSa6ZQNdEArhMGB4l9KAvlH.server1?X-Atmosphere-tracking-id=575cee19-3015-014f-4419-4087dbd9adca&X-Atmosphere-Framework=1.0.5&X-Atmosphere-Transport=long-polling&tabid=0.4733160916905021&X-Cache-Date=1425189017683&Content-Type=application/xml HTTP/1.1" 200 8193
190.157.153.111 - - [01/Mar/2015:00:47:06 -0500] "GET /ForestMSG_SDA/channelAsync/template_word_16955407;jsessionid=sVSa6ZQNdEArhMGB4l9KAvlH.server1?X-Atmosphere-tracking-id=575cee19-3015-014f-4419-4087dbd9adca&X-Atmosphere-Framework=1.0.5&X-Atmosphere-Transport=long-polling&tabid=0.4733160916905021&X-Cache-Date=1425189017683&Content-Type=application/xml HTTP/1.1" 200 8193
190.157.153.111 - - [01/Mar/2015:00:47:06 -0500] "GET /ForestMSG_SDA/channelAsync/template_word_16955407;jsessionid=sVSa6ZQNdEArhMGB4l9KAvlH.server1?X-Atmosphere-tracking-id=575cee19-3015-014f-4419-4087dbd9adca&X-Atmosphere-Framework=1.0.5&X-Atmosphere-Transport=long-polling&tabid=0.4733160916905021&X-Cache-Date=1425189017683&Content-Type=application/xml HTTP/1.1" 200 8193
190.157.153.111 - - [01/Mar/2015:00:47:06 -0500] "GET /ForestMSG_SDA/channelAsync/template_word_16955407;jsessionid=sVSa6ZQNdEArhMGB4l9KAvlH.server1?X-Atmosphere-tracking-id=575cee19-3015-014f-4419-4087dbd9adca&X-Atmosphere-Framework=1.0.5&X-Atmosphere-Transport=long-polling&tabid=0.4733160916905021&X-Cache-Date=1425189017683&Content-Type=application/xml HTTP/1.1" 200 8193
190.157.153.111 - - [01/Mar/2015:00:47:06 -0500] "GET /ForestMSG_SDA/channelAsync/template_word_16955407;jsessionid=sVSa6ZQNdEArhMGB4l9KAvlH.server1?X-Atmosphere-tracking-id=575cee19-3015-014f-4419-4087dbd9adca&X-Atmosphere-Framework=1.0.5&X-Atmosphere-Transport=long-polling&tabid=0.4733160916905021&X-Cache-Date=1425189017730&Content-Type=application/xml HTTP/1.1" 200 8193
190.157.153.111 - - [01/Mar/2015:00:47:06 -0500] "GET /forest/skins/gdocs-jar/js/formsBase.js?version=1412.231748 HTTP/1.1" 304 -
190.157.153.111 - - [01/Mar/2015:00:47:06 -0500] "GET /ForestMSG_SDA/channelAsync/template_word_16955407;jsessionid=sVSa6ZQNdEArhMGB4l9KAvlH.server1?X-Atmosphere-tracking-id=575cee19-3015-014f-4419-4087dbd9adca&X-Atmosphere-Framework=1.0.5&X-Atmosphere-Transport=long-polling&tabid=0.4733160916905021&X-Cache-Date=1425189017730&Content-Type=application/xml HTTP/1.1" 200 8193
190.157.153.111 - - [01/Mar/2015:00:47:06 -0500] "GET /forest/skins/gdocs-jar/js/swfobject.js?version=1412.231748 HTTP/1.1" 304 -
190.157.153.111 - - [01/Mar/2015:00:47:06 -0500] "GET /forest/skins/gdocs-jar/js/graphicForm.js?version=1412.231748 HTTP/1.1" 304 -
190.157.153.111 - - [01/Mar/2015:00:47:06 -0500] "GET /forest/session.jsp?a=0.37056225160807293 HTTP/1.1" 200 4
190.157.153.111 - - [01/Mar/2015:00:47:07 -0500] "GET /forest/actions/forms.getItemList?codForm=ElaborarDocumento&id=Fun_Destino17&value=MARIA.TRUJILLO&a=0.6047078325525031 HTTP/1.1" 200 68
190.157.153.111 - - [01/Mar/2015:00:47:07 -0500] "GET /forest/actions/forms.getMappedValues?id=id_Numeracion1&value=1416848687713&codForm=ElaborarDocumento&a=0.1706245906566538 HTTP/1.1" 200 109
186.145.128.140 - - [01/Mar/2015:00:47:11 -0500] "GET /forest/usudocumentos.do?p7z=1695371&a=0.5089706187136471&a=0.5431899898685515 HTTP/1.1" 200 2526
190.157.153.111 - - [01/Mar/2015:00:47:12 -0500] "GET /forest/borrador/1528720/Borrador%20juridico%202014-11-24.docx HTTP/1.1" 200 57744
186.145.128.140 - - [01/Mar/2015:00:47:13 -0500] "GET /forest/documentos/1695371/2013IE106622.p7z:claro/Concepto%20Tecnico.doc HTTP/1.1" 200 774881
66.249.67.84 - - [01/Mar/2015:00:47:22 -0500] "GET /BLA/resoluciones/AUTOS%202007/2905.pdf HTTP/1.1" 200 263502
66.249.67.84 - - [01/Mar/2015:00:47:33 -0500] "GET /BLA/resoluciones/AUTOS%202008/1896.pdf HTTP/1.1" 200 120055
200.74.144.236 - - [01/Mar/2015:00:47:36 -0500] "GET /galeria/galeria/jquery.fancybox.css?v=2.1.5 HTTP/1.1" 200 4895
200.74.144.236 - - [01/Mar/2015:00:47:36 -0500] "GET /BLA/boletinlegal/js/jquery.scrollTo-min.js HTTP/1.1" 200 1150
200.74.144.236 - - [01/Mar/2015:00:47:36 -0500] "GET /BLA/boletinlegal/js/jquery.scrollShow.js HTTP/1.1" 200 4586
200.74.144.236 - - [01/Mar/2015:00:47:36 -0500] "GET /galeria/galeria/jquery.fancybox.js?v=2.1.5 HTTP/1.1" 200 48706
66.249.67.84 - - [01/Mar/2015:00:47:42 -0500] "GET /BLA/resoluciones/RESOLUCIONES%202008/2483.pdf HTTP/1.1" 200 266937
180.76.6.17 - - [01/Mar/2015:00:47:57 -0500] "GET /Autoliquidacion/index.php?dir=Fauna+Silvestre%2F HTTP/1.1" 200 3502
66.249.67.76 - - [01/Mar/2015:00:48:02 -0500] "GET /BLA/resoluciones/RESOLUCIONES%202010/0786.pdf HTTP/1.1" 200 117750
186.145.128.140 - - [01/Mar/2015:00:48:04 -0500] "GET /forest/session.jsp?a=0.7182090042624623 HTTP/1.1" 200 4
66.249.67.68 - - [01/Mar/2015:00:48:21 -0500] "GET /BLA/resoluciones/RESOLUCIONES%202008/3579.pdf HTTP/1.1" 200 368354
220.181.108.76 - - [01/Mar/2015:00:48:22 -0500] "GET / HTTP/1.1" 302 -
123.125.71.26 - - [01/Mar/2015:00:48:23 -0500] "GET / HTTP/1.1" 302 -
66.249.67.68 - - [01/Mar/2015:00:48:41 -0500] "GET /BLA/resoluciones/RESOLUCIONES%202009/2374.pdf HTTP/1.1" 200 426197
66.249.67.68 - - [01/Mar/2015:00:49:01 -0500] "GET /BLA/resoluciones/AUTOS%202007/1791.pdf HTTP/1.1" 200 75175
180.76.5.187 - - [01/Mar/2015:00:49:04 -0500] "GET /BLA/boletinlegal;jsessionid=78CF3015E8FF1D9A5AF33AEBA4AE9373?/? HTTP/1.1" 404 1018
201.216.19.34 - - [01/Mar/2015:00:49:14 -0500] "GET /galeria/galeria/jquery.fancybox.js?v=2.1.5 HTTP/1.1" 304 -
201.216.19.34 - - [01/Mar/2015:00:49:14 -0500] "GET /galeria/galeria/jquery.fancybox.css?v=2.1.5 HTTP/1.1" 304 -
201.216.19.34 - - [01/Mar/2015:00:49:17 -0500] "GET /galeria/galeria/jquery.fancybox.js?v=2.1.5 HTTP/1.1" 304 -
201.216.19.34 - - [01/Mar/2015:00:49:17 -0500] "GET /galeria/galeria/jquery.fancybox.css?v=2.1.5 HTTP/1.1" 304 -
66.249.67.84 - - [01/Mar/2015:00:49:21 -0500] "GET /BLA/resoluciones/RESOLUCIONES%202008/5561.pdf HTTP/1.1" 200 246529
201.216.19.34 - - [01/Mar/2015:00:49:22 -0500] "GET /galeria/galeria/jquery.fancybox.css?v=2.1.5 HTTP/1.1" 304 -
201.216.19.34 - - [01/Mar/2015:00:49:22 -0500] "GET /galeria/galeria/jquery.fancybox.js?v=2.1.5 HTTP/1.1" 304 -
186.145.128.140 - - [01/Mar/2015:00:49:30 -0500] "POST /forest/actions/workplace.getReparto?a=0.3077636861708015 HTTP/1.1" 200 1031
186.145.128.140 - - [01/Mar/2015:00:49:33 -0500] "GET /forest/suactividades.do?verDocs=&codPro=134&numPro=2612048&codInst=2626027&a=0.011525626759976149 HTTP/1.1" 200 57805
180.76.5.175 - - [01/Mar/2015:00:49:38 -0500] "GET /BLA/boletinlegal;jsessionid=0D32D08E411AF72D1EC22548DE5FBE24?/? HTTP/1.1" 404 1018
66.249.67.76 - - [01/Mar/2015:00:49:41 -0500] "GET /BLA/resoluciones/RESOLUCIONES%202010/7615.pdf HTTP/1.1" 200 39098
201.216.19.34 - - [01/Mar/2015:00:49:55 -0500] "GET /galeria/galeria/jquery.fancybox.css?v=2.1.5 HTTP/1.1" 304 -
201.216.19.34 - - [01/Mar/2015:00:49:55 -0500] "GET /galeria/galeria/jquery.fancybox.js?v=2.1.5 HTTP/1.1" 304 -
66.249.67.76 - - [01/Mar/2015:00:50:01 -0500] "GET /BLA/resoluciones/RESOLUCIONES%202008/0043.pdf HTTP/1.1" 200 657084
180.76.5.23 - - [01/Mar/2015:00:50:11 -0500] "GET /BLA/boletinlegal;jsessionid=D009BC91E573A0FADC1EAD7CC017BBF5?/? HTTP/1.1" 404 1018
66.249.67.68 - - [01/Mar/2015:00:50:20 -0500] "GET /BLA/resoluciones/RESOLUCIONES%202010/2072.pdf HTTP/1.1" 200 196369
186.145.128.140 - - [01/Mar/2015:00:50:22 -0500] "GET /forest/usudocumentos.do?p7z=1695364&a=0.7972302078269422&a=0.9870888255536556 HTTP/1.1" 200 2526
74.86.158.107 - - [01/Mar/2015:00:50:23 -0500] "HEAD / HTTP/1.1" 302 -
186.145.128.140 - - [01/Mar/2015:00:50:24 -0500] "GET /forest/documentos/1695364/2013IE106615.p7z:claro/Concepto%20Tecnico.doc HTTP/1.1" 200 1102336
186.145.128.140 - - [01/Mar/2015:00:50:28 -0500] "GET /forest/session.jsp?a=0.19610215490683913 HTTP/1.1" 200 4
190.157.153.111 - - [01/Mar/2015:00:44:38 -0500] "GET /ForestMSG_SDA/channelAsync/template_word_17362547;jsessionid=sVSa6ZQNdEArhMGB4l9KAvlH.server1?X-Atmosphere-tracking-id=ce239e02-8b76-1ec4-2a33-22085b8a9f9b&X-Atmosphere-Framework=1.0.5&X-Atmosphere-Transport=long-polling&tabid=0.9264687237890289&X-Cache-Date=1425188869722&Content-Type=application/xml HTTP/1.1" 200 8193
66.249.67.76 - - [01/Mar/2015:00:50:40 -0500] "GET /BLA/resoluciones/RESOLUCIONES%202008/2250.pdf HTTP/1.1" 200 197745
180.76.5.20 - - [01/Mar/2015:00:50:44 -0500] "GET /BLA/boletinlegal;jsessionid=B16ECBE3285C421E053FF0BBD3581B22?/? HTTP/1.1" 404 1018
66.249.67.68 - - [01/Mar/2015:00:51:00 -0500] "GET /BLA/resoluciones/RESOLUCIONES%202009/7329.pdf HTTP/1.1" 200 691282
66.249.67.84 - - [01/Mar/2015:00:51:21 -0500] "GET /BLA/resoluciones/RESOLUCIONES%202007/RES%202007%20901%20AL%201000/RESOLUCION%200969%20DE%202007.pdf HTTP/1.1" 200 207928
66.249.67.76 - - [01/Mar/2015:00:51:40 -0500] "GET /BLA/resoluciones/RESOLUCIONES%202009/8983.pdf HTTP/1.1" 200 85003
66.249.67.84 - - [01/Mar/2015:00:51:59 -0500] "GET /BLA/resoluciones/AUTOS%202008/2595.pdf HTTP/1.1" 200 73495
190.157.153.111 - - [01/Mar/2015:00:52:07 -0500] "GET /forest/session.jsp?a=0.019799418749001762 HTTP/1.1" 200 4
66.249.67.68 - - [01/Mar/2015:00:52:19 -0500] "GET /BLA/resoluciones/AUTOS%202007/0196.pdf HTTP/1.1" 200 102366
66.249.67.68 - - [01/Mar/2015:00:52:35 -0500] "GET /BLA/resoluciones/RESOLUCIONES%202003/RES%202003%20251-300/273.tif HTTP/1.1" 200 106344
66.249.67.76 - - [01/Mar/2015:00:52:39 -0500] "GET /BLA/resoluciones/RESOLUCIONES%202009/2736.pdf HTTP/1.1" 200 487375
66.249.67.76 - - [01/Mar/2015:00:52:43 -0500] "GET /BLA/resoluciones/RESOLUCIONES%202007/RES%202007%203001%20AL%203100/RESOLUCION%203009%20DE%202007.pdf HTTP/1.1" 304 -
186.145.128.140 - - [01/Mar/2015:00:52:48 -0500] "POST /forest/actions/workplace.getReparto?a=0.7868605474941432 HTTP/1.1" 200 1050
186.145.128.140 - - [01/Mar/2015:00:52:50 -0500] "GET /forest/suactividades.do?verDocs=&codPro=134&numPro=2612678&codInst=2626681&a=0.9590003478806466 HTTP/1.1" 200 47760
66.249.67.76 - - [01/Mar/2015:00:52:59 -0500] "GET /BLA/resoluciones/RESOLUCIONES%202009/1063.pdf HTTP/1.1" 200 196820
190.157.153.111 - - [01/Mar/2015:00:47:06 -0500] "GET /ForestMSG_SDA/channelAsync/template_word_16955407;jsessionid=sVSa6ZQNdEArhMGB4l9KAvlH.server1?X-Atmosphere-tracking-id=575cee19-3015-014f-4419-4087dbd9adca&X-Atmosphere-Framework=1.0.5&X-Atmosphere-Transport=long-polling&tabid=0.4733160916905021&X-Cache-Date=1425189017746&Content-Type=application/xml HTTP/1.1" 200 8193
186.145.128.140 - - [01/Mar/2015:00:53:04 -0500] "GET /forest/session.jsp?a=0.9798659088555723 HTTP/1.1" 200 4
66.249.67.68 - - [01/Mar/2015:00:53:19 -0500] "GET /BLA/resoluciones/RESOLUCIONES%202009/2874.pdf HTTP/1.1" 200 525248
186.145.128.140 - - [01/Mar/2015:00:53:20 -0500] "GET /forest/usudocumentos.do?p7z=1695363&a=0.11075241374783218&a=0.06127677648328245 HTTP/1.1" 200 2526
212.36.208.13 - - [01/Mar/2015:00:53:26 -0500] "GET /ecodirectorio/files/res/other/search.txt HTTP/1.1" 200 91128
212.36.208.13 - - [01/Mar/2015:00:53:28 -0500] "GET /favicon.ico HTTP/1.1" 200 7782
66.249.67.68 - - [01/Mar/2015:00:53:38 -0500] "GET /BLA/resoluciones/RESOLUCIONES%202009/7848.pdf HTTP/1.1" 200 377536
212.36.208.13 - - [01/Mar/2015:00:53:42 -0500] "GET /ecodirectorio/files/res/other/ HTTP/1.1" 200 2082
212.36.208.13 - - [01/Mar/2015:00:53:43 -0500] "GET /icons/blank.gif HTTP/1.1" 200 148
212.36.208.13 - - [01/Mar/2015:00:53:43 -0500] "GET /icons/back.gif HTTP/1.1" 200 216
212.36.208.13 - - [01/Mar/2015:00:53:43 -0500] "GET /icons/image2.gif HTTP/1.1" 200 309
212.36.208.13 - - [01/Mar/2015:00:53:43 -0500] "GET /icons/unknown.gif HTTP/1.1" 200 245
212.36.208.13 - - [01/Mar/2015:00:53:43 -0500] "GET /icons/text.gif HTTP/1.1" 200 229
186.145.128.140 - - [01/Mar/2015:00:53:30 -0500] "GET /forest/documentos/1695363/2013IE106614.p7z:claro/Concepto%20Tecnico.doc HTTP/1.1" 200 8909824
66.249.67.76 - - [01/Mar/2015:00:53:58 -0500] "GET /BLA/resoluciones/RESOLUCIONES%202010/5159.pdf HTTP/1.1" 200 1025990
66.249.67.84 - - [01/Mar/2015:00:54:00 -0500] "GET /BLA/resoluciones/RESOLUCIONES%202010/5830.pdf HTTP/1.1" 200 602632
186.82.35.189 - - [01/Mar/2015:00:54:01 -0500] "GET /BLA/boletinlegal/js/jquery.scrollTo-min.js HTTP/1.1" 200 1150
186.82.35.189 - - [01/Mar/2015:00:54:01 -0500] "GET /galeria/galeria/jquery.fancybox.css?v=2.1.5 HTTP/1.1" 200 4895
186.82.35.189 - - [01/Mar/2015:00:54:01 -0500] "GET /BLA/boletinlegal/js/jquery.scrollShow.js HTTP/1.1" 200 4586
186.82.35.189 - - [01/Mar/2015:00:54:01 -0500] "GET /galeria/galeria/jquery.fancybox.js?v=2.1.5 HTTP/1.1" 200 48706
66.249.67.84 - - [01/Mar/2015:00:54:18 -0500] "GET /BLA/resoluciones/RESOLUCIONES%202009/3321.pdf HTTP/1.1" 200 521427
164.177.158.198 - - [01/Mar/2015:00:54:21 -0500] "GET /ecodirectorio/files/res/other/search.txt HTTP/1.1" 200 91128
66.249.67.68 - - [01/Mar/2015:00:54:38 -0500] "GET /BLA/resoluciones/AUTOS%202007/0924.pdf HTTP/1.1" 200 163636
66.249.67.68 - - [01/Mar/2015:00:54:58 -0500] "GET /BLA/resoluciones/AUTOS%202008/3058.pdf HTTP/1.1" 200 82499
186.145.128.140 - - [01/Mar/2015:00:55:15 -0500] "POST /forest/actions/workplace.getReparto?a=0.6210898801218718 HTTP/1.1" 200 1048
66.249.67.76 - - [01/Mar/2015:00:55:17 -0500] "GET /BLA/resoluciones/AUTOS%202007/3462.pdf HTTP/1.1" 200 172840
74.86.158.107 - - [01/Mar/2015:00:55:23 -0500] "HEAD / HTTP/1.1" 302 -
186.145.128.140 - - [01/Mar/2015:00:55:27 -0500] "GET /forest/suactividades.do?verDocs=&codPro=134&numPro=2612698&codInst=2626701&a=0.06205030367709696 HTTP/1.1" 200 57835
186.145.128.140 - - [01/Mar/2015:00:55:28 -0500] "GET /forest/session.jsp?a=0.7924041324295104 HTTP/1.1" 200 4
66.249.67.68 - - [01/Mar/2015:00:55:37 -0500] "GET /BLA/resoluciones/RESOLUCIONES%202008/2355.pdf HTTP/1.1" 200 249382
186.145.128.140 - - [01/Mar/2015:00:55:53 -0500] "GET /forest/usudocumentos.do?p7z=1695361&a=0.789224725915119&a=0.7660304561723024 HTTP/1.1" 200 2526
66.249.67.84 - - [01/Mar/2015:00:55:57 -0500] "GET /BLA/resoluciones/AUTOS%202012/1688.pdf HTTP/1.1" 200 280505
186.145.128.140 - - [01/Mar/2015:00:56:03 -0500] "GET /forest/documentos/1695361/2013IE106612.p7z:claro/Concepto%20Tecnico.doc HTTP/1.1" 200 11214336
66.249.67.68 - - [01/Mar/2015:00:56:37 -0500] "GET /BLA/resoluciones/RESOLUCIONES%202008/3278.pdf HTTP/1.1" 200 194338
66.249.67.84 - - [01/Mar/2015:00:57:16 -0500] "GET /BLA/resoluciones/AUTOS%202007/2865.pdf HTTP/1.1" 200 93779
27.150.222.226 - - [01/Mar/2015:00:56:47 -0500] "GET /bla/boletinlegal/index.php? HTTP/1.1" 200 43473
66.249.67.76 - - [01/Mar/2015:00:57:36 -0500] "GET /BLA/resoluciones/RESOLUCIONES%202008/0925.pdf HTTP/1.1" 200 373994
66.249.67.68 - - [01/Mar/2015:00:57:56 -0500] "GET /BLA/resoluciones/RESOLUCIONES%202009/4804.pdf HTTP/1.1" 200 135813
188.165.15.191 - - [01/Mar/2015:00:58:02 -0500] "GET /BLA/resoluciones/AUTOS%202006/AUTOS%202006%20201-300/00000295.tif HTTP/1.1" 200 51656
66.249.67.68 - - [01/Mar/2015:00:58:04 -0500] "GET /BLA/resoluciones/RESOLUCIONES%202005/RES%202005%20451-500/00000486.tif HTTP/1.1" 200 22772
186.145.128.140 - - [01/Mar/2015:00:58:07 -0500] "GET /forest/session.jsp?a=0.5888935280963778 HTTP/1.1" 200 4
188.165.15.121 - - [01/Mar/2015:00:58:09 -0500] "GET /BLA/resoluciones/RESOLUCIONES%202002/RES%202002%20301-350/00000301.tif HTTP/1.1" 200 79654
186.145.128.140 - - [01/Mar/2015:00:57:45 -0500] "GET /forest/documentos/1695361/2013IE106612.p7z:claro/Concepto%20Tecnico.doc HTTP/1.1" 200 11214336
66.249.67.84 - - [01/Mar/2015:00:58:09 -0500] "GET /BLA/resoluciones/AUTOS%202013/3595.pdf HTTP/1.1" 200 379696
66.249.67.84 - - [01/Mar/2015:00:58:16 -0500] "GET /BLA/resoluciones/RESOLUCIONES%202009/4783.pdf HTTP/1.1" 200 508947
27.150.222.226 - - [01/Mar/2015:00:57:39 -0500] "POST /bla/boletinlegal/index.php/trackback/ HTTP/1.1" 200 49041
66.249.67.84 - - [01/Mar/2015:00:58:36 -0500] "GET /BLA/resoluciones/AUTOS%202008/2934.pdf HTTP/1.1" 200 63222
186.145.128.140 - - [01/Mar/2015:00:58:48 -0500] "POST /forest/actions/workplace.getReparto?a=0.7612507578451186 HTTP/1.1" 200 1047
186.145.128.140 - - [01/Mar/2015:00:58:51 -0500] "GET /forest/suactividades.do?verDocs=&codPro=134&numPro=2614241&codInst=2628380&a=0.42248286632820964 HTTP/1.1" 200 57841
66.249.67.76 - - [01/Mar/2015:00:58:55 -0500] "GET /BLA/resoluciones/RESOLUCIONES%202009/9551.pdf HTTP/1.1" 200 493089
66.249.67.84 - - [01/Mar/2015:00:59:15 -0500] "GET /BLA/resoluciones/AUTOS%202008/1517.pdf HTTP/1.1" 200 75347
66.249.67.76 - - [01/Mar/2015:00:59:35 -0500] "GET /BLA/resoluciones/RESOLUCIONES%202008/2166.pdf HTTP/1.1" 200 344254
190.27.167.7 - - [01/Mar/2015:00:59:45 -0500] "GET /galeria/mapa/3MapaBogot%C3%A1.jpg HTTP/1.1" 200 688183
186.145.128.140 - - [01/Mar/2015:00:59:47 -0500] "GET /forest/usudocumentos.do?p7z=1695360&a=0.34521422372199595&a=0.06474713329225779 HTTP/1.1" 200 2526
186.145.128.140 - - [01/Mar/2015:00:59:52 -0500] "GET /forest/documentos/1695360/2013IE106611.p7z:claro/Concepto%20Tecnico.doc HTTP/1.1" 200 698368
66.249.67.84 - - [01/Mar/2015:00:59:55 -0500] "GET /BLA/resoluciones/AUTOS%202008/3328.pdf HTTP/1.1" 200 63318
66.249.67.76 - - [01/Mar/2015:01:00:15 -0500] "GET /BLA/resoluciones/AUTOS%202007/3230.pdf HTTP/1.1" 200 84454
186.145.128.140 - - [01/Mar/2015:01:00:16 -0500] "POST /forest/actions/workplace.getReparto?a=0.4120322351809591 HTTP/1.1" 200 1148
186.145.128.140 - - [01/Mar/2015:01:00:18 -0500] "GET /forest/suactividades.do?verDocs=&codPro=95&numPro=2622667&codInst=2637087&a=0.6991541755851358 HTTP/1.1" 200 47503
74.86.158.107 - - [01/Mar/2015:01:00:23 -0500] "HEAD / HTTP/1.1" 302 -
186.145.128.140 - - [01/Mar/2015:01:00:28 -0500] "GET /forest/session.jsp?a=0.6518343458883464 HTTP/1.1" 200 4
66.249.67.68 - - [01/Mar/2015:01:00:28 -0500] "GET /BLA/resoluciones/RESOLUCIONES%202010/2737.pdf HTTP/1.1" 200 378158
66.249.67.68 - - [01/Mar/2015:01:00:34 -0500] "GET /BLA/resoluciones/RESOLUCIONES%202009/9023.pdf HTTP/1.1" 200 516527
190.27.1.140 - - [01/Mar/2015:01:00:48 -0500] "GET /BLA/boletinlegal/js/jquery.scrollTo-min.js HTTP/1.1" 200 1150
190.27.1.140 - - [01/Mar/2015:01:00:48 -0500] "GET /galeria/galeria/jquery.fancybox.js?v=2.1.5 HTTP/1.1" 200 48706
190.27.1.140 - - [01/Mar/2015:01:00:48 -0500] "GET /galeria/galeria/jquery.fancybox.css?v=2.1.5 HTTP/1.1" 200 4895
190.27.1.140 - - [01/Mar/2015:01:00:48 -0500] "GET /BLA/boletinlegal/js/jquery.scrollShow.js HTTP/1.1" 200 4586
66.249.75.84 - - [01/Mar/2015:01:00:54 -0500] "GET /BLA/resoluciones/RESOLUCIONES%202010/7764.pdf HTTP/1.1" 200 67461
186.145.128.140 - - [01/Mar/2015:01:01:04 -0500] "GET /forest/documentos/1688314/2013ER099565.pdf HTTP/1.1" 200 3187286
66.249.67.76 - - [01/Mar/2015:01:01:16 -0500] "GET /BLA/resoluciones/RESOLUCIONES%202008/3909.pdf HTTP/1.1" 200 147736
66.249.67.68 - - [01/Mar/2015:01:01:34 -0500] "GET /BLA/resoluciones/RESOLUCIONES%202009/2288.pdf HTTP/1.1" 200 341459
66.249.67.84 - - [01/Mar/2015:01:01:54 -0500] "GET /BLA/resoluciones/RESOLUCIONES%202009/2096.pdf HTTP/1.1" 200 567857
66.249.67.68 - - [01/Mar/2015:01:02:14 -0500] "GET /BLA/resoluciones/AUTOS%202007/1729.pdf HTTP/1.1" 200 35860
66.249.67.68 - - [01/Mar/2015:01:02:53 -0500] "GET /BLA/resoluciones/RESOLUCIONES%202008/0132.pdf HTTP/1.1" 200 281372
186.145.128.140 - - [01/Mar/2015:01:03:08 -0500] "GET /forest/session.jsp?a=0.5962212514132261 HTTP/1.1" 200 4
66.249.67.76 - - [01/Mar/2015:01:03:13 -0500] "GET /BLA/resoluciones/RESOLUCIONES%202008/5141.pdf HTTP/1.1" 200 30267
188.165.15.160 - - [01/Mar/2015:01:03:17 -0500] "GET /BLA/resoluciones/AUTOS%202006/AUTOS%202006%201-100/00000034.tif HTTP/1.1" 200 94452
186.145.128.140 - - [01/Mar/2015:01:03:25 -0500] "POST /forest/actions/workplace.getReparto?a=0.7854953038040549 HTTP/1.1" 200 1031
186.145.128.140 - - [01/Mar/2015:01:03:29 -0500] "GET /forest/suactividades.do?verDocs=&codPro=134&numPro=2615038&codInst=2629197&a=0.5837589402217418 HTTP/1.1" 200 57801
66.249.67.76 - - [01/Mar/2015:01:03:33 -0500] "GET /BLA/resoluciones/AUTOS%202007/3574.pdf HTTP/1.1" 200 157776
66.249.67.68 - - [01/Mar/2015:01:03:53 -0500] "GET /BLA/resoluciones/RESOLUCIONES%202002/RES%202002%20551-600/00000588.tif HTTP/1.1" 200 61990
66.249.67.68 - - [01/Mar/2015:01:03:53 -0500] "GET /BLA/resoluciones/RESOLUCIONES%202008/0477.pdf HTTP/1.1" 200 184783
66.249.67.76 - - [01/Mar/2015:01:03:58 -0500] "GET /BLA/resoluciones/RESOLUCIONES%202009/3892.pdf HTTP/1.1" 200 544319
66.249.67.84 - - [01/Mar/2015:01:04:12 -0500] "GET /BLA/resoluciones/RESOLUCIONES%202008/1737.pdf HTTP/1.1" 200 267988
66.249.67.84 - - [01/Mar/2015:01:04:32 -0500] "GET /BLA/resoluciones/RESOLUCIONES%202009/7791.pdf HTTP/1.1" 200 497031
66.249.67.76 - - [01/Mar/2015:01:04:52 -0500] "GET /BLA/resoluciones/AUTOS%202007/1758.pdf HTTP/1.1" 200 37725
186.145.128.140 - - [01/Mar/2015:01:04:57 -0500] "GET /forest/usudocumentos.do?p7z=1695356&a=0.32764674234203994&a=0.45064224349334836 HTTP/1.1" 200 2526
66.249.67.68 - - [01/Mar/2015:01:05:12 -0500] "GET /BLA/resoluciones/RESOLUCIONES%202010/3514.pdf HTTP/1.1" 200 183138
186.145.128.140 - - [01/Mar/2015:01:05:14 -0500] "GET /forest/documentos/1695356/2013IE106607.p7z:claro/Concepto%20Tecnico.doc HTTP/1.1" 200 1814016
74.86.158.107 - - [01/Mar/2015:01:05:23 -0500] "HEAD / HTTP/1.1" 302 -
188.165.15.191 - - [01/Mar/2015:01:05:27 -0500] "GET /BLA/resoluciones/RESOLUCIONES%202006/RES%202006%201551-1600/00001587.tif HTTP/1.1" 200 192810
186.145.128.140 - - [01/Mar/2015:01:05:28 -0500] "GET /forest/session.jsp?a=0.08999561867676675 HTTP/1.1" 200 4
66.249.67.68 - - [01/Mar/2015:01:05:32 -0500] "GET /BLA/resoluciones/AUTOS%202007/1950.pdf HTTP/1.1" 200 109374
66.249.67.68 - - [01/Mar/2015:01:05:51 -0500] "GET /BLA/resoluciones/AUTOS%202008/3376.pdf HTTP/1.1" 200 174440
66.249.67.68 - - [01/Mar/2015:01:06:11 -0500] "GET /BLA/resoluciones/RESOLUCIONES%202008/0147.pdf HTTP/1.1" 200 400658
66.249.67.84 - - [01/Mar/2015:01:06:31 -0500] "GET /BLA/resoluciones/RESOLUCIONES%202008/0930.pdf HTTP/1.1" 200 321308
66.249.67.68 - - [01/Mar/2015:01:06:51 -0500] "GET /BLA/resoluciones/RESOLUCIONES%202009/7830.pdf HTTP/1.1" 200 563963
66.249.67.68 - - [01/Mar/2015:01:06:57 -0500] "GET /BLA/resoluciones/RESOLUCIONES%202009/1729.pdf HTTP/1.1" 200 600347
66.249.67.84 - - [01/Mar/2015:01:07:11 -0500] "GET /BLA/resoluciones/RESOLUCIONES%202010/5929.pdf HTTP/1.1" 200 92742
190.156.189.134 - - [01/Mar/2015:01:07:20 -0500] "GET /galeria/galeria/jquery.fancybox.js?v=2.1.5 HTTP/1.1" 304 -
190.156.189.134 - - [01/Mar/2015:01:07:20 -0500] "GET /galeria/galeria/jquery.fancybox.css?v=2.1.5 HTTP/1.1" 304 -
66.249.67.68 - - [01/Mar/2015:01:07:30 -0500] "GET /BLA/resoluciones/AUTOS%202008/0420.pdf HTTP/1.1" 200 239295
188.165.15.61 - - [01/Mar/2015:01:07:39 -0500] "GET /BLA/resoluciones/RESOLUCIONES%202005/RES%202005%20%201601-1650/00001619.tif HTTP/1.1" 200 383816
66.249.67.76 - - [01/Mar/2015:01:07:50 -0500] "GET /BLA/resoluciones/RESOLUCIONES%202010/7818.pdf HTTP/1.1" 200 457470
152.61.128.66 - - [01/Mar/2015:01:07:59 -0500] "HEAD / HTTP/1.1" 302 -
152.61.128.66 - - [01/Mar/2015:01:07:59 -0500] "GET /arcgis/services/Calidad_del_Agua_WQI/MapServer/WMSServer?request=GetCapabilities&service=WMS HTTP/1.1" 200 32135
152.61.128.66 - - [01/Mar/2015:01:07:59 -0500] "GET /arcgis/services/Calidad_del_Agua_WQI/MapServer/WMSServer?request=GetCapabilities&service=WMS HTTP/1.0" 200 32135
152.61.128.66 - - [01/Mar/2015:01:08:00 -0500] "GET /arcgis/services/Calidad_del_Agua_WQI/MapServer/WMSServer?request=GetCapabilities&service=WMS HTTP/1.0" 200 32135
152.61.128.66 - - [01/Mar/2015:01:08:01 -0500] "GET /arcgis/services/Calidad_del_Agua_WQI/MapServer/WMSServer?request=GetCapabilities&service=WMS HTTP/1.0" 200 32135
152.61.128.66 - - [01/Mar/2015:01:08:02 -0500] "GET /arcgis/services/Calidad_del_Agua_WQI/MapServer/WMSServer?VERSION=1.1.1&REQUEST=GetMap&LAYERS=0&SRS=EPSG:4326&BBOX=-74.473395,3.674381,-73.963300,4.920569&WIDTH=250&HEIGHT=250&FORMAT=image/bmp&STYLES=& HTTP/1.1" 200 188054
186.145.128.140 - - [01/Mar/2015:01:08:08 -0500] "GET /forest/session.jsp?a=0.48284381115809083 HTTP/1.1" 200 4
66.249.67.68 - - [01/Mar/2015:01:08:10 -0500] "GET /BLA/resoluciones/RESOLUCIONES%202009/4409.pdf HTTP/1.1" 200 60423
181.53.243.100 - - [01/Mar/2015:01:08:21 -0500] "GET /BLA/boletinlegal/js/jquery.scrollTo-min.js HTTP/1.1" 200 1150
181.53.243.100 - - [01/Mar/2015:01:08:21 -0500] "GET /BLA/boletinlegal/js/jquery.scrollShow.js HTTP/1.1" 200 4586
181.53.243.100 - - [01/Mar/2015:01:08:21 -0500] "GET /galeria/galeria/jquery.fancybox.js?v=2.1.5 HTTP/1.1" 200 48706
181.53.243.100 - - [01/Mar/2015:01:08:21 -0500] "GET /galeria/galeria/jquery.fancybox.css?v=2.1.5 HTTP/1.1" 200 4895
66.249.67.84 - - [01/Mar/2015:01:08:30 -0500] "GET /BLA/resoluciones/AUTOS%202007/2089.pdf HTTP/1.1" 200 77021
186.145.128.140 - - [01/Mar/2015:01:08:30 -0500] "POST /forest/actions/workplace.getReparto?a=0.5192966209724545 HTTP/1.1" 200 1148
186.145.128.140 - - [01/Mar/2015:01:08:34 -0500] "GET /forest/suactividades.do?verDocs=&codPro=95&numPro=2651465&codInst=2666903&a=0.8794108545407653 HTTP/1.1" 200 47454
66.249.67.68 - - [01/Mar/2015:01:08:50 -0500] "GET /BLA/resoluciones/RESOLUCIONES%202008/4522.pdf HTTP/1.1" 200 357562
188.165.15.61 - - [01/Mar/2015:01:08:56 -0500] "GET /BLA/resoluciones/index.php?dir=RESOLUCIONES%202002/RES%202002%201701-1750/&sort=date&order=desc HTTP/1.1" 200 12140
186.145.128.140 - - [01/Mar/2015:01:09:04 -0500] "GET /forest/documentos/1711167/2013IE122411.doc HTTP/1.1" 200 245760
66.249.67.76 - - [01/Mar/2015:01:09:10 -0500] "GET /BLA/resoluciones/RESOLUCIONES%202010/3596.pdf HTTP/1.1" 200 499529
66.249.67.76 - - [01/Mar/2015:01:09:29 -0500] "GET /BLA/resoluciones/RESOLUCIONES%202008/2935.pdf HTTP/1.1" 200 199692
190.165.241.134 - - [01/Mar/2015:01:09:36 -0500] "GET /BLA/boletinlegal/js/jquery.scrollTo-min.js HTTP/1.1" 200 1150
190.165.241.134 - - [01/Mar/2015:01:09:36 -0500] "GET /galeria/galeria/jquery.fancybox.js?v=2.1.5 HTTP/1.1" 200 48706
190.165.241.134 - - [01/Mar/2015:01:09:36 -0500] "GET /BLA/boletinlegal/js/jquery.scrollShow.js HTTP/1.1" 200 4586
190.165.241.134 - - [01/Mar/2015:01:09:36 -0500] "GET /galeria/galeria/jquery.fancybox.css?v=2.1.5 HTTP/1.1" 200 4895
74.86.158.107 - - [01/Mar/2015:01:10:23 -0500] "HEAD / HTTP/1.1" 302 -
66.249.67.76 - - [01/Mar/2015:01:09:46 -0500] "GET /BLA/boletinlegal/index.php HTTP/1.1" 200 46508
66.249.67.84 - - [01/Mar/2015:01:10:26 -0500] "GET /BLA/resoluciones/RESOLUCIONES%202007/RES%202007%201726%20AL%201800/RESOLUCION%201751%20DE%202007.pdf HTTP/1.1" 200 255009
