190.131.200.170 - - [13/Mar/2015:07:58:39 -0500] "GET /ecodirectorio/res/thumbnails/thumb_24.png HTTP/1.1" 404 1283
190.131.200.170 - - [13/Mar/2015:07:58:39 -0500] "GET /ecodirectorio/res/thumbnails/thumb_27.png HTTP/1.1" 404 1283
190.131.200.170 - - [13/Mar/2015:07:58:39 -0500] "GET /ecodirectorio/res/thumbnails/thumb_26.png HTTP/1.1" 404 1283
190.131.200.170 - - [13/Mar/2015:07:58:39 -0500] "GET /ecodirectorio/res/thumbnails/thumb_25.png HTTP/1.1" 404 1283
190.131.200.170 - - [13/Mar/2015:07:58:39 -0500] "GET /ecodirectorio/res/thumbnails/thumb_28.png HTTP/1.1" 404 1283
190.131.200.170 - - [13/Mar/2015:07:58:39 -0500] "GET /ecodirectorio/res/thumbnails/thumb_31.png HTTP/1.1" 404 1283
190.131.200.170 - - [13/Mar/2015:07:58:39 -0500] "GET /ecodirectorio/res/thumbnails/thumb_29.png HTTP/1.1" 404 1283
190.131.200.170 - - [13/Mar/2015:07:58:39 -0500] "GET /ecodirectorio/res/thumbnails/thumb_30.png HTTP/1.1" 404 1283
190.131.200.170 - - [13/Mar/2015:07:58:39 -0500] "GET /ecodirectorio/res/thumbnails/thumb_32.png HTTP/1.1" 404 1283
190.131.200.170 - - [13/Mar/2015:07:58:39 -0500] "GET /ecodirectorio/files/res/pages/page_0002.swf HTTP/1.1" 200 297557
201.245.192.253 - - [13/Mar/2015:07:58:35 -0500] "GET /forest/actions/forms.getList?codForm=IncioNumeracion&id=Tercero165&text=http%3A//190.27.245.106/forest/usutareas.do%3Fgroup_system_actual%3D3%26codAct%3D1477%26numPro%3D2431364%26codPro%3D134%26fecTra%3D2015-02-27%252012%3A23%3A24.093%26codInst%3D2436937%26 HTTP/1.1" 200 2
190.131.200.170 - - [13/Mar/2015:07:58:39 -0500] "GET /ecodirectorio/files/res/pages/page_0003.swf HTTP/1.1" 200 296415
201.245.192.253 - - [13/Mar/2015:07:58:35 -0500] "GET /forest/actions/forms.getList?codForm=IncioNumeracion&id=Tercero165&text=http%3A//190.27.245.106/forest/usutareas.do%3Fgroup_system_actual%3D3%26codAct%3D1477%26numPro%3D2431364%26codPro%3D134%26fecTra%3D2015-02-27%252012%3A23%3A24.093%26codInst%3D2436937%26codTra HTTP/1.1" 200 2
190.131.200.170 - - [13/Mar/2015:07:58:39 -0500] "GET /ecodirectorio/res/thumbnails/thumb_36.png HTTP/1.1" 404 1283
190.131.200.170 - - [13/Mar/2015:07:58:39 -0500] "GET /ecodirectorio/res/thumbnails/thumb_33.png HTTP/1.1" 404 1283
190.131.200.170 - - [13/Mar/2015:07:58:39 -0500] "GET /ecodirectorio/res/thumbnails/thumb_34.png HTTP/1.1" 404 1283
190.131.200.170 - - [13/Mar/2015:07:58:39 -0500] "GET /ecodirectorio/res/thumbnails/thumb_35.png HTTP/1.1" 404 1283
190.131.200.170 - - [13/Mar/2015:07:58:39 -0500] "GET /ecodirectorio/res/thumbnails/thumb_38.png HTTP/1.1" 404 1283
190.131.200.170 - - [13/Mar/2015:07:58:39 -0500] "GET /ecodirectorio/res/thumbnails/thumb_39.png HTTP/1.1" 404 1283
190.131.200.170 - - [13/Mar/2015:07:58:39 -0500] "GET /ecodirectorio/res/thumbnails/thumb_37.png HTTP/1.1" 404 1283
190.131.200.170 - - [13/Mar/2015:07:58:39 -0500] "GET /ecodirectorio/res/thumbnails/thumb_40.png HTTP/1.1" 404 1283
190.131.200.170 - - [13/Mar/2015:07:58:39 -0500] "GET /ecodirectorio/res/thumbnails/thumb_41.png HTTP/1.1" 404 1283
190.131.200.170 - - [13/Mar/2015:07:58:39 -0500] "GET /ecodirectorio/res/thumbnails/thumb_42.png HTTP/1.1" 404 1283
190.131.200.170 - - [13/Mar/2015:07:58:39 -0500] "GET /ecodirectorio/res/thumbnails/thumb_44.png HTTP/1.1" 404 1283
190.131.200.170 - - [13/Mar/2015:07:58:39 -0500] "GET /ecodirectorio/res/thumbnails/thumb_43.png HTTP/1.1" 404 1283
190.131.200.170 - - [13/Mar/2015:07:58:39 -0500] "GET /ecodirectorio/res/thumbnails/thumb_45.png HTTP/1.1" 404 1283
190.131.200.170 - - [13/Mar/2015:07:58:39 -0500] "GET /ecodirectorio/res/thumbnails/thumb_46.png HTTP/1.1" 404 1283
190.131.200.170 - - [13/Mar/2015:07:58:40 -0500] "GET /ecodirectorio/res/thumbnails/thumb_50.png HTTP/1.1" 404 1283
190.131.200.170 - - [13/Mar/2015:07:58:40 -0500] "GET /ecodirectorio/res/thumbnails/thumb_48.png HTTP/1.1" 404 1283
190.131.200.170 - - [13/Mar/2015:07:58:40 -0500] "GET /ecodirectorio/res/thumbnails/thumb_47.png HTTP/1.1" 404 1283
190.131.200.170 - - [13/Mar/2015:07:58:40 -0500] "GET /ecodirectorio/res/thumbnails/thumb_49.png HTTP/1.1" 404 1283
190.131.200.170 - - [13/Mar/2015:07:58:40 -0500] "GET /ecodirectorio/res/thumbnails/thumb_53.png HTTP/1.1" 404 1283
190.131.200.170 - - [13/Mar/2015:07:58:40 -0500] "GET /ecodirectorio/res/thumbnails/thumb_54.png HTTP/1.1" 404 1283
190.131.200.170 - - [13/Mar/2015:07:58:40 -0500] "GET /ecodirectorio/res/thumbnails/thumb_51.png HTTP/1.1" 404 1283
190.131.200.170 - - [13/Mar/2015:07:58:40 -0500] "GET /ecodirectorio/files/res/navbar/bottom.png HTTP/1.1" 200 1186
190.131.200.170 - - [13/Mar/2015:07:58:40 -0500] "GET /ecodirectorio/res/thumbnails/thumb_52.png HTTP/1.1" 404 1283
190.131.200.170 - - [13/Mar/2015:07:58:40 -0500] "GET /ecodirectorio/res/thumbnails/thumb_57.png HTTP/1.1" 404 1283
190.131.200.170 - - [13/Mar/2015:07:58:40 -0500] "GET /ecodirectorio/res/thumbnails/thumb_55.png HTTP/1.1" 404 1283
190.131.200.170 - - [13/Mar/2015:07:58:40 -0500] "GET /ecodirectorio/res/thumbnails/thumb_56.png HTTP/1.1" 404 1283
190.131.200.170 - - [13/Mar/2015:07:58:40 -0500] "GET /ecodirectorio/res/thumbnails/thumb_58.png HTTP/1.1" 404 1283
190.131.200.170 - - [13/Mar/2015:07:58:40 -0500] "GET /ecodirectorio/files/res/pages/page_0004.swf HTTP/1.1" 200 533861
172.22.2.1 - - [13/Mar/2015:07:58:40 -0500] "GET /videos/Humedal_Comunidad.flv HTTP/1.1" 206 1
201.245.192.253 - - [13/Mar/2015:07:58:35 -0500] "GET /forest/actions/forms.getList?codForm=IncioNumeracion&id=Tercero165&text=http%3A//190.27.245.106/forest/usutareas.do%3Fgroup_system_actual%3D3%26codAct%3D1477%26numPro%3D2431364%26codPro%3D134%26fecTra%3D2015-02-27%252012%3A23%3A24.093%26codInst%3D2436937%26codTraE HTTP/1.1" 200 2
201.245.192.253 - - [13/Mar/2015:07:58:35 -0500] "GET /forest/actions/forms.getList?codForm=IncioNumeracion&id=Tercero165&text=http%3A//190.27.245.106/forest/usutareas.do%3Fgroup_system_actual%3D3%26codAct%3D1477%26numPro%3D2431364%26codPro%3D134%26fecTra%3D2015-02-27%252012%3A23%3A24.093%26codInst%3D2436937%26codTraEs HTTP/1.1" 200 2
190.131.200.170 - - [13/Mar/2015:07:58:40 -0500] "GET /ecodirectorio/res/thumbnails/thumb_59.png HTTP/1.1" 404 1283
190.131.200.170 - - [13/Mar/2015:07:58:40 -0500] "GET /ecodirectorio/res/thumbnails/thumb_60.png HTTP/1.1" 404 1283
190.131.200.170 - - [13/Mar/2015:07:58:40 -0500] "GET /ecodirectorio/res/thumbnails/thumb_61.png HTTP/1.1" 404 1283
190.131.200.170 - - [13/Mar/2015:07:58:40 -0500] "GET /ecodirectorio/res/thumbnails/thumb_62.png HTTP/1.1" 404 1283
190.131.200.170 - - [13/Mar/2015:07:58:40 -0500] "GET /ecodirectorio/files/res/navbtn/bookmarks.swf HTTP/1.1" 200 3197
201.245.192.253 - - [13/Mar/2015:07:58:35 -0500] "GET /forest/actions/forms.getList?codForm=IncioNumeracion&id=Tercero165&text=http%3A//190.27.245.106/forest/usutareas.do%3Fgroup_system_actual%3D3%26codAct%3D1477%26numPro%3D2431364%26codPro%3D134%26fecTra%3D2015-02-27%252012%3A23%3A24.093%26codInst%3D2436937%26cod HTTP/1.1" 200 2
201.245.192.253 - - [13/Mar/2015:07:58:35 -0500] "GET /forest/actions/forms.getList?codForm=IncioNumeracion&id=Tercero165&text=http%3A//190.27.245.106/forest/usutareas.do%3Fgroup_system_actual%3D3%26codAct%3D1477%26numPro%3D2431364%26codPro%3D134%26fecTra%3D2015-02-27%252012%3A23%3A24.093%26codInst%3D2436937%26codTraEsc HTTP/1.1" 200 2
190.131.200.170 - - [13/Mar/2015:07:58:40 -0500] "GET /ecodirectorio/res/thumbnails/thumb_63.png HTTP/1.1" 404 1283
190.131.200.170 - - [13/Mar/2015:07:58:40 -0500] "GET /ecodirectorio/res/thumbnails/thumb_64.png HTTP/1.1" 404 1283
172.22.2.1 - - [13/Mar/2015:07:58:40 -0500] "GET /videos/Humedal_Comunidad.flv HTTP/1.1" 206 80697743
190.131.200.170 - - [13/Mar/2015:07:58:40 -0500] "GET /ecodirectorio/res/thumbnails/thumb_65.png HTTP/1.1" 404 1283
190.131.200.170 - - [13/Mar/2015:07:58:40 -0500] "GET /ecodirectorio/res/thumbnails/thumb_66.png HTTP/1.1" 404 1283
190.131.200.170 - - [13/Mar/2015:07:58:40 -0500] "GET /ecodirectorio/files/res/navbtn/toc.swf HTTP/1.1" 200 2408
190.131.200.170 - - [13/Mar/2015:07:58:40 -0500] "GET /ecodirectorio/res/thumbnails/thumb_67.png HTTP/1.1" 404 1283
190.131.200.170 - - [13/Mar/2015:07:58:40 -0500] "GET /ecodirectorio/res/thumbnails/thumb_68.png HTTP/1.1" 404 1283
190.131.200.170 - - [13/Mar/2015:07:58:40 -0500] "GET /ecodirectorio/res/thumbnails/thumb_69.png HTTP/1.1" 404 1283
190.131.200.170 - - [13/Mar/2015:07:58:40 -0500] "GET /ecodirectorio/res/thumbnails/thumb_70.png HTTP/1.1" 404 1283
190.131.200.170 - - [13/Mar/2015:07:58:40 -0500] "GET /ecodirectorio/res/thumbnails/thumb_72.png HTTP/1.1" 404 1283
190.131.200.170 - - [13/Mar/2015:07:58:40 -0500] "GET /ecodirectorio/res/thumbnails/thumb_71.png HTTP/1.1" 404 1283
201.245.192.253 - - [13/Mar/2015:07:58:35 -0500] "GET /forest/actions/forms.getList?codForm=IncioNumeracion&id=Tercero165&text=http%3A//190.27.245.106/forest/usutareas.do%3Fgroup_system_actual%3D3%26codAct%3D1477%26numPro%3D2431364%26codPro%3D134%26fecTra%3D2015-02-27%252012%3A23%3A24.093%26codInst%3D2436937%26codTr HTTP/1.1" 200 2
190.131.200.170 - - [13/Mar/2015:07:58:41 -0500] "GET /ecodirectorio/res/thumbnails/thumb_74.png HTTP/1.1" 404 1283
190.131.200.170 - - [13/Mar/2015:07:58:41 -0500] "GET /ecodirectorio/res/thumbnails/thumb_73.png HTTP/1.1" 404 1283
190.131.200.170 - - [13/Mar/2015:07:58:41 -0500] "GET /ecodirectorio/res/thumbnails/thumb_75.png HTTP/1.1" 404 1283
190.131.200.170 - - [13/Mar/2015:07:58:41 -0500] "GET /ecodirectorio/res/thumbnails/thumb_76.png HTTP/1.1" 404 1283
190.131.200.170 - - [13/Mar/2015:07:58:41 -0500] "GET /ecodirectorio/files/res/navbtn/thumbnail.swf HTTP/1.1" 200 5344
190.131.200.170 - - [13/Mar/2015:07:58:41 -0500] "GET /ecodirectorio/files/res/navbtn/print.swf HTTP/1.1" 200 3507
190.131.200.170 - - [13/Mar/2015:07:58:41 -0500] "GET /ecodirectorio/res/thumbnails/thumb_77.png HTTP/1.1" 404 1283
190.131.200.170 - - [13/Mar/2015:07:58:41 -0500] "GET /ecodirectorio/res/thumbnails/thumb_78.png HTTP/1.1" 404 1283
190.131.200.170 - - [13/Mar/2015:07:58:41 -0500] "GET /ecodirectorio/res/thumbnails/thumb_79.png HTTP/1.1" 404 1283
190.131.200.170 - - [13/Mar/2015:07:58:41 -0500] "GET /ecodirectorio/res/thumbnails/thumb_80.png HTTP/1.1" 404 1283
190.131.200.170 - - [13/Mar/2015:07:58:41 -0500] "GET /ecodirectorio/res/thumbnails/thumb_81.png HTTP/1.1" 404 1283
190.131.200.170 - - [13/Mar/2015:07:58:41 -0500] "GET /ecodirectorio/res/thumbnails/thumb_82.png HTTP/1.1" 404 1283
190.131.200.170 - - [13/Mar/2015:07:58:41 -0500] "GET /ecodirectorio/res/thumbnails/thumb_83.png HTTP/1.1" 404 1283
190.131.200.170 - - [13/Mar/2015:07:58:41 -0500] "GET /ecodirectorio/res/thumbnails/thumb_86.png HTTP/1.1" 404 1283
190.131.200.170 - - [13/Mar/2015:07:58:41 -0500] "GET /ecodirectorio/res/thumbnails/thumb_84.png HTTP/1.1" 404 1283
190.131.200.170 - - [13/Mar/2015:07:58:41 -0500] "GET /ecodirectorio/res/thumbnails/thumb_85.png HTTP/1.1" 404 1283
190.131.200.170 - - [13/Mar/2015:07:58:41 -0500] "GET /ecodirectorio/files/res/navbtn/download.swf HTTP/1.1" 200 5272
190.131.200.170 - - [13/Mar/2015:07:58:41 -0500] "GET /ecodirectorio/res/thumbnails/thumb_87.png HTTP/1.1" 404 1283
190.131.200.170 - - [13/Mar/2015:07:58:41 -0500] "GET /ecodirectorio/files/res/navbtn/music.swf HTTP/1.1" 200 3665
190.131.200.170 - - [13/Mar/2015:07:58:41 -0500] "GET /ecodirectorio/res/thumbnails/thumb_88.png HTTP/1.1" 404 1283
190.131.200.170 - - [13/Mar/2015:07:58:41 -0500] "GET /ecodirectorio/res/thumbnails/thumb_89.png HTTP/1.1" 404 1283
190.131.200.170 - - [13/Mar/2015:07:58:41 -0500] "GET /ecodirectorio/res/thumbnails/thumb_91.png HTTP/1.1" 404 1283
190.131.200.170 - - [13/Mar/2015:07:58:41 -0500] "GET /ecodirectorio/res/thumbnails/thumb_90.png HTTP/1.1" 404 1283
190.131.200.170 - - [13/Mar/2015:07:58:41 -0500] "GET /ecodirectorio/files/res/navbtn/share.swf HTTP/1.1" 200 3244
190.131.200.170 - - [13/Mar/2015:07:58:41 -0500] "GET /ecodirectorio/files/res/navbtn/mute.swf HTTP/1.1" 200 2425
190.131.200.170 - - [13/Mar/2015:07:58:41 -0500] "GET /ecodirectorio/res/thumbnails/thumb_94.png HTTP/1.1" 404 1283
190.131.200.170 - - [13/Mar/2015:07:58:41 -0500] "GET /ecodirectorio/res/thumbnails/thumb_92.png HTTP/1.1" 404 1283
190.131.200.170 - - [13/Mar/2015:07:58:41 -0500] "GET /ecodirectorio/res/thumbnails/thumb_93.png HTTP/1.1" 404 1283
190.131.200.170 - - [13/Mar/2015:07:58:41 -0500] "GET /ecodirectorio/res/thumbnails/thumb_95.png HTTP/1.1" 404 1283
190.131.200.170 - - [13/Mar/2015:07:58:41 -0500] "GET /ecodirectorio/res/thumbnails/thumb_97.png HTTP/1.1" 404 1283
190.131.200.170 - - [13/Mar/2015:07:58:41 -0500] "GET /ecodirectorio/res/thumbnails/thumb_98.png HTTP/1.1" 404 1283
190.131.200.170 - - [13/Mar/2015:07:58:41 -0500] "GET /ecodirectorio/res/thumbnails/thumb_96.png HTTP/1.1" 404 1283
190.131.200.170 - - [13/Mar/2015:07:58:41 -0500] "GET /ecodirectorio/res/thumbnails/thumb_99.png HTTP/1.1" 404 1283
190.131.200.170 - - [13/Mar/2015:07:58:41 -0500] "GET /ecodirectorio/res/thumbnails/thumb_100.png HTTP/1.1" 404 1283
190.131.200.170 - - [13/Mar/2015:07:58:41 -0500] "GET /ecodirectorio/res/thumbnails/thumb_102.png HTTP/1.1" 404 1283
190.131.200.170 - - [13/Mar/2015:07:58:41 -0500] "GET /ecodirectorio/res/thumbnails/thumb_101.png HTTP/1.1" 404 1283
190.131.200.170 - - [13/Mar/2015:07:58:41 -0500] "GET /ecodirectorio/files/res/navbtn/zoomin.swf HTTP/1.1" 200 3373
190.131.200.170 - - [13/Mar/2015:07:58:41 -0500] "GET /ecodirectorio/files/res/navbtn/zoomout.swf HTTP/1.1" 200 3371
190.131.200.170 - - [13/Mar/2015:07:58:41 -0500] "GET /ecodirectorio/res/thumbnails/thumb_103.png HTTP/1.1" 404 1283
190.131.200.170 - - [13/Mar/2015:07:58:41 -0500] "GET /ecodirectorio/res/thumbnails/thumb_106.png HTTP/1.1" 404 1283
190.131.200.170 - - [13/Mar/2015:07:58:41 -0500] "GET /ecodirectorio/res/thumbnails/thumb_104.png HTTP/1.1" 404 1283
190.131.200.170 - - [13/Mar/2015:07:58:41 -0500] "GET /ecodirectorio/res/thumbnails/thumb_105.png HTTP/1.1" 404 1283
190.131.200.170 - - [13/Mar/2015:07:58:41 -0500] "GET /ecodirectorio/files/res/navbtn/search.swf HTTP/1.1" 200 3186
190.131.200.170 - - [13/Mar/2015:07:58:41 -0500] "GET /ecodirectorio/res/thumbnails/thumb_107.png HTTP/1.1" 404 1283
190.131.200.170 - - [13/Mar/2015:07:58:41 -0500] "GET /ecodirectorio/files/res/navbtn/fullscreen.swf HTTP/1.1" 200 3786
190.131.200.170 - - [13/Mar/2015:07:58:41 -0500] "GET /ecodirectorio/res/thumbnails/thumb_108.png HTTP/1.1" 404 1283
190.131.200.170 - - [13/Mar/2015:07:58:41 -0500] "GET /ecodirectorio/res/thumbnails/thumb_110.png HTTP/1.1" 404 1283
190.131.200.170 - - [13/Mar/2015:07:58:41 -0500] "GET /ecodirectorio/res/thumbnails/thumb_109.png HTTP/1.1" 404 1283
190.131.200.170 - - [13/Mar/2015:07:58:41 -0500] "GET /ecodirectorio/res/thumbnails/thumb_111.png HTTP/1.1" 404 1283
190.131.200.170 - - [13/Mar/2015:07:58:42 -0500] "GET /ecodirectorio/files/res/navbtn/exitfullscreen.swf HTTP/1.1" 200 3878
190.131.200.170 - - [13/Mar/2015:07:58:42 -0500] "GET /ecodirectorio/files/res/navbtn/firstpage.swf HTTP/1.1" 200 3949
190.131.200.170 - - [13/Mar/2015:07:58:42 -0500] "GET /ecodirectorio/res/thumbnails/thumb_112.png HTTP/1.1" 404 1283
190.131.200.170 - - [13/Mar/2015:07:58:42 -0500] "GET /ecodirectorio/res/thumbnails/thumb_113.png HTTP/1.1" 404 1283
190.131.200.170 - - [13/Mar/2015:07:58:42 -0500] "GET /ecodirectorio/res/thumbnails/thumb_115.png HTTP/1.1" 404 1283
190.131.200.170 - - [13/Mar/2015:07:58:42 -0500] "GET /ecodirectorio/res/thumbnails/thumb_114.png HTTP/1.1" 404 1283
190.131.200.170 - - [13/Mar/2015:07:58:42 -0500] "GET /ecodirectorio/res/thumbnails/thumb_119.png HTTP/1.1" 404 1283
190.131.200.170 - - [13/Mar/2015:07:58:42 -0500] "GET /ecodirectorio/res/thumbnails/thumb_117.png HTTP/1.1" 404 1283
190.131.200.170 - - [13/Mar/2015:07:58:42 -0500] "GET /ecodirectorio/res/thumbnails/thumb_118.png HTTP/1.1" 404 1283
190.131.200.170 - - [13/Mar/2015:07:58:42 -0500] "GET /ecodirectorio/res/thumbnails/thumb_116.png HTTP/1.1" 404 1283
190.131.200.170 - - [13/Mar/2015:07:58:42 -0500] "GET /ecodirectorio/files/res/navbtn/previous.swf HTTP/1.1" 200 3375
190.131.200.170 - - [13/Mar/2015:07:58:42 -0500] "GET /ecodirectorio/res/thumbnails/thumb_120.png HTTP/1.1" 404 1283
190.131.200.170 - - [13/Mar/2015:07:58:42 -0500] "GET /ecodirectorio/res/thumbnails/thumb_121.png HTTP/1.1" 404 1283
190.131.200.170 - - [13/Mar/2015:07:58:42 -0500] "GET /ecodirectorio/files/res/navbtn/play.swf HTTP/1.1" 200 3189
190.131.200.170 - - [13/Mar/2015:07:58:42 -0500] "GET /ecodirectorio/res/thumbnails/thumb_122.png HTTP/1.1" 404 1283
190.131.200.170 - - [13/Mar/2015:07:58:42 -0500] "GET /ecodirectorio/res/thumbnails/thumb_123.png HTTP/1.1" 404 1283
190.131.200.170 - - [13/Mar/2015:07:58:42 -0500] "GET /ecodirectorio/files/res/navbtn/stop.swf HTTP/1.1" 200 2489
190.131.200.170 - - [13/Mar/2015:07:58:42 -0500] "GET /ecodirectorio/res/thumbnails/thumb_124.png HTTP/1.1" 404 1283
190.131.200.170 - - [13/Mar/2015:07:58:42 -0500] "GET /ecodirectorio/res/thumbnails/thumb_127.png HTTP/1.1" 404 1283
190.131.200.170 - - [13/Mar/2015:07:58:42 -0500] "GET /ecodirectorio/res/thumbnails/thumb_126.png HTTP/1.1" 404 1283
190.131.200.170 - - [13/Mar/2015:07:58:42 -0500] "GET /ecodirectorio/res/thumbnails/thumb_125.png HTTP/1.1" 404 1283
190.131.200.170 - - [13/Mar/2015:07:58:42 -0500] "GET /ecodirectorio/files/res/navbtn/next.swf HTTP/1.1" 200 2956
201.245.192.253 - - [13/Mar/2015:07:58:35 -0500] "GET /forest/actions/forms.getList?codForm=IncioNumeracion&id=Tercero165&text=http%3A//190.27.245.106/forest/usutareas.do%3Fgroup_system_actual%3D3%26codAct%3D1477%26numPro%3D2431364%26codPro%3D134%26fecTra%3D2015-02-27%252012%3A23%3A24.093%26codInst%3D2436937%26c HTTP/1.1" 200 2
190.131.200.170 - - [13/Mar/2015:07:58:42 -0500] "GET /ecodirectorio/res/thumbnails/thumb_128.png HTTP/1.1" 404 1283
190.131.200.170 - - [13/Mar/2015:07:58:42 -0500] "GET /ecodirectorio/res/thumbnails/thumb_129.png HTTP/1.1" 404 1283
190.131.200.170 - - [13/Mar/2015:07:58:42 -0500] "GET /ecodirectorio/res/thumbnails/thumb_130.png HTTP/1.1" 404 1283
190.131.200.170 - - [13/Mar/2015:07:58:42 -0500] "GET /ecodirectorio/files/res/navbtn/lastpage.swf HTTP/1.1" 200 4014
190.131.200.170 - - [13/Mar/2015:07:58:42 -0500] "GET /ecodirectorio/res/thumbnails/thumb_131.png HTTP/1.1" 404 1283
190.131.200.170 - - [13/Mar/2015:07:58:42 -0500] "GET /ecodirectorio/files/res/other/input.png HTTP/1.1" 200 2859
190.131.200.170 - - [13/Mar/2015:07:58:42 -0500] "GET /ecodirectorio/res/thumbnails/thumb_133.png HTTP/1.1" 404 1283
190.131.200.170 - - [13/Mar/2015:07:58:42 -0500] "GET /ecodirectorio/res/thumbnails/thumb_132.png HTTP/1.1" 404 1283
190.131.200.170 - - [13/Mar/2015:07:58:42 -0500] "GET /ecodirectorio/res/thumbnails/thumb_134.png HTTP/1.1" 404 1283
190.131.200.170 - - [13/Mar/2015:07:58:42 -0500] "GET /ecodirectorio/res/thumbnails/thumb_137.png HTTP/1.1" 404 1283
190.131.200.170 - - [13/Mar/2015:07:58:42 -0500] "GET /ecodirectorio/res/thumbnails/thumb_135.png HTTP/1.1" 404 1283
190.131.200.170 - - [13/Mar/2015:07:58:42 -0500] "GET /ecodirectorio/res/thumbnails/thumb_136.png HTTP/1.1" 404 1283
201.245.192.253 - - [13/Mar/2015:07:58:35 -0500] "GET /forest/actions/forms.getList?codForm=IncioNumeracion&id=Tercero165&text=http%3A//190.27.245.106/forest/usutareas.do%3Fgroup_system_actual%3D3%26codAct%3D1477%26numPro%3D2431364%26codPro%3D134%26fecTra%3D2015-02-27%252012%3A23%3A24.093%26codInst%3D2 HTTP/1.1" 200 2
190.131.200.170 - - [13/Mar/2015:07:58:42 -0500] "GET /ecodirectorio/files/res/flags/es.png HTTP/1.1" 200 3594
190.131.200.170 - - [13/Mar/2015:07:58:42 -0500] "GET /ecodirectorio/res/thumbnails/thumb_138.png HTTP/1.1" 404 1283
201.245.192.253 - - [13/Mar/2015:07:58:35 -0500] "GET /forest/actions/forms.getList?codForm=IncioNumeracion&id=Tercero165&text=http%3A//190.27.245.106/forest/usutareas.do%3Fgroup_system_actual%3D3%26codAct%3D1477%26numPro%3D2431364%26codPro%3D134%26fecTra%3D2015-02-27%252012%3A23%3A24.093%26codInst%3D2436937%26co HTTP/1.1" 200 2
190.131.200.170 - - [13/Mar/2015:07:58:42 -0500] "GET /ecodirectorio/res/thumbnails/thumb_140.png HTTP/1.1" 404 1283
190.131.200.170 - - [13/Mar/2015:07:58:42 -0500] "GET /ecodirectorio/res/thumbnails/thumb_142.png HTTP/1.1" 404 1283
190.131.200.170 - - [13/Mar/2015:07:58:42 -0500] "GET /ecodirectorio/res/thumbnails/thumb_139.png HTTP/1.1" 404 1283
190.131.200.170 - - [13/Mar/2015:07:58:42 -0500] "GET /ecodirectorio/res/thumbnails/thumb_141.png HTTP/1.1" 404 1283
190.131.200.170 - - [13/Mar/2015:07:58:42 -0500] "GET /ecodirectorio/files/res/flags/en.png HTTP/1.1" 200 1282
190.131.200.170 - - [13/Mar/2015:07:58:42 -0500] "GET /ecodirectorio/res/thumbnails/thumb_143.png HTTP/1.1" 404 1283
190.131.200.170 - - [13/Mar/2015:07:58:43 -0500] "GET /ecodirectorio/res/thumbnails/thumb_146.png HTTP/1.1" 404 1283
190.131.200.170 - - [13/Mar/2015:07:58:43 -0500] "GET /ecodirectorio/res/thumbnails/thumb_144.png HTTP/1.1" 404 1283
190.131.200.170 - - [13/Mar/2015:07:58:43 -0500] "GET /ecodirectorio/files/res/flags/fr.png HTTP/1.1" 200 3486
190.131.200.170 - - [13/Mar/2015:07:58:43 -0500] "GET /ecodirectorio/res/thumbnails/thumb_145.png HTTP/1.1" 404 1283
190.131.200.170 - - [13/Mar/2015:07:58:43 -0500] "GET /ecodirectorio/res/thumbnails/thumb_147.png HTTP/1.1" 404 1283
190.131.200.170 - - [13/Mar/2015:07:58:43 -0500] "GET /ecodirectorio/res/thumbnails/thumb_148.png HTTP/1.1" 404 1283
190.131.200.170 - - [13/Mar/2015:07:58:43 -0500] "GET /ecodirectorio/res/thumbnails/thumb_151.png HTTP/1.1" 404 1283
190.131.200.170 - - [13/Mar/2015:07:58:43 -0500] "GET /ecodirectorio/res/thumbnails/thumb_150.png HTTP/1.1" 404 1283
190.131.200.170 - - [13/Mar/2015:07:58:43 -0500] "GET /ecodirectorio/res/thumbnails/thumb_152.png HTTP/1.1" 404 1283
190.131.200.170 - - [13/Mar/2015:07:58:43 -0500] "GET /ecodirectorio/res/thumbnails/thumb_149.png HTTP/1.1" 404 1283
190.131.200.170 - - [13/Mar/2015:07:58:43 -0500] "GET /ecodirectorio/files/res/flags/ar.png HTTP/1.1" 200 1285
190.131.200.170 - - [13/Mar/2015:07:58:43 -0500] "GET /ecodirectorio/res/thumbnails/thumb_153.png HTTP/1.1" 404 1283
190.131.200.170 - - [13/Mar/2015:07:58:43 -0500] "GET /ecodirectorio/res/thumbnails/thumb_154.png HTTP/1.1" 404 1283
190.131.200.170 - - [13/Mar/2015:07:58:43 -0500] "GET /ecodirectorio/res/thumbnails/thumb_155.png HTTP/1.1" 404 1283
190.131.200.170 - - [13/Mar/2015:07:58:43 -0500] "GET /ecodirectorio/res/thumbnails/thumb_156.png HTTP/1.1" 404 1283
190.131.200.170 - - [13/Mar/2015:07:58:43 -0500] "GET /ecodirectorio/res/thumbnails/thumb_159.png HTTP/1.1" 404 1283
190.131.200.170 - - [13/Mar/2015:07:58:43 -0500] "GET /ecodirectorio/res/thumbnails/thumb_157.png HTTP/1.1" 404 1283
190.131.200.170 - - [13/Mar/2015:07:58:43 -0500] "GET /ecodirectorio/res/thumbnails/thumb_158.png HTTP/1.1" 404 1283
190.131.200.170 - - [13/Mar/2015:07:58:43 -0500] "GET /ecodirectorio/res/thumbnails/thumb_160.png HTTP/1.1" 404 1283
190.131.200.170 - - [13/Mar/2015:07:58:43 -0500] "GET /ecodirectorio/res/thumbnails/thumb_163.png HTTP/1.1" 404 1283
190.131.200.170 - - [13/Mar/2015:07:58:43 -0500] "GET /ecodirectorio/res/thumbnails/thumb_164.png HTTP/1.1" 404 1283
190.131.200.170 - - [13/Mar/2015:07:58:43 -0500] "GET /ecodirectorio/res/thumbnails/thumb_162.png HTTP/1.1" 404 1283
190.131.200.170 - - [13/Mar/2015:07:58:43 -0500] "GET /ecodirectorio/res/thumbnails/thumb_161.png HTTP/1.1" 404 1283
201.245.192.253 - - [13/Mar/2015:07:58:35 -0500] "GET /forest/actions/forms.getList?codForm=IncioNumeracion&id=Tercero165&text=http%3A//190.27.245.106/forest/usutareas.do%3Fgroup_system_actual%3D3%26codAct%3D1477%26numPro%3D2431364%26codPro%3D134%26fecTra%3D2015-02-27%252012%3A23%3A24.093%26codI HTTP/1.1" 200 2
190.131.200.170 - - [13/Mar/2015:07:58:43 -0500] "GET /ecodirectorio/files/res/flags/de.png HTTP/1.1" 200 641
190.131.200.170 - - [13/Mar/2015:07:58:43 -0500] "GET /ecodirectorio/res/thumbnails/thumb_168.png HTTP/1.1" 404 1283
190.131.200.170 - - [13/Mar/2015:07:58:43 -0500] "GET /ecodirectorio/res/thumbnails/thumb_167.png HTTP/1.1" 404 1283
190.131.200.170 - - [13/Mar/2015:07:58:43 -0500] "GET /ecodirectorio/res/thumbnails/thumb_165.png HTTP/1.1" 404 1283
190.131.200.170 - - [13/Mar/2015:07:58:43 -0500] "GET /ecodirectorio/files/res/flags/it.png HTTP/1.1" 200 3505
190.131.200.170 - - [13/Mar/2015:07:58:43 -0500] "GET /ecodirectorio/res/thumbnails/thumb_166.png HTTP/1.1" 404 1283
190.131.200.170 - - [13/Mar/2015:07:58:43 -0500] "GET /ecodirectorio/res/thumbnails/thumb_169.png HTTP/1.1" 404 1283
190.131.200.170 - - [13/Mar/2015:07:58:43 -0500] "GET /ecodirectorio/res/thumbnails/thumb_171.png HTTP/1.1" 404 1283
190.131.200.170 - - [13/Mar/2015:07:58:43 -0500] "GET /ecodirectorio/res/thumbnails/thumb_170.png HTTP/1.1" 404 1283
190.131.200.170 - - [13/Mar/2015:07:58:43 -0500] "GET /ecodirectorio/res/thumbnails/thumb_172.png HTTP/1.1" 404 1283
190.131.200.170 - - [13/Mar/2015:07:58:43 -0500] "GET /ecodirectorio/res/thumbnails/thumb_173.png HTTP/1.1" 404 1283
201.234.181.230 - - [13/Mar/2015:07:58:43 -0500] "GET /arcgis/services/Calidad_del_Agua_WQI/MapServer/WMSServer?SERVICE=WMS&VERSION=1.1.1&REQUEST=GetMap&SRS=EPSG:4326&BBOX=-74.524906454376946,4.3004167120711019,-73.683126296297445,4.8458666999591786&WIDTH=1115&HEIGHT=722&LAYERS=3,4,5,6,7,8,9,10&STYLES=,,,,,,,&EXCEPTIONS=application/vnd.ogc.se_blank&FORMAT=image/png&BGCOLOR=0xFEFFFF&TRANSPARENT=TRUE HTTP/1.1" 200 8097
190.131.200.170 - - [13/Mar/2015:07:58:43 -0500] "GET /ecodirectorio/res/thumbnails/thumb_175.png HTTP/1.1" 404 1283
190.131.200.170 - - [13/Mar/2015:07:58:43 -0500] "GET /ecodirectorio/res/thumbnails/thumb_176.png HTTP/1.1" 404 1283
190.131.200.170 - - [13/Mar/2015:07:58:43 -0500] "GET /ecodirectorio/res/thumbnails/thumb_174.png HTTP/1.1" 404 1283
190.131.200.170 - - [13/Mar/2015:07:58:43 -0500] "GET /ecodirectorio/res/thumbnails/thumb_177.png HTTP/1.1" 404 1283
190.131.200.170 - - [13/Mar/2015:07:58:43 -0500] "GET /ecodirectorio/res/thumbnails/thumb_178.png HTTP/1.1" 404 1283
190.131.200.170 - - [13/Mar/2015:07:58:43 -0500] "GET /ecodirectorio/files/res/flags/pl.png HTTP/1.1" 200 511
190.131.200.170 - - [13/Mar/2015:07:58:43 -0500] "GET /ecodirectorio/files/res/flags/jp.png HTTP/1.1" 200 3510
190.131.200.170 - - [13/Mar/2015:07:58:43 -0500] "GET /ecodirectorio/files/res/pages/page_0006.swf HTTP/1.1" 200 224315
190.131.200.170 - - [13/Mar/2015:07:58:43 -0500] "GET /ecodirectorio/files/res/pages/page_0005.swf HTTP/1.1" 200 530185
201.245.192.253 - - [13/Mar/2015:07:58:35 -0500] "GET /forest/actions/forms.getList?codForm=IncioNumeracion&id=Tercero165&text=http%3A//190.27.245.106/forest/usutareas.do%3Fgroup_system_actual%3D3%26codAct%3D1477%26numPro%3D2431364%26codPro%3D134%26fecTra%3D2015-02-27%252012%3A23%3A24.093%26codInst%3D HTTP/1.1" 200 2
190.131.200.170 - - [13/Mar/2015:07:58:44 -0500] "GET /ecodirectorio/files/res/pages/page_0007.swf HTTP/1.1" 200 192518
201.245.192.253 - - [13/Mar/2015:07:58:35 -0500] "GET /forest/actions/forms.getList?codForm=IncioNumeracion&id=Tercero165&text=http%3A//190.27.245.106/forest/usutareas.do%3Fgroup_system_actual%3D3%26codAct%3D1477%26numPro%3D2431364%26codPro%3D134%26fecTra%3D2015-02-27%252012%3A23%3A24.093%26codInst%3D24 HTTP/1.1" 200 2
201.245.192.253 - - [13/Mar/2015:07:58:35 -0500] "GET /forest/actions/forms.getList?codForm=IncioNumeracion&id=Tercero165&text=http%3A//190.27.245.106/forest/usutareas.do%3Fgroup_system_actual%3D3%26codAct%3D1477%26numPro%3D2431364%26codPro%3D134%26fecTra%3D2015-02-27%252012%3A23%3A24.093%26codIns HTTP/1.1" 200 2
201.245.192.253 - - [13/Mar/2015:07:58:35 -0500] "GET /forest/actions/forms.getList?codForm=IncioNumeracion&id=Tercero165&text=http%3A//190.27.245.106/forest/usutareas.do%3Fgroup_system_actual%3D3%26codAct%3D1477%26numPro%3D2431364%26codPro%3D134%26fecTra%3D2015-02-27%252012%3A23%3A24.093%26codInst%3D243 HTTP/1.1" 200 2
190.131.200.170 - - [13/Mar/2015:07:58:44 -0500] "GET /ecodirectorio/files/res/pages/page_0008.swf HTTP/1.1" 200 193703
190.131.200.170 - - [13/Mar/2015:07:58:44 -0500] "GET /ecodirectorio/files/res/pages/page_0009.swf HTTP/1.1" 200 260190
201.245.192.253 - - [13/Mar/2015:07:58:40 -0500] "GET /forest/actions/forms.getList?codForm=IncioNumeracion&id=Tercero165&text=http%3A//190.27.245.106/forest/usutareas.do%3Fgroup_system_actual%3D3%26codAct%3D1477%26numPro%3D2431364%26codPro%3D134%26fecTra%3D2015-02-27%25201 HTTP/1.1" 200 2
201.245.192.253 - - [13/Mar/2015:07:58:38 -0500] "GET /forest/actions/forms.getList?codForm=IncioNumeracion&id=Tercero165&text=http%3A//190.27.245.106/forest/usutareas.do%3Fgroup_system_actual%3D3%26codAct%3D1477%26numPro%3D2431364%26codPro%3D134%26fecTra%3D2015-02-27%252012%3A23%3A24.093 HTTP/1.1" 200 2
190.131.200.170 - - [13/Mar/2015:07:58:45 -0500] "GET /ecodirectorio/files/res/pages/page_0010.swf HTTP/1.1" 200 273702
190.131.200.170 - - [13/Mar/2015:07:58:45 -0500] "GET /ecodirectorio/files/res/pages/page_0011.swf HTTP/1.1" 200 267805
201.245.192.253 - - [13/Mar/2015:07:58:40 -0500] "GET /forest/actions/forms.getList?codForm=IncioNumeracion&id=Tercero165&text=http%3A//190.27.245.106/forest/usutareas.do%3Fgroup_system_actual%3D3%26codAct%3D1477%26numPro%3D2431364%26codPro%3D134%26fecTra%3D2015-02-27%252012%3A HTTP/1.1" 200 2
201.245.192.253 - - [13/Mar/2015:07:58:35 -0500] "GET /forest/actions/forms.getList?codForm=IncioNumeracion&id=Tercero165&text=http%3A//190.27.245.106/forest/usutareas.do%3Fgroup_system_actual%3D3%26codAct%3D1477%26numPro%3D2431364%26codPro%3D134%26fecTra%3D2015-02-27%252012%3A23%3A24.093%26co HTTP/1.1" 200 2
201.245.192.253 - - [13/Mar/2015:07:58:37 -0500] "GET /forest/actions/forms.getList?codForm=IncioNumeracion&id=Tercero165&text=http%3A//190.27.245.106/forest/usutareas.do%3Fgroup_system_actual%3D3%26codAct%3D1477%26numPro%3D2431364%26codPro%3D134%26fecTra%3D2015-02-27%252012%3A23%3A24.093%26 HTTP/1.1" 200 2
201.245.192.253 - - [13/Mar/2015:07:58:35 -0500] "GET /forest/actions/forms.getList?codForm=IncioNumeracion&id=Tercero165&text=http%3A//190.27.245.106/forest/usutareas.do%3Fgroup_system_actual%3D3%26codAct%3D1477%26numPro%3D2431364%26codPro%3D134%26fecTra%3D2015-02-27%252012%3A23%3A24.093%26codInst%3D24369 HTTP/1.1" 200 2
201.245.192.253 - - [13/Mar/2015:07:58:38 -0500] "GET /forest/actions/forms.getList?codForm=IncioNumeracion&id=Tercero165&text=http%3A//190.27.245.106/forest/usutareas.do%3Fgroup_system_actual%3D3%26codAct%3D1477%26numPro%3D2431364%26codPro%3D134%26fecTra%3D2015-02-27%252012%3A23%3A24.09 HTTP/1.1" 200 2
190.131.200.170 - - [13/Mar/2015:07:58:45 -0500] "GET /ecodirectorio/files/res/pages/page_0012.swf HTTP/1.1" 200 215320
201.245.192.253 - - [13/Mar/2015:07:58:37 -0500] "GET /forest/actions/forms.getList?codForm=IncioNumeracion&id=Tercero165&text=http%3A//190.27.245.106/forest/usutareas.do%3Fgroup_system_actual%3D3%26codAct%3D1477%26numPro%3D2431364%26codPro%3D134%26fecTra%3D2015-02-27%252012%3A23%3A24.093%26c HTTP/1.1" 200 2
201.245.192.253 - - [13/Mar/2015:07:58:41 -0500] "GET /forest/actions/forms.getList?codForm=IncioNumeracion&id=Tercero165&text=http%3A//190.27.245.106/forest/usutareas.do%3Fgroup_system_actual%3D3%26codAct%3D1477%26numPro%3D2431364%26codPro%3D134%26fecTra%3D2015-02-27%2520 HTTP/1.1" 200 2
201.245.192.253 - - [13/Mar/2015:07:58:39 -0500] "GET /forest/actions/forms.getList?codForm=IncioNumeracion&id=Tercero165&text=http%3A//190.27.245.106/forest/usutareas.do%3Fgroup_system_actual%3D3%26codAct%3D1477%26numPro%3D2431364%26codPro%3D134%26fecTra%3D2015-02-27%252012%3A23 HTTP/1.1" 200 2
201.245.192.253 - - [13/Mar/2015:07:58:38 -0500] "GET /forest/actions/forms.getList?codForm=IncioNumeracion&id=Tercero165&text=http%3A//190.27.245.106/forest/usutareas.do%3Fgroup_system_actual%3D3%26codAct%3D1477%26numPro%3D2431364%26codPro%3D134%26fecTra%3D2015-02-27%252012%3A23%3A24 HTTP/1.1" 200 2
190.131.200.170 - - [13/Mar/2015:07:58:45 -0500] "GET /ecodirectorio/files/res/pages/page_0013.swf HTTP/1.1" 200 271213
190.131.200.170 - - [13/Mar/2015:07:58:46 -0500] "GET /ecodirectorio/files/res/pages/page_0014.swf HTTP/1.1" 200 211139
201.245.192.253 - - [13/Mar/2015:07:58:35 -0500] "GET /forest/actions/forms.getList?codForm=IncioNumeracion&id=Tercero165&text=http%3A//190.27.245.106/forest/usutareas.do%3Fgroup_system_actual%3D3%26codAct%3D1477%26numPro%3D2431364%26codPro%3D134%26fecTra%3D2015-02-27%252012%3A23%3A24.093%26codInst%3D2436 HTTP/1.1" 200 2
190.131.200.170 - - [13/Mar/2015:07:58:46 -0500] "GET /ecodirectorio/files/res/pages/page_0016.swf HTTP/1.1" 200 254987
190.131.200.170 - - [13/Mar/2015:07:58:46 -0500] "GET /ecodirectorio/files/res/pages/page_0017.swf HTTP/1.1" 200 260579
201.245.192.253 - - [13/Mar/2015:07:58:39 -0500] "GET /forest/actions/forms.getList?codForm=IncioNumeracion&id=Tercero165&text=http%3A//190.27.245.106/forest/usutareas.do%3Fgroup_system_actual%3D3%26codAct%3D1477%26numPro%3D2431364%26codPro%3D134%26fecTra%3D2015-02-27%252012%3A23%3A HTTP/1.1" 200 2
190.131.200.170 - - [13/Mar/2015:07:58:46 -0500] "GET /ecodirectorio/files/res/pages/page_0018.swf HTTP/1.1" 200 278871
190.131.200.170 - - [13/Mar/2015:07:58:46 -0500] "GET /ecodirectorio/files/res/pages/page_0019.swf HTTP/1.1" 200 195186
190.131.200.170 - - [13/Mar/2015:07:58:47 -0500] "GET /ecodirectorio/files/res/pages/page_0020.swf HTTP/1.1" 200 232495
201.245.192.253 - - [13/Mar/2015:07:58:38 -0500] "GET /forest/actions/forms.getList?codForm=IncioNumeracion&id=Tercero165&text=http%3A//190.27.245.106/forest/usutareas.do%3Fgroup_system_actual%3D3%26codAct%3D1477%26numPro%3D2431364%26codPro%3D134%26fecTra%3D2015-02-27%252012%3A23%3A2 HTTP/1.1" 200 2
201.245.192.253 - - [13/Mar/2015:07:58:35 -0500] "GET /forest/actions/forms.getList?codForm=IncioNumeracion&id=Tercero165&text=http%3A//190.27.245.106/forest/usutareas.do%3Fgroup_system_actual%3D3%26codAct%3D1477%26numPro%3D2431364%26codPro%3D134%26fecTra%3D2015-02-27%252012%3A23%3A24.093%26codInst%3D2436937 HTTP/1.1" 200 2
190.131.200.170 - - [13/Mar/2015:07:58:47 -0500] "GET /ecodirectorio/files/res/pages/page_0021.swf HTTP/1.1" 200 230455
201.245.192.253 - - [13/Mar/2015:07:58:35 -0500] "GET /forest/actions/forms.getList?codForm=IncioNumeracion&id=Tercero165&text=http%3A//190.27.245.106/forest/usutareas.do%3Fgroup_system_actual%3D3%26codAct%3D1477%26numPro%3D2431364%26codPro%3D134%26fecTra%3D2015-02-27%252012%3A23%3A24.093%26codIn HTTP/1.1" 200 2
190.131.200.170 - - [13/Mar/2015:07:58:48 -0500] "GET /ecodirectorio/files/res/pages/page_0022.swf HTTP/1.1" 200 531985
201.245.192.253 - - [13/Mar/2015:07:58:35 -0500] "GET /forest/actions/forms.getList?codForm=IncioNumeracion&id=Tercero165&text=http%3A//190.27.245.106/forest/usutareas.do%3Fgroup_system_actual%3D3%26codAct%3D1477%26numPro%3D2431364%26codPro%3D134%26fecTra%3D2015-02-27%252012%3A23%3A24.093%26codInst%3D2436937%26codT HTTP/1.1" 200 2
190.131.200.170 - - [13/Mar/2015:07:58:48 -0500] "GET /ecodirectorio/files/res/pages/page_0023.swf HTTP/1.1" 200 259757
201.245.192.253 - - [13/Mar/2015:07:58:40 -0500] "GET /forest/actions/forms.getList?codForm=IncioNumeracion&id=Tercero165&text=http%3A//190.27.245.106/forest/usutareas.do%3Fgroup_system_actual%3D3%26codAct%3D1477%26numPro%3D2431364%26codPro%3D134%26fecTra%3D2015-02-27%252012 HTTP/1.1" 200 2
201.245.192.253 - - [13/Mar/2015:07:58:43 -0500] "GET /forest/actions/forms.getList?codForm=IncioNumeracion&id=Tercero165&text=http%3A//190.27.245.106/forest/usutareas.do%3Fgroup_system_actual%3D3%26codAct%3D1477%26numPro%3D2431364%26codPro%3D134%26fecTra%3D2015-02-2 HTTP/1.1" 200 2
190.131.200.170 - - [13/Mar/2015:07:58:49 -0500] "GET /ecodirectorio/files/res/pages/page_0024.swf HTTP/1.1" 200 255119
201.245.192.253 - - [13/Mar/2015:07:58:42 -0500] "GET /forest/actions/forms.getList?codForm=IncioNumeracion&id=Tercero165&text=http%3A//190.27.245.106/forest/usutareas.do%3Fgroup_system_actual%3D3%26codAct%3D1477%26numPro%3D2431364%26codPro%3D134%26fecTra%3D2015-02-27%25 HTTP/1.1" 200 2
201.245.192.253 - - [13/Mar/2015:07:58:44 -0500] "GET /forest/actions/forms.getList?codForm=IncioNumeracion&id=Tercero165&text=http%3A//190.27.245.106/forest/usutareas.do%3Fgroup_system_actual%3D3%26codAct%3D1477%26numPro%3D2431364%26codPro%3D134%26fecTra%3D2015-0 HTTP/1.1" 200 2
190.26.119.3 - - [13/Mar/2015:07:58:49 -0500] "GET /galeria/nivo-slider/demo/demo.html HTTP/1.1" 304 -
190.131.200.170 - - [13/Mar/2015:07:58:49 -0500] "GET /ecodirectorio/files/res/pages/page_0026.swf HTTP/1.1" 200 230331
190.131.200.170 - - [13/Mar/2015:07:58:49 -0500] "GET /ecodirectorio/files/res/pages/page_0025.swf HTTP/1.1" 200 196425
201.245.192.253 - - [13/Mar/2015:07:58:45 -0500] "GET /forest/actions/forms.getList?codForm=IncioNumeracion&id=Tercero165&text=http%3A//190.27.245.106/forest/usutareas.do%3Fgroup_system_actual%3D3%26codAct%3D1477%26numPro%3D2431364%26codPro%3D134%26fecTra%3D2 HTTP/1.1" 200 2
201.245.192.253 - - [13/Mar/2015:07:58:40 -0500] "GET /forest/actions/forms.getList?codForm=IncioNumeracion&id=Tercero165&text=http%3A//190.27.245.106/forest/usutareas.do%3Fgroup_system_actual%3D3%26codAct%3D1477%26numPro%3D2431364%26codPro%3D134%26fecTra%3D2015-02-27%252012%3A2 HTTP/1.1" 200 2
201.245.192.253 - - [13/Mar/2015:07:58:44 -0500] "GET /forest/actions/forms.getList?codForm=IncioNumeracion&id=Tercero165&text=http%3A//190.27.245.106/forest/usutareas.do%3Fgroup_system_actual%3D3%26codAct%3D1477%26numPro%3D2431364%26codPro%3D134%26fecTra%3D2015-02- HTTP/1.1" 200 2
190.131.200.170 - - [13/Mar/2015:07:58:50 -0500] "GET /ecodirectorio/files/res/pages/page_0027.swf HTTP/1.1" 200 189434
190.131.200.170 - - [13/Mar/2015:07:58:50 -0500] "GET /ecodirectorio/files/res/pages/page_0028.swf HTTP/1.1" 200 197298
190.131.200.170 - - [13/Mar/2015:07:58:50 -0500] "GET /ecodirectorio/files/res/pages/page_0029.swf HTTP/1.1" 200 219796
190.131.200.170 - - [13/Mar/2015:07:58:50 -0500] "GET /ecodirectorio/files/res/pages/page_0030.swf HTTP/1.1" 200 152787
201.245.192.253 - - [13/Mar/2015:07:58:35 -0500] "GET /forest/actions/forms.getList?codForm=IncioNumeracion&id=Tercero165&text=http%3A//190.27.245.106/forest/usutareas.do%3Fgroup_system_actual%3D3%26codAct%3D1477%26numPro%3D2431364%26codPro%3D134%26fecTra%3D2015-02-27%252012%3A23%3A24.093%26codInst%3D243693 HTTP/1.1" 200 2
190.131.200.170 - - [13/Mar/2015:07:58:51 -0500] "GET /ecodirectorio/files/res/pages/page_0031.swf HTTP/1.1" 200 213226
190.131.200.170 - - [13/Mar/2015:07:58:51 -0500] "GET /ecodirectorio/files/res/pages/page_0032.swf HTTP/1.1" 200 210013
201.245.192.253 - - [13/Mar/2015:07:58:45 -0500] "GET /forest/actions/forms.getList?codForm=IncioNumeracion&id=Tercero165&text=http%3A//190.27.245.106/forest/usutareas.do%3Fgroup_system_actual%3D3%26codAct%3D1477%26numPro%3D2431364%26codPro%3D134%26fe HTTP/1.1" 200 2
201.245.192.253 - - [13/Mar/2015:07:58:44 -0500] "GET /forest/actions/forms.getList?codForm=IncioNumeracion&id=Tercero165&text=http%3A//190.27.245.106/forest/usutareas.do%3Fgroup_system_actual%3D3%26codAct%3D1477%26numPro%3D2431364%26codPro%3D134%26fecTra%3D2015-02 HTTP/1.1" 200 2
201.245.192.253 - - [13/Mar/2015:07:58:45 -0500] "GET /forest/actions/forms.getList?codForm=IncioNumeracion&id=Tercero165&text=http%3A//190.27.245.106/forest/usutareas.do%3Fgroup_system_actual%3D3%26codAct%3D1477%26numPro%3D2431364%26codPro%3D134%26fecTra HTTP/1.1" 200 2
201.245.192.253 - - [13/Mar/2015:07:58:45 -0500] "GET /forest/actions/forms.getList?codForm=IncioNumeracion&id=Tercero165&text=http%3A//190.27.245.106/forest/usutareas.do%3Fgroup_system_actual%3D3%26codAct%3D1477%26numPro%3D2431364%26codPro%3D134%26fecT HTTP/1.1" 200 2
201.245.192.253 - - [13/Mar/2015:07:58:42 -0500] "GET /forest/actions/forms.getList?codForm=IncioNumeracion&id=Tercero165&text=http%3A//190.27.245.106/forest/usutareas.do%3Fgroup_system_actual%3D3%26codAct%3D1477%26numPro%3D2431364%26codPro%3D134%26fecTra%3D2015-02-27%252 HTTP/1.1" 200 2
201.245.192.253 - - [13/Mar/2015:07:58:35 -0500] "GET /forest/actions/forms.getList?codForm=IncioNumeracion&id=Tercero165&text=http%3A//190.27.245.106/forest/usutareas.do%3Fgroup_system_actual%3D3%26codAct%3D1477%26numPro%3D2431364%26codPro%3D134%26fecTra%3D2015-02-27%252012%3A23%3A24.093%26cod HTTP/1.1" 200 2
201.245.192.253 - - [13/Mar/2015:07:58:45 -0500] "GET /forest/actions/forms.getList?codForm=IncioNumeracion&id=Tercero165&text=http%3A//190.27.245.106/forest/usutareas.do%3Fgroup_system_actual%3D3%26codAct%3D1477%26numPro%3D2431364%26codPro%3D134%26fecTra%3D2015 HTTP/1.1" 200 2
201.245.192.253 - - [13/Mar/2015:07:58:38 -0500] "GET /forest/actions/forms.getList?codForm=IncioNumeracion&id=Tercero165&text=http%3A//190.27.245.106/forest/usutareas.do%3Fgroup_system_actual%3D3%26codAct%3D1477%26numPro%3D2431364%26codPro%3D134%26fecTra%3D2015-02-27%252012%3A23%3A24.0 HTTP/1.1" 200 2
190.131.200.170 - - [13/Mar/2015:07:58:51 -0500] "GET /ecodirectorio/files/res/pages/page_0034.swf HTTP/1.1" 200 205261
190.131.200.170 - - [13/Mar/2015:07:58:51 -0500] "GET /ecodirectorio/files/res/pages/page_0033.swf HTTP/1.1" 200 180068
201.245.192.253 - - [13/Mar/2015:07:58:46 -0500] "GET /forest/actions/forms.getList?codForm=IncioNumeracion&id=Tercero165&text=http%3A//190.27.245.106/forest/usutareas.do%3Fgroup_system_actual%3D3%26codAct%3D1477%26numPro%3D2431364%26codPro%3D134 HTTP/1.1" 200 2
190.131.200.170 - - [13/Mar/2015:07:58:52 -0500] "GET /ecodirectorio/files/res/pages/page_0035.swf HTTP/1.1" 200 354129
190.131.200.170 - - [13/Mar/2015:07:58:52 -0500] "GET /ecodirectorio/files/res/pages/page_0036.swf HTTP/1.1" 200 378780
201.245.192.253 - - [13/Mar/2015:07:58:48 -0500] "GET /forest/actions/forms.getList?codForm=IncioNumeracion&id=Tercero165&text=http%3A//190.27.245.106/forest/usutareas.do%3Fgroup_system_actual%3D3%26codAct%3D1477%26numPro%3D2431364%26codPr HTTP/1.1" 200 2
201.245.192.253 - - [13/Mar/2015:07:58:45 -0500] "GET /forest/actions/forms.getList?codForm=IncioNumeracion&id=Tercero165&text=http%3A//190.27.245.106/forest/usutareas.do%3Fgroup_system_actual%3D3%26codAct%3D1477%26numPro%3D2431364%26codPro%3D134%26fecTra%3D HTTP/1.1" 200 2
201.245.192.253 - - [13/Mar/2015:07:58:45 -0500] "GET /forest/actions/forms.getList?codForm=IncioNumeracion&id=Tercero165&text=http%3A//190.27.245.106/forest/usutareas.do%3Fgroup_system_actual%3D3%26codAct%3D1477%26numPro%3D2431364%26codPro%3D134%26f HTTP/1.1" 200 2
190.131.200.170 - - [13/Mar/2015:07:58:53 -0500] "GET /ecodirectorio/files/res/pages/page_0037.swf HTTP/1.1" 200 214291
190.131.200.170 - - [13/Mar/2015:07:58:53 -0500] "GET /ecodirectorio/files/res/pages/page_0038.swf HTTP/1.1" 200 217674
201.245.192.253 - - [13/Mar/2015:07:58:45 -0500] "GET /forest/actions/forms.getList?codForm=IncioNumeracion&id=Tercero165&text=http%3A//190.27.245.106/forest/usutareas.do%3Fgroup_system_actual%3D3%26codAct%3D1477%26numPro%3D2431364%26codPro%3D134%26fec HTTP/1.1" 200 2
201.245.192.253 - - [13/Mar/2015:07:58:45 -0500] "GET /forest/actions/forms.getList?codForm=IncioNumeracion&id=Tercero165&text=http%3A//190.27.245.106/forest/usutareas.do%3Fgroup_system_actual%3D3%26codAct%3D1477%26numPro%3D2431364%26codPro%3D134%26fecTra%3D20 HTTP/1.1" 200 2
201.245.192.253 - - [13/Mar/2015:07:58:48 -0500] "GET /forest/actions/forms.getList?codForm=IncioNumeracion&id=Tercero165&text=http%3A//190.27.245.106/forest/usutareas.do%3Fgroup_system_actual%3D3%26codAct%3D1477%26numPro%3D2431364%26codP HTTP/1.1" 200 2
201.245.192.253 - - [13/Mar/2015:07:58:48 -0500] "GET /forest/actions/forms.getList?codForm=IncioNumeracion&id=Tercero165&text=http%3A//190.27.245.106/forest/usutareas.do%3Fgroup_system_actual%3D3%26codAct%3D1477%26numPro%3D2431364%26codPro HTTP/1.1" 200 2
190.131.200.170 - - [13/Mar/2015:07:58:53 -0500] "GET /ecodirectorio/files/res/pages/page_0040.swf HTTP/1.1" 200 245334
190.131.200.170 - - [13/Mar/2015:07:58:53 -0500] "GET /ecodirectorio/files/res/pages/page_0039.swf HTTP/1.1" 200 229756
190.131.200.170 - - [13/Mar/2015:07:58:54 -0500] "GET /ecodirectorio/files/res/pages/page_0041.swf HTTP/1.1" 200 149324
190.131.200.170 - - [13/Mar/2015:07:58:54 -0500] "GET /ecodirectorio/files/res/pages/page_0042.swf HTTP/1.1" 200 249673
201.245.192.253 - - [13/Mar/2015:07:58:47 -0500] "GET /forest/actions/forms.getList?codForm=IncioNumeracion&id=Tercero165&text=http%3A//190.27.245.106/forest/usutareas.do%3Fgroup_system_actual%3D3%26codAct%3D1477%26numPro%3D2431364%26codPro%3D13 HTTP/1.1" 200 2
190.131.200.170 - - [13/Mar/2015:07:58:54 -0500] "GET /ecodirectorio/files/res/pages/page_0043.swf HTTP/1.1" 200 110478
201.245.192.253 - - [13/Mar/2015:07:58:35 -0500] "GET /forest/actions/forms.getList?codForm=IncioNumeracion&id=Tercero165&text=http%3A//190.27.245.106/forest/usutareas.do%3Fgroup_system_actual%3D3%26codAct%3D1477%26numPro%3D2431364%26codPro%3D134%26fecTra%3D2015-02-27%252012%3A23%3A24.093%26codInst HTTP/1.1" 200 2
201.245.192.253 - - [13/Mar/2015:07:58:49 -0500] "GET /forest/actions/forms.getList?codForm=IncioNumeracion&id=Tercero165&text=http%3A//190.27.245.106/forest/usutareas.do%3Fgroup_system_actual%3D3%26codAct%3D1477%26numPro%3D2431364%26cod HTTP/1.1" 200 2
190.131.200.170 - - [13/Mar/2015:07:58:54 -0500] "GET /ecodirectorio/files/res/pages/page_0045.swf HTTP/1.1" 200 198845
190.131.200.170 - - [13/Mar/2015:07:58:54 -0500] "GET /ecodirectorio/files/res/pages/page_0044.swf HTTP/1.1" 200 256165
201.245.192.253 - - [13/Mar/2015:07:58:50 -0500] "GET /forest/actions/forms.getList?codForm=IncioNumeracion&id=Tercero165&text=http%3A//190.27.245.106/forest/usutareas.do%3Fgroup_system_actual%3D3%26codAct%3D1477%26numPro%3D2431364%26c HTTP/1.1" 200 2
201.245.192.253 - - [13/Mar/2015:07:58:47 -0500] "GET /forest/actions/forms.getList?codForm=IncioNumeracion&id=Tercero165&text=http%3A//190.27.245.106/forest/usutareas.do%3Fgroup_system_actual%3D3%26codAct%3D1477%26numPro%3D2431364%26codPro%3D HTTP/1.1" 200 2
190.131.200.170 - - [13/Mar/2015:07:58:55 -0500] "GET /ecodirectorio/files/res/pages/page_0046.swf HTTP/1.1" 200 222209
190.131.200.170 - - [13/Mar/2015:07:58:55 -0500] "GET /ecodirectorio/files/res/pages/page_0047.swf HTTP/1.1" 200 231022
66.249.64.172 - - [13/Mar/2015:07:58:55 -0500] "GET /BLA/resoluciones/RESOLUCIONES%202006/RES%202006%20%203001-3054/00003045.tif HTTP/1.1" 200 146726
201.245.192.253 - - [13/Mar/2015:07:58:45 -0500] "GET /forest/actions/forms.getList?codForm=IncioNumeracion&id=Tercero165&text=http%3A//190.27.245.106/forest/usutareas.do%3Fgroup_system_actual%3D3%26codAct%3D1477%26numPro%3D2431364%26codPro%3D134%26fecTra%3D201 HTTP/1.1" 200 2
201.245.192.253 - - [13/Mar/2015:07:58:38 -0500] "GET /forest/actions/forms.getList?codForm=IncioNumeracion&id=Tercero165&text=http%3A//190.27.245.106/forest/usutareas.do%3Fgroup_system_actual%3D3%26codAct%3D1477%26numPro%3D2431364%26codPro%3D134%26fecTra%3D2015-02-27%252012%3A23%3A24. HTTP/1.1" 200 2
201.245.192.253 - - [13/Mar/2015:07:58:50 -0500] "GET /forest/actions/forms.getList?codForm=IncioNumeracion&id=Tercero165&text=http%3A//190.27.245.106/forest/usutareas.do%3Fgroup_system_actual%3D3%26codAct%3D1477%26numPro%3D2431364%26 HTTP/1.1" 200 2
190.131.200.170 - - [13/Mar/2015:07:58:56 -0500] "GET /ecodirectorio/files/res/pages/page_0048.swf HTTP/1.1" 200 249894
190.131.200.170 - - [13/Mar/2015:07:58:56 -0500] "GET /ecodirectorio/files/res/pages/page_0049.swf HTTP/1.1" 200 249542
201.245.192.253 - - [13/Mar/2015:07:58:46 -0500] "GET /forest/actions/forms.getList?codForm=IncioNumeracion&id=Tercero165&text=http%3A//190.27.245.106/forest/usutareas.do%3Fgroup_system_actual%3D3%26codAct%3D1477%26numPro%3D2431364%26codPro%3D134%26 HTTP/1.1" 200 2
172.22.2.1 - - [13/Mar/2015:07:58:56 -0500] "GET /autoliquidacion/ HTTP/1.1" 200 6375
190.26.119.3 - - [13/Mar/2015:07:58:56 -0500] "GET /galeria/nivo-slider/demo/images/no-sea-victima.jpg HTTP/1.1" 304 -
190.131.200.170 - - [13/Mar/2015:07:58:56 -0500] "GET /ecodirectorio/files/res/pages/page_0050.swf HTTP/1.1" 200 245434
201.245.192.253 - - [13/Mar/2015:07:58:47 -0500] "GET /forest/actions/forms.getList?codForm=IncioNumeracion&id=Tercero165&text=http%3A//190.27.245.106/forest/usutareas.do%3Fgroup_system_actual%3D3%26codAct%3D1477%26numPro%3D2431364%26codPro%3D1 HTTP/1.1" 200 2
201.245.192.253 - - [13/Mar/2015:07:58:42 -0500] "GET /forest/actions/forms.getList?codForm=IncioNumeracion&id=Tercero165&text=http%3A//190.27.245.106/forest/usutareas.do%3Fgroup_system_actual%3D3%26codAct%3D1477%26numPro%3D2431364%26codPro%3D134%26fecTra%3D2015-02-27 HTTP/1.1" 200 2
190.131.200.170 - - [13/Mar/2015:07:58:56 -0500] "GET /ecodirectorio/files/res/pages/page_0051.swf HTTP/1.1" 200 240027
201.245.192.253 - - [13/Mar/2015:07:58:51 -0500] "GET /forest/actions/forms.getList?codForm=IncioNumeracion&id=Tercero165&text=http%3A//190.27.245.106/forest/usutareas.do%3Fgroup_system_actual%3D3%26codAct%3D1477%26numPr HTTP/1.1" 200 2
190.131.200.170 - - [13/Mar/2015:07:58:56 -0500] "GET /ecodirectorio/files/res/pages/page_0052.swf HTTP/1.1" 200 275579
190.131.200.170 - - [13/Mar/2015:07:58:57 -0500] "GET /ecodirectorio/files/res/pages/page_0053.swf HTTP/1.1" 200 248052
201.245.192.253 - - [13/Mar/2015:07:58:52 -0500] "GET /forest/actions/forms.getList?codForm=IncioNumeracion&id=Tercero165&text=http%3A//190.27.245.106/forest/usutareas.do%3Fgroup_system_actual%3D3%26codAct%3D1477%26numP HTTP/1.1" 200 2
201.245.192.253 - - [13/Mar/2015:07:58:51 -0500] "GET /forest/actions/forms.getList?codForm=IncioNumeracion&id=Tercero165&text=http%3A//190.27.245.106/forest/usutareas.do%3Fgroup_system_actual%3D3%26codAct%3D1477%26numPro%3D2431 HTTP/1.1" 200 2
190.131.200.170 - - [13/Mar/2015:07:58:57 -0500] "GET /ecodirectorio/files/res/pages/page_0054.swf HTTP/1.1" 200 243964
201.245.192.253 - - [13/Mar/2015:07:58:51 -0500] "GET /forest/actions/forms.getList?codForm=IncioNumeracion&id=Tercero165&text=http%3A//190.27.245.106/forest/usutareas.do%3Fgroup_system_actual%3D3%26codAct%3D1477%26numPro%3D24313 HTTP/1.1" 200 2
190.131.200.170 - - [13/Mar/2015:07:58:57 -0500] "GET /ecodirectorio/files/res/pages/page_0055.swf HTTP/1.1" 200 187398
201.245.192.253 - - [13/Mar/2015:07:58:49 -0500] "GET /forest/actions/forms.getList?codForm=IncioNumeracion&id=Tercero165&text=http%3A//190.27.245.106/forest/usutareas.do%3Fgroup_system_actual%3D3%26codAct%3D1477%26numPro%3D2431364%26co HTTP/1.1" 200 2
