180.76.6.231 - - [16/Mar/2015:00:33:22 -0500] "GET /BLA/resoluciones/RESOLUCIONES%202009/4898.pdf HTTP/1.1" 200 653294
152.61.193.99 - - [16/Mar/2015:00:33:42 -0500] "HEAD / HTTP/1.1" 302 -
152.61.193.99 - - [16/Mar/2015:00:33:42 -0500] "GET /arcgis/services/Calidad_del_Agua_WQI/MapServer/WMSServer?SERVICE=WMS&REQUEST=GetCapabilities HTTP/1.1" 200 32135
152.61.193.99 - - [16/Mar/2015:00:33:43 -0500] "GET /arcgis/services/Calidad_del_Agua_WQI/MapServer/WMSServer?SERVICE=WMS&REQUEST=GetCapabilities HTTP/1.1" 200 32135
152.61.193.99 - - [16/Mar/2015:00:33:44 -0500] "GET /arcgis/services/Calidad_del_Agua_WQI/MapServer/WMSServer?SERVICE=WMS&REQUEST=GetCapabilities HTTP/1.1" 200 32135
152.61.193.99 - - [16/Mar/2015:00:33:44 -0500] "GET /arcgis/services/Calidad_del_Agua_WQI/MapServer/WMSServer?SERVICE=WMS&REQUEST=GetCapabilities HTTP/1.1" 200 32135
152.61.193.99 - - [16/Mar/2015:00:33:45 -0500] "GET /arcgis/services/Calidad_del_Agua_WQI/MapServer/WMSServer?VERSION=1.1.1&REQUEST=GetMap&LAYERS=0&SRS=EPSG:4326&BBOX=-74.473395,3.674381,-73.963300,4.920569&WIDTH=250&HEIGHT=250&FORMAT=image/bmp&STYLES=& HTTP/1.1" 200 188054
190.27.3.242 - - [16/Mar/2015:00:34:09 -0500] "GET /galeria/galeria/jquery.fancybox.css?v=2.1.5 HTTP/1.1" 304 -
190.27.3.242 - - [16/Mar/2015:00:34:09 -0500] "GET /galeria/galeria/jquery.fancybox.js?v=2.1.5 HTTP/1.1" 304 -
188.165.15.13 - - [16/Mar/2015:00:34:39 -0500] "GET /BLA/resoluciones/RESOLUCIONES%202002/RES%202002%201251-1301/20021256.tif HTTP/1.1" 200 106666
186.30.107.205 - - [16/Mar/2015:00:35:20 -0500] "POST /forms/lservlet;jsessionid=ac16012b30d61445747ff8df495f8853b82c00061ead.e3iSbxaKaheRe3eNbhaPbhuQa41ynknvrkLOlQzNp65In0 HTTP/1.1" 200 2
186.30.107.205 - - [16/Mar/2015:00:35:36 -0500] "POST /forms/lservlet;jsessionid=ac16012b30d61445747ff8df495f8853b82c00061ead.e3iSbxaKaheRe3eNbhaPbhuQa41ynknvrkLOlQzNp65In0 HTTP/1.1" 200 137
186.30.107.205 - - [16/Mar/2015:00:35:38 -0500] "POST /forms/lservlet;jsessionid=ac16012b30d61445747ff8df495f8853b82c00061ead.e3iSbxaKaheRe3eNbhaPbhuQa41ynknvrkLOlQzNp65In0 HTTP/1.1" 200 7
186.154.31.214 - - [16/Mar/2015:00:35:47 -0500] "GET /BLA/boletinlegal/consulta.php?menu=vertimientos HTTP/1.1" 200 9639
186.154.31.214 - - [16/Mar/2015:00:35:50 -0500] "GET /BLA/boletinlegal/consulta.php?menu=vertimientos HTTP/1.1" 200 9639
188.165.15.13 - - [16/Mar/2015:00:35:53 -0500] "GET /BLA/resoluciones/RESOLUCIONES%202006/RES%202006%201401-1450/00001415.tif HTTP/1.1" 200 188038
66.249.64.164 - - [16/Mar/2015:00:36:02 -0500] "GET /BLA/resoluciones/RESOLUCIONES%202013/0105.pdf HTTP/1.1" 200 2101366
188.165.15.13 - - [16/Mar/2015:00:36:21 -0500] "GET /BLA/resoluciones/RESOLUCIONES%202002/RES%202002%201251-1301/20021282.tif HTTP/1.1" 200 101496
188.165.15.13 - - [16/Mar/2015:00:36:23 -0500] "GET /BLA/resoluciones/RESOLUCIONES%202002/RES%202002%2001-50/2002RES50.tif HTTP/1.1" 200 87060
190.16.219.224 - - [16/Mar/2015:00:36:31 -0500] "GET /BLA/resoluciones/RESOLUCIONES%202009/3579.pdf HTTP/1.1" 200 611297
190.16.219.224 - - [16/Mar/2015:00:36:32 -0500] "GET /BLA/resoluciones/RESOLUCIONES%202009/3579.pdf HTTP/1.1" 206 32768
190.16.219.224 - - [16/Mar/2015:00:36:32 -0500] "GET /favicon.ico HTTP/1.1" 200 7782
190.16.219.224 - - [16/Mar/2015:00:36:32 -0500] "GET /BLA/resoluciones/RESOLUCIONES%202009/3579.pdf HTTP/1.1" 206 578529
186.30.107.205 - - [16/Mar/2015:00:37:20 -0500] "POST /forms/lservlet;jsessionid=ac16012b30d61445747ff8df495f8853b82c00061ead.e3iSbxaKaheRe3eNbhaPbhuQa41ynknvrkLOlQzNp65In0 HTTP/1.1" 200 2
190.69.209.210 - - [16/Mar/2015:00:37:29 -0500] "GET /autoliquidacion/Solicitudes%20relacionadas%20con%20calidad%20del%20aire%20auditiva%20y%20visual/Registro%20de%20Elementos%20de%20publicidad%20Exterior%20Visual/126pm04-pr16-f-a301%20Formato%20Solicitud%20de%20registro.xls HTTP/1.1" 200 3573248
66.249.64.168 - - [16/Mar/2015:00:37:43 -0500] "GET /BLA/resoluciones/AUTOS%202008/3316.pdf HTTP/1.1" 200 65377
74.86.158.107 - - [16/Mar/2015:00:37:45 -0500] "HEAD / HTTP/1.1" 302 -
188.165.15.13 - - [16/Mar/2015:00:37:52 -0500] "GET /BLA/resoluciones/RESOLUCIONES%202003/RES%202003%201551-1601/20031559.tif HTTP/1.1" 200 161198
188.165.15.13 - - [16/Mar/2015:00:38:26 -0500] "GET /BLA/resoluciones/RESOLUCIONES%202003/RES%202003%20751-800/761.tif HTTP/1.1" 200 129664
186.145.221.206 - - [16/Mar/2015:00:38:35 -0500] "GET /BLA/boletinlegal/js/jquery.scrollTo-min.js HTTP/1.1" 200 1150
186.145.221.206 - - [16/Mar/2015:00:38:35 -0500] "GET /galeria/galeria/jquery.fancybox.css?v=2.1.5 HTTP/1.1" 200 4895
186.145.221.206 - - [16/Mar/2015:00:38:35 -0500] "GET /BLA/boletinlegal/js/jquery.scrollShow.js HTTP/1.1" 200 4586
186.145.221.206 - - [16/Mar/2015:00:38:35 -0500] "GET /galeria/galeria/jquery.fancybox.js?v=2.1.5 HTTP/1.1" 200 48706
186.154.31.214 - - [16/Mar/2015:00:38:43 -0500] "GET /BLA/boletinlegal/images/screen_5.png HTTP/1.1" 200 368876
186.154.31.214 - - [16/Mar/2015:00:38:46 -0500] "GET /BLA/boletinlegal/actos.php HTTP/1.1" 200 7575
186.154.31.214 - - [16/Mar/2015:00:38:47 -0500] "GET /BLA/boletinlegal/js/ajax_actos.js HTTP/1.1" 200 1322
186.154.31.214 - - [16/Mar/2015:00:38:47 -0500] "GET /BLA/boletinlegal/niceforms.js HTTP/1.1" 200 22876
186.154.31.214 - - [16/Mar/2015:00:38:47 -0500] "GET /BLA/boletinlegal/niceforms-default.css HTTP/1.1" 200 6694
186.154.31.214 - - [16/Mar/2015:00:38:47 -0500] "GET /BLA/boletinlegal/images/green-yellow-blue-pink-th.png HTTP/1.1" 200 7394
186.154.31.214 - - [16/Mar/2015:00:38:47 -0500] "GET /BLA/boletinlegal/images/abajo.png HTTP/1.1" 200 96676
186.154.31.214 - - [16/Mar/2015:00:38:47 -0500] "GET /BLA/boletinlegal/img/0.png HTTP/1.1" 200 110
186.154.31.214 - - [16/Mar/2015:00:38:47 -0500] "GET /BLA/boletinlegal/img/select-right.png HTTP/1.1" 200 44019
186.154.31.214 - - [16/Mar/2015:00:38:47 -0500] "GET /BLA/boletinlegal/img/select-left.png HTTP/1.1" 200 263
186.154.31.214 - - [16/Mar/2015:00:38:47 -0500] "GET /BLA/boletinlegal/img/button-left.png HTTP/1.1" 200 57071
188.165.15.13 - - [16/Mar/2015:00:38:48 -0500] "GET /BLA/resoluciones/RESOLUCIONES%202005/RES%202005%203001-3050/00003048.tif HTTP/1.1" 200 141266
186.154.31.214 - - [16/Mar/2015:00:38:48 -0500] "GET /BLA/boletinlegal/img/button.png HTTP/1.1" 200 43241
186.154.31.214 - - [16/Mar/2015:00:38:48 -0500] "GET /BLA/boletinlegal/img/button-right.png HTTP/1.1" 200 57878
186.154.31.214 - - [16/Mar/2015:00:38:56 -0500] "GET /BLA/boletinlegal/conceptos.php HTTP/1.1" 200 6135
186.154.31.214 - - [16/Mar/2015:00:38:56 -0500] "GET /BLA/boletinlegal/js/ajax_conceptos.js HTTP/1.1" 200 1326
186.154.31.214 - - [16/Mar/2015:00:39:00 -0500] "GET /BLA/boletinlegal/norma_menu.php HTTP/1.1" 200 5286
186.154.31.214 - - [16/Mar/2015:00:38:42 -0500] "GET /BLA/boletinlegal/index.php? HTTP/1.1" 200 28109
186.154.31.214 - - [16/Mar/2015:00:39:05 -0500] "GET /BLA/boletinlegal/normativa.php HTTP/1.1" 200 7012
186.154.31.214 - - [16/Mar/2015:00:39:05 -0500] "GET /BLA/boletinlegal/js/ajax_normativa.js HTTP/1.1" 200 1154
186.154.31.214 - - [16/Mar/2015:00:39:18 -0500] "GET /BLA/boletinlegal/consulta_normativa.php?tipo=Manual&sector=residuos&ano=&resuelve= HTTP/1.1" 200 912
186.30.107.205 - - [16/Mar/2015:00:39:20 -0500] "POST /forms/lservlet;jsessionid=ac16012b30d61445747ff8df495f8853b82c00061ead.e3iSbxaKaheRe3eNbhaPbhuQa41ynknvrkLOlQzNp65In0 HTTP/1.1" 200 2
178.255.215.98 - - [16/Mar/2015:00:39:31 -0500] "GET / HTTP/1.1" 302 -
186.154.31.214 - - [16/Mar/2015:00:39:33 -0500] "GET /BLA/boletinlegal/consulta_normativa.php?tipo=Manual&sector=vertimientos&ano=&resuelve= HTTP/1.1" 200 454
178.255.215.98 - - [16/Mar/2015:00:39:34 -0500] "GET /galeria/galeria/jquery.fancybox.css?v=2.1.5 HTTP/1.1" 200 4895
178.255.215.98 - - [16/Mar/2015:00:39:34 -0500] "GET /galeria/galeria/jquery.fancybox.js?v=2.1.5 HTTP/1.1" 200 48706
178.255.215.98 - - [16/Mar/2015:00:39:34 -0500] "GET /BLA/boletinlegal/js/jquery.scrollTo-min.js HTTP/1.1" 200 1150
178.255.215.98 - - [16/Mar/2015:00:39:34 -0500] "GET /galeria/carrusel/Carrusel/jquery-ui-1.8.13.custom.min.js HTTP/1.1" 200 10800
178.255.215.98 - - [16/Mar/2015:00:39:34 -0500] "GET /galeria/carrusel/Carrusel/jquery.thumbnailScroller.css HTTP/1.1" 200 2066
178.255.215.98 - - [16/Mar/2015:00:39:35 -0500] "GET /galeria/carrusel/Carrusel/jquery.thumbnailScroller.js HTTP/1.1" 200 8157
188.165.15.13 - - [16/Mar/2015:00:39:35 -0500] "GET /BLA/resoluciones/RESOLUCIONES%202003/RES%202003%201201-1250/2003RES1228.tif HTTP/1.1" 200 202392
178.255.215.98 - - [16/Mar/2015:00:39:35 -0500] "GET /BLA/boletinlegal/js/jquery.scrollShow.js HTTP/1.1" 200 4586
178.255.215.98 - - [16/Mar/2015:00:39:37 -0500] "GET /galeria/nivo-slider/demo/demo.html HTTP/1.1" 200 4282
178.255.215.98 - - [16/Mar/2015:00:39:37 -0500] "GET /galeria/nivo-slider/demo/scripts/jquery-1.7.1.min.js HTTP/1.1" 200 93868
178.255.215.98 - - [16/Mar/2015:00:39:37 -0500] "GET /galeria/nivo-slider/themes/orman/orman.css HTTP/1.1" 200 2152
178.255.215.98 - - [16/Mar/2015:00:39:37 -0500] "GET /galeria/nivo-slider/demo/style.css HTTP/1.1" 200 2222
178.255.215.98 - - [16/Mar/2015:00:39:37 -0500] "GET /galeria/nivo-slider/nivo-slider.css HTTP/1.1" 200 1507
178.255.215.98 - - [16/Mar/2015:00:39:37 -0500] "GET /galeria/nivo-slider/jquery.nivo.slider.pack.js HTTP/1.1" 200 11561
178.255.215.98 - - [16/Mar/2015:00:39:37 -0500] "GET /galeria/nivo-slider/demo/images/Conoce-los-humedales.jpg HTTP/1.1" 200 294036
178.255.215.98 - - [16/Mar/2015:00:39:37 -0500] "GET /galeria/nivo-slider/demo/images/Banner-decreto1299.jpg HTTP/1.1" 200 182613
178.255.215.98 - - [16/Mar/2015:00:39:37 -0500] "GET /galeria/nivo-slider/demo/images/Banner-Directorio.jpg HTTP/1.1" 200 182068
178.255.215.98 - - [16/Mar/2015:00:39:37 -0500] "GET /galeria/nivo-slider/demo/images/no-sea-victima.jpg HTTP/1.1" 200 254155
178.255.215.98 - - [16/Mar/2015:00:39:37 -0500] "GET /galeria/nivo-slider/themes/default/default.css HTTP/1.1" 200 1569
178.255.215.98 - - [16/Mar/2015:00:39:37 -0500] "GET /galeria/nivo-slider/themes/pascal/pascal.css HTTP/1.1" 200 2258
178.255.215.98 - - [16/Mar/2015:00:39:37 -0500] "GET /galeria/nivo-slider/demo/images/banner-V2.jpg HTTP/1.1" 200 167020
178.255.215.98 - - [16/Mar/2015:00:39:38 -0500] "GET /galeria/nivo-slider/demo/images/Banner_SEGAE.jpg HTTP/1.1" 200 169523
178.255.215.98 - - [16/Mar/2015:00:39:38 -0500] "GET /galeria/nivo-slider/demo/images/bolsas-08.jpg HTTP/1.1" 200 85589
178.255.215.98 - - [16/Mar/2015:00:39:38 -0500] "GET /galeria/nivo-slider/demo/images/Ruta-vertimientos-01.jpg HTTP/1.1" 200 130151
178.255.215.98 - - [16/Mar/2015:00:39:38 -0500] "GET /galeria/nivo-slider/demo/images/bolsas-06.jpg HTTP/1.1" 200 90982
178.255.215.98 - - [16/Mar/2015:00:39:39 -0500] "GET /galeria/nivo-slider/demo/images/ecolecta-Dic2014.png HTTP/1.1" 200 288593
178.255.215.98 - - [16/Mar/2015:00:39:39 -0500] "GET /galeria/nivo-slider/demo/images/porloshumedales.jpg HTTP/1.1" 200 351238
178.255.215.98 - - [16/Mar/2015:00:39:39 -0500] "GET /galeria/nivo-slider/demo/images/Tingua-azul.jpg HTTP/1.1" 200 307638
178.255.215.98 - - [16/Mar/2015:00:39:39 -0500] "GET /galeria/nivo-slider/demo/images/Banner-Caracol-Africano.jpg HTTP/1.1" 200 331986
178.255.215.98 - - [16/Mar/2015:00:39:39 -0500] "GET /galeria/nivo-slider/demo/images/redes_sociales.jpg HTTP/1.1" 200 415652
178.255.215.98 - - [16/Mar/2015:00:39:39 -0500] "GET /galeria/nivo-slider/demo/images/9Signos.jpg HTTP/1.1" 200 93040
178.255.215.98 - - [16/Mar/2015:00:39:39 -0500] "GET /galeria/nivo-slider/demo/images/banner-llantas2.jpg HTTP/1.1" 200 73153
178.255.215.98 - - [16/Mar/2015:00:39:40 -0500] "GET /galeria/nivo-slider/demo/images/banner-caballos.png HTTP/1.1" 200 389106
186.154.31.214 - - [16/Mar/2015:00:39:40 -0500] "GET /BLA/boletinlegal/consulta_normativa.php?tipo=Acuerdo&sector=vertimientos&ano=&resuelve= HTTP/1.1" 200 1070
178.255.215.98 - - [16/Mar/2015:00:39:40 -0500] "GET /galeria/nivo-slider/demo/images/4Simple_Slider.png HTTP/1.1" 200 11722
178.255.215.98 - - [16/Mar/2015:00:39:41 -0500] "GET /galeria/nivo-slider/themes/default/loading.gif HTTP/1.1" 200 1737
178.255.215.98 - - [16/Mar/2015:00:39:42 -0500] "GET /galeria/nivo-slider/themes/default/arrows.png HTTP/1.1" 200 824
178.255.215.98 - - [16/Mar/2015:00:39:42 -0500] "GET /galeria/nivo-slider/themes/default/bullets.png HTTP/1.1" 200 1281
180.76.6.143 - - [16/Mar/2015:00:40:24 -0500] "GET /BLA/resoluciones/RESOLUCIONES%202007/RES%202007%203401%20AL%203500/RESOLUCION%203418%20DE%202007.pdf HTTP/1.1" 200 217257
186.30.107.205 - - [16/Mar/2015:00:41:20 -0500] "POST /forms/lservlet;jsessionid=ac16012b30d61445747ff8df495f8853b82c00061ead.e3iSbxaKaheRe3eNbhaPbhuQa41ynknvrkLOlQzNp65In0 HTTP/1.1" 200 2
180.76.6.149 - - [16/Mar/2015:00:41:22 -0500] "GET /BLA/resoluciones/RESOLUCIONES%202007/RES%202007%201%20AL%20100/RESOLUCION%200074%20DE%202007.pdf HTTP/1.1" 200 266957
188.165.15.13 - - [16/Mar/2015:00:41:39 -0500] "GET /BLA/resoluciones/RESOLUCIONES%202002/RES%202002%20301-350/00000330.tif HTTP/1.1" 200 196888
190.69.116.141 - - [16/Mar/2015:00:41:41 -0500] "GET /BLA/boletinlegal/js/jquery.scrollTo-min.js HTTP/1.1" 200 1150
190.69.116.141 - - [16/Mar/2015:00:41:41 -0500] "GET /BLA/boletinlegal/js/jquery.scrollShow.js HTTP/1.1" 200 4586
190.69.116.141 - - [16/Mar/2015:00:41:41 -0500] "GET /galeria/galeria/jquery.fancybox.js?v=2.1.5 HTTP/1.1" 200 48706
190.69.116.141 - - [16/Mar/2015:00:41:41 -0500] "GET /galeria/galeria/jquery.fancybox.css?v=2.1.5 HTTP/1.1" 200 4895
190.69.116.141 - - [16/Mar/2015:00:41:44 -0500] "GET /BLA/boletinlegal/js/jquery.scrollTo-min.js HTTP/1.1" 200 1150
190.69.116.141 - - [16/Mar/2015:00:41:44 -0500] "GET /BLA/boletinlegal/js/jquery.scrollShow.js HTTP/1.1" 200 4586
190.69.116.141 - - [16/Mar/2015:00:41:47 -0500] "GET /galeria/galeria/jquery.fancybox.js?v=2.1.5 HTTP/1.1" 200 48706
190.69.116.141 - - [16/Mar/2015:00:41:47 -0500] "GET /galeria/galeria/jquery.fancybox.css?v=2.1.5 HTTP/1.1" 200 4895
188.165.15.13 - - [16/Mar/2015:00:42:07 -0500] "GET /BLA/resoluciones/RESOLUCIONES%202003/RES%202003%20851-900/870.tif HTTP/1.1" 200 78128
180.76.5.81 - - [16/Mar/2015:00:42:21 -0500] "GET /BLA/resoluciones/AUTOS%202012/2489.pdf HTTP/1.1" 200 369180
66.249.88.240 - - [16/Mar/2015:00:42:24 -0500] "GET /BLA/boletinlegal/js/jquery.scrollTo-min.js HTTP/1.1" 200 1150
66.249.88.238 - - [16/Mar/2015:00:42:24 -0500] "GET /BLA/boletinlegal/js/jquery.scrollShow.js HTTP/1.1" 200 4586
66.249.88.242 - - [16/Mar/2015:00:42:24 -0500] "GET /galeria/galeria/jquery.fancybox.js?v=2.1.5 HTTP/1.1" 200 48706
66.249.88.238 - - [16/Mar/2015:00:42:25 -0500] "GET /galeria/galeria/jquery.fancybox.css?v=2.1.5 HTTP/1.1" 200 4895
188.165.15.13 - - [16/Mar/2015:00:42:35 -0500] "GET /BLA/resoluciones/RESOLUCIONES%202006/RES%202006%20951-1000/00000996.tif HTTP/1.1" 200 115144
74.86.158.107 - - [16/Mar/2015:00:42:45 -0500] "HEAD / HTTP/1.1" 302 -
66.249.64.164 - - [16/Mar/2015:00:43:11 -0500] "GET /BLA/resoluciones/RESOLUCIONES%202005/RES%202005%20351-400/00000390.tif HTTP/1.1" 200 326736
186.30.107.205 - - [16/Mar/2015:00:43:20 -0500] "POST /forms/lservlet;jsessionid=ac16012b30d61445747ff8df495f8853b82c00061ead.e3iSbxaKaheRe3eNbhaPbhuQa41ynknvrkLOlQzNp65In0 HTTP/1.1" 200 2
220.181.108.117 - - [16/Mar/2015:00:43:26 -0500] "GET /BLA/resoluciones/AUTOS%202013/0039.pdf HTTP/1.1" 200 2206179
188.165.15.13 - - [16/Mar/2015:00:43:40 -0500] "GET /BLA/resoluciones/RESOLUCIONES%202005/RES%202005%20951-1000/00001000.tif HTTP/1.1" 200 264908
188.165.15.13 - - [16/Mar/2015:00:44:09 -0500] "GET /BLA/resoluciones/AUTOS%202006/AUTOS%202006%20301-400/00000322.tif HTTP/1.1" 200 54290
180.76.5.189 - - [16/Mar/2015:00:45:14 -0500] "GET /BLA/resoluciones/AUTOS%202010/0145.pdf HTTP/1.1" 200 185791
186.30.107.205 - - [16/Mar/2015:00:45:20 -0500] "POST /forms/lservlet;jsessionid=ac16012b30d61445747ff8df495f8853b82c00061ead.e3iSbxaKaheRe3eNbhaPbhuQa41ynknvrkLOlQzNp65In0 HTTP/1.1" 200 2
121.150.72.6 - - [16/Mar/2015:00:45:33 -0500] "GET / HTTP/1.1" 302 -
188.165.15.13 - - [16/Mar/2015:00:47:17 -0500] "GET /BLA/resoluciones/RESOLUCIONES%202002/RES%202002%201651-1700/20021689.tif HTTP/1.1" 200 40746
186.30.107.205 - - [16/Mar/2015:00:47:20 -0500] "POST /forms/lservlet;jsessionid=ac16012b30d61445747ff8df495f8853b82c00061ead.e3iSbxaKaheRe3eNbhaPbhuQa41ynknvrkLOlQzNp65In0 HTTP/1.1" 200 2
74.86.158.107 - - [16/Mar/2015:00:47:45 -0500] "HEAD / HTTP/1.1" 302 -
201.203.69.26 - - [16/Mar/2015:00:48:33 -0500] "GET /galeria/galeria/jquery.fancybox.css?v=2.1.5 HTTP/1.1" 200 4895
201.203.69.26 - - [16/Mar/2015:00:48:33 -0500] "GET /galeria/carrusel/Carrusel/jquery.thumbnailScroller.css HTTP/1.1" 200 2066
201.203.69.26 - - [16/Mar/2015:00:48:34 -0500] "GET /BLA/boletinlegal/js/jquery.scrollTo-min.js HTTP/1.1" 200 1150
201.203.69.26 - - [16/Mar/2015:00:48:34 -0500] "GET /BLA/boletinlegal/js/jquery.scrollShow.js HTTP/1.1" 200 4586
201.203.69.26 - - [16/Mar/2015:00:48:34 -0500] "GET /galeria/galeria/jquery.fancybox.js?v=2.1.5 HTTP/1.1" 200 48706
201.203.69.26 - - [16/Mar/2015:00:48:34 -0500] "GET /galeria/carrusel/Carrusel/jquery-ui-1.8.13.custom.min.js HTTP/1.1" 200 10800
201.203.69.26 - - [16/Mar/2015:00:48:34 -0500] "GET /galeria/carrusel/Carrusel/jquery.thumbnailScroller.js HTTP/1.1" 200 8157
201.203.69.26 - - [16/Mar/2015:00:48:36 -0500] "GET /galeria/nivo-slider/demo/demo.html HTTP/1.1" 200 4282
201.203.69.26 - - [16/Mar/2015:00:48:39 -0500] "GET /galeria/nivo-slider/themes/default/default.css HTTP/1.1" 200 1569
201.203.69.26 - - [16/Mar/2015:00:48:40 -0500] "GET /galeria/nivo-slider/themes/pascal/pascal.css HTTP/1.1" 200 2258
201.203.69.26 - - [16/Mar/2015:00:48:40 -0500] "GET /galeria/nivo-slider/themes/orman/orman.css HTTP/1.1" 200 2152
201.203.69.26 - - [16/Mar/2015:00:48:40 -0500] "GET /galeria/nivo-slider/nivo-slider.css HTTP/1.1" 200 1507
201.203.69.26 - - [16/Mar/2015:00:48:40 -0500] "GET /galeria/nivo-slider/demo/style.css HTTP/1.1" 200 2222
201.203.69.26 - - [16/Mar/2015:00:48:40 -0500] "GET /galeria/nivo-slider/demo/scripts/jquery-1.7.1.min.js HTTP/1.1" 200 93868
201.203.69.26 - - [16/Mar/2015:00:48:40 -0500] "GET /galeria/nivo-slider/jquery.nivo.slider.pack.js HTTP/1.1" 200 11561
201.203.69.26 - - [16/Mar/2015:00:48:40 -0500] "GET /galeria/nivo-slider/demo/images/no-sea-victima.jpg HTTP/1.1" 200 254155
201.203.69.26 - - [16/Mar/2015:00:48:40 -0500] "GET /galeria/nivo-slider/demo/images/Banner-decreto1299.jpg HTTP/1.1" 200 182613
201.203.69.26 - - [16/Mar/2015:00:48:40 -0500] "GET /galeria/nivo-slider/demo/images/Banner-Directorio.jpg HTTP/1.1" 200 182068
201.203.69.26 - - [16/Mar/2015:00:48:40 -0500] "GET /galeria/nivo-slider/demo/images/Conoce-los-humedales.jpg HTTP/1.1" 200 294036
201.203.69.26 - - [16/Mar/2015:00:48:40 -0500] "GET /galeria/nivo-slider/demo/images/4Simple_Slider.png HTTP/1.1" 200 11722
201.203.69.26 - - [16/Mar/2015:00:48:42 -0500] "GET /galeria/nivo-slider/themes/default/loading.gif HTTP/1.1" 200 1737
201.203.69.26 - - [16/Mar/2015:00:48:43 -0500] "GET /galeria/nivo-slider/demo/images/Banner_SEGAE.jpg HTTP/1.1" 200 169523
201.203.69.26 - - [16/Mar/2015:00:48:43 -0500] "GET /galeria/nivo-slider/demo/images/banner-V2.jpg HTTP/1.1" 200 167020
201.203.69.26 - - [16/Mar/2015:00:48:44 -0500] "GET /galeria/nivo-slider/demo/images/bolsas-08.jpg HTTP/1.1" 200 85589
201.203.69.26 - - [16/Mar/2015:00:48:44 -0500] "GET /galeria/nivo-slider/demo/images/Ruta-vertimientos-01.jpg HTTP/1.1" 200 130151
201.203.69.26 - - [16/Mar/2015:00:48:47 -0500] "GET /galeria/nivo-slider/demo/images/bolsas-06.jpg HTTP/1.1" 200 90982
201.203.69.26 - - [16/Mar/2015:00:48:47 -0500] "GET /galeria/nivo-slider/demo/images/ecolecta-Dic2014.png HTTP/1.1" 200 288593
201.203.69.26 - - [16/Mar/2015:00:48:48 -0500] "GET /galeria/nivo-slider/demo/images/porloshumedales.jpg HTTP/1.1" 200 351238
201.203.69.26 - - [16/Mar/2015:00:48:50 -0500] "GET /galeria/nivo-slider/demo/images/Tingua-azul.jpg HTTP/1.1" 200 307638
201.203.69.26 - - [16/Mar/2015:00:48:50 -0500] "GET /galeria/nivo-slider/demo/images/Banner-Caracol-Africano.jpg HTTP/1.1" 200 331986
201.203.69.26 - - [16/Mar/2015:00:48:50 -0500] "GET /videos/Humedal_Comunidad.flv HTTP/1.1" 200 81021584
201.203.69.26 - - [16/Mar/2015:00:48:53 -0500] "GET /galeria/nivo-slider/demo/images/redes_sociales.jpg HTTP/1.1" 200 415652
201.203.69.26 - - [16/Mar/2015:00:48:55 -0500] "GET /galeria/nivo-slider/demo/images/9Signos.jpg HTTP/1.1" 200 93040
201.203.69.26 - - [16/Mar/2015:00:48:56 -0500] "GET /galeria/nivo-slider/demo/images/banner-llantas2.jpg HTTP/1.1" 200 73153
201.203.69.26 - - [16/Mar/2015:00:48:56 -0500] "GET /galeria/nivo-slider/demo/images/banner-caballos.png HTTP/1.1" 200 389106
201.203.69.26 - - [16/Mar/2015:00:49:03 -0500] "GET /galeria/nivo-slider/themes/default/bullets.png HTTP/1.1" 200 1281
201.203.69.26 - - [16/Mar/2015:00:49:03 -0500] "GET /galeria/nivo-slider/themes/default/arrows.png HTTP/1.1" 200 824
186.30.107.205 - - [16/Mar/2015:00:49:20 -0500] "POST /forms/lservlet;jsessionid=ac16012b30d61445747ff8df495f8853b82c00061ead.e3iSbxaKaheRe3eNbhaPbhuQa41ynknvrkLOlQzNp65In0 HTTP/1.1" 200 2
157.55.39.187 - - [16/Mar/2015:00:49:26 -0500] "GET /galeria/nivo-slider/demo/demo.html HTTP/1.1" 200 4282
188.165.15.13 - - [16/Mar/2015:00:50:14 -0500] "GET /BLA/resoluciones/RESOLUCIONES%202005/RES%202005%20351-400/00000367.tif HTTP/1.1" 200 42074
188.165.15.13 - - [16/Mar/2015:00:50:33 -0500] "GET /BLA/resoluciones/RESOLUCIONES%202006/RES%202006%20701-750/00000726.tif HTTP/1.1" 200 276936
123.125.71.44 - - [16/Mar/2015:00:50:35 -0500] "GET / HTTP/1.1" 302 -
188.165.15.13 - - [16/Mar/2015:00:50:48 -0500] "GET /BLA/resoluciones/RESOLUCIONES%202002/RES%202002%201601-1650/20021644.tif HTTP/1.1" 200 103732
188.165.15.13 - - [16/Mar/2015:00:50:55 -0500] "GET /BLA/resoluciones/RESOLUCIONES%202005/RES%202005%202751-2800/00002756.tif HTTP/1.1" 200 27516
186.30.107.205 - - [16/Mar/2015:00:51:20 -0500] "POST /forms/lservlet;jsessionid=ac16012b30d61445747ff8df495f8853b82c00061ead.e3iSbxaKaheRe3eNbhaPbhuQa41ynknvrkLOlQzNp65In0 HTTP/1.1" 200 2
220.181.108.174 - - [16/Mar/2015:00:52:09 -0500] "GET /BLA/resoluciones/AUTOS%202013/0515.pdf HTTP/1.1" 200 2868084
180.76.5.75 - - [16/Mar/2015:00:52:31 -0500] "GET /BLA/resoluciones/RESOLUCIONES%202009/0316.pdf HTTP/1.1" 200 261855
74.86.158.107 - - [16/Mar/2015:00:52:45 -0500] "HEAD / HTTP/1.1" 302 -
186.30.107.205 - - [16/Mar/2015:00:53:20 -0500] "POST /forms/lservlet;jsessionid=ac16012b30d61445747ff8df495f8853b82c00061ead.e3iSbxaKaheRe3eNbhaPbhuQa41ynknvrkLOlQzNp65In0 HTTP/1.1" 200 2
180.76.5.95 - - [16/Mar/2015:00:53:30 -0500] "GET /BLA/resoluciones/AUTOS%202013/0196.pdf HTTP/1.1" 200 3055501
188.165.15.13 - - [16/Mar/2015:00:53:43 -0500] "GET /BLA/resoluciones/RESOLUCIONES%202002/RES%202002%201251-1301/20021288.tif HTTP/1.1" 200 125096
220.181.108.175 - - [16/Mar/2015:00:54:01 -0500] "GET / HTTP/1.1" 302 -
66.249.64.168 - - [16/Mar/2015:00:54:11 -0500] "GET /BLA/resoluciones/AUTOS%202006/AUTOS%202006%20601-700/00000671.tif HTTP/1.1" 200 39934
186.30.107.205 - - [16/Mar/2015:00:55:23 -0500] "POST /forms/lservlet;jsessionid=ac16012b30d61445747ff8df495f8853b82c00061ead.e3iSbxaKaheRe3eNbhaPbhuQa41ynknvrkLOlQzNp65In0 HTTP/1.1" 200 2
188.165.15.13 - - [16/Mar/2015:00:56:03 -0500] "GET /BLA/resoluciones/RESOLUCIONES%202003/RES%202003%20551-600/587.tif HTTP/1.1" 200 577528
180.76.5.64 - - [16/Mar/2015:00:56:17 -0500] "GET /BLA/resoluciones/RESOLUCIONES%202009/9051.pdf HTTP/1.1" 200 496921
186.30.107.205 - - [16/Mar/2015:00:57:23 -0500] "POST /forms/lservlet;jsessionid=ac16012b30d61445747ff8df495f8853b82c00061ead.e3iSbxaKaheRe3eNbhaPbhuQa41ynknvrkLOlQzNp65In0 HTTP/1.1" 200 2
188.165.15.13 - - [16/Mar/2015:00:57:37 -0500] "GET /BLA/resoluciones/RESOLUCIONES%202002/RES%202002%201751-1800/20021778.tif HTTP/1.1" 200 69068
74.86.158.107 - - [16/Mar/2015:00:57:45 -0500] "HEAD / HTTP/1.1" 302 -
180.76.6.145 - - [16/Mar/2015:00:58:15 -0500] "GET /BLA/resoluciones/RESOLUCIONES%202009/8120.pdf HTTP/1.1" 200 566826
188.165.15.13 - - [16/Mar/2015:00:58:37 -0500] "GET /BLA/resoluciones/AUTOS%202006/AUTOS%202006%201201-1300/INDEX.DAT HTTP/1.1" 200 4000
188.165.15.13 - - [16/Mar/2015:00:59:06 -0500] "GET /BLA/resoluciones/RESOLUCIONES%202003/RES%202003%202051-2100/00002087.tif HTTP/1.1" 200 289106
180.76.5.20 - - [16/Mar/2015:00:59:13 -0500] "GET /BLA/resoluciones/AUTOS%202010/5465.pdf HTTP/1.1" 200 161599
186.30.107.205 - - [16/Mar/2015:00:59:24 -0500] "POST /forms/lservlet;jsessionid=ac16012b30d61445747ff8df495f8853b82c00061ead.e3iSbxaKaheRe3eNbhaPbhuQa41ynknvrkLOlQzNp65In0 HTTP/1.1" 200 2
188.165.15.13 - - [16/Mar/2015:00:59:28 -0500] "GET /BLA/resoluciones/RESOLUCIONES%202005/RES%202005%203001-3050/00003007.tif HTTP/1.1" 200 170578
186.154.31.214 - - [16/Mar/2015:00:59:28 -0500] "GET /BLA/boletinlegal/js/jquery.scrollShow.js HTTP/1.1" 200 4586
186.154.31.214 - - [16/Mar/2015:00:59:28 -0500] "GET /BLA/boletinlegal/js/jquery.scrollTo-min.js HTTP/1.1" 200 1150
186.154.31.214 - - [16/Mar/2015:00:59:28 -0500] "GET /galeria/galeria/jquery.fancybox.js?v=2.1.5 HTTP/1.1" 200 48706
186.154.31.214 - - [16/Mar/2015:00:59:28 -0500] "GET /galeria/carrusel/Carrusel/jquery-ui-1.8.13.custom.min.js HTTP/1.1" 200 10800
186.154.31.214 - - [16/Mar/2015:00:59:28 -0500] "GET /galeria/carrusel/Carrusel/jquery.thumbnailScroller.js HTTP/1.1" 200 8157
186.154.31.214 - - [16/Mar/2015:00:59:29 -0500] "GET /galeria/galeria/jquery.fancybox.css?v=2.1.5 HTTP/1.1" 200 4895
186.154.31.214 - - [16/Mar/2015:00:59:29 -0500] "GET /galeria/carrusel/Carrusel/jquery.thumbnailScroller.css HTTP/1.1" 200 2066
186.154.31.214 - - [16/Mar/2015:00:59:32 -0500] "GET /galeria/nivo-slider/demo/demo.html HTTP/1.1" 200 4282
186.154.31.214 - - [16/Mar/2015:00:59:32 -0500] "GET /galeria/nivo-slider/themes/default/default.css HTTP/1.1" 200 1569
186.154.31.214 - - [16/Mar/2015:00:59:32 -0500] "GET /galeria/nivo-slider/themes/pascal/pascal.css HTTP/1.1" 200 2258
186.154.31.214 - - [16/Mar/2015:00:59:32 -0500] "GET /galeria/nivo-slider/themes/orman/orman.css HTTP/1.1" 200 2152
186.154.31.214 - - [16/Mar/2015:00:59:32 -0500] "GET /galeria/nivo-slider/nivo-slider.css HTTP/1.1" 200 1507
186.154.31.214 - - [16/Mar/2015:00:59:32 -0500] "GET /galeria/nivo-slider/demo/style.css HTTP/1.1" 200 2222
186.154.31.214 - - [16/Mar/2015:00:59:32 -0500] "GET /galeria/nivo-slider/demo/images/no-sea-victima.jpg HTTP/1.1" 200 254155
186.154.31.214 - - [16/Mar/2015:00:59:32 -0500] "GET /galeria/nivo-slider/demo/images/Banner-decreto1299.jpg HTTP/1.1" 200 182613
186.154.31.214 - - [16/Mar/2015:00:59:32 -0500] "GET /galeria/nivo-slider/demo/images/Banner-Directorio.jpg HTTP/1.1" 200 182068
186.154.31.214 - - [16/Mar/2015:00:59:32 -0500] "GET /galeria/nivo-slider/demo/images/Conoce-los-humedales.jpg HTTP/1.1" 200 294036
186.154.31.214 - - [16/Mar/2015:00:59:32 -0500] "GET /galeria/nivo-slider/demo/images/Banner_SEGAE.jpg HTTP/1.1" 200 169523
186.154.31.214 - - [16/Mar/2015:00:59:32 -0500] "GET /galeria/nivo-slider/demo/images/banner-V2.jpg HTTP/1.1" 200 167020
186.154.31.214 - - [16/Mar/2015:00:59:32 -0500] "GET /galeria/nivo-slider/demo/images/bolsas-08.jpg HTTP/1.1" 200 85589
186.154.31.214 - - [16/Mar/2015:00:59:33 -0500] "GET /galeria/nivo-slider/demo/images/bolsas-06.jpg HTTP/1.1" 200 90982
186.154.31.214 - - [16/Mar/2015:00:59:33 -0500] "GET /galeria/nivo-slider/demo/images/Ruta-vertimientos-01.jpg HTTP/1.1" 200 130151
188.165.15.13 - - [16/Mar/2015:00:59:34 -0500] "GET /BLA/resoluciones/RESOLUCIONES%202003/RES%202003%20201-250/2003RES243.tif HTTP/1.1" 200 158088
188.165.15.13 - - [16/Mar/2015:00:59:38 -0500] "GET /BLA/resoluciones/RESOLUCIONES%202005/RES%202005%20301-351/00000301.tif HTTP/1.1" 200 127870
186.154.31.214 - - [16/Mar/2015:00:59:32 -0500] "GET /galeria/nivo-slider/demo/images/Tingua-azul.jpg HTTP/1.1" 200 307638
186.154.31.214 - - [16/Mar/2015:00:59:44 -0500] "GET /galeria/nivo-slider/demo/images/4Simple_Slider.png HTTP/1.1" 200 11722
186.154.31.214 - - [16/Mar/2015:00:59:34 -0500] "GET /galeria/nivo-slider/demo/images/porloshumedales.jpg HTTP/1.1" 200 351238
186.154.31.214 - - [16/Mar/2015:00:59:45 -0500] "GET /galeria/nivo-slider/demo/images/banner-caballos.png HTTP/1.1" 200 389106
186.154.31.214 - - [16/Mar/2015:00:59:32 -0500] "GET /galeria/nivo-slider/demo/images/ecolecta-Dic2014.png HTTP/1.1" 200 288593
186.154.31.214 - - [16/Mar/2015:00:59:52 -0500] "GET /galeria/nivo-slider/demo/images/banner-llantas2.jpg HTTP/1.1" 200 73153
186.154.31.214 - - [16/Mar/2015:00:59:37 -0500] "GET /galeria/nivo-slider/demo/images/Banner-Caracol-Africano.jpg HTTP/1.1" 200 331986
186.154.31.214 - - [16/Mar/2015:00:59:33 -0500] "GET /galeria/nivo-slider/demo/images/9Signos.jpg HTTP/1.1" 200 93040
186.154.31.214 - - [16/Mar/2015:00:59:33 -0500] "GET /galeria/nivo-slider/demo/images/redes_sociales.jpg HTTP/1.1" 200 415652
186.154.31.214 - - [16/Mar/2015:00:59:58 -0500] "GET /galeria/nivo-slider/demo/scripts/jquery-1.7.1.min.js HTTP/1.1" 200 93868
186.154.31.214 - - [16/Mar/2015:00:59:58 -0500] "GET /galeria/nivo-slider/jquery.nivo.slider.pack.js HTTP/1.1" 200 11561
186.154.31.214 - - [16/Mar/2015:00:59:44 -0500] "GET /galeria/nivo-slider/themes/default/loading.gif HTTP/1.1" 200 1737
186.154.31.214 - - [16/Mar/2015:01:00:11 -0500] "GET /galeria/nivo-slider/themes/default/arrows.png HTTP/1.1" 200 824
186.154.31.214 - - [16/Mar/2015:01:00:11 -0500] "GET /galeria/nivo-slider/themes/default/bullets.png HTTP/1.1" 200 1281
188.165.15.13 - - [16/Mar/2015:01:00:43 -0500] "GET /BLA/resoluciones/RESOLUCIONES%202002/RES%202002%201151-1200/20021153.tif HTTP/1.1" 200 128880
186.30.107.205 - - [16/Mar/2015:01:01:24 -0500] "POST /forms/lservlet;jsessionid=ac16012b30d61445747ff8df495f8853b82c00061ead.e3iSbxaKaheRe3eNbhaPbhuQa41ynknvrkLOlQzNp65In0 HTTP/1.1" 200 2
180.76.5.76 - - [16/Mar/2015:01:01:47 -0500] "GET /BLA/resoluciones/RESOLUCIONES%202007/RES%202007%201%20AL%20100/RESOLUCION%200008%20DE%202007.pdf HTTP/1.1" 200 25432
181.137.176.91 - - [16/Mar/2015:01:02:15 -0500] "GET /BLA/resoluciones/RESOLUCIONES%202010/4478.pdf HTTP/1.1" 200 421151
181.137.176.91 - - [16/Mar/2015:01:02:15 -0500] "GET /BLA/resoluciones/RESOLUCIONES%202010/4478.pdf HTTP/1.1" 200 421151
201.244.112.123 - - [16/Mar/2015:01:02:26 -0500] "GET /BLA/boletinlegal/js/jquery.scrollTo-min.js HTTP/1.1" 200 1150
201.244.112.123 - - [16/Mar/2015:01:02:26 -0500] "GET /BLA/boletinlegal/js/jquery.scrollShow.js HTTP/1.1" 200 4586
201.244.112.123 - - [16/Mar/2015:01:02:26 -0500] "GET /galeria/galeria/jquery.fancybox.js?v=2.1.5 HTTP/1.1" 200 48706
201.244.112.123 - - [16/Mar/2015:01:02:26 -0500] "GET /galeria/galeria/jquery.fancybox.css?v=2.1.5 HTTP/1.1" 200 4895
74.86.158.107 - - [16/Mar/2015:01:02:45 -0500] "HEAD / HTTP/1.1" 302 -
186.30.107.205 - - [16/Mar/2015:01:03:24 -0500] "POST /forms/lservlet;jsessionid=ac16012b30d61445747ff8df495f8853b82c00061ead.e3iSbxaKaheRe3eNbhaPbhuQa41ynknvrkLOlQzNp65In0 HTTP/1.1" 200 2
180.76.6.57 - - [16/Mar/2015:01:03:45 -0500] "GET /Autoliquidacion/index.php?dir=TR%C1MITES%20MINER%CDA/&sort=size&order=asc HTTP/1.1" 200 2829
188.165.15.13 - - [16/Mar/2015:01:04:02 -0500] "GET /BLA/resoluciones/RESOLUCIONES%202003/RES%202003%20851-900/856.tif HTTP/1.1" 200 189512
188.165.15.13 - - [16/Mar/2015:01:04:19 -0500] "GET /BLA/resoluciones/RESOLUCIONES%202004/RES%202004%202201-2250/00002245.tif HTTP/1.1" 200 85586
188.165.15.13 - - [16/Mar/2015:01:05:16 -0500] "GET /BLA/resoluciones/RESOLUCIONES%202004/RES%202004%201551-1600/00001574.tif HTTP/1.1" 200 229000
186.30.107.205 - - [16/Mar/2015:01:05:24 -0500] "POST /forms/lservlet;jsessionid=ac16012b30d61445747ff8df495f8853b82c00061ead.e3iSbxaKaheRe3eNbhaPbhuQa41ynknvrkLOlQzNp65In0 HTTP/1.1" 200 2
186.80.143.9 - - [16/Mar/2015:01:06:18 -0500] "GET /galeria/galeria/jquery.fancybox.css?v=2.1.5 HTTP/1.1" 200 4895
186.80.143.9 - - [16/Mar/2015:01:06:18 -0500] "GET /BLA/boletinlegal/js/jquery.scrollTo-min.js HTTP/1.1" 200 1150
186.80.143.9 - - [16/Mar/2015:01:06:18 -0500] "GET /galeria/galeria/jquery.fancybox.js?v=2.1.5 HTTP/1.1" 200 48706
186.80.143.9 - - [16/Mar/2015:01:06:18 -0500] "GET /BLA/boletinlegal/js/jquery.scrollShow.js HTTP/1.1" 200 4586
188.165.15.13 - - [16/Mar/2015:01:07:12 -0500] "GET /BLA/resoluciones/RESOLUCIONES%202002/RES%202002%201101-1150/00001133.tif HTTP/1.1" 200 38716
186.30.107.205 - - [16/Mar/2015:01:07:24 -0500] "POST /forms/lservlet;jsessionid=ac16012b30d61445747ff8df495f8853b82c00061ead.e3iSbxaKaheRe3eNbhaPbhuQa41ynknvrkLOlQzNp65In0 HTTP/1.1" 200 2
74.86.158.107 - - [16/Mar/2015:01:07:45 -0500] "HEAD / HTTP/1.1" 302 -
66.249.64.168 - - [16/Mar/2015:01:08:30 -0500] "GET /BLA/resoluciones/RESOLUCIONES%202008/5450.pdf HTTP/1.1" 200 258766
188.165.15.13 - - [16/Mar/2015:01:09:10 -0500] "GET /BLA/resoluciones/RESOLUCIONES%202002/RES%202002%20801-850/00000819.tif HTTP/1.1" 200 379994
186.30.107.205 - - [16/Mar/2015:01:09:24 -0500] "POST /forms/lservlet;jsessionid=ac16012b30d61445747ff8df495f8853b82c00061ead.e3iSbxaKaheRe3eNbhaPbhuQa41ynknvrkLOlQzNp65In0 HTTP/1.1" 200 2
180.76.5.58 - - [16/Mar/2015:01:09:37 -0500] "GET /BLA/resoluciones/RESOLUCIONES%202007/RES%202007%201%20AL%20100/RESOLUCION%200041%20DE%202007.pdf HTTP/1.1" 200 445581
188.165.15.13 - - [16/Mar/2015:01:09:43 -0500] "GET /BLA/resoluciones/RESOLUCIONES%202004/RES%202004%201601-1650/00001642.tif HTTP/1.1" 200 210062
212.118.203.66 - - [16/Mar/2015:01:09:51 -0500] "GET /BLA/resoluciones/RESOLUCIONES%202009/5257.pdf HTTP/1.1" 200 327204
212.118.203.66 - - [16/Mar/2015:01:09:53 -0500] "GET /BLA/resoluciones/RESOLUCIONES%202009/5257.pdf HTTP/1.1" 206 32768
212.118.203.66 - - [16/Mar/2015:01:09:54 -0500] "GET /BLA/resoluciones/RESOLUCIONES%202009/5257.pdf HTTP/1.1" 206 294436
188.165.15.13 - - [16/Mar/2015:01:09:54 -0500] "GET /BLA/resoluciones/RESOLUCIONES%202006/RES%202006%201401-1450/00001432.tif HTTP/1.1" 200 458344
212.118.203.66 - - [16/Mar/2015:01:09:56 -0500] "GET /favicon.ico HTTP/1.1" 200 7782
188.165.15.13 - - [16/Mar/2015:01:10:11 -0500] "GET /BLA/resoluciones/RESOLUCIONES%202006/RES%202006%201751-1800/00001765.tif HTTP/1.1" 200 242072
199.30.25.24 - - [16/Mar/2015:01:10:16 -0500] "GET /videos/galeria-fotografica/index9.html? HTTP/1.1" 200 1971
199.30.25.24 - - [16/Mar/2015:01:10:16 -0500] "GET /videos/galeria-fotografica/js/jquery-flickr-gallery/jquery-flickr.css HTTP/1.1" 200 711
199.30.25.24 - - [16/Mar/2015:01:10:17 -0500] "GET /videos/galeria-fotografica/js/jquery-flickr-gallery/jquery-flickr-gallery.js HTTP/1.1" 200 9050
188.165.15.13 - - [16/Mar/2015:01:10:32 -0500] "GET /BLA/resoluciones/index.php?dir=RESOLUCIONES%202004/RES%202004%201401-1450/&sort=name&order=desc HTTP/1.1" 200 12370
180.76.5.25 - - [16/Mar/2015:01:10:36 -0500] "GET /BLA/resoluciones/RESOLUCIONES%202009/9028.pdf HTTP/1.1" 200 345314
220.181.108.166 - - [16/Mar/2015:01:10:49 -0500] "GET /BLA/boletinlegal/js/jquery.scrollTo-min.js HTTP/1.1" 200 1150
220.181.108.170 - - [16/Mar/2015:01:10:51 -0500] "GET /BLA/boletinlegal/js/jquery.scrollShow.js HTTP/1.1" 200 4586
186.30.107.205 - - [16/Mar/2015:01:11:24 -0500] "POST /forms/lservlet;jsessionid=ac16012b30d61445747ff8df495f8853b82c00061ead.e3iSbxaKaheRe3eNbhaPbhuQa41ynknvrkLOlQzNp65In0 HTTP/1.1" 200 2
180.76.6.42 - - [16/Mar/2015:01:11:35 -0500] "GET /BLA/resoluciones/RESOLUCIONES%202007/RES%202007%202201%20AL%202300/RESOLUCION%202208%20DE%202007.pdf HTTP/1.1" 200 444830
66.249.64.164 - - [16/Mar/2015:01:11:59 -0500] "GET /BLA/resoluciones/RESOLUCIONES%202005/RES%202005%20701-750/00000734.tif HTTP/1.1" 200 57342
188.165.15.13 - - [16/Mar/2015:01:12:07 -0500] "GET /BLA/resoluciones/RESOLUCIONES%202006/RES%202006%201101-1150/00001143.tif HTTP/1.1" 200 77804
74.86.158.107 - - [16/Mar/2015:01:12:45 -0500] "HEAD / HTTP/1.1" 302 -
190.159.10.130 - - [16/Mar/2015:01:13:09 -0500] "GET /BLA/boletinlegal/js/jquery.scrollTo-min.js HTTP/1.1" 200 1150
190.159.10.130 - - [16/Mar/2015:01:13:09 -0500] "GET /BLA/boletinlegal/js/jquery.scrollShow.js HTTP/1.1" 200 4586
190.159.10.130 - - [16/Mar/2015:01:13:09 -0500] "GET /galeria/galeria/jquery.fancybox.js?v=2.1.5 HTTP/1.1" 200 48706
190.159.10.130 - - [16/Mar/2015:01:13:09 -0500] "GET /galeria/galeria/jquery.fancybox.css?v=2.1.5 HTTP/1.1" 200 4895
186.30.107.205 - - [16/Mar/2015:01:13:24 -0500] "POST /forms/lservlet;jsessionid=ac16012b30d61445747ff8df495f8853b82c00061ead.e3iSbxaKaheRe3eNbhaPbhuQa41ynknvrkLOlQzNp65In0 HTTP/1.1" 200 2
188.165.15.13 - - [16/Mar/2015:01:13:25 -0500] "GET /BLA/resoluciones/RESOLUCIONES%202003/RES%202003%201301-1350/20031320.tif HTTP/1.1" 200 88300
188.165.15.13 - - [16/Mar/2015:01:13:42 -0500] "GET /BLA/resoluciones/RESOLUCIONES%202006/RES%202006%201701-1751/00001723.tif HTTP/1.1" 200 164658
188.165.15.13 - - [16/Mar/2015:01:15:08 -0500] "GET /BLA/resoluciones/RESOLUCIONES%202003/RES%202003%20051-100/2003RES72.tif HTTP/1.1" 200 189224
186.30.107.205 - - [16/Mar/2015:01:15:24 -0500] "POST /forms/lservlet;jsessionid=ac16012b30d61445747ff8df495f8853b82c00061ead.e3iSbxaKaheRe3eNbhaPbhuQa41ynknvrkLOlQzNp65In0 HTTP/1.1" 200 2
201.234.75.11 - - [16/Mar/2015:01:15:37 -0500] "GET /StormSDA/stormWeb/presentacion.html HTTP/1.1" 304 -
188.165.15.13 - - [16/Mar/2015:01:16:08 -0500] "GET /BLA/resoluciones/RESOLUCIONES%202004/RES%202004%20651-700/00000654.tif HTTP/1.1" 200 259316
188.165.15.13 - - [16/Mar/2015:01:17:04 -0500] "GET /BLA/resoluciones/RESOLUCIONES%202002/RES%202002%201751-1800/20021785.tif HTTP/1.1" 200 57304
188.165.15.13 - - [16/Mar/2015:01:17:23 -0500] "GET /BLA/resoluciones/RESOLUCIONES%202006/RES%202006%201251-1300/00001296.tif HTTP/1.1" 200 131536
186.30.107.205 - - [16/Mar/2015:01:17:24 -0500] "POST /forms/lservlet;jsessionid=ac16012b30d61445747ff8df495f8853b82c00061ead.e3iSbxaKaheRe3eNbhaPbhuQa41ynknvrkLOlQzNp65In0 HTTP/1.1" 200 2
74.86.158.107 - - [16/Mar/2015:01:17:45 -0500] "HEAD / HTTP/1.1" 302 -
188.165.15.13 - - [16/Mar/2015:01:18:17 -0500] "GET /BLA/resoluciones/RESOLUCIONES%202003/RES%202003%201801-1850/20031836.tif HTTP/1.1" 200 83250
186.30.107.205 - - [16/Mar/2015:01:19:24 -0500] "POST /forms/lservlet;jsessionid=ac16012b30d61445747ff8df495f8853b82c00061ead.e3iSbxaKaheRe3eNbhaPbhuQa41ynknvrkLOlQzNp65In0 HTTP/1.1" 200 2
188.165.15.13 - - [16/Mar/2015:01:20:49 -0500] "GET /BLA/resoluciones/RESOLUCIONES%202003/RES%202003%201801-1850/20031830.tif HTTP/1.1" 200 110920
188.165.15.13 - - [16/Mar/2015:01:20:51 -0500] "GET /BLA/resoluciones/RESOLUCIONES%202004/RES%202004%201751-1800/00001776.tif HTTP/1.1" 200 140408
186.30.107.205 - - [16/Mar/2015:01:21:25 -0500] "POST /forms/lservlet;jsessionid=ac16012b30d61445747ff8df495f8853b82c00061ead.e3iSbxaKaheRe3eNbhaPbhuQa41ynknvrkLOlQzNp65In0 HTTP/1.1" 200 2
186.80.36.98 - - [16/Mar/2015:01:21:42 -0500] "GET /galeria/carrusel/Carrusel/jquery.thumbnailScroller.css HTTP/1.1" 200 2066
186.80.36.98 - - [16/Mar/2015:01:21:42 -0500] "GET /galeria/carrusel/Carrusel/jquery-ui-1.8.13.custom.min.js HTTP/1.1" 200 10800
186.80.36.98 - - [16/Mar/2015:01:21:42 -0500] "GET /galeria/carrusel/Carrusel/jquery.thumbnailScroller.js HTTP/1.1" 200 8157
186.80.36.98 - - [16/Mar/2015:01:21:42 -0500] "GET /galeria/nivo-slider/demo/demo.html HTTP/1.1" 200 4282
186.80.36.98 - - [16/Mar/2015:01:21:42 -0500] "GET /galeria/nivo-slider/themes/pascal/pascal.css HTTP/1.1" 200 2258
186.80.36.98 - - [16/Mar/2015:01:21:42 -0500] "GET /galeria/nivo-slider/themes/orman/orman.css HTTP/1.1" 200 2152
186.80.36.98 - - [16/Mar/2015:01:21:42 -0500] "GET /galeria/nivo-slider/themes/default/default.css HTTP/1.1" 200 1569
186.80.36.98 - - [16/Mar/2015:01:21:42 -0500] "GET /galeria/nivo-slider/nivo-slider.css HTTP/1.1" 200 1507
186.80.36.98 - - [16/Mar/2015:01:21:42 -0500] "GET /galeria/nivo-slider/demo/style.css HTTP/1.1" 200 2222
186.80.36.98 - - [16/Mar/2015:01:21:42 -0500] "GET /galeria/nivo-slider/jquery.nivo.slider.pack.js HTTP/1.1" 200 11561
186.80.36.98 - - [16/Mar/2015:01:21:42 -0500] "GET /galeria/nivo-slider/demo/scripts/jquery-1.7.1.min.js HTTP/1.1" 200 93868
186.80.36.98 - - [16/Mar/2015:01:21:43 -0500] "GET /galeria/nivo-slider/demo/images/no-sea-victima.jpg HTTP/1.1" 200 254155
186.80.36.98 - - [16/Mar/2015:01:21:43 -0500] "GET /galeria/nivo-slider/demo/images/Banner-decreto1299.jpg HTTP/1.1" 200 182613
186.80.36.98 - - [16/Mar/2015:01:21:43 -0500] "GET /galeria/nivo-slider/demo/images/Banner-Directorio.jpg HTTP/1.1" 200 182068
186.80.36.98 - - [16/Mar/2015:01:21:43 -0500] "GET /galeria/nivo-slider/demo/images/4Simple_Slider.png HTTP/1.1" 200 11722
186.80.36.98 - - [16/Mar/2015:01:21:43 -0500] "GET /galeria/nivo-slider/themes/default/loading.gif HTTP/1.1" 200 1737
186.80.36.98 - - [16/Mar/2015:01:21:43 -0500] "GET /galeria/nivo-slider/demo/images/Conoce-los-humedales.jpg HTTP/1.1" 200 294036
186.80.36.98 - - [16/Mar/2015:01:21:43 -0500] "GET /galeria/nivo-slider/demo/images/Banner_SEGAE.jpg HTTP/1.1" 200 169523
186.80.36.98 - - [16/Mar/2015:01:21:43 -0500] "GET /galeria/nivo-slider/demo/images/bolsas-08.jpg HTTP/1.1" 200 85589
186.80.36.98 - - [16/Mar/2015:01:21:43 -0500] "GET /galeria/nivo-slider/demo/images/banner-V2.jpg HTTP/1.1" 200 167020
186.80.36.98 - - [16/Mar/2015:01:21:44 -0500] "GET /galeria/nivo-slider/demo/images/Ruta-vertimientos-01.jpg HTTP/1.1" 200 130151
186.80.36.98 - - [16/Mar/2015:01:21:44 -0500] "GET /galeria/nivo-slider/demo/images/bolsas-06.jpg HTTP/1.1" 200 90982
186.80.36.98 - - [16/Mar/2015:01:21:44 -0500] "GET /galeria/nivo-slider/demo/images/ecolecta-Dic2014.png HTTP/1.1" 200 288593
186.80.36.98 - - [16/Mar/2015:01:21:45 -0500] "GET /galeria/nivo-slider/demo/images/porloshumedales.jpg HTTP/1.1" 200 351238
186.80.36.98 - - [16/Mar/2015:01:21:45 -0500] "GET /galeria/nivo-slider/demo/images/Tingua-azul.jpg HTTP/1.1" 200 307638
186.80.36.98 - - [16/Mar/2015:01:21:45 -0500] "GET /galeria/nivo-slider/demo/images/Banner-Caracol-Africano.jpg HTTP/1.1" 200 331986
186.80.36.98 - - [16/Mar/2015:01:21:45 -0500] "GET /galeria/nivo-slider/demo/images/redes_sociales.jpg HTTP/1.1" 200 415652
186.80.36.98 - - [16/Mar/2015:01:21:45 -0500] "GET /galeria/nivo-slider/demo/images/9Signos.jpg HTTP/1.1" 200 93040
186.80.36.98 - - [16/Mar/2015:01:21:46 -0500] "GET /galeria/nivo-slider/demo/images/banner-llantas2.jpg HTTP/1.1" 200 73153
186.80.36.98 - - [16/Mar/2015:01:21:46 -0500] "GET /galeria/nivo-slider/demo/images/banner-caballos.png HTTP/1.1" 200 389106
186.80.36.98 - - [16/Mar/2015:01:21:46 -0500] "GET /videos/Humedal_Comunidad.flv HTTP/1.1" 200 81021584
186.80.36.98 - - [16/Mar/2015:01:21:48 -0500] "GET /galeria/nivo-slider/themes/default/bullets.png HTTP/1.1" 200 1281
186.80.36.98 - - [16/Mar/2015:01:21:49 -0500] "GET /galeria/nivo-slider/themes/default/arrows.png HTTP/1.1" 200 824
74.86.158.107 - - [16/Mar/2015:01:22:45 -0500] "HEAD / HTTP/1.1" 302 -
66.249.64.164 - - [16/Mar/2015:01:22:59 -0500] "GET /BLA/resoluciones/AUTOS%202006/AUTOS%202006%20601-700/00000658.tif HTTP/1.1" 200 104300
186.113.10.143 - - [16/Mar/2015:01:23:04 -0500] "GET /galeria/nivo-slider/demo/images/Banner-Ecourbanismo.jpg HTTP/1.1" 304 -
220.181.108.140 - - [16/Mar/2015:01:23:16 -0500] "GET /BLA/resoluciones/RESOLUCIONES%202010/6202.pdf HTTP/1.1" 200 3229809
186.84.66.13 - - [16/Mar/2015:01:23:20 -0500] "GET /BLA/boletinlegal/js/jquery.scrollTo-min.js HTTP/1.1" 200 1150
186.84.66.13 - - [16/Mar/2015:01:23:20 -0500] "GET /BLA/boletinlegal/js/jquery.scrollShow.js HTTP/1.1" 200 4586
186.84.66.13 - - [16/Mar/2015:01:23:20 -0500] "GET /galeria/galeria/jquery.fancybox.js?v=2.1.5 HTTP/1.1" 200 48706
186.84.66.13 - - [16/Mar/2015:01:23:20 -0500] "GET /galeria/galeria/jquery.fancybox.css?v=2.1.5 HTTP/1.1" 200 4895
186.84.66.13 - - [16/Mar/2015:01:23:20 -0500] "GET /galeria/carrusel/Carrusel/jquery.thumbnailScroller.css HTTP/1.1" 200 2066
186.84.66.13 - - [16/Mar/2015:01:23:20 -0500] "GET /galeria/carrusel/Carrusel/jquery-ui-1.8.13.custom.min.js HTTP/1.1" 200 10800
186.84.66.13 - - [16/Mar/2015:01:23:21 -0500] "GET /galeria/carrusel/Carrusel/jquery.thumbnailScroller.js HTTP/1.1" 200 8157
186.30.107.205 - - [16/Mar/2015:01:23:25 -0500] "POST /forms/lservlet;jsessionid=ac16012b30d61445747ff8df495f8853b82c00061ead.e3iSbxaKaheRe3eNbhaPbhuQa41ynknvrkLOlQzNp65In0 HTTP/1.1" 200 2
186.84.66.13 - - [16/Mar/2015:01:23:26 -0500] "GET /galeria/nivo-slider/demo/demo.html HTTP/1.1" 200 4282
186.84.66.13 - - [16/Mar/2015:01:23:26 -0500] "GET /galeria/nivo-slider/themes/default/default.css HTTP/1.1" 200 1569
186.84.66.13 - - [16/Mar/2015:01:23:26 -0500] "GET /galeria/nivo-slider/themes/orman/orman.css HTTP/1.1" 200 2152
186.84.66.13 - - [16/Mar/2015:01:23:26 -0500] "GET /galeria/nivo-slider/themes/pascal/pascal.css HTTP/1.1" 200 2258
186.84.66.13 - - [16/Mar/2015:01:23:26 -0500] "GET /galeria/nivo-slider/nivo-slider.css HTTP/1.1" 200 1507
186.84.66.13 - - [16/Mar/2015:01:23:26 -0500] "GET /galeria/nivo-slider/demo/style.css HTTP/1.1" 200 2222
186.84.66.13 - - [16/Mar/2015:01:23:26 -0500] "GET /galeria/nivo-slider/demo/scripts/jquery-1.7.1.min.js HTTP/1.1" 200 93868
186.84.66.13 - - [16/Mar/2015:01:23:26 -0500] "GET /galeria/nivo-slider/jquery.nivo.slider.pack.js HTTP/1.1" 200 11561
186.84.66.13 - - [16/Mar/2015:01:23:26 -0500] "GET /galeria/nivo-slider/demo/images/no-sea-victima.jpg HTTP/1.1" 200 254155
186.84.66.13 - - [16/Mar/2015:01:23:26 -0500] "GET /galeria/nivo-slider/demo/images/Banner-decreto1299.jpg HTTP/1.1" 200 182613
186.84.66.13 - - [16/Mar/2015:01:23:26 -0500] "GET /galeria/nivo-slider/demo/images/Banner-Directorio.jpg HTTP/1.1" 200 182068
186.84.66.13 - - [16/Mar/2015:01:23:26 -0500] "GET /galeria/nivo-slider/demo/images/Conoce-los-humedales.jpg HTTP/1.1" 200 294036
186.84.66.13 - - [16/Mar/2015:01:23:28 -0500] "GET /galeria/nivo-slider/demo/images/Banner_SEGAE.jpg HTTP/1.1" 200 169523
186.84.66.13 - - [16/Mar/2015:01:23:28 -0500] "GET /galeria/nivo-slider/demo/images/banner-V2.jpg HTTP/1.1" 200 167020
186.84.66.13 - - [16/Mar/2015:01:23:28 -0500] "GET /galeria/nivo-slider/demo/images/bolsas-08.jpg HTTP/1.1" 200 85589
186.84.66.13 - - [16/Mar/2015:01:23:29 -0500] "GET /galeria/nivo-slider/demo/images/Ruta-vertimientos-01.jpg HTTP/1.1" 200 130151
186.84.66.13 - - [16/Mar/2015:01:23:29 -0500] "GET /galeria/nivo-slider/demo/images/bolsas-06.jpg HTTP/1.1" 200 90982
186.84.66.13 - - [16/Mar/2015:01:23:29 -0500] "GET /galeria/nivo-slider/demo/images/ecolecta-Dic2014.png HTTP/1.1" 200 288593
186.84.66.13 - - [16/Mar/2015:01:23:29 -0500] "GET /galeria/nivo-slider/demo/images/porloshumedales.jpg HTTP/1.1" 200 351238
186.84.66.13 - - [16/Mar/2015:01:23:29 -0500] "GET /galeria/nivo-slider/demo/images/Tingua-azul.jpg HTTP/1.1" 200 307638
186.84.66.13 - - [16/Mar/2015:01:23:30 -0500] "GET /galeria/nivo-slider/demo/images/Banner-Caracol-Africano.jpg HTTP/1.1" 200 331986
186.84.66.13 - - [16/Mar/2015:01:23:30 -0500] "GET /galeria/nivo-slider/demo/images/4Simple_Slider.png HTTP/1.1" 200 11722
186.84.66.13 - - [16/Mar/2015:01:23:30 -0500] "GET /galeria/nivo-slider/themes/default/loading.gif HTTP/1.1" 200 1737
186.84.66.13 - - [16/Mar/2015:01:23:30 -0500] "GET /galeria/nivo-slider/demo/images/redes_sociales.jpg HTTP/1.1" 200 415652
186.84.66.13 - - [16/Mar/2015:01:23:30 -0500] "GET /galeria/nivo-slider/demo/images/9Signos.jpg HTTP/1.1" 200 93040
186.84.66.13 - - [16/Mar/2015:01:23:30 -0500] "GET /galeria/nivo-slider/demo/images/banner-llantas2.jpg HTTP/1.1" 200 73153
186.84.66.13 - - [16/Mar/2015:01:23:31 -0500] "GET /galeria/nivo-slider/demo/images/banner-caballos.png HTTP/1.1" 200 389106
186.84.66.13 - - [16/Mar/2015:01:23:34 -0500] "GET /galeria/nivo-slider/themes/default/bullets.png HTTP/1.1" 200 1281
186.84.66.13 - - [16/Mar/2015:01:23:34 -0500] "GET /galeria/nivo-slider/themes/default/arrows.png HTTP/1.1" 200 824
186.84.66.13 - - [16/Mar/2015:01:23:35 -0500] "GET /videos/Humedal_Comunidad.flv HTTP/1.1" 200 81021584
186.84.66.13 - - [16/Mar/2015:01:24:13 -0500] "GET /videos/Humedal_Comunidad.flv HTTP/1.1" 206 1
66.249.64.168 - - [16/Mar/2015:01:24:15 -0500] "GET /BLA/resoluciones/AUTOS%202008/2661.pdf HTTP/1.1" 200 65144
186.84.66.13 - - [16/Mar/2015:01:24:15 -0500] "GET /videos/Humedal_Comunidad.flv HTTP/1.1" 206 66096283
186.84.66.13 - - [16/Mar/2015:01:24:27 -0500] "GET /videos/Humedal_Comunidad.flv HTTP/1.1" 206 1
186.84.66.13 - - [16/Mar/2015:01:24:27 -0500] "GET /videos/Humedal_Comunidad.flv HTTP/1.1" 206 64711084
186.80.71.74 - - [16/Mar/2015:01:25:22 -0500] "GET /BLA/resoluciones/AUTOS%202013/1049.pdf HTTP/1.1" 200 1614771
186.30.107.205 - - [16/Mar/2015:01:25:25 -0500] "POST /forms/lservlet;jsessionid=ac16012b30d61445747ff8df495f8853b82c00061ead.e3iSbxaKaheRe3eNbhaPbhuQa41ynknvrkLOlQzNp65In0 HTTP/1.1" 200 2
186.84.66.13 - - [16/Mar/2015:01:25:26 -0500] "GET /catalogoisis/ HTTP/1.1" 200 8575
186.84.66.13 - - [16/Mar/2015:01:25:26 -0500] "GET /catalogoisis/Css/Busqueda.css HTTP/1.1" 200 1995
186.84.66.13 - - [16/Mar/2015:01:25:26 -0500] "GET /catalogoisis/Js/AceptarLimpiar.js HTTP/1.1" 200 331
186.84.66.13 - - [16/Mar/2015:01:25:26 -0500] "GET /catalogoisis/Js/CriterioCombinada.js HTTP/1.1" 200 1843
186.84.66.13 - - [16/Mar/2015:01:25:26 -0500] "GET /catalogoisis/Js/Remote.js HTTP/1.1" 200 436
186.84.66.13 - - [16/Mar/2015:01:25:26 -0500] "GET /catalogoisis/Js/Cookies.js HTTP/1.1" 200 1369
186.84.66.13 - - [16/Mar/2015:01:25:26 -0500] "GET /catalogoisis/Js/LimpiarCombinada.js HTTP/1.1" 200 207
186.84.66.13 - - [16/Mar/2015:01:25:26 -0500] "GET /catalogoisis/Js/Go.js HTTP/1.1" 200 364
186.84.66.13 - - [16/Mar/2015:01:25:26 -0500] "GET /catalogoisis/Js/Numero.js HTTP/1.1" 200 398
186.84.66.13 - - [16/Mar/2015:01:25:26 -0500] "GET /catalogoisis/Js/Enter.js HTTP/1.1" 200 1208
186.84.66.13 - - [16/Mar/2015:01:25:26 -0500] "GET /catalogoisis/imagenes/br1c1.gif HTTP/1.1" 200 172
186.84.66.13 - - [16/Mar/2015:01:25:26 -0500] "GET /catalogoisis/imagenes/Turnbo1.gif HTTP/1.1" 200 227
186.84.66.13 - - [16/Mar/2015:01:25:26 -0500] "GET /catalogoisis/imagenes/br1c3.gif HTTP/1.1" 200 302
186.84.66.13 - - [16/Mar/2015:01:25:26 -0500] "GET /catalogoisis/imagenes/limpiar1.gif HTTP/1.1" 200 606
186.84.66.13 - - [16/Mar/2015:01:25:26 -0500] "GET /catalogoisis/imagenes/aceptar1.gif HTTP/1.1" 200 604
186.84.66.13 - - [16/Mar/2015:01:25:26 -0500] "GET /catalogoisis/imagenes/br3c1.gif HTTP/1.1" 200 177
186.84.66.13 - - [16/Mar/2015:01:25:26 -0500] "GET /catalogoisis/imagenes/Header.gif HTTP/1.1" 200 14509
