188.165.15.13 - - [17/Mar/2015:02:35:50 -0500] "GET /BLA/resoluciones/RESOLUCIONES%202006/RES%202006%201301-1350/00001311.tif HTTP/1.1" 200 180844
188.165.15.13 - - [17/Mar/2015:02:36:10 -0500] "GET /BLA/resoluciones/RESOLUCIONES%202005/RES%202005%202301-2350/00002340.tif HTTP/1.1" 200 141978
66.249.73.171 - - [17/Mar/2015:02:36:19 -0500] "GET /BLA/resoluciones/AUTOS%202006/AUTOS%202006%201-100/00000018.tif HTTP/1.1" 304 -
188.165.15.13 - - [17/Mar/2015:02:36:33 -0500] "GET /BLA/resoluciones/index.php?dir=RESOLUCIONES+2007%2FRES+2007+4301+AL+4352%2F HTTP/1.1" 200 14905
180.76.6.136 - - [17/Mar/2015:02:36:37 -0500] "GET /BLA/resoluciones/RESOLUCIONES%202009/2128.pdf HTTP/1.1" 200 539412
74.86.158.107 - - [17/Mar/2015:02:36:50 -0500] "HEAD / HTTP/1.1" 302 -
188.165.15.13 - - [17/Mar/2015:02:37:11 -0500] "GET /BLA/resoluciones/RESOLUCIONES%202006/RES%202006%201751-1800/00001796.tif HTTP/1.1" 200 50630
66.249.73.171 - - [17/Mar/2015:02:37:32 -0500] "GET /BLA/resoluciones/RESOLUCIONES%202009/3545.pdf HTTP/1.1" 200 635915
66.249.73.171 - - [17/Mar/2015:02:37:59 -0500] "GET /BLA/resoluciones/AUTOS%202006/AUTOS%202006%201-100/00000073.tif HTTP/1.1" 304 -
180.76.5.155 - - [17/Mar/2015:02:39:22 -0500] "GET /BLA/resoluciones/RESOLUCIONES%202012/1451.pdf HTTP/1.1" 200 347529
66.249.73.155 - - [17/Mar/2015:02:39:27 -0500] "GET /BLA/resoluciones/RESOLUCIONES%202005/RES%202005%20951-1000/00000955.tif HTTP/1.1" 200 128984
181.130.235.235 - - [17/Mar/2015:02:39:32 -0500] "GET /galeria/galeria/jquery.fancybox.css?v=2.1.5 HTTP/1.1" 200 4895
181.130.235.235 - - [17/Mar/2015:02:39:32 -0500] "GET /BLA/boletinlegal/js/jquery.scrollTo-min.js HTTP/1.1" 200 1150
181.130.235.235 - - [17/Mar/2015:02:39:32 -0500] "GET /galeria/galeria/jquery.fancybox.js?v=2.1.5 HTTP/1.1" 200 48706
181.130.235.235 - - [17/Mar/2015:02:39:32 -0500] "GET /BLA/boletinlegal/js/jquery.scrollShow.js HTTP/1.1" 200 4586
181.58.84.185 - - [17/Mar/2015:02:39:34 -0500] "GET /BLA/resoluciones/RESOLUCIONES%202007/RES%202007%201301%20AL%201400/RESOLUCION%201400%20DE%202007.pdf HTTP/1.1" 200 222492
66.249.73.155 - - [17/Mar/2015:02:39:39 -0500] "GET /BLA/resoluciones/AUTOS%202006/AUTOS%202006%201-100/00000059.tif HTTP/1.1" 304 -
66.249.73.163 - - [17/Mar/2015:02:39:43 -0500] "GET /BLA/resoluciones/Autos%202008/1768.pdf HTTP/1.1" 200 195529
66.249.73.155 - - [17/Mar/2015:02:40:38 -0500] "GET /BLA/resoluciones/RESOLUCIONES%202008/5398.pdf HTTP/1.1" 200 212037
192.99.111.97 - - [17/Mar/2015:02:40:52 -0500] "GET /webdav/x32.php?act=phptools&host=192.99.226.12&time=120&port=80 HTTP/1.1" 404 1018
188.165.15.13 - - [17/Mar/2015:02:40:59 -0500] "GET /BLA/resoluciones/RESOLUCIONES%202004/RES%202004%201551-1600/00001555.tif HTTP/1.1" 200 136406
66.249.73.171 - - [17/Mar/2015:02:41:18 -0500] "GET /BLA/resoluciones/AUTOS%202006/AUTOS%202006%201-100/00000086.tif HTTP/1.1" 304 -
180.76.6.37 - - [17/Mar/2015:02:41:19 -0500] "GET /BLA/resoluciones/RESOLUCIONES%202009/2835.pdf HTTP/1.1" 200 720023
74.86.158.107 - - [17/Mar/2015:02:41:50 -0500] "HEAD / HTTP/1.1" 302 -
66.249.73.171 - - [17/Mar/2015:02:42:07 -0500] "GET /BLA/resoluciones/AUTOS%202006/AUTOS%202006%201901%20-%202000/00001967.tif HTTP/1.1" 200 57250
66.249.73.163 - - [17/Mar/2015:02:42:58 -0500] "GET /BLA/resoluciones/AUTOS%202006/AUTOS%202006%201-100/00000050.tif HTTP/1.1" 304 -
180.76.5.192 - - [17/Mar/2015:02:43:44 -0500] "GET /BLA/resoluciones/RESOLUCIONES%202009/1325.pdf HTTP/1.1" 200 437658
66.249.73.163 - - [17/Mar/2015:02:43:44 -0500] "GET /BLA/resoluciones/RESOLUCIONES%202010/4412.pdf HTTP/1.1" 200 457829
157.55.39.119 - - [17/Mar/2015:02:43:59 -0500] "GET /Autoliquidacion/index.php?dir=TR%C1MITES+AGUAS+SUBTERR%C1NEAS%2F HTTP/1.1" 200 3670
181.54.126.159 - - [17/Mar/2015:02:44:05 -0500] "GET /galeria/galeria/jquery.fancybox.js?v=2.1.5 HTTP/1.1" 200 48706
181.54.126.159 - - [17/Mar/2015:02:44:05 -0500] "GET /BLA/boletinlegal/js/jquery.scrollTo-min.js HTTP/1.1" 200 1150
181.54.126.159 - - [17/Mar/2015:02:44:05 -0500] "GET /BLA/boletinlegal/js/jquery.scrollShow.js HTTP/1.1" 200 4586
181.54.126.159 - - [17/Mar/2015:02:44:05 -0500] "GET /galeria/galeria/jquery.fancybox.css?v=2.1.5 HTTP/1.1" 200 4895
157.55.39.119 - - [17/Mar/2015:02:44:19 -0500] "GET /Autoliquidacion/dlf/dirup.png HTTP/1.1" 200 644
66.249.73.163 - - [17/Mar/2015:02:44:38 -0500] "GET /BLA/resoluciones/AUTOS%202006/AUTOS%202006%201-100/00000053.tif HTTP/1.1" 304 -
181.58.84.185 - - [17/Mar/2015:02:45:39 -0500] "GET /BLA/resoluciones/RESOLUCIONES%202007/RES%202007%201301%20AL%201400/RESOLUCION%201400%20DE%202007.pdf HTTP/1.1" 200 222492
157.55.39.87 - - [17/Mar/2015:02:46:15 -0500] "GET /Autoliquidacion/dlf/doc.gif HTTP/1.1" 200 1079
157.55.39.87 - - [17/Mar/2015:02:46:15 -0500] "GET /Autoliquidacion/dlf/html.gif HTTP/1.1" 200 632
157.55.39.87 - - [17/Mar/2015:02:46:16 -0500] "GET /Autoliquidacion/dlf/styles.css HTTP/1.1" 200 3045
66.249.73.171 - - [17/Mar/2015:02:46:18 -0500] "GET /BLA/resoluciones/AUTOS%202006/AUTOS%202006%201-100/00000008.tif HTTP/1.1" 304 -
74.86.158.107 - - [17/Mar/2015:02:46:50 -0500] "HEAD / HTTP/1.1" 302 -
66.249.73.163 - - [17/Mar/2015:02:46:51 -0500] "GET /BLA/resoluciones/RESOLUCIONES%202010/5334.pdf HTTP/1.1" 200 519786
192.99.111.97 - - [17/Mar/2015:02:47:07 -0500] "GET /webdav/x32.php?act=phptools&host=192.99.226.12&time=120&port=80 HTTP/1.1" 404 1018
188.165.15.13 - - [17/Mar/2015:02:47:32 -0500] "GET /BLA/resoluciones/RESOLUCIONES%202003/RES%202003%20451-500/463.tif HTTP/1.1" 200 182000
66.249.73.163 - - [17/Mar/2015:02:47:57 -0500] "GET /BLA/resoluciones/AUTOS%202006/AUTOS%202006%201701%20-%201800/00001749.tif HTTP/1.1" 304 -
188.165.15.13 - - [17/Mar/2015:02:48:06 -0500] "GET /BLA/resoluciones/RESOLUCIONES%202005/RES%202005%203101-3150/00003142.tif HTTP/1.1" 200 232596
66.249.73.163 - - [17/Mar/2015:02:48:20 -0500] "GET /BLA/resoluciones/AUTOS%202008/0670.pdf HTTP/1.1" 304 -
188.165.15.13 - - [17/Mar/2015:02:48:46 -0500] "GET /BLA/resoluciones/RESOLUCIONES%202005/RES%202005%202801-2850/00002850.tif HTTP/1.1" 200 57602
66.249.73.155 - - [17/Mar/2015:02:49:37 -0500] "GET /BLA/resoluciones/AUTOS%202006/AUTOS%202006%203301%20-%203418/00003360.tif HTTP/1.1" 304 -
188.165.15.13 - - [17/Mar/2015:02:49:48 -0500] "GET /BLA/resoluciones/RESOLUCIONES%202006/RES%202006%201151-1200/00001183.tif HTTP/1.1" 200 160140
188.165.15.13 - - [17/Mar/2015:02:50:47 -0500] "GET /BLA/resoluciones/RESOLUCIONES%202006/RES%202006%201-50/00000008.tif HTTP/1.1" 200 39126
188.165.15.13 - - [17/Mar/2015:02:50:55 -0500] "GET /BLA/resoluciones/RESOLUCIONES%202003/RES%202003%20351-400/353.tif HTTP/1.1" 200 166532
66.249.73.163 - - [17/Mar/2015:02:51:17 -0500] "GET /BLA/resoluciones/AUTOS%202006/AUTOS%202006%203301%20-%203418/00003310.tif HTTP/1.1" 304 -
188.165.15.13 - - [17/Mar/2015:02:51:48 -0500] "GET /BLA/resoluciones/RESOLUCIONES%202006/RES%202006%201651-1700/00001680.tif HTTP/1.1" 200 43378
74.86.158.107 - - [17/Mar/2015:02:51:50 -0500] "HEAD / HTTP/1.1" 302 -
66.249.73.163 - - [17/Mar/2015:02:52:06 -0500] "GET /BLA/resoluciones/AUTOS%202006/AUTOS%202006%202601%20-%202700/00002625.tif HTTP/1.1" 200 47750
66.249.73.171 - - [17/Mar/2015:02:52:56 -0500] "GET /BLA/resoluciones/AUTOS%202006/AUTOS%202006%201701%20-%201800/00001738.tif HTTP/1.1" 304 -
188.165.15.13 - - [17/Mar/2015:02:53:05 -0500] "GET /BLA/resoluciones/AUTOS%202006/AUTOS%202006%20201-300/00000261.tif HTTP/1.1" 200 93400
188.165.15.13 - - [17/Mar/2015:02:53:26 -0500] "GET /BLA/resoluciones/RESOLUCIONES%202005/RES%202005%202051-2100/00002083.tif HTTP/1.1" 200 181528
137.183.232.27 - - [17/Mar/2015:02:54:01 -0500] "GET /galeria/galeria/jquery.fancybox.css?v=2.1.5 HTTP/1.1" 304 -
66.249.73.155 - - [17/Mar/2015:02:54:36 -0500] "GET /BLA/resoluciones/AUTOS%202006/AUTOS%202006%203301%20-%203418/00003375.tif HTTP/1.1" 304 -
66.249.65.196 - - [17/Mar/2015:02:56:09 -0500] "GET /BLA/boletinlegal/Circulares/2014/Circular%2008%20de%20Mayo%20de%202014.pdf HTTP/1.1" 404 1019
188.165.15.13 - - [17/Mar/2015:02:56:10 -0500] "GET /BLA/resoluciones/AUTOS%202006/AUTOS%202006%20401-500/00000438.tif HTTP/1.1" 200 41910
66.249.73.163 - - [17/Mar/2015:02:56:16 -0500] "GET /BLA/resoluciones/AUTOS%202006/AUTOS%202006%203301%20-%203418/00003371.tif HTTP/1.1" 304 -
74.86.158.107 - - [17/Mar/2015:02:56:50 -0500] "HEAD / HTTP/1.1" 302 -
66.249.73.171 - - [17/Mar/2015:02:57:56 -0500] "GET /BLA/resoluciones/AUTOS%202006/AUTOS%202006%201701%20-%201800/00001779.tif HTTP/1.1" 304 -
66.249.73.163 - - [17/Mar/2015:02:58:54 -0500] "GET /BLA/resoluciones/RESOLUCIONES%202010/7521.pdf HTTP/1.1" 200 68256
66.249.73.163 - - [17/Mar/2015:02:59:09 -0500] "GET /BLA/resoluciones/RESOLUCIONES%202010/7524.pdf HTTP/1.1" 200 219340
66.249.73.155 - - [17/Mar/2015:02:59:15 -0500] "GET /resoluciones/RESOLUCIONES%202009/7934.pdf HTTP/1.1" 404 1018
66.249.73.171 - - [17/Mar/2015:02:59:35 -0500] "GET /BLA/resoluciones/AUTOS%202006/AUTOS%202006%201701%20-%201800/00001782.tif HTTP/1.1" 304 -
66.249.73.155 - - [17/Mar/2015:03:00:17 -0500] "GET /BLA/resoluciones/RESOLUCIONES%202011/6011.pdf HTTP/1.1" 200 1243638
66.249.73.163 - - [17/Mar/2015:03:00:32 -0500] "GET /BLA/resoluciones/RESOLUCIONES%202011/0571.pdf HTTP/1.1" 200 662268
66.249.73.155 - - [17/Mar/2015:03:01:15 -0500] "GET /BLA/resoluciones/AUTOS%202006/AUTOS%202006%203301%20-%203418/00003389.tif HTTP/1.1" 304 -
66.249.73.155 - - [17/Mar/2015:03:01:48 -0500] "GET /BLA/resoluciones/RESOLUCIONES%202007/RES%202007%202001%20AL%202100/RESOLUCION%202068%20DE%202007.pdf HTTP/1.1" 200 51634
74.86.158.107 - - [17/Mar/2015:03:01:50 -0500] "HEAD / HTTP/1.1" 302 -
66.249.73.155 - - [17/Mar/2015:03:02:05 -0500] "GET /BLA/resoluciones/Autos%202008/0119.pdf HTTP/1.1" 200 89690
66.249.65.188 - - [17/Mar/2015:03:02:22 -0500] "GET /videos/galeria-cronicas/skin/pink.flag/ HTTP/1.1" 200 1747
66.249.73.171 - - [17/Mar/2015:03:02:47 -0500] "GET /BLA/resoluciones/AUTOS%202006/AUTOS%202006%201-100/00000074.tif HTTP/1.1" 304 -
66.249.73.155 - - [17/Mar/2015:03:02:54 -0500] "GET /BLA/resoluciones/AUTOS%202006/AUTOS%202006%201001-1100/00001091.tif HTTP/1.1" 304 -
66.249.73.155 - - [17/Mar/2015:03:02:54 -0500] "GET /BLA/resoluciones/AUTOS%202006/AUTOS%202006%203201%20-%203300/00003287.tif HTTP/1.1" 200 265668
188.165.15.13 - - [17/Mar/2015:03:03:43 -0500] "GET /BLA/resoluciones/RESOLUCIONES%202003/RES%202003%20151-200/2003RES151.tif HTTP/1.1" 200 145100
180.76.5.171 - - [17/Mar/2015:03:04:23 -0500] "GET /BLA/resoluciones/RESOLUCIONES%202007/RES%202007%203301%20AL%203400/RESOLUCION%203312%20DE%202007.pdf HTTP/1.1" 200 3029388
66.249.73.163 - - [17/Mar/2015:03:04:34 -0500] "GET /BLA/resoluciones/AUTOS%202006/AUTOS%202006%201-100/00000072.tif HTTP/1.1" 304 -
66.249.73.171 - - [17/Mar/2015:03:05:28 -0500] "GET /BLA/resoluciones/RESOLUCIONES%202009/1407.pdf HTTP/1.1" 200 351313
66.249.73.155 - - [17/Mar/2015:03:06:14 -0500] "GET /BLA/resoluciones/AUTOS%202006/AUTOS%202006%201001-1100/00001023.tif HTTP/1.1" 304 -
180.76.5.17 - - [17/Mar/2015:03:06:20 -0500] "GET /BLA/resoluciones/AUTOS%202011/0489.pdf HTTP/1.1" 200 376421
74.86.158.107 - - [17/Mar/2015:03:06:50 -0500] "HEAD / HTTP/1.1" 302 -
66.249.73.155 - - [17/Mar/2015:03:07:54 -0500] "GET /BLA/resoluciones/AUTOS%202006/AUTOS%202006%201701%20-%201800/00001718.tif HTTP/1.1" 304 -
188.165.15.13 - - [17/Mar/2015:03:08:08 -0500] "GET /BLA/resoluciones/index.php?dir=RESOLUCIONES%202005/RES%202005%20151-200/&sort=date&order=asc HTTP/1.1" 200 12230
66.249.73.163 - - [17/Mar/2015:03:08:11 -0500] "GET /BLA/resoluciones/RESOLUCIONES%202005/RES%202005%20951-1000/00000996.tif HTTP/1.1" 200 160346
180.76.6.37 - - [17/Mar/2015:03:08:17 -0500] "GET /BLA/resoluciones/AUTOS%202013/1103.pdf HTTP/1.1" 200 1710497
66.249.65.192 - - [17/Mar/2015:03:08:34 -0500] "GET /BLA/boletinlegal/jurisprudencia/analisis/CUADRO%20ANALISIS%20SENTENCIA%20C-554%20DE%202007.doc HTTP/1.1" 304 -
123.125.71.75 - - [17/Mar/2015:03:08:45 -0500] "GET / HTTP/1.1" 302 -
188.165.15.13 - - [17/Mar/2015:03:08:52 -0500] "GET /BLA/resoluciones/RESOLUCIONES%202005/RES%202005%202701%20-2750/00002750.tif HTTP/1.1" 200 131436
66.249.73.163 - - [17/Mar/2015:03:09:21 -0500] "GET /resoluciones/RESOLUCIONES%202008/2937.pdf HTTP/1.1" 404 1018
66.249.73.171 - - [17/Mar/2015:03:09:34 -0500] "GET /BLA/resoluciones/AUTOS%202006/AUTOS%202006%201701%20-%201800/00001742.tif HTTP/1.1" 304 -
66.249.73.155 - - [17/Mar/2015:03:09:36 -0500] "GET /BLA/resoluciones/AUTOS%202007/0321.pdf HTTP/1.1" 200 49164
180.76.6.43 - - [17/Mar/2015:03:10:15 -0500] "GET /BLA/resoluciones/index.php?dir=AUTOS%202011/&sort=size&order=asc HTTP/1.1" 200 546120
66.249.73.163 - - [17/Mar/2015:03:11:13 -0500] "GET /BLA/resoluciones/AUTOS%202006/AUTOS%202006%203301%20-%203418/00003381.tif HTTP/1.1" 304 -
66.249.73.155 - - [17/Mar/2015:03:11:37 -0500] "GET /BLA/resoluciones/AUTOS%202008/0392.pdf HTTP/1.1" 200 96553
74.86.158.107 - - [17/Mar/2015:03:11:50 -0500] "HEAD / HTTP/1.1" 302 -
66.249.73.155 - - [17/Mar/2015:03:11:53 -0500] "GET /BLA/resoluciones/RESOLUCIONES%202007/RES%202007%201801%20AL%201900/RESOLUCION%201835%20DE%202007.pdf HTTP/1.1" 200 63452
66.249.73.155 - - [17/Mar/2015:03:12:02 -0500] "GET /BLA/resoluciones/RESOLUCIONES%202010/6976.pdf HTTP/1.1" 200 353818
66.249.73.171 - - [17/Mar/2015:03:12:09 -0500] "GET /BLA/resoluciones/AUTOS%202007/0360.pdf HTTP/1.1" 200 190417
188.165.15.13 - - [17/Mar/2015:03:12:12 -0500] "GET /BLA/resoluciones/RESOLUCIONES%202006/RES%202006%20251-300/00000264.tif HTTP/1.1" 200 234908
66.249.73.171 - - [17/Mar/2015:03:12:18 -0500] "GET /BLA/resoluciones/RESOLUCIONES%202010/0263.pdf HTTP/1.1" 200 517309
66.249.73.155 - - [17/Mar/2015:03:12:53 -0500] "GET /BLA/resoluciones/AUTOS%202006/AUTOS%202006%203201%20-%203300/00003224.tif HTTP/1.1" 200 35506
66.249.73.171 - - [17/Mar/2015:03:12:53 -0500] "GET /BLA/resoluciones/AUTOS%202006/AUTOS%202006%201001-1100/00001046.tif HTTP/1.1" 304 -
220.181.108.156 - - [17/Mar/2015:03:12:58 -0500] "GET / HTTP/1.1" 302 -
180.76.6.231 - - [17/Mar/2015:03:14:25 -0500] "GET /BLA/resoluciones/RESOLUCIONES%202008/1608.pdf HTTP/1.1" 200 280017
66.249.73.171 - - [17/Mar/2015:03:14:33 -0500] "GET /BLA/resoluciones/AUTOS%202006/AUTOS%202006%203301%20-%203418/00003392.tif HTTP/1.1" 304 -
66.249.73.155 - - [17/Mar/2015:03:14:59 -0500] "GET /BLA/resoluciones/Autos%202008/2092.pdf HTTP/1.1" 200 149182
188.165.15.13 - - [17/Mar/2015:03:15:13 -0500] "GET /BLA/resoluciones/RESOLUCIONES%202004/RES%202004%20301-350/00000309.tif HTTP/1.1" 200 454860
180.76.6.41 - - [17/Mar/2015:03:15:24 -0500] "GET /BLA/resoluciones/AUTOS%202011/0225.pdf HTTP/1.1" 200 148403
66.249.73.155 - - [17/Mar/2015:03:16:13 -0500] "GET /BLA/resoluciones/AUTOS%202006/AUTOS%202006%201701%20-%201800/00001709.tif HTTP/1.1" 304 -
66.249.65.196 - - [17/Mar/2015:03:16:27 -0500] "GET /MANUALFUNC/Administrativa%20y%20Financiera/425-27%20Secretario%20Ejecutivo.pdf HTTP/1.1" 404 1019
74.86.158.107 - - [17/Mar/2015:03:16:50 -0500] "HEAD / HTTP/1.1" 302 -
190.158.217.30 - - [17/Mar/2015:03:17:24 -0500] "GET /BLA/resoluciones/AUTOS%202012/1250.pdf HTTP/1.1" 200 395842
190.158.217.30 - - [17/Mar/2015:03:17:25 -0500] "GET /BLA/resoluciones/AUTOS%202012/1250.pdf HTTP/1.1" 206 65536
190.158.217.30 - - [17/Mar/2015:03:17:25 -0500] "GET /BLA/resoluciones/AUTOS%202012/1250.pdf HTTP/1.1" 206 2626
190.158.217.30 - - [17/Mar/2015:03:17:25 -0500] "GET /BLA/resoluciones/AUTOS%202012/1250.pdf HTTP/1.1" 206 65536
190.158.217.30 - - [17/Mar/2015:03:17:25 -0500] "GET /BLA/resoluciones/AUTOS%202012/1250.pdf HTTP/1.1" 206 65536
190.158.217.30 - - [17/Mar/2015:03:17:25 -0500] "GET /favicon.ico HTTP/1.1" 200 7782
66.249.73.163 - - [17/Mar/2015:03:17:41 -0500] "GET /BLA/resoluciones/RESOLUCIONES%202007/RES%202007%201801%20AL%201900/RESOLUCION%201896%20DE%202007.pdf HTTP/1.1" 200 855596
66.249.73.155 - - [17/Mar/2015:03:17:52 -0500] "GET /BLA/resoluciones/AUTOS%202006/AUTOS%202006%201-100/00000026.tif HTTP/1.1" 304 -
68.180.229.40 - - [17/Mar/2015:03:18:31 -0500] "GET /BLA/boletinlegal/Circulares/2012/Circular%20No.%2010%20del%2026%20de%20Enero%20de%202012.pdf HTTP/1.1" 404 1018
188.165.15.13 - - [17/Mar/2015:03:18:39 -0500] "GET /BLA/resoluciones/RESOLUCIONES%202005/RES%202005%203001-3050/00003042.tif HTTP/1.1" 200 313310
66.249.73.155 - - [17/Mar/2015:03:19:16 -0500] "GET /BLA/resoluciones/RESOLUCIONES%202010/0433.pdf HTTP/1.1" 304 -
66.249.73.171 - - [17/Mar/2015:03:19:21 -0500] "GET /BLA/resoluciones/RESOLUCIONES%202008/2950.pdf HTTP/1.1" 200 200413
66.249.73.155 - - [17/Mar/2015:03:19:32 -0500] "GET /BLA/resoluciones/AUTOS%202006/AUTOS%202006%201-100/00000044.tif HTTP/1.1" 304 -
216.239.45.85 - - [17/Mar/2015:03:19:35 -0500] "GET /galeria/carrusel/Carrusel/jquery.thumbnailScroller.css HTTP/1.1" 200 2066
216.239.45.85 - - [17/Mar/2015:03:19:35 -0500] "GET /galeria/galeria/jquery.fancybox.css?v=2.1.5 HTTP/1.1" 200 4895
216.239.45.85 - - [17/Mar/2015:03:19:35 -0500] "GET /BLA/boletinlegal/js/jquery.scrollTo-min.js HTTP/1.1" 200 1150
216.239.45.85 - - [17/Mar/2015:03:19:35 -0500] "GET /galeria/carrusel/Carrusel/jquery-ui-1.8.13.custom.min.js HTTP/1.1" 200 10800
216.239.45.85 - - [17/Mar/2015:03:19:35 -0500] "GET /BLA/boletinlegal/js/jquery.scrollShow.js HTTP/1.1" 200 4586
216.239.45.85 - - [17/Mar/2015:03:19:35 -0500] "GET /galeria/galeria/jquery.fancybox.js?v=2.1.5 HTTP/1.1" 200 48706
216.239.45.85 - - [17/Mar/2015:03:19:37 -0500] "GET /galeria/carrusel/Carrusel/jquery.thumbnailScroller.js HTTP/1.1" 200 8157
194.55.63.135 - - [17/Mar/2015:03:19:43 -0500] "GET /BLA/resoluciones/AUTOS%202011/5951.pdf HTTP/1.1" 200 167717
66.249.73.171 - - [17/Mar/2015:03:20:31 -0500] "GET /BLA/resoluciones/AUTOS%202013/0219.pdf HTTP/1.1" 304 -
66.249.73.155 - - [17/Mar/2015:03:20:47 -0500] "GET /BLA/resoluciones/RESOLUCIONES%202011/4566.pdf HTTP/1.1" 200 640310
181.130.0.186 - - [17/Mar/2015:03:20:55 -0500] "GET /galeria/galeria/jquery.fancybox.css?v=2.1.5 HTTP/1.1" 200 4895
181.130.0.186 - - [17/Mar/2015:03:20:55 -0500] "GET /BLA/boletinlegal/js/jquery.scrollTo-min.js HTTP/1.1" 200 1150
181.130.0.186 - - [17/Mar/2015:03:20:55 -0500] "GET /BLA/boletinlegal/js/jquery.scrollShow.js HTTP/1.1" 200 4586
181.130.0.186 - - [17/Mar/2015:03:20:55 -0500] "GET /galeria/galeria/jquery.fancybox.js?v=2.1.5 HTTP/1.1" 200 48706
181.130.0.186 - - [17/Mar/2015:03:20:58 -0500] "GET /hidrico/aguas%20subterraneas/ HTTP/1.1" 404 1296
66.249.73.155 - - [17/Mar/2015:03:21:12 -0500] "GET /BLA/resoluciones/AUTOS%202006/AUTOS%202006%201701%20-%201800/00001731.tif HTTP/1.1" 304 -
66.249.73.163 - - [17/Mar/2015:03:21:28 -0500] "GET /BLA/resoluciones/AUTOS%202007/1451.pdf HTTP/1.1" 200 43141
66.249.73.171 - - [17/Mar/2015:03:21:36 -0500] "GET /resoluciones/RESOLUCIONES%25202009/1050.pdf HTTP/1.1" 404 1018
66.249.73.163 - - [17/Mar/2015:03:21:43 -0500] "GET /BLA/resoluciones/AUTOS%202007/2376.pdf HTTP/1.1" 200 84330
74.86.158.107 - - [17/Mar/2015:03:21:50 -0500] "HEAD / HTTP/1.1" 302 -
180.76.6.231 - - [17/Mar/2015:03:22:13 -0500] "GET /BLA/resoluciones/AUTOS%202009/0926.pdf HTTP/1.1" 200 122120
180.76.5.150 - - [17/Mar/2015:03:22:31 -0500] "GET /BLA/boletinlegal/Circulares/2013/Circular%20No.%204%20del%2005%20de%20junio%20de%202013.pdf HTTP/1.1" 200 130461
66.249.73.163 - - [17/Mar/2015:03:22:51 -0500] "GET /BLA/resoluciones/AUTOS%202006/AUTOS%202006%201701%20-%201800/00001769.tif HTTP/1.1" 304 -
188.165.15.13 - - [17/Mar/2015:03:23:10 -0500] "GET /BLA/resoluciones/RESOLUCIONES%202002/RES%202002%20551-600/00000590.tif HTTP/1.1" 200 43896
180.76.5.19 - - [17/Mar/2015:03:23:12 -0500] "GET /BLA/resoluciones/index.php?dir=RESOLUCIONES+2007%2FRES+2007+3501+AL+3600%2F HTTP/1.1" 200 26836
66.249.73.171 - - [17/Mar/2015:03:23:40 -0500] "GET /BLA/resoluciones/AUTOS%202006/AUTOS%202006%201901%20-%202000/00001933.tif HTTP/1.1" 200 54936
66.249.73.171 - - [17/Mar/2015:03:23:54 -0500] "GET /BLA/resoluciones/RESOLUCIONES%202012/1391.pdf HTTP/1.1" 304 -
192.99.111.97 - - [17/Mar/2015:03:24:29 -0500] "GET /webdav/x32.php?act=phptools&host=192.99.111.138&time=120&port=80 HTTP/1.1" 404 1018
66.249.73.171 - - [17/Mar/2015:03:24:31 -0500] "GET /BLA/resoluciones/AUTOS%202006/AUTOS%202006%201701%20-%201800/00001777.tif HTTP/1.1" 304 -
190.157.134.231 - - [17/Mar/2015:03:24:54 -0500] "GET /galeria/galeria/jquery.fancybox.js?v=2.1.5 HTTP/1.1" 200 48706
190.157.134.231 - - [17/Mar/2015:03:24:54 -0500] "GET /galeria/galeria/jquery.fancybox.css?v=2.1.5 HTTP/1.1" 200 4895
66.249.73.171 - - [17/Mar/2015:03:25:02 -0500] "GET /BLA/resoluciones/RESOLUCIONES%202007/RES%202007%203901%20AL%204000/RESOLUCION%204000%20DE%202007.pdf HTTP/1.1" 200 152164
180.76.6.21 - - [17/Mar/2015:03:25:09 -0500] "GET /BLA/resoluciones/RESOLUCIONES%202007/RES%202007%203301%20AL%203400/RESOLUCION%203339%20DE%202007.pdf HTTP/1.1" 200 575691
190.157.134.231 - - [17/Mar/2015:03:25:33 -0500] "GET /galeria/galeria/jquery.fancybox.js?v=2.1.5 HTTP/1.1" 304 -
190.157.134.231 - - [17/Mar/2015:03:25:33 -0500] "GET /galeria/galeria/jquery.fancybox.css?v=2.1.5 HTTP/1.1" 304 -
66.249.73.163 - - [17/Mar/2015:03:26:03 -0500] "GET /BLA/resoluciones/Autos%202008/0885.pdf HTTP/1.1" 200 118461
180.76.5.65 - - [17/Mar/2015:03:26:08 -0500] "GET /BLA/resoluciones/AUTOS%202010/6686.pdf HTTP/1.1" 200 191382
190.157.134.231 - - [17/Mar/2015:03:26:10 -0500] "GET /galeria/galeria/jquery.fancybox.js?v=2.1.5 HTTP/1.1" 304 -
190.157.134.231 - - [17/Mar/2015:03:26:10 -0500] "GET /galeria/galeria/jquery.fancybox.css?v=2.1.5 HTTP/1.1" 304 -
66.249.73.163 - - [17/Mar/2015:03:26:11 -0500] "GET /BLA/resoluciones/AUTOS%202006/AUTOS%202006%201-100/00000045.tif HTTP/1.1" 304 -
66.249.65.188 - - [17/Mar/2015:03:26:40 -0500] "GET / HTTP/1.1" 302 -
74.86.158.107 - - [17/Mar/2015:03:26:50 -0500] "HEAD / HTTP/1.1" 302 -
66.249.73.163 - - [17/Mar/2015:03:27:00 -0500] "GET /BLA/resoluciones/RESOLUCIONES%202007/RES%202007%20701%20AL%20800/RESOLUCION%200792%20DE%202007.pdf HTTP/1.1" 304 -
66.249.73.163 - - [17/Mar/2015:03:27:51 -0500] "GET /BLA/resoluciones/AUTOS%202006/AUTOS%202006%201701%20-%201800/00001755.tif HTTP/1.1" 304 -
188.165.15.13 - - [17/Mar/2015:03:27:52 -0500] "GET /BLA/resoluciones/index.php?dir=RESOLUCIONES%202005/RES%202005%2051-100/&sort=name&order=desc HTTP/1.1" 200 12191
188.165.15.13 - - [17/Mar/2015:03:28:45 -0500] "GET /BLA/resoluciones/RESOLUCIONES%202003/RES%202003%20051-100/2003RES65.tif HTTP/1.1" 200 197860
220.181.108.153 - - [17/Mar/2015:03:29:05 -0500] "GET /BLA/resoluciones/RESOLUCIONES%202010/6421.pdf HTTP/1.1" 200 3040206
66.249.73.171 - - [17/Mar/2015:03:29:12 -0500] "GET /BLA/resoluciones/RESOLUCIONES%202007/RES%202007%201501%20AL%201600/RESOLUCION%201508%20DE%202007.pdf HTTP/1.1" 200 340254
66.249.73.155 - - [17/Mar/2015:03:29:30 -0500] "GET /BLA/resoluciones/AUTOS%202006/AUTOS%202006%201701%20-%201800/00001761.tif HTTP/1.1" 304 -
66.249.73.163 - - [17/Mar/2015:03:30:03 -0500] "GET /BLA/resoluciones/RESOLUCIONES%202009/7850.pdf HTTP/1.1" 200 692634
192.99.111.97 - - [17/Mar/2015:03:30:50 -0500] "GET /webdav/x32.php?act=phptools&host=192.99.111.138&time=120&port=80 HTTP/1.1" 404 1018
188.165.15.13 - - [17/Mar/2015:03:30:54 -0500] "GET /BLA/resoluciones/index.php?dir=RESOLUCIONES%202006/RES%202006%202601-2650/&sort=size&order=asc HTTP/1.1" 200 11939
66.249.73.163 - - [17/Mar/2015:03:30:58 -0500] "GET /BLA/resoluciones/RESOLUCIONES%202010/7698.pdf HTTP/1.1" 200 239091
66.249.73.155 - - [17/Mar/2015:03:31:10 -0500] "GET /BLA/resoluciones/AUTOS%202006/AUTOS%202006%201-100/00000024.tif HTTP/1.1" 304 -
188.165.15.13 - - [17/Mar/2015:03:31:32 -0500] "GET /BLA/resoluciones/RESOLUCIONES%202006/RES%202006%20301-350/00000342.tif HTTP/1.1" 200 209316
74.86.158.107 - - [17/Mar/2015:03:31:50 -0500] "HEAD / HTTP/1.1" 302 -
180.76.5.151 - - [17/Mar/2015:03:32:22 -0500] "GET /BLA/resoluciones/AUTOS%202010/6600.pdf HTTP/1.1" 200 151757
188.165.15.13 - - [17/Mar/2015:03:32:23 -0500] "GET /BLA/resoluciones/RESOLUCIONES%202006/RES%202006%20%202901-2950/00002928.tif HTTP/1.1" 200 144070
181.232.107.240 - - [17/Mar/2015:03:32:42 -0500] "GET /BLA/boletinlegal/js/jquery.scrollTo-min.js HTTP/1.1" 200 1150
181.232.107.240 - - [17/Mar/2015:03:32:42 -0500] "GET /galeria/galeria/jquery.fancybox.css?v=2.1.5 HTTP/1.1" 200 4895
181.232.107.240 - - [17/Mar/2015:03:32:42 -0500] "GET /galeria/galeria/jquery.fancybox.js?v=2.1.5 HTTP/1.1" 200 48706
181.232.107.240 - - [17/Mar/2015:03:32:42 -0500] "GET /BLA/boletinlegal/js/jquery.scrollShow.js HTTP/1.1" 200 4586
66.249.73.163 - - [17/Mar/2015:03:32:49 -0500] "GET /BLA/resoluciones/AUTOS%202006/AUTOS%202006%203301%20-%203418/00003395.tif HTTP/1.1" 304 -
190.250.14.119 - - [17/Mar/2015:03:32:59 -0500] "GET /galeria/galeria/jquery.fancybox.css?v=2.1.5 HTTP/1.1" 200 4895
190.250.14.119 - - [17/Mar/2015:03:32:59 -0500] "GET /BLA/boletinlegal/js/jquery.scrollTo-min.js HTTP/1.1" 200 1150
190.250.14.119 - - [17/Mar/2015:03:32:59 -0500] "GET /BLA/boletinlegal/js/jquery.scrollShow.js HTTP/1.1" 200 4586
190.250.14.119 - - [17/Mar/2015:03:32:59 -0500] "GET /galeria/galeria/jquery.fancybox.js?v=2.1.5 HTTP/1.1" 200 48706
66.249.65.196 - - [17/Mar/2015:03:33:06 -0500] "GET /BLA/boletinlegal/index.php HTTP/1.1" 200 46024
66.249.73.155 - - [17/Mar/2015:03:34:01 -0500] "GET /BLA/resoluciones/RESOLUCIONES%202005/RES%202005%20951-1000/00000957.tif HTTP/1.1" 200 123730
188.165.15.13 - - [17/Mar/2015:03:34:02 -0500] "GET /BLA/resoluciones/RESOLUCIONES%202006/RES%202006%202151-2200/00002188.tif HTTP/1.1" 200 144410
66.249.73.171 - - [17/Mar/2015:03:34:30 -0500] "GET /BLA/resoluciones/AUTOS%202006/AUTOS%202006%201001-1100/00001094.tif HTTP/1.1" 304 -
66.249.73.163 - - [17/Mar/2015:03:34:30 -0500] "GET /BLA/resoluciones/AUTOS%202006/AUTOS%202006%201901%20-%202000/00001998.tif HTTP/1.1" 200 58374
180.76.5.177 - - [17/Mar/2015:03:35:17 -0500] "GET /BLA/resoluciones/AUTOS%202012/1735.pdf HTTP/1.1" 200 600755
157.55.39.137 - - [17/Mar/2015:03:35:38 -0500] "GET /Autoliquidacion/dlf/folder.png HTTP/1.1" 200 410
66.249.65.196 - - [17/Mar/2015:03:35:18 -0500] "GET /BLA/boletinlegal/index.php HTTP/1.1" 200 46024
66.249.73.171 - - [17/Mar/2015:03:36:09 -0500] "GET /BLA/resoluciones/AUTOS%202006/AUTOS%202006%201001-1100/00001047.tif HTTP/1.1" 304 -
74.86.158.107 - - [17/Mar/2015:03:36:50 -0500] "HEAD / HTTP/1.1" 302 -
180.76.5.143 - - [17/Mar/2015:03:37:11 -0500] "GET /BLA/resoluciones/RESOLUCIONES%202011/1610.pdf HTTP/1.1" 200 77567
66.249.73.163 - - [17/Mar/2015:03:37:49 -0500] "GET /BLA/resoluciones/AUTOS%202006/AUTOS%202006%201701%20-%201800/00001786.tif HTTP/1.1" 304 -
188.165.15.13 - - [17/Mar/2015:03:38:02 -0500] "GET /BLA/resoluciones/AUTOS%202006/AUTOS%202006%201401%20-%201500/00001428.tif HTTP/1.1" 200 57114
66.249.73.171 - - [17/Mar/2015:03:38:14 -0500] "GET /BLA/resoluciones/AUTOS%202007/0455.pdf HTTP/1.1" 200 35467
66.249.73.163 - - [17/Mar/2015:03:39:29 -0500] "GET /BLA/resoluciones/AUTOS%202006/AUTOS%202006%203301%20-%203418/00003342.tif HTTP/1.1" 304 -
186.30.120.46 - - [17/Mar/2015:03:39:34 -0500] "GET /galeria/galeria/jquery.fancybox.css?v=2.1.5 HTTP/1.1" 200 4895
186.30.120.46 - - [17/Mar/2015:03:39:34 -0500] "GET /BLA/boletinlegal/js/jquery.scrollTo-min.js HTTP/1.1" 200 1150
186.30.120.46 - - [17/Mar/2015:03:39:34 -0500] "GET /BLA/boletinlegal/js/jquery.scrollShow.js HTTP/1.1" 200 4586
186.30.120.46 - - [17/Mar/2015:03:39:34 -0500] "GET /galeria/galeria/jquery.fancybox.js?v=2.1.5 HTTP/1.1" 200 48706
66.249.73.155 - - [17/Mar/2015:03:39:36 -0500] "GET /BLA/resoluciones/RESOLUCIONES%202007/RES%202007%204001%20AL%204100/RESOLUCION%204038%20DE%202007.pdf HTTP/1.1" 200 314975
188.165.15.13 - - [17/Mar/2015:03:39:54 -0500] "GET /BLA/resoluciones/RESOLUCIONES%202004/RES%202004%201801-1850/00001808.tif HTTP/1.1" 200 194148
66.249.73.163 - - [17/Mar/2015:03:40:52 -0500] "GET /BLA/resoluciones/RESOLUCIONES%202010/6979.pdf HTTP/1.1" 200 408758
66.249.65.188 - - [17/Mar/2015:03:40:54 -0500] "GET /dama/libreria/pdf/intreg/AVANCES%20SIRAP%20META.pdf HTTP/1.1" 404 1019
66.249.73.155 - - [17/Mar/2015:03:41:08 -0500] "GET /BLA/resoluciones/AUTOS%202006/AUTOS%202006%201-100/00000078.tif HTTP/1.1" 304 -
66.249.73.171 - - [17/Mar/2015:03:41:36 -0500] "GET /BLA/resoluciones/RESOLUCIONES%202007/RES%202007%20401%20AL%20500/RESOLUCION%200420%20DE%202007.pdf HTTP/1.1" 200 402348
74.86.158.107 - - [17/Mar/2015:03:41:50 -0500] "HEAD / HTTP/1.1" 302 -
66.249.73.163 - - [17/Mar/2015:03:42:22 -0500] "GET /BLA/resoluciones/AUTOS%202014/2221.pdf HTTP/1.1" 200 2497559
66.249.73.163 - - [17/Mar/2015:03:42:48 -0500] "GET /BLA/resoluciones/AUTOS%202006/AUTOS%202006%201001-1100/00001020.tif HTTP/1.1" 304 -
180.76.5.71 - - [17/Mar/2015:03:42:53 -0500] "GET /BLA/resoluciones/RESOLUCIONES%202011/0505.pdf HTTP/1.1" 200 89815
66.249.65.192 - - [17/Mar/2015:03:43:08 -0500] "GET /portalsiaccapacitaciones/Soportes%20Capacitaciones%20A%C3%B1o%202013/0044.%20Presentaci%C3%B3n%20Socializaci%C3%B3n%20Gesti%C3%B3n%20del%20Riesgo%20-%20PIRE%2003-10-2013.pdf HTTP/1.1" 304 -
188.165.15.13 - - [17/Mar/2015:03:43:12 -0500] "GET /BLA/resoluciones/index.php?dir=RESOLUCIONES%202003/RES%202003%20701-750/&sort=date&order=asc HTTP/1.1" 200 11298
188.165.15.13 - - [17/Mar/2015:03:44:26 -0500] "GET /BLA/resoluciones/RESOLUCIONES%202005/RES%202005%20601-650/00000647.tif HTTP/1.1" 200 205506
66.249.73.155 - - [17/Mar/2015:03:44:28 -0500] "GET /BLA/resoluciones/AUTOS%202006/AUTOS%202006%201001-1100/00001012.tif HTTP/1.1" 304 -
66.249.73.155 - - [17/Mar/2015:03:44:28 -0500] "GET /BLA/resoluciones/AUTOS%202006/AUTOS%202006%201501%20-%201600/00001589.tif HTTP/1.1" 200 78990
188.165.15.13 - - [17/Mar/2015:03:44:44 -0500] "GET /BLA/resoluciones/RESOLUCIONES%202006/RES%202006%202751-2800/00002773.tif HTTP/1.1" 200 71562
189.191.139.173 - - [17/Mar/2015:03:45:02 -0500] "GET /galeria/galeria/jquery.fancybox.css?v=2.1.5 HTTP/1.1" 200 4895
189.191.139.173 - - [17/Mar/2015:03:45:02 -0500] "GET /BLA/boletinlegal/js/jquery.scrollTo-min.js HTTP/1.1" 200 1150
189.191.139.173 - - [17/Mar/2015:03:45:02 -0500] "GET /galeria/galeria/jquery.fancybox.js?v=2.1.5 HTTP/1.1" 200 48706
189.191.139.173 - - [17/Mar/2015:03:45:02 -0500] "GET /BLA/boletinlegal/js/jquery.scrollShow.js HTTP/1.1" 200 4586
199.30.25.238 - - [17/Mar/2015:03:45:13 -0500] "GET /Autoliquidacion/dlf/bg.gif HTTP/1.1" 200 54
66.249.73.171 - - [17/Mar/2015:03:45:28 -0500] "GET /BLA/resoluciones/RESOLUCIONES%202009/6340.pdf HTTP/1.1" 304 -
66.249.73.171 - - [17/Mar/2015:03:46:08 -0500] "GET /BLA/resoluciones/AUTOS%202006/AUTOS%202006%203301%20-%203418/00003374.tif HTTP/1.1" 304 -
74.86.158.107 - - [17/Mar/2015:03:46:50 -0500] "HEAD / HTTP/1.1" 302 -
66.249.73.155 - - [17/Mar/2015:03:47:01 -0500] "GET /BLA/resoluciones/RESOLUCIONES%202010/7040.pdf HTTP/1.1" 200 2221509
66.249.73.171 - - [17/Mar/2015:03:47:18 -0500] "GET /BLA/resoluciones/RESOLUCIONES%202010/3602.pdf HTTP/1.1" 200 504125
66.249.73.171 - - [17/Mar/2015:03:47:47 -0500] "GET /BLA/resoluciones/AUTOS%202006/AUTOS%202006%201701%20-%201800/00001725.tif HTTP/1.1" 304 -
128.61.240.66 - - [17/Mar/2015:03:48:07 -0500] "GET / HTTP/1.0" 302 -
66.249.73.163 - - [17/Mar/2015:03:48:34 -0500] "GET /BLA/resoluciones/RESOLUCIONES%202007/RES%202007%203001%20AL%203100/RESOLUCION%203041%20DE%202007.pdf HTTP/1.1" 200 1699244
66.249.73.155 - - [17/Mar/2015:03:48:38 -0500] "GET /BLA/resoluciones/Autos%202008/1831.pdf HTTP/1.1" 200 143384
66.249.73.155 - - [17/Mar/2015:03:48:38 -0500] "GET /BLA/resoluciones/RESOLUCIONES%202012/0640.pdf HTTP/1.1" 200 826093
66.249.73.155 - - [17/Mar/2015:03:49:27 -0500] "GET /BLA/resoluciones/AUTOS%202006/AUTOS%202006%201-100/00000017.tif HTTP/1.1" 304 -
66.249.73.171 - - [17/Mar/2015:03:51:07 -0500] "GET /BLA/resoluciones/AUTOS%202006/AUTOS%202006%201-100/00000020.tif HTTP/1.1" 304 -
180.76.6.130 - - [17/Mar/2015:03:51:31 -0500] "GET /BLA/resoluciones/RESOLUCIONES%202009/0548.pdf HTTP/1.1" 200 390699
66.249.73.171 - - [17/Mar/2015:03:51:40 -0500] "GET /autoliquidacion/TR%C3%81MITES%20VERTIMIENTOS/REGISTRO%20DE%20VERTIMIENTOS/lista%20de%20chequeo%20126pm04-pr97-f-a2-v%2010.xls HTTP/1.1" 404 1018
188.165.15.13 - - [17/Mar/2015:03:51:41 -0500] "GET /BLA/resoluciones/RESOLUCIONES%202006/RES%202006%20251-300/00000265.tif HTTP/1.1" 200 699782
74.86.158.107 - - [17/Mar/2015:03:51:50 -0500] "HEAD / HTTP/1.1" 302 -
66.249.73.171 - - [17/Mar/2015:03:52:46 -0500] "GET /BLA/resoluciones/AUTOS%202006/AUTOS%202006%201001-1100/00001031.tif HTTP/1.1" 304 -
188.165.15.13 - - [17/Mar/2015:03:53:01 -0500] "GET /BLA/resoluciones/RESOLUCIONES%202005/RES%202005%20551-600/00000567.tif HTTP/1.1" 200 123320
66.249.73.163 - - [17/Mar/2015:03:53:55 -0500] "GET /resoluciones/RESOLUCIONES%202008/1521.pdf HTTP/1.1" 404 1018
66.249.73.163 - - [17/Mar/2015:03:54:06 -0500] "GET /BLA/resoluciones/AUTOS%202013/2553.pdf HTTP/1.1" 200 1841959
66.249.73.171 - - [17/Mar/2015:03:54:26 -0500] "GET /BLA/resoluciones/AUTOS%202006/AUTOS%202006%201001-1100/00001030.tif HTTP/1.1" 304 -
66.249.73.155 - - [17/Mar/2015:03:54:47 -0500] "GET /BLA/resoluciones/RESOLUCIONES%202011/2393.pdf HTTP/1.1" 304 -
201.234.75.11 - - [17/Mar/2015:03:55:18 -0500] "GET /StormSDA/stormWeb/presentacion.html HTTP/1.1" 304 -
66.249.73.171 - - [17/Mar/2015:03:55:20 -0500] "GET /BLA/resoluciones/AUTOS%202006/AUTOS%202006%201501%20-%201600/00001548.tif HTTP/1.1" 200 93590
180.76.4.161 - - [17/Mar/2015:03:55:28 -0500] "GET / HTTP/1.1" 302 -
180.76.6.14 - - [17/Mar/2015:03:55:42 -0500] "GET /BLA/resoluciones/RESOLUCIONES%202007/RES%202007%20901%20AL%201000/RESOLUCION%200957%20DE%202007.pdf HTTP/1.1" 200 221305
66.249.73.155 - - [17/Mar/2015:03:56:06 -0500] "GET /BLA/resoluciones/AUTOS%202006/AUTOS%202006%201001-1100/00001011.tif HTTP/1.1" 304 -
188.165.15.13 - - [17/Mar/2015:03:56:39 -0500] "GET /BLA/resoluciones/RESOLUCIONES%202003/RES%202003%201601-1650/20031606.tif HTTP/1.1" 200 83070
74.86.158.107 - - [17/Mar/2015:03:56:50 -0500] "HEAD / HTTP/1.1" 302 -
66.249.73.163 - - [17/Mar/2015:03:57:46 -0500] "GET /BLA/resoluciones/AUTOS%202006/AUTOS%202006%201-100/00000049.tif HTTP/1.1" 304 -
180.76.5.175 - - [17/Mar/2015:03:58:19 -0500] "GET /BLA/resoluciones/RESOLUCIONES%202007/RES%202007%201%20AL%20100/RESOLUCION%200032%20DE%202007.pdf HTTP/1.1" 200 24827
66.249.73.171 - - [17/Mar/2015:03:58:30 -0500] "GET /BLA/resoluciones/RESOLUCIONES%202010/1428.pdf HTTP/1.1" 200 591537
188.165.15.13 - - [17/Mar/2015:03:58:36 -0500] "GET /BLA/resoluciones/RESOLUCIONES%202002/RES%202002%20901-950/00000919.tif HTTP/1.1" 200 101128
66.249.73.163 - - [17/Mar/2015:03:58:44 -0500] "GET /BLA/resoluciones/RESOLUCIONES%202010/7218.pdf HTTP/1.1" 200 70461
66.249.73.155 - - [17/Mar/2015:03:59:25 -0500] "GET /BLA/resoluciones/AUTOS%202006/AUTOS%202006%201001-1100/00001032.tif HTTP/1.1" 304 -
66.249.73.163 - - [17/Mar/2015:03:59:29 -0500] "GET /BLA/resoluciones/RESOLUCIONES%202010/7097.pdf HTTP/1.1" 200 284211
66.249.73.155 - - [17/Mar/2015:03:59:35 -0500] "GET /BLA/resoluciones/AUTOS%202013/0480.pdf HTTP/1.1" 200 1619460
123.125.71.58 - - [17/Mar/2015:04:00:03 -0500] "GET / HTTP/1.1" 302 -
188.165.15.13 - - [17/Mar/2015:04:00:11 -0500] "GET /BLA/resoluciones/RESOLUCIONES%202005/RES%202005%2051-100/00000083.tif HTTP/1.1" 200 116098
66.249.73.171 - - [17/Mar/2015:04:00:59 -0500] "GET /BLA/resoluciones/RESOLUCIONES%202009/5086.pdf HTTP/1.1" 200 505359
66.249.67.76 - - [17/Mar/2015:04:01:05 -0500] "GET /BLA/resoluciones/AUTOS%202006/AUTOS%202006%203301%20-%203418/00003341.tif HTTP/1.1" 304 -
74.86.158.107 - - [17/Mar/2015:04:01:50 -0500] "HEAD / HTTP/1.1" 302 -
66.249.73.171 - - [17/Mar/2015:04:02:06 -0500] "GET /BLA/resoluciones/RESOLUCIONES%202010/1393.pdf HTTP/1.1" 200 481127
66.249.73.155 - - [17/Mar/2015:04:02:10 -0500] "GET /BLA/resoluciones/Autos%202008/0513.pdf HTTP/1.1" 200 148023
66.249.73.163 - - [17/Mar/2015:04:02:20 -0500] "GET /resoluciones/RESOLUCIONES%202009/1031.pdf HTTP/1.1" 404 1018
186.113.10.143 - - [17/Mar/2015:04:02:43 -0500] "GET /galeria/nivo-slider/demo/images/Banner-Ecourbanismo.jpg HTTP/1.1" 304 -
66.249.73.171 - - [17/Mar/2015:04:02:44 -0500] "GET /BLA/resoluciones/AUTOS%202006/AUTOS%202006%201701%20-%201800/00001747.tif HTTP/1.1" 304 -
220.181.108.182 - - [17/Mar/2015:04:02:45 -0500] "GET / HTTP/1.1" 302 -
66.249.73.163 - - [17/Mar/2015:04:02:49 -0500] "GET /BLA/resoluciones/RESOLUCIONES%202005/RES%202005%20951-1000/00000960.tif HTTP/1.1" 200 211576
66.249.73.155 - - [17/Mar/2015:04:03:01 -0500] "GET /BLA/resoluciones/AUTOS%202007/0469.pdf HTTP/1.1" 200 31971
104.255.67.238 - - [17/Mar/2015:04:03:11 -0500] "GET /robots.txt HTTP/1.0" 404 1015
66.249.73.155 - - [17/Mar/2015:04:03:13 -0500] "GET /resoluciones/RESOLUCIONES%202009/2869.pdf HTTP/1.1" 404 1018
104.255.67.238 - - [17/Mar/2015:04:03:13 -0500] "GET /portalsiaccapacitaciones/Soportes%20Capacitaciones%20A%C3%B1o%202013/?C=D;O=A HTTP/1.0" 200 16997
104.255.67.238 - - [17/Mar/2015:04:03:16 -0500] "GET /robots.txt HTTP/1.0" 404 1015
104.255.67.238 - - [17/Mar/2015:04:03:17 -0500] "GET /portalsiaccapacitaciones/Soportes%20Capacitaciones%20A%C3%B1o%202013/?C=M;O=A HTTP/1.0" 200 16997
104.255.67.238 - - [17/Mar/2015:04:03:20 -0500] "GET /portalsiaccapacitaciones/Soportes%20Capacitaciones%20A%C3%B1o%202013/?C=D;O=A HTTP/1.0" 200 16997
104.255.67.238 - - [17/Mar/2015:04:03:20 -0500] "GET /portalsiaccapacitaciones/Soportes%20Capacitaciones%20A%C3%B1o%202013/?C=N;O=D HTTP/1.0" 200 16997
104.255.67.238 - - [17/Mar/2015:04:03:23 -0500] "GET /portalsiaccapacitaciones/Soportes%20Capacitaciones%20A%C3%B1o%202013/?C=S;O=A HTTP/1.0" 200 16997
104.255.67.238 - - [17/Mar/2015:04:03:24 -0500] "GET /portalsiaccapacitaciones/Soportes%20Capacitaciones%20A%C3%B1o%202013/?C=M;O=A HTTP/1.0" 200 16997
104.255.67.238 - - [17/Mar/2015:04:03:27 -0500] "GET /portalsiaccapacitaciones/Soportes%20Capacitaciones%20A%C3%B1o%202013/?C=N;O=D HTTP/1.0" 200 16997
104.255.67.238 - - [17/Mar/2015:04:03:28 -0500] "GET /portalsiaccapacitaciones/Soportes%20Capacitaciones%20A%C3%B1o%202014/?C=D;O=A HTTP/1.0" 200 18973
104.255.67.238 - - [17/Mar/2015:04:03:31 -0500] "GET /portalsiaccapacitaciones/Soportes%20Capacitaciones%20A%C3%B1o%202013/?C=S;O=A HTTP/1.0" 200 16997
104.255.67.238 - - [17/Mar/2015:04:03:32 -0500] "GET /portalsiaccapacitaciones/Soportes%20Capacitaciones%20A%C3%B1o%202014/?C=M;O=A HTTP/1.0" 200 18973
104.255.67.238 - - [17/Mar/2015:04:03:35 -0500] "GET /portalsiaccapacitaciones/Soportes%20Capacitaciones%20A%C3%B1o%202014/?C=N;O=D HTTP/1.0" 200 18973
104.255.67.238 - - [17/Mar/2015:04:03:35 -0500] "GET /portalsiaccapacitaciones/Soportes%20Capacitaciones%20A%C3%B1o%202014/?C=D;O=A HTTP/1.0" 200 18973
104.255.67.238 - - [17/Mar/2015:04:03:39 -0500] "GET /portalsiaccapacitaciones/Soportes%20Capacitaciones%20A%C3%B1o%202014/?C=S;O=A HTTP/1.0" 200 18973
104.255.67.238 - - [17/Mar/2015:04:03:39 -0500] "GET /portalsiaccapacitaciones/Soportes%20Capacitaciones%20A%C3%B1o%202014/?C=M;O=A HTTP/1.0" 200 18973
157.55.39.167 - - [17/Mar/2015:04:03:42 -0500] "GET /videos/galeria-fotografica/index16.html? HTTP/1.1" 200 1971
104.255.67.238 - - [17/Mar/2015:04:03:42 -0500] "GET /portalsiaccapacitaciones/Soportes%20Capacitaciones%20A%C3%B1o%202014/?C=N;O=D HTTP/1.0" 200 18973
188.165.15.13 - - [17/Mar/2015:04:03:43 -0500] "GET /BLA/resoluciones/RESOLUCIONES%202004/RES%202004%201501-1550/00001519.tif HTTP/1.1" 200 556642
104.255.67.238 - - [17/Mar/2015:04:03:47 -0500] "GET /portalsiaccapacitaciones/Soportes%20Capacitaciones%20A%C3%B1o%202014/?C=S;O=A HTTP/1.0" 200 18973
104.255.67.238 - - [17/Mar/2015:04:03:50 -0500] "GET /robots.txt HTTP/1.0" 404 1019
104.255.67.238 - - [17/Mar/2015:04:03:51 -0500] "GET /robots.txt HTTP/1.0" 404 1019
104.255.67.238 - - [17/Mar/2015:04:03:54 -0500] "GET /portalsiaccapacitaciones/Soportes%20Capacitaciones%20A%C3%B1o%202013/?C=D;O=A HTTP/1.0" 200 17001
104.255.67.238 - - [17/Mar/2015:04:03:55 -0500] "GET /portalsiaccapacitaciones/Soportes%20Capacitaciones%20A%C3%B1o%202013/?C=D;O=A HTTP/1.0" 200 17001
104.255.67.238 - - [17/Mar/2015:04:03:59 -0500] "GET /portalsiaccapacitaciones/Soportes%20Capacitaciones%20A%C3%B1o%202013/?C=M;O=A HTTP/1.0" 200 17001
104.255.67.238 - - [17/Mar/2015:04:04:00 -0500] "GET /portalsiaccapacitaciones/Soportes%20Capacitaciones%20A%C3%B1o%202013/?C=M;O=A HTTP/1.0" 200 17001
104.255.67.238 - - [17/Mar/2015:04:04:02 -0500] "GET /portalsiaccapacitaciones/Soportes%20Capacitaciones%20A%C3%B1o%202013/?C=N;O=D HTTP/1.0" 200 17001
104.255.67.238 - - [17/Mar/2015:04:04:03 -0500] "GET /portalsiaccapacitaciones/Soportes%20Capacitaciones%20A%C3%B1o%202013/?C=N;O=D HTTP/1.0" 200 17001
66.249.73.163 - - [17/Mar/2015:04:04:05 -0500] "GET /BLA/resoluciones/RESOLUCIONES%202009/3978.pdf HTTP/1.1" 200 513543
104.255.67.238 - - [17/Mar/2015:04:04:06 -0500] "GET /portalsiaccapacitaciones/Soportes%20Capacitaciones%20A%C3%B1o%202013/?C=S;O=A HTTP/1.0" 200 17001
104.255.67.238 - - [17/Mar/2015:04:04:06 -0500] "GET /portalsiaccapacitaciones/Soportes%20Capacitaciones%20A%C3%B1o%202013/?C=S;O=A HTTP/1.0" 200 17001
104.255.67.238 - - [17/Mar/2015:04:04:11 -0500] "GET /portalsiaccapacitaciones/Soportes%20Capacitaciones%20A%C3%B1o%202014/?C=D;O=A HTTP/1.0" 200 18977
104.255.67.238 - - [17/Mar/2015:04:04:14 -0500] "GET /portalsiaccapacitaciones/Soportes%20Capacitaciones%20A%C3%B1o%202014/?C=M;O=A HTTP/1.0" 200 18977
104.255.67.238 - - [17/Mar/2015:04:04:15 -0500] "GET /portalsiaccapacitaciones/Soportes%20Capacitaciones%20A%C3%B1o%202014/?C=D;O=A HTTP/1.0" 200 18977
104.255.67.238 - - [17/Mar/2015:04:04:18 -0500] "GET /portalsiaccapacitaciones/Soportes%20Capacitaciones%20A%C3%B1o%202014/?C=N;O=D HTTP/1.0" 200 18977
188.165.15.13 - - [17/Mar/2015:04:04:19 -0500] "GET /BLA/resoluciones/RESOLUCIONES%202003/RES%202003%201051-1100/1065.tif HTTP/1.1" 200 549312
104.255.67.238 - - [17/Mar/2015:04:04:20 -0500] "GET /portalsiaccapacitaciones/Soportes%20Capacitaciones%20A%C3%B1o%202014/?C=M;O=A HTTP/1.0" 200 18977
104.255.67.238 - - [17/Mar/2015:04:04:22 -0500] "GET /portalsiaccapacitaciones/Soportes%20Capacitaciones%20A%C3%B1o%202014/?C=S;O=A HTTP/1.0" 200 18977
104.255.67.238 - - [17/Mar/2015:04:04:23 -0500] "GET /portalsiaccapacitaciones/Soportes%20Capacitaciones%20A%C3%B1o%202014/?C=N;O=D HTTP/1.0" 200 18977
66.249.73.171 - - [17/Mar/2015:04:04:25 -0500] "GET /BLA/resoluciones/AUTOS%202006/AUTOS%202006%201-100/00000009.tif HTTP/1.1" 304 -
104.255.67.238 - - [17/Mar/2015:04:04:27 -0500] "GET /portalsiaccapacitaciones/Soportes%20Capacitaciones%20A%C3%B1o%202014/?C=S;O=A HTTP/1.0" 200 18977
201.234.75.11 - - [17/Mar/2015:04:04:43 -0500] "GET /galeria/nivo-slider/demo/images/coplima.jpg HTTP/1.1" 304 -
66.249.73.163 - - [17/Mar/2015:04:05:04 -0500] "GET /BLA/resoluciones/RESOLUCIONES%202007/RES%202007%204101%20AL%204200/RESOLUCION%204188%20DE%202007.pdf HTTP/1.1" 200 272704
66.249.73.171 - - [17/Mar/2015:04:05:16 -0500] "GET /BLA/resoluciones/RESOLUCIONES%202010/7304.pdf HTTP/1.1" 200 356520
180.76.5.148 - - [17/Mar/2015:04:05:24 -0500] "GET /BLA/resoluciones/RESOLUCIONES%202011/4336.pdf HTTP/1.1" 200 477553
66.249.73.155 - - [17/Mar/2015:04:06:04 -0500] "GET /BLA/resoluciones/AUTOS%202006/AUTOS%202006%201001-1100/00001005.tif HTTP/1.1" 304 -
74.86.158.107 - - [17/Mar/2015:04:06:50 -0500] "HEAD / HTTP/1.1" 302 -
66.249.73.163 - - [17/Mar/2015:04:07:09 -0500] "GET /BLA/resoluciones/RESOLUCIONES%202009/8030.pdf HTTP/1.1" 200 507323
66.249.73.163 - - [17/Mar/2015:04:07:44 -0500] "GET /BLA/resoluciones/AUTOS%202006/AUTOS%202006%201001-1100/00001042.tif HTTP/1.1" 304 -
66.249.73.163 - - [17/Mar/2015:04:07:48 -0500] "GET /BLA/resoluciones/RESOLUCIONES%202010/7828.pdf HTTP/1.1" 200 433715
66.249.73.171 - - [17/Mar/2015:04:09:24 -0500] "GET /BLA/resoluciones/AUTOS%202006/AUTOS%202006%201001-1100/00001061.tif HTTP/1.1" 304 -
180.76.6.157 - - [17/Mar/2015:04:10:08 -0500] "GET /BLA/resoluciones/RESOLUCIONES%202007/RES%202007%203401%20AL%203500/RESOLUCION%203463%20DE%202007.pdf HTTP/1.1" 200 281457
66.249.73.163 - - [17/Mar/2015:04:10:15 -0500] "GET /BLA/resoluciones/RESOLUCIONES%202008/1171.pdf HTTP/1.1" 200 251716
66.249.73.155 - - [17/Mar/2015:04:10:33 -0500] "GET /BLA/resoluciones/RESOLUCIONES%202013/1828.pdf HTTP/1.1" 200 540218
66.249.73.171 - - [17/Mar/2015:04:10:52 -0500] "GET /BLA/resoluciones/Autos%202008/1051.pdf HTTP/1.1" 200 223286
66.249.73.163 - - [17/Mar/2015:04:11:04 -0500] "GET /BLA/resoluciones/AUTOS%202006/AUTOS%202006%201001-1100/00001084.tif HTTP/1.1" 304 -
74.86.158.107 - - [17/Mar/2015:04:11:50 -0500] "HEAD / HTTP/1.1" 302 -
66.249.73.163 - - [17/Mar/2015:04:12:04 -0500] "GET /BLA/resoluciones/AUTOS%202006/AUTOS%202006%202401%20-%202500/00002402.tif HTTP/1.1" 200 76682
66.249.73.171 - - [17/Mar/2015:04:12:14 -0500] "GET /BLA/resoluciones/RESOLUCIONES%202007/RES%202007%201301%20AL%201400/RESOLUCION%201341%20DE%202007.pdf HTTP/1.1" 200 47436
66.249.73.171 - - [17/Mar/2015:04:12:25 -0500] "GET /BLA/resoluciones/RESOLUCIONES%202010/7561.pdf HTTP/1.1" 200 62497
66.249.73.155 - - [17/Mar/2015:04:12:43 -0500] "GET /BLA/resoluciones/AUTOS%202006/AUTOS%202006%203301%20-%203418/00003332.tif HTTP/1.1" 304 -
66.249.73.163 - - [17/Mar/2015:04:13:21 -0500] "GET /BLA/resoluciones/RESOLUCIONES%202009/4609.pdf HTTP/1.1" 200 643669
66.249.73.155 - - [17/Mar/2015:04:13:47 -0500] "GET /BLA/resoluciones/RESOLUCIONES%202010/1646.pdf HTTP/1.1" 200 435661
180.76.6.157 - - [17/Mar/2015:04:14:13 -0500] "GET /BLA/resoluciones/RESOLUCIONES%202011/0831.pdf HTTP/1.1" 200 717857
66.249.73.155 - - [17/Mar/2015:04:14:23 -0500] "GET /BLA/resoluciones/AUTOS%202006/AUTOS%202006%201701%20-%201800/00001776.tif HTTP/1.1" 304 -
66.249.73.155 - - [17/Mar/2015:04:15:17 -0500] "GET /BLA/resoluciones/AUTOS%202007/3104.pdf HTTP/1.1" 200 281754
66.249.73.163 - - [17/Mar/2015:04:15:21 -0500] "GET /BLA/resoluciones/RESOLUCIONES%202007/RES%202007%203901%20AL%204000/RESOLUCION%203977%20DE%202007.pdf HTTP/1.1" 200 639954
66.249.73.163 - - [17/Mar/2015:04:16:02 -0500] "GET /BLA/resoluciones/AUTOS%202012/0822.pdf HTTP/1.1" 200 368836
66.249.73.163 - - [17/Mar/2015:04:16:03 -0500] "GET /BLA/resoluciones/AUTOS%202006/AUTOS%202006%201001-1100/00001057.tif HTTP/1.1" 304 -
66.249.73.163 - - [17/Mar/2015:04:16:23 -0500] "GET /BLA/resoluciones/Autos%202008/3331.pdf HTTP/1.1" 200 55593
74.86.158.107 - - [17/Mar/2015:04:16:50 -0500] "HEAD / HTTP/1.1" 302 -
66.249.73.171 - - [17/Mar/2015:04:17:42 -0500] "GET /BLA/resoluciones/AUTOS%202006/AUTOS%202006%203301%20-%203418/00003398.tif HTTP/1.1" 304 -
188.165.15.13 - - [17/Mar/2015:04:18:24 -0500] "GET /BLA/boletinlegal/ HTTP/1.1" 200 46508
66.249.73.155 - - [17/Mar/2015:04:19:22 -0500] "GET /BLA/resoluciones/AUTOS%202006/AUTOS%202006%201001-1100/00001068.tif HTTP/1.1" 304 -
66.249.73.171 - - [17/Mar/2015:04:19:29 -0500] "GET /BLA/resoluciones/Notificaciones/AUTOS%202013/2238.doc HTTP/1.1" 200 274432
66.249.65.196 - - [17/Mar/2015:04:19:33 -0500] "GET /manual_funciones_Listado/2.2.2.%20Subdirecci%C3%B3n%20de%20Silvicultura,%20Flora%20y%20Fauna%20Silvestre/Profesional%20Especializado%20222-19.pdf HTTP/1.1" 404 1019
192.99.111.97 - - [17/Mar/2015:04:20:10 -0500] "GET /webdav/x32.php?act=phptools&host=192.99.226.12&time=120&port=80 HTTP/1.1" 404 1018
66.249.73.163 - - [17/Mar/2015:04:20:18 -0500] "GET /BLA/resoluciones/RESOLUCIONES%202010/7674.pdf HTTP/1.1" 200 384523
66.249.73.171 - - [17/Mar/2015:04:21:02 -0500] "GET /BLA/resoluciones/AUTOS%202006/AUTOS%202006%201001-1100/00001048.tif HTTP/1.1" 304 -
66.249.73.163 - - [17/Mar/2015:04:21:31 -0500] "GET /BLA/resoluciones/RESOLUCIONES%202010/6037.pdf HTTP/1.1" 200 1760222
74.86.158.107 - - [17/Mar/2015:04:21:50 -0500] "HEAD / HTTP/1.1" 302 -
66.249.73.171 - - [17/Mar/2015:04:22:05 -0500] "GET /BLA/resoluciones/AUTOS%202006/AUTOS%202006%202601%20-%202700/00002647.tif HTTP/1.1" 200 48358
220.181.108.106 - - [17/Mar/2015:04:22:28 -0500] "GET /BLA/resoluciones/RESOLUCIONES%202013/1132.pdf HTTP/1.1" 200 2862937
66.249.65.192 - - [17/Mar/2015:04:22:40 -0500] "GET /sinmi1/ HTTP/1.1" 404 1019
66.249.73.163 - - [17/Mar/2015:04:22:41 -0500] "GET /BLA/resoluciones/AUTOS%202006/AUTOS%202006%201701%20-%201800/00001732.tif HTTP/1.1" 304 -
66.249.73.155 - - [17/Mar/2015:04:22:55 -0500] "GET /BLA/resoluciones/RESOLUCIONES%202007/RES%202007%20301%20AL%20400/RESOLUCION%200319%20DE%202007.pdf HTTP/1.1" 200 139368
180.76.5.76 - - [17/Mar/2015:04:23:14 -0500] "GET /BLA/resoluciones/AUTOS%202013/2438.pdf HTTP/1.1" 200 211128
66.249.73.155 - - [17/Mar/2015:04:23:30 -0500] "GET /BLA/resoluciones/RESOLUCIONES%202010/1175.pdf HTTP/1.1" 200 98619
89.167.129.56 - - [17/Mar/2015:04:24:20 -0500] "GET /BLA/boletinlegal/js/jquery.scrollShow.js HTTP/1.1" 200 4586
89.167.129.56 - - [17/Mar/2015:04:24:20 -0500] "GET /galeria/galeria/jquery.fancybox.css?v=2.1.5 HTTP/1.1" 200 4895
89.167.129.56 - - [17/Mar/2015:04:24:20 -0500] "GET /BLA/boletinlegal/js/jquery.scrollTo-min.js HTTP/1.1" 200 1150
89.167.129.56 - - [17/Mar/2015:04:24:20 -0500] "GET /galeria/galeria/jquery.fancybox.js?v=2.1.5 HTTP/1.1" 200 48706
66.249.73.163 - - [17/Mar/2015:04:24:21 -0500] "GET /BLA/resoluciones/AUTOS%202006/AUTOS%202006%201-100/00000084.tif HTTP/1.1" 304 -
188.165.15.13 - - [17/Mar/2015:04:24:23 -0500] "GET /BLA/resoluciones/RESOLUCIONES%202003/RES%202003%201051-1100/1060.tif HTTP/1.1" 200 139972
66.249.73.155 - - [17/Mar/2015:04:24:26 -0500] "GET /BLA/resoluciones/RESOLUCIONES%202010/7285.pdf HTTP/1.1" 200 1332253
66.249.73.155 - - [17/Mar/2015:04:25:00 -0500] "GET /BLA/resoluciones/RESOLUCIONES%202010/7359.pdf HTTP/1.1" 200 341456
66.249.73.163 - - [17/Mar/2015:04:26:01 -0500] "GET /BLA/resoluciones/AUTOS%202006/AUTOS%202006%201701%20-%201800/00001745.tif HTTP/1.1" 304 -
188.165.15.13 - - [17/Mar/2015:04:26:27 -0500] "GET /BLA/resoluciones/RESOLUCIONES%202003/RES%202003%20001-050/2003RES46.tif HTTP/1.1" 200 227020
192.99.111.97 - - [17/Mar/2015:04:26:33 -0500] "GET /webdav/x32.php?act=phptools&host=192.99.226.12&time=120&port=80 HTTP/1.1" 404 1018
74.86.158.107 - - [17/Mar/2015:04:26:50 -0500] "HEAD / HTTP/1.1" 302 -
66.249.73.155 - - [17/Mar/2015:04:27:00 -0500] "GET /BLA/resoluciones/AUTOS%202008/1875.pdf HTTP/1.1" 200 165906
66.249.73.163 - - [17/Mar/2015:04:27:41 -0500] "GET /BLA/resoluciones/AUTOS%202006/AUTOS%202006%203301%20-%203418/00003313.tif HTTP/1.1" 304 -
