190.146.116.197 - - [24/Mar/2015:08:47:34 -0500] "GET /galeria/galeria/jquery.fancybox.js?v=2.1.5 HTTP/1.1" 200 48706
190.146.116.197 - - [24/Mar/2015:08:47:34 -0500] "GET /galeria/carrusel/Carrusel/jquery.thumbnailScroller.js HTTP/1.1" 200 8157
186.145.15.143 - - [24/Mar/2015:08:47:34 -0500] "POST /forms/lservlet;jsessionid=ac16012b30d68b4440be7e2741fcbb02c18fde7f4ff7.e3iSbxaKaheRe3eNbhaPbhuQa41ynknvrkLOlQzNp65In0 HTTP/1.1" 200 2
186.145.15.143 - - [24/Mar/2015:08:47:35 -0500] "POST /forms/lservlet;jsessionid=ac16012b30d68b4440be7e2741fcbb02c18fde7f4ff7.e3iSbxaKaheRe3eNbhaPbhuQa41ynknvrkLOlQzNp65In0 HTTP/1.1" 200 8
186.145.15.143 - - [24/Mar/2015:08:47:35 -0500] "POST /forms/lservlet;jsessionid=ac16012b30d68b4440be7e2741fcbb02c18fde7f4ff7.e3iSbxaKaheRe3eNbhaPbhuQa41ynknvrkLOlQzNp65In0 HTTP/1.1" 200 2
186.145.15.143 - - [24/Mar/2015:08:47:35 -0500] "POST /forms/lservlet;jsessionid=ac16012b30d68b4440be7e2741fcbb02c18fde7f4ff7.e3iSbxaKaheRe3eNbhaPbhuQa41ynknvrkLOlQzNp65In0 HTTP/1.1" 200 2
186.145.15.143 - - [24/Mar/2015:08:47:35 -0500] "POST /forms/lservlet;jsessionid=ac16012b30d68b4440be7e2741fcbb02c18fde7f4ff7.e3iSbxaKaheRe3eNbhaPbhuQa41ynknvrkLOlQzNp65In0 HTTP/1.1" 200 403
177.248.176.95 - - [24/Mar/2015:08:46:18 -0500] "GET /videos/CRRFFS.mp4 HTTP/1.1" 200 286784363
186.145.15.143 - - [24/Mar/2015:08:47:36 -0500] "POST /forms/lservlet;jsessionid=ac16012b30d68b4440be7e2741fcbb02c18fde7f4ff7.e3iSbxaKaheRe3eNbhaPbhuQa41ynknvrkLOlQzNp65In0 HTTP/1.1" 200 10
190.146.116.197 - - [24/Mar/2015:08:47:36 -0500] "GET /galeria/nivo-slider/demo/demo.html HTTP/1.1" 200 4356
190.146.116.197 - - [24/Mar/2015:08:47:36 -0500] "GET /galeria/nivo-slider/themes/default/default.css HTTP/1.1" 200 1569
190.146.116.197 - - [24/Mar/2015:08:47:36 -0500] "GET /galeria/nivo-slider/themes/orman/orman.css HTTP/1.1" 200 2152
190.146.116.197 - - [24/Mar/2015:08:47:36 -0500] "GET /galeria/nivo-slider/themes/pascal/pascal.css HTTP/1.1" 200 2258
190.146.116.197 - - [24/Mar/2015:08:47:36 -0500] "GET /galeria/nivo-slider/demo/style.css HTTP/1.1" 200 2222
190.146.116.197 - - [24/Mar/2015:08:47:36 -0500] "GET /galeria/nivo-slider/nivo-slider.css HTTP/1.1" 200 1507
190.146.116.197 - - [24/Mar/2015:08:47:36 -0500] "GET /galeria/nivo-slider/demo/images/Banner-semana-santa.jpg HTTP/1.1" 200 350491
190.146.116.197 - - [24/Mar/2015:08:47:36 -0500] "GET /galeria/nivo-slider/demo/scripts/jquery-1.7.1.min.js HTTP/1.1" 200 93868
190.146.116.197 - - [24/Mar/2015:08:47:36 -0500] "GET /galeria/nivo-slider/jquery.nivo.slider.pack.js HTTP/1.1" 200 11561
190.146.116.197 - - [24/Mar/2015:08:47:36 -0500] "GET /galeria/nivo-slider/demo/images/no-sea-victima.jpg HTTP/1.1" 200 254155
190.146.116.197 - - [24/Mar/2015:08:47:36 -0500] "GET /galeria/nivo-slider/demo/images/Convocatoria_recicladores.jpg HTTP/1.1" 200 213976
186.145.15.143 - - [24/Mar/2015:08:47:36 -0500] "POST /forms/lservlet;jsessionid=ac16012b30d68b4440be7e2741fcbb02c18fde7f4ff7.e3iSbxaKaheRe3eNbhaPbhuQa41ynknvrkLOlQzNp65In0 HTTP/1.1" 200 2
190.146.116.197 - - [24/Mar/2015:08:47:37 -0500] "GET /galeria/nivo-slider/demo/images/secretaria-de-ambiente.jpg HTTP/1.1" 200 259142
190.146.116.197 - - [24/Mar/2015:08:47:37 -0500] "GET /galeria/nivo-slider/demo/images/Licitaciones-proyecto-paramo.jpg HTTP/1.1" 200 221877
190.146.116.197 - - [24/Mar/2015:08:47:37 -0500] "GET /galeria/nivo-slider/demo/images/Banner-decreto1299.jpg HTTP/1.1" 200 182613
190.146.116.197 - - [24/Mar/2015:08:47:39 -0500] "GET /galeria/nivo-slider/themes/default/loading.gif HTTP/1.1" 200 1737
190.146.116.197 - - [24/Mar/2015:08:47:39 -0500] "GET /galeria/nivo-slider/demo/images/4Simple_Slider.png HTTP/1.1" 200 11722
190.146.116.197 - - [24/Mar/2015:08:47:40 -0500] "GET /galeria/nivo-slider/demo/images/Banner-Directorio.jpg HTTP/1.1" 200 182068
190.146.116.197 - - [24/Mar/2015:08:47:40 -0500] "GET /galeria/nivo-slider/demo/images/banner-V2.jpg HTTP/1.1" 200 167020
190.146.116.197 - - [24/Mar/2015:08:47:40 -0500] "GET /galeria/nivo-slider/demo/images/Ruta-vertimientos-01.jpg HTTP/1.1" 200 130151
201.245.179.194 - - [24/Mar/2015:08:47:40 -0500] "GET /galeria/galeria/jquery.fancybox.css?v=2.1.5 HTTP/1.1" 200 4895
201.245.179.194 - - [24/Mar/2015:08:47:40 -0500] "GET /galeria/galeria/jquery.fancybox.js?v=2.1.5 HTTP/1.1" 200 48706
201.245.179.194 - - [24/Mar/2015:08:47:40 -0500] "GET /BLA/boletinlegal/js/jquery.scrollShow.js HTTP/1.1" 200 4586
201.245.179.194 - - [24/Mar/2015:08:47:40 -0500] "GET /BLA/boletinlegal/js/jquery.scrollTo-min.js HTTP/1.1" 200 1150
190.146.116.197 - - [24/Mar/2015:08:47:41 -0500] "GET /galeria/nivo-slider/demo/images/bolsas-06.jpg HTTP/1.1" 200 90982
190.146.116.197 - - [24/Mar/2015:08:47:41 -0500] "GET /galeria/nivo-slider/demo/images/bolsas-08.jpg HTTP/1.1" 200 85589
190.146.116.197 - - [24/Mar/2015:08:47:41 -0500] "GET /galeria/nivo-slider/demo/images/redes_sociales.jpg HTTP/1.1" 200 415652
190.146.116.197 - - [24/Mar/2015:08:47:41 -0500] "GET /galeria/nivo-slider/demo/images/Conoce-los-humedales.jpg HTTP/1.1" 200 294036
190.146.116.197 - - [24/Mar/2015:08:47:41 -0500] "GET /videos/Humedal_Comunidad.flv HTTP/1.1" 200 81021584
190.146.116.197 - - [24/Mar/2015:08:47:41 -0500] "GET /galeria/nivo-slider/demo/images/ecolecta-Dic2014.png HTTP/1.1" 200 288593
190.146.116.197 - - [24/Mar/2015:08:47:41 -0500] "GET /galeria/nivo-slider/demo/images/porloshumedales.jpg HTTP/1.1" 200 351238
190.146.116.197 - - [24/Mar/2015:08:47:42 -0500] "GET /galeria/nivo-slider/demo/images/Tingua-azul.jpg HTTP/1.1" 200 307638
181.54.59.118 - - [24/Mar/2015:08:47:43 -0500] "GET /BLA/boletinlegal/js/jquery.scrollTo-min.js HTTP/1.1" 200 1150
181.54.59.118 - - [24/Mar/2015:08:47:43 -0500] "GET /BLA/boletinlegal/js/jquery.scrollShow.js HTTP/1.1" 200 4586
181.54.59.118 - - [24/Mar/2015:08:47:43 -0500] "GET /galeria/galeria/jquery.fancybox.js?v=2.1.5 HTTP/1.1" 200 48706
181.54.59.118 - - [24/Mar/2015:08:47:43 -0500] "GET /galeria/galeria/jquery.fancybox.css?v=2.1.5 HTTP/1.1" 200 4895
190.146.116.197 - - [24/Mar/2015:08:47:43 -0500] "GET /galeria/nivo-slider/demo/images/banner-llantas2.jpg HTTP/1.1" 200 73153
190.146.116.197 - - [24/Mar/2015:08:47:43 -0500] "GET /galeria/nivo-slider/demo/images/9Signos.jpg HTTP/1.1" 200 93040
190.146.116.197 - - [24/Mar/2015:08:47:45 -0500] "GET /galeria/nivo-slider/themes/default/arrows.png HTTP/1.1" 200 824
190.146.116.197 - - [24/Mar/2015:08:47:45 -0500] "GET /galeria/nivo-slider/themes/default/bullets.png HTTP/1.1" 200 1281
177.248.176.95 - - [24/Mar/2015:08:47:59 -0500] "GET /videos/CRRFFS.mp4 HTTP/1.1" 206 1
74.86.158.107 - - [24/Mar/2015:08:48:02 -0500] "HEAD / HTTP/1.1" 302 -
186.28.235.52 - - [24/Mar/2015:08:48:02 -0500] "GET /videos/Humedal_Comunidad.flv HTTP/1.1" 200 81021584
201.245.192.253 - - [24/Mar/2015:08:48:02 -0500] "GET /forest/index2.jsp?_a=0.5269890038762242 HTTP/1.1" 200 49264
201.245.192.253 - - [24/Mar/2015:08:48:03 -0500] "GET /forest/session.jsp?a=0.6132095418870449 HTTP/1.1" 200 4
201.245.192.253 - - [24/Mar/2015:08:48:03 -0500] "GET /galeria/nivo-slider/demo/images/Conoce-los-humedales.jpg HTTP/1.1" 304 -
180.76.6.157 - - [24/Mar/2015:08:48:09 -0500] "GET /BLA/resoluciones/RESOLUCIONES%202009/1191.pdf HTTP/1.1" 200 266206
201.245.192.253 - - [24/Mar/2015:08:48:09 -0500] "GET /forest/forms/showform.jsp?codPro=110&codForm=consultaexpediente&a=0.24992311000823975 HTTP/1.1" 200 18989
190.84.184.43 - - [24/Mar/2015:08:48:10 -0500] "GET /BLA/boletinlegal/js/jquery.scrollShow.js HTTP/1.1" 200 4586
190.84.184.43 - - [24/Mar/2015:08:48:10 -0500] "GET /BLA/boletinlegal/js/jquery.scrollTo-min.js HTTP/1.1" 200 1150
186.145.15.143 - - [24/Mar/2015:08:48:10 -0500] "POST /forms/lservlet;jsessionid=ac16012b30d68b4440be7e2741fcbb02c18fde7f4ff7.e3iSbxaKaheRe3eNbhaPbhuQa41ynknvrkLOlQzNp65In0 HTTP/1.1" 200 2
181.59.1.36 - - [24/Mar/2015:08:48:10 -0500] "GET /galeria/galeria/jquery.fancybox.css?v=2.1.5 HTTP/1.1" 200 4895
181.59.1.36 - - [24/Mar/2015:08:48:10 -0500] "GET /BLA/boletinlegal/js/jquery.scrollTo-min.js HTTP/1.1" 200 1150
181.59.1.36 - - [24/Mar/2015:08:48:10 -0500] "GET /BLA/boletinlegal/js/jquery.scrollShow.js HTTP/1.1" 200 4586
181.59.1.36 - - [24/Mar/2015:08:48:10 -0500] "GET /galeria/galeria/jquery.fancybox.js?v=2.1.5 HTTP/1.1" 200 48706
200.116.204.193 - - [24/Mar/2015:08:48:11 -0500] "GET /BLA/boletinlegal/js/jquery.scrollTo-min.js HTTP/1.1" 200 1150
200.116.204.193 - - [24/Mar/2015:08:48:11 -0500] "GET /BLA/boletinlegal/js/jquery.scrollShow.js HTTP/1.1" 200 4586
200.116.204.193 - - [24/Mar/2015:08:48:11 -0500] "GET /galeria/galeria/jquery.fancybox.js?v=2.1.5 HTTP/1.1" 200 48706
200.116.204.193 - - [24/Mar/2015:08:48:11 -0500] "GET /galeria/galeria/jquery.fancybox.css?v=2.1.5 HTTP/1.1" 200 4895
190.84.184.43 - - [24/Mar/2015:08:48:11 -0500] "GET /galeria/carrusel/Carrusel/jquery.thumbnailScroller.js HTTP/1.1" 200 8157
190.84.184.43 - - [24/Mar/2015:08:48:11 -0500] "GET /galeria/galeria/jquery.fancybox.js?v=2.1.5 HTTP/1.1" 200 48706
190.84.184.43 - - [24/Mar/2015:08:48:11 -0500] "GET /galeria/carrusel/Carrusel/jquery.thumbnailScroller.css HTTP/1.1" 200 2066
190.84.184.43 - - [24/Mar/2015:08:48:11 -0500] "GET /galeria/carrusel/Carrusel/jquery-ui-1.8.13.custom.min.js HTTP/1.1" 200 10800
190.84.184.43 - - [24/Mar/2015:08:48:12 -0500] "GET /galeria/galeria/jquery.fancybox.css?v=2.1.5 HTTP/1.1" 200 4895
190.84.184.43 - - [24/Mar/2015:08:48:16 -0500] "GET /galeria/nivo-slider/demo/demo.html HTTP/1.1" 200 4356
190.84.184.43 - - [24/Mar/2015:08:48:17 -0500] "GET /galeria/nivo-slider/themes/default/default.css HTTP/1.1" 200 1569
190.84.184.43 - - [24/Mar/2015:08:48:17 -0500] "GET /galeria/nivo-slider/themes/orman/orman.css HTTP/1.1" 200 2152
190.84.184.43 - - [24/Mar/2015:08:48:17 -0500] "GET /galeria/nivo-slider/nivo-slider.css HTTP/1.1" 200 1507
190.84.184.43 - - [24/Mar/2015:08:48:17 -0500] "GET /galeria/nivo-slider/demo/style.css HTTP/1.1" 200 2222
190.84.184.43 - - [24/Mar/2015:08:48:17 -0500] "GET /galeria/nivo-slider/themes/pascal/pascal.css HTTP/1.1" 200 2258
190.84.184.43 - - [24/Mar/2015:08:48:17 -0500] "GET /galeria/nivo-slider/demo/images/no-sea-victima.jpg HTTP/1.1" 200 254155
190.84.184.43 - - [24/Mar/2015:08:48:17 -0500] "GET /galeria/nivo-slider/demo/images/Banner-semana-santa.jpg HTTP/1.1" 200 350491
190.84.184.43 - - [24/Mar/2015:08:48:17 -0500] "GET /galeria/nivo-slider/demo/images/Convocatoria_recicladores.jpg HTTP/1.1" 200 213976
190.84.184.43 - - [24/Mar/2015:08:48:17 -0500] "GET /galeria/nivo-slider/demo/scripts/jquery-1.7.1.min.js HTTP/1.1" 200 93868
190.84.184.43 - - [24/Mar/2015:08:48:17 -0500] "GET /galeria/nivo-slider/demo/images/secretaria-de-ambiente.jpg HTTP/1.1" 200 259142
190.84.184.43 - - [24/Mar/2015:08:48:17 -0500] "GET /galeria/nivo-slider/jquery.nivo.slider.pack.js HTTP/1.1" 200 11561
190.84.184.43 - - [24/Mar/2015:08:48:19 -0500] "GET /galeria/nivo-slider/demo/images/4Simple_Slider.png HTTP/1.1" 200 11722
190.84.184.43 - - [24/Mar/2015:08:48:19 -0500] "GET /galeria/nivo-slider/themes/default/loading.gif HTTP/1.1" 200 1737
190.84.184.43 - - [24/Mar/2015:08:48:20 -0500] "GET /galeria/nivo-slider/demo/images/Licitaciones-proyecto-paramo.jpg HTTP/1.1" 200 221877
190.84.184.43 - - [24/Mar/2015:08:48:20 -0500] "GET /galeria/nivo-slider/demo/images/Banner-decreto1299.jpg HTTP/1.1" 200 182613
201.245.192.253 - - [24/Mar/2015:08:48:20 -0500] "GET /galeria/nivo-slider/demo/images/Conoce-los-humedales.jpg HTTP/1.1" 304 -
190.84.184.43 - - [24/Mar/2015:08:48:20 -0500] "GET /galeria/nivo-slider/demo/images/Banner-Directorio.jpg HTTP/1.1" 200 182068
190.84.184.43 - - [24/Mar/2015:08:48:20 -0500] "GET /galeria/nivo-slider/demo/images/banner-V2.jpg HTTP/1.1" 200 167020
190.84.184.43 - - [24/Mar/2015:08:48:21 -0500] "GET /galeria/nivo-slider/demo/images/bolsas-06.jpg HTTP/1.1" 200 90982
190.84.184.43 - - [24/Mar/2015:08:48:21 -0500] "GET /galeria/nivo-slider/demo/images/bolsas-08.jpg HTTP/1.1" 200 85589
190.84.184.43 - - [24/Mar/2015:08:48:21 -0500] "GET /galeria/nivo-slider/demo/images/Ruta-vertimientos-01.jpg HTTP/1.1" 200 130151
190.84.184.43 - - [24/Mar/2015:08:48:21 -0500] "GET /galeria/nivo-slider/demo/images/redes_sociales.jpg HTTP/1.1" 200 415652
190.84.184.43 - - [24/Mar/2015:08:48:21 -0500] "GET /galeria/nivo-slider/demo/images/ecolecta-Dic2014.png HTTP/1.1" 200 288593
190.84.184.43 - - [24/Mar/2015:08:48:21 -0500] "GET /galeria/nivo-slider/demo/images/Conoce-los-humedales.jpg HTTP/1.1" 200 294036
190.84.184.43 - - [24/Mar/2015:08:48:22 -0500] "GET /galeria/nivo-slider/demo/images/porloshumedales.jpg HTTP/1.1" 200 351238
190.84.184.43 - - [24/Mar/2015:08:48:22 -0500] "GET /galeria/nivo-slider/demo/images/Tingua-azul.jpg HTTP/1.1" 200 307638
190.84.184.43 - - [24/Mar/2015:08:48:23 -0500] "GET /galeria/nivo-slider/demo/images/banner-llantas2.jpg HTTP/1.1" 200 73153
190.84.184.43 - - [24/Mar/2015:08:48:23 -0500] "GET /galeria/nivo-slider/demo/images/9Signos.jpg HTTP/1.1" 200 93040
186.145.15.143 - - [24/Mar/2015:08:48:24 -0500] "POST /forms/lservlet;jsessionid=ac16012b30d68b4440be7e2741fcbb02c18fde7f4ff7.e3iSbxaKaheRe3eNbhaPbhuQa41ynknvrkLOlQzNp65In0 HTTP/1.1" 200 489
186.145.15.143 - - [24/Mar/2015:08:48:24 -0500] "POST /forms/lservlet;jsessionid=ac16012b30d68b4440be7e2741fcbb02c18fde7f4ff7.e3iSbxaKaheRe3eNbhaPbhuQa41ynknvrkLOlQzNp65In0 HTTP/1.1" 200 2
201.245.192.253 - - [24/Mar/2015:08:48:25 -0500] "GET /forest/actions/forms.getList?codForm=consultaexpediente&id=nombretercero&text=C HTTP/1.1" 200 1369
201.245.192.253 - - [24/Mar/2015:08:48:26 -0500] "GET /forest/actions/forms.getList?codForm=consultaexpediente&id=nombretercero&text=CO HTTP/1.1" 200 1373
201.245.192.253 - - [24/Mar/2015:08:48:26 -0500] "GET /forest/actions/forms.getList?codForm=consultaexpediente&id=nombretercero&text=CON HTTP/1.1" 200 1324
201.245.192.253 - - [24/Mar/2015:08:48:26 -0500] "GET /forest/actions/forms.getList?codForm=consultaexpediente&id=nombretercero&text=CONT HTTP/1.1" 200 1202
201.245.192.253 - - [24/Mar/2015:08:48:26 -0500] "GET /forest/actions/forms.getList?codForm=consultaexpediente&id=nombretercero&text=CONTI HTTP/1.1" 200 1263
186.145.15.143 - - [24/Mar/2015:08:48:27 -0500] "POST /forms/lservlet;jsessionid=ac16012b30d68b4440be7e2741fcbb02c18fde7f4ff7.e3iSbxaKaheRe3eNbhaPbhuQa41ynknvrkLOlQzNp65In0 HTTP/1.1" 200 2
201.245.192.253 - - [24/Mar/2015:08:48:27 -0500] "GET /forest/actions/forms.getList?codForm=consultaexpediente&id=nombretercero&text=CONTIN HTTP/1.1" 200 1258
186.145.15.143 - - [24/Mar/2015:08:48:27 -0500] "POST /forms/lservlet;jsessionid=ac16012b30d68b4440be7e2741fcbb02c18fde7f4ff7.e3iSbxaKaheRe3eNbhaPbhuQa41ynknvrkLOlQzNp65In0 HTTP/1.1" 200 245
186.145.15.143 - - [24/Mar/2015:08:48:28 -0500] "POST /forms/lservlet;jsessionid=ac16012b30d68b4440be7e2741fcbb02c18fde7f4ff7.e3iSbxaKaheRe3eNbhaPbhuQa41ynknvrkLOlQzNp65In0 HTTP/1.1" 200 2
186.145.15.143 - - [24/Mar/2015:08:48:28 -0500] "POST /forms/lservlet;jsessionid=ac16012b30d68b4440be7e2741fcbb02c18fde7f4ff7.e3iSbxaKaheRe3eNbhaPbhuQa41ynknvrkLOlQzNp65In0 HTTP/1.1" 200 2
186.145.15.143 - - [24/Mar/2015:08:48:28 -0500] "POST /forms/lservlet;jsessionid=ac16012b30d68b4440be7e2741fcbb02c18fde7f4ff7.e3iSbxaKaheRe3eNbhaPbhuQa41ynknvrkLOlQzNp65In0 HTTP/1.1" 200 202
201.245.192.253 - - [24/Mar/2015:08:48:27 -0500] "GET /forest/actions/forms.getList?codForm=consultaexpediente&id=nombretercero&text=CONTINA HTTP/1.1" 200 167
190.84.184.43 - - [24/Mar/2015:08:48:29 -0500] "GET /galeria/nivo-slider/themes/default/arrows.png HTTP/1.1" 200 824
190.84.184.43 - - [24/Mar/2015:08:48:29 -0500] "GET /galeria/nivo-slider/themes/default/bullets.png HTTP/1.1" 200 1281
186.145.15.143 - - [24/Mar/2015:08:48:29 -0500] "POST /forms/lservlet;jsessionid=ac16012b30d68b4440be7e2741fcbb02c18fde7f4ff7.e3iSbxaKaheRe3eNbhaPbhuQa41ynknvrkLOlQzNp65In0 HTTP/1.1" 200 2
201.245.192.253 - - [24/Mar/2015:08:48:27 -0500] "GET /forest/actions/forms.getList?codForm=consultaexpediente&id=nombretercero&text=CONTINAU HTTP/1.1" 200 167
186.145.15.143 - - [24/Mar/2015:08:48:29 -0500] "POST /forms/lservlet;jsessionid=ac16012b30d68b4440be7e2741fcbb02c18fde7f4ff7.e3iSbxaKaheRe3eNbhaPbhuQa41ynknvrkLOlQzNp65In0 HTTP/1.1" 200 68
201.245.192.253 - - [24/Mar/2015:08:48:27 -0500] "GET /forest/actions/forms.getList?codForm=consultaexpediente&id=nombretercero&text=CONTINAUT HTTP/1.1" 200 167
186.145.15.143 - - [24/Mar/2015:08:48:30 -0500] "POST /forms/lservlet;jsessionid=ac16012b30d68b4440be7e2741fcbb02c18fde7f4ff7.e3iSbxaKaheRe3eNbhaPbhuQa41ynknvrkLOlQzNp65In0 HTTP/1.1" 200 2
186.145.15.143 - - [24/Mar/2015:08:48:30 -0500] "POST /forms/lservlet;jsessionid=ac16012b30d68b4440be7e2741fcbb02c18fde7f4ff7.e3iSbxaKaheRe3eNbhaPbhuQa41ynknvrkLOlQzNp65In0 HTTP/1.1" 200 2
186.145.15.143 - - [24/Mar/2015:08:48:31 -0500] "POST /forms/lservlet;jsessionid=ac16012b30d68b4440be7e2741fcbb02c18fde7f4ff7.e3iSbxaKaheRe3eNbhaPbhuQa41ynknvrkLOlQzNp65In0 HTTP/1.1" 200 1536
186.145.15.143 - - [24/Mar/2015:08:48:31 -0500] "POST /forms/lservlet;jsessionid=ac16012b30d68b4440be7e2741fcbb02c18fde7f4ff7.e3iSbxaKaheRe3eNbhaPbhuQa41ynknvrkLOlQzNp65In0 HTTP/1.1" 200 2
186.145.15.143 - - [24/Mar/2015:08:48:31 -0500] "POST /forms/lservlet;jsessionid=ac16012b30d68b4440be7e2741fcbb02c18fde7f4ff7.e3iSbxaKaheRe3eNbhaPbhuQa41ynknvrkLOlQzNp65In0 HTTP/1.1" 200 2
186.145.15.143 - - [24/Mar/2015:08:48:32 -0500] "POST /forms/lservlet;jsessionid=ac16012b30d68b4440be7e2741fcbb02c18fde7f4ff7.e3iSbxaKaheRe3eNbhaPbhuQa41ynknvrkLOlQzNp65In0 HTTP/1.1" 200 229
186.145.15.143 - - [24/Mar/2015:08:48:32 -0500] "POST /forms/lservlet;jsessionid=ac16012b30d68b4440be7e2741fcbb02c18fde7f4ff7.e3iSbxaKaheRe3eNbhaPbhuQa41ynknvrkLOlQzNp65In0 HTTP/1.1" 200 8
186.145.15.143 - - [24/Mar/2015:08:48:32 -0500] "POST /forms/lservlet;jsessionid=ac16012b30d68b4440be7e2741fcbb02c18fde7f4ff7.e3iSbxaKaheRe3eNbhaPbhuQa41ynknvrkLOlQzNp65In0 HTTP/1.1" 200 2
186.145.15.143 - - [24/Mar/2015:08:48:33 -0500] "POST /forms/lservlet;jsessionid=ac16012b30d68b4440be7e2741fcbb02c18fde7f4ff7.e3iSbxaKaheRe3eNbhaPbhuQa41ynknvrkLOlQzNp65In0 HTTP/1.1" 200 7
186.145.15.143 - - [24/Mar/2015:08:48:33 -0500] "POST /forms/lservlet;jsessionid=ac16012b30d68b4440be7e2741fcbb02c18fde7f4ff7.e3iSbxaKaheRe3eNbhaPbhuQa41ynknvrkLOlQzNp65In0 HTTP/1.1" 200 30309
201.245.192.253 - - [24/Mar/2015:08:48:33 -0500] "POST /forest/actions/forms.saveForm?codPro=110 HTTP/1.1" 200 165
201.245.192.253 - - [24/Mar/2015:08:48:34 -0500] "GET /isolucionsda/FrameSetGeneral.asp?Pagina=Menu.asp&IdModulo=4 HTTP/1.1" 200 205
186.145.15.143 - - [24/Mar/2015:08:48:34 -0500] "POST /forms/lservlet;jsessionid=ac16012b30d68b4440be7e2741fcbb02c18fde7f4ff7.e3iSbxaKaheRe3eNbhaPbhuQa41ynknvrkLOlQzNp65In0 HTTP/1.1" 200 7
186.145.15.143 - - [24/Mar/2015:08:48:34 -0500] "POST /forms/lservlet;jsessionid=ac16012b30d68b4440be7e2741fcbb02c18fde7f4ff7.e3iSbxaKaheRe3eNbhaPbhuQa41ynknvrkLOlQzNp65In0 HTTP/1.1" 200 2
186.145.15.143 - - [24/Mar/2015:08:48:34 -0500] "POST /forms/lservlet;jsessionid=ac16012b30d68b4440be7e2741fcbb02c18fde7f4ff7.e3iSbxaKaheRe3eNbhaPbhuQa41ynknvrkLOlQzNp65In0 HTTP/1.1" 200 27
190.84.184.43 - - [24/Mar/2015:08:48:35 -0500] "GET /videos/Humedal_Comunidad.flv HTTP/1.1" 200 81021584
186.145.15.143 - - [24/Mar/2015:08:48:35 -0500] "POST /forms/lservlet;jsessionid=ac16012b30d68b4440be7e2741fcbb02c18fde7f4ff7.e3iSbxaKaheRe3eNbhaPbhuQa41ynknvrkLOlQzNp65In0 HTTP/1.1" 200 2
201.245.192.253 - - [24/Mar/2015:08:48:35 -0500] "GET /isolucionsda/ControlDeInicio.asp HTTP/1.1" 200 739
201.245.192.253 - - [24/Mar/2015:08:48:35 -0500] "GET /forest/usutareas.do?group_system_actual=3&codTraEsc=17769865 HTTP/1.1" 200 90494
186.145.15.143 - - [24/Mar/2015:08:48:36 -0500] "POST /forms/lservlet;jsessionid=ac16012b30d68b4440be7e2741fcbb02c18fde7f4ff7.e3iSbxaKaheRe3eNbhaPbhuQa41ynknvrkLOlQzNp65In0 HTTP/1.1" 200 2
186.145.15.143 - - [24/Mar/2015:08:48:37 -0500] "POST /forms/lservlet;jsessionid=ac16012b30d68b4440be7e2741fcbb02c18fde7f4ff7.e3iSbxaKaheRe3eNbhaPbhuQa41ynknvrkLOlQzNp65In0 HTTP/1.1" 200 1740
201.245.192.253 - - [24/Mar/2015:08:48:37 -0500] "GET /forest/session.jsp?a=0.862764002988115 HTTP/1.1" 200 4
186.145.15.143 - - [24/Mar/2015:08:48:37 -0500] "POST /forms/lservlet;jsessionid=ac16012b30d68b4440be7e2741fcbb02c18fde7f4ff7.e3iSbxaKaheRe3eNbhaPbhuQa41ynknvrkLOlQzNp65In0 HTTP/1.1" 200 11
186.145.15.143 - - [24/Mar/2015:08:48:39 -0500] "POST /forms/lservlet;jsessionid=ac16012b30d68b4440be7e2741fcbb02c18fde7f4ff7.e3iSbxaKaheRe3eNbhaPbhuQa41ynknvrkLOlQzNp65In0 HTTP/1.1" 200 7
201.245.192.253 - - [24/Mar/2015:08:48:39 -0500] "GET /forest/actions/forms.getList?codForm=expediente&id=tercero4&text=C HTTP/1.1" 200 1369
201.245.192.253 - - [24/Mar/2015:08:48:39 -0500] "GET /forest/actions/forms.getList?codForm=expediente&id=tercero4&text=CO HTTP/1.1" 200 1373
201.245.192.253 - - [24/Mar/2015:08:48:39 -0500] "GET /forest/actions/forms.getList?codForm=expediente&id=tercero4&text=CON HTTP/1.1" 200 1324
190.27.161.44 - - [24/Mar/2015:08:48:39 -0500] "POST /forms/lservlet;jsessionid=ac16012b30d6707107f070d44597bc9bd3972805c9a2.e3iSbxaKaheRe3eNbhaPbhuQa41ynknvrkLOlQzNp65In0 HTTP/1.1" 200 2
201.245.192.253 - - [24/Mar/2015:08:48:39 -0500] "GET /forest/actions/forms.getList?codForm=expediente&id=tercero4&text=CONT HTTP/1.1" 200 1202
186.145.15.143 - - [24/Mar/2015:08:48:39 -0500] "POST /forms/lservlet;jsessionid=ac16012b30d68b4440be7e2741fcbb02c18fde7f4ff7.e3iSbxaKaheRe3eNbhaPbhuQa41ynknvrkLOlQzNp65In0 HTTP/1.1" 200 31185
201.245.192.253 - - [24/Mar/2015:08:48:40 -0500] "GET /forest/actions/forms.getList?codForm=expediente&id=tercero4&text=CONTI HTTP/1.1" 200 1263
186.145.15.143 - - [24/Mar/2015:08:48:40 -0500] "POST /forms/lservlet;jsessionid=ac16012b30d68b4440be7e2741fcbb02c18fde7f4ff7.e3iSbxaKaheRe3eNbhaPbhuQa41ynknvrkLOlQzNp65In0 HTTP/1.1" 200 8
186.145.15.143 - - [24/Mar/2015:08:48:40 -0500] "POST /forms/lservlet;jsessionid=ac16012b30d68b4440be7e2741fcbb02c18fde7f4ff7.e3iSbxaKaheRe3eNbhaPbhuQa41ynknvrkLOlQzNp65In0 HTTP/1.1" 200 2
201.245.192.253 - - [24/Mar/2015:08:48:40 -0500] "GET /forest/actions/forms.getList?codForm=expediente&id=tercero4&text=CONTIN HTTP/1.1" 200 1258
186.145.15.143 - - [24/Mar/2015:08:48:41 -0500] "POST /forms/lservlet;jsessionid=ac16012b30d68b4440be7e2741fcbb02c18fde7f4ff7.e3iSbxaKaheRe3eNbhaPbhuQa41ynknvrkLOlQzNp65In0 HTTP/1.1" 200 2
201.245.192.253 - - [24/Mar/2015:08:48:41 -0500] "GET /galeria/nivo-slider/demo/images/Conoce-los-humedales.jpg HTTP/1.1" 304 -
186.145.15.143 - - [24/Mar/2015:08:48:41 -0500] "POST /forms/lservlet;jsessionid=ac16012b30d68b4440be7e2741fcbb02c18fde7f4ff7.e3iSbxaKaheRe3eNbhaPbhuQa41ynknvrkLOlQzNp65In0 HTTP/1.1" 200 403
186.145.15.143 - - [24/Mar/2015:08:48:41 -0500] "POST /forms/lservlet;jsessionid=ac16012b30d68b4440be7e2741fcbb02c18fde7f4ff7.e3iSbxaKaheRe3eNbhaPbhuQa41ynknvrkLOlQzNp65In0 HTTP/1.1" 200 12
186.145.15.143 - - [24/Mar/2015:08:48:42 -0500] "POST /forms/lservlet;jsessionid=ac16012b30d68b4440be7e2741fcbb02c18fde7f4ff7.e3iSbxaKaheRe3eNbhaPbhuQa41ynknvrkLOlQzNp65In0 HTTP/1.1" 200 2
201.245.192.253 - - [24/Mar/2015:08:48:40 -0500] "GET /forest/actions/forms.getList?codForm=expediente&id=tercero4&text=CONTINA HTTP/1.1" 200 167
201.245.192.253 - - [24/Mar/2015:08:48:40 -0500] "GET /forest/actions/forms.getList?codForm=expediente&id=tercero4&text=CONTINAU HTTP/1.1" 200 167
201.245.192.253 - - [24/Mar/2015:08:48:43 -0500] "GET /isolucionsda/ControlDeInicio.asp HTTP/1.1" 200 739
201.245.192.253 - - [24/Mar/2015:08:48:44 -0500] "GET /isolucionsda/IdentificaUsuario.asp?Pagina1=FrameSetGeneral.asp& HTTP/1.1" 200 4997
201.245.192.253 - - [24/Mar/2015:08:48:44 -0500] "GET /forest/actions/forms.getMappedValues?id=tercero4&value=8600151186&codForm=expediente&a=0.6600628634914756 HTTP/1.1" 200 244
201.245.192.253 - - [24/Mar/2015:08:48:44 -0500] "GET /forest/actions/forms.getItemList?codForm=expediente&id=TIPTER6&value=1&a=0.92872907477431 HTTP/1.1" 200 45
66.249.67.68 - - [24/Mar/2015:08:48:45 -0500] "GET /BLA/resoluciones/AUTOS%202013/1620.pdf HTTP/1.1" 200 2932914
201.245.192.253 - - [24/Mar/2015:08:48:47 -0500] "GET /forest/session.jsp?a=0.21280563087202609 HTTP/1.1" 200 4
200.115.181.2 - - [24/Mar/2015:08:48:48 -0500] "GET /BLA/resoluciones/RESOLUCIONES%202008/0409.pdf HTTP/1.1" 200 740614
200.115.181.2 - - [24/Mar/2015:08:48:51 -0500] "GET /BLA/resoluciones/RESOLUCIONES%202008/0409.pdf HTTP/1.1" 200 740614
180.76.6.143 - - [24/Mar/2015:08:48:51 -0500] "GET /BLA/resoluciones/AUTOS%202013/0004.pdf HTTP/1.1" 200 323816
201.245.192.253 - - [24/Mar/2015:08:48:52 -0500] "POST /isolucionsda/IdentificaUsuario.asp?Pagina1=FrameSetGeneral.asp& HTTP/1.1" 302 173
201.245.192.253 - - [24/Mar/2015:08:48:52 -0500] "GET /isolucionsda/FrameSetGeneral.asp?Pagina1=FrameSetGeneral.asp& HTTP/1.1" 200 6485
201.245.192.253 - - [24/Mar/2015:08:48:52 -0500] "GET /isolucionsda/Encabezado.asp?Pagina1=FrameSetGeneral.asp&&Pagina=MagazinHome.asp HTTP/1.1" 200 15228
201.245.192.253 - - [24/Mar/2015:08:48:52 -0500] "GET /isolucionsda/BarraTitulos.asp?Pagina1=FrameSetGeneral.asp&&Pagina=MagazinHome.asp HTTP/1.1" 200 6844
201.245.192.253 - - [24/Mar/2015:08:48:52 -0500] "GET /isolucionsda/BarraFavoritos.asp HTTP/1.1" 200 911
201.245.192.253 - - [24/Mar/2015:08:48:52 -0500] "GET /isolucionsda/MagazinHome.asp HTTP/1.1" 200 26482
201.245.192.253 - - [24/Mar/2015:08:48:52 -0500] "GET /isolucionsda/Session.asp?Continue=1 HTTP/1.1" 200 6196
201.245.192.253 - - [24/Mar/2015:08:48:52 -0500] "GET /isolucionsda/TareasSFRedirect.asp HTTP/1.1" 302 195
201.245.192.253 - - [24/Mar/2015:08:48:52 -0500] "GET /isolucionsda/g/Bgr_Destacado3399CC.jpg HTTP/1.1" 404 5217
201.245.192.253 - - [24/Mar/2015:08:48:52 -0500] "GET /isolucionsda/Login.aspx?TARGET=SFContainerFiltrado.aspx&number=56545756504949494550 HTTP/1.1" 302 886
201.245.192.253 - - [24/Mar/2015:08:48:53 -0500] "GET /isolucionsda/SFContainerFiltrado.aspx?Number=56545756504949494550 HTTP/1.1" 200 14314
201.245.192.253 - - [24/Mar/2015:08:48:53 -0500] "GET /isolucionsda/DetalleTareas.aspx?Number=56545756504949494550 HTTP/1.1" 200 5355
201.245.192.253 - - [24/Mar/2015:08:48:53 -0500] "GET /isolucionsda/auxlib.js HTTP/1.1" 404 5185
201.245.192.253 - - [24/Mar/2015:08:48:53 -0500] "GET /isolucionsda/infowndpublic.js HTTP/1.1" 404 5199
201.245.192.253 - - [24/Mar/2015:08:48:53 -0500] "GET /isolucionsda/infowndcore.js HTTP/1.1" 404 5195
201.245.192.253 - - [24/Mar/2015:08:48:55 -0500] "GET /isolucionsda/FrameSetGeneral.asp?Pagina=Menu.asp&IdModulo=4 HTTP/1.1" 200 6455
201.245.192.253 - - [24/Mar/2015:08:48:56 -0500] "GET /isolucionsda/Encabezado.asp?Pagina=Menu.asp&IdModulo=4 HTTP/1.1" 200 15229
201.245.192.253 - - [24/Mar/2015:08:48:56 -0500] "GET /isolucionsda/BarraFavoritos.asp HTTP/1.1" 502 1362
201.245.192.253 - - [24/Mar/2015:08:48:56 -0500] "GET /isolucionsda/Menu.asp?Pagina=Menu.asp&IdModulo=4 HTTP/1.1" 200 14529
201.245.192.253 - - [24/Mar/2015:08:48:56 -0500] "GET /isolucionsda/BarraTitulos.asp?Pagina=Menu.asp&IdModulo=4 HTTP/1.1" 200 6857
201.245.192.253 - - [24/Mar/2015:08:48:56 -0500] "GET /isolucionsda/Session.asp?Continue=1 HTTP/1.1" 200 6196
200.115.181.2 - - [24/Mar/2015:08:48:57 -0500] "GET /favicon.ico HTTP/1.1" 200 7782
201.245.192.253 - - [24/Mar/2015:08:48:58 -0500] "GET /isolucionsda/FrameSetGeneral.asp?Pagina=ListadoMaestroDocumentos3.asp HTTP/1.1" 200 6506
201.245.192.253 - - [24/Mar/2015:08:48:59 -0500] "GET /isolucionsda/Encabezado.asp?Pagina=ListadoMaestroDocumentos3.asp HTTP/1.1" 200 15204
201.245.192.253 - - [24/Mar/2015:08:48:59 -0500] "GET /isolucionsda/BarraTitulos.asp?Pagina=ListadoMaestroDocumentos3.asp HTTP/1.1" 200 6857
201.245.192.253 - - [24/Mar/2015:08:48:59 -0500] "GET /isolucionsda/ListadoMaestroDocumentos3.asp?Pagina=ListadoMaestroDocumentos3.asp HTTP/1.1" 200 11339
201.245.192.253 - - [24/Mar/2015:08:48:59 -0500] "GET /isolucionsda/BarraFavoritos.asp HTTP/1.1" 200 911
201.245.192.253 - - [24/Mar/2015:08:48:59 -0500] "GET /isolucionsda/Session.asp?Continue=1 HTTP/1.1" 200 6196
201.245.192.253 - - [24/Mar/2015:08:49:01 -0500] "GET /isolucionsda/Jerarquia.asp?Tabla=Proceso&Form=Admon&CampoDisplay=ProcesoDisplayObjetoProceso&CampoHidden=Proceso&bSubmit=True&items= HTTP/1.1" 200 10459
190.9.193.159 - - [24/Mar/2015:08:49:01 -0500] "GET /galeria/galeria/jquery.fancybox.css?v=2.1.5 HTTP/1.1" 200 4895
190.9.193.159 - - [24/Mar/2015:08:49:02 -0500] "GET /galeria/carrusel/Carrusel/jquery.thumbnailScroller.css HTTP/1.1" 200 2066
190.9.193.159 - - [24/Mar/2015:08:49:02 -0500] "GET /BLA/boletinlegal/js/jquery.scrollShow.js HTTP/1.1" 200 4586
190.9.193.159 - - [24/Mar/2015:08:49:02 -0500] "GET /BLA/boletinlegal/js/jquery.scrollTo-min.js HTTP/1.1" 200 1150
190.9.193.159 - - [24/Mar/2015:08:49:02 -0500] "GET /galeria/galeria/jquery.fancybox.js?v=2.1.5 HTTP/1.1" 200 48706
190.9.193.159 - - [24/Mar/2015:08:49:02 -0500] "GET /galeria/carrusel/Carrusel/jquery-ui-1.8.13.custom.min.js HTTP/1.1" 200 10800
190.9.193.159 - - [24/Mar/2015:08:49:02 -0500] "GET /galeria/carrusel/Carrusel/jquery.thumbnailScroller.js HTTP/1.1" 200 8157
190.9.193.159 - - [24/Mar/2015:08:49:04 -0500] "GET /galeria/nivo-slider/demo/demo.html HTTP/1.1" 200 4356
190.9.193.159 - - [24/Mar/2015:08:49:04 -0500] "GET /galeria/nivo-slider/themes/pascal/pascal.css HTTP/1.1" 200 2258
190.9.193.159 - - [24/Mar/2015:08:49:04 -0500] "GET /galeria/nivo-slider/themes/default/default.css HTTP/1.1" 200 1569
190.9.193.159 - - [24/Mar/2015:08:49:04 -0500] "GET /galeria/nivo-slider/themes/orman/orman.css HTTP/1.1" 200 2152
190.9.193.159 - - [24/Mar/2015:08:49:04 -0500] "GET /galeria/nivo-slider/nivo-slider.css HTTP/1.1" 200 1507
190.9.193.159 - - [24/Mar/2015:08:49:04 -0500] "GET /galeria/nivo-slider/demo/style.css HTTP/1.1" 200 2222
190.9.193.159 - - [24/Mar/2015:08:49:04 -0500] "GET /galeria/nivo-slider/demo/scripts/jquery-1.7.1.min.js HTTP/1.1" 200 93868
190.9.193.159 - - [24/Mar/2015:08:49:04 -0500] "GET /galeria/nivo-slider/jquery.nivo.slider.pack.js HTTP/1.1" 200 11561
190.9.193.159 - - [24/Mar/2015:08:49:05 -0500] "GET /galeria/nivo-slider/demo/images/Banner-semana-santa.jpg HTTP/1.1" 200 350491
190.9.193.159 - - [24/Mar/2015:08:49:05 -0500] "GET /galeria/nivo-slider/demo/images/no-sea-victima.jpg HTTP/1.1" 200 254155
190.9.193.159 - - [24/Mar/2015:08:49:05 -0500] "GET /galeria/nivo-slider/demo/images/Convocatoria_recicladores.jpg HTTP/1.1" 200 213976
190.9.193.159 - - [24/Mar/2015:08:49:06 -0500] "GET /galeria/nivo-slider/demo/images/secretaria-de-ambiente.jpg HTTP/1.1" 200 259142
201.234.246.10 - - [24/Mar/2015:08:49:06 -0500] "GET /galeria/mapa2/humedal.html? HTTP/1.1" 200 11087
201.245.192.253 - - [24/Mar/2015:08:49:10 -0500] "POST /isolucionsda/Jerarquia.asp HTTP/1.1" 200 7973
201.245.192.253 - - [24/Mar/2015:08:49:10 -0500] "POST /isolucionsda/ListadoMaestroDocumentos3.asp HTTP/1.1" 200 16736
190.60.243.118 - - [24/Mar/2015:08:49:12 -0500] "GET /galeria/galeria/jquery.fancybox.css?v=2.1.5 HTTP/1.1" 200 4895
190.60.243.118 - - [24/Mar/2015:08:49:12 -0500] "GET /galeria/carrusel/Carrusel/jquery.thumbnailScroller.css HTTP/1.1" 200 2066
190.60.243.118 - - [24/Mar/2015:08:49:12 -0500] "GET /galeria/carrusel/Carrusel/jquery-ui-1.8.13.custom.min.js HTTP/1.1" 200 10800
190.60.243.118 - - [24/Mar/2015:08:49:15 -0500] "GET /galeria/galeria/jquery.fancybox.js?v=2.1.5 HTTP/1.1" 200 48706
190.60.243.118 - - [24/Mar/2015:08:49:15 -0500] "GET /BLA/boletinlegal/js/jquery.scrollShow.js HTTP/1.1" 200 4586
190.9.193.159 - - [24/Mar/2015:08:49:17 -0500] "GET /videos/Humedal_Comunidad.flv HTTP/1.1" 200 81021584
201.245.192.253 - - [24/Mar/2015:08:49:18 -0500] "GET /isolucionsda/FramesetArticulo.asp?Pagina=BancoConocimiento%2FC%2FControldeProductoNoConforme%5Fv7%2FControldeProductoNoConforme%5Fv7%2Easp&IdArticulo=4960 HTTP/1.1" 200 7197
201.245.192.253 - - [24/Mar/2015:08:49:18 -0500] "GET /isolucionsda/Arriba.asp?Pagina=BancoConocimiento%2FC%2FControldeProductoNoConforme%5Fv7%2FControldeProductoNoConforme%5Fv7%2Easp&IdArticulo=4960 HTTP/1.1" 200 10439
201.245.192.253 - - [24/Mar/2015:08:49:18 -0500] "GET /isolucionsda/BancoConocimiento/C/ControldeProductoNoConforme_v7/ControldeProductoNoConforme_v7.asp?IdArticulo=4960 HTTP/1.1" 200 44088
201.245.192.253 - - [24/Mar/2015:08:49:19 -0500] "GET /isolucionsda/g/vacio1x1.gif HTTP/1.1" 404 5195
186.145.15.143 - - [24/Mar/2015:08:49:20 -0500] "POST /forms/lservlet;jsessionid=ac16012b30d68b4440be7e2741fcbb02c18fde7f4ff7.e3iSbxaKaheRe3eNbhaPbhuQa41ynknvrkLOlQzNp65In0 HTTP/1.1" 200 519
186.145.15.143 - - [24/Mar/2015:08:49:20 -0500] "POST /forms/lservlet;jsessionid=ac16012b30d68b4440be7e2741fcbb02c18fde7f4ff7.e3iSbxaKaheRe3eNbhaPbhuQa41ynknvrkLOlQzNp65In0 HTTP/1.1" 200 2
190.60.243.118 - - [24/Mar/2015:08:49:21 -0500] "GET /BLA/boletinlegal/js/jquery.scrollTo-min.js HTTP/1.1" 200 1150
186.145.15.143 - - [24/Mar/2015:08:49:22 -0500] "POST /forms/lservlet;jsessionid=ac16012b30d68b4440be7e2741fcbb02c18fde7f4ff7.e3iSbxaKaheRe3eNbhaPbhuQa41ynknvrkLOlQzNp65In0 HTTP/1.1" 200 2
186.145.15.143 - - [24/Mar/2015:08:49:22 -0500] "POST /forms/lservlet;jsessionid=ac16012b30d68b4440be7e2741fcbb02c18fde7f4ff7.e3iSbxaKaheRe3eNbhaPbhuQa41ynknvrkLOlQzNp65In0 HTTP/1.1" 200 245
186.145.15.143 - - [24/Mar/2015:08:49:22 -0500] "POST /forms/lservlet;jsessionid=ac16012b30d68b4440be7e2741fcbb02c18fde7f4ff7.e3iSbxaKaheRe3eNbhaPbhuQa41ynknvrkLOlQzNp65In0 HTTP/1.1" 200 2
186.145.15.143 - - [24/Mar/2015:08:49:23 -0500] "POST /forms/lservlet;jsessionid=ac16012b30d68b4440be7e2741fcbb02c18fde7f4ff7.e3iSbxaKaheRe3eNbhaPbhuQa41ynknvrkLOlQzNp65In0 HTTP/1.1" 200 2
201.245.192.253 - - [24/Mar/2015:08:49:23 -0500] "GET /galeria/nivo-slider/demo/images/Conoce-los-humedales.jpg HTTP/1.1" 304 -
186.145.15.143 - - [24/Mar/2015:08:49:23 -0500] "POST /forms/lservlet;jsessionid=ac16012b30d68b4440be7e2741fcbb02c18fde7f4ff7.e3iSbxaKaheRe3eNbhaPbhuQa41ynknvrkLOlQzNp65In0 HTTP/1.1" 200 202
66.249.67.84 - - [24/Mar/2015:08:49:25 -0500] "GET /BLA/resoluciones/AUTOS%202011/5612.pdf HTTP/1.1" 200 362039
186.145.15.143 - - [24/Mar/2015:08:49:25 -0500] "POST /forms/lservlet;jsessionid=ac16012b30d68b4440be7e2741fcbb02c18fde7f4ff7.e3iSbxaKaheRe3eNbhaPbhuQa41ynknvrkLOlQzNp65In0 HTTP/1.1" 200 2
186.145.15.143 - - [24/Mar/2015:08:49:25 -0500] "POST /forms/lservlet;jsessionid=ac16012b30d68b4440be7e2741fcbb02c18fde7f4ff7.e3iSbxaKaheRe3eNbhaPbhuQa41ynknvrkLOlQzNp65In0 HTTP/1.1" 200 68
190.26.70.75 - - [24/Mar/2015:08:49:25 -0500] "GET /galeria/galeria/jquery.fancybox.js?v=2.1.5 HTTP/1.1" 200 48706
181.60.249.33 - - [24/Mar/2015:08:49:25 -0500] "GET /BLA/boletinlegal/js/jquery.scrollTo-min.js HTTP/1.1" 200 1150
181.60.249.33 - - [24/Mar/2015:08:49:25 -0500] "GET /BLA/boletinlegal/js/jquery.scrollShow.js HTTP/1.1" 200 4586
181.60.249.33 - - [24/Mar/2015:08:49:25 -0500] "GET /galeria/galeria/jquery.fancybox.js?v=2.1.5 HTTP/1.1" 200 48706
181.60.249.33 - - [24/Mar/2015:08:49:25 -0500] "GET /galeria/galeria/jquery.fancybox.css?v=2.1.5 HTTP/1.1" 200 4895
181.60.249.33 - - [24/Mar/2015:08:49:25 -0500] "GET /galeria/carrusel/Carrusel/jquery.thumbnailScroller.css HTTP/1.1" 200 2066
181.60.249.33 - - [24/Mar/2015:08:49:25 -0500] "GET /galeria/carrusel/Carrusel/jquery-ui-1.8.13.custom.min.js HTTP/1.1" 200 10800
190.26.70.75 - - [24/Mar/2015:08:49:25 -0500] "GET /galeria/galeria/jquery.fancybox.css?v=2.1.5 HTTP/1.1" 200 4895
186.145.15.143 - - [24/Mar/2015:08:49:25 -0500] "POST /forms/lservlet;jsessionid=ac16012b30d68b4440be7e2741fcbb02c18fde7f4ff7.e3iSbxaKaheRe3eNbhaPbhuQa41ynknvrkLOlQzNp65In0 HTTP/1.1" 200 2
181.60.249.33 - - [24/Mar/2015:08:49:25 -0500] "GET /galeria/carrusel/Carrusel/jquery.thumbnailScroller.js HTTP/1.1" 200 8157
201.245.192.253 - - [24/Mar/2015:08:43:25 -0500] "GET /ForestMSG_SDA/channelAsync/template_word_17769670?X-Atmosphere-tracking-id=0372d227-f7b4-e128-f355-0a774c142b79&X-Atmosphere-Framework=1.0.5&X-Atmosphere-Transport=long-polling&tabid=0.5978777948766947&X-Cache-Date=0&Content-Type=application/xml&_=1427204756998 HTTP/1.1" 200 8193
190.26.70.75 - - [24/Mar/2015:08:49:25 -0500] "GET /galeria/carrusel/Carrusel/jquery.thumbnailScroller.css HTTP/1.1" 200 2066
190.26.70.75 - - [24/Mar/2015:08:49:25 -0500] "GET /galeria/carrusel/Carrusel/jquery-ui-1.8.13.custom.min.js HTTP/1.1" 200 10800
190.26.70.75 - - [24/Mar/2015:08:49:26 -0500] "GET /galeria/carrusel/Carrusel/jquery.thumbnailScroller.js HTTP/1.1" 200 8157
186.145.15.143 - - [24/Mar/2015:08:49:26 -0500] "POST /forms/lservlet;jsessionid=ac16012b30d68b4440be7e2741fcbb02c18fde7f4ff7.e3iSbxaKaheRe3eNbhaPbhuQa41ynknvrkLOlQzNp65In0 HTTP/1.1" 200 2
186.145.15.143 - - [24/Mar/2015:08:49:26 -0500] "POST /forms/lservlet;jsessionid=ac16012b30d68b4440be7e2741fcbb02c18fde7f4ff7.e3iSbxaKaheRe3eNbhaPbhuQa41ynknvrkLOlQzNp65In0 HTTP/1.1" 200 1528
186.145.15.143 - - [24/Mar/2015:08:49:27 -0500] "POST /forms/lservlet;jsessionid=ac16012b30d68b4440be7e2741fcbb02c18fde7f4ff7.e3iSbxaKaheRe3eNbhaPbhuQa41ynknvrkLOlQzNp65In0 HTTP/1.1" 200 2
186.145.15.143 - - [24/Mar/2015:08:49:27 -0500] "POST /forms/lservlet;jsessionid=ac16012b30d68b4440be7e2741fcbb02c18fde7f4ff7.e3iSbxaKaheRe3eNbhaPbhuQa41ynknvrkLOlQzNp65In0 HTTP/1.1" 200 2
190.26.70.75 - - [24/Mar/2015:08:49:27 -0500] "GET /BLA/boletinlegal/js/jquery.scrollTo-min.js HTTP/1.1" 200 1150
190.26.70.75 - - [24/Mar/2015:08:49:27 -0500] "GET /BLA/boletinlegal/js/jquery.scrollShow.js HTTP/1.1" 200 4586
186.145.15.143 - - [24/Mar/2015:08:49:28 -0500] "POST /forms/lservlet;jsessionid=ac16012b30d68b4440be7e2741fcbb02c18fde7f4ff7.e3iSbxaKaheRe3eNbhaPbhuQa41ynknvrkLOlQzNp65In0 HTTP/1.1" 200 2
186.145.15.143 - - [24/Mar/2015:08:49:28 -0500] "POST /forms/lservlet;jsessionid=ac16012b30d68b4440be7e2741fcbb02c18fde7f4ff7.e3iSbxaKaheRe3eNbhaPbhuQa41ynknvrkLOlQzNp65In0 HTTP/1.1" 200 115
190.26.70.75 - - [24/Mar/2015:08:49:28 -0500] "GET /BLA/boletinlegal/js/jquery.scrollTo-min.js HTTP/1.1" 200 1150
190.26.70.75 - - [24/Mar/2015:08:49:28 -0500] "GET /BLA/boletinlegal/js/jquery.scrollShow.js HTTP/1.1" 200 4586
186.145.15.143 - - [24/Mar/2015:08:49:28 -0500] "POST /forms/lservlet;jsessionid=ac16012b30d68b4440be7e2741fcbb02c18fde7f4ff7.e3iSbxaKaheRe3eNbhaPbhuQa41ynknvrkLOlQzNp65In0 HTTP/1.1" 200 2
186.145.15.143 - - [24/Mar/2015:08:49:29 -0500] "POST /forms/lservlet;jsessionid=ac16012b30d68b4440be7e2741fcbb02c18fde7f4ff7.e3iSbxaKaheRe3eNbhaPbhuQa41ynknvrkLOlQzNp65In0 HTTP/1.1" 200 2
186.145.15.143 - - [24/Mar/2015:08:49:29 -0500] "POST /forms/lservlet;jsessionid=ac16012b30d68b4440be7e2741fcbb02c18fde7f4ff7.e3iSbxaKaheRe3eNbhaPbhuQa41ynknvrkLOlQzNp65In0 HTTP/1.1" 200 84
190.60.243.118 - - [24/Mar/2015:08:49:30 -0500] "GET /galeria/nivo-slider/demo/demo.html HTTP/1.1" 200 4356
186.145.15.143 - - [24/Mar/2015:08:49:30 -0500] "POST /forms/lservlet;jsessionid=ac16012b30d68b4440be7e2741fcbb02c18fde7f4ff7.e3iSbxaKaheRe3eNbhaPbhuQa41ynknvrkLOlQzNp65In0 HTTP/1.1" 200 243
190.26.70.75 - - [24/Mar/2015:08:49:30 -0500] "GET /galeria/nivo-slider/demo/demo.html HTTP/1.1" 200 4356
190.26.70.75 - - [24/Mar/2015:08:49:30 -0500] "GET /galeria/nivo-slider/themes/default/default.css HTTP/1.1" 200 1569
190.26.70.75 - - [24/Mar/2015:08:49:30 -0500] "GET /galeria/nivo-slider/themes/pascal/pascal.css HTTP/1.1" 200 2258
190.26.70.75 - - [24/Mar/2015:08:49:30 -0500] "GET /galeria/nivo-slider/themes/orman/orman.css HTTP/1.1" 200 2152
190.26.70.75 - - [24/Mar/2015:08:49:30 -0500] "GET /galeria/nivo-slider/nivo-slider.css HTTP/1.1" 200 1507
190.26.70.75 - - [24/Mar/2015:08:49:30 -0500] "GET /galeria/nivo-slider/demo/style.css HTTP/1.1" 200 2222
190.26.70.75 - - [24/Mar/2015:08:49:30 -0500] "GET /galeria/nivo-slider/demo/scripts/jquery-1.7.1.min.js HTTP/1.1" 200 93868
190.26.70.75 - - [24/Mar/2015:08:49:30 -0500] "GET /galeria/nivo-slider/demo/images/Banner-semana-santa.jpg HTTP/1.1" 200 350491
190.26.70.75 - - [24/Mar/2015:08:49:30 -0500] "GET /galeria/nivo-slider/jquery.nivo.slider.pack.js HTTP/1.1" 200 11561
190.26.70.75 - - [24/Mar/2015:08:49:30 -0500] "GET /galeria/nivo-slider/demo/images/no-sea-victima.jpg HTTP/1.1" 200 254155
190.26.70.75 - - [24/Mar/2015:08:49:30 -0500] "GET /galeria/nivo-slider/demo/images/Convocatoria_recicladores.jpg HTTP/1.1" 200 213976
201.234.246.10 - - [24/Mar/2015:08:49:30 -0500] "GET /videos/Humedal_Comunidad.flv HTTP/1.1" 200 81021584
186.145.15.143 - - [24/Mar/2015:08:49:31 -0500] "POST /forms/lservlet;jsessionid=ac16012b30d68b4440be7e2741fcbb02c18fde7f4ff7.e3iSbxaKaheRe3eNbhaPbhuQa41ynknvrkLOlQzNp65In0 HTTP/1.1" 200 7
181.60.249.33 - - [24/Mar/2015:08:49:31 -0500] "GET /galeria/nivo-slider/demo/demo.html HTTP/1.1" 200 4356
181.60.249.33 - - [24/Mar/2015:08:49:31 -0500] "GET /galeria/nivo-slider/themes/default/default.css HTTP/1.1" 200 1569
181.60.249.33 - - [24/Mar/2015:08:49:31 -0500] "GET /galeria/nivo-slider/themes/pascal/pascal.css HTTP/1.1" 200 2258
181.60.249.33 - - [24/Mar/2015:08:49:31 -0500] "GET /galeria/nivo-slider/nivo-slider.css HTTP/1.1" 200 1507
181.60.249.33 - - [24/Mar/2015:08:49:31 -0500] "GET /galeria/nivo-slider/themes/orman/orman.css HTTP/1.1" 200 2152
181.60.249.33 - - [24/Mar/2015:08:49:31 -0500] "GET /galeria/nivo-slider/demo/style.css HTTP/1.1" 200 2222
181.60.249.33 - - [24/Mar/2015:08:49:31 -0500] "GET /galeria/nivo-slider/demo/images/Banner-semana-santa.jpg HTTP/1.1" 200 350491
181.60.249.33 - - [24/Mar/2015:08:49:31 -0500] "GET /galeria/nivo-slider/demo/images/no-sea-victima.jpg HTTP/1.1" 200 254155
181.60.249.33 - - [24/Mar/2015:08:49:31 -0500] "GET /galeria/nivo-slider/demo/images/secretaria-de-ambiente.jpg HTTP/1.1" 200 259142
181.60.249.33 - - [24/Mar/2015:08:49:31 -0500] "GET /galeria/nivo-slider/demo/images/Convocatoria_recicladores.jpg HTTP/1.1" 200 213976
190.26.70.75 - - [24/Mar/2015:08:49:31 -0500] "GET /galeria/nivo-slider/demo/images/4Simple_Slider.png HTTP/1.1" 200 11722
190.26.70.75 - - [24/Mar/2015:08:49:32 -0500] "GET /galeria/nivo-slider/themes/default/loading.gif HTTP/1.1" 200 1737
186.145.15.143 - - [24/Mar/2015:08:49:31 -0500] "POST /forms/lservlet;jsessionid=ac16012b30d68b4440be7e2741fcbb02c18fde7f4ff7.e3iSbxaKaheRe3eNbhaPbhuQa41ynknvrkLOlQzNp65In0 HTTP/1.1" 200 30460
186.145.15.143 - - [24/Mar/2015:08:49:32 -0500] "POST /forms/lservlet;jsessionid=ac16012b30d68b4440be7e2741fcbb02c18fde7f4ff7.e3iSbxaKaheRe3eNbhaPbhuQa41ynknvrkLOlQzNp65In0 HTTP/1.1" 200 7
186.145.15.143 - - [24/Mar/2015:08:49:32 -0500] "POST /forms/lservlet;jsessionid=ac16012b30d68b4440be7e2741fcbb02c18fde7f4ff7.e3iSbxaKaheRe3eNbhaPbhuQa41ynknvrkLOlQzNp65In0 HTTP/1.1" 200 2
186.145.15.143 - - [24/Mar/2015:08:49:32 -0500] "POST /forms/lservlet;jsessionid=ac16012b30d68b4440be7e2741fcbb02c18fde7f4ff7.e3iSbxaKaheRe3eNbhaPbhuQa41ynknvrkLOlQzNp65In0 HTTP/1.1" 200 27
181.60.249.33 - - [24/Mar/2015:08:49:33 -0500] "GET /galeria/nivo-slider/demo/images/4Simple_Slider.png HTTP/1.1" 200 11722
181.60.249.33 - - [24/Mar/2015:08:49:33 -0500] "GET /galeria/nivo-slider/themes/default/loading.gif HTTP/1.1" 200 1737
190.60.243.118 - - [24/Mar/2015:08:49:33 -0500] "GET /galeria/nivo-slider/demo/style.css HTTP/1.1" 200 2222
190.60.243.118 - - [24/Mar/2015:08:49:33 -0500] "GET /galeria/nivo-slider/demo/images/Banner-decreto1299.jpg HTTP/1.1" 200 182613
190.60.243.118 - - [24/Mar/2015:08:49:33 -0500] "GET /galeria/nivo-slider/demo/images/Licitaciones-proyecto-paramo.jpg HTTP/1.1" 200 221877
190.26.70.75 - - [24/Mar/2015:08:49:33 -0500] "GET /galeria/nivo-slider/demo/images/secretaria-de-ambiente.jpg HTTP/1.1" 200 259142
190.26.70.75 - - [24/Mar/2015:08:49:33 -0500] "GET /galeria/nivo-slider/demo/images/Licitaciones-proyecto-paramo.jpg HTTP/1.1" 200 221877
190.26.70.75 - - [24/Mar/2015:08:49:33 -0500] "GET /galeria/nivo-slider/demo/images/Banner-decreto1299.jpg HTTP/1.1" 200 182613
190.26.70.75 - - [24/Mar/2015:08:49:33 -0500] "GET /galeria/nivo-slider/demo/images/Banner-Directorio.jpg HTTP/1.1" 200 182068
186.145.15.143 - - [24/Mar/2015:08:49:33 -0500] "POST /forms/lservlet;jsessionid=ac16012b30d68b4440be7e2741fcbb02c18fde7f4ff7.e3iSbxaKaheRe3eNbhaPbhuQa41ynknvrkLOlQzNp65In0 HTTP/1.1" 200 2
190.60.243.118 - - [24/Mar/2015:08:49:33 -0500] "GET /galeria/nivo-slider/demo/images/Convocatoria_recicladores.jpg HTTP/1.1" 200 213976
181.60.249.33 - - [24/Mar/2015:08:49:34 -0500] "GET /galeria/nivo-slider/demo/images/Licitaciones-proyecto-paramo.jpg HTTP/1.1" 200 221877
181.60.249.33 - - [24/Mar/2015:08:49:34 -0500] "GET /galeria/nivo-slider/demo/images/Banner-decreto1299.jpg HTTP/1.1" 200 182613
181.60.249.33 - - [24/Mar/2015:08:49:34 -0500] "GET /galeria/nivo-slider/demo/images/Banner-Directorio.jpg HTTP/1.1" 200 182068
190.26.70.75 - - [24/Mar/2015:08:49:34 -0500] "GET /galeria/nivo-slider/demo/images/banner-V2.jpg HTTP/1.1" 304 -
190.26.70.75 - - [24/Mar/2015:08:49:34 -0500] "GET /galeria/nivo-slider/demo/images/Ruta-vertimientos-01.jpg HTTP/1.1" 200 130151
186.145.15.143 - - [24/Mar/2015:08:49:34 -0500] "POST /forms/lservlet;jsessionid=ac16012b30d68b4440be7e2741fcbb02c18fde7f4ff7.e3iSbxaKaheRe3eNbhaPbhuQa41ynknvrkLOlQzNp65In0 HTTP/1.1" 200 2
181.60.249.33 - - [24/Mar/2015:08:49:34 -0500] "GET /galeria/nivo-slider/demo/images/banner-V2.jpg HTTP/1.1" 200 167020
186.145.15.143 - - [24/Mar/2015:08:49:34 -0500] "POST /forms/lservlet;jsessionid=ac16012b30d68b4440be7e2741fcbb02c18fde7f4ff7.e3iSbxaKaheRe3eNbhaPbhuQa41ynknvrkLOlQzNp65In0 HTTP/1.1" 200 1568
186.145.15.143 - - [24/Mar/2015:08:49:35 -0500] "POST /forms/lservlet;jsessionid=ac16012b30d68b4440be7e2741fcbb02c18fde7f4ff7.e3iSbxaKaheRe3eNbhaPbhuQa41ynknvrkLOlQzNp65In0 HTTP/1.1" 200 11
190.26.70.75 - - [24/Mar/2015:08:49:35 -0500] "GET /galeria/nivo-slider/demo/images/bolsas-06.jpg HTTP/1.1" 200 90982
190.26.70.75 - - [24/Mar/2015:08:49:35 -0500] "GET /galeria/nivo-slider/demo/images/bolsas-08.jpg HTTP/1.1" 200 85589
190.60.243.118 - - [24/Mar/2015:08:49:36 -0500] "GET /galeria/carrusel/Carrusel/jquery.thumbnailScroller.js HTTP/1.1" 200 8157
186.145.15.143 - - [24/Mar/2015:08:49:36 -0500] "POST /forms/lservlet;jsessionid=ac16012b30d68b4440be7e2741fcbb02c18fde7f4ff7.e3iSbxaKaheRe3eNbhaPbhuQa41ynknvrkLOlQzNp65In0 HTTP/1.1" 200 7
201.245.192.253 - - [24/Mar/2015:08:49:36 -0500] "POST /forest/usutareas.do? HTTP/1.1" 200 76
190.60.243.118 - - [24/Mar/2015:08:49:36 -0500] "GET /galeria/nivo-slider/demo/images/Banner-Directorio.jpg HTTP/1.1" 200 182068
181.60.249.33 - - [24/Mar/2015:08:49:36 -0500] "GET /galeria/nivo-slider/demo/images/Ruta-vertimientos-01.jpg HTTP/1.1" 200 130151
190.26.70.75 - - [24/Mar/2015:08:49:36 -0500] "GET /galeria/nivo-slider/demo/images/redes_sociales.jpg HTTP/1.1" 200 415652
181.60.249.33 - - [24/Mar/2015:08:49:37 -0500] "GET /galeria/nivo-slider/demo/images/bolsas-06.jpg HTTP/1.1" 200 90982
190.60.243.118 - - [24/Mar/2015:08:49:37 -0500] "GET /galeria/nivo-slider/demo/images/no-sea-victima.jpg HTTP/1.1" 200 254155
190.26.70.75 - - [24/Mar/2015:08:49:37 -0500] "GET /galeria/nivo-slider/demo/images/Conoce-los-humedales.jpg HTTP/1.1" 200 294036
181.60.249.33 - - [24/Mar/2015:08:49:37 -0500] "GET /galeria/nivo-slider/demo/images/bolsas-08.jpg HTTP/1.1" 200 85589
201.245.192.253 - - [24/Mar/2015:08:49:37 -0500] "GET /isolucionsda/CalendarioDisplayHidden.asp?Form=NoConformidadISOlucion&Campo=FechaSeguimiento2&Campo1=FechaSeguimiento2_Display HTTP/1.1" 200 15782
186.145.15.143 - - [24/Mar/2015:08:49:37 -0500] "POST /forms/lservlet;jsessionid=ac16012b30d68b4440be7e2741fcbb02c18fde7f4ff7.e3iSbxaKaheRe3eNbhaPbhuQa41ynknvrkLOlQzNp65In0 HTTP/1.1" 200 38065
201.245.192.253 - - [24/Mar/2015:08:49:38 -0500] "GET /isolucionsda/Graficas/line.gif HTTP/1.1" 404 5201
201.245.192.253 - - [24/Mar/2015:08:49:38 -0500] "GET /isolucionsda/g/vacio1x1.gif HTTP/1.1" 404 5195
190.26.70.75 - - [24/Mar/2015:08:49:38 -0500] "GET /galeria/nivo-slider/demo/images/ecolecta-Dic2014.png HTTP/1.1" 200 288593
190.26.70.75 - - [24/Mar/2015:08:49:38 -0500] "GET /galeria/nivo-slider/demo/images/porloshumedales.jpg HTTP/1.1" 200 351238
181.60.249.33 - - [24/Mar/2015:08:49:38 -0500] "GET /galeria/nivo-slider/demo/images/redes_sociales.jpg HTTP/1.1" 200 415652
190.26.70.75 - - [24/Mar/2015:08:49:38 -0500] "GET /galeria/nivo-slider/demo/images/Tingua-azul.jpg HTTP/1.1" 200 307638
181.60.249.33 - - [24/Mar/2015:08:49:38 -0500] "GET /videos/Humedal_Comunidad.flv HTTP/1.1" 200 81021584
181.60.249.33 - - [24/Mar/2015:08:49:38 -0500] "GET /galeria/nivo-slider/demo/images/Conoce-los-humedales.jpg HTTP/1.1" 200 294036
181.60.249.33 - - [24/Mar/2015:08:49:38 -0500] "GET /galeria/nivo-slider/demo/images/ecolecta-Dic2014.png HTTP/1.1" 200 288593
186.145.15.143 - - [24/Mar/2015:08:49:38 -0500] "POST /forms/lservlet;jsessionid=ac16012b30d68b4440be7e2741fcbb02c18fde7f4ff7.e3iSbxaKaheRe3eNbhaPbhuQa41ynknvrkLOlQzNp65In0 HTTP/1.1" 200 8
186.145.15.143 - - [24/Mar/2015:08:49:38 -0500] "POST /forms/lservlet;jsessionid=ac16012b30d68b4440be7e2741fcbb02c18fde7f4ff7.e3iSbxaKaheRe3eNbhaPbhuQa41ynknvrkLOlQzNp65In0 HTTP/1.1" 200 2
201.245.192.253 - - [24/Mar/2015:08:49:39 -0500] "GET /isolucionsda/g/vacio1x1.gif HTTP/1.1" 404 5195
181.60.249.33 - - [24/Mar/2015:08:49:39 -0500] "GET /galeria/nivo-slider/demo/images/porloshumedales.jpg HTTP/1.1" 200 351238
181.60.249.33 - - [24/Mar/2015:08:49:42 -0500] "GET /galeria/nivo-slider/demo/images/Tingua-azul.jpg HTTP/1.1" 200 307638
190.60.243.118 - - [24/Mar/2015:08:49:42 -0500] "GET /galeria/nivo-slider/demo/images/Banner-semana-santa.jpg HTTP/1.1" 200 350491
201.245.192.253 - - [24/Mar/2015:08:49:40 -0500] "GET /forest/usutareas.do?group_system_actual=3&a=0.11490618088282645 HTTP/1.1" 200 133935
201.245.192.253 - - [24/Mar/2015:08:49:42 -0500] "GET /forest/session.jsp?a=0.967660662252456 HTTP/1.1" 200 4
201.245.192.253 - - [24/Mar/2015:08:49:42 -0500] "GET /forest/actions/forms.getList?codForm=AperturaExpediente&id=sede47&complementFilter={%22tercero4%22:%20null} HTTP/1.1" 200 2
181.60.249.33 - - [24/Mar/2015:08:49:42 -0500] "GET /galeria/nivo-slider/demo/images/banner-llantas2.jpg HTTP/1.1" 200 73153
201.245.192.253 - - [24/Mar/2015:08:49:42 -0500] "GET /forest/actions/forms.getList?codForm=AperturaExpediente&id=sede47&complementFilter={%22tercero4%22:%20%228600151186%22} HTTP/1.1" 200 57
201.245.192.253 - - [24/Mar/2015:08:49:42 -0500] "GET /forest/actions/forms.getMappedValues?id=tercero4&value=8600151186&codForm=AperturaExpediente&a=0.878420150373131 HTTP/1.1" 200 293
