181.142.202.142 - - [26/Mar/2015:01:19:35 -0500] "GET /galeria/nivo-slider/demo/images/banner-llantas2.jpg HTTP/1.1" 200 73153
181.142.202.142 - - [26/Mar/2015:01:19:35 -0500] "GET /galeria/nivo-slider/demo/images/Tingua-azul.jpg HTTP/1.1" 200 307638
181.142.202.142 - - [26/Mar/2015:01:19:35 -0500] "GET /galeria/nivo-slider/demo/images/9Signos.jpg HTTP/1.1" 200 93040
181.142.202.142 - - [26/Mar/2015:01:19:35 -0500] "GET /galeria/nivo-slider/demo/images/ecolecta-Dic2014.png HTTP/1.1" 200 288593
181.142.202.142 - - [26/Mar/2015:01:19:35 -0500] "GET /galeria/nivo-slider/demo/images/porloshumedales.jpg HTTP/1.1" 200 351238
181.142.202.142 - - [26/Mar/2015:01:19:38 -0500] "GET /galeria/nivo-slider/themes/default/bullets.png HTTP/1.1" 200 1281
181.142.202.142 - - [26/Mar/2015:01:19:38 -0500] "GET /galeria/nivo-slider/themes/default/arrows.png HTTP/1.1" 200 824
181.142.202.142 - - [26/Mar/2015:01:19:39 -0500] "GET /videos/Humedal_Comunidad.flv HTTP/1.1" 200 81021584
66.249.73.171 - - [26/Mar/2015:01:20:09 -0500] "GET /BLA/resoluciones/RESOLUCIONES%202012/1115.pdf HTTP/1.1" 304 -
181.142.202.142 - - [26/Mar/2015:01:20:25 -0500] "GET /BLA/boletinlegal/js/jquery.scrollTo-min.js HTTP/1.1" 304 -
181.142.202.142 - - [26/Mar/2015:01:20:25 -0500] "GET /galeria/galeria/jquery.fancybox.css?v=2.1.5 HTTP/1.1" 304 -
181.142.202.142 - - [26/Mar/2015:01:20:25 -0500] "GET /BLA/boletinlegal/js/jquery.scrollShow.js HTTP/1.1" 304 -
181.142.202.142 - - [26/Mar/2015:01:20:25 -0500] "GET /galeria/galeria/jquery.fancybox.js?v=2.1.5 HTTP/1.1" 304 -
201.245.192.253 - - [26/Mar/2015:01:20:29 -0500] "GET /forest/session.jsp?a=0.8092049223975342 HTTP/1.1" 200 4
66.249.73.163 - - [26/Mar/2015:01:20:35 -0500] "GET /BLA/resoluciones/RESOLUCIONES%202011/3035.pdf HTTP/1.1" 200 699466
74.86.158.107 - - [26/Mar/2015:01:21:40 -0500] "HEAD / HTTP/1.1" 302 -
181.130.74.160 - - [26/Mar/2015:01:22:25 -0500] "GET /videos/QueEsPREAD.flv HTTP/1.1" 200 15958405
66.249.73.171 - - [26/Mar/2015:01:22:26 -0500] "GET /BLA/resoluciones/AUTOS%202011/3479.pdf HTTP/1.1" 200 209231
66.249.73.171 - - [26/Mar/2015:01:22:32 -0500] "GET /BLA/resoluciones/RESOLUCIONES%202012/0040.pdf HTTP/1.1" 200 594973
190.25.1.82 - - [26/Mar/2015:01:23:16 -0500] "GET /galeria/galeria/jquery.fancybox.css?v=2.1.5 HTTP/1.1" 304 -
190.25.1.82 - - [26/Mar/2015:01:23:16 -0500] "GET /BLA/boletinlegal/js/jquery.scrollTo-min.js HTTP/1.1" 304 -
190.25.1.82 - - [26/Mar/2015:01:23:16 -0500] "GET /BLA/boletinlegal/js/jquery.scrollShow.js HTTP/1.1" 304 -
190.25.1.82 - - [26/Mar/2015:01:23:16 -0500] "GET /galeria/galeria/jquery.fancybox.js?v=2.1.5 HTTP/1.1" 304 -
66.249.65.192 - - [26/Mar/2015:01:23:19 -0500] "GET /POT-2013/Cartografia/28_USOS%20Y%20AREAS%20DE%20ACTIVIDAD.pdf HTTP/1.1" 304 -
180.76.5.169 - - [26/Mar/2015:01:23:25 -0500] "GET /BLA/resoluciones/AUTOS%202011/1904.pdf HTTP/1.1" 200 208358
190.157.153.111 - - [26/Mar/2015:01:23:25 -0500] "GET /forest/session.jsp?a=0.28902619727887213 HTTP/1.1" 200 4
181.50.22.167 - - [26/Mar/2015:01:23:32 -0500] "GET /galeria/galeria/jquery.fancybox.css?v=2.1.5 HTTP/1.1" 200 4895
181.50.22.167 - - [26/Mar/2015:01:23:32 -0500] "GET /BLA/boletinlegal/js/jquery.scrollTo-min.js HTTP/1.1" 200 1150
181.50.22.167 - - [26/Mar/2015:01:23:32 -0500] "GET /BLA/boletinlegal/js/jquery.scrollShow.js HTTP/1.1" 200 4586
181.50.22.167 - - [26/Mar/2015:01:23:32 -0500] "GET /galeria/galeria/jquery.fancybox.js?v=2.1.5 HTTP/1.1" 200 48706
181.50.22.167 - - [26/Mar/2015:01:23:37 -0500] "GET /BLA/boletinlegal/js/jquery.scrollTo-min.js HTTP/1.1" 304 -
181.50.22.167 - - [26/Mar/2015:01:23:37 -0500] "GET /BLA/boletinlegal/js/jquery.scrollShow.js HTTP/1.1" 304 -
181.50.22.167 - - [26/Mar/2015:01:23:37 -0500] "GET /galeria/galeria/jquery.fancybox.js?v=2.1.5 HTTP/1.1" 304 -
181.50.22.167 - - [26/Mar/2015:01:23:37 -0500] "GET /galeria/galeria/jquery.fancybox.css?v=2.1.5 HTTP/1.1" 304 -
201.245.192.253 - - [26/Mar/2015:01:23:52 -0500] "GET /forest/session.jsp?a=0.642505935231989 HTTP/1.1" 200 4
190.157.153.111 - - [26/Mar/2015:01:19:24 -0500] "GET /ForestMSG_SDA/channelAsync/template_word_17792703?X-Atmosphere-tracking-id=2be5a3fa-dd7f-13ae-45b4-30c212897a48&X-Atmosphere-Framework=1.0.5&X-Atmosphere-Transport=long-polling&tabid=0.5903563420288265&X-Cache-Date=0&Content-Type=application/xml&_=1427350917163 HTTP/1.1" 200 8193
201.245.192.253 - - [26/Mar/2015:01:25:29 -0500] "GET /forest/session.jsp?a=0.43064862344068977 HTTP/1.1" 200 4
66.249.73.163 - - [26/Mar/2015:01:25:41 -0500] "GET /BLA/resoluciones/RESOLUCIONES%202005/RES%202005%202001-2050/00002020.tif HTTP/1.1" 200 33172
66.249.65.172 - - [26/Mar/2015:01:26:13 -0500] "GET /robots.txt HTTP/1.1" 404 1015
66.249.65.176 - - [26/Mar/2015:01:26:13 -0500] "GET / HTTP/1.1" 302 -
186.86.158.132 - - [26/Mar/2015:01:26:23 -0500] "GET /webfile/?tramite=2712 HTTP/1.1" 200 361
186.86.158.132 - - [26/Mar/2015:01:26:26 -0500] "GET /webfile/?tramite=2712 HTTP/1.1" 200 361
74.86.158.107 - - [26/Mar/2015:01:26:40 -0500] "HEAD / HTTP/1.1" 302 -
180.76.6.55 - - [26/Mar/2015:01:27:00 -0500] "GET /BLA/resoluciones/RESOLUCIONES%202009/6962.pdf HTTP/1.1" 200 141528
198.170.241.46 - - [26/Mar/2015:01:27:07 -0500] "GET /old/wp-admin/ HTTP/1.1" 404 1018
180.76.5.57 - - [26/Mar/2015:01:27:45 -0500] "GET /BLA/resoluciones/RESOLUCIONES%202009/8701.pdf HTTP/1.1" 200 623922
201.245.192.253 - - [26/Mar/2015:01:28:53 -0500] "GET /forest/session.jsp?a=0.7527187790538948 HTTP/1.1" 200 4
66.249.73.155 - - [26/Mar/2015:01:28:56 -0500] "GET /BLA/boletinlegal/Circulares/2012/Circular%20No.%203%20del%2023%20de%20Marzo%20de%202012.pdf HTTP/1.1" 200 572950
206.53.226.251 - - [26/Mar/2015:01:29:18 -0500] "GET /galeria/nivo-slider/demo/images/bolsas-08.jpg HTTP/1.1" 304 -
66.249.73.155 - - [26/Mar/2015:01:29:56 -0500] "GET /resoluciones/RESOLUCIONES%202008/5405.pdf HTTP/1.1" 404 1018
186.154.102.154 - - [26/Mar/2015:01:30:06 -0500] "GET /galeria/galeria/jquery.fancybox.css?v=2.1.5 HTTP/1.1" 304 -
186.154.102.154 - - [26/Mar/2015:01:30:06 -0500] "GET /BLA/boletinlegal/js/jquery.scrollTo-min.js HTTP/1.1" 304 -
186.154.102.154 - - [26/Mar/2015:01:30:06 -0500] "GET /BLA/boletinlegal/js/jquery.scrollShow.js HTTP/1.1" 304 -
186.154.102.154 - - [26/Mar/2015:01:30:06 -0500] "GET /galeria/galeria/jquery.fancybox.js?v=2.1.5 HTTP/1.1" 304 -
180.76.5.176 - - [26/Mar/2015:01:30:10 -0500] "GET /BLA/resoluciones/AUTOS%202013/3580.pdf HTTP/1.1" 200 1050788
201.245.192.253 - - [26/Mar/2015:01:30:29 -0500] "GET /forest/session.jsp?a=0.4122032803454371 HTTP/1.1" 200 4
186.117.56.233 - - [26/Mar/2015:01:30:34 -0500] "GET /BLA/boletinlegal/js/jquery.scrollTo-min.js HTTP/1.1" 200 1150
186.117.56.233 - - [26/Mar/2015:01:30:34 -0500] "GET /BLA/boletinlegal/js/jquery.scrollShow.js HTTP/1.1" 200 4586
186.117.56.233 - - [26/Mar/2015:01:30:34 -0500] "GET /galeria/galeria/jquery.fancybox.js?v=2.1.5 HTTP/1.1" 200 48706
186.117.56.233 - - [26/Mar/2015:01:30:35 -0500] "GET /galeria/galeria/jquery.fancybox.css?v=2.1.5 HTTP/1.1" 200 4895
186.117.56.233 - - [26/Mar/2015:01:30:54 -0500] "GET /BLA/boletinlegal/js/jquery.scrollTo-min.js HTTP/1.1" 304 -
186.117.56.233 - - [26/Mar/2015:01:30:54 -0500] "GET /BLA/boletinlegal/js/jquery.scrollShow.js HTTP/1.1" 304 -
186.117.56.233 - - [26/Mar/2015:01:30:54 -0500] "GET /galeria/galeria/jquery.fancybox.js?v=2.1.5 HTTP/1.1" 304 -
186.117.56.233 - - [26/Mar/2015:01:30:55 -0500] "GET /galeria/galeria/jquery.fancybox.css?v=2.1.5 HTTP/1.1" 304 -
181.140.173.78 - - [26/Mar/2015:01:31:20 -0500] "GET /BLA/boletinlegal/js/jquery.scrollTo-min.js HTTP/1.1" 200 1150
181.140.173.78 - - [26/Mar/2015:01:31:20 -0500] "GET /BLA/boletinlegal/js/jquery.scrollShow.js HTTP/1.1" 200 4586
181.140.173.78 - - [26/Mar/2015:01:31:20 -0500] "GET /galeria/galeria/jquery.fancybox.css?v=2.1.5 HTTP/1.1" 200 4895
181.140.173.78 - - [26/Mar/2015:01:31:20 -0500] "GET /galeria/galeria/jquery.fancybox.js?v=2.1.5 HTTP/1.1" 200 48706
181.140.173.78 - - [26/Mar/2015:01:31:24 -0500] "GET /BLA/boletinlegal/js/jquery.scrollTo-min.js HTTP/1.1" 304 -
181.140.173.78 - - [26/Mar/2015:01:31:24 -0500] "GET /BLA/boletinlegal/js/jquery.scrollShow.js HTTP/1.1" 304 -
181.140.173.78 - - [26/Mar/2015:01:31:24 -0500] "GET /galeria/galeria/jquery.fancybox.css?v=2.1.5 HTTP/1.1" 304 -
181.140.173.78 - - [26/Mar/2015:01:31:24 -0500] "GET /galeria/galeria/jquery.fancybox.js?v=2.1.5 HTTP/1.1" 304 -
190.157.153.111 - - [26/Mar/2015:01:25:25 -0500] "GET /ForestMSG_SDA/channelAsync/template_word_17792703?X-Atmosphere-tracking-id=2be5a3fa-dd7f-13ae-45b4-30c212897a48&X-Atmosphere-Framework=1.0.5&X-Atmosphere-Transport=long-polling&tabid=0.5903563420288265&X-Cache-Date=0&Content-Type=application/xml&_=1427351278168 HTTP/1.1" 200 8193
180.76.6.56 - - [26/Mar/2015:01:31:39 -0500] "GET /BLA/resoluciones/AUTOS%202013/1332.pdf HTTP/1.1" 200 983795
74.86.158.107 - - [26/Mar/2015:01:31:40 -0500] "HEAD / HTTP/1.1" 302 -
66.249.73.155 - - [26/Mar/2015:01:32:31 -0500] "GET /BLA/resoluciones/RESOLUCIONES%202007/RES%202007%202101%20AL%202200/RESOLUCION%202135%20DE%202007.pdf HTTP/1.1" 200 620528
66.249.73.163 - - [26/Mar/2015:01:32:37 -0500] "GET /BLA/resoluciones/RESOLUCIONES%202011/4313.pdf HTTP/1.1" 200 364319
66.249.73.163 - - [26/Mar/2015:01:32:40 -0500] "GET /BLA/resoluciones/RESOLUCIONES%202006/RES%202006%201651-1700/00001694.tif HTTP/1.1" 200 240324
187.207.6.221 - - [26/Mar/2015:01:33:00 -0500] "GET /BLA/boletinlegal/js/jquery.scrollShow.js HTTP/1.1" 200 4586
187.207.6.221 - - [26/Mar/2015:01:33:00 -0500] "GET /galeria/galeria/jquery.fancybox.js?v=2.1.5 HTTP/1.1" 200 48706
187.207.6.221 - - [26/Mar/2015:01:33:00 -0500] "GET /galeria/galeria/jquery.fancybox.css?v=2.1.5 HTTP/1.1" 200 4895
187.207.6.221 - - [26/Mar/2015:01:33:00 -0500] "GET /BLA/boletinlegal/js/jquery.scrollTo-min.js HTTP/1.1" 200 1150
180.76.6.28 - - [26/Mar/2015:01:33:09 -0500] "GET /BLA/resoluciones/AUTOS%202013/1052.pdf HTTP/1.1" 200 403207
187.207.6.221 - - [26/Mar/2015:01:33:09 -0500] "GET /BLA/boletinlegal/js/jquery.scrollShow.js HTTP/1.1" 200 4586
187.207.6.221 - - [26/Mar/2015:01:33:09 -0500] "GET /BLA/boletinlegal/js/jquery.scrollTo-min.js HTTP/1.1" 200 1150
187.207.6.221 - - [26/Mar/2015:01:33:09 -0500] "GET /galeria/galeria/jquery.fancybox.js?v=2.1.5 HTTP/1.1" 200 48706
187.207.6.221 - - [26/Mar/2015:01:33:09 -0500] "GET /galeria/galeria/jquery.fancybox.css?v=2.1.5 HTTP/1.1" 200 4895
201.245.192.253 - - [26/Mar/2015:01:33:53 -0500] "GET /forest/session.jsp?a=0.7682993604438992 HTTP/1.1" 200 4
66.249.73.171 - - [26/Mar/2015:01:35:25 -0500] "GET /BLA/resoluciones/RESOLUCIONES%202010/2940.pdf HTTP/1.1" 200 299965
201.245.192.253 - - [26/Mar/2015:01:35:29 -0500] "GET /forest/session.jsp?a=0.6778766611292348 HTTP/1.1" 200 4
66.249.73.155 - - [26/Mar/2015:01:35:39 -0500] "GET /BLA/resoluciones/RESOLUCIONES%202010/0418.pdf HTTP/1.1" 304 -
190.157.153.111 - - [26/Mar/2015:01:35:40 -0500] "GET /BLA/boletinlegal/style.css HTTP/1.1" 200 9406
190.157.153.111 - - [26/Mar/2015:01:35:40 -0500] "GET /BLA/boletinlegal/js/jquery.scrollTo-min.js HTTP/1.1" 200 1150
190.157.153.111 - - [26/Mar/2015:01:35:40 -0500] "GET /BLA/boletinlegal/js/jquery.js HTTP/1.1" 200 57254
190.157.153.111 - - [26/Mar/2015:01:35:40 -0500] "GET /BLA/boletinlegal/styles2.css HTTP/1.1" 200 1838
190.157.153.111 - - [26/Mar/2015:01:35:40 -0500] "GET /BLA/boletinlegal/js/jquery.scrollShow.js HTTP/1.1" 200 4586
190.157.153.111 - - [26/Mar/2015:01:35:41 -0500] "GET /BLA/boletinlegal/images/body_bg.jpg HTTP/1.1" 200 1601
190.157.153.111 - - [26/Mar/2015:01:35:41 -0500] "GET /BLA/boletinlegal/images/nuevo.gif HTTP/1.1" 200 26475
190.157.153.111 - - [26/Mar/2015:01:35:41 -0500] "GET /BLA/boletinlegal/images/cabezote%20BLEGAL.jpg HTTP/1.1" 200 118164
190.157.153.111 - - [26/Mar/2015:01:35:41 -0500] "GET /BLA/boletinlegal/images/historia.png HTTP/1.1" 200 52775
190.157.153.111 - - [26/Mar/2015:01:35:41 -0500] "GET /BLA/boletinlegal/images/arr_l.jpg HTTP/1.1" 200 1979
190.157.153.111 - - [26/Mar/2015:01:35:41 -0500] "GET /BLA/boletinlegal/images/subscribe-icon-big.png HTTP/1.1" 200 47702
190.157.153.111 - - [26/Mar/2015:01:35:41 -0500] "GET /BLA/boletinlegal/images/screen_1.png HTTP/1.1" 200 202547
190.157.153.111 - - [26/Mar/2015:01:35:41 -0500] "GET /BLA/boletinlegal/images/launch.jpg HTTP/1.1" 200 14577
190.157.153.111 - - [26/Mar/2015:01:35:41 -0500] "GET /BLA/boletinlegal/images/screen_2.png HTTP/1.1" 200 362502
190.157.153.111 - - [26/Mar/2015:01:35:41 -0500] "GET /BLA/boletinlegal/images/menu_lft.gif HTTP/1.1" 200 1713
190.157.153.111 - - [26/Mar/2015:01:35:41 -0500] "GET /BLA/boletinlegal/images/arr_r.jpg HTTP/1.1" 200 1998
190.157.153.111 - - [26/Mar/2015:01:35:41 -0500] "GET /BLA/boletinlegal/images/screen_3.png HTTP/1.1" 200 211853
190.157.153.111 - - [26/Mar/2015:01:35:41 -0500] "GET /BLA/boletinlegal/images/screen_5.png HTTP/1.1" 200 368876
190.157.153.111 - - [26/Mar/2015:01:35:41 -0500] "GET /BLA/boletinlegal/images/menu_rght.gif HTTP/1.1" 200 1627
190.157.153.111 - - [26/Mar/2015:01:35:42 -0500] "GET /BLA/boletinlegal/images/menu_bg.jpg HTTP/1.1" 200 620
190.157.153.111 - - [26/Mar/2015:01:35:42 -0500] "GET /BLA/boletinlegal/images/bg_top.jpg HTTP/1.1" 200 522
190.157.153.111 - - [26/Mar/2015:01:35:42 -0500] "GET /BLA/boletinlegal/images/hover.jpg HTTP/1.1" 200 640
190.157.153.111 - - [26/Mar/2015:01:35:42 -0500] "GET /BLA/boletinlegal/images/text.jpg HTTP/1.1" 200 568
190.157.153.111 - - [26/Mar/2015:01:35:43 -0500] "GET /BLA/boletinlegal/images/footer_bg.jpg HTTP/1.1" 200 586
190.157.153.111 - - [26/Mar/2015:01:35:43 -0500] "GET /BLA/boletinlegal/actos.php HTTP/1.1" 200 7574
190.157.153.111 - - [26/Mar/2015:01:35:43 -0500] "GET /BLA/boletinlegal/images/screen_1.png HTTP/1.1" 206 15940
190.157.153.111 - - [26/Mar/2015:01:35:43 -0500] "GET /BLA/boletinlegal/images/screen_5.png HTTP/1.1" 206 74229
190.157.153.111 - - [26/Mar/2015:01:35:43 -0500] "GET /BLA/boletinlegal/js/ajax_actos.js HTTP/1.1" 200 1322
190.157.153.111 - - [26/Mar/2015:01:35:43 -0500] "GET /BLA/boletinlegal/niceforms.js HTTP/1.1" 200 22876
190.157.153.111 - - [26/Mar/2015:01:35:43 -0500] "GET /BLA/boletinlegal/niceforms-default.css HTTP/1.1" 200 6694
190.157.153.111 - - [26/Mar/2015:01:35:43 -0500] "GET /BLA/boletinlegal/js/popup.js HTTP/1.1" 200 1270
190.157.153.111 - - [26/Mar/2015:01:35:43 -0500] "GET /BLA/boletinlegal/js/jquery1.js HTTP/1.1" 200 29846
190.157.153.111 - - [26/Mar/2015:01:35:43 -0500] "GET /BLA/boletinlegal/js/lib.js HTTP/1.1" 200 6474
190.157.153.111 - - [26/Mar/2015:01:35:43 -0500] "GET /BLA/boletinlegal/images/footer_bg_l.jpg HTTP/1.1" 200 776
190.157.153.111 - - [26/Mar/2015:01:35:43 -0500] "GET /BLA/boletinlegal/images/abajo.png HTTP/1.1" 200 96676
190.157.153.111 - - [26/Mar/2015:01:35:43 -0500] "GET /BLA/boletinlegal/images/green-yellow-blue-pink-th.png HTTP/1.1" 200 7394
190.157.153.111 - - [26/Mar/2015:01:35:44 -0500] "GET /BLA/boletinlegal/img/0.png HTTP/1.1" 200 110
190.157.153.111 - - [26/Mar/2015:01:35:44 -0500] "GET /BLA/boletinlegal/img/button.png HTTP/1.1" 200 43241
190.157.153.111 - - [26/Mar/2015:01:35:44 -0500] "GET /BLA/boletinlegal/img/select-left.png HTTP/1.1" 200 263
190.157.153.111 - - [26/Mar/2015:01:35:44 -0500] "GET /BLA/boletinlegal/img/button-left.png HTTP/1.1" 200 57071
190.157.153.111 - - [26/Mar/2015:01:35:44 -0500] "GET /BLA/boletinlegal/img/select-right.png HTTP/1.1" 200 44019
190.157.153.111 - - [26/Mar/2015:01:35:44 -0500] "GET /BLA/boletinlegal/img/button-right.png HTTP/1.1" 200 57878
190.157.153.111 - - [26/Mar/2015:01:35:40 -0500] "GET /BLA/boletinlegal/ HTTP/1.1" 200 19460
190.157.153.111 - - [26/Mar/2015:01:36:14 -0500] "GET /BLA/boletinlegal/consulta_actos.php?tipo=autos&no=4794&usuario=&sector=&fecha=2013&resuelve= HTTP/1.1" 200 623
180.76.5.67 - - [26/Mar/2015:01:36:34 -0500] "GET /BLA/resoluciones/index.php?dir=RESOLUCIONES%202002/RES%202002%201051-1100/&sort=date&order=desc HTTP/1.1" 200 12142
74.86.158.107 - - [26/Mar/2015:01:36:40 -0500] "HEAD / HTTP/1.1" 302 -
66.249.73.171 - - [26/Mar/2015:01:36:47 -0500] "GET /BLA/resoluciones/RESOLUCIONES%202010/3455.pdf HTTP/1.1" 200 616040
180.76.6.132 - - [26/Mar/2015:01:37:19 -0500] "GET /BLA/resoluciones/AUTOS%202010/4461.pdf HTTP/1.1" 200 342493
190.157.153.111 - - [26/Mar/2015:01:31:26 -0500] "GET /ForestMSG_SDA/channelAsync/template_word_17792703?X-Atmosphere-tracking-id=2be5a3fa-dd7f-13ae-45b4-30c212897a48&X-Atmosphere-Framework=1.0.5&X-Atmosphere-Transport=long-polling&tabid=0.5903563420288265&X-Cache-Date=0&Content-Type=application/xml&_=1427351639159 HTTP/1.1" 200 8193
180.76.5.81 - - [26/Mar/2015:01:38:04 -0500] "GET /BLA/resoluciones/RESOLUCIONES%202011/4296.pdf HTTP/1.1" 200 2180459
66.249.73.155 - - [26/Mar/2015:01:38:29 -0500] "GET /autoliquidacion/Grupo%20Forestal%20-%20Silvicultura/Listado%20de%20c%C3%B3digos%20para%20la%20taxonom%C3%ADa.....pdf HTTP/1.1" 404 1018
190.232.239.207 - - [26/Mar/2015:01:38:29 -0500] "GET /galeria/galeria/jquery.fancybox.css?v=2.1.5 HTTP/1.1" 200 4895
190.232.239.207 - - [26/Mar/2015:01:38:29 -0500] "GET /BLA/boletinlegal/js/jquery.scrollTo-min.js HTTP/1.1" 200 1150
190.232.239.207 - - [26/Mar/2015:01:38:29 -0500] "GET /BLA/boletinlegal/js/jquery.scrollShow.js HTTP/1.1" 200 4586
190.232.239.207 - - [26/Mar/2015:01:38:29 -0500] "GET /galeria/galeria/jquery.fancybox.js?v=2.1.5 HTTP/1.1" 200 48706
190.232.239.207 - - [26/Mar/2015:01:38:41 -0500] "GET /galeria/galeria/jquery.fancybox.css?v=2.1.5 HTTP/1.1" 304 -
190.232.239.207 - - [26/Mar/2015:01:38:41 -0500] "GET /BLA/boletinlegal/js/jquery.scrollTo-min.js HTTP/1.1" 304 -
190.232.239.207 - - [26/Mar/2015:01:38:41 -0500] "GET /galeria/galeria/jquery.fancybox.js?v=2.1.5 HTTP/1.1" 304 -
190.232.239.207 - - [26/Mar/2015:01:38:41 -0500] "GET /BLA/boletinlegal/js/jquery.scrollShow.js HTTP/1.1" 304 -
66.249.73.163 - - [26/Mar/2015:01:38:48 -0500] "GET /BLA/resoluciones/RESOLUCIONES%202010/0154.pdf HTTP/1.1" 200 166152
180.76.5.187 - - [26/Mar/2015:01:38:48 -0500] "GET /BLA/resoluciones/AUTOS%202013/0141.pdf HTTP/1.1" 200 2385824
201.245.192.253 - - [26/Mar/2015:01:38:53 -0500] "GET /forest/session.jsp?a=0.5691243879276578 HTTP/1.1" 200 4
186.30.91.235 - - [26/Mar/2015:01:39:09 -0500] "GET /galeria/galeria/jquery.fancybox.css?v=2.1.5 HTTP/1.1" 200 4895
186.30.91.235 - - [26/Mar/2015:01:39:09 -0500] "GET /BLA/boletinlegal/js/jquery.scrollTo-min.js HTTP/1.1" 200 1150
186.30.91.235 - - [26/Mar/2015:01:39:10 -0500] "GET /galeria/galeria/jquery.fancybox.js?v=2.1.5 HTTP/1.1" 200 48706
186.30.91.235 - - [26/Mar/2015:01:39:10 -0500] "GET /BLA/boletinlegal/js/jquery.scrollShow.js HTTP/1.1" 200 4586
186.30.91.235 - - [26/Mar/2015:01:39:19 -0500] "GET /galeria/galeria/jquery.fancybox.css?v=2.1.5 HTTP/1.1" 304 -
186.30.91.235 - - [26/Mar/2015:01:39:19 -0500] "GET /BLA/boletinlegal/js/jquery.scrollTo-min.js HTTP/1.1" 304 -
186.30.91.235 - - [26/Mar/2015:01:39:19 -0500] "GET /galeria/galeria/jquery.fancybox.js?v=2.1.5 HTTP/1.1" 304 -
186.30.91.235 - - [26/Mar/2015:01:39:19 -0500] "GET /BLA/boletinlegal/js/jquery.scrollShow.js HTTP/1.1" 304 -
65.55.211.251 - - [26/Mar/2015:01:39:43 -0500] "GET /BLA/boletinlegal/js/jquery.scrollShow.js HTTP/1.1" 200 4586
131.253.26.226 - - [26/Mar/2015:01:39:43 -0500] "GET /BLA/boletinlegal/js/jquery.scrollTo-min.js HTTP/1.1" 200 1150
131.253.26.226 - - [26/Mar/2015:01:39:44 -0500] "GET /galeria/galeria/jquery.fancybox.js?v=2.1.5 HTTP/1.1" 200 48706
65.55.211.251 - - [26/Mar/2015:01:39:44 -0500] "GET /galeria/galeria/jquery.fancybox.css?v=2.1.5 HTTP/1.1" 200 4895
66.249.73.155 - - [26/Mar/2015:01:40:21 -0500] "GET /BLA/resoluciones/RESOLUCIONES%202010/0714.pdf HTTP/1.1" 200 102954
201.245.192.253 - - [26/Mar/2015:01:40:30 -0500] "GET /forest/session.jsp?a=0.3600390353815873 HTTP/1.1" 200 4
190.158.117.174 - - [26/Mar/2015:01:41:05 -0500] "GET /BLA/boletinlegal/js/jquery.scrollTo-min.js HTTP/1.1" 200 1150
190.158.117.174 - - [26/Mar/2015:01:41:06 -0500] "GET /BLA/boletinlegal/js/jquery.scrollShow.js HTTP/1.1" 200 4586
190.158.117.174 - - [26/Mar/2015:01:41:06 -0500] "GET /galeria/galeria/jquery.fancybox.js?v=2.1.5 HTTP/1.1" 200 48706
190.158.117.174 - - [26/Mar/2015:01:41:06 -0500] "GET /galeria/galeria/jquery.fancybox.css?v=2.1.5 HTTP/1.1" 200 4895
66.249.73.155 - - [26/Mar/2015:01:41:21 -0500] "GET /BLA/resoluciones/RESOLUCIONES%202009/1574.pdf HTTP/1.1" 200 110069
190.158.117.174 - - [26/Mar/2015:01:41:29 -0500] "GET /BLA/boletinlegal/js/jquery.scrollShow.js HTTP/1.1" 200 4586
190.158.117.174 - - [26/Mar/2015:01:41:29 -0500] "GET /BLA/boletinlegal/js/jquery.scrollTo-min.js HTTP/1.1" 200 1150
190.158.117.174 - - [26/Mar/2015:01:41:29 -0500] "GET /galeria/galeria/jquery.fancybox.js?v=2.1.5 HTTP/1.1" 200 48706
190.158.117.174 - - [26/Mar/2015:01:41:29 -0500] "GET /galeria/galeria/jquery.fancybox.css?v=2.1.5 HTTP/1.1" 200 4895
190.158.117.174 - - [26/Mar/2015:01:41:54 -0500] "GET /galeria/galeria/jquery.fancybox.js?v=2.1.5 HTTP/1.1" 304 -
66.249.73.171 - - [26/Mar/2015:01:41:54 -0500] "GET /BLA/resoluciones/RESOLUCIONES%202013/0370.pdf HTTP/1.1" 200 9595788
190.158.117.174 - - [26/Mar/2015:01:41:55 -0500] "GET /galeria/galeria/jquery.fancybox.css?v=2.1.5 HTTP/1.1" 304 -
186.147.127.237 - - [26/Mar/2015:01:42:28 -0500] "GET /BLA/boletinlegal/jurisprudencia/analisis/CUADRO%20ANALISIS%20SENTENCIA%20C-554%20DE%202007.doc HTTP/1.1" 200 35328
180.76.5.66 - - [26/Mar/2015:01:42:46 -0500] "GET /BLA/resoluciones/AUTOS%202010/3124.pdf HTTP/1.1" 200 821166
190.157.153.111 - - [26/Mar/2015:01:37:27 -0500] "GET /ForestMSG_SDA/channelAsync/template_word_17792703?X-Atmosphere-tracking-id=2be5a3fa-dd7f-13ae-45b4-30c212897a48&X-Atmosphere-Framework=1.0.5&X-Atmosphere-Transport=long-polling&tabid=0.5903563420288265&X-Cache-Date=0&Content-Type=application/xml&_=1427352000168 HTTP/1.1" 200 8193
201.245.192.253 - - [26/Mar/2015:01:43:53 -0500] "GET /forest/session.jsp?a=0.6290107872317703 HTTP/1.1" 200 4
66.249.73.163 - - [26/Mar/2015:01:44:09 -0500] "GET /BLA/resoluciones/RESOLUCIONES%202013/0495.pdf HTTP/1.1" 304 -
181.58.83.213 - - [26/Mar/2015:01:44:48 -0500] "GET /BLA/boletinlegal/js/jquery.scrollTo-min.js HTTP/1.1" 200 1150
181.58.83.213 - - [26/Mar/2015:01:44:48 -0500] "GET /BLA/boletinlegal/js/jquery.scrollShow.js HTTP/1.1" 200 4586
181.58.83.213 - - [26/Mar/2015:01:44:48 -0500] "GET /galeria/galeria/jquery.fancybox.css?v=2.1.5 HTTP/1.1" 200 4895
181.58.83.213 - - [26/Mar/2015:01:44:48 -0500] "GET /galeria/galeria/jquery.fancybox.js?v=2.1.5 HTTP/1.1" 200 48706
180.76.6.47 - - [26/Mar/2015:01:44:49 -0500] "GET /BLA/resoluciones/AUTOS%202010/1114.pdf HTTP/1.1" 200 192413
186.30.92.57 - - [26/Mar/2015:01:44:57 -0500] "GET /BLA/boletinlegal/js/jquery.scrollTo-min.js HTTP/1.1" 200 1150
186.30.92.57 - - [26/Mar/2015:01:44:57 -0500] "GET /BLA/boletinlegal/js/jquery.scrollShow.js HTTP/1.1" 200 4586
186.30.92.57 - - [26/Mar/2015:01:44:57 -0500] "GET /galeria/galeria/jquery.fancybox.js?v=2.1.5 HTTP/1.1" 200 48706
186.30.92.57 - - [26/Mar/2015:01:44:57 -0500] "GET /galeria/galeria/jquery.fancybox.css?v=2.1.5 HTTP/1.1" 200 4895
186.30.92.57 - - [26/Mar/2015:01:44:58 -0500] "GET /galeria/carrusel/Carrusel/jquery.thumbnailScroller.css HTTP/1.1" 200 2066
186.30.92.57 - - [26/Mar/2015:01:44:58 -0500] "GET /galeria/carrusel/Carrusel/jquery-ui-1.8.13.custom.min.js HTTP/1.1" 200 10800
186.30.92.57 - - [26/Mar/2015:01:44:58 -0500] "GET /galeria/carrusel/Carrusel/jquery.thumbnailScroller.js HTTP/1.1" 200 8157
181.58.83.213 - - [26/Mar/2015:01:45:10 -0500] "GET /galeria/galeria/jquery.fancybox.css?v=2.1.5 HTTP/1.1" 304 -
181.58.83.213 - - [26/Mar/2015:01:45:10 -0500] "GET /BLA/boletinlegal/js/jquery.scrollShow.js HTTP/1.1" 304 -
181.58.83.213 - - [26/Mar/2015:01:45:10 -0500] "GET /galeria/galeria/jquery.fancybox.js?v=2.1.5 HTTP/1.1" 304 -
181.58.83.213 - - [26/Mar/2015:01:45:10 -0500] "GET /BLA/boletinlegal/js/jquery.scrollTo-min.js HTTP/1.1" 304 -
186.30.92.57 - - [26/Mar/2015:01:45:12 -0500] "GET /galeria/nivo-slider/demo/demo.html HTTP/1.1" 200 4356
186.30.92.57 - - [26/Mar/2015:01:45:14 -0500] "GET /galeria/nivo-slider/themes/pascal/pascal.css HTTP/1.1" 200 2258
186.30.92.57 - - [26/Mar/2015:01:45:14 -0500] "GET /galeria/nivo-slider/themes/default/default.css HTTP/1.1" 200 1569
186.30.92.57 - - [26/Mar/2015:01:45:14 -0500] "GET /galeria/nivo-slider/themes/orman/orman.css HTTP/1.1" 200 2152
186.30.92.57 - - [26/Mar/2015:01:45:14 -0500] "GET /galeria/nivo-slider/demo/style.css HTTP/1.1" 200 2222
186.30.92.57 - - [26/Mar/2015:01:45:14 -0500] "GET /galeria/nivo-slider/demo/images/Banner-semana-santa.jpg HTTP/1.1" 200 350491
186.30.92.57 - - [26/Mar/2015:01:45:14 -0500] "GET /galeria/nivo-slider/demo/images/no-sea-victima.jpg HTTP/1.1" 200 254155
186.30.92.57 - - [26/Mar/2015:01:45:14 -0500] "GET /galeria/nivo-slider/demo/images/Convocatoria_recicladores.jpg HTTP/1.1" 200 213976
186.30.92.57 - - [26/Mar/2015:01:45:14 -0500] "GET /galeria/nivo-slider/demo/images/secretaria-de-ambiente.jpg HTTP/1.1" 200 259142
186.30.92.57 - - [26/Mar/2015:01:45:14 -0500] "GET /galeria/nivo-slider/nivo-slider.css HTTP/1.1" 200 1507
186.30.92.57 - - [26/Mar/2015:01:45:15 -0500] "GET /galeria/nivo-slider/demo/images/Licitaciones-proyecto-paramo.jpg HTTP/1.1" 200 221877
186.30.92.57 - - [26/Mar/2015:01:45:22 -0500] "GET /galeria/nivo-slider/demo/images/Banner-decreto1299.jpg HTTP/1.1" 200 182613
186.30.92.57 - - [26/Mar/2015:01:45:22 -0500] "GET /galeria/nivo-slider/demo/images/Banner-Directorio.jpg HTTP/1.1" 200 182068
186.30.92.57 - - [26/Mar/2015:01:45:22 -0500] "GET /galeria/nivo-slider/demo/images/banner-V2.jpg HTTP/1.1" 200 167020
186.30.92.57 - - [26/Mar/2015:01:45:22 -0500] "GET /galeria/nivo-slider/demo/images/Ruta-vertimientos-01.jpg HTTP/1.1" 200 130151
186.30.92.57 - - [26/Mar/2015:01:45:27 -0500] "GET /galeria/nivo-slider/demo/images/bolsas-06.jpg HTTP/1.1" 200 90982
186.30.92.57 - - [26/Mar/2015:01:45:29 -0500] "GET /galeria/nivo-slider/demo/images/bolsas-08.jpg HTTP/1.1" 200 85589
186.30.92.57 - - [26/Mar/2015:01:45:29 -0500] "GET /galeria/nivo-slider/demo/images/redes_sociales.jpg HTTP/1.1" 200 415652
201.245.192.253 - - [26/Mar/2015:01:45:30 -0500] "GET /forest/session.jsp?a=0.03141163927522339 HTTP/1.1" 200 4
186.30.92.57 - - [26/Mar/2015:01:45:30 -0500] "GET /galeria/nivo-slider/demo/images/Conoce-los-humedales.jpg HTTP/1.1" 200 294036
186.30.92.57 - - [26/Mar/2015:01:45:30 -0500] "GET /galeria/nivo-slider/demo/images/ecolecta-Dic2014.png HTTP/1.1" 200 288593
186.30.92.57 - - [26/Mar/2015:01:45:30 -0500] "GET /galeria/nivo-slider/demo/images/porloshumedales.jpg HTTP/1.1" 200 351238
186.30.92.57 - - [26/Mar/2015:01:45:31 -0500] "GET /galeria/nivo-slider/demo/images/Tingua-azul.jpg HTTP/1.1" 200 307638
186.30.92.57 - - [26/Mar/2015:01:45:34 -0500] "GET /galeria/nivo-slider/demo/images/banner-llantas2.jpg HTTP/1.1" 200 73153
186.30.92.57 - - [26/Mar/2015:01:45:34 -0500] "GET /galeria/nivo-slider/demo/images/9Signos.jpg HTTP/1.1" 200 93040
180.76.5.188 - - [26/Mar/2015:01:45:37 -0500] "GET /BLA/resoluciones/AUTOS%202013/0578.pdf HTTP/1.1" 200 216327
186.30.92.57 - - [26/Mar/2015:01:45:39 -0500] "GET /galeria/nivo-slider/demo/images/4Simple_Slider.png HTTP/1.1" 200 11722
186.30.92.57 - - [26/Mar/2015:01:45:40 -0500] "GET /galeria/nivo-slider/themes/default/loading.gif HTTP/1.1" 200 1737
186.30.92.57 - - [26/Mar/2015:01:45:40 -0500] "GET /galeria/nivo-slider/demo/scripts/jquery-1.7.1.min.js HTTP/1.1" 200 93868
186.30.92.57 - - [26/Mar/2015:01:45:40 -0500] "GET /galeria/nivo-slider/jquery.nivo.slider.pack.js HTTP/1.1" 200 11561
186.30.92.57 - - [26/Mar/2015:01:45:41 -0500] "GET /videos/Humedal_Comunidad.flv HTTP/1.1" 200 81021584
186.30.92.57 - - [26/Mar/2015:01:45:47 -0500] "GET /galeria/nivo-slider/themes/default/arrows.png HTTP/1.1" 200 824
186.30.92.57 - - [26/Mar/2015:01:45:47 -0500] "GET /galeria/nivo-slider/themes/default/bullets.png HTTP/1.1" 200 1281
186.30.92.57 - - [26/Mar/2015:01:45:56 -0500] "GET /BLA/boletinlegal/js/jquery.scrollShow.js HTTP/1.1" 304 -
186.30.92.57 - - [26/Mar/2015:01:45:56 -0500] "GET /galeria/galeria/jquery.fancybox.js?v=2.1.5 HTTP/1.1" 304 -
186.30.92.57 - - [26/Mar/2015:01:45:56 -0500] "GET /BLA/boletinlegal/js/jquery.scrollTo-min.js HTTP/1.1" 304 -
186.30.92.57 - - [26/Mar/2015:01:45:56 -0500] "GET /galeria/galeria/jquery.fancybox.css?v=2.1.5 HTTP/1.1" 304 -
66.249.73.163 - - [26/Mar/2015:01:46:00 -0500] "GET /BLA/resoluciones/RESOLUCIONES%202011/3518.pdf HTTP/1.1" 200 480771
66.249.73.171 - - [26/Mar/2015:01:46:01 -0500] "GET /BLA/resoluciones/AUTOS%202012/2453.pdf HTTP/1.1" 200 1373048
180.76.4.179 - - [26/Mar/2015:01:46:15 -0500] "GET / HTTP/1.1" 302 -
74.86.158.107 - - [26/Mar/2015:01:46:19 -0500] "HEAD / HTTP/1.1" 302 -
186.30.92.57 - - [26/Mar/2015:01:46:20 -0500] "GET /BLA/boletinlegal/js/jquery.scrollTo-min.js HTTP/1.1" 304 -
186.30.92.57 - - [26/Mar/2015:01:46:20 -0500] "GET /BLA/boletinlegal/js/jquery.scrollShow.js HTTP/1.1" 304 -
186.30.92.57 - - [26/Mar/2015:01:46:20 -0500] "GET /galeria/galeria/jquery.fancybox.css?v=2.1.5 HTTP/1.1" 304 -
186.30.92.57 - - [26/Mar/2015:01:46:20 -0500] "GET /galeria/galeria/jquery.fancybox.js?v=2.1.5 HTTP/1.1" 304 -
180.76.6.152 - - [26/Mar/2015:01:46:22 -0500] "GET /BLA/resoluciones/AUTOS%202009/2859.pdf HTTP/1.1" 200 66068
180.76.6.155 - - [26/Mar/2015:01:47:03 -0500] "GET /BLA/resoluciones/RESOLUCIONES%202011/0450.pdf HTTP/1.1" 200 67071
157.55.39.47 - - [26/Mar/2015:01:47:29 -0500] "GET /galeria/galeria/jquery.fancybox.js?v=2.1.5 HTTP/1.1" 200 48706
157.55.39.47 - - [26/Mar/2015:01:47:31 -0500] "GET /sia/ HTTP/1.1" 200 2661
207.46.13.5 - - [26/Mar/2015:01:47:48 -0500] "GET /css/bordes.css HTTP/1.1" 404 1018
207.46.13.5 - - [26/Mar/2015:01:47:48 -0500] "GET /css/textos.css HTTP/1.1" 404 1018
207.46.13.5 - - [26/Mar/2015:01:47:48 -0500] "GET /sia/swf/intro.swf HTTP/1.1" 200 510209
66.249.73.163 - - [26/Mar/2015:01:48:21 -0500] "GET /BLA/resoluciones/AUTOS%202010/1366.pdf HTTP/1.1" 200 251947
66.249.73.163 - - [26/Mar/2015:01:48:22 -0500] "GET /BLA/resoluciones/RESOLUCIONES%202007/RES%202007%20201%20AL%20300/RESOLUCION%200277%20DE%202007.pdf HTTP/1.1" 200 296052
201.245.192.253 - - [26/Mar/2015:01:48:53 -0500] "GET /forest/session.jsp?a=0.9054428628681555 HTTP/1.1" 200 4
66.249.73.155 - - [26/Mar/2015:01:49:12 -0500] "GET /BLA/resoluciones/RESOLUCIONES%202011/5620.pdf HTTP/1.1" 200 709854
190.157.153.111 - - [26/Mar/2015:01:43:28 -0500] "GET /ForestMSG_SDA/channelAsync/template_word_17792703?X-Atmosphere-tracking-id=2be5a3fa-dd7f-13ae-45b4-30c212897a48&X-Atmosphere-Framework=1.0.5&X-Atmosphere-Transport=long-polling&tabid=0.5903563420288265&X-Cache-Date=0&Content-Type=application/xml&_=1427352361157 HTTP/1.1" 200 8193
180.76.5.80 - - [26/Mar/2015:01:50:10 -0500] "GET /BLA/resoluciones/RESOLUCIONES%202008/0288.pdf HTTP/1.1" 200 107378
201.245.192.253 - - [26/Mar/2015:01:50:30 -0500] "GET /forest/session.jsp?a=0.8995527850226815 HTTP/1.1" 200 4
66.249.73.155 - - [26/Mar/2015:01:50:39 -0500] "GET /BLA/resoluciones/RESOLUCIONES%202007/RES%202007%20401%20AL%20500/RESOLUCION%200483%20DE%202007.pdf HTTP/1.1" 200 434536
66.249.73.171 - - [26/Mar/2015:01:50:43 -0500] "GET /BLA/resoluciones/RESOLUCIONES%202011/5903.pdf HTTP/1.1" 200 488479
74.86.158.107 - - [26/Mar/2015:01:51:19 -0500] "HEAD / HTTP/1.1" 302 -
180.76.6.66 - - [26/Mar/2015:01:51:39 -0500] "GET /BLA/resoluciones/RESOLUCIONES%202008/2449.pdf HTTP/1.1" 200 361043
128.61.240.66 - - [26/Mar/2015:01:52:41 -0500] "GET / HTTP/1.0" 302 -
66.249.73.171 - - [26/Mar/2015:01:52:59 -0500] "GET /BLA/resoluciones/RESOLUCIONES%202007/RES%202007%203801%20AL%203900/RESOLUCION%203891%20DE%202007.pdf HTTP/1.1" 304 -
66.249.73.163 - - [26/Mar/2015:01:53:15 -0500] "GET /BLA/resoluciones/RESOLUCIONES%202006/RES%202006%201401-1450/00001445.tif HTTP/1.1" 200 318854
201.245.192.253 - - [26/Mar/2015:01:53:53 -0500] "GET /forest/session.jsp?a=0.48641461059085955 HTTP/1.1" 200 4
66.249.73.171 - - [26/Mar/2015:01:54:29 -0500] "GET /BLA/resoluciones/RESOLUCIONES%202005/RES%202005%202801-2850/00002823.tif HTTP/1.1" 200 102648
66.249.73.171 - - [26/Mar/2015:01:54:53 -0500] "GET /BLA/resoluciones/AUTOS%202013/1052.pdf HTTP/1.1" 200 403207
66.249.73.163 - - [26/Mar/2015:01:55:20 -0500] "GET /BLA/resoluciones/RESOLUCIONES%202007/RES%202007%201901%20AL%202000/RESOLUCION%201935%20DE%202007.pdf HTTP/1.1" 200 660784
190.157.153.111 - - [26/Mar/2015:01:55:24 -0500] "GET /BLA/boletinlegal/norma_menu.php HTTP/1.1" 200 5286
190.157.153.111 - - [26/Mar/2015:01:55:24 -0500] "GET /BLA/boletinlegal/styles2.css HTTP/1.1" 304 -
190.157.153.111 - - [26/Mar/2015:01:55:24 -0500] "GET /BLA/boletinlegal/js/popup.js HTTP/1.1" 304 -
190.157.153.111 - - [26/Mar/2015:01:55:24 -0500] "GET /BLA/boletinlegal/style.css HTTP/1.1" 304 -
190.157.153.111 - - [26/Mar/2015:01:55:24 -0500] "GET /BLA/boletinlegal/js/lib.js HTTP/1.1" 304 -
190.157.153.111 - - [26/Mar/2015:01:55:24 -0500] "GET /BLA/boletinlegal/js/ajax.js HTTP/1.1" 200 772
190.157.153.111 - - [26/Mar/2015:01:55:24 -0500] "GET /BLA/boletinlegal/swfobject.js HTTP/1.1" 200 9763
190.157.153.111 - - [26/Mar/2015:01:55:24 -0500] "GET /BLA/boletinlegal/js/jquery1.js HTTP/1.1" 304 -
190.157.153.111 - - [26/Mar/2015:01:55:24 -0500] "GET /BLA/boletinlegal/images/signo-mas.gif HTTP/1.1" 200 13689
190.157.153.111 - - [26/Mar/2015:01:55:24 -0500] "GET /BLA/boletinlegal/images/nuevo.gif HTTP/1.1" 304 -
190.157.153.111 - - [26/Mar/2015:01:55:24 -0500] "GET /BLA/boletinlegal/images/cabezote%20BLEGAL.jpg HTTP/1.1" 304 -
190.157.153.111 - - [26/Mar/2015:01:55:24 -0500] "GET /BLA/boletinlegal/images/historia.png HTTP/1.1" 304 -
190.157.153.111 - - [26/Mar/2015:01:55:24 -0500] "GET /BLA/boletinlegal/images/subscribe-icon-big.png HTTP/1.1" 304 -
190.157.153.111 - - [26/Mar/2015:01:55:24 -0500] "GET /BLA/boletinlegal/images/body_bg.jpg HTTP/1.1" 304 -
190.157.153.111 - - [26/Mar/2015:01:55:24 -0500] "GET /BLA/boletinlegal/images/menu_rght.gif HTTP/1.1" 304 -
190.157.153.111 - - [26/Mar/2015:01:55:24 -0500] "GET /BLA/boletinlegal/images/menu_lft.gif HTTP/1.1" 304 -
190.157.153.111 - - [26/Mar/2015:01:55:24 -0500] "GET /BLA/boletinlegal/images/signo-menos.gif HTTP/1.1" 200 13454
190.157.153.111 - - [26/Mar/2015:01:55:24 -0500] "GET /BLA/boletinlegal/images/img_3.jpg HTTP/1.1" 200 1841
190.157.153.111 - - [26/Mar/2015:01:55:24 -0500] "GET /BLA/boletinlegal/images/menu_bg.jpg HTTP/1.1" 304 -
190.157.153.111 - - [26/Mar/2015:01:55:24 -0500] "GET /BLA/boletinlegal/images/bg_top.jpg HTTP/1.1" 304 -
190.157.153.111 - - [26/Mar/2015:01:55:24 -0500] "GET /BLA/boletinlegal/images/hover.jpg HTTP/1.1" 304 -
190.157.153.111 - - [26/Mar/2015:01:55:24 -0500] "GET /BLA/boletinlegal/images/text.jpg HTTP/1.1" 304 -
190.157.153.111 - - [26/Mar/2015:01:55:24 -0500] "GET /BLA/boletinlegal/images/footer_bg.jpg HTTP/1.1" 304 -
190.157.153.111 - - [26/Mar/2015:01:55:24 -0500] "GET /BLA/boletinlegal/images/footer_bg_l.jpg HTTP/1.1" 304 -
190.157.153.111 - - [26/Mar/2015:01:55:24 -0500] "GET /BLA/boletinlegal/carousel.swf HTTP/1.1" 200 63487
190.157.153.111 - - [26/Mar/2015:01:55:24 -0500] "GET /BLA/boletinlegal/settings.xml HTTP/1.1" 200 2059
190.157.153.111 - - [26/Mar/2015:01:55:25 -0500] "GET /BLA/boletinlegal/images.xml HTTP/1.1" 200 3941
190.157.153.111 - - [26/Mar/2015:01:55:25 -0500] "GET /BLA/boletinlegal/images/pev.png HTTP/1.1" 200 404876
190.157.153.111 - - [26/Mar/2015:01:55:25 -0500] "GET /BLA/boletinlegal/images/flor.png HTTP/1.1" 200 587454
190.157.153.111 - - [26/Mar/2015:01:55:25 -0500] "GET /BLA/boletinlegal/images/rui.png HTTP/1.1" 200 469106
190.157.153.111 - - [26/Mar/2015:01:55:25 -0500] "GET /BLA/boletinlegal/images/hidro.png HTTP/1.1" 200 517362
190.157.153.111 - - [26/Mar/2015:01:55:25 -0500] "GET /BLA/boletinlegal/images/faun.png HTTP/1.1" 200 613440
190.157.153.111 - - [26/Mar/2015:01:55:25 -0500] "GET /BLA/boletinlegal/images/emis.png HTTP/1.1" 200 448203
190.157.153.111 - - [26/Mar/2015:01:55:27 -0500] "GET /BLA/boletinlegal/images/silvi.png HTTP/1.1" 200 588511
190.157.153.111 - - [26/Mar/2015:01:55:28 -0500] "GET /BLA/boletinlegal/images/hume.png HTTP/1.1" 200 481651
190.157.153.111 - - [26/Mar/2015:01:55:29 -0500] "GET /BLA/boletinlegal/images/vert.png HTTP/1.1" 200 485866
190.157.153.111 - - [26/Mar/2015:01:49:29 -0500] "GET /ForestMSG_SDA/channelAsync/template_word_17792703?X-Atmosphere-tracking-id=2be5a3fa-dd7f-13ae-45b4-30c212897a48&X-Atmosphere-Framework=1.0.5&X-Atmosphere-Transport=long-polling&tabid=0.5903563420288265&X-Cache-Date=0&Content-Type=application/xml&_=1427352722163 HTTP/1.1" 200 8193
201.245.192.253 - - [26/Mar/2015:01:55:30 -0500] "GET /forest/session.jsp?a=0.20751818211824813 HTTP/1.1" 200 4
190.157.153.111 - - [26/Mar/2015:01:55:30 -0500] "GET /BLA/boletinlegal/images/resi.png HTTP/1.1" 200 556571
190.157.153.111 - - [26/Mar/2015:01:55:31 -0500] "GET /BLA/boletinlegal/images/lice.png HTTP/1.1" 200 487297
190.157.153.111 - - [26/Mar/2015:01:55:31 -0500] "GET /BLA/boletinlegal/images/cons.png HTTP/1.1" 200 545034
190.157.153.111 - - [26/Mar/2015:01:55:32 -0500] "GET /BLA/boletinlegal/images/pma.png HTTP/1.1" 200 530205
190.157.153.111 - - [26/Mar/2015:01:55:32 -0500] "GET /BLA/boletinlegal/images/comp-estr.png HTTP/1.1" 200 644020
190.157.153.111 - - [26/Mar/2015:01:55:34 -0500] "GET /BLA/boletinlegal/images/bla.png HTTP/1.1" 200 113997
190.157.153.111 - - [26/Mar/2015:01:55:37 -0500] "GET /BLA/boletinlegal/consulta.php?menu=silvicultura HTTP/1.1" 200 7534
190.157.153.111 - - [26/Mar/2015:01:55:37 -0500] "GET /BLA/boletinlegal/images/docs.png HTTP/1.1" 200 10288
190.157.153.111 - - [26/Mar/2015:01:55:37 -0500] "GET /BLA/boletinlegal/images/background.gif HTTP/1.1" 200 -
74.86.158.107 - - [26/Mar/2015:01:56:19 -0500] "HEAD / HTTP/1.1" 302 -
180.76.5.194 - - [26/Mar/2015:01:56:39 -0500] "GET /BLA/resoluciones/AUTOS%202014/2296.pdf HTTP/1.1" 200 724819
66.249.73.163 - - [26/Mar/2015:01:57:21 -0500] "GET /BLA/resoluciones/RESOLUCIONES%202011/5887.pdf HTTP/1.1" 200 363065
66.249.73.163 - - [26/Mar/2015:01:57:40 -0500] "GET /BLA/resoluciones/RESOLUCIONES%202007/RES%202007%201001%20AL%201100/RESOLUCION%201065%20DE%202007.pdf HTTP/1.1" 200 366674
186.147.127.237 - - [26/Mar/2015:01:57:56 -0500] "GET /BLA/boletinlegal/jurisprudencia/analisis/CUADRO%20ANALISIS%20SENTENCIA%20C-554%20DE%202007.doc HTTP/1.1" 200 35328
201.245.192.253 - - [26/Mar/2015:01:58:53 -0500] "GET /forest/session.jsp?a=0.5248705028717581 HTTP/1.1" 200 4
180.76.5.188 - - [26/Mar/2015:01:59:04 -0500] "GET /BLA/resoluciones/AUTOS%202013/0911.pdf HTTP/1.1" 200 294877
180.76.6.230 - - [26/Mar/2015:01:59:49 -0500] "GET /BLA/resoluciones/RESOLUCIONES%202007/RES%202007%203301%20AL%203400/RESOLUCION%203319%20DE%202007.pdf HTTP/1.1" 200 546843
201.234.75.11 - - [26/Mar/2015:01:59:52 -0500] "GET /galeria/nivo-slider/demo/images/Jornada-adopcion.jpg HTTP/1.1" 304 -
173.252.88.187 - - [26/Mar/2015:01:59:52 -0500] "GET /BLA/resoluciones/RESOLUCIONES%202012/0409.pdf HTTP/1.1" 206 524288
66.249.73.163 - - [26/Mar/2015:02:00:05 -0500] "GET /BLA/resoluciones/RESOLUCIONES%202009/9481.pdf HTTP/1.1" 304 -
201.245.192.253 - - [26/Mar/2015:02:00:30 -0500] "GET /forest/session.jsp?a=0.5785120866079155 HTTP/1.1" 200 4
180.76.5.61 - - [26/Mar/2015:02:00:34 -0500] "GET /BLA/resoluciones/AUTOS%202011/0155.pdf HTTP/1.1" 200 154767
74.86.158.107 - - [26/Mar/2015:02:01:19 -0500] "HEAD / HTTP/1.1" 302 -
66.249.73.163 - - [26/Mar/2015:02:01:22 -0500] "GET /BLA/resoluciones/RESOLUCIONES%202013/1044.pdf HTTP/1.1" 200 1043234
190.157.153.111 - - [26/Mar/2015:01:55:30 -0500] "GET /ForestMSG_SDA/channelAsync/template_word_17792703?X-Atmosphere-tracking-id=2be5a3fa-dd7f-13ae-45b4-30c212897a48&X-Atmosphere-Framework=1.0.5&X-Atmosphere-Transport=long-polling&tabid=0.5903563420288265&X-Cache-Date=0&Content-Type=application/xml&_=1427353083162 HTTP/1.1" 200 8193
180.76.6.136 - - [26/Mar/2015:02:02:03 -0500] "GET /BLA/resoluciones/AUTOS%202011/0211.pdf HTTP/1.1" 200 315789
66.249.73.155 - - [26/Mar/2015:02:02:31 -0500] "GET /BLA/resoluciones/RESOLUCIONES%202011/6305.pdf HTTP/1.1" 200 1451741
180.76.5.26 - - [26/Mar/2015:02:02:47 -0500] "GET /BLA/resoluciones/RESOLUCIONES%202009/9390.pdf HTTP/1.1" 200 313083
201.245.192.253 - - [26/Mar/2015:02:03:53 -0500] "GET /forest/session.jsp?a=0.8194749595402714 HTTP/1.1" 200 4
180.76.6.62 - - [26/Mar/2015:02:04:17 -0500] "GET /BLA/resoluciones/AUTOS%202013/3514.pdf HTTP/1.1" 200 326848
66.249.73.155 - - [26/Mar/2015:02:04:58 -0500] "GET /BLA/resoluciones/RESOLUCIONES%202007/RES%202007%201101%20AL%201200/RESOLUCION%201121%20DE%202007.pdf HTTP/1.1" 200 514184
180.76.5.195 - - [26/Mar/2015:02:05:02 -0500] "GET /BLA/resoluciones/RESOLUCIONES%202008/0163.pdf HTTP/1.1" 200 279922
201.245.192.253 - - [26/Mar/2015:02:05:30 -0500] "GET /forest/session.jsp?a=0.26931254808625105 HTTP/1.1" 200 4
66.249.73.163 - - [26/Mar/2015:02:05:32 -0500] "GET /BLA/resoluciones/AUTOS%202012/1454.pdf HTTP/1.1" 200 623274
180.76.5.153 - - [26/Mar/2015:02:05:47 -0500] "GET /BLA/resoluciones/RESOLUCIONES%202007/RES%202007%204201%20AL%204300/RESOLUCION%204260%20DE%202007.pdf HTTP/1.1" 200 85767
74.86.158.107 - - [26/Mar/2015:02:06:19 -0500] "HEAD / HTTP/1.1" 302 -
180.76.6.65 - - [26/Mar/2015:02:07:15 -0500] "GET /BLA/resoluciones/RESOLUCIONES%202009/0200.pdf HTTP/1.1" 200 245626
66.249.73.163 - - [26/Mar/2015:02:07:26 -0500] "GET /BLA/resoluciones/AUTOS%202011/1864.pdf HTTP/1.1" 200 299755
190.157.153.111 - - [26/Mar/2015:02:01:31 -0500] "GET /ForestMSG_SDA/channelAsync/template_word_17792703?X-Atmosphere-tracking-id=2be5a3fa-dd7f-13ae-45b4-30c212897a48&X-Atmosphere-Framework=1.0.5&X-Atmosphere-Transport=long-polling&tabid=0.5903563420288265&X-Cache-Date=0&Content-Type=application/xml&_=1427353444159 HTTP/1.1" 200 8193
66.249.73.155 - - [26/Mar/2015:02:07:36 -0500] "GET /BLA/resoluciones/RESOLUCIONES%202011/5064.pdf HTTP/1.1" 200 424859
66.249.73.163 - - [26/Mar/2015:02:07:52 -0500] "GET /BLA/resoluciones/AUTOS%202008/0326.pdf HTTP/1.1" 200 85160
201.245.192.253 - - [26/Mar/2015:02:08:53 -0500] "GET /forest/session.jsp?a=0.27330861983637555 HTTP/1.1" 200 4
180.76.5.77 - - [26/Mar/2015:02:09:29 -0500] "GET /BLA/resoluciones/RESOLUCIONES%202008/0710.pdf HTTP/1.1" 200 722703
190.252.141.108 - - [26/Mar/2015:02:09:47 -0500] "GET /BLA/boletinlegal/js/jquery.scrollTo-min.js HTTP/1.1" 200 1150
190.252.141.108 - - [26/Mar/2015:02:09:47 -0500] "GET /BLA/boletinlegal/js/jquery.scrollShow.js HTTP/1.1" 200 4586
190.252.141.108 - - [26/Mar/2015:02:09:47 -0500] "GET /galeria/galeria/jquery.fancybox.js?v=2.1.5 HTTP/1.1" 200 48706
190.252.141.108 - - [26/Mar/2015:02:09:47 -0500] "GET /galeria/galeria/jquery.fancybox.css?v=2.1.5 HTTP/1.1" 200 4895
66.249.73.171 - - [26/Mar/2015:02:09:57 -0500] "GET /BLA/resoluciones/RESOLUCIONES%202012/0227.pdf HTTP/1.1" 304 -
189.199.185.13 - - [26/Mar/2015:02:10:05 -0500] "GET /galeria/galeria/jquery.fancybox.css?v=2.1.5 HTTP/1.1" 200 4895
189.199.185.13 - - [26/Mar/2015:02:10:05 -0500] "GET /BLA/boletinlegal/js/jquery.scrollTo-min.js HTTP/1.1" 200 1150
189.199.185.13 - - [26/Mar/2015:02:10:05 -0500] "GET /BLA/boletinlegal/js/jquery.scrollShow.js HTTP/1.1" 200 4586
189.199.185.13 - - [26/Mar/2015:02:10:05 -0500] "GET /galeria/galeria/jquery.fancybox.js?v=2.1.5 HTTP/1.1" 200 48706
190.252.141.108 - - [26/Mar/2015:02:10:10 -0500] "GET /BLA/boletinlegal/js/jquery.scrollTo-min.js HTTP/1.1" 200 1150
190.252.141.108 - - [26/Mar/2015:02:10:10 -0500] "GET /BLA/boletinlegal/js/jquery.scrollShow.js HTTP/1.1" 200 4586
190.252.141.108 - - [26/Mar/2015:02:10:10 -0500] "GET /galeria/galeria/jquery.fancybox.js?v=2.1.5 HTTP/1.1" 200 48706
190.252.141.108 - - [26/Mar/2015:02:10:10 -0500] "GET /galeria/galeria/jquery.fancybox.css?v=2.1.5 HTTP/1.1" 200 4895
180.76.6.155 - - [26/Mar/2015:02:10:14 -0500] "GET /BLA/resoluciones/AUTOS%202010/1423.pdf HTTP/1.1" 200 259363
189.199.185.13 - - [26/Mar/2015:02:10:15 -0500] "GET /BLA/boletinlegal/js/jquery.scrollShow.js HTTP/1.1" 304 -
189.199.185.13 - - [26/Mar/2015:02:10:15 -0500] "GET /galeria/galeria/jquery.fancybox.js?v=2.1.5 HTTP/1.1" 304 -
189.199.185.13 - - [26/Mar/2015:02:10:15 -0500] "GET /BLA/boletinlegal/js/jquery.scrollTo-min.js HTTP/1.1" 304 -
189.199.185.13 - - [26/Mar/2015:02:10:15 -0500] "GET /galeria/galeria/jquery.fancybox.css?v=2.1.5 HTTP/1.1" 304 -
201.245.192.253 - - [26/Mar/2015:02:10:30 -0500] "GET /forest/session.jsp?a=0.25772056741474747 HTTP/1.1" 200 4
186.84.48.147 - - [26/Mar/2015:02:11:12 -0500] "GET /BLA/boletinlegal/js/jquery.scrollShow.js HTTP/1.1" 200 4586
186.84.48.147 - - [26/Mar/2015:02:11:12 -0500] "GET /BLA/boletinlegal/js/jquery.scrollTo-min.js HTTP/1.1" 200 1150
186.84.48.147 - - [26/Mar/2015:02:11:12 -0500] "GET /galeria/galeria/jquery.fancybox.css?v=2.1.5 HTTP/1.1" 200 4895
186.84.48.147 - - [26/Mar/2015:02:11:12 -0500] "GET /galeria/galeria/jquery.fancybox.js?v=2.1.5 HTTP/1.1" 200 48706
186.84.48.147 - - [26/Mar/2015:02:11:12 -0500] "GET /galeria/carrusel/Carrusel/jquery.thumbnailScroller.css HTTP/1.1" 200 2066
186.84.48.147 - - [26/Mar/2015:02:11:12 -0500] "GET /galeria/carrusel/Carrusel/jquery-ui-1.8.13.custom.min.js HTTP/1.1" 200 10800
186.84.48.147 - - [26/Mar/2015:02:11:12 -0500] "GET /galeria/carrusel/Carrusel/jquery.thumbnailScroller.js HTTP/1.1" 200 8157
186.84.48.147 - - [26/Mar/2015:02:11:17 -0500] "GET /galeria/nivo-slider/demo/demo.html HTTP/1.1" 200 4356
186.84.48.147 - - [26/Mar/2015:02:11:18 -0500] "GET /galeria/nivo-slider/themes/pascal/pascal.css HTTP/1.1" 200 2258
186.84.48.147 - - [26/Mar/2015:02:11:18 -0500] "GET /galeria/nivo-slider/themes/default/default.css HTTP/1.1" 200 1569
186.84.48.147 - - [26/Mar/2015:02:11:18 -0500] "GET /galeria/nivo-slider/themes/orman/orman.css HTTP/1.1" 200 2152
186.84.48.147 - - [26/Mar/2015:02:11:18 -0500] "GET /galeria/nivo-slider/nivo-slider.css HTTP/1.1" 200 1507
186.84.48.147 - - [26/Mar/2015:02:11:18 -0500] "GET /galeria/nivo-slider/demo/style.css HTTP/1.1" 200 2222
186.84.48.147 - - [26/Mar/2015:02:11:18 -0500] "GET /galeria/nivo-slider/demo/scripts/jquery-1.7.1.min.js HTTP/1.1" 200 93868
186.84.48.147 - - [26/Mar/2015:02:11:18 -0500] "GET /galeria/nivo-slider/jquery.nivo.slider.pack.js HTTP/1.1" 200 11561
186.84.48.147 - - [26/Mar/2015:02:11:18 -0500] "GET /galeria/nivo-slider/demo/images/Banner-semana-santa.jpg HTTP/1.1" 200 350491
186.84.48.147 - - [26/Mar/2015:02:11:18 -0500] "GET /galeria/nivo-slider/demo/images/bolsas-08.jpg HTTP/1.1" 200 85589
186.84.48.147 - - [26/Mar/2015:02:11:18 -0500] "GET /galeria/nivo-slider/demo/images/secretaria-de-ambiente.jpg HTTP/1.1" 200 259142
74.86.158.107 - - [26/Mar/2015:02:11:19 -0500] "HEAD / HTTP/1.1" 302 -
186.84.48.147 - - [26/Mar/2015:02:11:19 -0500] "GET /galeria/nivo-slider/demo/images/9Signos.jpg HTTP/1.1" 200 93040
186.84.48.147 - - [26/Mar/2015:02:11:19 -0500] "GET /galeria/nivo-slider/demo/images/redes_sociales.jpg HTTP/1.1" 200 415652
186.84.48.147 - - [26/Mar/2015:02:11:19 -0500] "GET /galeria/nivo-slider/demo/images/Convocatoria_recicladores.jpg HTTP/1.1" 200 213976
186.84.48.147 - - [26/Mar/2015:02:11:19 -0500] "GET /galeria/nivo-slider/demo/images/Banner-Directorio.jpg HTTP/1.1" 200 182068
186.84.48.147 - - [26/Mar/2015:02:11:20 -0500] "GET /galeria/nivo-slider/demo/images/no-sea-victima.jpg HTTP/1.1" 200 254155
186.84.48.147 - - [26/Mar/2015:02:11:20 -0500] "GET /galeria/nivo-slider/demo/images/4Simple_Slider.png HTTP/1.1" 200 11722
186.84.48.147 - - [26/Mar/2015:02:11:21 -0500] "GET /galeria/nivo-slider/themes/default/loading.gif HTTP/1.1" 200 1737
186.84.48.147 - - [26/Mar/2015:02:11:21 -0500] "GET /galeria/nivo-slider/demo/images/ecolecta-Dic2014.png HTTP/1.1" 200 288593
186.84.48.147 - - [26/Mar/2015:02:11:21 -0500] "GET /galeria/nivo-slider/demo/images/Conoce-los-humedales.jpg HTTP/1.1" 200 294036
186.84.48.147 - - [26/Mar/2015:02:11:23 -0500] "GET /galeria/nivo-slider/demo/images/porloshumedales.jpg HTTP/1.1" 200 351238
186.84.48.147 - - [26/Mar/2015:02:11:24 -0500] "GET /galeria/nivo-slider/demo/images/banner-V2.jpg HTTP/1.1" 200 167020
186.84.48.147 - - [26/Mar/2015:02:11:24 -0500] "GET /galeria/nivo-slider/demo/images/bolsas-06.jpg HTTP/1.1" 200 90982
186.84.48.147 - - [26/Mar/2015:02:11:25 -0500] "GET /galeria/nivo-slider/demo/images/banner-llantas2.jpg HTTP/1.1" 200 73153
186.84.48.147 - - [26/Mar/2015:02:11:25 -0500] "GET /galeria/nivo-slider/demo/images/Banner-decreto1299.jpg HTTP/1.1" 200 182613
186.84.48.147 - - [26/Mar/2015:02:11:26 -0500] "GET /galeria/nivo-slider/demo/images/Licitaciones-proyecto-paramo.jpg HTTP/1.1" 200 221877
186.84.48.147 - - [26/Mar/2015:02:11:27 -0500] "GET /galeria/nivo-slider/demo/images/Tingua-azul.jpg HTTP/1.1" 200 307638
186.84.48.147 - - [26/Mar/2015:02:11:27 -0500] "GET /galeria/nivo-slider/demo/images/Ruta-vertimientos-01.jpg HTTP/1.1" 200 130151
186.84.48.147 - - [26/Mar/2015:02:11:33 -0500] "GET /galeria/nivo-slider/themes/default/arrows.png HTTP/1.1" 200 824
186.84.48.147 - - [26/Mar/2015:02:11:33 -0500] "GET /galeria/nivo-slider/themes/default/bullets.png HTTP/1.1" 200 1281
186.84.48.147 - - [26/Mar/2015:02:11:35 -0500] "GET /videos/Humedal_Comunidad.flv HTTP/1.1" 200 81021584
66.249.73.155 - - [26/Mar/2015:02:11:41 -0500] "GET /galeria/galeria/jquery.fancybox.css?v=2.1.5 HTTP/1.1" 200 4895
66.249.73.155 - - [26/Mar/2015:02:11:41 -0500] "GET /galeria/galeria/jquery.fancybox.js?v=2.1.5 HTTP/1.1" 200 48706
180.76.6.36 - - [26/Mar/2015:02:11:43 -0500] "GET /BLA/resoluciones/AUTOS%202009/3227.pdf HTTP/1.1" 200 194216
66.249.73.155 - - [26/Mar/2015:02:11:51 -0500] "GET /BLA/boletinlegal/js/jquery.scrollTo-min.js HTTP/1.1" 200 1150
66.249.73.171 - - [26/Mar/2015:02:11:52 -0500] "GET /BLA/boletinlegal/js/jquery.scrollShow.js HTTP/1.1" 200 4586
201.234.75.11 - - [26/Mar/2015:02:12:24 -0500] "GET /galeria/nivo-slider/demo/images/banner-calidad-aire.jpg HTTP/1.1" 304 -
66.249.73.171 - - [26/Mar/2015:02:12:27 -0500] "GET /BLA/resoluciones/RESOLUCIONES%202011/0190.pdf HTTP/1.1" 304 -
180.76.6.17 - - [26/Mar/2015:02:13:29 -0500] "GET /BLA/resoluciones/AUTOS%202009/0591.pdf HTTP/1.1" 200 123513
