201.245.192.253 - - [26/Mar/2015:08:50:59 -0500] "GET /galeria/nivo-slider/demo/images/Conoce-los-humedales.jpg HTTP/1.1" 304 -
190.248.63.211 - - [26/Mar/2015:08:51:00 -0500] "GET /galeria/galeria/jquery.fancybox.js?v=2.1.5 HTTP/1.1" 200 48706
190.248.63.211 - - [26/Mar/2015:08:51:00 -0500] "GET /galeria/galeria/jquery.fancybox.css?v=2.1.5 HTTP/1.1" 200 4895
190.248.63.211 - - [26/Mar/2015:08:51:00 -0500] "GET /BLA/boletinlegal/js/jquery.scrollShow.js HTTP/1.1" 200 4586
190.248.63.211 - - [26/Mar/2015:08:51:00 -0500] "GET /BLA/boletinlegal/js/jquery.scrollTo-min.js HTTP/1.1" 200 1150
190.24.198.169 - - [26/Mar/2015:08:51:01 -0500] "GET /galeria/galeria/jquery.fancybox.css?v=2.1.5 HTTP/1.0" 304 -
190.24.198.169 - - [26/Mar/2015:08:51:01 -0500] "GET /BLA/boletinlegal/js/jquery.scrollTo-min.js HTTP/1.0" 304 -
190.24.198.169 - - [26/Mar/2015:08:51:01 -0500] "GET /BLA/boletinlegal/js/jquery.scrollShow.js HTTP/1.0" 304 -
190.24.198.169 - - [26/Mar/2015:08:51:01 -0500] "GET /galeria/galeria/jquery.fancybox.js?v=2.1.5 HTTP/1.0" 304 -
186.112.1.122 - - [26/Mar/2015:08:51:01 -0500] "GET /portalsiaccapacitaciones/Soportes%20Capacitaciones%20A%C3%B1o%202013/0042.%20Presentaci%C3%B3n%20Superficies%20vegetadas%20%2019-09-2013.pdf HTTP/1.1" 206 65536
190.248.63.211 - - [26/Mar/2015:08:51:04 -0500] "GET /BLA/boletinlegal/js/jquery.scrollTo-min.js HTTP/1.1" 200 1150
190.248.63.211 - - [26/Mar/2015:08:51:04 -0500] "GET /galeria/galeria/jquery.fancybox.css?v=2.1.5 HTTP/1.1" 200 4895
190.248.63.211 - - [26/Mar/2015:08:51:04 -0500] "GET /BLA/boletinlegal/js/jquery.scrollShow.js HTTP/1.1" 200 4586
190.248.63.211 - - [26/Mar/2015:08:51:04 -0500] "GET /galeria/galeria/jquery.fancybox.js?v=2.1.5 HTTP/1.1" 200 48706
186.112.1.122 - - [26/Mar/2015:08:51:04 -0500] "GET /portalsiaccapacitaciones/Soportes%20Capacitaciones%20A%C3%B1o%202013/0042.%20Presentaci%C3%B3n%20Superficies%20vegetadas%20%2019-09-2013.pdf HTTP/1.1" 206 65536
186.112.1.122 - - [26/Mar/2015:08:51:05 -0500] "GET /portalsiaccapacitaciones/Soportes%20Capacitaciones%20A%C3%B1o%202013/0042.%20Presentaci%C3%B3n%20Superficies%20vegetadas%20%2019-09-2013.pdf HTTP/1.1" 206 65536
201.245.192.253 - - [26/Mar/2015:08:51:05 -0500] "GET /autoliquidacion HTTP/1.1" 301 310
201.245.192.253 - - [26/Mar/2015:08:51:05 -0500] "GET /autoliquidacion/ HTTP/1.1" 200 6375
66.249.73.171 - - [26/Mar/2015:08:51:06 -0500] "GET /BLA/resoluciones/RESOLUCIONES%202007/RES%202007%202601%20AL%202700/RESOLUCION%202646%20DE%202007.pdf HTTP/1.1" 304 -
201.245.192.253 - - [26/Mar/2015:08:51:06 -0500] "GET /autoliquidacion/ HTTP/1.1" 200 6375
186.112.1.122 - - [26/Mar/2015:08:51:07 -0500] "GET /portalsiaccapacitaciones/Soportes%20Capacitaciones%20A%C3%B1o%202013/0042.%20Presentaci%C3%B3n%20Superficies%20vegetadas%20%2019-09-2013.pdf HTTP/1.1" 206 65536
186.112.1.122 - - [26/Mar/2015:08:51:08 -0500] "GET /portalsiaccapacitaciones/Soportes%20Capacitaciones%20A%C3%B1o%202013/0042.%20Presentaci%C3%B3n%20Superficies%20vegetadas%20%2019-09-2013.pdf HTTP/1.1" 206 65536
181.136.85.149 - - [26/Mar/2015:08:51:08 -0500] "GET /favicon.ico HTTP/1.1" 200 7782
201.245.192.253 - - [26/Mar/2015:08:51:08 -0500] "GET /autoliquidacion HTTP/1.1" 301 310
201.245.192.253 - - [26/Mar/2015:08:51:08 -0500] "GET /autoliquidacion/ HTTP/1.1" 200 6375
186.112.1.122 - - [26/Mar/2015:08:51:10 -0500] "GET /portalsiaccapacitaciones/Soportes%20Capacitaciones%20A%C3%B1o%202013/0042.%20Presentaci%C3%B3n%20Superficies%20vegetadas%20%2019-09-2013.pdf HTTP/1.1" 206 65536
186.112.1.122 - - [26/Mar/2015:08:51:12 -0500] "GET /portalsiaccapacitaciones/Soportes%20Capacitaciones%20A%C3%B1o%202013/0042.%20Presentaci%C3%B3n%20Superficies%20vegetadas%20%2019-09-2013.pdf HTTP/1.1" 206 65536
181.245.215.88 - - [26/Mar/2015:08:51:12 -0500] "GET /BLA/resoluciones/RESOLUCIONES%202013/0294.pdf HTTP/1.1" 200 2432385
201.245.192.253 - - [26/Mar/2015:08:51:13 -0500] "GET /autoliquidacion/index.php?dir=Solicitudes+relacionadas+con+calidad+del+aire+auditiva+y+visual%2F HTTP/1.1" 200 5748
201.245.192.253 - - [26/Mar/2015:08:51:13 -0500] "GET /autoliquidacion/dlf/dirup.png HTTP/1.1" 304 -
190.146.188.46 - - [26/Mar/2015:08:51:14 -0500] "GET /BLA/boletinlegal/js/jquery.scrollTo-min.js HTTP/1.1" 200 1150
190.146.188.46 - - [26/Mar/2015:08:51:14 -0500] "GET /BLA/boletinlegal/js/jquery.scrollShow.js HTTP/1.1" 200 4586
190.146.188.46 - - [26/Mar/2015:08:51:14 -0500] "GET /galeria/galeria/jquery.fancybox.js?v=2.1.5 HTTP/1.1" 200 48706
190.146.188.46 - - [26/Mar/2015:08:51:14 -0500] "GET /galeria/galeria/jquery.fancybox.css?v=2.1.5 HTTP/1.1" 200 4895
190.146.188.46 - - [26/Mar/2015:08:51:14 -0500] "GET /galeria/carrusel/Carrusel/jquery-ui-1.8.13.custom.min.js HTTP/1.1" 200 10800
190.146.188.46 - - [26/Mar/2015:08:51:14 -0500] "GET /galeria/carrusel/Carrusel/jquery.thumbnailScroller.css HTTP/1.1" 200 2066
190.146.188.46 - - [26/Mar/2015:08:51:14 -0500] "GET /galeria/carrusel/Carrusel/jquery.thumbnailScroller.js HTTP/1.1" 200 8157
186.112.1.122 - - [26/Mar/2015:08:51:14 -0500] "GET /portalsiaccapacitaciones/Soportes%20Capacitaciones%20A%C3%B1o%202013/0042.%20Presentaci%C3%B3n%20Superficies%20vegetadas%20%2019-09-2013.pdf HTTP/1.1" 206 65536
201.245.192.253 - - [26/Mar/2015:08:51:15 -0500] "GET /autoliquidacion/index.php?dir=Solicitudes+relacionadas+con+calidad+del+aire+auditiva+y+visual%2FEvaluaci%F3n+de+permisos+de+emisi%F3n+para+fuentes+fijas%2F HTTP/1.1" 200 3894
201.245.192.253 - - [26/Mar/2015:08:51:15 -0500] "GET /autoliquidacion/dlf/pdf.gif HTTP/1.1" 304 -
201.245.192.253 - - [26/Mar/2015:08:51:15 -0500] "GET /autoliquidacion/dlf/unknown.png HTTP/1.1" 304 -
190.146.188.46 - - [26/Mar/2015:08:51:15 -0500] "GET /galeria/nivo-slider/demo/demo.html HTTP/1.1" 200 4356
190.146.188.46 - - [26/Mar/2015:08:51:15 -0500] "GET /galeria/nivo-slider/themes/default/default.css HTTP/1.1" 200 1569
190.146.188.46 - - [26/Mar/2015:08:51:15 -0500] "GET /galeria/nivo-slider/themes/pascal/pascal.css HTTP/1.1" 200 2258
186.112.1.122 - - [26/Mar/2015:08:51:15 -0500] "GET /portalsiaccapacitaciones/Soportes%20Capacitaciones%20A%C3%B1o%202013/0042.%20Presentaci%C3%B3n%20Superficies%20vegetadas%20%2019-09-2013.pdf HTTP/1.1" 206 65536
190.146.188.46 - - [26/Mar/2015:08:51:16 -0500] "GET /galeria/nivo-slider/nivo-slider.css HTTP/1.1" 200 1507
190.146.188.46 - - [26/Mar/2015:08:51:16 -0500] "GET /galeria/nivo-slider/themes/orman/orman.css HTTP/1.1" 200 2152
190.146.188.46 - - [26/Mar/2015:08:51:16 -0500] "GET /galeria/nivo-slider/demo/style.css HTTP/1.1" 200 2222
190.146.188.46 - - [26/Mar/2015:08:51:16 -0500] "GET /galeria/nivo-slider/demo/images/Banner-semana-santa.jpg HTTP/1.1" 200 350491
190.146.188.46 - - [26/Mar/2015:08:51:16 -0500] "GET /galeria/nivo-slider/demo/images/no-sea-victima.jpg HTTP/1.1" 200 254155
190.146.188.46 - - [26/Mar/2015:08:51:16 -0500] "GET /galeria/nivo-slider/demo/images/Convocatoria_recicladores.jpg HTTP/1.1" 200 213976
190.146.188.46 - - [26/Mar/2015:08:51:16 -0500] "GET /galeria/nivo-slider/demo/images/secretaria-de-ambiente.jpg HTTP/1.1" 200 259142
190.146.188.46 - - [26/Mar/2015:08:51:16 -0500] "GET /galeria/nivo-slider/demo/images/Licitaciones-proyecto-paramo.jpg HTTP/1.1" 200 221877
190.146.188.46 - - [26/Mar/2015:08:51:16 -0500] "GET /galeria/nivo-slider/demo/images/Banner-decreto1299.jpg HTTP/1.1" 200 182613
190.146.188.46 - - [26/Mar/2015:08:51:17 -0500] "GET /galeria/nivo-slider/demo/images/Banner-Directorio.jpg HTTP/1.1" 200 182068
190.146.188.46 - - [26/Mar/2015:08:51:17 -0500] "GET /galeria/nivo-slider/demo/images/4Simple_Slider.png HTTP/1.1" 200 11722
190.146.188.46 - - [26/Mar/2015:08:51:17 -0500] "GET /galeria/nivo-slider/themes/default/loading.gif HTTP/1.1" 200 1737
201.245.192.253 - - [26/Mar/2015:08:51:17 -0500] "GET /autoliquidacion/Solicitudes%20relacionadas%20con%20calidad%20del%20aire%20auditiva%20y%20visual/Evaluaci%C3%B3n%20de%20permisos%20de%20emisi%C3%B3n%20para%20fuentes%20fijas/Aplicativo%20Permiso%20de%20Emisiones%202015%20Evaluaci%C3%B3n%20y%20Seguimiento%20SCAAV%20DEF.xlsx HTTP/1.1" 304 -
190.146.188.46 - - [26/Mar/2015:08:51:17 -0500] "GET /galeria/nivo-slider/demo/images/banner-V2.jpg HTTP/1.1" 200 167020
190.146.188.46 - - [26/Mar/2015:08:51:18 -0500] "GET /galeria/nivo-slider/demo/images/Ruta-vertimientos-01.jpg HTTP/1.1" 200 130151
186.112.1.122 - - [26/Mar/2015:08:51:18 -0500] "GET /portalsiaccapacitaciones/Soportes%20Capacitaciones%20A%C3%B1o%202013/0042.%20Presentaci%C3%B3n%20Superficies%20vegetadas%20%2019-09-2013.pdf HTTP/1.1" 206 65536
190.146.188.46 - - [26/Mar/2015:08:51:18 -0500] "GET /galeria/nivo-slider/demo/images/bolsas-06.jpg HTTP/1.1" 200 90982
190.146.188.46 - - [26/Mar/2015:08:51:18 -0500] "GET /galeria/nivo-slider/demo/images/bolsas-08.jpg HTTP/1.1" 200 85589
190.146.188.46 - - [26/Mar/2015:08:51:18 -0500] "GET /galeria/nivo-slider/demo/images/redes_sociales.jpg HTTP/1.1" 200 415652
190.146.188.46 - - [26/Mar/2015:08:51:18 -0500] "GET /galeria/nivo-slider/demo/images/Conoce-los-humedales.jpg HTTP/1.1" 200 294036
190.146.188.46 - - [26/Mar/2015:08:51:18 -0500] "GET /galeria/nivo-slider/demo/images/ecolecta-Dic2014.png HTTP/1.1" 200 288593
190.146.188.46 - - [26/Mar/2015:08:51:19 -0500] "GET /galeria/nivo-slider/demo/images/porloshumedales.jpg HTTP/1.1" 200 351238
74.86.158.107 - - [26/Mar/2015:08:51:19 -0500] "HEAD / HTTP/1.1" 302 -
190.146.188.46 - - [26/Mar/2015:08:51:19 -0500] "GET /galeria/nivo-slider/demo/images/Tingua-azul.jpg HTTP/1.1" 200 307638
190.146.188.46 - - [26/Mar/2015:08:51:19 -0500] "GET /galeria/nivo-slider/demo/images/banner-llantas2.jpg HTTP/1.1" 200 73153
190.146.188.46 - - [26/Mar/2015:08:51:19 -0500] "GET /galeria/nivo-slider/demo/images/9Signos.jpg HTTP/1.1" 200 93040
190.146.188.46 - - [26/Mar/2015:08:51:19 -0500] "GET /galeria/nivo-slider/demo/scripts/jquery-1.7.1.min.js HTTP/1.1" 200 93868
190.146.188.46 - - [26/Mar/2015:08:51:20 -0500] "GET /galeria/nivo-slider/jquery.nivo.slider.pack.js HTTP/1.1" 200 11561
190.146.188.46 - - [26/Mar/2015:08:51:20 -0500] "GET /videos/Humedal_Comunidad.flv HTTP/1.1" 200 81021584
190.146.188.46 - - [26/Mar/2015:08:51:21 -0500] "GET /galeria/nivo-slider/themes/default/arrows.png HTTP/1.1" 200 824
190.146.188.46 - - [26/Mar/2015:08:51:21 -0500] "GET /galeria/nivo-slider/themes/default/bullets.png HTTP/1.1" 200 1281
181.245.215.88 - - [26/Mar/2015:08:51:22 -0500] "GET /BLA/resoluciones/RESOLUCIONES%202013/0294.pdf HTTP/1.1" 200 2432385
190.147.212.191 - - [26/Mar/2015:08:51:23 -0500] "GET /galeria/galeria/jquery.fancybox.css?v=2.1.5 HTTP/1.1" 200 4895
190.147.212.191 - - [26/Mar/2015:08:51:23 -0500] "GET /galeria/carrusel/Carrusel/jquery.thumbnailScroller.css HTTP/1.1" 200 2066
190.147.212.191 - - [26/Mar/2015:08:51:23 -0500] "GET /BLA/boletinlegal/js/jquery.scrollTo-min.js HTTP/1.1" 200 1150
190.147.212.191 - - [26/Mar/2015:08:51:23 -0500] "GET /BLA/boletinlegal/js/jquery.scrollShow.js HTTP/1.1" 200 4586
190.147.212.191 - - [26/Mar/2015:08:51:23 -0500] "GET /galeria/carrusel/Carrusel/jquery-ui-1.8.13.custom.min.js HTTP/1.1" 200 10800
190.147.212.191 - - [26/Mar/2015:08:51:23 -0500] "GET /galeria/galeria/jquery.fancybox.js?v=2.1.5 HTTP/1.1" 200 48706
190.147.212.191 - - [26/Mar/2015:08:51:23 -0500] "GET /galeria/carrusel/Carrusel/jquery.thumbnailScroller.js HTTP/1.1" 200 8157
201.184.86.52 - - [26/Mar/2015:08:51:23 -0500] "GET /BLA/resoluciones/AUTOS%202012/2545.pdf HTTP/1.1" 200 1912194
186.28.111.56 - - [26/Mar/2015:08:51:24 -0500] "GET /galeria/nivo-slider/demo/demo.html HTTP/1.1" 304 -
186.28.111.56 - - [26/Mar/2015:08:51:24 -0500] "GET /galeria/nivo-slider/demo/images/Banner-semana-santa.jpg HTTP/1.1" 304 -
186.28.111.56 - - [26/Mar/2015:08:51:24 -0500] "GET /galeria/nivo-slider/demo/images/no-sea-victima.jpg HTTP/1.1" 304 -
186.28.111.56 - - [26/Mar/2015:08:51:24 -0500] "GET /galeria/nivo-slider/demo/images/Convocatoria_recicladores.jpg HTTP/1.1" 304 -
186.28.111.56 - - [26/Mar/2015:08:51:24 -0500] "GET /galeria/nivo-slider/demo/images/secretaria-de-ambiente.jpg HTTP/1.1" 304 -
186.28.111.56 - - [26/Mar/2015:08:51:24 -0500] "GET /galeria/nivo-slider/demo/images/Licitaciones-proyecto-paramo.jpg HTTP/1.1" 304 -
190.147.212.191 - - [26/Mar/2015:08:51:25 -0500] "GET /galeria/nivo-slider/demo/demo.html HTTP/1.1" 200 4356
190.147.212.191 - - [26/Mar/2015:08:51:25 -0500] "GET /galeria/nivo-slider/nivo-slider.css HTTP/1.1" 200 1507
190.147.212.191 - - [26/Mar/2015:08:51:25 -0500] "GET /galeria/nivo-slider/themes/orman/orman.css HTTP/1.1" 200 2152
190.147.212.191 - - [26/Mar/2015:08:51:25 -0500] "GET /galeria/nivo-slider/demo/scripts/jquery-1.7.1.min.js HTTP/1.1" 200 93868
190.147.212.191 - - [26/Mar/2015:08:51:25 -0500] "GET /galeria/nivo-slider/demo/style.css HTTP/1.1" 200 2222
190.147.212.191 - - [26/Mar/2015:08:51:25 -0500] "GET /galeria/nivo-slider/themes/default/default.css HTTP/1.1" 200 1569
190.147.212.191 - - [26/Mar/2015:08:51:25 -0500] "GET /galeria/nivo-slider/themes/pascal/pascal.css HTTP/1.1" 200 2258
190.147.212.191 - - [26/Mar/2015:08:51:25 -0500] "GET /galeria/nivo-slider/jquery.nivo.slider.pack.js HTTP/1.1" 200 11561
186.28.111.56 - - [26/Mar/2015:08:51:25 -0500] "GET /galeria/nivo-slider/demo/images/Banner-decreto1299.jpg HTTP/1.1" 304 -
186.28.111.56 - - [26/Mar/2015:08:51:25 -0500] "GET /galeria/nivo-slider/demo/images/Conoce-los-humedales.jpg HTTP/1.1" 304 -
190.147.212.191 - - [26/Mar/2015:08:51:25 -0500] "GET /galeria/nivo-slider/themes/default/loading.gif HTTP/1.1" 200 1737
190.147.212.191 - - [26/Mar/2015:08:51:27 -0500] "GET /galeria/nivo-slider/demo/images/4Simple_Slider.png HTTP/1.1" 200 11722
190.147.212.191 - - [26/Mar/2015:08:51:27 -0500] "GET /galeria/nivo-slider/demo/images/Banner-semana-santa.jpg HTTP/1.1" 200 350491
190.147.212.191 - - [26/Mar/2015:08:51:27 -0500] "GET /galeria/nivo-slider/demo/images/no-sea-victima.jpg HTTP/1.1" 200 254155
190.147.212.191 - - [26/Mar/2015:08:51:27 -0500] "GET /galeria/nivo-slider/demo/images/Convocatoria_recicladores.jpg HTTP/1.1" 200 213976
190.147.212.191 - - [26/Mar/2015:08:51:28 -0500] "GET /galeria/nivo-slider/demo/images/secretaria-de-ambiente.jpg HTTP/1.1" 200 259142
190.147.212.191 - - [26/Mar/2015:08:51:28 -0500] "GET /galeria/nivo-slider/demo/images/Licitaciones-proyecto-paramo.jpg HTTP/1.1" 200 221877
190.147.212.191 - - [26/Mar/2015:08:51:28 -0500] "GET /galeria/nivo-slider/demo/images/Banner-decreto1299.jpg HTTP/1.1" 200 182613
186.112.1.122 - - [26/Mar/2015:08:51:29 -0500] "GET /portalsiaccapacitaciones/Soportes%20Capacitaciones%20A%C3%B1o%202013/0042.%20Presentaci%C3%B3n%20Superficies%20vegetadas%20%2019-09-2013.pdf HTTP/1.1" 206 65536
190.147.212.191 - - [26/Mar/2015:08:51:29 -0500] "GET /galeria/nivo-slider/demo/images/Banner-Directorio.jpg HTTP/1.1" 200 182068
190.147.212.191 - - [26/Mar/2015:08:51:29 -0500] "GET /galeria/nivo-slider/demo/images/banner-V2.jpg HTTP/1.1" 200 167020
190.147.212.191 - - [26/Mar/2015:08:51:29 -0500] "GET /galeria/nivo-slider/demo/images/Ruta-vertimientos-01.jpg HTTP/1.1" 200 130151
190.147.212.191 - - [26/Mar/2015:08:51:29 -0500] "GET /galeria/nivo-slider/demo/images/bolsas-06.jpg HTTP/1.1" 200 90982
190.147.212.191 - - [26/Mar/2015:08:51:30 -0500] "GET /galeria/nivo-slider/demo/images/bolsas-08.jpg HTTP/1.1" 200 85589
190.147.212.191 - - [26/Mar/2015:08:51:30 -0500] "GET /galeria/nivo-slider/demo/images/redes_sociales.jpg HTTP/1.1" 200 415652
190.147.212.191 - - [26/Mar/2015:08:51:30 -0500] "GET /galeria/nivo-slider/demo/images/Conoce-los-humedales.jpg HTTP/1.1" 200 294036
190.147.212.191 - - [26/Mar/2015:08:51:31 -0500] "GET /galeria/nivo-slider/demo/images/ecolecta-Dic2014.png HTTP/1.1" 200 288593
190.147.212.191 - - [26/Mar/2015:08:51:31 -0500] "GET /galeria/nivo-slider/demo/images/porloshumedales.jpg HTTP/1.1" 200 351238
186.112.1.122 - - [26/Mar/2015:08:51:31 -0500] "GET /portalsiaccapacitaciones/Soportes%20Capacitaciones%20A%C3%B1o%202013/0042.%20Presentaci%C3%B3n%20Superficies%20vegetadas%20%2019-09-2013.pdf HTTP/1.1" 206 65536
190.227.128.23 - - [26/Mar/2015:08:51:31 -0500] "GET /galeria/galeria/jquery.fancybox.js?v=2.1.5 HTTP/1.0" 304 -
190.147.212.191 - - [26/Mar/2015:08:51:32 -0500] "GET /galeria/nivo-slider/demo/images/Tingua-azul.jpg HTTP/1.1" 200 307638
186.83.128.190 - - [26/Mar/2015:08:51:33 -0500] "GET /forest/session.jsp?a=0.672007397050038 HTTP/1.1" 200 4
186.28.111.56 - - [26/Mar/2015:08:51:35 -0500] "GET /videos/Humedal_Comunidad.flv HTTP/1.1" 206 1
190.147.212.191 - - [26/Mar/2015:08:51:35 -0500] "GET /BLA/boletinlegal/js/jquery.scrollTo-min.js HTTP/1.1" 304 -
190.147.212.191 - - [26/Mar/2015:08:51:35 -0500] "GET /galeria/galeria/jquery.fancybox.css?v=2.1.5 HTTP/1.1" 304 -
190.147.212.191 - - [26/Mar/2015:08:51:35 -0500] "GET /galeria/galeria/jquery.fancybox.js?v=2.1.5 HTTP/1.1" 304 -
190.147.212.191 - - [26/Mar/2015:08:51:35 -0500] "GET /BLA/boletinlegal/js/jquery.scrollShow.js HTTP/1.1" 304 -
186.28.111.56 - - [26/Mar/2015:08:51:36 -0500] "GET /videos/Humedal_Comunidad.flv HTTP/1.1" 206 78881824
186.112.1.122 - - [26/Mar/2015:08:51:38 -0500] "GET /portalsiaccapacitaciones/Soportes%20Capacitaciones%20A%C3%B1o%202013/0042.%20Presentaci%C3%B3n%20Superficies%20vegetadas%20%2019-09-2013.pdf HTTP/1.1" 206 65536
201.245.192.253 - - [26/Mar/2015:08:48:40 -0500] "GET /ForestMSG_SDA/channelAsync/template_word_17793731?X-Atmosphere-tracking-id=457e73e1-47f0-0e01-5d3a-919921fdeb86&X-Atmosphere-Framework=1.0.5&X-Atmosphere-Transport=long-polling&tabid=0.8739690056545747&X-Cache-Date=0&Content-Type=application/xml&_=1427377715385 HTTP/1.1" 200 8193
186.112.1.122 - - [26/Mar/2015:08:51:42 -0500] "GET /portalsiaccapacitaciones/Soportes%20Capacitaciones%20A%C3%B1o%202013/0042.%20Presentaci%C3%B3n%20Superficies%20vegetadas%20%2019-09-2013.pdf HTTP/1.1" 206 65536
186.112.1.122 - - [26/Mar/2015:08:51:44 -0500] "GET /portalsiaccapacitaciones/Soportes%20Capacitaciones%20A%C3%B1o%202013/0042.%20Presentaci%C3%B3n%20Superficies%20vegetadas%20%2019-09-2013.pdf HTTP/1.1" 206 65536
201.245.192.253 - - [26/Mar/2015:08:51:45 -0500] "GET /forest/reportes.do?group_system_actual=5&_a=0.32956562493927777 HTTP/1.1" 302 -
186.112.1.122 - - [26/Mar/2015:08:51:45 -0500] "GET /portalsiaccapacitaciones/Soportes%20Capacitaciones%20A%C3%B1o%202013/0042.%20Presentaci%C3%B3n%20Superficies%20vegetadas%20%2019-09-2013.pdf HTTP/1.1" 206 65536
201.245.192.253 - - [26/Mar/2015:08:51:45 -0500] "GET /forest/reportes.do?menu=1&group_system_actual=5 HTTP/1.1" 200 32464
201.245.192.253 - - [26/Mar/2015:08:51:46 -0500] "GET /forest/parameter?action=listRpts&a=0.5589660417754203 HTTP/1.1" 200 74858
201.245.192.253 - - [26/Mar/2015:08:51:46 -0500] "GET /forest/session.jsp?a=0.18716190522536635 HTTP/1.1" 200 4
186.112.1.122 - - [26/Mar/2015:08:51:46 -0500] "GET /portalsiaccapacitaciones/Soportes%20Capacitaciones%20A%C3%B1o%202013/0042.%20Presentaci%C3%B3n%20Superficies%20vegetadas%20%2019-09-2013.pdf HTTP/1.1" 206 65536
186.112.1.122 - - [26/Mar/2015:08:51:48 -0500] "GET /portalsiaccapacitaciones/Soportes%20Capacitaciones%20A%C3%B1o%202013/0042.%20Presentaci%C3%B3n%20Superficies%20vegetadas%20%2019-09-2013.pdf HTTP/1.1" 206 65536
186.112.1.122 - - [26/Mar/2015:08:51:49 -0500] "GET /portalsiaccapacitaciones/Soportes%20Capacitaciones%20A%C3%B1o%202013/0042.%20Presentaci%C3%B3n%20Superficies%20vegetadas%20%2019-09-2013.pdf HTTP/1.1" 206 65536
186.112.1.122 - - [26/Mar/2015:08:51:50 -0500] "GET /portalsiaccapacitaciones/Soportes%20Capacitaciones%20A%C3%B1o%202013/0042.%20Presentaci%C3%B3n%20Superficies%20vegetadas%20%2019-09-2013.pdf HTTP/1.1" 206 65536
186.112.1.122 - - [26/Mar/2015:08:51:51 -0500] "GET /portalsiaccapacitaciones/Soportes%20Capacitaciones%20A%C3%B1o%202013/0042.%20Presentaci%C3%B3n%20Superficies%20vegetadas%20%2019-09-2013.pdf HTTP/1.1" 206 65536
201.245.192.253 - - [26/Mar/2015:08:51:52 -0500] "GET /forest/parameter?action=parametersReportMDX&id_rpt=269&currentTab=tab_presentacion&a=0.4511119839735329 HTTP/1.1" 200 30015
201.245.192.253 - - [26/Mar/2015:08:51:52 -0500] "GET /forestReports/webcontent/birt/admin/img/popup/close.gif HTTP/1.1" 304 -
201.245.192.253 - - [26/Mar/2015:08:51:52 -0500] "GET /forestReports/webcontent/birt/admin/img/popup/cancel.gif HTTP/1.1" 304 -
201.245.192.253 - - [26/Mar/2015:08:51:52 -0500] "GET /forestReports/webcontent/birt/admin/img/popup/okey.gif HTTP/1.1" 304 -
201.245.192.253 - - [26/Mar/2015:08:51:52 -0500] "GET /forestReports/webcontent/birt/admin/img/dtree/plus.gif HTTP/1.1" 304 -
66.249.83.186 - - [26/Mar/2015:08:51:52 -0500] "GET /BLA/boletinlegal/js/jquery.scrollTo-min.js HTTP/1.1" 304 -
66.249.83.192 - - [26/Mar/2015:08:51:52 -0500] "GET /BLA/boletinlegal/js/jquery.scrollShow.js HTTP/1.1" 304 -
66.249.83.198 - - [26/Mar/2015:08:51:52 -0500] "GET /galeria/galeria/jquery.fancybox.css?v=2.1.5 HTTP/1.1" 304 -
66.249.83.186 - - [26/Mar/2015:08:51:52 -0500] "GET /galeria/galeria/jquery.fancybox.js?v=2.1.5 HTTP/1.1" 304 -
152.61.193.99 - - [26/Mar/2015:08:51:52 -0500] "HEAD / HTTP/1.1" 302 -
186.112.1.122 - - [26/Mar/2015:08:51:52 -0500] "GET /portalsiaccapacitaciones/Soportes%20Capacitaciones%20A%C3%B1o%202013/0042.%20Presentaci%C3%B3n%20Superficies%20vegetadas%20%2019-09-2013.pdf HTTP/1.1" 206 65536
152.61.193.99 - - [26/Mar/2015:08:51:52 -0500] "GET /arcgis/services/Calidad_del_Agua_WQI/MapServer/WMSServer?SERVICE=WMS&REQUEST=GetCapabilities HTTP/1.1" 200 32135
186.112.1.122 - - [26/Mar/2015:08:51:53 -0500] "GET /portalsiaccapacitaciones/Soportes%20Capacitaciones%20A%C3%B1o%202013/0042.%20Presentaci%C3%B3n%20Superficies%20vegetadas%20%2019-09-2013.pdf HTTP/1.1" 206 65536
152.61.193.99 - - [26/Mar/2015:08:51:53 -0500] "GET /arcgis/services/Calidad_del_Agua_WQI/MapServer/WMSServer?SERVICE=WMS&REQUEST=GetCapabilities HTTP/1.1" 200 32135
152.61.193.99 - - [26/Mar/2015:08:51:54 -0500] "GET /arcgis/services/Calidad_del_Agua_WQI/MapServer/WMSServer?SERVICE=WMS&REQUEST=GetCapabilities HTTP/1.1" 200 32135
186.112.1.122 - - [26/Mar/2015:08:51:54 -0500] "GET /portalsiaccapacitaciones/Soportes%20Capacitaciones%20A%C3%B1o%202013/0042.%20Presentaci%C3%B3n%20Superficies%20vegetadas%20%2019-09-2013.pdf HTTP/1.1" 206 65536
152.61.193.99 - - [26/Mar/2015:08:51:55 -0500] "GET /arcgis/services/Calidad_del_Agua_WQI/MapServer/WMSServer?SERVICE=WMS&REQUEST=GetCapabilities HTTP/1.1" 200 32135
186.112.1.122 - - [26/Mar/2015:08:51:55 -0500] "GET /portalsiaccapacitaciones/Soportes%20Capacitaciones%20A%C3%B1o%202013/0042.%20Presentaci%C3%B3n%20Superficies%20vegetadas%20%2019-09-2013.pdf HTTP/1.1" 206 65536
201.245.192.253 - - [26/Mar/2015:08:51:56 -0500] "GET /BLA/boletinlegal/js/jquery.scrollTo-min.js HTTP/1.1" 304 -
201.245.192.253 - - [26/Mar/2015:08:51:56 -0500] "GET /forest/parameter?action=parametersReportMDX&id_rpt=117&currentTab=tab_presentacion&a=0.5799327606800944 HTTP/1.1" 200 6434
201.245.192.253 - - [26/Mar/2015:08:51:56 -0500] "GET /galeria/nivo-slider/demo/demo.html HTTP/1.1" 304 -
186.112.1.122 - - [26/Mar/2015:08:51:56 -0500] "GET /portalsiaccapacitaciones/Soportes%20Capacitaciones%20A%C3%B1o%202013/0042.%20Presentaci%C3%B3n%20Superficies%20vegetadas%20%2019-09-2013.pdf HTTP/1.1" 206 65536
201.245.192.253 - - [26/Mar/2015:08:51:57 -0500] "GET /galeria/nivo-slider/demo/images/Banner-semana-santa.jpg HTTP/1.1" 304 -
201.245.192.253 - - [26/Mar/2015:08:51:57 -0500] "GET /galeria/nivo-slider/demo/images/secretaria-de-ambiente.jpg HTTP/1.1" 304 -
201.245.192.253 - - [26/Mar/2015:08:51:57 -0500] "GET /galeria/nivo-slider/demo/images/Convocatoria_recicladores.jpg HTTP/1.1" 304 -
201.245.192.253 - - [26/Mar/2015:08:51:57 -0500] "GET /galeria/nivo-slider/demo/images/Licitaciones-proyecto-paramo.jpg HTTP/1.1" 304 -
201.245.192.253 - - [26/Mar/2015:08:51:57 -0500] "GET /galeria/nivo-slider/demo/images/Conoce-los-humedales.jpg HTTP/1.1" 304 -
152.61.193.99 - - [26/Mar/2015:08:51:55 -0500] "GET /arcgis/services/Calidad_del_Agua_WQI/MapServer/WMSServer?VERSION=1.1.1&REQUEST=GetMap&LAYERS=0&SRS=EPSG:4326&BBOX=-74.473395,3.674381,-73.963300,4.920569&WIDTH=250&HEIGHT=250&FORMAT=image/bmp&STYLES=& HTTP/1.1" 200 188054
201.245.192.253 - - [26/Mar/2015:08:51:59 -0500] "POST /forest/frameset? HTTP/1.1" 200 53248
201.245.192.253 - - [26/Mar/2015:08:51:59 -0500] "GET /forestReports/webcontent/birt/ajax/lib/head.js HTTP/1.1" 304 -
201.245.192.253 - - [26/Mar/2015:08:51:59 -0500] "GET /forestReports/webcontent/birt/styles/style.css HTTP/1.1" 304 -
201.245.192.253 - - [26/Mar/2015:08:51:59 -0500] "GET /forestReports/webcontent/birt/styles/dialogbase.css HTTP/1.1" 304 -
201.245.192.253 - - [26/Mar/2015:08:51:59 -0500] "GET /forestReports/webcontent/birt/ajax/core/Mask.js HTTP/1.1" 304 -
201.245.192.253 - - [26/Mar/2015:08:51:59 -0500] "GET /forestReports/webcontent/birt/ajax/utility/Debug.js HTTP/1.1" 304 -
201.245.192.253 - - [26/Mar/2015:08:51:59 -0500] "GET /forestReports/webcontent/birt/ajax/lib/prototype.js HTTP/1.1" 304 -
201.245.192.253 - - [26/Mar/2015:08:51:59 -0500] "GET /forestReports/webcontent/birt/ajax/utility/BrowserUtility.js HTTP/1.1" 304 -
201.245.192.253 - - [26/Mar/2015:08:51:59 -0500] "GET /forestReports/webcontent/birt/ajax/core/BirtDndManager.js HTTP/1.1" 304 -
201.245.192.253 - - [26/Mar/2015:08:51:59 -0500] "GET /forestReports/webcontent/birt/ajax/utility/BirtUtility.js HTTP/1.1" 304 -
201.245.192.253 - - [26/Mar/2015:08:51:59 -0500] "GET /forestReports/webcontent/birt/ajax/utility/Constants.js HTTP/1.1" 304 -
201.245.192.253 - - [26/Mar/2015:08:51:59 -0500] "GET /forestReports/webcontent/birt/ajax/mh/BirtBaseResponseHandler.js HTTP/1.1" 304 -
201.245.192.253 - - [26/Mar/2015:08:51:59 -0500] "GET /forestReports/webcontent/birt/ajax/core/BirtEventDispatcher.js HTTP/1.1" 304 -
201.245.192.253 - - [26/Mar/2015:08:51:59 -0500] "GET /forestReports/webcontent/birt/ajax/core/BirtEvent.js HTTP/1.1" 304 -
201.245.192.253 - - [26/Mar/2015:08:51:59 -0500] "GET /forestReports/webcontent/birt/ajax/mh/BirtGetUpdatedObjectsResponseHandler.js HTTP/1.1" 304 -
201.245.192.253 - - [26/Mar/2015:08:51:59 -0500] "GET /forestReports/webcontent/birt/ajax/ui/app/AbstractUIComponent.js HTTP/1.1" 304 -
201.245.192.253 - - [26/Mar/2015:08:51:59 -0500] "GET /forestReports/webcontent/birt/ajax/ui/app/BirtToolbar.js HTTP/1.1" 304 -
201.245.192.253 - - [26/Mar/2015:08:51:59 -0500] "GET /forestReports/webcontent/birt/ajax/ui/app/AbstractBaseToc.js HTTP/1.1" 304 -
201.245.192.253 - - [26/Mar/2015:08:51:59 -0500] "GET /forestReports/webcontent/birt/ajax/ui/app/AbstractBaseToolbar.js HTTP/1.1" 304 -
201.245.192.253 - - [26/Mar/2015:08:51:59 -0500] "GET /forestReports/webcontent/birt/ajax/ui/app/BirtToc.js HTTP/1.1" 304 -
201.245.192.253 - - [26/Mar/2015:08:51:59 -0500] "GET /forestReports/webcontent/birt/ajax/ui/app/BirtProgressBar.js HTTP/1.1" 304 -
201.245.192.253 - - [26/Mar/2015:08:51:59 -0500] "GET /forestReports/webcontent/birt/ajax/ui/report/AbstractReportComponent.js HTTP/1.1" 304 -
201.245.192.253 - - [26/Mar/2015:08:51:59 -0500] "GET /forestReports/webcontent/birt/ajax/ui/report/AbstractBaseReportDocument.js HTTP/1.1" 304 -
201.245.192.253 - - [26/Mar/2015:08:51:59 -0500] "GET /forestReports/webcontent/birt/ajax/ui/report/BirtReportDocument.js HTTP/1.1" 304 -
201.245.192.253 - - [26/Mar/2015:08:51:59 -0500] "GET /forestReports/webcontent/birt/ajax/ui/dialog/AbstractBaseDialog.js HTTP/1.1" 304 -
201.245.192.253 - - [26/Mar/2015:08:51:59 -0500] "GET /forestReports/webcontent/birt/ajax/ui/dialog/BirtTabedDialogBase.js HTTP/1.1" 304 -
201.245.192.253 - - [26/Mar/2015:08:51:59 -0500] "GET /forestReports/webcontent/birt/ajax/ui/dialog/AbstractParameterDialog.js HTTP/1.1" 304 -
201.245.192.253 - - [26/Mar/2015:08:51:59 -0500] "GET /forestReports/webcontent/birt/ajax/ui/dialog/BirtSimpleExportDataDialog.js HTTP/1.1" 304 -
201.245.192.253 - - [26/Mar/2015:08:51:59 -0500] "GET /forestReports/webcontent/birt/ajax/ui/dialog/BirtPrintReportDialog.js HTTP/1.1" 304 -
201.245.192.253 - - [26/Mar/2015:08:51:59 -0500] "GET /forestReports/webcontent/birt/ajax/ui/dialog/BirtExportReportDialog.js HTTP/1.1" 304 -
201.245.192.253 - - [26/Mar/2015:08:51:59 -0500] "GET /forestReports/webcontent/birt/ajax/ui/dialog/BirtPrintReportServerDialog.js HTTP/1.1" 304 -
201.245.192.253 - - [26/Mar/2015:08:51:59 -0500] "GET /forestReports/webcontent/birt/ajax/ui/dialog/AbstractExceptionDialog.js HTTP/1.1" 304 -
201.245.192.253 - - [26/Mar/2015:08:51:59 -0500] "GET /forestReports/webcontent/birt/ajax/utility/BirtPosition.js HTTP/1.1" 304 -
201.245.192.253 - - [26/Mar/2015:08:51:59 -0500] "GET /forestReports/webcontent/birt/ajax/ui/dialog/BirtConfirmationDialog.js HTTP/1.1" 304 -
201.245.192.253 - - [26/Mar/2015:08:51:59 -0500] "GET /forestReports/webcontent/birt/ajax/core/BirtSoapRequest.js HTTP/1.1" 304 -
201.245.192.253 - - [26/Mar/2015:08:51:59 -0500] "GET /forestReports/webcontent/birt/ajax/ui/dialog/BirtExceptionDialog.js HTTP/1.1" 304 -
201.245.192.253 - - [26/Mar/2015:08:51:59 -0500] "GET /forestReports/webcontent/birt/ajax/core/BirtCommunicationManager.js HTTP/1.1" 304 -
201.245.192.253 - - [26/Mar/2015:08:51:59 -0500] "GET /forestReports/webcontent/birt/ajax/utility/Printer.js HTTP/1.1" 304 -
201.245.192.253 - - [26/Mar/2015:08:51:59 -0500] "GET /forestReports/webcontent/birt/ajax/core/BirtSoapResponse.js HTTP/1.1" 304 -
201.245.192.253 - - [26/Mar/2015:08:51:59 -0500] "GET /forestReports/webcontent/birt/images/Toc.gif HTTP/1.1" 304 -
201.245.192.253 - - [26/Mar/2015:08:51:59 -0500] "GET /forestReports/webcontent/birt/images/Report_parameters.gif HTTP/1.1" 304 -
201.245.192.253 - - [26/Mar/2015:08:51:59 -0500] "GET /forestReports/webcontent/birt/images/ExportReport.gif HTTP/1.1" 304 -
201.245.192.253 - - [26/Mar/2015:08:51:59 -0500] "GET /forestReports/webcontent/birt/images/Print.gif HTTP/1.1" 304 -
201.245.192.253 - - [26/Mar/2015:08:51:59 -0500] "GET /forestReports/webcontent/birt/images/AddAll.gif HTTP/1.1" 304 -
201.245.192.253 - - [26/Mar/2015:08:51:59 -0500] "GET /forestReports/webcontent/birt/images/Add.gif HTTP/1.1" 304 -
201.245.192.253 - - [26/Mar/2015:08:51:59 -0500] "GET /forestReports/webcontent/birt/images/Remove_disabled.gif HTTP/1.1" 304 -
201.245.192.253 - - [26/Mar/2015:08:51:59 -0500] "GET /forestReports/webcontent/birt/images/RemoveAll_disabled.gif HTTP/1.1" 304 -
201.245.192.253 - - [26/Mar/2015:08:51:59 -0500] "GET /forestReports/webcontent/birt/images/Up_disabled.gif HTTP/1.1" 304 -
201.245.192.253 - - [26/Mar/2015:08:51:59 -0500] "GET /forestReports/webcontent/birt/images/Down_disabled.gif HTTP/1.1" 304 -
201.245.192.253 - - [26/Mar/2015:08:51:59 -0500] "GET /forestReports/webcontent/birt/images/Error.gif HTTP/1.1" 304 -
201.245.192.253 - - [26/Mar/2015:08:51:59 -0500] "GET /forestReports/webcontent/birt/images/FirstPage_disabled.gif HTTP/1.1" 304 -
201.245.192.253 - - [26/Mar/2015:08:51:59 -0500] "GET /forestReports/webcontent/birt/images/PreviousPage_disabled.gif HTTP/1.1" 304 -
201.245.192.253 - - [26/Mar/2015:08:51:59 -0500] "GET /forestReports/webcontent/birt/images/parameter.gif HTTP/1.1" 304 -
201.245.192.253 - - [26/Mar/2015:08:51:59 -0500] "GET /forestReports/webcontent/birt/images/NextPage_disabled.gif HTTP/1.1" 304 -
201.245.192.253 - - [26/Mar/2015:08:51:59 -0500] "GET /forestReports/webcontent/birt/images/Loading.gif HTTP/1.1" 304 -
201.245.192.253 - - [26/Mar/2015:08:51:59 -0500] "GET /forestReports/webcontent/birt/images/LastPage_disabled.gif HTTP/1.1" 304 -
201.245.192.253 - - [26/Mar/2015:08:51:59 -0500] "GET /forestReports/webcontent/birt/images/Go.gif HTTP/1.1" 304 -
201.245.192.253 - - [26/Mar/2015:08:52:02 -0500] "GET /autoliquidacion HTTP/1.1" 301 310
201.245.192.253 - - [26/Mar/2015:08:52:02 -0500] "GET /autoliquidacion/ HTTP/1.1" 200 6375
186.112.1.122 - - [26/Mar/2015:08:52:02 -0500] "GET /portalsiaccapacitaciones/Soportes%20Capacitaciones%20A%C3%B1o%202013/0042.%20Presentaci%C3%B3n%20Superficies%20vegetadas%20%2019-09-2013.pdf HTTP/1.1" 206 65536
201.245.192.253 - - [26/Mar/2015:08:52:02 -0500] "GET /forestReports/webcontent/birt/ajax/ui/app/BirtNavigationBar.js HTTP/1.1" 304 -
201.245.192.253 - - [26/Mar/2015:08:52:02 -0500] "GET /forestReports/webcontent/birt/ajax/ui/dialog/BirtParameterDialog.js HTTP/1.1" 304 -
201.245.192.253 - - [26/Mar/2015:08:52:02 -0500] "GET /forestReports/webcontent/birt/pages/common/blank.html HTTP/1.1" 304 -
201.245.192.253 - - [26/Mar/2015:08:52:02 -0500] "GET /forestReports/webcontent/birt/pages/common/processing.jsp?__rtl=false HTTP/1.1" 200 719
201.245.192.253 - - [26/Mar/2015:08:52:02 -0500] "GET /forestReports/webcontent/birt/pages/common/blank.html HTTP/1.1" 304 -
201.245.192.253 - - [26/Mar/2015:08:52:02 -0500] "POST /forest/frameset?__toolbar=true&__report=forest%2Frpts%2F117.rptdesign&__app=forest&__format=&__sessionId=20150326_085737_569&__dpi=96 HTTP/1.1" 200 69637
201.245.192.253 - - [26/Mar/2015:08:52:03 -0500] "GET /forest/preview?__sessionId=20150326_085737_569&__imageid=file1dc95b3814c4c50edcc6763.gif HTTP/1.1" 200 4169
201.245.192.253 - - [26/Mar/2015:08:52:03 -0500] "GET /forest/preview?__sessionId=20150326_085737_569&__imageid=file1dc95b3814c4c50edcc6764.gif HTTP/1.1" 200 2367
201.245.192.253 - - [26/Mar/2015:08:52:06 -0500] "GET /autoliquidacion/index.php?dir=Solicitudes+relacionadas+con+calidad+del+aire+auditiva+y+visual%2F HTTP/1.1" 200 5748
186.112.1.122 - - [26/Mar/2015:08:52:06 -0500] "GET /portalsiaccapacitaciones/Soportes%20Capacitaciones%20A%C3%B1o%202013/0042.%20Presentaci%C3%B3n%20Superficies%20vegetadas%20%2019-09-2013.pdf HTTP/1.1" 206 65536
186.112.1.122 - - [26/Mar/2015:08:52:07 -0500] "GET /portalsiaccapacitaciones/Soportes%20Capacitaciones%20A%C3%B1o%202013/0042.%20Presentaci%C3%B3n%20Superficies%20vegetadas%20%2019-09-2013.pdf HTTP/1.1" 206 65536
186.112.1.122 - - [26/Mar/2015:08:52:11 -0500] "GET /portalsiaccapacitaciones/Soportes%20Capacitaciones%20A%C3%B1o%202013/0042.%20Presentaci%C3%B3n%20Superficies%20vegetadas%20%2019-09-2013.pdf HTTP/1.1" 206 65536
186.112.1.122 - - [26/Mar/2015:08:52:11 -0500] "GET /portalsiaccapacitaciones/Soportes%20Capacitaciones%20A%C3%B1o%202013/0042.%20Presentaci%C3%B3n%20Superficies%20vegetadas%20%2019-09-2013.pdf HTTP/1.1" 206 65536
186.112.1.122 - - [26/Mar/2015:08:52:13 -0500] "GET /portalsiaccapacitaciones/Soportes%20Capacitaciones%20A%C3%B1o%202013/0042.%20Presentaci%C3%B3n%20Superficies%20vegetadas%20%2019-09-2013.pdf HTTP/1.1" 206 65536
201.245.192.253 - - [26/Mar/2015:08:52:13 -0500] "GET /autoliquidacion/index.php?dir=Solicitudes+relacionadas+con+calidad+del+aire+auditiva+y+visual%2FEvaluaci%F3n+de+estudios+de+Emisiones+con+miras+a+verificar+el+cumplimiento+de+las+normas+de+emisiones%2F HTTP/1.1" 200 3381
186.112.1.122 - - [26/Mar/2015:08:52:14 -0500] "GET /portalsiaccapacitaciones/Soportes%20Capacitaciones%20A%C3%B1o%202013/0042.%20Presentaci%C3%B3n%20Superficies%20vegetadas%20%2019-09-2013.pdf HTTP/1.1" 206 65536
201.245.192.253 - - [26/Mar/2015:08:52:14 -0500] "GET /autoliquidacion/Solicitudes%20relacionadas%20con%20calidad%20del%20aire%20auditiva%20y%20visual/Evaluaci%C3%B3n%20de%20estudios%20de%20Emisiones%20con%20miras%20a%20verificar%20el%20cumplimiento%20de%20las%20normas%20de%20emisiones/Aplicativo%20Evaluaci%C3%B3n%20de%20estudios%20de%20emisiones%202015.xlsx HTTP/1.1" 304 -
186.112.1.122 - - [26/Mar/2015:08:52:15 -0500] "GET /portalsiaccapacitaciones/Soportes%20Capacitaciones%20A%C3%B1o%202013/0042.%20Presentaci%C3%B3n%20Superficies%20vegetadas%20%2019-09-2013.pdf HTTP/1.1" 206 65536
186.112.1.122 - - [26/Mar/2015:08:52:16 -0500] "GET /portalsiaccapacitaciones/Soportes%20Capacitaciones%20A%C3%B1o%202013/0042.%20Presentaci%C3%B3n%20Superficies%20vegetadas%20%2019-09-2013.pdf HTTP/1.1" 206 65536
181.48.249.210 - - [26/Mar/2015:08:52:17 -0500] "GET /galeria/galeria/jquery.fancybox.css?v=2.1.5 HTTP/1.1" 304 -
181.48.249.210 - - [26/Mar/2015:08:52:17 -0500] "GET /galeria/carrusel/Carrusel/jquery.thumbnailScroller.css HTTP/1.1" 304 -
181.48.249.210 - - [26/Mar/2015:08:52:17 -0500] "GET /BLA/boletinlegal/js/jquery.scrollTo-min.js HTTP/1.1" 304 -
181.48.249.210 - - [26/Mar/2015:08:52:17 -0500] "GET /BLA/boletinlegal/js/jquery.scrollShow.js HTTP/1.1" 304 -
181.48.249.210 - - [26/Mar/2015:08:52:17 -0500] "GET /galeria/galeria/jquery.fancybox.js?v=2.1.5 HTTP/1.1" 304 -
181.48.249.210 - - [26/Mar/2015:08:52:17 -0500] "GET /galeria/carrusel/Carrusel/jquery-ui-1.8.13.custom.min.js HTTP/1.1" 304 -
181.48.249.210 - - [26/Mar/2015:08:52:17 -0500] "GET /galeria/carrusel/Carrusel/jquery.thumbnailScroller.js HTTP/1.1" 304 -
186.112.1.122 - - [26/Mar/2015:08:52:17 -0500] "GET /portalsiaccapacitaciones/Soportes%20Capacitaciones%20A%C3%B1o%202013/0042.%20Presentaci%C3%B3n%20Superficies%20vegetadas%20%2019-09-2013.pdf HTTP/1.1" 206 65536
186.112.1.122 - - [26/Mar/2015:08:52:18 -0500] "GET /portalsiaccapacitaciones/Soportes%20Capacitaciones%20A%C3%B1o%202013/0042.%20Presentaci%C3%B3n%20Superficies%20vegetadas%20%2019-09-2013.pdf HTTP/1.1" 206 65536
207.46.13.5 - - [26/Mar/2015:08:52:20 -0500] "GET /BLA/boletinlegal/js/jquery.scrollTo-min.js HTTP/1.1" 200 1150
186.112.1.122 - - [26/Mar/2015:08:52:24 -0500] "GET /portalsiaccapacitaciones/Soportes%20Capacitaciones%20A%C3%B1o%202013/0042.%20Presentaci%C3%B3n%20Superficies%20vegetadas%20%2019-09-2013.pdf HTTP/1.1" 206 65536
186.112.1.122 - - [26/Mar/2015:08:52:25 -0500] "GET /portalsiaccapacitaciones/Soportes%20Capacitaciones%20A%C3%B1o%202013/0042.%20Presentaci%C3%B3n%20Superficies%20vegetadas%20%2019-09-2013.pdf HTTP/1.1" 206 65536
201.184.45.220 - - [26/Mar/2015:08:52:25 -0500] "GET /BLA/boletinlegal/js/jquery.scrollShow.js HTTP/1.1" 200 4586
186.112.1.122 - - [26/Mar/2015:08:52:26 -0500] "GET /portalsiaccapacitaciones/Soportes%20Capacitaciones%20A%C3%B1o%202013/0042.%20Presentaci%C3%B3n%20Superficies%20vegetadas%20%2019-09-2013.pdf HTTP/1.1" 206 65536
186.112.1.122 - - [26/Mar/2015:08:52:27 -0500] "GET /portalsiaccapacitaciones/Soportes%20Capacitaciones%20A%C3%B1o%202013/0042.%20Presentaci%C3%B3n%20Superficies%20vegetadas%20%2019-09-2013.pdf HTTP/1.1" 206 65536
201.184.45.220 - - [26/Mar/2015:08:52:29 -0500] "GET /BLA/boletinlegal/js/jquery.scrollTo-min.js HTTP/1.1" 200 1150
201.184.45.220 - - [26/Mar/2015:08:52:30 -0500] "GET /galeria/galeria/jquery.fancybox.js?v=2.1.5 HTTP/1.1" 200 48706
201.184.45.220 - - [26/Mar/2015:08:52:30 -0500] "GET /galeria/galeria/jquery.fancybox.css?v=2.1.5 HTTP/1.1" 200 4895
186.112.1.122 - - [26/Mar/2015:08:52:31 -0500] "GET /portalsiaccapacitaciones/Soportes%20Capacitaciones%20A%C3%B1o%202013/0042.%20Presentaci%C3%B3n%20Superficies%20vegetadas%20%2019-09-2013.pdf HTTP/1.1" 206 65536
201.245.192.253 - - [26/Mar/2015:08:52:31 -0500] "GET /autoliquidacion/ HTTP/1.1" 200 6375
201.245.192.253 - - [26/Mar/2015:08:52:34 -0500] "GET /autoliquidacion/index.php?dir=Grupo+Forestal+-+Industria+de+la+Madera%2F HTTP/1.1" 200 7134
186.112.1.122 - - [26/Mar/2015:08:52:35 -0500] "GET /portalsiaccapacitaciones/Soportes%20Capacitaciones%20A%C3%B1o%202013/0042.%20Presentaci%C3%B3n%20Superficies%20vegetadas%20%2019-09-2013.pdf HTTP/1.1" 206 65536
186.112.1.122 - - [26/Mar/2015:08:52:38 -0500] "GET /portalsiaccapacitaciones/Soportes%20Capacitaciones%20A%C3%B1o%202013/0042.%20Presentaci%C3%B3n%20Superficies%20vegetadas%20%2019-09-2013.pdf HTTP/1.1" 206 65536
181.48.249.210 - - [26/Mar/2015:08:52:39 -0500] "GET /galeria/nivo-slider/demo/demo.html HTTP/1.1" 304 -
181.48.249.210 - - [26/Mar/2015:08:52:39 -0500] "GET /galeria/nivo-slider/demo/images/Banner-semana-santa.jpg HTTP/1.1" 304 -
181.48.249.210 - - [26/Mar/2015:08:52:39 -0500] "GET /galeria/nivo-slider/demo/style.css HTTP/1.1" 304 -
181.48.249.210 - - [26/Mar/2015:08:52:39 -0500] "GET /galeria/nivo-slider/themes/default/default.css HTTP/1.1" 304 -
181.48.249.210 - - [26/Mar/2015:08:52:39 -0500] "GET /galeria/nivo-slider/themes/pascal/pascal.css HTTP/1.1" 304 -
181.48.249.210 - - [26/Mar/2015:08:52:39 -0500] "GET /galeria/nivo-slider/themes/orman/orman.css HTTP/1.1" 304 -
181.48.249.210 - - [26/Mar/2015:08:52:39 -0500] "GET /galeria/nivo-slider/nivo-slider.css HTTP/1.1" 304 -
181.48.249.210 - - [26/Mar/2015:08:52:39 -0500] "GET /galeria/nivo-slider/demo/scripts/jquery-1.7.1.min.js HTTP/1.1" 304 -
181.48.249.210 - - [26/Mar/2015:08:52:39 -0500] "GET /galeria/nivo-slider/jquery.nivo.slider.pack.js HTTP/1.1" 304 -
181.48.249.210 - - [26/Mar/2015:08:52:39 -0500] "GET /galeria/nivo-slider/demo/images/no-sea-victima.jpg HTTP/1.1" 304 -
181.48.249.210 - - [26/Mar/2015:08:52:39 -0500] "GET /galeria/nivo-slider/demo/images/Convocatoria_recicladores.jpg HTTP/1.1" 304 -
181.48.249.210 - - [26/Mar/2015:08:52:39 -0500] "GET /galeria/nivo-slider/demo/images/secretaria-de-ambiente.jpg HTTP/1.1" 304 -
181.48.249.210 - - [26/Mar/2015:08:52:39 -0500] "GET /galeria/nivo-slider/demo/images/Licitaciones-proyecto-paramo.jpg HTTP/1.1" 304 -
181.48.249.210 - - [26/Mar/2015:08:52:39 -0500] "GET /galeria/nivo-slider/demo/images/Banner-decreto1299.jpg HTTP/1.1" 304 -
181.48.249.210 - - [26/Mar/2015:08:52:39 -0500] "GET /galeria/nivo-slider/demo/images/Banner-Directorio.jpg HTTP/1.1" 304 -
181.48.249.210 - - [26/Mar/2015:08:52:39 -0500] "GET /galeria/nivo-slider/demo/images/Ruta-vertimientos-01.jpg HTTP/1.1" 304 -
181.48.249.210 - - [26/Mar/2015:08:52:39 -0500] "GET /galeria/nivo-slider/demo/images/bolsas-06.jpg HTTP/1.1" 304 -
181.48.249.210 - - [26/Mar/2015:08:52:39 -0500] "GET /galeria/nivo-slider/demo/images/redes_sociales.jpg HTTP/1.1" 304 -
181.48.249.210 - - [26/Mar/2015:08:52:39 -0500] "GET /galeria/nivo-slider/demo/images/bolsas-08.jpg HTTP/1.1" 304 -
181.48.249.210 - - [26/Mar/2015:08:52:39 -0500] "GET /galeria/nivo-slider/demo/images/banner-V2.jpg HTTP/1.1" 304 -
201.245.192.253 - - [26/Mar/2015:08:52:39 -0500] "GET /forest/borrador/1696167/respuesta.docx HTTP/1.1" 200 99619
181.48.249.210 - - [26/Mar/2015:08:52:39 -0500] "GET /galeria/nivo-slider/demo/images/Conoce-los-humedales.jpg HTTP/1.1" 304 -
181.48.249.210 - - [26/Mar/2015:08:52:40 -0500] "GET /galeria/nivo-slider/demo/images/ecolecta-Dic2014.png HTTP/1.1" 304 -
181.48.249.210 - - [26/Mar/2015:08:52:40 -0500] "GET /galeria/nivo-slider/demo/images/porloshumedales.jpg HTTP/1.1" 304 -
181.48.249.210 - - [26/Mar/2015:08:52:40 -0500] "GET /galeria/nivo-slider/demo/images/Tingua-azul.jpg HTTP/1.1" 304 -
181.48.249.210 - - [26/Mar/2015:08:52:40 -0500] "GET /galeria/nivo-slider/demo/images/banner-llantas2.jpg HTTP/1.1" 304 -
181.48.249.210 - - [26/Mar/2015:08:52:40 -0500] "GET /galeria/nivo-slider/demo/images/9Signos.jpg HTTP/1.1" 304 -
181.48.249.210 - - [26/Mar/2015:08:52:40 -0500] "GET /galeria/nivo-slider/themes/default/loading.gif HTTP/1.1" 304 -
181.48.249.210 - - [26/Mar/2015:08:52:40 -0500] "GET /galeria/nivo-slider/demo/images/4Simple_Slider.png HTTP/1.1" 304 -
181.48.249.210 - - [26/Mar/2015:08:52:41 -0500] "GET /galeria/nivo-slider/themes/default/arrows.png HTTP/1.1" 304 -
181.48.249.210 - - [26/Mar/2015:08:52:41 -0500] "GET /galeria/nivo-slider/themes/default/bullets.png HTTP/1.1" 304 -
186.112.1.122 - - [26/Mar/2015:08:52:43 -0500] "GET /portalsiaccapacitaciones/Soportes%20Capacitaciones%20A%C3%B1o%202013/0042.%20Presentaci%C3%B3n%20Superficies%20vegetadas%20%2019-09-2013.pdf HTTP/1.1" 206 65536
190.26.66.65 - - [26/Mar/2015:08:52:43 -0500] "GET /galeria/galeria/jquery.fancybox.css?v=2.1.5 HTTP/1.1" 200 4895
190.26.66.65 - - [26/Mar/2015:08:52:43 -0500] "GET /BLA/boletinlegal/js/jquery.scrollTo-min.js HTTP/1.1" 200 1150
190.26.66.65 - - [26/Mar/2015:08:52:43 -0500] "GET /BLA/boletinlegal/js/jquery.scrollShow.js HTTP/1.1" 200 4586
190.26.66.65 - - [26/Mar/2015:08:52:43 -0500] "GET /galeria/galeria/jquery.fancybox.js?v=2.1.5 HTTP/1.1" 200 48706
186.112.1.122 - - [26/Mar/2015:08:52:44 -0500] "GET /portalsiaccapacitaciones/Soportes%20Capacitaciones%20A%C3%B1o%202013/0042.%20Presentaci%C3%B3n%20Superficies%20vegetadas%20%2019-09-2013.pdf HTTP/1.1" 206 65536
190.26.66.65 - - [26/Mar/2015:08:52:45 -0500] "GET /autoliquidacion HTTP/1.1" 301 310
190.26.66.65 - - [26/Mar/2015:08:52:45 -0500] "GET /autoliquidacion/ HTTP/1.1" 200 6375
190.26.66.65 - - [26/Mar/2015:08:52:45 -0500] "GET /autoliquidacion/dlf/styles.css HTTP/1.1" 200 3045
190.26.66.65 - - [26/Mar/2015:08:52:45 -0500] "GET /autoliquidacion/dlf/folder.png HTTP/1.1" 200 410
190.26.66.65 - - [26/Mar/2015:08:52:45 -0500] "GET /autoliquidacion/dlf/bg.gif HTTP/1.1" 200 54
186.112.1.122 - - [26/Mar/2015:08:52:46 -0500] "GET /portalsiaccapacitaciones/Soportes%20Capacitaciones%20A%C3%B1o%202013/0042.%20Presentaci%C3%B3n%20Superficies%20vegetadas%20%2019-09-2013.pdf HTTP/1.1" 206 65536
186.112.1.122 - - [26/Mar/2015:08:52:47 -0500] "GET /portalsiaccapacitaciones/Soportes%20Capacitaciones%20A%C3%B1o%202013/0042.%20Presentaci%C3%B3n%20Superficies%20vegetadas%20%2019-09-2013.pdf HTTP/1.1" 206 65536
157.55.39.47 - - [26/Mar/2015:08:52:48 -0500] "GET /robots.txt HTTP/1.1" 404 1018
157.55.39.47 - - [26/Mar/2015:08:52:49 -0500] "GET /galeria/galeria/jquery.fancybox.js?v=2.1.5 HTTP/1.1" 200 48706
181.48.249.210 - - [26/Mar/2015:08:52:49 -0500] "GET /videos/Humedal_Comunidad.flv HTTP/1.1" 200 81021584
186.112.1.122 - - [26/Mar/2015:08:52:50 -0500] "GET /portalsiaccapacitaciones/Soportes%20Capacitaciones%20A%C3%B1o%202013/0042.%20Presentaci%C3%B3n%20Superficies%20vegetadas%20%2019-09-2013.pdf HTTP/1.1" 206 65536
186.112.1.122 - - [26/Mar/2015:08:52:53 -0500] "GET /portalsiaccapacitaciones/Soportes%20Capacitaciones%20A%C3%B1o%202013/0042.%20Presentaci%C3%B3n%20Superficies%20vegetadas%20%2019-09-2013.pdf HTTP/1.1" 206 65536
186.181.219.135 - - [26/Mar/2015:08:52:53 -0500] "GET /BLA/boletinlegal/js/jquery.scrollTo-min.js HTTP/1.1" 200 1150
186.181.219.135 - - [26/Mar/2015:08:52:53 -0500] "GET /BLA/boletinlegal/js/jquery.scrollShow.js HTTP/1.1" 200 4586
186.181.219.135 - - [26/Mar/2015:08:52:53 -0500] "GET /galeria/galeria/jquery.fancybox.js?v=2.1.5 HTTP/1.1" 200 48706
186.181.219.135 - - [26/Mar/2015:08:52:54 -0500] "GET /galeria/galeria/jquery.fancybox.css?v=2.1.5 HTTP/1.1" 200 4895
186.181.219.135 - - [26/Mar/2015:08:52:55 -0500] "GET /galeria/carrusel/Carrusel/jquery.thumbnailScroller.css HTTP/1.1" 200 2066
186.181.219.135 - - [26/Mar/2015:08:52:55 -0500] "GET /galeria/carrusel/Carrusel/jquery-ui-1.8.13.custom.min.js HTTP/1.1" 200 10800
186.181.219.135 - - [26/Mar/2015:08:52:56 -0500] "GET /galeria/carrusel/Carrusel/jquery.thumbnailScroller.js HTTP/1.1" 200 8157
190.26.66.65 - - [26/Mar/2015:08:52:59 -0500] "GET /galeria/galeria/jquery.fancybox.css?v=2.1.5 HTTP/1.1" 304 -
190.26.66.65 - - [26/Mar/2015:08:52:59 -0500] "GET /BLA/boletinlegal/js/jquery.scrollTo-min.js HTTP/1.1" 304 -
190.26.66.65 - - [26/Mar/2015:08:52:59 -0500] "GET /BLA/boletinlegal/js/jquery.scrollShow.js HTTP/1.1" 304 -
190.26.66.65 - - [26/Mar/2015:08:52:59 -0500] "GET /galeria/galeria/jquery.fancybox.js?v=2.1.5 HTTP/1.1" 304 -
190.26.66.65 - - [26/Mar/2015:08:53:03 -0500] "GET /autoliquidacion HTTP/1.1" 301 310
190.26.66.65 - - [26/Mar/2015:08:53:03 -0500] "GET /autoliquidacion/ HTTP/1.1" 200 6375
190.26.66.65 - - [26/Mar/2015:08:53:03 -0500] "GET /autoliquidacion/dlf/styles.css HTTP/1.1" 304 -
190.26.66.65 - - [26/Mar/2015:08:53:03 -0500] "GET /autoliquidacion/dlf/folder.png HTTP/1.1" 304 -
186.112.1.122 - - [26/Mar/2015:08:53:04 -0500] "GET /portalsiaccapacitaciones/Soportes%20Capacitaciones%20A%C3%B1o%202013/0042.%20Presentaci%C3%B3n%20Superficies%20vegetadas%20%2019-09-2013.pdf HTTP/1.1" 206 65536
201.245.192.253 - - [26/Mar/2015:08:53:05 -0500] "GET /forest/skins/gdocs-jar/popup/escritorio/subirborrador.jsp?form=Correspondencia_Elaborar_Borrador&codTpl=621&codBorr=&a=0.6216622080934849 HTTP/1.1" 200 23286
186.112.1.122 - - [26/Mar/2015:08:53:05 -0500] "GET /portalsiaccapacitaciones/Soportes%20Capacitaciones%20A%C3%B1o%202013/0042.%20Presentaci%C3%B3n%20Superficies%20vegetadas%20%2019-09-2013.pdf HTTP/1.1" 206 65536
201.245.192.253 - - [26/Mar/2015:08:53:06 -0500] "GET /forest/json.do?query=terceroById&numTer=899999061-9%20SDA&a=0.4548118738872825 HTTP/1.1" 200 683
201.245.192.253 - - [26/Mar/2015:08:53:06 -0500] "GET /forest/json.do?query=plantillasByTarea&codTare=692&codInst=3095668&firma=0&a=0.9867634421513387 HTTP/1.1" 200 904
201.245.192.253 - - [26/Mar/2015:08:53:06 -0500] "GET /forest/json.do?query=ultimoBorradorByTpl&codTpl=621&codInst=3095668&a=0.4764182231145504 HTTP/1.1" 200 2
201.245.192.253 - - [26/Mar/2015:08:53:06 -0500] "GET /forest/json.do?query=ultimoBorradorByTpl&codTpl=1201&codInst=3095668&a=0.4403783483687099 HTTP/1.1" 200 2
201.245.192.253 - - [26/Mar/2015:08:53:06 -0500] "GET /forest/json.do?query=ultimoBorradorByTpl&codTpl=641&codInst=3095668&a=0.521430523501882 HTTP/1.1" 200 2
201.245.192.253 - - [26/Mar/2015:08:53:06 -0500] "GET /forest/json.do?query=ultimoBorradorByTpl&codTpl=901&codInst=3095668&a=0.3549857382777214 HTTP/1.1" 200 2
201.245.192.253 - - [26/Mar/2015:08:53:06 -0500] "GET /forest/json.do?query=ultimoBorradorByTpl&codTpl=501&codInst=3095668&a=0.06399001870799492 HTTP/1.1" 200 2
201.245.192.253 - - [26/Mar/2015:08:53:06 -0500] "GET /forest/json.do?query=ultimoBorradorByTpl&codTpl=1301&codInst=3095668&a=0.4989772484126511 HTTP/1.1" 200 2
201.245.192.253 - - [26/Mar/2015:08:53:06 -0500] "GET /forest/json.do?query=borradoresByTpls&codInst=3095668&codTare=692&firma=0&a=0.3476167739919972 HTTP/1.1" 200 2
191.79.191.81 - - [26/Mar/2015:08:53:07 -0500] "GET /portalsiaccapacitaciones/Soportes%20Capacitaciones%20A%C3%B1o%202013/0033.%20PRESENTACION%20ESTACIONES%20DE%20SERVICIO%20-%2015%20de%20Agosto.pdf HTTP/1.1" 200 1912908
191.79.191.81 - - [26/Mar/2015:08:53:08 -0500] "GET /portalsiaccapacitaciones/Soportes%20Capacitaciones%20A%C3%B1o%202013/0033.%20PRESENTACION%20ESTACIONES%20DE%20SERVICIO%20-%2015%20de%20Agosto.pdf HTTP/1.1" 206 32768
191.79.191.81 - - [26/Mar/2015:08:53:08 -0500] "GET /portalsiaccapacitaciones/Soportes%20Capacitaciones%20A%C3%B1o%202013/0033.%20PRESENTACION%20ESTACIONES%20DE%20SERVICIO%20-%2015%20de%20Agosto.pdf HTTP/1.1" 206 1880140
186.112.1.122 - - [26/Mar/2015:08:53:09 -0500] "GET /portalsiaccapacitaciones/Soportes%20Capacitaciones%20A%C3%B1o%202013/0042.%20Presentaci%C3%B3n%20Superficies%20vegetadas%20%2019-09-2013.pdf HTTP/1.1" 206 65536
