66.249.67.76 - - [31/Mar/2015:03:20:38 -0500] "GET /BLA/resoluciones/RESOLUCIONES%202007/RES%202007%201201%20AL%201300/RESOLUCION%201255%20DE%202007.pdf HTTP/1.1" 200 1953488
180.76.5.171 - - [31/Mar/2015:03:20:46 -0500] "GET /BLA/resoluciones/RESOLUCIONES%202011/1916.pdf HTTP/1.1" 200 295079
74.86.158.107 - - [31/Mar/2015:03:21:15 -0500] "HEAD / HTTP/1.1" 302 -
66.249.67.84 - - [31/Mar/2015:03:22:11 -0500] "GET /BLA/resoluciones/RESOLUCIONES%202007/RES%202007%202001%20AL%202100/RESOLUCION%202064%20DE%202007.pdf HTTP/1.1" 200 640608
109.2.117.111 - - [31/Mar/2015:03:24:06 -0500] "GET /BLA/resoluciones/RESOLUCIONES%202014/2473.pdf HTTP/1.1" 200 281976
66.249.67.68 - - [31/Mar/2015:03:25:30 -0500] "GET /BLA/resoluciones/AUTOS%202007/2472.pdf HTTP/1.1" 200 236202
66.249.67.84 - - [31/Mar/2015:03:25:36 -0500] "GET /BLA/resoluciones/AUTOS%202010/0811.pdf HTTP/1.1" 200 179093
180.76.6.140 - - [31/Mar/2015:03:26:04 -0500] "GET /BLA/resoluciones/RESOLUCIONES%202007/RES%202007%201301%20AL%201400/RESOLUCION%201331%20DE%202007.pdf HTTP/1.1" 200 462236
74.86.158.107 - - [31/Mar/2015:03:26:15 -0500] "HEAD / HTTP/1.1" 302 -
180.76.5.193 - - [31/Mar/2015:03:27:13 -0500] "GET /BLA/resoluciones/RESOLUCIONES%202010/2110.pdf HTTP/1.1" 200 351516
66.249.67.68 - - [31/Mar/2015:03:27:56 -0500] "GET /BLA/resoluciones/AUTOS%202013/0220.pdf HTTP/1.1" 304 -
180.76.5.18 - - [31/Mar/2015:03:28:22 -0500] "GET /BLA/resoluciones/AUTOS%202013/2041.pdf HTTP/1.1" 200 1909478
66.249.67.120 - - [31/Mar/2015:03:28:37 -0500] "GET /POT-2013/Cartografia/29_EDIFICABILIDAD.pdf HTTP/1.1" 304 -
66.249.67.76 - - [31/Mar/2015:03:29:05 -0500] "GET /BLA/resoluciones/RESOLUCIONES%202011/4918.pdf HTTP/1.1" 200 355581
109.2.117.111 - - [31/Mar/2015:03:29:07 -0500] "-" 408 -
180.76.5.189 - - [31/Mar/2015:03:29:33 -0500] "GET /Autoliquidacion/index.php?dir=Solicitudes+relacionadas+con+calidad+del+aire+auditiva+y+visual%2F HTTP/1.1" 200 5748
66.249.67.76 - - [31/Mar/2015:03:30:22 -0500] "GET /BLA/resoluciones/RESOLUCIONES%202007/RES%202007%202501%20AL%202600/RESOLUCION%202547%20DE%202007.pdf HTTP/1.1" 200 1009815
66.249.67.84 - - [31/Mar/2015:03:30:24 -0500] "GET /BLA/resoluciones/RESOLUCIONES%202010/1869.pdf HTTP/1.1" 200 172484
175.44.5.185 - - [31/Mar/2015:03:30:31 -0500] "HEAD /public/js/FCKeditor/editor/filemanager/connectors/uploadtest.html HTTP/1.1" 404 -
180.76.6.135 - - [31/Mar/2015:03:30:38 -0500] "GET /BLA/resoluciones/RESOLUCIONES%202011/2564.pdf HTTP/1.1" 200 281349
74.86.158.107 - - [31/Mar/2015:03:31:15 -0500] "HEAD / HTTP/1.1" 302 -
157.55.39.68 - - [31/Mar/2015:03:31:20 -0500] "GET /gallery2/ HTTP/1.1" 404 1019
199.195.118.53 - - [31/Mar/2015:03:31:35 -0500] "GET / HTTP/1.1" 302 -
180.76.6.52 - - [31/Mar/2015:03:31:48 -0500] "GET /BLA/resoluciones/RESOLUCIONES%202007/RES%202007%202201%20AL%202300/RESOLUCION%202276%20DE%202007.pdf HTTP/1.1" 200 121809
180.76.6.131 - - [31/Mar/2015:03:32:55 -0500] "GET /BLA/resoluciones/RESOLUCIONES%202009/8195.pdf HTTP/1.1" 200 136912
66.249.67.120 - - [31/Mar/2015:03:33:22 -0500] "GET /dama/libreria/php/decide.php?patron=03.1305020113&numm=15 HTTP/1.1" 404 1019
180.76.5.149 - - [31/Mar/2015:03:34:04 -0500] "GET /BLA/resoluciones/AUTOS%202011/0732.pdf HTTP/1.1" 200 148938
66.249.67.84 - - [31/Mar/2015:03:35:00 -0500] "GET /BLA/resoluciones/RESOLUCIONES%202009/9836.pdf HTTP/1.1" 200 361449
180.76.6.60 - - [31/Mar/2015:03:35:12 -0500] "GET /BLA/resoluciones/AUTOS%202009/2206.pdf HTTP/1.1" 200 112984
66.249.67.76 - - [31/Mar/2015:03:35:14 -0500] "GET /BLA/resoluciones/RESOLUCIONES%202012/1245.pdf HTTP/1.1" 200 391964
74.86.158.107 - - [31/Mar/2015:03:36:15 -0500] "HEAD / HTTP/1.1" 302 -
180.76.6.21 - - [31/Mar/2015:03:36:21 -0500] "GET /BLA/resoluciones/AUTOS%202012/1725.pdf HTTP/1.1" 200 1164703
212.4.109.206 - - [31/Mar/2015:03:37:04 -0500] "GET /BLA/resoluciones/AUTOS%202008/0234.pdf HTTP/1.1" 200 103241
212.4.109.206 - - [31/Mar/2015:03:37:04 -0500] "GET /BLA/resoluciones/AUTOS%202008/0234.pdf HTTP/1.1" 206 32768
212.4.109.206 - - [31/Mar/2015:03:37:05 -0500] "GET /BLA/resoluciones/AUTOS%202008/0234.pdf HTTP/1.1" 206 70473
212.4.109.206 - - [31/Mar/2015:03:37:06 -0500] "GET /favicon.ico HTTP/1.1" 200 7782
180.76.6.56 - - [31/Mar/2015:03:37:29 -0500] "GET /Autoliquidacion/index.php?dir=Fauna+Silvestre%2F HTTP/1.1" 200 3502
66.249.67.68 - - [31/Mar/2015:03:37:34 -0500] "GET /BLA/resoluciones/AUTOS%202010/6401.pdf HTTP/1.1" 200 160180
66.249.67.84 - - [31/Mar/2015:03:37:40 -0500] "GET /portalsiaccapacitaciones/Soportes%20Capacitaciones%20A%C3%B1o%202014/0093.%20Presentaci%C3%B3n%20PGIR%20-%20RESPEL%2010-09-14.pdf HTTP/1.1" 200 2791585
66.249.67.76 - - [31/Mar/2015:03:38:27 -0500] "GET /BLA/resoluciones/RESOLUCIONES%202005/RES%202005%20%201651-1700/00001691.tif HTTP/1.1" 200 222070
180.76.5.19 - - [31/Mar/2015:03:38:38 -0500] "GET /BLA/resoluciones/AUTOS%202010/5652.pdf HTTP/1.1" 200 672342
180.76.6.41 - - [31/Mar/2015:03:39:47 -0500] "GET /BLA/resoluciones/RESOLUCIONES%202011/1397.pdf HTTP/1.1" 200 73541
66.249.67.68 - - [31/Mar/2015:03:40:06 -0500] "GET /BLA/resoluciones/RESOLUCIONES%202009/4323.pdf HTTP/1.1" 304 -
180.76.5.150 - - [31/Mar/2015:03:40:55 -0500] "GET /BLA/resoluciones/Autos%202008/2092.pdf HTTP/1.1" 200 149182
74.86.158.107 - - [31/Mar/2015:03:41:15 -0500] "HEAD / HTTP/1.1" 302 -
66.249.67.68 - - [31/Mar/2015:03:41:26 -0500] "GET /BLA/resoluciones/RESOLUCIONES%202007/RES%202007%20201%20AL%20300/RESOLUCION%200243%20DE%202007.pdf HTTP/1.1" 200 342892
66.249.67.84 - - [31/Mar/2015:03:41:44 -0500] "GET /BLA/resoluciones/index.php?dir=RESOLUCIONES%202007/RES%202007%202301%20AL%202400/&sort=name&order=desc HTTP/1.1" 200 26610
66.249.67.68 - - [31/Mar/2015:03:42:32 -0500] "GET /BLA/resoluciones/RESOLUCIONES%202009/5687.pdf HTTP/1.1" 200 439683
66.249.67.76 - - [31/Mar/2015:03:42:43 -0500] "GET /BLA/resoluciones/RESOLUCIONES%202011/2884.pdf HTTP/1.1" 200 825022
66.249.67.68 - - [31/Mar/2015:03:42:58 -0500] "GET /BLA/resoluciones/RESOLUCIONES%202007/RES%202007%201801%20AL%201900/RESOLUCION%201810%20DE%202007.pdf HTTP/1.1" 200 761561
191.95.249.28 - - [31/Mar/2015:03:43:23 -0500] "GET /BLA/resoluciones/RESOLUCIONES%202010/6495.pdf HTTP/1.1" 200 330027
66.249.67.76 - - [31/Mar/2015:03:43:34 -0500] "GET /BLA/resoluciones/RESOLUCIONES%202011/0536.pdf HTTP/1.1" 200 807854
66.249.67.84 - - [31/Mar/2015:03:44:16 -0500] "GET /BLA/resoluciones/RESOLUCIONES%202005/RES%202005%201751-1800/00001757.tif HTTP/1.1" 200 132938
66.249.67.84 - - [31/Mar/2015:03:44:30 -0500] "GET /BLA/resoluciones/RESOLUCIONES%202007/RES%202007%202501%20AL%202600/RESOLUCION%202507%20DE%202007.pdf HTTP/1.1" 200 67877
66.249.67.84 - - [31/Mar/2015:03:44:33 -0500] "GET /BLA/resoluciones/RESOLUCIONES%202009/4323.pdf HTTP/1.1" 304 -
66.249.67.76 - - [31/Mar/2015:03:44:57 -0500] "GET /BLA/resoluciones/AUTOS%202010/5655.pdf HTTP/1.1" 200 201474
66.249.67.68 - - [31/Mar/2015:03:44:58 -0500] "GET /BLA/resoluciones/AUTOS%202013/0607.pdf HTTP/1.1" 304 -
66.249.67.84 - - [31/Mar/2015:03:45:28 -0500] "GET /BLA/resoluciones/RESOLUCIONES%202011/4228.pdf HTTP/1.1" 200 538262
74.86.158.107 - - [31/Mar/2015:03:46:15 -0500] "HEAD / HTTP/1.1" 302 -
66.249.67.84 - - [31/Mar/2015:03:47:01 -0500] "GET /BLA/resoluciones/RESOLUCIONES%202011/2996.pdf HTTP/1.1" 200 761578
180.76.6.135 - - [31/Mar/2015:03:47:18 -0500] "GET /BLA/boletinlegal/Circulares/2012/Circular%20No.%2013%20del%2006%20de%20Septiembre%20de%202012.pdf HTTP/1.1" 200 351421
66.249.67.84 - - [31/Mar/2015:03:47:24 -0500] "GET /BLA/resoluciones/RESOLUCIONES%202009/9640.pdf HTTP/1.1" 200 637204
66.249.67.68 - - [31/Mar/2015:03:47:50 -0500] "GET /BLA/resoluciones/AUTOS%202011/1306.pdf HTTP/1.1" 200 141485
180.76.5.148 - - [31/Mar/2015:03:49:35 -0500] "GET /BLA/resoluciones/AUTOS%202010/0169.pdf HTTP/1.1" 200 360354
66.249.67.68 - - [31/Mar/2015:03:49:50 -0500] "GET /BLA/resoluciones/AUTOS%202011/4932.pdf HTTP/1.1" 200 204980
123.125.71.23 - - [31/Mar/2015:03:50:26 -0500] "GET / HTTP/1.1" 302 -
180.76.6.133 - - [31/Mar/2015:03:50:44 -0500] "GET /BLA/boletinlegal/Circulares/2010/Circular%2002%20de%2025%20de%20febrero%20de%202010.pdf HTTP/1.1" 200 233254
74.86.158.107 - - [31/Mar/2015:03:51:15 -0500] "HEAD / HTTP/1.1" 302 -
66.249.67.84 - - [31/Mar/2015:03:51:22 -0500] "GET /galeria/nivo-slider/demo/demo.html HTTP/1.1" 200 4204
66.249.67.84 - - [31/Mar/2015:03:51:23 -0500] "GET /galeria/nivo-slider/demo/style.css HTTP/1.1" 200 2222
66.249.67.76 - - [31/Mar/2015:03:51:23 -0500] "GET /galeria/nivo-slider/themes/orman/orman.css HTTP/1.1" 200 2152
66.249.67.84 - - [31/Mar/2015:03:51:24 -0500] "GET /galeria/nivo-slider/nivo-slider.css HTTP/1.1" 200 1507
66.249.67.68 - - [31/Mar/2015:03:51:24 -0500] "GET /galeria/nivo-slider/demo/scripts/jquery-1.7.1.min.js HTTP/1.1" 200 93868
66.249.67.68 - - [31/Mar/2015:03:51:25 -0500] "GET /galeria/nivo-slider/themes/default/default.css HTTP/1.1" 200 1569
66.249.67.76 - - [31/Mar/2015:03:51:25 -0500] "GET /galeria/nivo-slider/themes/pascal/pascal.css HTTP/1.1" 200 2258
66.249.67.84 - - [31/Mar/2015:03:51:26 -0500] "GET /galeria/nivo-slider/jquery.nivo.slider.pack.js HTTP/1.1" 200 11561
180.76.6.60 - - [31/Mar/2015:03:51:52 -0500] "GET /BLA/resoluciones/RESOLUCIONES%202009/9636.pdf HTTP/1.1" 200 576891
66.249.67.76 - - [31/Mar/2015:03:52:15 -0500] "GET /BLA/resoluciones/AUTOS%202009/0425.pdf HTTP/1.1" 200 212825
180.76.4.64 - - [31/Mar/2015:03:52:39 -0500] "GET / HTTP/1.1" 302 -
66.249.67.84 - - [31/Mar/2015:03:52:51 -0500] "GET /BLA/resoluciones/RESOLUCIONES%202011/3965.pdf HTTP/1.1" 200 787398
180.76.6.47 - - [31/Mar/2015:03:53:01 -0500] "GET /BLA/resoluciones/AUTOS%202011/2194.pdf HTTP/1.1" 200 248783
180.76.5.170 - - [31/Mar/2015:03:54:09 -0500] "GET /BLA/resoluciones/RESOLUCIONES%202009/9107.pdf HTTP/1.1" 200 411388
66.249.67.76 - - [31/Mar/2015:03:54:14 -0500] "GET /BLA/resoluciones/AUTOS%202013/1932.pdf HTTP/1.1" 200 1738474
66.249.67.68 - - [31/Mar/2015:03:54:41 -0500] "GET /BLA/resoluciones/RESOLUCIONES%202009/1282.pdf HTTP/1.1" 304 -
66.249.67.84 - - [31/Mar/2015:03:55:11 -0500] "GET /BLA/resoluciones/AUTOS%202007/1429.pdf HTTP/1.1" 200 88983
220.181.108.84 - - [31/Mar/2015:03:55:36 -0500] "GET / HTTP/1.1" 302 -
66.249.67.76 - - [31/Mar/2015:03:56:11 -0500] "GET /BLA/resoluciones/RESOLUCIONES%202011/5153.pdf HTTP/1.1" 200 455545
74.86.158.107 - - [31/Mar/2015:03:56:15 -0500] "HEAD / HTTP/1.1" 302 -
180.76.5.71 - - [31/Mar/2015:03:56:26 -0500] "GET /BLA/resoluciones/index.php?dir=AUTOS+2006%2FAUTOS+2006+701-800%2F HTTP/1.1" 200 21787
66.249.67.76 - - [31/Mar/2015:03:56:27 -0500] "GET /BLA/resoluciones/RESOLUCIONES%202011/2911.pdf HTTP/1.1" 200 515406
66.249.67.84 - - [31/Mar/2015:03:56:29 -0500] "GET /BLA/resoluciones/RESOLUCIONES%202011/2972.pdf HTTP/1.1" 200 503414
66.249.67.76 - - [31/Mar/2015:03:56:55 -0500] "GET /BLA/resoluciones/RESOLUCIONES%202011/2964.pdf HTTP/1.1" 200 653654
66.249.67.68 - - [31/Mar/2015:03:57:07 -0500] "GET /BLA/resoluciones/RESOLUCIONES%202010/0243.pdf HTTP/1.1" 200 296903
66.249.67.68 - - [31/Mar/2015:03:58:13 -0500] "GET /BLA/resoluciones/AUTOS%202007/2794.pdf HTTP/1.1" 200 247775
66.249.67.76 - - [31/Mar/2015:03:58:50 -0500] "GET /BLA/resoluciones/RESOLUCIONES%202011/3839.pdf HTTP/1.1" 200 510624
66.249.67.68 - - [31/Mar/2015:03:59:33 -0500] "GET /BLA/resoluciones/RESOLUCIONES%202008/2730.pdf HTTP/1.1" 304 -
191.79.124.146 - - [31/Mar/2015:04:00:09 -0500] "GET /BLA/resoluciones/RESOLUCIONES%202012/0847.pdf HTTP/1.1" 200 1030651
66.249.67.68 - - [31/Mar/2015:04:00:39 -0500] "GET /BLA/resoluciones/RESOLUCIONES%202007/RES%202007%202101%20AL%202200/RESOLUCION%202153%20DE%202007.pdf HTTP/1.1" 200 3515814
201.234.75.11 - - [31/Mar/2015:04:00:44 -0500] "GET /galeria/nivo-slider/themes/orman/orman.css HTTP/1.1" 304 -
74.86.158.107 - - [31/Mar/2015:04:01:15 -0500] "HEAD / HTTP/1.1" 302 -
88.198.233.69 - - [31/Mar/2015:04:01:42 -0500] "GET / HTTP/1.1" 302 -
66.249.67.76 - - [31/Mar/2015:04:01:59 -0500] "GET /BLA/resoluciones/RESOLUCIONES%202012/1256.pdf HTTP/1.1" 200 1167478
66.249.67.84 - - [31/Mar/2015:04:02:23 -0500] "GET /BLA/resoluciones/AUTOS%202010/5294.pdf HTTP/1.1" 200 151627
66.249.67.68 - - [31/Mar/2015:04:03:13 -0500] "GET /BLA/resoluciones/index.php?dir=RESOLUCIONES%202009/&sort=name&order=desc HTTP/1.1" 200 1672911
194.187.168.22 - - [31/Mar/2015:04:04:05 -0500] "GET /robots.txt HTTP/1.0" 404 1018
194.187.168.22 - - [31/Mar/2015:04:04:15 -0500] "GET /silvicultura/11.pdf HTTP/1.0" 404 1018
194.187.168.22 - - [31/Mar/2015:04:04:22 -0500] "GET /Residuos/textiles/textiles.html HTTP/1.0" 404 1018
66.249.67.76 - - [31/Mar/2015:04:04:25 -0500] "GET /BLA/resoluciones/RESOLUCIONES%202009/3957.pdf HTTP/1.1" 304 -
66.249.67.76 - - [31/Mar/2015:04:04:46 -0500] "GET /BLA/resoluciones/AUTOS%202010/5424.pdf HTTP/1.1" 200 420655
74.86.158.107 - - [31/Mar/2015:04:06:15 -0500] "HEAD / HTTP/1.1" 302 -
66.249.67.76 - - [31/Mar/2015:04:06:51 -0500] "GET /BLA/resoluciones/AUTOS%202007/3346.pdf HTTP/1.1" 200 182624
66.249.67.84 - - [31/Mar/2015:04:07:03 -0500] "GET /BLA/resoluciones/AUTOS%202014/2187.pdf HTTP/1.1" 200 1625556
66.249.67.76 - - [31/Mar/2015:04:07:10 -0500] "GET /BLA/resoluciones/RESOLUCIONES%202011/5606.pdf HTTP/1.1" 200 603513
66.249.67.76 - - [31/Mar/2015:04:07:15 -0500] "GET /BLA/resoluciones/RESOLUCIONES%202005/RES%202005%20%201651-1700/00001686.tif HTTP/1.1" 200 137690
66.249.67.68 - - [31/Mar/2015:04:07:24 -0500] "GET /BLA/resoluciones/RESOLUCIONES%202011/5377.pdf HTTP/1.1" 200 306787
188.165.15.198 - - [31/Mar/2015:04:07:25 -0500] "GET /BLA/resoluciones/RESOLUCIONES%202005/RES%202005%20151-200/00000170.tif HTTP/1.1" 200 97626
188.165.15.198 - - [31/Mar/2015:04:07:30 -0500] "GET /BLA/resoluciones/RESOLUCIONES%202005/RES%202005%20651-700/00000700.tif HTTP/1.1" 200 41944
192.187.126.162 - - [31/Mar/2015:04:07:31 -0500] "HEAD /wp-login.php HTTP/1.1" 404 -
188.165.15.198 - - [31/Mar/2015:04:08:00 -0500] "GET /BLA/resoluciones/RESOLUCIONES%202005/RES%202005%202951-3000/00002961.tif HTTP/1.1" 200 176088
66.249.67.76 - - [31/Mar/2015:04:08:01 -0500] "GET /BLA/resoluciones/RESOLUCIONES%202011/4589.pdf HTTP/1.1" 200 647330
194.187.168.22 - - [31/Mar/2015:04:08:14 -0500] "GET /videos/galeria-fotografica/index19.html HTTP/1.0" 200 1972
190.159.203.196 - - [31/Mar/2015:04:08:23 -0500] "GET /BLA/resoluciones/RESOLUCIONES%202007/RES%202007%201401%20AL%201500/RESOLUCION%201402%20DE%202007.pdf HTTP/1.1" 200 224148
190.159.203.196 - - [31/Mar/2015:04:08:24 -0500] "GET /favicon.ico HTTP/1.1" 200 7782
66.249.67.76 - - [31/Mar/2015:04:09:17 -0500] "GET /BLA/resoluciones/RESOLUCIONES%202007/RES%202007%202501%20AL%202600/RESOLUCION%202575%20DE%202007.pdf HTTP/1.1" 304 -
66.249.67.76 - - [31/Mar/2015:04:09:20 -0500] "GET /BLA/resoluciones/Autos%202008/0076.pdf HTTP/1.1" 200 104787
180.76.6.232 - - [31/Mar/2015:04:09:39 -0500] "GET /BLA/resoluciones/AUTOS%202011/0337.pdf HTTP/1.1" 200 104216
188.165.15.198 - - [31/Mar/2015:04:09:41 -0500] "GET /BLA/resoluciones/RESOLUCIONES%202005/RES%202005%201551-1600/00001598.tif HTTP/1.1" 200 232344
188.165.15.198 - - [31/Mar/2015:04:09:48 -0500] "GET /BLA/resoluciones/RESOLUCIONES%202005/RES%202005%202851-2900/00002890.tif HTTP/1.1" 200 245200
66.249.67.84 - - [31/Mar/2015:04:09:51 -0500] "GET /BLA/resoluciones/RESOLUCIONES%202011/6177.pdf HTTP/1.1" 200 3315589
66.249.67.76 - - [31/Mar/2015:04:10:01 -0500] "GET /BLA/resoluciones/RESOLUCIONES%202011/2648.pdf HTTP/1.1" 200 517567
66.249.67.68 - - [31/Mar/2015:04:10:14 -0500] "GET /BLA/resoluciones/RESOLUCIONES%202011/3727.pdf HTTP/1.1" 200 631584
74.86.158.107 - - [31/Mar/2015:04:11:15 -0500] "HEAD / HTTP/1.1" 302 -
66.249.67.84 - - [31/Mar/2015:04:11:19 -0500] "GET /BLA/resoluciones/RESOLUCIONES%202010/3442.pdf HTTP/1.1" 200 759501
66.249.67.68 - - [31/Mar/2015:04:11:35 -0500] "GET /BLA/resoluciones/Autos%202008/2711.pdf HTTP/1.1" 200 97105
66.249.67.76 - - [31/Mar/2015:04:11:43 -0500] "GET /BLA/resoluciones/RESOLUCIONES%202011/0343.pdf HTTP/1.1" 304 -
66.249.67.68 - - [31/Mar/2015:04:11:51 -0500] "GET /BLA/resoluciones/Autos%202008/0002.pdf HTTP/1.1" 200 76647
62.160.8.25 - - [31/Mar/2015:04:12:28 -0500] "GET /galeria/galeria/jquery.fancybox.css?v=2.1.5 HTTP/1.1" 200 4895
62.160.8.25 - - [31/Mar/2015:04:12:28 -0500] "GET /galeria/carrusel/Carrusel/jquery.thumbnailScroller.css HTTP/1.1" 200 2066
62.160.8.25 - - [31/Mar/2015:04:12:28 -0500] "GET /BLA/boletinlegal/js/jquery.scrollShow.js HTTP/1.1" 200 4586
62.160.8.25 - - [31/Mar/2015:04:12:28 -0500] "GET /BLA/boletinlegal/js/jquery.scrollTo-min.js HTTP/1.1" 200 1150
62.160.8.25 - - [31/Mar/2015:04:12:28 -0500] "GET /galeria/galeria/jquery.fancybox.js?v=2.1.5 HTTP/1.1" 200 48706
62.160.8.25 - - [31/Mar/2015:04:12:28 -0500] "GET /galeria/carrusel/Carrusel/jquery-ui-1.8.13.custom.min.js HTTP/1.1" 200 10800
62.160.8.25 - - [31/Mar/2015:04:12:28 -0500] "GET /galeria/carrusel/Carrusel/jquery.thumbnailScroller.js HTTP/1.1" 200 8157
62.160.8.25 - - [31/Mar/2015:04:12:30 -0500] "GET /galeria/nivo-slider/demo/demo.html HTTP/1.1" 200 4204
62.160.8.25 - - [31/Mar/2015:04:12:30 -0500] "GET /galeria/nivo-slider/nivo-slider.css HTTP/1.1" 200 1507
62.160.8.25 - - [31/Mar/2015:04:12:30 -0500] "GET /galeria/nivo-slider/demo/style.css HTTP/1.1" 200 2222
62.160.8.25 - - [31/Mar/2015:04:12:30 -0500] "GET /galeria/nivo-slider/themes/default/default.css HTTP/1.1" 200 1569
62.160.8.25 - - [31/Mar/2015:04:12:30 -0500] "GET /galeria/nivo-slider/themes/orman/orman.css HTTP/1.1" 200 2152
62.160.8.25 - - [31/Mar/2015:04:12:30 -0500] "GET /galeria/nivo-slider/demo/scripts/jquery-1.7.1.min.js HTTP/1.1" 200 93868
62.160.8.25 - - [31/Mar/2015:04:12:30 -0500] "GET /galeria/nivo-slider/themes/pascal/pascal.css HTTP/1.1" 200 2258
62.160.8.25 - - [31/Mar/2015:04:12:30 -0500] "GET /galeria/nivo-slider/jquery.nivo.slider.pack.js HTTP/1.1" 200 11561
62.160.8.25 - - [31/Mar/2015:04:12:31 -0500] "GET /galeria/nivo-slider/demo/images/4Simple_Slider.png HTTP/1.1" 200 11722
62.160.8.25 - - [31/Mar/2015:04:12:31 -0500] "GET /galeria/nivo-slider/themes/default/loading.gif HTTP/1.1" 200 1737
62.160.8.25 - - [31/Mar/2015:04:12:31 -0500] "GET /galeria/nivo-slider/demo/images/Banner-semana-santa.jpg HTTP/1.1" 200 350491
62.160.8.25 - - [31/Mar/2015:04:12:31 -0500] "GET /galeria/nivo-slider/demo/images/no-sea-victima.jpg HTTP/1.1" 200 254155
62.160.8.25 - - [31/Mar/2015:04:12:31 -0500] "GET /galeria/nivo-slider/demo/images/Convocatoria_recicladores.jpg HTTP/1.1" 200 213976
62.160.8.25 - - [31/Mar/2015:04:12:31 -0500] "GET /galeria/nivo-slider/demo/images/Licitaciones-proyecto-paramo.jpg HTTP/1.1" 200 221877
62.160.8.25 - - [31/Mar/2015:04:12:31 -0500] "GET /galeria/nivo-slider/demo/images/Banner-decreto1299.jpg HTTP/1.1" 200 182613
62.160.8.25 - - [31/Mar/2015:04:12:32 -0500] "GET /galeria/nivo-slider/demo/images/Banner-Directorio.jpg HTTP/1.1" 200 182068
62.160.8.25 - - [31/Mar/2015:04:12:32 -0500] "GET /galeria/nivo-slider/demo/images/banner-V2.jpg HTTP/1.1" 200 167020
62.160.8.25 - - [31/Mar/2015:04:12:32 -0500] "GET /galeria/nivo-slider/demo/images/Ruta-vertimientos-01.jpg HTTP/1.1" 200 130151
62.160.8.25 - - [31/Mar/2015:04:12:32 -0500] "GET /galeria/nivo-slider/demo/images/bolsas-06.jpg HTTP/1.1" 200 90982
62.160.8.25 - - [31/Mar/2015:04:12:32 -0500] "GET /galeria/nivo-slider/demo/images/bolsas-08.jpg HTTP/1.1" 200 85589
62.160.8.25 - - [31/Mar/2015:04:12:33 -0500] "GET /galeria/nivo-slider/demo/images/redes_sociales.jpg HTTP/1.1" 200 415652
62.160.8.25 - - [31/Mar/2015:04:12:32 -0500] "GET /videos/Humedal_Comunidad.flv HTTP/1.1" 200 81021584
188.165.15.198 - - [31/Mar/2015:04:12:33 -0500] "GET /BLA/resoluciones/RESOLUCIONES%202002/RES%202002%201101-1150/00001125.tif HTTP/1.1" 200 292496
62.160.8.25 - - [31/Mar/2015:04:12:33 -0500] "GET /galeria/nivo-slider/demo/images/Conoce-los-humedales.jpg HTTP/1.1" 200 294036
62.160.8.25 - - [31/Mar/2015:04:12:33 -0500] "GET /galeria/nivo-slider/demo/images/ecolecta-Dic2014.png HTTP/1.1" 200 288593
62.160.8.25 - - [31/Mar/2015:04:12:33 -0500] "GET /galeria/nivo-slider/demo/images/porloshumedales.jpg HTTP/1.1" 200 351238
62.160.8.25 - - [31/Mar/2015:04:12:33 -0500] "GET /galeria/nivo-slider/demo/images/Tingua-azul.jpg HTTP/1.1" 200 307638
62.160.8.25 - - [31/Mar/2015:04:12:35 -0500] "GET /galeria/nivo-slider/demo/images/banner-llantas2.jpg HTTP/1.1" 200 73153
62.160.8.25 - - [31/Mar/2015:04:12:35 -0500] "GET /galeria/nivo-slider/demo/images/9Signos.jpg HTTP/1.1" 200 93040
62.160.8.25 - - [31/Mar/2015:04:12:36 -0500] "GET /galeria/nivo-slider/themes/default/arrows.png HTTP/1.1" 200 824
62.160.8.25 - - [31/Mar/2015:04:12:36 -0500] "GET /galeria/nivo-slider/themes/default/bullets.png HTTP/1.1" 200 1281
66.249.67.68 - - [31/Mar/2015:04:13:04 -0500] "GET /BLA/resoluciones/RESOLUCIONES%202005/RES%202005%201801-1850/00001808.tif HTTP/1.1" 200 37134
188.165.15.198 - - [31/Mar/2015:04:13:12 -0500] "GET /BLA/resoluciones/RESOLUCIONES%202006/RES%202006%201801-1850/00001820.tif HTTP/1.1" 200 618340
66.249.67.68 - - [31/Mar/2015:04:13:27 -0500] "GET /BLA/resoluciones/AUTOS%202012/2511.pdf HTTP/1.1" 304 -
188.165.15.198 - - [31/Mar/2015:04:13:38 -0500] "GET /BLA/resoluciones/RESOLUCIONES%202003/RES%202003%20201-250/2003RES237.tif HTTP/1.1" 200 69816
66.249.67.68 - - [31/Mar/2015:04:14:00 -0500] "GET /BLA/resoluciones/RESOLUCIONES%202007/RES%202007%202501%20AL%202600/RESOLUCION%202598%20DE%202007.pdf HTTP/1.1" 200 491558
66.249.67.76 - - [31/Mar/2015:04:14:09 -0500] "GET /BLA/resoluciones/RESOLUCIONES%202010/2852.pdf HTTP/1.1" 304 -
188.165.15.198 - - [31/Mar/2015:04:15:02 -0500] "GET /BLA/resoluciones/RESOLUCIONES%202002/RES%202002%201151-1200/20021175.tif HTTP/1.1" 200 96186
188.165.15.198 - - [31/Mar/2015:04:15:20 -0500] "GET /BLA/resoluciones/index.php?dir=RESOLUCIONES+2006%2FRES+2006+701-750%2F HTTP/1.1" 200 12251
188.165.15.198 - - [31/Mar/2015:04:16:10 -0500] "GET /BLA/resoluciones/RESOLUCIONES%202006/RES%202006%20401-450/00000401.tif HTTP/1.1" 200 66240
74.86.158.107 - - [31/Mar/2015:04:16:15 -0500] "HEAD / HTTP/1.1" 302 -
66.249.67.84 - - [31/Mar/2015:04:16:35 -0500] "GET /BLA/resoluciones/RESOLUCIONES%202011/2566.pdf HTTP/1.1" 200 357357
188.165.15.198 - - [31/Mar/2015:04:17:09 -0500] "GET /BLA/resoluciones/RESOLUCIONES%202004/RES%202004%20551-600/00000571.tif HTTP/1.1" 200 160884
66.249.67.76 - - [31/Mar/2015:04:18:15 -0500] "GET /BLA/resoluciones/RESOLUCIONES%202011/3571.pdf HTTP/1.1" 200 756142
186.84.176.45 - - [31/Mar/2015:04:18:30 -0500] "GET /galeria/galeria/jquery.fancybox.js?v=2.1.5 HTTP/1.1" 200 48706
186.84.176.45 - - [31/Mar/2015:04:18:30 -0500] "GET /BLA/boletinlegal/js/jquery.scrollShow.js HTTP/1.1" 200 4586
186.84.176.45 - - [31/Mar/2015:04:18:30 -0500] "GET /galeria/galeria/jquery.fancybox.css?v=2.1.5 HTTP/1.1" 200 4895
186.84.176.45 - - [31/Mar/2015:04:18:30 -0500] "GET /BLA/boletinlegal/js/jquery.scrollTo-min.js HTTP/1.1" 200 1150
186.84.176.45 - - [31/Mar/2015:04:18:34 -0500] "GET /BLA/boletinlegal/js/jquery.scrollTo-min.js HTTP/1.1" 304 -
186.84.176.45 - - [31/Mar/2015:04:18:34 -0500] "GET /BLA/boletinlegal/js/jquery.scrollShow.js HTTP/1.1" 304 -
186.84.176.45 - - [31/Mar/2015:04:18:34 -0500] "GET /galeria/galeria/jquery.fancybox.css?v=2.1.5 HTTP/1.1" 304 -
186.84.176.45 - - [31/Mar/2015:04:18:34 -0500] "GET /galeria/galeria/jquery.fancybox.js?v=2.1.5 HTTP/1.1" 304 -
188.165.15.198 - - [31/Mar/2015:04:18:44 -0500] "GET /BLA/resoluciones/RESOLUCIONES%202006/RES%202006%201801-1850/00001811.tif HTTP/1.1" 200 231318
66.249.67.68 - - [31/Mar/2015:04:19:01 -0500] "GET /BLA/resoluciones/AUTOS%202011/6440.pdf HTTP/1.1" 200 132299
180.76.6.28 - - [31/Mar/2015:04:19:25 -0500] "GET /BLA/resoluciones/AUTOS%202011/0204.pdf HTTP/1.1" 200 187035
66.249.67.68 - - [31/Mar/2015:04:19:29 -0500] "GET /BLA/resoluciones/AUTOS%202007/2549.pdf HTTP/1.1" 200 138293
80.174.182.44 - - [31/Mar/2015:04:19:30 -0500] "GET /galeria/mapa/3MapaBogot%C3%A1.jpg HTTP/1.1" 200 688183
66.249.67.68 - - [31/Mar/2015:04:19:53 -0500] "GET /BLA/resoluciones/RESOLUCIONES%202012/1446.pdf HTTP/1.1" 200 2309068
66.249.67.68 - - [31/Mar/2015:04:20:26 -0500] "GET /BLA/resoluciones/RESOLUCIONES%202011/3995.pdf HTTP/1.1" 200 456333
66.249.67.84 - - [31/Mar/2015:04:20:33 -0500] "GET /BLA/resoluciones/RESOLUCIONES%202007/RES%202007%202501%20AL%202600/RESOLUCION%202570%20DE%202007.pdf HTTP/1.1" 200 384342
74.86.158.107 - - [31/Mar/2015:04:21:15 -0500] "HEAD / HTTP/1.1" 302 -
66.249.67.84 - - [31/Mar/2015:04:21:23 -0500] "GET /BLA/resoluciones/RESOLUCIONES%202011/3974.pdf HTTP/1.1" 200 746244
66.249.67.68 - - [31/Mar/2015:04:21:27 -0500] "GET /BLA/resoluciones/RESOLUCIONES%202007/RES%202007%201101%20AL%201200/RESOLUCION%201170%20DE%202007.pdf HTTP/1.1" 304 -
66.249.67.76 - - [31/Mar/2015:04:21:44 -0500] "GET /BLA/resoluciones/AUTOS%202010/5719.pdf HTTP/1.1" 200 253349
66.249.67.84 - - [31/Mar/2015:04:21:50 -0500] "GET /BLA/resoluciones/RESOLUCIONES%202011/5563.pdf HTTP/1.1" 200 527245
66.249.67.76 - - [31/Mar/2015:04:22:35 -0500] "GET /BLA/resoluciones/RESOLUCIONES%202011/2571.pdf HTTP/1.1" 200 453590
66.249.67.76 - - [31/Mar/2015:04:23:41 -0500] "GET /BLA/resoluciones/RESOLUCIONES%202011/4033.pdf HTTP/1.1" 200 825222
66.249.67.76 - - [31/Mar/2015:04:24:03 -0500] "GET /BLA/resoluciones/RESOLUCIONES%202011/3062.pdf HTTP/1.1" 200 707618
66.249.67.76 - - [31/Mar/2015:04:24:07 -0500] "GET /BLA/resoluciones/RESOLUCIONES%202013/0025.pdf HTTP/1.1" 200 5879706
74.86.158.107 - - [31/Mar/2015:04:26:15 -0500] "HEAD / HTTP/1.1" 302 -
66.249.67.76 - - [31/Mar/2015:04:26:16 -0500] "GET /BLA/resoluciones/RESOLUCIONES%202009/1068.pdf HTTP/1.1" 200 199762
66.249.67.76 - - [31/Mar/2015:04:26:19 -0500] "GET /BLA/resoluciones/RESOLUCIONES%202009/2150.pdf HTTP/1.1" 304 -
66.249.67.84 - - [31/Mar/2015:04:26:46 -0500] "GET /BLA/resoluciones/RESOLUCIONES%202011/5650.pdf HTTP/1.1" 200 2078485
130.192.232.25 - - [31/Mar/2015:04:27:30 -0500] "GET /galeria/galeria/jquery.fancybox.css?v=2.1.5 HTTP/1.1" 200 4895
130.192.232.25 - - [31/Mar/2015:04:27:30 -0500] "GET /galeria/carrusel/Carrusel/jquery.thumbnailScroller.css HTTP/1.1" 200 2066
130.192.232.25 - - [31/Mar/2015:04:27:30 -0500] "GET /BLA/boletinlegal/js/jquery.scrollTo-min.js HTTP/1.1" 200 1150
130.192.232.25 - - [31/Mar/2015:04:27:31 -0500] "GET /BLA/boletinlegal/js/jquery.scrollShow.js HTTP/1.1" 200 4586
130.192.232.25 - - [31/Mar/2015:04:27:31 -0500] "GET /galeria/galeria/jquery.fancybox.js?v=2.1.5 HTTP/1.1" 200 48706
130.192.232.25 - - [31/Mar/2015:04:27:31 -0500] "GET /galeria/carrusel/Carrusel/jquery-ui-1.8.13.custom.min.js HTTP/1.1" 200 10800
130.192.232.25 - - [31/Mar/2015:04:27:32 -0500] "GET /galeria/carrusel/Carrusel/jquery.thumbnailScroller.js HTTP/1.1" 200 8157
66.249.67.84 - - [31/Mar/2015:04:27:36 -0500] "GET /BLA/resoluciones/AUTOS%202010/4572.pdf HTTP/1.1" 200 86582
130.192.232.25 - - [31/Mar/2015:04:27:48 -0500] "GET /galeria/nivo-slider/demo/demo.html HTTP/1.1" 200 4204
130.192.232.25 - - [31/Mar/2015:04:27:49 -0500] "GET /galeria/nivo-slider/themes/default/default.css HTTP/1.1" 200 1569
130.192.232.25 - - [31/Mar/2015:04:27:49 -0500] "GET /galeria/nivo-slider/themes/pascal/pascal.css HTTP/1.1" 200 2258
130.192.232.25 - - [31/Mar/2015:04:27:49 -0500] "GET /galeria/nivo-slider/themes/orman/orman.css HTTP/1.1" 200 2152
130.192.232.25 - - [31/Mar/2015:04:27:49 -0500] "GET /galeria/nivo-slider/nivo-slider.css HTTP/1.1" 200 1507
130.192.232.25 - - [31/Mar/2015:04:27:49 -0500] "GET /galeria/nivo-slider/demo/style.css HTTP/1.1" 200 2222
130.192.232.25 - - [31/Mar/2015:04:27:49 -0500] "GET /galeria/nivo-slider/demo/scripts/jquery-1.7.1.min.js HTTP/1.1" 200 93868
188.165.15.198 - - [31/Mar/2015:04:27:49 -0500] "GET /BLA/resoluciones/index.php?dir=RESOLUCIONES%202005/RES%202005%201851-1900/&sort=name&order=asc HTTP/1.1" 200 12356
66.249.67.68 - - [31/Mar/2015:04:27:49 -0500] "GET /BLA/resoluciones/RESOLUCIONES%202011/3497.pdf HTTP/1.1" 200 482653
130.192.232.25 - - [31/Mar/2015:04:27:49 -0500] "GET /galeria/nivo-slider/demo/images/Banner-semana-santa.jpg HTTP/1.1" 200 350491
130.192.232.25 - - [31/Mar/2015:04:27:50 -0500] "GET /galeria/nivo-slider/demo/images/no-sea-victima.jpg HTTP/1.1" 200 254155
130.192.232.25 - - [31/Mar/2015:04:27:50 -0500] "GET /galeria/nivo-slider/demo/images/Convocatoria_recicladores.jpg HTTP/1.1" 200 213976
130.192.232.25 - - [31/Mar/2015:04:27:50 -0500] "GET /galeria/nivo-slider/jquery.nivo.slider.pack.js HTTP/1.1" 200 11561
130.192.232.25 - - [31/Mar/2015:04:27:50 -0500] "GET /galeria/nivo-slider/demo/images/Licitaciones-proyecto-paramo.jpg HTTP/1.1" 200 221877
130.192.232.25 - - [31/Mar/2015:04:27:53 -0500] "GET /galeria/nivo-slider/demo/images/4Simple_Slider.png HTTP/1.1" 200 11722
130.192.232.25 - - [31/Mar/2015:04:27:53 -0500] "GET /galeria/nivo-slider/themes/default/loading.gif HTTP/1.1" 200 1737
130.192.232.25 - - [31/Mar/2015:04:27:55 -0500] "GET /galeria/nivo-slider/demo/images/Banner-decreto1299.jpg HTTP/1.1" 200 182613
130.192.232.25 - - [31/Mar/2015:04:27:59 -0500] "GET /galeria/nivo-slider/demo/images/Banner-Directorio.jpg HTTP/1.1" 200 182068
130.192.232.25 - - [31/Mar/2015:04:28:00 -0500] "GET /galeria/nivo-slider/demo/images/banner-V2.jpg HTTP/1.1" 200 167020
130.192.232.25 - - [31/Mar/2015:04:28:01 -0500] "GET /galeria/nivo-slider/demo/images/Ruta-vertimientos-01.jpg HTTP/1.1" 200 130151
130.192.232.25 - - [31/Mar/2015:04:28:09 -0500] "GET /galeria/nivo-slider/demo/images/bolsas-06.jpg HTTP/1.1" 200 90982
130.192.232.25 - - [31/Mar/2015:04:28:09 -0500] "GET /galeria/nivo-slider/demo/images/bolsas-08.jpg HTTP/1.1" 200 85589
130.192.232.25 - - [31/Mar/2015:04:28:09 -0500] "GET /galeria/nivo-slider/demo/images/redes_sociales.jpg HTTP/1.1" 200 415652
130.192.232.25 - - [31/Mar/2015:04:28:09 -0500] "GET /galeria/nivo-slider/demo/images/Conoce-los-humedales.jpg HTTP/1.1" 200 294036
130.192.232.25 - - [31/Mar/2015:04:28:10 -0500] "GET /galeria/nivo-slider/demo/images/ecolecta-Dic2014.png HTTP/1.1" 200 288593
130.192.232.25 - - [31/Mar/2015:04:28:13 -0500] "GET /galeria/nivo-slider/demo/images/porloshumedales.jpg HTTP/1.1" 200 351238
130.192.232.25 - - [31/Mar/2015:04:28:15 -0500] "GET /galeria/nivo-slider/demo/images/Tingua-azul.jpg HTTP/1.1" 200 307638
188.165.15.198 - - [31/Mar/2015:04:28:20 -0500] "GET /BLA/resoluciones/index.php?dir=RESOLUCIONES%202005/RES%202005%202701%20-2750/&sort=size&order=desc HTTP/1.1" 200 12403
130.192.232.25 - - [31/Mar/2015:04:28:21 -0500] "GET /galeria/nivo-slider/demo/images/banner-llantas2.jpg HTTP/1.1" 200 73153
130.192.232.25 - - [31/Mar/2015:04:28:23 -0500] "GET /galeria/nivo-slider/demo/images/9Signos.jpg HTTP/1.1" 200 93040
130.192.232.25 - - [31/Mar/2015:04:28:33 -0500] "GET /videos/Humedal_Comunidad.flv HTTP/1.1" 200 81021584
130.192.232.25 - - [31/Mar/2015:04:28:35 -0500] "GET /galeria/nivo-slider/themes/default/bullets.png HTTP/1.1" 200 1281
130.192.232.25 - - [31/Mar/2015:04:28:35 -0500] "GET /galeria/nivo-slider/themes/default/arrows.png HTTP/1.1" 200 824
66.249.67.68 - - [31/Mar/2015:04:28:45 -0500] "GET /BLA/resoluciones/RESOLUCIONES%202008/3405.pdf HTTP/1.1" 200 253780
188.165.15.198 - - [31/Mar/2015:04:29:13 -0500] "GET /BLA/resoluciones/RESOLUCIONES%202003/RES%202003%20701-750/711.tif HTTP/1.1" 200 244596
188.165.15.198 - - [31/Mar/2015:04:29:18 -0500] "GET /BLA/resoluciones/RESOLUCIONES%202004/RES%202004%20651-700/00000698.tif HTTP/1.1" 200 125516
66.249.67.84 - - [31/Mar/2015:04:29:45 -0500] "GET /BLA/resoluciones/RESOLUCIONES%202007/RES%202007%201801%20AL%201900/RESOLUCION%201821%20DE%202007.pdf HTTP/1.1" 200 691165
188.165.15.198 - - [31/Mar/2015:04:29:53 -0500] "GET /BLA/resoluciones/index.php?dir=RESOLUCIONES%202002/RES%202002%20251-300/&sort=size&order=asc HTTP/1.1" 200 12034
66.249.67.76 - - [31/Mar/2015:04:31:01 -0500] "GET /BLA/resoluciones/RESOLUCIONES%202011/5550.pdf HTTP/1.1" 200 604298
66.249.67.68 - - [31/Mar/2015:04:31:11 -0500] "GET /BLA/resoluciones/AUTOS%202008/2408.pdf HTTP/1.1" 200 109485
74.86.158.107 - - [31/Mar/2015:04:31:15 -0500] "HEAD / HTTP/1.1" 302 -
199.195.118.53 - - [31/Mar/2015:04:31:26 -0500] "GET / HTTP/1.1" 302 -
188.165.15.198 - - [31/Mar/2015:04:31:48 -0500] "GET /BLA/resoluciones/RESOLUCIONES%202006/RES%202006%202451-2500/00002466.tif HTTP/1.1" 200 93682
66.249.67.68 - - [31/Mar/2015:04:32:23 -0500] "GET /BLA/resoluciones/RESOLUCIONES%202011/2260.pdf HTTP/1.1" 200 548262
66.249.67.76 - - [31/Mar/2015:04:32:41 -0500] "GET /BLA/resoluciones/AUTOS%202013/0950.pdf HTTP/1.1" 200 1011457
188.165.15.198 - - [31/Mar/2015:04:32:42 -0500] "GET /BLA/resoluciones/index.php?dir=RESOLUCIONES+2002%2FRES+2002+1351-1400%2F HTTP/1.1" 200 12141
66.249.67.76 - - [31/Mar/2015:04:33:36 -0500] "GET /BLA/resoluciones/AUTOS%202008/2234.pdf HTTP/1.1" 200 177710
188.165.15.198 - - [31/Mar/2015:04:33:46 -0500] "GET /BLA/resoluciones/RESOLUCIONES%202002/RES%202002%20851-900/00000878.tif HTTP/1.1" 200 39004
188.165.15.198 - - [31/Mar/2015:04:33:58 -0500] "GET /BLA/resoluciones/RESOLUCIONES%202004/RES%202004%20601-650/00000625.tif HTTP/1.1" 200 113100
188.165.15.198 - - [31/Mar/2015:04:34:16 -0500] "GET /BLA/resoluciones/RESOLUCIONES%202003/RES%202003%202051-2100/00002091.tif HTTP/1.1" 200 82724
188.165.15.198 - - [31/Mar/2015:04:34:48 -0500] "GET /BLA/resoluciones/index.php?dir=RESOLUCIONES%202004/RES%202004%202251-2300/&sort=size&order=asc HTTP/1.1" 200 12363
188.165.15.198 - - [31/Mar/2015:04:35:00 -0500] "GET /BLA/resoluciones/index.php?dir=AUTOS+2006%2FAUTOS+2006+701-800%2F HTTP/1.1" 200 21787
180.76.5.60 - - [31/Mar/2015:04:35:52 -0500] "GET /BLA/resoluciones/RESOLUCIONES%202010/7708.pdf HTTP/1.1" 200 534895
66.249.67.76 - - [31/Mar/2015:04:35:53 -0500] "GET /BLA/resoluciones/RESOLUCIONES%202008/2730.pdf HTTP/1.1" 304 -
66.249.67.76 - - [31/Mar/2015:04:36:02 -0500] "GET /BLA/resoluciones/Notificaciones/RESOLUCIONES%202014/2887.doc HTTP/1.1" 200 166400
66.249.67.68 - - [31/Mar/2015:04:36:03 -0500] "GET /BLA/resoluciones/RESOLUCIONES%202005/RES%202005%20%201651-1700/00001672.tif HTTP/1.1" 200 106872
74.86.158.107 - - [31/Mar/2015:04:36:15 -0500] "HEAD / HTTP/1.1" 302 -
66.249.67.68 - - [31/Mar/2015:04:36:22 -0500] "GET /BLA/resoluciones/AUTOS%202010/5484.pdf HTTP/1.1" 200 331694
180.76.6.16 - - [31/Mar/2015:04:37:00 -0500] "GET /BLA/resoluciones/AUTOS%202011/0988.pdf HTTP/1.1" 200 147545
66.249.67.68 - - [31/Mar/2015:04:37:06 -0500] "GET /BLA/resoluciones/Autos%202008/0763.pdf HTTP/1.1" 200 89467
188.165.15.198 - - [31/Mar/2015:04:37:09 -0500] "GET /BLA/resoluciones/RESOLUCIONES%202004/RES%202004%201651-1700/INDEX.DAT HTTP/1.1" 200 2000
188.165.15.198 - - [31/Mar/2015:04:37:30 -0500] "GET /BLA/resoluciones/RESOLUCIONES%202002/RES%202002%201301-1350/20021349.tif HTTP/1.1" 200 87294
66.249.67.68 - - [31/Mar/2015:04:37:44 -0500] "GET /BLA/resoluciones/RESOLUCIONES%202013/0131.pdf HTTP/1.1" 200 1013193
180.76.5.153 - - [31/Mar/2015:04:38:09 -0500] "GET /BLA/resoluciones/AUTOS%202013/0548.pdf HTTP/1.1" 200 1561211
66.249.67.84 - - [31/Mar/2015:04:38:28 -0500] "GET /BLA/resoluciones/AUTOS%202011/3330.pdf HTTP/1.1" 200 257397
66.249.67.84 - - [31/Mar/2015:04:39:06 -0500] "GET /BLA/resoluciones/RESOLUCIONES%202007/RES%202007%201201%20AL%201300/RESOLUCION%201286%20DE%202007.pdf HTTP/1.1" 200 295006
180.76.6.158 - - [31/Mar/2015:04:40:26 -0500] "GET /BLA/resoluciones/RESOLUCIONES%202008/1241.pdf HTTP/1.1" 200 308039
66.249.67.68 - - [31/Mar/2015:04:40:54 -0500] "GET /BLA/resoluciones/RESOLUCIONES%202008/2866.pdf HTTP/1.1" 200 198953
74.86.158.107 - - [31/Mar/2015:04:41:15 -0500] "HEAD / HTTP/1.1" 302 -
180.76.6.50 - - [31/Mar/2015:04:41:36 -0500] "GET /BLA/resoluciones/RESOLUCIONES%202014/2543.pdf HTTP/1.1" 200 832562
66.249.67.68 - - [31/Mar/2015:04:41:49 -0500] "GET /BLA/resoluciones/RESOLUCIONES%202011/3581.pdf HTTP/1.1" 200 491480
66.249.67.84 - - [31/Mar/2015:04:41:52 -0500] "GET /BLA/resoluciones/RESOLUCIONES%202005/RES%202005%201351-1400/00001395.tif HTTP/1.1" 200 111254
188.165.15.198 - - [31/Mar/2015:04:42:10 -0500] "GET /BLA/resoluciones/RESOLUCIONES%202005/RES%202005%2051-100/00000051.tif HTTP/1.1" 200 147410
66.249.67.76 - - [31/Mar/2015:04:43:20 -0500] "GET /BLA/resoluciones/RESOLUCIONES%202013/1048.pdf HTTP/1.1" 200 198988
66.249.67.76 - - [31/Mar/2015:04:44:00 -0500] "GET /reports/images/blaf-en.css HTTP/1.1" 200 16003
188.165.15.198 - - [31/Mar/2015:04:44:31 -0500] "GET /BLA/resoluciones/RESOLUCIONES%202003/RES%202003%201201-1250/2003RES1248.tif HTTP/1.1" 200 456060
188.165.15.198 - - [31/Mar/2015:04:45:22 -0500] "GET /BLA/resoluciones/RESOLUCIONES%202005/RES%202005%20201-250/00000219.tif HTTP/1.1" 200 91398
66.249.67.68 - - [31/Mar/2015:04:45:30 -0500] "GET /BLA/resoluciones/RESOLUCIONES%202010/1748.pdf HTTP/1.1" 200 404414
66.249.67.84 - - [31/Mar/2015:04:45:37 -0500] "GET /BLA/resoluciones/RESOLUCIONES%202012/0651.pdf HTTP/1.1" 200 369929
74.86.158.107 - - [31/Mar/2015:04:46:15 -0500] "HEAD / HTTP/1.1" 302 -
202.46.63.140 - - [31/Mar/2015:04:46:35 -0500] "GET /portalsiaccapacitaciones/Soportes%20Capacitaciones%20A%C3%B1o%202013/0013.%20Presentaci%C3%B3n%20RESPEL%20(Clasificaci%C3%B3n%2C%20Cuantificaci%C3%B3n)%2023-05-13.pdf HTTP/1.1" 200 5851255
66.249.67.68 - - [31/Mar/2015:04:46:57 -0500] "GET /BLA/resoluciones/AUTOS%202010/6657.pdf HTTP/1.1" 200 155367
188.165.15.198 - - [31/Mar/2015:04:47:26 -0500] "GET /BLA/resoluciones/RESOLUCIONES%202003/RES%202003%20551-600/562.tif HTTP/1.1" 200 242216
66.249.67.84 - - [31/Mar/2015:04:47:59 -0500] "GET /BLA/resoluciones/RESOLUCIONES%202012/0597.pdf HTTP/1.1" 200 315091
188.165.15.198 - - [31/Mar/2015:04:50:10 -0500] "GET /BLA/resoluciones/RESOLUCIONES%202005/RES%202005%20%201701-1750/00001721.tif HTTP/1.1" 200 86198
66.249.67.76 - - [31/Mar/2015:04:50:21 -0500] "GET /BLA/resoluciones/RESOLUCIONES%202009/0085.pdf HTTP/1.1" 200 555708
123.125.71.75 - - [31/Mar/2015:04:50:34 -0500] "GET / HTTP/1.1" 302 -
74.86.158.107 - - [31/Mar/2015:04:51:15 -0500] "HEAD / HTTP/1.1" 302 -
161.18.133.227 - - [31/Mar/2015:04:51:22 -0500] "GET /BLA/resoluciones/RESOLUCIONES%202007/RES%202007%202401%20AL%202500/RESOLUCION%202446%20%20DE%202007.pdf HTTP/1.1" 200 692368
161.18.133.227 - - [31/Mar/2015:04:51:22 -0500] "GET /BLA/resoluciones/RESOLUCIONES%202007/RES%202007%202401%20AL%202500/RESOLUCION%202446%20%20DE%202007.pdf HTTP/1.1" 206 32768
161.18.133.227 - - [31/Mar/2015:04:51:22 -0500] "GET /BLA/resoluciones/RESOLUCIONES%202007/RES%202007%202401%20AL%202500/RESOLUCION%202446%20%20DE%202007.pdf HTTP/1.1" 206 659600
161.18.133.227 - - [31/Mar/2015:04:51:25 -0500] "GET /favicon.ico HTTP/1.1" 200 7782
66.249.67.84 - - [31/Mar/2015:04:51:54 -0500] "GET /BLA/resoluciones/RESOLUCIONES%202007/RES%202007%202201%20AL%202300/RESOLUCION%202243%20DE%202007.pdf HTTP/1.1" 200 924084
188.165.15.198 - - [31/Mar/2015:04:52:42 -0500] "GET /BLA/resoluciones/index.php?dir=RESOLUCIONES%202005/RES%202005%20601-650/&sort=size&order=desc HTTP/1.1" 200 12245
66.249.67.84 - - [31/Mar/2015:04:52:44 -0500] "GET /BLA/resoluciones/RESOLUCIONES%202008/4566.pdf HTTP/1.1" 200 357135
201.184.71.173 - - [31/Mar/2015:04:52:47 -0500] "GET /isolucionsda/IdentificaUsuario.asp?Pagina1=FrameSetGeneral.asp& HTTP/1.1" 200 1250
201.184.71.173 - - [31/Mar/2015:04:52:54 -0500] "GET / HTTP/1.1" 302 -
201.184.71.173 - - [31/Mar/2015:04:52:57 -0500] "GET /galeria/carrusel/Carrusel/jquery-ui-1.8.13.custom.min.js HTTP/1.1" 200 10800
201.184.71.173 - - [31/Mar/2015:04:52:57 -0500] "GET /galeria/carrusel/Carrusel/jquery.thumbnailScroller.js HTTP/1.1" 200 8157
201.184.71.173 - - [31/Mar/2015:04:52:57 -0500] "GET /galeria/carrusel/Carrusel/jquery.thumbnailScroller.css HTTP/1.1" 200 2066
201.184.71.173 - - [31/Mar/2015:04:52:59 -0500] "GET /galeria/nivo-slider/demo/demo.html HTTP/1.1" 200 4204
201.184.71.173 - - [31/Mar/2015:04:53:07 -0500] "GET /galeria/nivo-slider/themes/pascal/pascal.css HTTP/1.1" 200 2258
201.184.71.173 - - [31/Mar/2015:04:53:07 -0500] "GET /galeria/nivo-slider/themes/default/default.css HTTP/1.1" 200 1569
201.184.71.173 - - [31/Mar/2015:04:53:07 -0500] "GET /galeria/nivo-slider/themes/orman/orman.css HTTP/1.1" 200 2152
201.184.71.173 - - [31/Mar/2015:04:53:07 -0500] "GET /galeria/nivo-slider/nivo-slider.css HTTP/1.1" 200 1507
201.184.71.173 - - [31/Mar/2015:04:53:07 -0500] "GET /galeria/nivo-slider/demo/style.css HTTP/1.1" 200 2222
201.184.71.173 - - [31/Mar/2015:04:53:07 -0500] "GET /galeria/nivo-slider/demo/scripts/jquery-1.7.1.min.js HTTP/1.1" 200 93868
201.184.71.173 - - [31/Mar/2015:04:53:07 -0500] "GET /galeria/nivo-slider/jquery.nivo.slider.pack.js HTTP/1.1" 200 11561
201.184.71.173 - - [31/Mar/2015:04:53:07 -0500] "GET /galeria/nivo-slider/demo/images/no-sea-victima.jpg HTTP/1.1" 200 254155
201.184.71.173 - - [31/Mar/2015:04:53:07 -0500] "GET /galeria/nivo-slider/demo/images/Convocatoria_recicladores.jpg HTTP/1.1" 200 213976
201.184.71.173 - - [31/Mar/2015:04:53:07 -0500] "GET /galeria/nivo-slider/demo/images/Licitaciones-proyecto-paramo.jpg HTTP/1.1" 200 221877
201.184.71.173 - - [31/Mar/2015:04:53:07 -0500] "GET /galeria/nivo-slider/demo/images/Banner-semana-santa.jpg HTTP/1.1" 200 350491
201.184.71.173 - - [31/Mar/2015:04:53:08 -0500] "GET /galeria/nivo-slider/demo/images/Banner-decreto1299.jpg HTTP/1.1" 200 182613
201.184.71.173 - - [31/Mar/2015:04:53:08 -0500] "GET /galeria/nivo-slider/demo/images/Banner-Directorio.jpg HTTP/1.1" 200 182068
201.184.71.173 - - [31/Mar/2015:04:53:08 -0500] "GET /galeria/nivo-slider/demo/images/banner-V2.jpg HTTP/1.1" 200 167020
201.184.71.173 - - [31/Mar/2015:04:53:08 -0500] "GET /galeria/nivo-slider/demo/images/Ruta-vertimientos-01.jpg HTTP/1.1" 200 130151
201.184.71.173 - - [31/Mar/2015:04:53:08 -0500] "GET /galeria/nivo-slider/demo/images/bolsas-06.jpg HTTP/1.1" 200 90982
201.184.71.173 - - [31/Mar/2015:04:53:08 -0500] "GET /galeria/nivo-slider/demo/images/bolsas-08.jpg HTTP/1.1" 200 85589
201.184.71.173 - - [31/Mar/2015:04:53:09 -0500] "GET /galeria/nivo-slider/demo/images/redes_sociales.jpg HTTP/1.1" 200 415652
201.184.71.173 - - [31/Mar/2015:04:53:09 -0500] "GET /galeria/nivo-slider/demo/images/Conoce-los-humedales.jpg HTTP/1.1" 200 294036
201.184.71.173 - - [31/Mar/2015:04:53:09 -0500] "GET /galeria/nivo-slider/demo/images/ecolecta-Dic2014.png HTTP/1.1" 200 288593
201.184.71.173 - - [31/Mar/2015:04:53:09 -0500] "GET /galeria/nivo-slider/demo/images/porloshumedales.jpg HTTP/1.1" 200 351238
201.184.71.173 - - [31/Mar/2015:04:53:09 -0500] "GET /galeria/nivo-slider/demo/images/Tingua-azul.jpg HTTP/1.1" 200 307638
201.184.71.173 - - [31/Mar/2015:04:53:10 -0500] "GET /galeria/nivo-slider/demo/images/4Simple_Slider.png HTTP/1.1" 200 11722
201.184.71.173 - - [31/Mar/2015:04:53:10 -0500] "GET /galeria/nivo-slider/themes/default/loading.gif HTTP/1.1" 200 1737
201.184.71.173 - - [31/Mar/2015:04:53:10 -0500] "GET /galeria/nivo-slider/demo/images/banner-llantas2.jpg HTTP/1.1" 200 73153
201.184.71.173 - - [31/Mar/2015:04:53:10 -0500] "GET /galeria/nivo-slider/demo/images/9Signos.jpg HTTP/1.1" 200 93040
201.184.71.173 - - [31/Mar/2015:04:53:12 -0500] "GET /videos/Humedal_Comunidad.flv HTTP/1.1" 200 81021584
188.165.15.198 - - [31/Mar/2015:04:53:55 -0500] "GET /BLA/resoluciones/RESOLUCIONES%202006/RES%202006%201551-1600/00001570.tif HTTP/1.1" 200 128832
188.165.15.198 - - [31/Mar/2015:04:54:54 -0500] "GET /BLA/resoluciones/RESOLUCIONES%202006/RES%202006%20901-950/00000919.tif HTTP/1.1" 200 168946
66.249.67.84 - - [31/Mar/2015:04:55:07 -0500] "GET /BLA/resoluciones/RESOLUCIONES%202010/2136.pdf HTTP/1.1" 200 381734
220.181.108.107 - - [31/Mar/2015:04:55:27 -0500] "GET / HTTP/1.1" 302 -
175.44.5.185 - - [31/Mar/2015:04:55:31 -0500] "HEAD /public/js/FCKeditor/editor/filemanager/upload/test.html HTTP/1.1" 404 -
201.184.71.173 - - [31/Mar/2015:04:56:07 -0500] "GET /isolucionsda/ HTTP/1.1" 200 739
201.184.71.173 - - [31/Mar/2015:04:56:11 -0500] "GET /isolucionsda/IdentificaUsuario.asp?Pagina1=FrameSetGeneral.asp& HTTP/1.1" 200 4997
74.86.158.107 - - [31/Mar/2015:04:56:15 -0500] "HEAD / HTTP/1.1" 302 -
201.184.71.173 - - [31/Mar/2015:04:56:48 -0500] "POST /isolucionsda/IdentificaUsuario.asp?Pagina1=FrameSetGeneral.asp& HTTP/1.1" 302 173
201.184.71.173 - - [31/Mar/2015:04:56:48 -0500] "GET /isolucionsda/FrameSetGeneral.asp?Pagina1=FrameSetGeneral.asp& HTTP/1.1" 200 6485
201.184.71.173 - - [31/Mar/2015:04:56:49 -0500] "GET /isolucionsda/BarraTitulos.asp?Pagina1=FrameSetGeneral.asp&&Pagina=MagazinHome.asp HTTP/1.1" 200 6844
201.184.71.173 - - [31/Mar/2015:04:56:49 -0500] "GET /isolucionsda/Encabezado.asp?Pagina1=FrameSetGeneral.asp&&Pagina=MagazinHome.asp HTTP/1.1" 200 15724
201.184.71.173 - - [31/Mar/2015:04:56:49 -0500] "GET /isolucionsda/BarraFavoritos.asp HTTP/1.1" 200 911
201.184.71.173 - - [31/Mar/2015:04:56:49 -0500] "GET /isolucionsda/Session.asp?Continue=1 HTTP/1.1" 200 6196
201.184.71.173 - - [31/Mar/2015:04:56:49 -0500] "GET /isolucionsda/MagazinHome.asp HTTP/1.1" 200 26482
201.184.71.173 - - [31/Mar/2015:04:56:50 -0500] "GET /isolucionsda/g/Bgr_Destacado3399CC.jpg HTTP/1.1" 404 5217
201.184.71.173 - - [31/Mar/2015:04:56:50 -0500] "GET /isolucionsda/TareasSFRedirect.asp HTTP/1.1" 302 195
201.184.71.173 - - [31/Mar/2015:04:56:50 -0500] "GET /isolucionsda/Login.aspx?TARGET=SFContainerFiltrado.aspx&number=53495470685367494555 HTTP/1.1" 302 886
201.184.71.173 - - [31/Mar/2015:04:56:53 -0500] "GET /isolucionsda/SFContainerFiltrado.aspx?Number=53495470685367494555 HTTP/1.1" 200 14686
201.184.71.173 - - [31/Mar/2015:04:56:54 -0500] "GET /isolucionsda/DetalleTareas.aspx?Number=53495470685367494555 HTTP/1.1" 200 5463
201.184.71.173 - - [31/Mar/2015:04:56:54 -0500] "GET /isolucionsda/auxlib.js HTTP/1.1" 404 5185
201.184.71.173 - - [31/Mar/2015:04:56:54 -0500] "GET /isolucionsda/infowndpublic.js HTTP/1.1" 404 5199
201.184.71.173 - - [31/Mar/2015:04:56:54 -0500] "GET /isolucionsda/infowndcore.js HTTP/1.1" 404 5195
201.184.71.173 - - [31/Mar/2015:04:56:58 -0500] "GET /isolucionsda/FrameSetGeneral.asp?Pagina=Menu.asp&IdModulo=4 HTTP/1.1" 200 6455
201.184.71.173 - - [31/Mar/2015:04:56:58 -0500] "GET /isolucionsda/Encabezado.asp?Pagina=Menu.asp&IdModulo=4 HTTP/1.1" 200 15725
201.184.71.173 - - [31/Mar/2015:04:56:58 -0500] "GET /isolucionsda/BarraTitulos.asp?Pagina=Menu.asp&IdModulo=4 HTTP/1.1" 200 6857
201.184.71.173 - - [31/Mar/2015:04:56:58 -0500] "GET /isolucionsda/BarraFavoritos.asp HTTP/1.1" 200 911
201.184.71.173 - - [31/Mar/2015:04:56:59 -0500] "GET /isolucionsda/Session.asp?Continue=1 HTTP/1.1" 200 6196
201.184.71.173 - - [31/Mar/2015:04:56:58 -0500] "GET /isolucionsda/Menu.asp?Pagina=Menu.asp&IdModulo=4 HTTP/1.1" 200 17869
201.184.71.173 - - [31/Mar/2015:04:57:00 -0500] "GET /isolucionsda/FrameSetGeneral.asp?Pagina=ListadoMaestroDocumentos3.asp HTTP/1.1" 200 6506
201.184.71.173 - - [31/Mar/2015:04:57:00 -0500] "GET /isolucionsda/Encabezado.asp?Pagina=ListadoMaestroDocumentos3.asp HTTP/1.1" 200 15700
201.184.71.173 - - [31/Mar/2015:04:57:00 -0500] "GET /isolucionsda/BarraFavoritos.asp HTTP/1.1" 200 911
201.184.71.173 - - [31/Mar/2015:04:57:00 -0500] "GET /isolucionsda/BarraTitulos.asp?Pagina=ListadoMaestroDocumentos3.asp HTTP/1.1" 200 6857
201.184.71.173 - - [31/Mar/2015:04:57:00 -0500] "GET /isolucionsda/ListadoMaestroDocumentos3.asp?Pagina=ListadoMaestroDocumentos3.asp HTTP/1.1" 200 11339
201.184.71.173 - - [31/Mar/2015:04:57:00 -0500] "GET /isolucionsda/Session.asp?Continue=1 HTTP/1.1" 200 6196
201.184.71.173 - - [31/Mar/2015:04:57:04 -0500] "POST /isolucionsda/ListadoMaestroDocumentos3.asp HTTP/1.1" 200 18713
201.184.71.173 - - [31/Mar/2015:04:57:06 -0500] "GET /isolucionsda/Jerarquia.asp?Tabla=Proceso&Form=Admon&CampoDisplay=ProcesoDisplayObjetoProceso&CampoHidden=Proceso&bSubmit=True&items= HTTP/1.1" 200 10459
201.184.71.173 - - [31/Mar/2015:04:57:07 -0500] "GET /isolucionsda/StyleSheet/Stylesheet.css HTTP/1.1" 200 22894
201.184.71.173 - - [31/Mar/2015:04:57:10 -0500] "POST /isolucionsda/Jerarquia.asp HTTP/1.1" 200 7987
201.184.71.173 - - [31/Mar/2015:04:57:10 -0500] "POST /isolucionsda/ListadoMaestroDocumentos3.asp HTTP/1.1" 200 17832
66.249.67.76 - - [31/Mar/2015:04:57:30 -0500] "GET /BLA/resoluciones/AUTOS%202011/4825.pdf HTTP/1.1" 200 619909
66.249.67.84 - - [31/Mar/2015:04:58:20 -0500] "GET /BLA/resoluciones/RESOLUCIONES%202011/5867.pdf HTTP/1.1" 200 1311504
181.133.23.48 - - [31/Mar/2015:04:58:29 -0500] "GET /galeria/nivo-slider/demo/demo.html HTTP/1.1" 200 4204
181.133.23.48 - - [31/Mar/2015:04:58:30 -0500] "GET /galeria/nivo-slider/demo/images/Banner-semana-santa.jpg HTTP/1.1" 304 -
181.133.23.48 - - [31/Mar/2015:04:58:30 -0500] "GET /galeria/nivo-slider/demo/images/Convocatoria_recicladores.jpg HTTP/1.1" 304 -
181.133.23.48 - - [31/Mar/2015:04:58:30 -0500] "GET /galeria/nivo-slider/demo/images/Licitaciones-proyecto-paramo.jpg HTTP/1.1" 304 -
190.66.56.172 - - [31/Mar/2015:04:59:03 -0500] "GET /BLA/boletinlegal/js/jquery.scrollTo-min.js HTTP/1.1" 200 1150
190.66.56.172 - - [31/Mar/2015:04:59:03 -0500] "GET /galeria/galeria/jquery.fancybox.css?v=2.1.5 HTTP/1.1" 200 4895
190.66.56.172 - - [31/Mar/2015:04:59:03 -0500] "GET /galeria/carrusel/Carrusel/jquery.thumbnailScroller.js HTTP/1.1" 200 8157
190.66.56.172 - - [31/Mar/2015:04:59:03 -0500] "GET /BLA/boletinlegal/js/jquery.scrollShow.js HTTP/1.1" 200 4586
190.66.56.172 - - [31/Mar/2015:04:59:03 -0500] "GET /galeria/carrusel/Carrusel/jquery.thumbnailScroller.css HTTP/1.1" 200 2066
190.66.56.172 - - [31/Mar/2015:04:59:03 -0500] "GET /galeria/carrusel/Carrusel/jquery-ui-1.8.13.custom.min.js HTTP/1.1" 200 10800
190.66.56.172 - - [31/Mar/2015:04:59:03 -0500] "GET /galeria/galeria/jquery.fancybox.js?v=2.1.5 HTTP/1.1" 200 48706
190.66.56.172 - - [31/Mar/2015:04:59:06 -0500] "GET /galeria/nivo-slider/demo/demo.html HTTP/1.1" 200 4204
190.66.56.172 - - [31/Mar/2015:04:59:08 -0500] "GET /galeria/nivo-slider/themes/default/default.css HTTP/1.1" 200 1569
190.66.56.172 - - [31/Mar/2015:04:59:08 -0500] "GET /galeria/nivo-slider/themes/pascal/pascal.css HTTP/1.1" 200 2258
190.66.56.172 - - [31/Mar/2015:04:59:08 -0500] "GET /galeria/nivo-slider/themes/orman/orman.css HTTP/1.1" 200 2152
190.66.56.172 - - [31/Mar/2015:04:59:08 -0500] "GET /galeria/nivo-slider/nivo-slider.css HTTP/1.1" 200 1507
