181.60.160.209 - - [31/Mar/2015:00:28:55 -0500] "GET /forest/buscar.do?type=documentos HTTP/1.1" 200 84939
188.165.15.198 - - [31/Mar/2015:00:28:55 -0500] "GET /BLA/resoluciones/RESOLUCIONES%202002/RES%202002%2051-100/2002RES96.tif HTTP/1.1" 200 149230
181.60.160.209 - - [31/Mar/2015:00:28:55 -0500] "GET /forest/json.do?query=usersByDep&coddep=7105 HTTP/1.1" 200 117
181.60.160.209 - - [31/Mar/2015:00:28:55 -0500] "GET /forest/json.do?query=versionListadas HTTP/1.1" 200 15
181.60.160.209 - - [31/Mar/2015:00:28:55 -0500] "GET /forest/json.do?query=usersByDep&coddep=7105 HTTP/1.1" 200 117
181.60.160.209 - - [31/Mar/2015:00:28:55 -0500] "GET /forest/json.do?query=procesIniciales HTTP/1.1" 200 10282
181.60.160.209 - - [31/Mar/2015:00:28:55 -0500] "GET /forest/json.do?query=bpmnIniciales HTTP/1.1" 200 638
181.60.160.209 - - [31/Mar/2015:00:28:58 -0500] "GET /forest/xmlresponse.do?lista=searchTerceroByName&xmlret=1&todos=false&_a=0.9187094683293253&partNomTer=CARN HTTP/1.1" 200 2342
181.60.160.209 - - [31/Mar/2015:00:29:00 -0500] "GET /forest/xmlresponse.do?lista=searchTerceroByName&xmlret=1&todos=false&_a=0.9187094683293253&partNomTer=CARBOQUIMI HTTP/1.1" 200 241
181.60.160.209 - - [31/Mar/2015:00:29:02 -0500] "GET /forest/1ibre/jscalendar/updown.gif HTTP/1.1" 200 67
181.60.160.209 - - [31/Mar/2015:00:29:02 -0500] "GET /forest/1ibre/jscalendar/menuarrow.gif HTTP/1.1" 200 68
188.165.15.198 - - [31/Mar/2015:00:29:07 -0500] "GET /BLA/resoluciones/RESOLUCIONES%202002/RES%202002%201401-1450/20021408.tif HTTP/1.1" 200 83830
181.60.160.209 - - [31/Mar/2015:00:29:23 -0500] "POST /forest/buscar.do? HTTP/1.1" 200 14976
66.249.67.68 - - [31/Mar/2015:00:29:27 -0500] "GET /BLA/resoluciones/AUTOS%202014/4221.pdf HTTP/1.1" 200 217488
181.60.160.209 - - [31/Mar/2015:00:29:31 -0500] "GET /forest/skins/gdocs-jar/popup/popup.jsp?width=850&height=380&title=Informaci%F3n%20del%20radicado&uri=/forest/system/document.jsp%3FcodDoc%3D1613514&name=undefined&_a=0.9321611961349845&a=0.08599930326454341 HTTP/1.1" 200 1315
181.60.160.209 - - [31/Mar/2015:00:29:31 -0500] "GET /forest/system/document.jsp?codDoc=1613514 HTTP/1.1" 200 23114
181.60.160.209 - - [31/Mar/2015:00:29:31 -0500] "GET /forest/system/document.jsp?codDoc=1613514 HTTP/1.1" 200 24522
181.60.160.209 - - [31/Mar/2015:00:29:33 -0500] "GET /forest/usudocumentos.do?p7z=1613514&a=0.8100439237896353&a=0.10499027697369456 HTTP/1.1" 200 2557
181.60.160.209 - - [31/Mar/2015:00:29:33 -0500] "GET /forest/skins/gdocs-jar/img/contraido.gif HTTP/1.1" 200 195
181.60.160.209 - - [31/Mar/2015:00:29:34 -0500] "GET /forest/documentos/1613514/2013EE024786.p7z:claro/Autos.doc HTTP/1.1" 200 255488
180.76.5.19 - - [31/Mar/2015:00:30:00 -0500] "GET /BLA/resoluciones/AUTOS%202013/3491.pdf HTTP/1.1" 200 286424
186.28.173.56 - - [31/Mar/2015:00:30:24 -0500] "GET /videos/galeria-fotografica/index17.html? HTTP/1.1" 200 1971
186.28.173.56 - - [31/Mar/2015:00:30:24 -0500] "GET /videos/galeria-fotografica/js/jquery-flickr-gallery/jquery-flickr.css HTTP/1.1" 200 711
186.28.173.56 - - [31/Mar/2015:00:30:24 -0500] "GET /videos/galeria-fotografica/js/jquery-flickr-gallery/jquery-flickr-gallery.js HTTP/1.1" 200 9050
186.28.173.56 - - [31/Mar/2015:00:30:24 -0500] "GET /videos/galeria-fotografica/js/jquery-flickr-gallery/loader.gif HTTP/1.1" 200 2129
186.28.173.56 - - [31/Mar/2015:00:30:25 -0500] "GET /videos/galeria-fotografica/js/jquery-flickr-gallery/prv.gif HTTP/1.1" 200 67
186.28.173.56 - - [31/Mar/2015:00:30:25 -0500] "GET /videos/galeria-fotografica/js/jquery-flickr-gallery/nxt.gif HTTP/1.1" 200 850
188.165.15.198 - - [31/Mar/2015:00:30:44 -0500] "GET /BLA/resoluciones/RESOLUCIONES%202003/RES%202003%20001-050/2003RES43.tif HTTP/1.1" 200 91124
181.60.160.209 - - [31/Mar/2015:00:30:53 -0500] "GET /forest/buscar.do HTTP/1.1" 200 84929
181.60.160.209 - - [31/Mar/2015:00:30:54 -0500] "GET /forest/json.do?query=usersByDep&coddep=7105 HTTP/1.1" 200 117
181.60.160.209 - - [31/Mar/2015:00:30:54 -0500] "GET /forest/json.do?query=versionListadas HTTP/1.1" 200 15
181.60.160.209 - - [31/Mar/2015:00:30:54 -0500] "GET /forest/json.do?query=usersByDep&coddep=7105 HTTP/1.1" 200 117
181.60.160.209 - - [31/Mar/2015:00:30:54 -0500] "GET /forest/json.do?query=procesIniciales HTTP/1.1" 200 10282
181.60.160.209 - - [31/Mar/2015:00:30:54 -0500] "GET /forest/json.do?query=bpmnIniciales HTTP/1.1" 200 638
181.60.160.209 - - [31/Mar/2015:00:30:58 -0500] "GET /forest/xmlresponse.do?lista=searchTerceroByName&xmlret=1&todos=false&_a=0.49300121841952205&partNomTer=CARBOQUIMI HTTP/1.1" 200 241
66.249.67.76 - - [31/Mar/2015:00:31:00 -0500] "GET /BLA/resoluciones/AUTOS%202012/1588.pdf HTTP/1.1" 200 850332
66.249.67.84 - - [31/Mar/2015:00:31:08 -0500] "GET /BLA/resoluciones/RESOLUCIONES%202010/4034.pdf HTTP/1.1" 200 743203
180.76.6.43 - - [31/Mar/2015:00:31:08 -0500] "GET /BLA/resoluciones/RESOLUCIONES%202009/7233.pdf HTTP/1.1" 200 434008
181.60.160.209 - - [31/Mar/2015:00:31:10 -0500] "POST /forest/buscar.do? HTTP/1.1" 200 16627
74.86.158.107 - - [31/Mar/2015:00:31:15 -0500] "HEAD / HTTP/1.1" 302 -
181.60.160.209 - - [31/Mar/2015:00:31:20 -0500] "GET /forest/skins/gdocs-jar/popup/popup.jsp?width=850&height=380&title=Informaci%F3n%20del%20radicado&uri=/forest/system/document.jsp%3FcodDoc%3D1974578&name=undefined&_a=0.020712126046419144&a=0.36125642876140773 HTTP/1.1" 200 1315
181.60.160.209 - - [31/Mar/2015:00:31:20 -0500] "GET /forest/system/document.jsp?codDoc=1974578 HTTP/1.1" 200 19642
181.60.160.209 - - [31/Mar/2015:00:31:20 -0500] "GET /forest/system/document.jsp?codDoc=1974578 HTTP/1.1" 200 22622
181.60.160.209 - - [31/Mar/2015:00:31:20 -0500] "GET /forest/img/icons/pdf.gif HTTP/1.1" 200 230
181.60.160.209 - - [31/Mar/2015:00:31:22 -0500] "GET /forest/usudocumentos.do?p7z=1974578&a=0.37621376872994006&a=0.08354972768574953 HTTP/1.1" 200 2559
181.60.160.209 - - [31/Mar/2015:00:31:26 -0500] "GET /forest/documentos/1974578/2014EE204174.p7z:claro/Resolucion.docx HTTP/1.1" 200 163160
199.195.118.53 - - [31/Mar/2015:00:31:29 -0500] "GET / HTTP/1.1" 302 -
152.61.193.99 - - [31/Mar/2015:00:31:46 -0500] "HEAD / HTTP/1.1" 302 -
152.61.193.99 - - [31/Mar/2015:00:31:46 -0500] "GET /arcgis/services/Calidad_del_Agua_WQI/MapServer/WMSServer?SERVICE=WMS&REQUEST=GetCapabilities HTTP/1.1" 200 32135
152.61.193.99 - - [31/Mar/2015:00:31:50 -0500] "GET /arcgis/services/Calidad_del_Agua_WQI/MapServer/WMSServer?SERVICE=WMS&REQUEST=GetCapabilities HTTP/1.1" 200 32135
152.61.193.99 - - [31/Mar/2015:00:31:51 -0500] "GET /arcgis/services/Calidad_del_Agua_WQI/MapServer/WMSServer?SERVICE=WMS&REQUEST=GetCapabilities HTTP/1.1" 200 32135
152.61.193.99 - - [31/Mar/2015:00:31:51 -0500] "GET /arcgis/services/Calidad_del_Agua_WQI/MapServer/WMSServer?SERVICE=WMS&REQUEST=GetCapabilities HTTP/1.1" 200 32135
152.61.193.99 - - [31/Mar/2015:00:31:52 -0500] "GET /arcgis/services/Calidad_del_Agua_WQI/MapServer/WMSServer?VERSION=1.1.1&REQUEST=GetMap&LAYERS=0&SRS=EPSG:4326&BBOX=-74.473395,3.674381,-73.963300,4.920569&WIDTH=250&HEIGHT=250&FORMAT=image/bmp&STYLES=& HTTP/1.1" 200 188054
190.0.16.22 - - [31/Mar/2015:00:32:17 -0500] "GET /galeria/galeria/jquery.fancybox.js?v=2.1.5 HTTP/1.1" 200 48706
190.0.16.22 - - [31/Mar/2015:00:32:17 -0500] "GET /galeria/galeria/jquery.fancybox.css?v=2.1.5 HTTP/1.1" 200 4895
190.0.16.22 - - [31/Mar/2015:00:32:18 -0500] "GET /videos/galeria-fotografica/index13.html? HTTP/1.1" 200 1971
190.0.16.22 - - [31/Mar/2015:00:32:18 -0500] "GET /videos/galeria-fotografica/js/jquery-flickr-gallery/jquery-flickr.css HTTP/1.1" 200 711
190.0.16.22 - - [31/Mar/2015:00:32:18 -0500] "GET /videos/galeria-fotografica/js/jquery-flickr-gallery/jquery-flickr-gallery.js HTTP/1.1" 200 9050
190.0.16.22 - - [31/Mar/2015:00:32:19 -0500] "GET /videos/galeria-fotografica/js/jquery-flickr-gallery/loader.gif HTTP/1.1" 200 2129
181.60.160.209 - - [31/Mar/2015:00:32:22 -0500] "GET /forest/skins/gdocs-jar/popup/popup.jsp?width=1100&height=500&title=Buscar%20documentos&uri=/forest/buscar.do%3Ftype%3Ddocumentos&name=undefined&_a=0.36342815961688757&a=0.4599756880197674 HTTP/1.1" 200 1300
181.60.160.209 - - [31/Mar/2015:00:32:22 -0500] "GET /forest/buscar.do?type=documentos HTTP/1.1" 200 14695
181.60.160.209 - - [31/Mar/2015:00:32:23 -0500] "GET /forest/buscar.do?type=documentos HTTP/1.1" 200 84939
181.60.160.209 - - [31/Mar/2015:00:32:23 -0500] "GET /forest/json.do?query=usersByDep&coddep=7105 HTTP/1.1" 200 117
181.60.160.209 - - [31/Mar/2015:00:32:23 -0500] "GET /forest/json.do?query=versionListadas HTTP/1.1" 200 15
181.60.160.209 - - [31/Mar/2015:00:32:23 -0500] "GET /forest/json.do?query=usersByDep&coddep=7105 HTTP/1.1" 200 117
181.60.160.209 - - [31/Mar/2015:00:32:23 -0500] "GET /forest/json.do?query=procesIniciales HTTP/1.1" 200 10282
181.60.160.209 - - [31/Mar/2015:00:32:23 -0500] "GET /forest/json.do?query=bpmnIniciales HTTP/1.1" 200 638
66.249.67.68 - - [31/Mar/2015:00:32:32 -0500] "GET /BLA/resoluciones/RESOLUCIONES%202010/0203.pdf HTTP/1.1" 200 125120
181.60.160.209 - - [31/Mar/2015:00:32:38 -0500] "POST /forest/buscar.do? HTTP/1.1" 200 6856
190.0.16.22 - - [31/Mar/2015:00:32:47 -0500] "GET /videos/galeria-fotografica/index13.html? HTTP/1.1" 304 -
181.60.160.209 - - [31/Mar/2015:00:32:47 -0500] "GET /forest/skins/gdocs-jar/popup/popup.jsp?width=900&height=600&title=Informaci%F3n%20de%20proceso&uri=/forest/system/process.jsp%3FnumPro%3D2477966&name=undefined&_a=0.19569273572415113&a=0.21371160564012825 HTTP/1.1" 200 1312
181.60.160.209 - - [31/Mar/2015:00:32:47 -0500] "GET /forest/system/process.jsp?numPro=2477966 HTTP/1.1" 200 18159
181.60.160.209 - - [31/Mar/2015:00:32:47 -0500] "GET /forest/system/process.jsp?numPro=2477966 HTTP/1.1" 200 60582
181.60.160.209 - - [31/Mar/2015:00:32:47 -0500] "GET /forest/skins/gdocs-jar/img/icons/doc.gif HTTP/1.1" 200 140
181.60.160.209 - - [31/Mar/2015:00:32:56 -0500] "GET /forest/usudocumentos.do?p7z=1592928&a=0.05295911617577076&a=0.7112039241474122 HTTP/1.1" 200 2526
181.60.160.209 - - [31/Mar/2015:00:33:08 -0500] "GET /forest/skins/gdocs-jar/popup/popup.jsp?width=900&height=600&title=Informaci%F3n%20de%20proceso&uri=/forest/system/process.jsp%3FnumPro%3D2477966&name=undefined&_a=0.8946676282212138&a=0.7950205446686596 HTTP/1.1" 200 1312
181.60.160.209 - - [31/Mar/2015:00:33:08 -0500] "GET /forest/system/process.jsp?numPro=2477966 HTTP/1.1" 200 18159
181.60.160.209 - - [31/Mar/2015:00:33:08 -0500] "GET /forest/system/process.jsp?numPro=2477966 HTTP/1.1" 200 60582
152.61.193.99 - - [31/Mar/2015:00:33:26 -0500] "HEAD / HTTP/1.1" 302 -
152.61.193.99 - - [31/Mar/2015:00:33:26 -0500] "GET /arcgis/services/Calidad_del_Agua_WQI/MapServer/WMSServer?request=GetCapabilities&service=WMS HTTP/1.1" 200 32135
152.61.193.99 - - [31/Mar/2015:00:33:27 -0500] "GET /arcgis/services/Calidad_del_Agua_WQI/MapServer/WMSServer?request=GetCapabilities&service=WMS HTTP/1.1" 200 32135
152.61.193.99 - - [31/Mar/2015:00:33:27 -0500] "GET /arcgis/services/Calidad_del_Agua_WQI/MapServer/WMSServer?request=GetCapabilities&service=WMS HTTP/1.1" 200 32135
152.61.193.99 - - [31/Mar/2015:00:33:28 -0500] "GET /arcgis/services/Calidad_del_Agua_WQI/MapServer/WMSServer?request=GetCapabilities&service=WMS HTTP/1.1" 200 32135
152.61.193.99 - - [31/Mar/2015:00:33:29 -0500] "GET /arcgis/services/Calidad_del_Agua_WQI/MapServer/WMSServer?VERSION=1.1.1&REQUEST=GetMap&LAYERS=0&SRS=EPSG:4326&BBOX=-74.473395,3.674381,-73.963300,4.920569&WIDTH=250&HEIGHT=250&FORMAT=image/bmp&STYLES=& HTTP/1.1" 200 188054
188.165.15.198 - - [31/Mar/2015:00:33:44 -0500] "GET /BLA/resoluciones/RESOLUCIONES%202003/RES%202003%20601-650/632.tif HTTP/1.1" 200 139212
181.60.160.209 - - [31/Mar/2015:00:33:47 -0500] "GET /forest/session.jsp?a=0.338233033195138 HTTP/1.1" 200 4
181.60.160.209 - - [31/Mar/2015:00:32:59 -0500] "GET /forest/documentos/1592928/2013IE004207.p7z:claro/Concepto%20Tecnico.doc HTTP/1.1" 200 28312064
66.249.67.68 - - [31/Mar/2015:00:34:05 -0500] "GET /BLA/resoluciones/RESOLUCIONES%202011/1338.pdf HTTP/1.1" 200 66111
181.54.113.66 - - [31/Mar/2015:00:34:59 -0500] "GET /BLA/resoluciones/AUTOS%202013/1180.pdf HTTP/1.1" 200 656452
181.54.113.66 - - [31/Mar/2015:00:35:02 -0500] "GET /BLA/resoluciones/AUTOS%202013/1180.pdf HTTP/1.1" 200 656452
180.76.5.194 - - [31/Mar/2015:00:35:12 -0500] "GET /BLA/resoluciones/AUTOS%202012/2232.pdf HTTP/1.1" 200 152930
66.249.67.84 - - [31/Mar/2015:00:35:37 -0500] "GET /BLA/resoluciones/AUTOS%202012/2181.pdf HTTP/1.1" 200 1493911
74.86.158.107 - - [31/Mar/2015:00:36:15 -0500] "HEAD / HTTP/1.1" 302 -
66.249.67.76 - - [31/Mar/2015:00:37:10 -0500] "GET /BLA/resoluciones/AUTOS%202013/3587.pdf HTTP/1.1" 200 1197192
188.165.15.198 - - [31/Mar/2015:00:37:25 -0500] "GET /BLA/resoluciones/RESOLUCIONES%202005/RES%202005%201101-1150/00001127.tif HTTP/1.1" 200 152718
66.249.67.84 - - [31/Mar/2015:00:37:27 -0500] "GET /BLA/resoluciones/AUTOS%202014/4115.pdf HTTP/1.1" 200 400210
188.165.15.198 - - [31/Mar/2015:00:37:34 -0500] "GET /BLA/resoluciones/RESOLUCIONES%202005/RES%202005%20201-250/00000210.tif HTTP/1.1" 200 126378
66.249.67.68 - - [31/Mar/2015:00:37:36 -0500] "GET /galeria/galeria/jquery.fancybox.css?v=2.1.5 HTTP/1.1" 200 4895
188.165.15.198 - - [31/Mar/2015:00:38:04 -0500] "GET /BLA/resoluciones/RESOLUCIONES%202003/RES%202003%20301-350/334.tif HTTP/1.1" 200 120260
66.249.67.84 - - [31/Mar/2015:00:38:43 -0500] "GET /BLA/resoluciones/AUTOS%202007/0830.pdf HTTP/1.1" 200 100348
181.60.160.209 - - [31/Mar/2015:00:38:47 -0500] "GET /forest/session.jsp?a=0.4392542995046824 HTTP/1.1" 200 4
188.165.15.198 - - [31/Mar/2015:00:39:06 -0500] "GET /BLA/resoluciones/RESOLUCIONES%202006/RES%202006%20451-500/INDEX.DAT HTTP/1.1" 200 2000
66.249.67.76 - - [31/Mar/2015:00:40:16 -0500] "GET /BLA/resoluciones/RESOLUCIONES%202009/7719.pdf HTTP/1.1" 200 492303
180.76.5.28 - - [31/Mar/2015:00:40:53 -0500] "GET /BLA/resoluciones/RESOLUCIONES%202009/8966.pdf HTTP/1.1" 200 397668
74.86.158.107 - - [31/Mar/2015:00:41:15 -0500] "HEAD / HTTP/1.1" 302 -
188.165.15.198 - - [31/Mar/2015:00:41:19 -0500] "GET /BLA/resoluciones/RESOLUCIONES%202006/RES%202006%202251-2300/00002299.tif HTTP/1.1" 200 153934
66.249.67.68 - - [31/Mar/2015:00:41:37 -0500] "GET /BLA/resoluciones/AUTOS%202008/0401.pdf HTTP/1.1" 200 113228
66.249.67.120 - - [31/Mar/2015:00:41:48 -0500] "GET /Anexos%20estudio%20Organizacional%20SDA/ANEXO%20No.%202%20-%20EJECUCIONES%20PRESUPUESTALES%202008-2011%20Y%20PRESUPUESTO%202012/Ejecuci%C3%B3n%20presupuestal%202011%20.pdf HTTP/1.1" 200 47380
180.76.6.37 - - [31/Mar/2015:00:42:02 -0500] "GET /BLA/resoluciones/AUTOS%202013/2673.pdf HTTP/1.1" 200 188804
188.165.15.198 - - [31/Mar/2015:00:43:03 -0500] "GET /BLA/resoluciones/RESOLUCIONES%202006/RES%202006%202051-2100/00002091.tif HTTP/1.1" 200 250710
181.60.160.209 - - [31/Mar/2015:00:43:11 -0500] "GET /forest/skins/gdocs-jar/popup/popup.jsp?width=1100&height=500&title=Buscar%20procesos&uri=/forest/buscar.do%3Ftype%3Dprocesos&name=undefined&_a=0.5812799350824207&a=0.38848077738657594 HTTP/1.1" 200 1296
181.60.160.209 - - [31/Mar/2015:00:43:11 -0500] "GET /forest/buscar.do?type=procesos HTTP/1.1" 200 84911
181.60.160.209 - - [31/Mar/2015:00:43:11 -0500] "GET /forest/buscar.do?type=procesos HTTP/1.1" 200 19423
181.60.160.209 - - [31/Mar/2015:00:43:11 -0500] "GET /forest/json.do?query=usersByDep&coddep=7105 HTTP/1.1" 200 117
181.60.160.209 - - [31/Mar/2015:00:43:12 -0500] "GET /forest/json.do?query=versionListadas HTTP/1.1" 200 15
181.60.160.209 - - [31/Mar/2015:00:43:12 -0500] "GET /forest/json.do?query=usersByDep&coddep=7105 HTTP/1.1" 200 117
181.60.160.209 - - [31/Mar/2015:00:43:12 -0500] "GET /forest/json.do?query=procesIniciales HTTP/1.1" 200 10282
181.60.160.209 - - [31/Mar/2015:00:43:12 -0500] "GET /forest/json.do?query=bpmnIniciales HTTP/1.1" 200 638
181.60.160.209 - - [31/Mar/2015:00:43:14 -0500] "POST /forest/buscar.do? HTTP/1.1" 200 5133
181.60.160.209 - - [31/Mar/2015:00:43:16 -0500] "GET /forest/skins/gdocs-jar/popup/popup.jsp?width=900&height=600&title=Informaci%F3n%20de%20proceso&uri=/forest/system/process.jsp%3FnumPro%3D2840933&name=undefined&_a=0.33731168461963534&a=0.8204390378668904 HTTP/1.1" 200 1312
181.60.160.209 - - [31/Mar/2015:00:43:16 -0500] "GET /forest/system/process.jsp?numPro=2840933 HTTP/1.1" 200 18159
181.60.160.209 - - [31/Mar/2015:00:43:16 -0500] "GET /forest/system/process.jsp?numPro=2840933 HTTP/1.1" 200 32702
181.60.160.209 - - [31/Mar/2015:00:43:16 -0500] "GET /forest/skins/gdocs-jar/img/icons/pdf.gif HTTP/1.1" 200 230
181.60.160.209 - - [31/Mar/2015:00:43:26 -0500] "GET /forest/buscar.do?type=procesos HTTP/1.1" 200 84911
181.60.160.209 - - [31/Mar/2015:00:43:26 -0500] "GET /forest/json.do?query=usersByDep&coddep=7105 HTTP/1.1" 200 117
181.60.160.209 - - [31/Mar/2015:00:43:26 -0500] "GET /forest/json.do?query=versionListadas HTTP/1.1" 200 15
181.60.160.209 - - [31/Mar/2015:00:43:26 -0500] "GET /forest/json.do?query=usersByDep&coddep=7105 HTTP/1.1" 200 117
181.60.160.209 - - [31/Mar/2015:00:43:26 -0500] "GET /forest/json.do?query=procesIniciales HTTP/1.1" 200 10282
181.60.160.209 - - [31/Mar/2015:00:43:27 -0500] "GET /forest/json.do?query=bpmnIniciales HTTP/1.1" 200 638
181.60.160.209 - - [31/Mar/2015:00:43:30 -0500] "POST /forest/buscar.do? HTTP/1.1" 200 5855
181.60.160.209 - - [31/Mar/2015:00:43:34 -0500] "GET /forest/skins/gdocs-jar/popup/popup.jsp?width=900&height=600&title=Informaci%F3n%20de%20proceso&uri=/forest/system/process.jsp%3FnumPro%3D2942119&name=undefined&_a=0.5280918201897293&a=0.7142167373094708 HTTP/1.1" 200 1312
181.60.160.209 - - [31/Mar/2015:00:43:34 -0500] "GET /forest/system/process.jsp?numPro=2942119 HTTP/1.1" 200 18159
181.60.160.209 - - [31/Mar/2015:00:43:34 -0500] "GET /forest/system/process.jsp?numPro=2942119 HTTP/1.1" 200 115279
181.60.160.209 - - [31/Mar/2015:00:43:40 -0500] "GET /forest/documentos/1950846/2014EE180463.docx HTTP/1.1" 200 120753
66.249.67.84 - - [31/Mar/2015:00:43:46 -0500] "GET /BLA/resoluciones/AUTOS%202008/3080.pdf HTTP/1.1" 200 59172
181.60.160.209 - - [31/Mar/2015:00:43:47 -0500] "GET /forest/session.jsp?a=0.2232273407280445 HTTP/1.1" 200 4
188.165.15.198 - - [31/Mar/2015:00:44:43 -0500] "GET /BLA/resoluciones/RESOLUCIONES%202004/RES%202004%20901-950/00000921.tif HTTP/1.1" 200 184770
181.60.160.209 - - [31/Mar/2015:00:44:46 -0500] "GET /forest/skins/gdocs-jar/popup/popup.jsp?width=900&height=600&title=Informaci%F3n%20de%20proceso&uri=/forest/system/process.jsp%3FnumPro%3D2942119&name=undefined&_a=0.8679710000287741&a=0.4829469521064311 HTTP/1.1" 200 1312
181.60.160.209 - - [31/Mar/2015:00:44:46 -0500] "GET /forest/system/process.jsp?numPro=2942119 HTTP/1.1" 200 14695
181.60.160.209 - - [31/Mar/2015:00:44:46 -0500] "GET /forest/system/process.jsp?numPro=2942119 HTTP/1.1" 200 115279
66.249.67.68 - - [31/Mar/2015:00:44:54 -0500] "GET /BLA/resoluciones/RESOLUCIONES%202007/RES%202007%201501%20AL%201600/RESOLUCION%201525%20DE%202007.pdf HTTP/1.1" 304 -
188.165.15.198 - - [31/Mar/2015:00:44:58 -0500] "GET /BLA/resoluciones/RESOLUCIONES%202004/RES%202004%201201-1250/00001237.tif HTTP/1.1" 200 288604
180.76.5.153 - - [31/Mar/2015:00:44:19 -0500] "GET /BLA/boletinlegal/ HTTP/1.1" 200 44250
188.165.15.198 - - [31/Mar/2015:00:45:03 -0500] "GET /BLA/resoluciones/RESOLUCIONES%202006/RES%202006%20551-600/00000562.tif HTTP/1.1" 200 127866
190.127.232.185 - - [31/Mar/2015:00:45:25 -0500] "GET /galeria/galeria/jquery.fancybox.css?v=2.1.5 HTTP/1.1" 200 4895
190.127.232.185 - - [31/Mar/2015:00:45:25 -0500] "GET /galeria/carrusel/Carrusel/jquery.thumbnailScroller.css HTTP/1.1" 200 2066
190.127.232.185 - - [31/Mar/2015:00:45:25 -0500] "GET /BLA/boletinlegal/js/jquery.scrollTo-min.js HTTP/1.1" 200 1150
190.127.232.185 - - [31/Mar/2015:00:45:25 -0500] "GET /BLA/boletinlegal/js/jquery.scrollShow.js HTTP/1.1" 200 4586
190.127.232.185 - - [31/Mar/2015:00:45:25 -0500] "GET /galeria/galeria/jquery.fancybox.js?v=2.1.5 HTTP/1.1" 200 48706
190.127.232.185 - - [31/Mar/2015:00:45:25 -0500] "GET /galeria/carrusel/Carrusel/jquery-ui-1.8.13.custom.min.js HTTP/1.1" 200 10800
190.127.232.185 - - [31/Mar/2015:00:45:26 -0500] "GET /galeria/carrusel/Carrusel/jquery.thumbnailScroller.js HTTP/1.1" 200 8157
190.127.232.185 - - [31/Mar/2015:00:45:28 -0500] "GET /galeria/nivo-slider/demo/demo.html HTTP/1.1" 200 4204
190.127.232.185 - - [31/Mar/2015:00:45:28 -0500] "GET /galeria/nivo-slider/themes/default/default.css HTTP/1.1" 200 1569
190.127.232.185 - - [31/Mar/2015:00:45:28 -0500] "GET /galeria/nivo-slider/themes/orman/orman.css HTTP/1.1" 200 2152
190.127.232.185 - - [31/Mar/2015:00:45:28 -0500] "GET /galeria/nivo-slider/nivo-slider.css HTTP/1.1" 200 1507
190.127.232.185 - - [31/Mar/2015:00:45:28 -0500] "GET /galeria/nivo-slider/themes/pascal/pascal.css HTTP/1.1" 200 2258
190.127.232.185 - - [31/Mar/2015:00:45:28 -0500] "GET /galeria/nivo-slider/demo/style.css HTTP/1.1" 200 2222
190.127.232.185 - - [31/Mar/2015:00:45:29 -0500] "GET /galeria/nivo-slider/demo/images/Banner-semana-santa.jpg HTTP/1.1" 200 350491
190.127.232.185 - - [31/Mar/2015:00:45:29 -0500] "GET /galeria/nivo-slider/demo/scripts/jquery-1.7.1.min.js HTTP/1.1" 200 93868
190.127.232.185 - - [31/Mar/2015:00:45:29 -0500] "GET /galeria/nivo-slider/jquery.nivo.slider.pack.js HTTP/1.1" 200 11561
190.127.232.185 - - [31/Mar/2015:00:45:29 -0500] "GET /galeria/nivo-slider/demo/images/4Simple_Slider.png HTTP/1.1" 200 11722
190.127.232.185 - - [31/Mar/2015:00:45:29 -0500] "GET /galeria/nivo-slider/themes/default/loading.gif HTTP/1.1" 200 1737
190.127.232.185 - - [31/Mar/2015:00:45:29 -0500] "GET /galeria/nivo-slider/demo/images/no-sea-victima.jpg HTTP/1.1" 200 254155
190.127.232.185 - - [31/Mar/2015:00:45:30 -0500] "GET /galeria/nivo-slider/demo/images/Convocatoria_recicladores.jpg HTTP/1.1" 200 213976
190.127.232.185 - - [31/Mar/2015:00:45:30 -0500] "GET /galeria/nivo-slider/demo/images/Licitaciones-proyecto-paramo.jpg HTTP/1.1" 200 221877
190.127.232.185 - - [31/Mar/2015:00:45:30 -0500] "GET /galeria/nivo-slider/demo/images/Banner-decreto1299.jpg HTTP/1.1" 200 182613
190.127.232.185 - - [31/Mar/2015:00:45:32 -0500] "GET /galeria/nivo-slider/demo/images/Banner-Directorio.jpg HTTP/1.1" 200 182068
190.127.232.185 - - [31/Mar/2015:00:45:32 -0500] "GET /galeria/nivo-slider/demo/images/banner-V2.jpg HTTP/1.1" 200 167020
190.127.232.185 - - [31/Mar/2015:00:45:32 -0500] "GET /galeria/nivo-slider/demo/images/Ruta-vertimientos-01.jpg HTTP/1.1" 200 130151
190.127.232.185 - - [31/Mar/2015:00:45:33 -0500] "GET /galeria/nivo-slider/demo/images/bolsas-06.jpg HTTP/1.1" 200 90982
190.127.232.185 - - [31/Mar/2015:00:45:33 -0500] "GET /galeria/nivo-slider/demo/images/bolsas-08.jpg HTTP/1.1" 200 85589
190.127.232.185 - - [31/Mar/2015:00:45:33 -0500] "GET /galeria/nivo-slider/demo/images/redes_sociales.jpg HTTP/1.1" 200 415652
190.127.232.185 - - [31/Mar/2015:00:45:33 -0500] "GET /galeria/nivo-slider/demo/images/Conoce-los-humedales.jpg HTTP/1.1" 200 294036
190.127.232.185 - - [31/Mar/2015:00:45:34 -0500] "GET /galeria/nivo-slider/demo/images/ecolecta-Dic2014.png HTTP/1.1" 200 288593
190.127.232.185 - - [31/Mar/2015:00:45:34 -0500] "GET /galeria/nivo-slider/demo/images/porloshumedales.jpg HTTP/1.1" 200 351238
181.60.160.209 - - [31/Mar/2015:00:45:34 -0500] "GET /forest/skins/gdocs-jar/popup/popup.jsp?width=900&height=600&title=Informaci%F3n%20de%20proceso&uri=/forest/system/process.jsp%3FnumPro%3D2942119&name=undefined&_a=0.6591371321119368&a=0.317276329966262 HTTP/1.1" 200 1312
181.60.160.209 - - [31/Mar/2015:00:45:34 -0500] "GET /forest/system/process.jsp?numPro=2942119 HTTP/1.1" 200 21631
190.127.232.185 - - [31/Mar/2015:00:45:34 -0500] "GET /galeria/nivo-slider/demo/images/Tingua-azul.jpg HTTP/1.1" 200 307638
190.127.232.185 - - [31/Mar/2015:00:45:34 -0500] "GET /galeria/nivo-slider/demo/images/banner-llantas2.jpg HTTP/1.1" 200 73153
181.60.160.209 - - [31/Mar/2015:00:45:34 -0500] "GET /forest/system/process.jsp?numPro=2942119 HTTP/1.1" 200 115279
190.127.232.185 - - [31/Mar/2015:00:45:35 -0500] "GET /galeria/nivo-slider/demo/images/9Signos.jpg HTTP/1.1" 200 93040
190.127.232.185 - - [31/Mar/2015:00:45:37 -0500] "GET /galeria/nivo-slider/themes/default/arrows.png HTTP/1.1" 200 824
190.127.232.185 - - [31/Mar/2015:00:45:38 -0500] "GET /galeria/nivo-slider/themes/default/bullets.png HTTP/1.1" 200 1281
66.249.67.76 - - [31/Mar/2015:00:45:39 -0500] "GET /BLA/resoluciones/RESOLUCIONES%202005/RES%202005%20%201651-1700/00001662.tif HTTP/1.1" 200 138202
181.60.160.209 - - [31/Mar/2015:00:45:53 -0500] "GET /forest/borrador/1692005/Requerimiento%20Tecnico.docx HTTP/1.1" 200 214
190.127.232.185 - - [31/Mar/2015:00:46:12 -0500] "GET /galeria/galeria/jquery.fancybox.css?v=2.1.5 HTTP/1.1" 304 -
190.127.232.185 - - [31/Mar/2015:00:46:12 -0500] "GET /BLA/boletinlegal/js/jquery.scrollTo-min.js HTTP/1.1" 304 -
190.127.232.185 - - [31/Mar/2015:00:46:12 -0500] "GET /BLA/boletinlegal/js/jquery.scrollShow.js HTTP/1.1" 304 -
190.127.232.185 - - [31/Mar/2015:00:46:12 -0500] "GET /galeria/galeria/jquery.fancybox.js?v=2.1.5 HTTP/1.1" 304 -
74.86.158.107 - - [31/Mar/2015:00:46:15 -0500] "HEAD / HTTP/1.1" 302 -
66.249.67.84 - - [31/Mar/2015:00:46:26 -0500] "GET /BLA/resoluciones/RESOLUCIONES%202013/0746.pdf HTTP/1.1" 304 -
66.249.67.68 - - [31/Mar/2015:00:47:59 -0500] "GET /BLA/resoluciones/RESOLUCIONES%202007/RES%202007%201726%20AL%201800/RESOLUCION%201761%20DE%202007.pdf HTTP/1.1" 200 639810
190.127.232.185 - - [31/Mar/2015:00:48:41 -0500] "GET /hidrico/aguas%20subterraneas/ HTTP/1.1" 404 1296
181.60.160.209 - - [31/Mar/2015:00:48:48 -0500] "GET /forest/session.jsp?a=0.6676360389683396 HTTP/1.1" 200 4
181.60.160.209 - - [31/Mar/2015:00:48:55 -0500] "GET /forest/skins/gdocs-jar/popup/popup.jsp?width=1100&height=500&title=Buscar%20documentos&uri=/forest/buscar.do%3Ftype%3Ddocumentos&name=undefined&_a=0.5113006117753685&a=0.7694955298211426 HTTP/1.1" 200 1300
181.60.160.209 - - [31/Mar/2015:00:48:55 -0500] "GET /forest/buscar.do?type=documentos HTTP/1.1" 200 18159
181.60.160.209 - - [31/Mar/2015:00:48:55 -0500] "GET /forest/buscar.do?type=documentos HTTP/1.1" 200 84939
181.60.160.209 - - [31/Mar/2015:00:48:56 -0500] "GET /forest/json.do?query=usersByDep&coddep=7105 HTTP/1.1" 200 117
181.60.160.209 - - [31/Mar/2015:00:48:56 -0500] "GET /forest/json.do?query=versionListadas HTTP/1.1" 200 15
181.60.160.209 - - [31/Mar/2015:00:48:56 -0500] "GET /forest/json.do?query=usersByDep&coddep=7105 HTTP/1.1" 200 117
181.60.160.209 - - [31/Mar/2015:00:48:56 -0500] "GET /forest/json.do?query=procesIniciales HTTP/1.1" 200 10282
181.60.160.209 - - [31/Mar/2015:00:48:56 -0500] "GET /forest/json.do?query=bpmnIniciales HTTP/1.1" 200 638
181.60.160.209 - - [31/Mar/2015:00:48:58 -0500] "GET /forest/xmlresponse.do?lista=searchTerceroByName&xmlret=1&todos=false&_a=0.9630358188878745&partNomTer=13952292 HTTP/1.1" 200 197
190.127.232.185 - - [31/Mar/2015:00:49:30 -0500] "GET /galeria/galeria/jquery.fancybox.css?v=2.1.5 HTTP/1.1" 304 -
190.127.232.185 - - [31/Mar/2015:00:49:30 -0500] "GET /BLA/boletinlegal/js/jquery.scrollTo-min.js HTTP/1.1" 304 -
190.127.232.185 - - [31/Mar/2015:00:49:30 -0500] "GET /BLA/boletinlegal/js/jquery.scrollShow.js HTTP/1.1" 304 -
190.127.232.185 - - [31/Mar/2015:00:49:30 -0500] "GET /galeria/galeria/jquery.fancybox.js?v=2.1.5 HTTP/1.1" 304 -
66.249.67.68 - - [31/Mar/2015:00:49:32 -0500] "GET /BLA/resoluciones/RESOLUCIONES%202013/0905.pdf HTTP/1.1" 200 392280
181.60.160.209 - - [31/Mar/2015:00:49:15 -0500] "POST /forest/buscar.do? HTTP/1.1" 200 17370
66.249.67.84 - - [31/Mar/2015:00:50:05 -0500] "GET /BLA/resoluciones/AUTOS%202014/3679.pdf HTTP/1.1" 200 434564
188.165.15.198 - - [31/Mar/2015:00:50:26 -0500] "GET /BLA/resoluciones/RESOLUCIONES%202005/RES%202005%20601-650/00000624.tif HTTP/1.1" 200 101910
180.76.6.130 - - [31/Mar/2015:00:50:33 -0500] "GET /BLA/resoluciones/RESOLUCIONES%202007/RES%202007%201%20AL%20100/RESOLUCION%200090%20DE%202007.pdf HTTP/1.1" 200 478837
181.60.160.209 - - [31/Mar/2015:00:50:05 -0500] "POST /forest/buscar.do? HTTP/1.1" 200 7251
66.249.67.84 - - [31/Mar/2015:00:51:04 -0500] "GET /BLA/resoluciones/AUTOS%202007/0567.pdf HTTP/1.1" 200 378836
74.86.158.107 - - [31/Mar/2015:00:51:15 -0500] "HEAD / HTTP/1.1" 302 -
66.249.67.84 - - [31/Mar/2015:00:51:29 -0500] "GET /BLA/resoluciones/RESOLUCIONES%202005/RES%202005%202751-2800/00002757.tif HTTP/1.1" 200 27762
181.60.160.209 - - [31/Mar/2015:00:51:02 -0500] "POST /forest/buscar.do? HTTP/1.1" 200 17370
180.76.6.52 - - [31/Mar/2015:00:51:41 -0500] "GET /BLA/resoluciones/RESOLUCIONES%202011/3799.pdf HTTP/1.1" 200 751365
188.165.15.198 - - [31/Mar/2015:00:52:12 -0500] "GET /BLA/resoluciones/RESOLUCIONES%202006/RES%202006%202101-2150/00002145.tif HTTP/1.1" 200 172300
66.249.67.68 - - [31/Mar/2015:00:52:37 -0500] "GET /BLA/resoluciones/RESOLUCIONES%202008/4551.pdf HTTP/1.1" 200 366073
190.127.232.185 - - [31/Mar/2015:00:52:40 -0500] "GET /galeria/bibloteca/contentflow.js HTTP/1.1" 200 42804
190.127.232.185 - - [31/Mar/2015:00:52:41 -0500] "GET /galeria/bibloteca/contentflow.css HTTP/1.1" 200 3201
190.127.232.185 - - [31/Mar/2015:00:52:41 -0500] "GET /galeria/bibloteca/mycontentflow.css HTTP/1.1" 200 3110
190.127.232.185 - - [31/Mar/2015:00:52:41 -0500] "GET /galeria/bibloteca/ContentFlowAddOn_white.js HTTP/1.1" 200 2497
190.127.232.185 - - [31/Mar/2015:00:52:41 -0500] "GET /galeria/bibloteca/ContentFlowAddOn_white.css HTTP/1.1" 200 3355
190.127.232.185 - - [31/Mar/2015:00:52:41 -0500] "GET /galeria/bibloteca/img/loader.gif HTTP/1.1" 200 8238
190.127.232.185 - - [31/Mar/2015:00:52:41 -0500] "GET /galeria/bibloteca/img/scrollbar_white.png HTTP/1.1" 200 82
190.127.232.185 - - [31/Mar/2015:00:52:41 -0500] "GET /galeria/bibloteca/img/slider_white.png HTTP/1.1" 200 178
190.127.232.185 - - [31/Mar/2015:00:52:49 -0500] "GET /galeria/bibloteca/img/scrollbar_black.png HTTP/1.1" 200 82
190.127.232.185 - - [31/Mar/2015:00:52:49 -0500] "GET /galeria/bibloteca/img/slider_black.png HTTP/1.1" 200 175
190.127.232.185 - - [31/Mar/2015:00:52:49 -0500] "GET /galeria/bibloteca/img/1x1_0.5_white.png HTTP/1.1" 200 82
190.127.232.185 - - [31/Mar/2015:00:52:49 -0500] "GET /galeria/bibloteca/img/ajax-loader.gif HTTP/1.1" 200 9427
188.165.15.198 - - [31/Mar/2015:00:53:08 -0500] "GET /BLA/resoluciones/RESOLUCIONES%202002/RES%202002%201401-1450/20021410.tif HTTP/1.1" 200 1043484
181.60.160.209 - - [31/Mar/2015:00:53:48 -0500] "GET /forest/session.jsp?a=0.9637523444835097 HTTP/1.1" 200 4
66.249.67.84 - - [31/Mar/2015:00:54:10 -0500] "GET /BLA/resoluciones/RESOLUCIONES%202007/RES%202007%202201%20AL%202300/RESOLUCION%202215%20DE%202007.pdf HTTP/1.1" 304 -
123.125.71.81 - - [31/Mar/2015:00:54:27 -0500] "GET / HTTP/1.1" 302 -
188.165.15.198 - - [31/Mar/2015:00:54:48 -0500] "GET /BLA/resoluciones/RESOLUCIONES%202006/RES%202006%20901-950/00000933.tif HTTP/1.1" 200 153360
175.44.5.185 - - [31/Mar/2015:00:54:50 -0500] "HEAD /public/js/fckeditor/editor/filemanager/browser/default/connectors/test.html HTTP/1.1" 404 -
66.249.67.76 - - [31/Mar/2015:00:55:43 -0500] "GET /BLA/resoluciones/AUTOS%202013/1079.pdf HTTP/1.1" 304 -
74.86.158.107 - - [31/Mar/2015:00:56:15 -0500] "HEAD / HTTP/1.1" 302 -
188.165.15.198 - - [31/Mar/2015:00:56:19 -0500] "GET /BLA/resoluciones/RESOLUCIONES%202005/RES%202005%20%201601-1650/00001641.tif HTTP/1.1" 200 215888
66.249.67.84 - - [31/Mar/2015:00:56:25 -0500] "GET /BLA/resoluciones/AUTOS%202014/1139.pdf HTTP/1.1" 200 424587
179.49.209.46 - - [31/Mar/2015:00:56:54 -0500] "GET /BLA/boletinlegal/js/jquery.scrollTo-min.js HTTP/1.1" 304 -
179.49.209.46 - - [31/Mar/2015:00:56:54 -0500] "GET /BLA/boletinlegal/js/jquery.scrollShow.js HTTP/1.1" 304 -
179.49.209.46 - - [31/Mar/2015:00:56:54 -0500] "GET /galeria/galeria/jquery.fancybox.js?v=2.1.5 HTTP/1.1" 304 -
179.49.209.46 - - [31/Mar/2015:00:56:54 -0500] "GET /galeria/galeria/jquery.fancybox.css?v=2.1.5 HTTP/1.1" 304 -
66.249.67.68 - - [31/Mar/2015:00:57:15 -0500] "GET /BLA/resoluciones/RESOLUCIONES%202010/7471.pdf HTTP/1.1" 304 -
180.76.6.51 - - [31/Mar/2015:00:58:35 -0500] "GET /BLA/resoluciones/AUTOS%202013/2268.pdf HTTP/1.1" 200 1059600
66.249.67.112 - - [31/Mar/2015:00:58:48 -0500] "GET /POT-2013/Cartografia/05_Remocion_V1_2013.pdf HTTP/1.1" 200 4650227
188.165.15.198 - - [31/Mar/2015:00:58:59 -0500] "GET /BLA/resoluciones/RESOLUCIONES%202004/RES%202004%20601-650/00000630.tif HTTP/1.1" 200 103050
220.181.108.167 - - [31/Mar/2015:00:59:54 -0500] "GET / HTTP/1.1" 302 -
46.119.118.191 - - [31/Mar/2015:01:00:17 -0500] "GET / HTTP/1.1" 302 -
46.119.118.191 - - [31/Mar/2015:01:00:18 -0500] "GET / HTTP/1.1" 302 -
46.119.118.191 - - [31/Mar/2015:01:00:19 -0500] "GET / HTTP/1.1" 302 -
66.249.67.68 - - [31/Mar/2015:01:00:21 -0500] "GET /BLA/resoluciones/AUTOS%202008/3433.pdf HTTP/1.1" 200 179930
74.86.158.107 - - [31/Mar/2015:01:01:15 -0500] "HEAD / HTTP/1.1" 302 -
188.165.15.198 - - [31/Mar/2015:01:01:31 -0500] "GET /BLA/resoluciones/RESOLUCIONES%202006/RES%202006%2051-100/00000076.tif HTTP/1.1" 200 42950
88.198.233.69 - - [31/Mar/2015:01:01:37 -0500] "GET / HTTP/1.1" 302 -
66.249.67.76 - - [31/Mar/2015:01:01:53 -0500] "GET /BLA/resoluciones/RESOLUCIONES%202011/0573.pdf HTTP/1.1" 200 67393
66.249.67.76 - - [31/Mar/2015:01:02:44 -0500] "GET /BLA/resoluciones/RESOLUCIONES%202014/2371.pdf HTTP/1.1" 200 281776
181.55.83.18 - - [31/Mar/2015:01:02:51 -0500] "GET /galeria/galeria/jquery.fancybox.css?v=2.1.5 HTTP/1.1" 200 4895
181.55.83.18 - - [31/Mar/2015:01:02:51 -0500] "GET /BLA/boletinlegal/js/jquery.scrollTo-min.js HTTP/1.1" 200 1150
181.55.83.18 - - [31/Mar/2015:01:02:51 -0500] "GET /BLA/boletinlegal/js/jquery.scrollShow.js HTTP/1.1" 200 4586
181.55.83.18 - - [31/Mar/2015:01:02:51 -0500] "GET /galeria/galeria/jquery.fancybox.js?v=2.1.5 HTTP/1.1" 200 48706
181.55.83.18 - - [31/Mar/2015:01:02:54 -0500] "GET /BLA/boletinlegal/js/jquery.scrollTo-min.js HTTP/1.1" 304 -
181.55.83.18 - - [31/Mar/2015:01:02:54 -0500] "GET /BLA/boletinlegal/js/jquery.scrollShow.js HTTP/1.1" 304 -
181.55.83.18 - - [31/Mar/2015:01:02:55 -0500] "GET /galeria/galeria/jquery.fancybox.js?v=2.1.5 HTTP/1.1" 304 -
181.55.83.18 - - [31/Mar/2015:01:02:55 -0500] "GET /galeria/galeria/jquery.fancybox.css?v=2.1.5 HTTP/1.1" 304 -
66.249.67.76 - - [31/Mar/2015:01:03:26 -0500] "GET /BLA/resoluciones/RESOLUCIONES%202010/2311.pdf HTTP/1.1" 200 513231
190.24.44.189 - - [31/Mar/2015:01:04:40 -0500] "GET /galeria/galeria/jquery.fancybox.css?v=2.1.5 HTTP/1.1" 200 4895
190.24.44.189 - - [31/Mar/2015:01:04:40 -0500] "GET /galeria/galeria/jquery.fancybox.js?v=2.1.5 HTTP/1.1" 200 48706
190.24.44.189 - - [31/Mar/2015:01:04:40 -0500] "GET /BLA/boletinlegal/js/jquery.scrollTo-min.js HTTP/1.1" 200 1150
190.24.44.189 - - [31/Mar/2015:01:04:40 -0500] "GET /BLA/boletinlegal/js/jquery.scrollShow.js HTTP/1.1" 200 4586
190.24.44.189 - - [31/Mar/2015:01:04:43 -0500] "GET /BLA/boletinlegal/js/jquery.scrollTo-min.js HTTP/1.1" 304 -
190.24.44.189 - - [31/Mar/2015:01:04:43 -0500] "GET /BLA/boletinlegal/js/jquery.scrollShow.js HTTP/1.1" 304 -
190.24.44.189 - - [31/Mar/2015:01:04:43 -0500] "GET /galeria/galeria/jquery.fancybox.js?v=2.1.5 HTTP/1.1" 304 -
190.24.44.189 - - [31/Mar/2015:01:04:43 -0500] "GET /galeria/galeria/jquery.fancybox.css?v=2.1.5 HTTP/1.1" 304 -
186.83.251.214 - - [31/Mar/2015:01:04:44 -0500] "GET /BLA/resoluciones/RESOLUCIONES%202014/2052.pdf HTTP/1.1" 200 941153
186.83.251.214 - - [31/Mar/2015:01:04:45 -0500] "GET /BLA/resoluciones/RESOLUCIONES%202014/2052.pdf HTTP/1.1" 206 32768
186.83.251.214 - - [31/Mar/2015:01:04:45 -0500] "GET /BLA/resoluciones/RESOLUCIONES%202014/2052.pdf HTTP/1.1" 206 908385
186.83.251.214 - - [31/Mar/2015:01:04:47 -0500] "GET /favicon.ico HTTP/1.1" 200 7782
66.249.67.84 - - [31/Mar/2015:01:04:59 -0500] "GET /BLA/resoluciones/RESOLUCIONES%202013/1279.pdf HTTP/1.1" 200 353528
188.165.15.198 - - [31/Mar/2015:01:05:26 -0500] "GET /BLA/resoluciones/RESOLUCIONES%202006/RES%202006%201701-1751/00001746.tif HTTP/1.1" 200 190296
188.165.15.198 - - [31/Mar/2015:01:05:30 -0500] "GET /BLA/resoluciones/RESOLUCIONES%202004/RES%202004%202051-2100/00002087.tif HTTP/1.1" 200 153016
157.55.39.121 - - [31/Mar/2015:01:05:55 -0500] "GET /BLA/boletinlegal/Directivas/2014/Directiva%20No.%204%20del%2006%20de%20Junio%20de%202014.pdf HTTP/1.1" 200 236794
74.86.158.107 - - [31/Mar/2015:01:06:15 -0500] "HEAD / HTTP/1.1" 302 -
180.76.6.57 - - [31/Mar/2015:01:06:18 -0500] "GET /BLA/resoluciones/AUTOS%202013/1165.pdf HTTP/1.1" 200 579177
66.249.67.76 - - [31/Mar/2015:01:06:32 -0500] "GET /BLA/resoluciones/RESOLUCIONES%202009/7441.pdf HTTP/1.1" 200 111040
188.165.15.198 - - [31/Mar/2015:01:07:44 -0500] "GET /BLA/resoluciones/AUTOS%202006/AUTOS%202006%201401%20-%201500/00001435.tif HTTP/1.1" 200 58956
66.249.67.68 - - [31/Mar/2015:01:08:04 -0500] "GET /BLA/resoluciones/RESOLUCIONES%202009/5365.pdf HTTP/1.1" 200 386096
66.249.67.68 - - [31/Mar/2015:01:09:04 -0500] "GET /BLA/resoluciones/RESOLUCIONES%202013/0036.pdf HTTP/1.1" 200 756714
188.165.15.198 - - [31/Mar/2015:01:09:07 -0500] "GET /BLA/resoluciones/RESOLUCIONES%202004/RES%202004%20801-850/00000810.tif HTTP/1.1" 200 276080
188.165.15.198 - - [31/Mar/2015:01:09:09 -0500] "GET /BLA/resoluciones/RESOLUCIONES%202003/RES%202003%20001-050/2003RES18.tif HTTP/1.1" 200 70688
66.249.67.84 - - [31/Mar/2015:01:09:37 -0500] "GET /BLA/resoluciones/RESOLUCIONES%202012/1475.pdf HTTP/1.1" 200 802613
188.165.15.198 - - [31/Mar/2015:01:09:48 -0500] "GET /BLA/resoluciones/RESOLUCIONES%202005/RES%202005%20601-650/00000650.tif HTTP/1.1" 200 103680
188.165.15.198 - - [31/Mar/2015:01:10:42 -0500] "GET /BLA/resoluciones/RESOLUCIONES%202003/RES%202003%201851--1900/20031863.tif HTTP/1.1" 200 59734
188.165.15.198 - - [31/Mar/2015:01:11:07 -0500] "GET /BLA/resoluciones/RESOLUCIONES%202004/RES%202004%201301-1350/00001346.tif HTTP/1.1" 200 216748
66.249.67.68 - - [31/Mar/2015:01:11:11 -0500] "GET /BLA/resoluciones/RESOLUCIONES%202007/RES%202007%203501%20AL%203600/RESOLUCION%203563%20DE%202007.pdf HTTP/1.1" 200 949552
74.86.158.107 - - [31/Mar/2015:01:11:15 -0500] "HEAD / HTTP/1.1" 302 -
190.24.129.149 - - [31/Mar/2015:01:12:16 -0500] "GET /galeria/nivo-slider/demo/images/banner-V2.jpg HTTP/1.1" 304 -
201.234.75.11 - - [31/Mar/2015:01:12:19 -0500] "GET /StormSDA/stormWeb/presentacion.html HTTP/1.1" 304 -
66.249.67.84 - - [31/Mar/2015:01:12:42 -0500] "GET /BLA/resoluciones/RESOLUCIONES%202010/4773.pdf HTTP/1.1" 304 -
66.249.67.76 - - [31/Mar/2015:01:14:15 -0500] "GET /BLA/resoluciones/AUTOS%202007/2531.pdf HTTP/1.1" 200 131730
66.249.67.68 - - [31/Mar/2015:01:14:27 -0500] "GET /BLA/resoluciones/RESOLUCIONES%202005/RES%202005%20%201651-1700/00001682.tif HTTP/1.1" 200 106662
66.249.67.68 - - [31/Mar/2015:01:14:33 -0500] "GET /BLA/resoluciones/index.php?dir=RESOLUCIONES+2010%2F HTTP/1.1" 200 1288837
190.24.44.189 - - [31/Mar/2015:01:14:55 -0500] "GET /galeria/galeria/jquery.fancybox.css?v=2.1.5 HTTP/1.1" 304 -
190.24.44.189 - - [31/Mar/2015:01:14:55 -0500] "GET /BLA/boletinlegal/js/jquery.scrollTo-min.js HTTP/1.1" 304 -
190.24.44.189 - - [31/Mar/2015:01:14:55 -0500] "GET /BLA/boletinlegal/js/jquery.scrollShow.js HTTP/1.1" 304 -
190.24.44.189 - - [31/Mar/2015:01:14:55 -0500] "GET /galeria/galeria/jquery.fancybox.js?v=2.1.5 HTTP/1.1" 304 -
188.165.15.198 - - [31/Mar/2015:01:15:18 -0500] "GET /BLA/resoluciones/RESOLUCIONES%202003/RES%202003%201651-1700/20031651.tif HTTP/1.1" 200 161308
66.249.67.76 - - [31/Mar/2015:01:15:24 -0500] "GET /BLA/resoluciones/RESOLUCIONES%202013/1363.pdf HTTP/1.1" 200 668317
66.249.67.68 - - [31/Mar/2015:01:15:48 -0500] "GET /BLA/resoluciones/RESOLUCIONES%202007/RES%202007%201101%20AL%201200/RESOLUCION%201178%20DE%202007.pdf HTTP/1.1" 200 600533
74.86.158.107 - - [31/Mar/2015:01:16:15 -0500] "HEAD / HTTP/1.1" 302 -
190.32.170.49 - - [31/Mar/2015:01:16:56 -0500] "GET /BLA/boletinlegal/js/jquery.scrollTo-min.js HTTP/1.1" 200 1150
190.32.170.49 - - [31/Mar/2015:01:16:56 -0500] "GET /BLA/boletinlegal/js/jquery.scrollShow.js HTTP/1.1" 200 4586
190.32.170.49 - - [31/Mar/2015:01:16:56 -0500] "GET /galeria/galeria/jquery.fancybox.js?v=2.1.5 HTTP/1.1" 200 48706
190.32.170.49 - - [31/Mar/2015:01:16:56 -0500] "GET /galeria/galeria/jquery.fancybox.css?v=2.1.5 HTTP/1.1" 200 4895
190.32.170.49 - - [31/Mar/2015:01:17:17 -0500] "GET /BLA/boletinlegal/js/jquery.scrollTo-min.js HTTP/1.1" 200 1150
190.32.170.49 - - [31/Mar/2015:01:17:18 -0500] "GET /galeria/galeria/jquery.fancybox.css?v=2.1.5 HTTP/1.1" 200 4895
190.32.170.49 - - [31/Mar/2015:01:17:18 -0500] "GET /BLA/boletinlegal/js/jquery.scrollShow.js HTTP/1.1" 200 4586
190.32.170.49 - - [31/Mar/2015:01:17:18 -0500] "GET /galeria/galeria/jquery.fancybox.js?v=2.1.5 HTTP/1.1" 200 48706
66.249.67.84 - - [31/Mar/2015:01:17:20 -0500] "GET /BLA/resoluciones/RESOLUCIONES%202014/0160.pdf HTTP/1.1" 304 -
180.76.6.136 - - [31/Mar/2015:01:17:48 -0500] "GET /BLA/resoluciones/AUTOS%202010/6637.pdf HTTP/1.1" 200 155713
66.249.67.68 - - [31/Mar/2015:01:18:53 -0500] "GET /BLA/resoluciones/AUTOS%202010/2096.pdf HTTP/1.1" 200 153231
180.76.5.177 - - [31/Mar/2015:01:18:56 -0500] "GET /BLA/resoluciones/RESOLUCIONES%202007/RES%202007%202201%20AL%202300/RESOLUCION%202234%20DE%202007.pdf HTTP/1.1" 200 313415
188.165.15.198 - - [31/Mar/2015:01:19:01 -0500] "GET /BLA/resoluciones/RESOLUCIONES%202002/RES%202002%20651-700/00000656.tif HTTP/1.1" 200 66164
188.165.15.198 - - [31/Mar/2015:01:19:05 -0500] "GET /BLA/resoluciones/RESOLUCIONES%202002/RES%202002%20401-450/00000436.tif HTTP/1.1" 200 59396
186.113.10.143 - - [31/Mar/2015:01:19:10 -0500] "GET /galeria/nivo-slider/demo/images/no-sea-victima.jpg HTTP/1.1" 304 -
188.165.15.198 - - [31/Mar/2015:01:19:27 -0500] "GET /BLA/resoluciones/RESOLUCIONES%202003/RES%202003%201301-1350/20031314.tif HTTP/1.1" 200 86804
188.165.15.198 - - [31/Mar/2015:01:20:06 -0500] "GET /BLA/resoluciones/RESOLUCIONES%202003/RES%202003%20051-100/2003RES52.tif HTTP/1.1" 200 93060
66.249.67.68 - - [31/Mar/2015:01:20:17 -0500] "GET /BLA/resoluciones/RESOLUCIONES%202005/RES%202005%203101-3150/00003106.tif HTTP/1.1" 200 131266
66.249.67.76 - - [31/Mar/2015:01:20:26 -0500] "GET /BLA/resoluciones/AUTOS%202013/0490.pdf HTTP/1.1" 200 1553207
181.128.245.69 - - [31/Mar/2015:01:20:42 -0500] "GET /BLA/boletinlegal/js/jquery.scrollTo-min.js HTTP/1.1" 200 1150
181.128.245.69 - - [31/Mar/2015:01:20:42 -0500] "GET /BLA/boletinlegal/js/jquery.scrollShow.js HTTP/1.1" 200 4586
181.128.245.69 - - [31/Mar/2015:01:20:42 -0500] "GET /galeria/galeria/jquery.fancybox.js?v=2.1.5 HTTP/1.1" 200 48706
181.128.245.69 - - [31/Mar/2015:01:20:42 -0500] "GET /galeria/galeria/jquery.fancybox.css?v=2.1.5 HTTP/1.1" 200 4895
181.128.245.69 - - [31/Mar/2015:01:20:48 -0500] "GET /galeria/galeria/jquery.fancybox.js?v=2.1.5 HTTP/1.1" 304 -
181.128.245.69 - - [31/Mar/2015:01:20:48 -0500] "GET /BLA/boletinlegal/js/jquery.scrollShow.js HTTP/1.1" 304 -
181.128.245.69 - - [31/Mar/2015:01:20:48 -0500] "GET /BLA/boletinlegal/js/jquery.scrollTo-min.js HTTP/1.1" 304 -
181.128.245.69 - - [31/Mar/2015:01:20:48 -0500] "GET /galeria/galeria/jquery.fancybox.css?v=2.1.5 HTTP/1.1" 304 -
190.131.199.94 - - [31/Mar/2015:01:20:54 -0500] "GET /BLA/boletinlegal/js/jquery.scrollTo-min.js HTTP/1.1" 200 1150
190.131.199.94 - - [31/Mar/2015:01:20:54 -0500] "GET /BLA/boletinlegal/js/jquery.scrollShow.js HTTP/1.1" 200 4586
190.131.199.94 - - [31/Mar/2015:01:20:54 -0500] "GET /galeria/galeria/jquery.fancybox.js?v=2.1.5 HTTP/1.1" 200 48706
190.131.199.94 - - [31/Mar/2015:01:20:54 -0500] "GET /galeria/galeria/jquery.fancybox.css?v=2.1.5 HTTP/1.1" 200 4895
190.131.199.94 - - [31/Mar/2015:01:20:54 -0500] "GET /galeria/carrusel/Carrusel/jquery.thumbnailScroller.css HTTP/1.1" 200 2066
190.131.199.94 - - [31/Mar/2015:01:20:54 -0500] "GET /galeria/carrusel/Carrusel/jquery.thumbnailScroller.js HTTP/1.1" 200 8157
190.131.199.94 - - [31/Mar/2015:01:20:54 -0500] "GET /galeria/carrusel/Carrusel/jquery-ui-1.8.13.custom.min.js HTTP/1.1" 200 10800
190.131.199.94 - - [31/Mar/2015:01:21:03 -0500] "GET /galeria/nivo-slider/demo/demo.html HTTP/1.1" 200 4204
190.131.199.94 - - [31/Mar/2015:01:21:04 -0500] "GET /galeria/nivo-slider/themes/default/default.css HTTP/1.1" 200 1569
190.131.199.94 - - [31/Mar/2015:01:21:04 -0500] "GET /galeria/nivo-slider/themes/pascal/pascal.css HTTP/1.1" 200 2258
190.131.199.94 - - [31/Mar/2015:01:21:04 -0500] "GET /galeria/nivo-slider/demo/style.css HTTP/1.1" 200 2222
190.131.199.94 - - [31/Mar/2015:01:21:04 -0500] "GET /galeria/nivo-slider/themes/orman/orman.css HTTP/1.1" 200 2152
190.131.199.94 - - [31/Mar/2015:01:21:04 -0500] "GET /galeria/nivo-slider/demo/images/no-sea-victima.jpg HTTP/1.1" 200 254155
190.131.199.94 - - [31/Mar/2015:01:21:04 -0500] "GET /galeria/nivo-slider/nivo-slider.css HTTP/1.1" 200 1507
190.131.199.94 - - [31/Mar/2015:01:21:04 -0500] "GET /galeria/nivo-slider/demo/images/Banner-decreto1299.jpg HTTP/1.1" 200 182613
190.131.199.94 - - [31/Mar/2015:01:21:04 -0500] "GET /galeria/nivo-slider/demo/images/Banner-semana-santa.jpg HTTP/1.1" 200 350491
190.131.199.94 - - [31/Mar/2015:01:21:04 -0500] "GET /galeria/nivo-slider/demo/images/Convocatoria_recicladores.jpg HTTP/1.1" 200 213976
190.131.199.94 - - [31/Mar/2015:01:21:04 -0500] "GET /galeria/nivo-slider/demo/images/Licitaciones-proyecto-paramo.jpg HTTP/1.1" 200 221877
190.131.199.94 - - [31/Mar/2015:01:21:04 -0500] "GET /galeria/nivo-slider/demo/images/Banner-Directorio.jpg HTTP/1.1" 200 182068
190.131.199.94 - - [31/Mar/2015:01:21:06 -0500] "GET /galeria/nivo-slider/demo/images/banner-V2.jpg HTTP/1.1" 200 167020
190.131.199.94 - - [31/Mar/2015:01:21:07 -0500] "GET /galeria/nivo-slider/demo/images/Ruta-vertimientos-01.jpg HTTP/1.1" 200 130151
190.131.199.94 - - [31/Mar/2015:01:21:07 -0500] "GET /galeria/nivo-slider/demo/images/bolsas-06.jpg HTTP/1.1" 200 90982
190.131.199.94 - - [31/Mar/2015:01:21:08 -0500] "GET /galeria/nivo-slider/demo/images/bolsas-08.jpg HTTP/1.1" 200 85589
190.131.199.94 - - [31/Mar/2015:01:21:08 -0500] "GET /galeria/nivo-slider/demo/images/redes_sociales.jpg HTTP/1.1" 200 415652
190.131.199.94 - - [31/Mar/2015:01:21:08 -0500] "GET /galeria/nivo-slider/demo/images/Conoce-los-humedales.jpg HTTP/1.1" 200 294036
190.131.199.94 - - [31/Mar/2015:01:21:08 -0500] "GET /galeria/nivo-slider/demo/images/ecolecta-Dic2014.png HTTP/1.1" 200 288593
190.131.199.94 - - [31/Mar/2015:01:21:09 -0500] "GET /galeria/nivo-slider/demo/images/porloshumedales.jpg HTTP/1.1" 200 351238
190.131.199.94 - - [31/Mar/2015:01:21:09 -0500] "GET /galeria/nivo-slider/demo/images/Tingua-azul.jpg HTTP/1.1" 200 307638
190.131.199.94 - - [31/Mar/2015:01:21:09 -0500] "GET /galeria/nivo-slider/demo/images/banner-llantas2.jpg HTTP/1.1" 200 73153
190.131.199.94 - - [31/Mar/2015:01:21:11 -0500] "GET /galeria/nivo-slider/demo/images/9Signos.jpg HTTP/1.1" 200 93040
190.131.199.94 - - [31/Mar/2015:01:21:12 -0500] "GET /galeria/nivo-slider/demo/scripts/jquery-1.7.1.min.js HTTP/1.1" 200 93868
190.131.199.94 - - [31/Mar/2015:01:21:12 -0500] "GET /galeria/nivo-slider/jquery.nivo.slider.pack.js HTTP/1.1" 200 11561
190.131.199.94 - - [31/Mar/2015:01:21:12 -0500] "GET /galeria/nivo-slider/demo/images/4Simple_Slider.png HTTP/1.1" 200 11722
190.131.199.94 - - [31/Mar/2015:01:21:12 -0500] "GET /galeria/nivo-slider/themes/default/loading.gif HTTP/1.1" 200 1737
190.131.199.94 - - [31/Mar/2015:01:21:13 -0500] "GET /galeria/nivo-slider/themes/default/arrows.png HTTP/1.1" 200 824
190.131.199.94 - - [31/Mar/2015:01:21:13 -0500] "GET /galeria/nivo-slider/themes/default/bullets.png HTTP/1.1" 200 1281
74.86.158.107 - - [31/Mar/2015:01:21:15 -0500] "HEAD / HTTP/1.1" 302 -
181.128.245.69 - - [31/Mar/2015:01:21:29 -0500] "GET /hidrico/aguas%20subterraneas/ HTTP/1.1" 404 1296
66.249.67.68 - - [31/Mar/2015:01:21:45 -0500] "GET /BLA/resoluciones/RESOLUCIONES%202013/1086.pdf HTTP/1.1" 200 743686
181.128.245.69 - - [31/Mar/2015:01:21:54 -0500] "GET /galeria/carrusel/Carrusel/jquery.thumbnailScroller.css HTTP/1.1" 200 2066
181.128.245.69 - - [31/Mar/2015:01:21:54 -0500] "GET /galeria/carrusel/Carrusel/jquery-ui-1.8.13.custom.min.js HTTP/1.1" 200 10800
181.128.245.69 - - [31/Mar/2015:01:21:54 -0500] "GET /galeria/carrusel/Carrusel/jquery.thumbnailScroller.js HTTP/1.1" 200 8157
181.128.245.69 - - [31/Mar/2015:01:21:58 -0500] "GET /galeria/nivo-slider/demo/demo.html HTTP/1.1" 200 4204
188.165.15.198 - - [31/Mar/2015:01:21:58 -0500] "GET /BLA/resoluciones/RESOLUCIONES%202006/RES%202006%202051-2100/00002082.tif HTTP/1.1" 200 277890
66.249.67.84 - - [31/Mar/2015:01:21:58 -0500] "GET /BLA/resoluciones/AUTOS%202012/1687.pdf HTTP/1.1" 304 -
181.128.245.69 - - [31/Mar/2015:01:21:59 -0500] "GET /galeria/nivo-slider/themes/default/default.css HTTP/1.1" 200 1569
181.128.245.69 - - [31/Mar/2015:01:21:59 -0500] "GET /galeria/nivo-slider/themes/orman/orman.css HTTP/1.1" 200 2152
181.128.245.69 - - [31/Mar/2015:01:21:59 -0500] "GET /galeria/nivo-slider/themes/pascal/pascal.css HTTP/1.1" 200 2258
181.128.245.69 - - [31/Mar/2015:01:21:59 -0500] "GET /galeria/nivo-slider/demo/scripts/jquery-1.7.1.min.js HTTP/1.1" 200 93868
181.128.245.69 - - [31/Mar/2015:01:21:59 -0500] "GET /galeria/nivo-slider/demo/style.css HTTP/1.1" 200 2222
181.128.245.69 - - [31/Mar/2015:01:21:59 -0500] "GET /galeria/nivo-slider/jquery.nivo.slider.pack.js HTTP/1.1" 200 11561
181.128.245.69 - - [31/Mar/2015:01:21:59 -0500] "GET /galeria/nivo-slider/demo/images/Banner-semana-santa.jpg HTTP/1.1" 200 350491
181.128.245.69 - - [31/Mar/2015:01:21:59 -0500] "GET /galeria/nivo-slider/nivo-slider.css HTTP/1.1" 200 1507
181.128.245.69 - - [31/Mar/2015:01:21:59 -0500] "GET /galeria/nivo-slider/demo/images/no-sea-victima.jpg HTTP/1.1" 200 254155
181.128.245.69 - - [31/Mar/2015:01:21:59 -0500] "GET /galeria/nivo-slider/demo/images/Convocatoria_recicladores.jpg HTTP/1.1" 200 213976
181.128.245.69 - - [31/Mar/2015:01:21:59 -0500] "GET /galeria/nivo-slider/demo/images/4Simple_Slider.png HTTP/1.1" 200 11722
181.128.245.69 - - [31/Mar/2015:01:21:59 -0500] "GET /galeria/nivo-slider/themes/default/loading.gif HTTP/1.1" 200 1737
181.128.245.69 - - [31/Mar/2015:01:21:59 -0500] "GET /galeria/nivo-slider/demo/images/Licitaciones-proyecto-paramo.jpg HTTP/1.1" 200 221877
