186.84.65.228 - - [03/Apr/2015:16:31:00 -0500] "POST /forms/lservlet;jsessionid=ac16012b30d6334d1465b9444f508fa7998aea33bce0.e3iSbxaKaheRe3eNbhaPbhuQa41ynknvrkLOlQzNp65In0 HTTP/1.1" 200 2
190.24.120.123 - - [03/Apr/2015:16:30:59 -0500] "GET /forest/usutareas.do?_a=0.9292896771803498&group_system_actual=3 HTTP/1.1" 200 194479
190.24.120.123 - - [03/Apr/2015:16:31:01 -0500] "GET /forest/session.jsp?a=0.5881754469592124 HTTP/1.1" 200 4
186.84.65.228 - - [03/Apr/2015:16:31:01 -0500] "POST /forms/lservlet;jsessionid=ac16012b30d6334d1465b9444f508fa7998aea33bce0.e3iSbxaKaheRe3eNbhaPbhuQa41ynknvrkLOlQzNp65In0 HTTP/1.1" 200 2
186.84.65.228 - - [03/Apr/2015:16:31:01 -0500] "POST /forms/lservlet;jsessionid=ac16012b30d6334d1465b9444f508fa7998aea33bce0.e3iSbxaKaheRe3eNbhaPbhuQa41ynknvrkLOlQzNp65In0 HTTP/1.1" 200 3189
186.84.65.228 - - [03/Apr/2015:16:31:01 -0500] "POST /forms/lservlet;jsessionid=ac16012b30d6334d1465b9444f508fa7998aea33bce0.e3iSbxaKaheRe3eNbhaPbhuQa41ynknvrkLOlQzNp65In0 HTTP/1.1" 200 2
186.155.130.152 - - [03/Apr/2015:16:31:01 -0500] "POST /isolucionsda/ListadoMaestroDocumentos3.asp HTTP/1.1" 200 36691
186.84.65.228 - - [03/Apr/2015:16:31:03 -0500] "POST /forms/lservlet;jsessionid=ac16012b30d6334d1465b9444f508fa7998aea33bce0.e3iSbxaKaheRe3eNbhaPbhuQa41ynknvrkLOlQzNp65In0 HTTP/1.1" 200 2
186.84.65.228 - - [03/Apr/2015:16:31:03 -0500] "POST /forms/lservlet;jsessionid=ac16012b30d6334d1465b9444f508fa7998aea33bce0.e3iSbxaKaheRe3eNbhaPbhuQa41ynknvrkLOlQzNp65In0 HTTP/1.1" 200 2827
186.84.65.228 - - [03/Apr/2015:16:31:04 -0500] "POST /forms/lservlet;jsessionid=ac16012b30d6334d1465b9444f508fa7998aea33bce0.e3iSbxaKaheRe3eNbhaPbhuQa41ynknvrkLOlQzNp65In0 HTTP/1.1" 200 2
186.84.65.228 - - [03/Apr/2015:16:31:04 -0500] "POST /forms/lservlet;jsessionid=ac16012b30d6334d1465b9444f508fa7998aea33bce0.e3iSbxaKaheRe3eNbhaPbhuQa41ynknvrkLOlQzNp65In0 HTTP/1.1" 200 2
186.84.65.228 - - [03/Apr/2015:16:31:04 -0500] "POST /forms/lservlet;jsessionid=ac16012b30d6334d1465b9444f508fa7998aea33bce0.e3iSbxaKaheRe3eNbhaPbhuQa41ynknvrkLOlQzNp65In0 HTTP/1.1" 200 2947
186.84.65.228 - - [03/Apr/2015:16:31:05 -0500] "POST /forms/lservlet;jsessionid=ac16012b30d6334d1465b9444f508fa7998aea33bce0.e3iSbxaKaheRe3eNbhaPbhuQa41ynknvrkLOlQzNp65In0 HTTP/1.1" 200 2
186.84.65.228 - - [03/Apr/2015:16:31:06 -0500] "POST /forms/lservlet;jsessionid=ac16012b30d6334d1465b9444f508fa7998aea33bce0.e3iSbxaKaheRe3eNbhaPbhuQa41ynknvrkLOlQzNp65In0 HTTP/1.1" 200 2
66.249.64.168 - - [03/Apr/2015:16:31:06 -0500] "GET /BLA/resoluciones/RESOLUCIONES%202005/RES%202005%202001-2050/00002047.tif HTTP/1.1" 200 137384
186.84.65.228 - - [03/Apr/2015:16:31:06 -0500] "POST /forms/lservlet;jsessionid=ac16012b30d6334d1465b9444f508fa7998aea33bce0.e3iSbxaKaheRe3eNbhaPbhuQa41ynknvrkLOlQzNp65In0 HTTP/1.1" 200 2818
186.84.65.228 - - [03/Apr/2015:16:31:06 -0500] "POST /forms/lservlet;jsessionid=ac16012b30d6334d1465b9444f508fa7998aea33bce0.e3iSbxaKaheRe3eNbhaPbhuQa41ynknvrkLOlQzNp65In0 HTTP/1.1" 200 2
186.155.130.152 - - [03/Apr/2015:16:31:07 -0500] "POST /isolucionsda/ListadoMaestroDocumentos3.asp HTTP/1.1" 200 11461
186.84.65.228 - - [03/Apr/2015:16:31:07 -0500] "POST /forms/lservlet;jsessionid=ac16012b30d6334d1465b9444f508fa7998aea33bce0.e3iSbxaKaheRe3eNbhaPbhuQa41ynknvrkLOlQzNp65In0 HTTP/1.1" 200 2
186.84.65.228 - - [03/Apr/2015:16:31:07 -0500] "POST /forms/lservlet;jsessionid=ac16012b30d6334d1465b9444f508fa7998aea33bce0.e3iSbxaKaheRe3eNbhaPbhuQa41ynknvrkLOlQzNp65In0 HTTP/1.1" 200 3107
186.84.65.228 - - [03/Apr/2015:16:31:08 -0500] "POST /forms/lservlet;jsessionid=ac16012b30d6334d1465b9444f508fa7998aea33bce0.e3iSbxaKaheRe3eNbhaPbhuQa41ynknvrkLOlQzNp65In0 HTTP/1.1" 200 2
186.84.65.228 - - [03/Apr/2015:16:31:10 -0500] "POST /forms/lservlet;jsessionid=ac16012b30d6334d1465b9444f508fa7998aea33bce0.e3iSbxaKaheRe3eNbhaPbhuQa41ynknvrkLOlQzNp65In0 HTTP/1.1" 200 2
186.84.65.228 - - [03/Apr/2015:16:31:10 -0500] "POST /forms/lservlet;jsessionid=ac16012b30d6334d1465b9444f508fa7998aea33bce0.e3iSbxaKaheRe3eNbhaPbhuQa41ynknvrkLOlQzNp65In0 HTTP/1.1" 200 2266
66.249.64.164 - - [03/Apr/2015:16:31:10 -0500] "GET /BLA/resoluciones/AUTOS%202011/4841.pdf HTTP/1.1" 200 168107
186.84.65.228 - - [03/Apr/2015:16:31:10 -0500] "POST /forms/lservlet;jsessionid=ac16012b30d6334d1465b9444f508fa7998aea33bce0.e3iSbxaKaheRe3eNbhaPbhuQa41ynknvrkLOlQzNp65In0 HTTP/1.1" 200 10
157.55.39.37 - - [03/Apr/2015:16:31:11 -0500] "GET /bla/resoluciones/RESOLUCIONES%202009/9461.pdf HTTP/1.1" 200 379034
186.84.65.228 - - [03/Apr/2015:16:31:11 -0500] "POST /forms/lservlet;jsessionid=ac16012b30d6334d1465b9444f508fa7998aea33bce0.e3iSbxaKaheRe3eNbhaPbhuQa41ynknvrkLOlQzNp65In0 HTTP/1.1" 200 2
186.84.65.228 - - [03/Apr/2015:16:31:12 -0500] "POST /forms/lservlet;jsessionid=ac16012b30d6334d1465b9444f508fa7998aea33bce0.e3iSbxaKaheRe3eNbhaPbhuQa41ynknvrkLOlQzNp65In0 HTTP/1.1" 200 3259
186.84.65.228 - - [03/Apr/2015:16:31:12 -0500] "POST /forms/lservlet;jsessionid=ac16012b30d6334d1465b9444f508fa7998aea33bce0.e3iSbxaKaheRe3eNbhaPbhuQa41ynknvrkLOlQzNp65In0 HTTP/1.1" 200 2
186.84.65.228 - - [03/Apr/2015:16:31:13 -0500] "POST /forms/lservlet;jsessionid=ac16012b30d6334d1465b9444f508fa7998aea33bce0.e3iSbxaKaheRe3eNbhaPbhuQa41ynknvrkLOlQzNp65In0 HTTP/1.1" 200 2
186.84.65.228 - - [03/Apr/2015:16:31:13 -0500] "POST /forms/lservlet;jsessionid=ac16012b30d6334d1465b9444f508fa7998aea33bce0.e3iSbxaKaheRe3eNbhaPbhuQa41ynknvrkLOlQzNp65In0 HTTP/1.1" 200 2881
186.84.65.228 - - [03/Apr/2015:16:31:13 -0500] "POST /forms/lservlet;jsessionid=ac16012b30d6334d1465b9444f508fa7998aea33bce0.e3iSbxaKaheRe3eNbhaPbhuQa41ynknvrkLOlQzNp65In0 HTTP/1.1" 200 2
186.84.65.228 - - [03/Apr/2015:16:31:14 -0500] "POST /forms/lservlet;jsessionid=ac16012b30d6334d1465b9444f508fa7998aea33bce0.e3iSbxaKaheRe3eNbhaPbhuQa41ynknvrkLOlQzNp65In0 HTTP/1.1" 200 2
186.84.65.228 - - [03/Apr/2015:16:31:14 -0500] "POST /forms/lservlet;jsessionid=ac16012b30d6334d1465b9444f508fa7998aea33bce0.e3iSbxaKaheRe3eNbhaPbhuQa41ynknvrkLOlQzNp65In0 HTTP/1.1" 200 2889
186.84.65.228 - - [03/Apr/2015:16:31:14 -0500] "POST /forms/lservlet;jsessionid=ac16012b30d6334d1465b9444f508fa7998aea33bce0.e3iSbxaKaheRe3eNbhaPbhuQa41ynknvrkLOlQzNp65In0 HTTP/1.1" 200 2
186.155.130.152 - - [03/Apr/2015:16:31:15 -0500] "POST /isolucionsda/ListadoMaestroDocumentos3.asp HTTP/1.1" 200 36691
186.84.65.228 - - [03/Apr/2015:16:31:15 -0500] "POST /forms/lservlet;jsessionid=ac16012b30d6334d1465b9444f508fa7998aea33bce0.e3iSbxaKaheRe3eNbhaPbhuQa41ynknvrkLOlQzNp65In0 HTTP/1.1" 200 2
186.84.65.228 - - [03/Apr/2015:16:31:15 -0500] "POST /forms/lservlet;jsessionid=ac16012b30d6334d1465b9444f508fa7998aea33bce0.e3iSbxaKaheRe3eNbhaPbhuQa41ynknvrkLOlQzNp65In0 HTTP/1.1" 200 2786
186.84.65.228 - - [03/Apr/2015:16:31:16 -0500] "POST /forms/lservlet;jsessionid=ac16012b30d6334d1465b9444f508fa7998aea33bce0.e3iSbxaKaheRe3eNbhaPbhuQa41ynknvrkLOlQzNp65In0 HTTP/1.1" 200 2
186.84.65.228 - - [03/Apr/2015:16:31:16 -0500] "POST /forms/lservlet;jsessionid=ac16012b30d6334d1465b9444f508fa7998aea33bce0.e3iSbxaKaheRe3eNbhaPbhuQa41ynknvrkLOlQzNp65In0 HTTP/1.1" 200 2
186.84.65.228 - - [03/Apr/2015:16:31:16 -0500] "POST /forms/lservlet;jsessionid=ac16012b30d6334d1465b9444f508fa7998aea33bce0.e3iSbxaKaheRe3eNbhaPbhuQa41ynknvrkLOlQzNp65In0 HTTP/1.1" 200 3189
186.84.65.228 - - [03/Apr/2015:16:31:16 -0500] "POST /forms/lservlet;jsessionid=ac16012b30d6334d1465b9444f508fa7998aea33bce0.e3iSbxaKaheRe3eNbhaPbhuQa41ynknvrkLOlQzNp65In0 HTTP/1.1" 200 2
186.84.65.228 - - [03/Apr/2015:16:31:17 -0500] "POST /forms/lservlet;jsessionid=ac16012b30d6334d1465b9444f508fa7998aea33bce0.e3iSbxaKaheRe3eNbhaPbhuQa41ynknvrkLOlQzNp65In0 HTTP/1.1" 200 2
186.84.65.228 - - [03/Apr/2015:16:31:17 -0500] "POST /forms/lservlet;jsessionid=ac16012b30d6334d1465b9444f508fa7998aea33bce0.e3iSbxaKaheRe3eNbhaPbhuQa41ynknvrkLOlQzNp65In0 HTTP/1.1" 200 2853
186.84.65.228 - - [03/Apr/2015:16:31:17 -0500] "POST /forms/lservlet;jsessionid=ac16012b30d6334d1465b9444f508fa7998aea33bce0.e3iSbxaKaheRe3eNbhaPbhuQa41ynknvrkLOlQzNp65In0 HTTP/1.1" 200 2
186.84.65.228 - - [03/Apr/2015:16:31:18 -0500] "POST /forms/lservlet;jsessionid=ac16012b30d6334d1465b9444f508fa7998aea33bce0.e3iSbxaKaheRe3eNbhaPbhuQa41ynknvrkLOlQzNp65In0 HTTP/1.1" 200 2
186.84.65.228 - - [03/Apr/2015:16:31:18 -0500] "POST /forms/lservlet;jsessionid=ac16012b30d6334d1465b9444f508fa7998aea33bce0.e3iSbxaKaheRe3eNbhaPbhuQa41ynknvrkLOlQzNp65In0 HTTP/1.1" 200 2882
186.84.65.228 - - [03/Apr/2015:16:31:18 -0500] "POST /forms/lservlet;jsessionid=ac16012b30d6334d1465b9444f508fa7998aea33bce0.e3iSbxaKaheRe3eNbhaPbhuQa41ynknvrkLOlQzNp65In0 HTTP/1.1" 200 2
186.84.65.228 - - [03/Apr/2015:16:31:20 -0500] "POST /forms/lservlet;jsessionid=ac16012b30d6334d1465b9444f508fa7998aea33bce0.e3iSbxaKaheRe3eNbhaPbhuQa41ynknvrkLOlQzNp65In0 HTTP/1.1" 200 2
186.84.65.228 - - [03/Apr/2015:16:31:20 -0500] "POST /forms/lservlet;jsessionid=ac16012b30d6334d1465b9444f508fa7998aea33bce0.e3iSbxaKaheRe3eNbhaPbhuQa41ynknvrkLOlQzNp65In0 HTTP/1.1" 200 2948
186.84.65.228 - - [03/Apr/2015:16:31:20 -0500] "POST /forms/lservlet;jsessionid=ac16012b30d6334d1465b9444f508fa7998aea33bce0.e3iSbxaKaheRe3eNbhaPbhuQa41ynknvrkLOlQzNp65In0 HTTP/1.1" 200 2
186.84.65.228 - - [03/Apr/2015:16:31:22 -0500] "POST /forms/lservlet;jsessionid=ac16012b30d6334d1465b9444f508fa7998aea33bce0.e3iSbxaKaheRe3eNbhaPbhuQa41ynknvrkLOlQzNp65In0 HTTP/1.1" 200 2
199.195.118.53 - - [03/Apr/2015:16:31:23 -0500] "GET / HTTP/1.1" 302 -
186.84.65.228 - - [03/Apr/2015:16:31:22 -0500] "POST /forms/lservlet;jsessionid=ac16012b30d6334d1465b9444f508fa7998aea33bce0.e3iSbxaKaheRe3eNbhaPbhuQa41ynknvrkLOlQzNp65In0 HTTP/1.1" 200 2972
186.84.65.228 - - [03/Apr/2015:16:31:23 -0500] "POST /forms/lservlet;jsessionid=ac16012b30d6334d1465b9444f508fa7998aea33bce0.e3iSbxaKaheRe3eNbhaPbhuQa41ynknvrkLOlQzNp65In0 HTTP/1.1" 200 2
186.84.65.228 - - [03/Apr/2015:16:31:23 -0500] "POST /forms/lservlet;jsessionid=ac16012b30d6334d1465b9444f508fa7998aea33bce0.e3iSbxaKaheRe3eNbhaPbhuQa41ynknvrkLOlQzNp65In0 HTTP/1.1" 200 2
186.84.65.228 - - [03/Apr/2015:16:31:23 -0500] "POST /forms/lservlet;jsessionid=ac16012b30d6334d1465b9444f508fa7998aea33bce0.e3iSbxaKaheRe3eNbhaPbhuQa41ynknvrkLOlQzNp65In0 HTTP/1.1" 200 2647
186.84.65.228 - - [03/Apr/2015:16:31:24 -0500] "POST /forms/lservlet;jsessionid=ac16012b30d6334d1465b9444f508fa7998aea33bce0.e3iSbxaKaheRe3eNbhaPbhuQa41ynknvrkLOlQzNp65In0 HTTP/1.1" 200 2
186.84.65.228 - - [03/Apr/2015:16:31:24 -0500] "POST /forms/lservlet;jsessionid=ac16012b30d6334d1465b9444f508fa7998aea33bce0.e3iSbxaKaheRe3eNbhaPbhuQa41ynknvrkLOlQzNp65In0 HTTP/1.1" 200 2
186.84.65.228 - - [03/Apr/2015:16:31:24 -0500] "POST /forms/lservlet;jsessionid=ac16012b30d6334d1465b9444f508fa7998aea33bce0.e3iSbxaKaheRe3eNbhaPbhuQa41ynknvrkLOlQzNp65In0 HTTP/1.1" 200 2205
186.84.65.228 - - [03/Apr/2015:16:31:25 -0500] "POST /forms/lservlet;jsessionid=ac16012b30d6334d1465b9444f508fa7998aea33bce0.e3iSbxaKaheRe3eNbhaPbhuQa41ynknvrkLOlQzNp65In0 HTTP/1.1" 200 2
186.84.65.228 - - [03/Apr/2015:16:31:25 -0500] "POST /forms/lservlet;jsessionid=ac16012b30d6334d1465b9444f508fa7998aea33bce0.e3iSbxaKaheRe3eNbhaPbhuQa41ynknvrkLOlQzNp65In0 HTTP/1.1" 200 2
186.84.65.228 - - [03/Apr/2015:16:31:25 -0500] "POST /forms/lservlet;jsessionid=ac16012b30d6334d1465b9444f508fa7998aea33bce0.e3iSbxaKaheRe3eNbhaPbhuQa41ynknvrkLOlQzNp65In0 HTTP/1.1" 200 2852
186.84.65.228 - - [03/Apr/2015:16:31:26 -0500] "POST /forms/lservlet;jsessionid=ac16012b30d6334d1465b9444f508fa7998aea33bce0.e3iSbxaKaheRe3eNbhaPbhuQa41ynknvrkLOlQzNp65In0 HTTP/1.1" 200 2
186.155.130.152 - - [03/Apr/2015:16:31:26 -0500] "POST /isolucionsda/ListadoMaestroDocumentos3.asp HTTP/1.1" 200 12233
186.84.65.228 - - [03/Apr/2015:16:31:26 -0500] "POST /forms/lservlet;jsessionid=ac16012b30d6334d1465b9444f508fa7998aea33bce0.e3iSbxaKaheRe3eNbhaPbhuQa41ynknvrkLOlQzNp65In0 HTTP/1.1" 200 2
186.84.65.228 - - [03/Apr/2015:16:31:26 -0500] "POST /forms/lservlet;jsessionid=ac16012b30d6334d1465b9444f508fa7998aea33bce0.e3iSbxaKaheRe3eNbhaPbhuQa41ynknvrkLOlQzNp65In0 HTTP/1.1" 200 3477
186.84.65.228 - - [03/Apr/2015:16:31:27 -0500] "POST /forms/lservlet;jsessionid=ac16012b30d6334d1465b9444f508fa7998aea33bce0.e3iSbxaKaheRe3eNbhaPbhuQa41ynknvrkLOlQzNp65In0 HTTP/1.1" 200 2
186.84.65.228 - - [03/Apr/2015:16:31:28 -0500] "POST /forms/lservlet;jsessionid=ac16012b30d6334d1465b9444f508fa7998aea33bce0.e3iSbxaKaheRe3eNbhaPbhuQa41ynknvrkLOlQzNp65In0 HTTP/1.1" 200 2
186.155.130.152 - - [03/Apr/2015:16:31:28 -0500] "GET /isolucionsda/FramesetArticulo.asp?Pagina=bancoconocimiento%2FG%2FGESTIONAMBIENTALYDESARROLLORURAL%5Fv6%2FGESTIONAMBIENTALYDESARROLLORURAL%5Fv6%2Easp&IdArticulo=6829 HTTP/1.1" 200 7237
186.155.130.152 - - [03/Apr/2015:16:31:28 -0500] "GET /isolucionsda/Arriba.asp?Pagina=bancoconocimiento%2FG%2FGESTIONAMBIENTALYDESARROLLORURAL%5Fv6%2FGESTIONAMBIENTALYDESARROLLORURAL%5Fv6%2Easp&IdArticulo=6829 HTTP/1.1" 200 10457
186.84.65.228 - - [03/Apr/2015:16:31:28 -0500] "POST /forms/lservlet;jsessionid=ac16012b30d6334d1465b9444f508fa7998aea33bce0.e3iSbxaKaheRe3eNbhaPbhuQa41ynknvrkLOlQzNp65In0 HTTP/1.1" 200 4473
186.84.65.228 - - [03/Apr/2015:16:31:28 -0500] "POST /forms/lservlet;jsessionid=ac16012b30d6334d1465b9444f508fa7998aea33bce0.e3iSbxaKaheRe3eNbhaPbhuQa41ynknvrkLOlQzNp65In0 HTTP/1.1" 200 2
186.84.65.228 - - [03/Apr/2015:16:31:28 -0500] "POST /forms/lservlet;jsessionid=ac16012b30d6334d1465b9444f508fa7998aea33bce0.e3iSbxaKaheRe3eNbhaPbhuQa41ynknvrkLOlQzNp65In0 HTTP/1.1" 200 2
186.155.130.152 - - [03/Apr/2015:16:31:29 -0500] "GET /isolucionsda/g/vacio1x1.gif HTTP/1.1" 404 5195
186.155.130.152 - - [03/Apr/2015:16:31:28 -0500] "GET /isolucionsda/bancoconocimiento/G/GESTIONAMBIENTALYDESARROLLORURAL_v6/GESTIONAMBIENTALYDESARROLLORURAL_v6.asp?IdArticulo=6829 HTTP/1.1" 200 87391
186.84.65.228 - - [03/Apr/2015:16:31:29 -0500] "POST /forms/lservlet;jsessionid=ac16012b30d6334d1465b9444f508fa7998aea33bce0.e3iSbxaKaheRe3eNbhaPbhuQa41ynknvrkLOlQzNp65In0 HTTP/1.1" 200 2734
186.155.130.152 - - [03/Apr/2015:16:31:29 -0500] "GET /isolucionsda/g/vacio1x1.gif HTTP/1.1" 404 5195
186.84.65.228 - - [03/Apr/2015:16:31:29 -0500] "POST /forms/lservlet;jsessionid=ac16012b30d6334d1465b9444f508fa7998aea33bce0.e3iSbxaKaheRe3eNbhaPbhuQa41ynknvrkLOlQzNp65In0 HTTP/1.1" 200 2
186.84.65.228 - - [03/Apr/2015:16:31:29 -0500] "POST /forms/lservlet;jsessionid=ac16012b30d6334d1465b9444f508fa7998aea33bce0.e3iSbxaKaheRe3eNbhaPbhuQa41ynknvrkLOlQzNp65In0 HTTP/1.1" 200 2
186.84.65.228 - - [03/Apr/2015:16:31:29 -0500] "POST /forms/lservlet;jsessionid=ac16012b30d6334d1465b9444f508fa7998aea33bce0.e3iSbxaKaheRe3eNbhaPbhuQa41ynknvrkLOlQzNp65In0 HTTP/1.1" 200 2713
186.84.65.228 - - [03/Apr/2015:16:31:30 -0500] "POST /forms/lservlet;jsessionid=ac16012b30d6334d1465b9444f508fa7998aea33bce0.e3iSbxaKaheRe3eNbhaPbhuQa41ynknvrkLOlQzNp65In0 HTTP/1.1" 200 2
186.84.65.228 - - [03/Apr/2015:16:31:30 -0500] "POST /forms/lservlet;jsessionid=ac16012b30d6334d1465b9444f508fa7998aea33bce0.e3iSbxaKaheRe3eNbhaPbhuQa41ynknvrkLOlQzNp65In0 HTTP/1.1" 200 2
186.84.65.228 - - [03/Apr/2015:16:31:30 -0500] "POST /forms/lservlet;jsessionid=ac16012b30d6334d1465b9444f508fa7998aea33bce0.e3iSbxaKaheRe3eNbhaPbhuQa41ynknvrkLOlQzNp65In0 HTTP/1.1" 200 3250
186.84.65.228 - - [03/Apr/2015:16:31:31 -0500] "POST /forms/lservlet;jsessionid=ac16012b30d6334d1465b9444f508fa7998aea33bce0.e3iSbxaKaheRe3eNbhaPbhuQa41ynknvrkLOlQzNp65In0 HTTP/1.1" 200 2
186.84.65.228 - - [03/Apr/2015:16:31:31 -0500] "POST /forms/lservlet;jsessionid=ac16012b30d6334d1465b9444f508fa7998aea33bce0.e3iSbxaKaheRe3eNbhaPbhuQa41ynknvrkLOlQzNp65In0 HTTP/1.1" 200 2
186.84.65.228 - - [03/Apr/2015:16:31:31 -0500] "POST /forms/lservlet;jsessionid=ac16012b30d6334d1465b9444f508fa7998aea33bce0.e3iSbxaKaheRe3eNbhaPbhuQa41ynknvrkLOlQzNp65In0 HTTP/1.1" 200 3474
186.84.65.228 - - [03/Apr/2015:16:31:32 -0500] "POST /forms/lservlet;jsessionid=ac16012b30d6334d1465b9444f508fa7998aea33bce0.e3iSbxaKaheRe3eNbhaPbhuQa41ynknvrkLOlQzNp65In0 HTTP/1.1" 200 2
186.84.65.228 - - [03/Apr/2015:16:31:32 -0500] "POST /forms/lservlet;jsessionid=ac16012b30d6334d1465b9444f508fa7998aea33bce0.e3iSbxaKaheRe3eNbhaPbhuQa41ynknvrkLOlQzNp65In0 HTTP/1.1" 200 2
186.84.65.228 - - [03/Apr/2015:16:31:32 -0500] "POST /forms/lservlet;jsessionid=ac16012b30d6334d1465b9444f508fa7998aea33bce0.e3iSbxaKaheRe3eNbhaPbhuQa41ynknvrkLOlQzNp65In0 HTTP/1.1" 200 38
186.84.65.228 - - [03/Apr/2015:16:31:32 -0500] "POST /forms/lservlet;jsessionid=ac16012b30d6334d1465b9444f508fa7998aea33bce0.e3iSbxaKaheRe3eNbhaPbhuQa41ynknvrkLOlQzNp65In0 HTTP/1.1" 200 2
186.84.65.228 - - [03/Apr/2015:16:31:33 -0500] "POST /forms/lservlet;jsessionid=ac16012b30d6334d1465b9444f508fa7998aea33bce0.e3iSbxaKaheRe3eNbhaPbhuQa41ynknvrkLOlQzNp65In0 HTTP/1.1" 200 2
186.84.65.228 - - [03/Apr/2015:16:31:33 -0500] "POST /forms/lservlet;jsessionid=ac16012b30d6334d1465b9444f508fa7998aea33bce0.e3iSbxaKaheRe3eNbhaPbhuQa41ynknvrkLOlQzNp65In0 HTTP/1.1" 200 36
186.84.65.228 - - [03/Apr/2015:16:31:33 -0500] "POST /forms/lservlet;jsessionid=ac16012b30d6334d1465b9444f508fa7998aea33bce0.e3iSbxaKaheRe3eNbhaPbhuQa41ynknvrkLOlQzNp65In0 HTTP/1.1" 200 2
188.165.15.210 - - [03/Apr/2015:16:31:36 -0500] "GET /BLA/resoluciones/AUTOS%202006/AUTOS%202006%20401-500/00000479.tif HTTP/1.1" 200 49898
190.84.29.226 - - [03/Apr/2015:16:31:38 -0500] "GET /galeria/bibloteca/contentflow.js HTTP/1.1" 200 42804
190.84.29.226 - - [03/Apr/2015:16:31:38 -0500] "GET /galeria/bibloteca/contentflow.css HTTP/1.1" 200 3201
190.84.29.226 - - [03/Apr/2015:16:31:38 -0500] "GET /galeria/bibloteca/mycontentflow.css HTTP/1.1" 200 3110
190.84.29.226 - - [03/Apr/2015:16:31:38 -0500] "GET /galeria/bibloteca/ContentFlowAddOn_white.js HTTP/1.1" 200 2497
190.84.29.226 - - [03/Apr/2015:16:31:38 -0500] "GET /galeria/bibloteca/ContentFlowAddOn_white.css HTTP/1.1" 200 3355
190.84.29.226 - - [03/Apr/2015:16:31:39 -0500] "GET /galeria/bibloteca/img/scrollbar_white.png HTTP/1.1" 200 82
190.84.29.226 - - [03/Apr/2015:16:31:39 -0500] "GET /galeria/bibloteca/img/loader.gif HTTP/1.1" 200 8238
190.84.29.226 - - [03/Apr/2015:16:31:39 -0500] "GET /galeria/bibloteca/img/slider_white.png HTTP/1.1" 200 178
190.84.29.226 - - [03/Apr/2015:16:31:42 -0500] "GET /galeria/bibloteca/img/scrollbar_black.png HTTP/1.1" 200 82
190.84.29.226 - - [03/Apr/2015:16:31:42 -0500] "GET /galeria/bibloteca/img/slider_black.png HTTP/1.1" 200 175
190.84.29.226 - - [03/Apr/2015:16:31:42 -0500] "GET /galeria/bibloteca/img/1x1_0.5_white.png HTTP/1.1" 200 82
190.84.29.226 - - [03/Apr/2015:16:31:42 -0500] "GET /galeria/bibloteca/img/ajax-loader.gif HTTP/1.1" 200 9427
190.24.120.123 - - [03/Apr/2015:16:31:42 -0500] "GET /forest/borrador/1707808/Formato%20Oficio%20Salida%20(CON%20LOGO)%20Feb%2018%208.docx HTTP/1.1" 200 100725
66.249.64.168 - - [03/Apr/2015:16:31:43 -0500] "GET /BLA/resoluciones/AUTOS%202014/1891.pdf HTTP/1.1" 200 375821
186.155.130.152 - - [03/Apr/2015:16:31:44 -0500] "POST /isolucionsda/ListadoMaestroDocumentos3.asp HTTP/1.1" 200 23541
186.84.65.228 - - [03/Apr/2015:16:31:45 -0500] "POST /forms/lservlet;jsessionid=ac16012b30d6334d1465b9444f508fa7998aea33bce0.e3iSbxaKaheRe3eNbhaPbhuQa41ynknvrkLOlQzNp65In0 HTTP/1.1" 200 2464
186.155.130.152 - - [03/Apr/2015:16:31:49 -0500] "POST /isolucionsda/ListadoMaestroDocumentos3.asp HTTP/1.1" 200 11477
186.84.65.228 - - [03/Apr/2015:16:31:58 -0500] "POST /forms/lservlet;jsessionid=ac16012b30d6334d1465b9444f508fa7998aea33bce0.e3iSbxaKaheRe3eNbhaPbhuQa41ynknvrkLOlQzNp65In0 HTTP/1.1" 200 71
186.155.130.152 - - [03/Apr/2015:16:32:00 -0500] "POST /isolucionsda/ListadoMaestroDocumentos3.asp HTTP/1.1" 200 11476
186.84.65.228 - - [03/Apr/2015:16:32:02 -0500] "POST /forms/lservlet;jsessionid=ac16012b30d6334d1465b9444f508fa7998aea33bce0.e3iSbxaKaheRe3eNbhaPbhuQa41ynknvrkLOlQzNp65In0 HTTP/1.1" 200 26
188.165.15.210 - - [03/Apr/2015:16:32:02 -0500] "GET /BLA/resoluciones/RESOLUCIONES%202006/RES%202006%201301-1350/00001307.tif HTTP/1.1" 200 131316
207.46.13.5 - - [03/Apr/2015:16:32:03 -0500] "GET /bla/resoluciones/RESOLUCIONES%202009/0433.pdf HTTP/1.1" 200 390217
186.84.65.228 - - [03/Apr/2015:16:32:06 -0500] "POST /forms/lservlet;jsessionid=ac16012b30d6334d1465b9444f508fa7998aea33bce0.e3iSbxaKaheRe3eNbhaPbhuQa41ynknvrkLOlQzNp65In0 HTTP/1.1" 200 2
186.84.65.228 - - [03/Apr/2015:16:32:06 -0500] "POST /forms/lservlet;jsessionid=ac16012b30d6334d1465b9444f508fa7998aea33bce0.e3iSbxaKaheRe3eNbhaPbhuQa41ynknvrkLOlQzNp65In0 HTTP/1.1" 200 594
186.84.65.228 - - [03/Apr/2015:16:32:07 -0500] "POST /forms/lservlet;jsessionid=ac16012b30d6334d1465b9444f508fa7998aea33bce0.e3iSbxaKaheRe3eNbhaPbhuQa41ynknvrkLOlQzNp65In0 HTTP/1.1" 200 20
186.84.65.228 - - [03/Apr/2015:16:32:08 -0500] "POST /forms/lservlet;jsessionid=ac16012b30d6334d1465b9444f508fa7998aea33bce0.e3iSbxaKaheRe3eNbhaPbhuQa41ynknvrkLOlQzNp65In0 HTTP/1.1" 200 428
186.84.65.228 - - [03/Apr/2015:16:32:10 -0500] "POST /forms/lservlet;jsessionid=ac16012b30d6334d1465b9444f508fa7998aea33bce0.e3iSbxaKaheRe3eNbhaPbhuQa41ynknvrkLOlQzNp65In0 HTTP/1.1" 200 54
186.155.130.152 - - [03/Apr/2015:16:32:10 -0500] "POST /isolucionsda/ListadoMaestroDocumentos3.asp HTTP/1.1" 200 36691
186.84.65.228 - - [03/Apr/2015:16:32:16 -0500] "POST /forms/lservlet;jsessionid=ac16012b30d6334d1465b9444f508fa7998aea33bce0.e3iSbxaKaheRe3eNbhaPbhuQa41ynknvrkLOlQzNp65In0 HTTP/1.1" 200 26
186.155.130.152 - - [03/Apr/2015:16:32:16 -0500] "POST /isolucionsda/ListadoMaestroDocumentos3.asp HTTP/1.1" 200 25826
186.84.65.228 - - [03/Apr/2015:16:32:16 -0500] "POST /forms/lservlet;jsessionid=ac16012b30d6334d1465b9444f508fa7998aea33bce0.e3iSbxaKaheRe3eNbhaPbhuQa41ynknvrkLOlQzNp65In0 HTTP/1.1" 200 4334
186.84.65.228 - - [03/Apr/2015:16:32:17 -0500] "POST /forms/lservlet;jsessionid=ac16012b30d6334d1465b9444f508fa7998aea33bce0.e3iSbxaKaheRe3eNbhaPbhuQa41ynknvrkLOlQzNp65In0 HTTP/1.1" 200 20
186.84.65.228 - - [03/Apr/2015:16:32:18 -0500] "POST /forms/lservlet;jsessionid=ac16012b30d6334d1465b9444f508fa7998aea33bce0.e3iSbxaKaheRe3eNbhaPbhuQa41ynknvrkLOlQzNp65In0 HTTP/1.1" 200 2
186.84.65.228 - - [03/Apr/2015:16:32:18 -0500] "POST /forms/lservlet;jsessionid=ac16012b30d6334d1465b9444f508fa7998aea33bce0.e3iSbxaKaheRe3eNbhaPbhuQa41ynknvrkLOlQzNp65In0 HTTP/1.1" 200 3553
186.84.65.228 - - [03/Apr/2015:16:32:19 -0500] "POST /forms/lservlet;jsessionid=ac16012b30d6334d1465b9444f508fa7998aea33bce0.e3iSbxaKaheRe3eNbhaPbhuQa41ynknvrkLOlQzNp65In0 HTTP/1.1" 200 2
186.84.65.228 - - [03/Apr/2015:16:32:20 -0500] "POST /forms/lservlet;jsessionid=ac16012b30d6334d1465b9444f508fa7998aea33bce0.e3iSbxaKaheRe3eNbhaPbhuQa41ynknvrkLOlQzNp65In0 HTTP/1.1" 200 2
186.84.65.228 - - [03/Apr/2015:16:32:20 -0500] "POST /forms/lservlet;jsessionid=ac16012b30d6334d1465b9444f508fa7998aea33bce0.e3iSbxaKaheRe3eNbhaPbhuQa41ynknvrkLOlQzNp65In0 HTTP/1.1" 200 3265
186.84.65.228 - - [03/Apr/2015:16:32:20 -0500] "POST /forms/lservlet;jsessionid=ac16012b30d6334d1465b9444f508fa7998aea33bce0.e3iSbxaKaheRe3eNbhaPbhuQa41ynknvrkLOlQzNp65In0 HTTP/1.1" 200 2
186.84.65.228 - - [03/Apr/2015:16:32:21 -0500] "POST /forms/lservlet;jsessionid=ac16012b30d6334d1465b9444f508fa7998aea33bce0.e3iSbxaKaheRe3eNbhaPbhuQa41ynknvrkLOlQzNp65In0 HTTP/1.1" 200 2
186.84.65.228 - - [03/Apr/2015:16:32:21 -0500] "POST /forms/lservlet;jsessionid=ac16012b30d6334d1465b9444f508fa7998aea33bce0.e3iSbxaKaheRe3eNbhaPbhuQa41ynknvrkLOlQzNp65In0 HTTP/1.1" 200 2908
186.84.65.228 - - [03/Apr/2015:16:32:21 -0500] "POST /forms/lservlet;jsessionid=ac16012b30d6334d1465b9444f508fa7998aea33bce0.e3iSbxaKaheRe3eNbhaPbhuQa41ynknvrkLOlQzNp65In0 HTTP/1.1" 200 2
186.84.65.228 - - [03/Apr/2015:16:32:22 -0500] "POST /forms/lservlet;jsessionid=ac16012b30d6334d1465b9444f508fa7998aea33bce0.e3iSbxaKaheRe3eNbhaPbhuQa41ynknvrkLOlQzNp65In0 HTTP/1.1" 200 2
186.84.65.228 - - [03/Apr/2015:16:32:22 -0500] "POST /forms/lservlet;jsessionid=ac16012b30d6334d1465b9444f508fa7998aea33bce0.e3iSbxaKaheRe3eNbhaPbhuQa41ynknvrkLOlQzNp65In0 HTTP/1.1" 200 2661
186.84.65.228 - - [03/Apr/2015:16:32:23 -0500] "POST /forms/lservlet;jsessionid=ac16012b30d6334d1465b9444f508fa7998aea33bce0.e3iSbxaKaheRe3eNbhaPbhuQa41ynknvrkLOlQzNp65In0 HTTP/1.1" 200 2
200.118.26.114 - - [03/Apr/2015:16:32:23 -0500] "GET /galeria/galeria/jquery.fancybox.css?v=2.1.5 HTTP/1.1" 200 4895
200.118.26.114 - - [03/Apr/2015:16:32:23 -0500] "GET /BLA/boletinlegal/js/jquery.scrollShow.js HTTP/1.1" 200 4586
200.118.26.114 - - [03/Apr/2015:16:32:23 -0500] "GET /BLA/boletinlegal/js/jquery.scrollTo-min.js HTTP/1.1" 200 1150
200.118.26.114 - - [03/Apr/2015:16:32:23 -0500] "GET /galeria/galeria/jquery.fancybox.js?v=2.1.5 HTTP/1.1" 200 48706
186.84.65.228 - - [03/Apr/2015:16:32:25 -0500] "POST /forms/lservlet;jsessionid=ac16012b30d6334d1465b9444f508fa7998aea33bce0.e3iSbxaKaheRe3eNbhaPbhuQa41ynknvrkLOlQzNp65In0 HTTP/1.1" 200 2
186.84.65.228 - - [03/Apr/2015:16:32:25 -0500] "POST /forms/lservlet;jsessionid=ac16012b30d6334d1465b9444f508fa7998aea33bce0.e3iSbxaKaheRe3eNbhaPbhuQa41ynknvrkLOlQzNp65In0 HTTP/1.1" 200 3631
186.84.65.228 - - [03/Apr/2015:16:32:25 -0500] "POST /forms/lservlet;jsessionid=ac16012b30d6334d1465b9444f508fa7998aea33bce0.e3iSbxaKaheRe3eNbhaPbhuQa41ynknvrkLOlQzNp65In0 HTTP/1.1" 200 2
186.84.65.228 - - [03/Apr/2015:16:32:26 -0500] "POST /forms/lservlet;jsessionid=ac16012b30d6334d1465b9444f508fa7998aea33bce0.e3iSbxaKaheRe3eNbhaPbhuQa41ynknvrkLOlQzNp65In0 HTTP/1.1" 200 2
186.84.65.228 - - [03/Apr/2015:16:32:26 -0500] "POST /forms/lservlet;jsessionid=ac16012b30d6334d1465b9444f508fa7998aea33bce0.e3iSbxaKaheRe3eNbhaPbhuQa41ynknvrkLOlQzNp65In0 HTTP/1.1" 200 3540
186.84.65.228 - - [03/Apr/2015:16:32:26 -0500] "POST /forms/lservlet;jsessionid=ac16012b30d6334d1465b9444f508fa7998aea33bce0.e3iSbxaKaheRe3eNbhaPbhuQa41ynknvrkLOlQzNp65In0 HTTP/1.1" 200 2
186.84.65.228 - - [03/Apr/2015:16:32:27 -0500] "POST /forms/lservlet;jsessionid=ac16012b30d6334d1465b9444f508fa7998aea33bce0.e3iSbxaKaheRe3eNbhaPbhuQa41ynknvrkLOlQzNp65In0 HTTP/1.1" 200 2
186.84.65.228 - - [03/Apr/2015:16:32:27 -0500] "POST /forms/lservlet;jsessionid=ac16012b30d6334d1465b9444f508fa7998aea33bce0.e3iSbxaKaheRe3eNbhaPbhuQa41ynknvrkLOlQzNp65In0 HTTP/1.1" 200 2791
186.84.65.228 - - [03/Apr/2015:16:32:28 -0500] "POST /forms/lservlet;jsessionid=ac16012b30d6334d1465b9444f508fa7998aea33bce0.e3iSbxaKaheRe3eNbhaPbhuQa41ynknvrkLOlQzNp65In0 HTTP/1.1" 200 2
186.84.65.228 - - [03/Apr/2015:16:32:28 -0500] "POST /forms/lservlet;jsessionid=ac16012b30d6334d1465b9444f508fa7998aea33bce0.e3iSbxaKaheRe3eNbhaPbhuQa41ynknvrkLOlQzNp65In0 HTTP/1.1" 200 2
186.84.65.228 - - [03/Apr/2015:16:32:28 -0500] "POST /forms/lservlet;jsessionid=ac16012b30d6334d1465b9444f508fa7998aea33bce0.e3iSbxaKaheRe3eNbhaPbhuQa41ynknvrkLOlQzNp65In0 HTTP/1.1" 200 2942
186.84.65.228 - - [03/Apr/2015:16:32:29 -0500] "POST /forms/lservlet;jsessionid=ac16012b30d6334d1465b9444f508fa7998aea33bce0.e3iSbxaKaheRe3eNbhaPbhuQa41ynknvrkLOlQzNp65In0 HTTP/1.1" 200 2
186.84.65.228 - - [03/Apr/2015:16:32:29 -0500] "POST /forms/lservlet;jsessionid=ac16012b30d6334d1465b9444f508fa7998aea33bce0.e3iSbxaKaheRe3eNbhaPbhuQa41ynknvrkLOlQzNp65In0 HTTP/1.1" 200 2
186.84.65.228 - - [03/Apr/2015:16:32:29 -0500] "POST /forms/lservlet;jsessionid=ac16012b30d6334d1465b9444f508fa7998aea33bce0.e3iSbxaKaheRe3eNbhaPbhuQa41ynknvrkLOlQzNp65In0 HTTP/1.1" 200 2889
186.84.65.228 - - [03/Apr/2015:16:32:30 -0500] "POST /forms/lservlet;jsessionid=ac16012b30d6334d1465b9444f508fa7998aea33bce0.e3iSbxaKaheRe3eNbhaPbhuQa41ynknvrkLOlQzNp65In0 HTTP/1.1" 200 2
186.84.65.228 - - [03/Apr/2015:16:32:30 -0500] "POST /forms/lservlet;jsessionid=ac16012b30d6334d1465b9444f508fa7998aea33bce0.e3iSbxaKaheRe3eNbhaPbhuQa41ynknvrkLOlQzNp65In0 HTTP/1.1" 200 2
186.84.65.228 - - [03/Apr/2015:16:32:30 -0500] "POST /forms/lservlet;jsessionid=ac16012b30d6334d1465b9444f508fa7998aea33bce0.e3iSbxaKaheRe3eNbhaPbhuQa41ynknvrkLOlQzNp65In0 HTTP/1.1" 200 2942
186.84.65.228 - - [03/Apr/2015:16:32:31 -0500] "POST /forms/lservlet;jsessionid=ac16012b30d6334d1465b9444f508fa7998aea33bce0.e3iSbxaKaheRe3eNbhaPbhuQa41ynknvrkLOlQzNp65In0 HTTP/1.1" 200 2
186.84.65.228 - - [03/Apr/2015:16:32:32 -0500] "POST /forms/lservlet;jsessionid=ac16012b30d6334d1465b9444f508fa7998aea33bce0.e3iSbxaKaheRe3eNbhaPbhuQa41ynknvrkLOlQzNp65In0 HTTP/1.1" 200 2
186.84.65.228 - - [03/Apr/2015:16:32:32 -0500] "POST /forms/lservlet;jsessionid=ac16012b30d6334d1465b9444f508fa7998aea33bce0.e3iSbxaKaheRe3eNbhaPbhuQa41ynknvrkLOlQzNp65In0 HTTP/1.1" 200 2346
186.84.65.228 - - [03/Apr/2015:16:32:32 -0500] "POST /forms/lservlet;jsessionid=ac16012b30d6334d1465b9444f508fa7998aea33bce0.e3iSbxaKaheRe3eNbhaPbhuQa41ynknvrkLOlQzNp65In0 HTTP/1.1" 200 2
186.84.65.228 - - [03/Apr/2015:16:32:34 -0500] "POST /forms/lservlet;jsessionid=ac16012b30d6334d1465b9444f508fa7998aea33bce0.e3iSbxaKaheRe3eNbhaPbhuQa41ynknvrkLOlQzNp65In0 HTTP/1.1" 200 2
186.84.65.228 - - [03/Apr/2015:16:32:34 -0500] "POST /forms/lservlet;jsessionid=ac16012b30d6334d1465b9444f508fa7998aea33bce0.e3iSbxaKaheRe3eNbhaPbhuQa41ynknvrkLOlQzNp65In0 HTTP/1.1" 200 14
186.84.65.228 - - [03/Apr/2015:16:32:35 -0500] "POST /forms/lservlet;jsessionid=ac16012b30d6334d1465b9444f508fa7998aea33bce0.e3iSbxaKaheRe3eNbhaPbhuQa41ynknvrkLOlQzNp65In0 HTTP/1.1" 200 133
186.84.65.228 - - [03/Apr/2015:16:32:36 -0500] "POST /forms/lservlet;jsessionid=ac16012b30d6334d1465b9444f508fa7998aea33bce0.e3iSbxaKaheRe3eNbhaPbhuQa41ynknvrkLOlQzNp65In0 HTTP/1.1" 200 2
186.84.65.228 - - [03/Apr/2015:16:32:36 -0500] "GET /reports/rwservlet/getjobid346553?server=rep_srvapsda HTTP/1.1" 200 885898
207.46.13.5 - - [03/Apr/2015:16:32:43 -0500] "GET /BLA/resoluciones/Autos%202008/0834.pdf HTTP/1.1" 200 96866
186.83.131.162 - - [03/Apr/2015:16:32:44 -0500] "GET /BLA/boletinlegal/js/jquery.scrollTo-min.js HTTP/1.1" 200 1150
186.83.131.162 - - [03/Apr/2015:16:32:44 -0500] "GET /galeria/galeria/jquery.fancybox.css?v=2.1.5 HTTP/1.1" 200 4895
186.83.131.162 - - [03/Apr/2015:16:32:44 -0500] "GET /BLA/boletinlegal/js/jquery.scrollShow.js HTTP/1.1" 200 4586
186.83.131.162 - - [03/Apr/2015:16:32:44 -0500] "GET /galeria/galeria/jquery.fancybox.js?v=2.1.5 HTTP/1.1" 200 48706
186.155.130.152 - - [03/Apr/2015:16:32:44 -0500] "POST /isolucionsda/ListadoMaestroDocumentos3.asp HTTP/1.1" 200 12352
186.84.65.228 - - [03/Apr/2015:16:32:50 -0500] "POST /forms/lservlet;jsessionid=ac16012b30d6334d1465b9444f508fa7998aea33bce0.e3iSbxaKaheRe3eNbhaPbhuQa41ynknvrkLOlQzNp65In0 HTTP/1.1" 200 2
186.84.65.228 - - [03/Apr/2015:16:32:50 -0500] "POST /forms/lservlet;jsessionid=ac16012b30d6334d1465b9444f508fa7998aea33bce0.e3iSbxaKaheRe3eNbhaPbhuQa41ynknvrkLOlQzNp65In0 HTTP/1.1" 200 2238
186.84.65.228 - - [03/Apr/2015:16:32:50 -0500] "POST /forms/lservlet;jsessionid=ac16012b30d6334d1465b9444f508fa7998aea33bce0.e3iSbxaKaheRe3eNbhaPbhuQa41ynknvrkLOlQzNp65In0 HTTP/1.1" 200 2
190.24.120.123 - - [03/Apr/2015:16:32:50 -0500] "GET /forest/borrador/1707801/Formato%20Oficio%20Salida%20(CON%20LOGO)%20Feb%2018.docx HTTP/1.1" 200 100726
186.84.65.228 - - [03/Apr/2015:16:32:51 -0500] "POST /forms/lservlet;jsessionid=ac16012b30d6334d1465b9444f508fa7998aea33bce0.e3iSbxaKaheRe3eNbhaPbhuQa41ynknvrkLOlQzNp65In0 HTTP/1.1" 200 2
157.55.39.47 - - [03/Apr/2015:16:32:51 -0500] "GET /bla/resoluciones/autos%202010/4640.pdf HTTP/1.1" 200 547477
186.84.65.228 - - [03/Apr/2015:16:32:51 -0500] "POST /forms/lservlet;jsessionid=ac16012b30d6334d1465b9444f508fa7998aea33bce0.e3iSbxaKaheRe3eNbhaPbhuQa41ynknvrkLOlQzNp65In0 HTTP/1.1" 200 3455
186.84.65.228 - - [03/Apr/2015:16:32:52 -0500] "POST /forms/lservlet;jsessionid=ac16012b30d6334d1465b9444f508fa7998aea33bce0.e3iSbxaKaheRe3eNbhaPbhuQa41ynknvrkLOlQzNp65In0 HTTP/1.1" 200 2
186.84.65.228 - - [03/Apr/2015:16:32:53 -0500] "POST /forms/lservlet;jsessionid=ac16012b30d6334d1465b9444f508fa7998aea33bce0.e3iSbxaKaheRe3eNbhaPbhuQa41ynknvrkLOlQzNp65In0 HTTP/1.1" 200 2
186.84.65.228 - - [03/Apr/2015:16:32:53 -0500] "POST /forms/lservlet;jsessionid=ac16012b30d6334d1465b9444f508fa7998aea33bce0.e3iSbxaKaheRe3eNbhaPbhuQa41ynknvrkLOlQzNp65In0 HTTP/1.1" 200 2202
66.249.64.172 - - [03/Apr/2015:16:32:53 -0500] "GET /BLA/resoluciones/RESOLUCIONES%202007/RES%202007%201301%20AL%201400/RESOLUCION%201304%20DE%202007.pdf HTTP/1.1" 200 61586
186.84.65.228 - - [03/Apr/2015:16:32:53 -0500] "POST /forms/lservlet;jsessionid=ac16012b30d6334d1465b9444f508fa7998aea33bce0.e3iSbxaKaheRe3eNbhaPbhuQa41ynknvrkLOlQzNp65In0 HTTP/1.1" 200 10
186.84.65.228 - - [03/Apr/2015:16:32:54 -0500] "POST /forms/lservlet;jsessionid=ac16012b30d6334d1465b9444f508fa7998aea33bce0.e3iSbxaKaheRe3eNbhaPbhuQa41ynknvrkLOlQzNp65In0 HTTP/1.1" 200 2
186.84.65.228 - - [03/Apr/2015:16:32:54 -0500] "POST /forms/lservlet;jsessionid=ac16012b30d6334d1465b9444f508fa7998aea33bce0.e3iSbxaKaheRe3eNbhaPbhuQa41ynknvrkLOlQzNp65In0 HTTP/1.1" 200 46
186.84.65.228 - - [03/Apr/2015:16:32:54 -0500] "POST /forms/lservlet;jsessionid=ac16012b30d6334d1465b9444f508fa7998aea33bce0.e3iSbxaKaheRe3eNbhaPbhuQa41ynknvrkLOlQzNp65In0 HTTP/1.1" 200 7
186.84.65.228 - - [03/Apr/2015:16:32:55 -0500] "POST /forms/lservlet;jsessionid=ac16012b30d6334d1465b9444f508fa7998aea33bce0.e3iSbxaKaheRe3eNbhaPbhuQa41ynknvrkLOlQzNp65In0 HTTP/1.1" 200 2
186.84.65.228 - - [03/Apr/2015:16:32:56 -0500] "POST /forms/lservlet;jsessionid=ac16012b30d6334d1465b9444f508fa7998aea33bce0.e3iSbxaKaheRe3eNbhaPbhuQa41ynknvrkLOlQzNp65In0 HTTP/1.1" 200 3042
186.84.65.228 - - [03/Apr/2015:16:32:56 -0500] "POST /forms/lservlet;jsessionid=ac16012b30d6334d1465b9444f508fa7998aea33bce0.e3iSbxaKaheRe3eNbhaPbhuQa41ynknvrkLOlQzNp65In0 HTTP/1.1" 200 2
186.155.130.152 - - [03/Apr/2015:16:32:58 -0500] "POST /isolucionsda/ListadoMaestroDocumentos3.asp HTTP/1.1" 200 12233
186.83.131.162 - - [03/Apr/2015:16:32:59 -0500] "GET /BLA/boletinlegal/js/jquery.scrollTo-min.js HTTP/1.1" 304 -
186.83.131.162 - - [03/Apr/2015:16:32:59 -0500] "GET /galeria/galeria/jquery.fancybox.css?v=2.1.5 HTTP/1.1" 304 -
186.83.131.162 - - [03/Apr/2015:16:32:59 -0500] "GET /BLA/boletinlegal/js/jquery.scrollShow.js HTTP/1.1" 304 -
186.83.131.162 - - [03/Apr/2015:16:32:59 -0500] "GET /galeria/galeria/jquery.fancybox.js?v=2.1.5 HTTP/1.1" 304 -
186.155.130.152 - - [03/Apr/2015:16:32:59 -0500] "GET /isolucionsda/FramesetArticulo.asp?Pagina=bancoconocimiento%2FG%2FGESTIONAMBIENTALYDESARROLLORURAL%5Fv6%2FGESTIONAMBIENTALYDESARROLLORURAL%5Fv6%2Easp&IdArticulo=6829 HTTP/1.1" 200 7237
186.155.130.152 - - [03/Apr/2015:16:33:00 -0500] "GET /isolucionsda/Arriba.asp?Pagina=bancoconocimiento%2FG%2FGESTIONAMBIENTALYDESARROLLORURAL%5Fv6%2FGESTIONAMBIENTALYDESARROLLORURAL%5Fv6%2Easp&IdArticulo=6829 HTTP/1.1" 200 10457
157.55.39.37 - - [03/Apr/2015:16:33:00 -0500] "GET /BLA/resoluciones/Autos%202008/3045.pdf HTTP/1.1" 200 59167
186.155.130.152 - - [03/Apr/2015:16:33:00 -0500] "GET /isolucionsda/bancoconocimiento/G/GESTIONAMBIENTALYDESARROLLORURAL_v6/GESTIONAMBIENTALYDESARROLLORURAL_v6.asp?IdArticulo=6829 HTTP/1.1" 200 87391
186.155.130.152 - - [03/Apr/2015:16:33:00 -0500] "GET /isolucionsda/g/vacio1x1.gif HTTP/1.1" 404 5195
186.155.130.152 - - [03/Apr/2015:16:33:01 -0500] "GET /isolucionsda/g/vacio1x1.gif HTTP/1.1" 404 5195
186.155.130.152 - - [03/Apr/2015:16:33:01 -0500] "GET /isolucionsda/g/vacio1x1.gif HTTP/1.1" 404 5195
186.155.130.152 - - [03/Apr/2015:16:33:01 -0500] "GET /isolucionsda/g/vacio1x1.gif HTTP/1.1" 404 5195
186.155.130.152 - - [03/Apr/2015:16:33:01 -0500] "GET /isolucionsda/g/vacio1x1.gif HTTP/1.1" 404 5195
186.155.130.152 - - [03/Apr/2015:16:33:02 -0500] "GET /isolucionsda/g/vacio1x1.gif HTTP/1.1" 404 5195
207.46.13.5 - - [03/Apr/2015:16:33:03 -0500] "GET /bla/resoluciones/RESOLUCIONES%202009/0474.pdf HTTP/1.1" 200 264530
207.46.13.5 - - [03/Apr/2015:16:33:09 -0500] "GET /BLA/resoluciones/RESOLUCIONES%202009/8836.pdf HTTP/1.1" 200 493061
190.24.120.123 - - [03/Apr/2015:16:33:09 -0500] "POST /forest/usutareas.do? HTTP/1.1" 200 76
186.84.65.228 - - [03/Apr/2015:16:33:10 -0500] "POST /forms/lservlet;jsessionid=ac16012b30d6334d1465b9444f508fa7998aea33bce0.e3iSbxaKaheRe3eNbhaPbhuQa41ynknvrkLOlQzNp65In0 HTTP/1.1" 200 2399
186.155.130.152 - - [03/Apr/2015:16:33:11 -0500] "GET /isolucionsda/bancoconocimiento/D/DireccionyCoordinaciondelaATAenelTerritorioRuraldelD_C_v3/DireccionyCoordinaciondelaATAenelTerritorioRuraldelD_C_v3.asp?IdArticulo=3908 HTTP/1.1" 200 49154
186.155.130.152 - - [03/Apr/2015:16:33:11 -0500] "GET /isolucionsda/g/vacio1x1.gif HTTP/1.1" 404 5195
186.84.65.228 - - [03/Apr/2015:16:33:12 -0500] "POST /forms/lservlet;jsessionid=ac16012b30d6334d1465b9444f508fa7998aea33bce0.e3iSbxaKaheRe3eNbhaPbhuQa41ynknvrkLOlQzNp65In0 HTTP/1.1" 200 51
190.24.120.123 - - [03/Apr/2015:16:33:12 -0500] "GET /forest/usutareas.do?group_system_actual=3&a=0.7521532541140914 HTTP/1.1" 200 183399
190.24.120.123 - - [03/Apr/2015:16:33:14 -0500] "GET /forest/session.jsp?a=0.4573530110064894 HTTP/1.1" 200 4
66.249.64.172 - - [03/Apr/2015:16:33:17 -0500] "GET /galeria/nivo-slider/demo/images/Loritos01.jpg HTTP/1.1" 200 -
200.119.116.54 - - [03/Apr/2015:16:33:19 -0500] "GET /BLA/resoluciones/RESOLUCIONES%202013/1197.pdf HTTP/1.1" 200 1787007
186.155.130.152 - - [03/Apr/2015:16:33:19 -0500] "GET /isolucionsda/FrameSetGeneral.asp?Pagina=Menu.asp&IdModulo=4 HTTP/1.1" 200 6455
186.155.130.152 - - [03/Apr/2015:16:33:19 -0500] "GET /isolucionsda/Encabezado.asp?Pagina=Menu.asp&IdModulo=4 HTTP/1.1" 200 15705
186.155.130.152 - - [03/Apr/2015:16:33:19 -0500] "GET /isolucionsda/BarraTitulos.asp?Pagina=Menu.asp&IdModulo=4 HTTP/1.1" 200 6857
186.155.130.152 - - [03/Apr/2015:16:33:19 -0500] "GET /isolucionsda/BarraFavoritos.asp HTTP/1.1" 200 911
186.155.130.152 - - [03/Apr/2015:16:33:19 -0500] "GET /isolucionsda/Session.asp?Continue=1 HTTP/1.1" 200 6196
186.155.130.152 - - [03/Apr/2015:16:33:19 -0500] "GET /isolucionsda/Menu.asp?Pagina=Menu.asp&IdModulo=4 HTTP/1.1" 200 17869
200.119.116.54 - - [03/Apr/2015:16:33:20 -0500] "GET /BLA/resoluciones/RESOLUCIONES%202013/1197.pdf HTTP/1.1" 206 32768
200.119.116.54 - - [03/Apr/2015:16:33:21 -0500] "GET /BLA/resoluciones/RESOLUCIONES%202013/1197.pdf HTTP/1.1" 206 1754239
186.155.130.152 - - [03/Apr/2015:16:33:21 -0500] "GET /isolucionsda/FrameSetGeneral.asp?Pagina=Administracion/SalaEdicion/Magazines.asp HTTP/1.1" 200 6550
186.155.130.152 - - [03/Apr/2015:16:33:22 -0500] "GET /isolucionsda/BarraTitulos.asp?Pagina=Administracion/SalaEdicion/Magazines.asp HTTP/1.1" 200 6857
186.155.130.152 - - [03/Apr/2015:16:33:22 -0500] "GET /isolucionsda/Administracion/SalaEdicion/Magazines.asp?Pagina=Administracion/SalaEdicion/Magazines.asp HTTP/1.1" 200 8591
186.155.130.152 - - [03/Apr/2015:16:33:22 -0500] "GET /isolucionsda/BarraFavoritos.asp HTTP/1.1" 200 911
186.155.130.152 - - [03/Apr/2015:16:33:22 -0500] "GET /isolucionsda/Encabezado.asp?Pagina=Administracion/SalaEdicion/Magazines.asp HTTP/1.1" 200 15709
186.155.130.152 - - [03/Apr/2015:16:33:22 -0500] "GET /isolucionsda/Session.asp?Continue=1 HTTP/1.1" 200 6196
186.155.130.152 - - [03/Apr/2015:16:33:22 -0500] "GET /isolucionsda/stylesheet/stylesheet.css HTTP/1.1" 200 22894
190.24.120.123 - - [03/Apr/2015:16:33:22 -0500] "GET /forest/borrador/1707801/Formato%20Oficio%20Salida%20(CON%20LOGO)%20Feb%2018.docx HTTP/1.1" 200 100726
186.155.130.152 - - [03/Apr/2015:16:33:24 -0500] "GET /isolucionsda/Administracion/SalaEdicion/ArticuloMenu.asp?Palabra=&Buscar=Buscar&Letra=TODO HTTP/1.1" 200 50086
186.84.65.228 - - [03/Apr/2015:16:33:27 -0500] "POST /forms/lservlet;jsessionid=ac16012b30d6334d1465b9444f508fa7998aea33bce0.e3iSbxaKaheRe3eNbhaPbhuQa41ynknvrkLOlQzNp65In0 HTTP/1.1" 200 26
200.118.26.114 - - [03/Apr/2015:16:33:27 -0500] "GET /galeria/galeria/jquery.fancybox.css?v=2.1.5 HTTP/1.1" 304 -
200.118.26.114 - - [03/Apr/2015:16:33:27 -0500] "GET /BLA/boletinlegal/js/jquery.scrollTo-min.js HTTP/1.1" 304 -
200.118.26.114 - - [03/Apr/2015:16:33:27 -0500] "GET /galeria/galeria/jquery.fancybox.js?v=2.1.5 HTTP/1.1" 304 -
200.118.26.114 - - [03/Apr/2015:16:33:27 -0500] "GET /BLA/boletinlegal/js/jquery.scrollShow.js HTTP/1.1" 304 -
186.155.130.152 - - [03/Apr/2015:16:33:27 -0500] "GET /isolucionsda/Jerarquia.asp?Tabla=Proceso&Form=ArticuloMenu&CampoDisplay=ProcesoDisplayObjetoProceso&CampoHidden=Proceso&bSubmit=True&items= HTTP/1.1" 200 10466
186.84.65.228 - - [03/Apr/2015:16:33:27 -0500] "POST /forms/lservlet;jsessionid=ac16012b30d6334d1465b9444f508fa7998aea33bce0.e3iSbxaKaheRe3eNbhaPbhuQa41ynknvrkLOlQzNp65In0 HTTP/1.1" 200 3863
152.200.70.42 - - [03/Apr/2015:16:33:27 -0500] "GET /BLA/resoluciones/RESOLUCIONES%202009/4698.pdf HTTP/1.1" 200 326782
186.84.65.228 - - [03/Apr/2015:16:33:28 -0500] "POST /forms/lservlet;jsessionid=ac16012b30d6334d1465b9444f508fa7998aea33bce0.e3iSbxaKaheRe3eNbhaPbhuQa41ynknvrkLOlQzNp65In0 HTTP/1.1" 200 20
152.200.70.42 - - [03/Apr/2015:16:33:29 -0500] "GET /BLA/resoluciones/RESOLUCIONES%202009/4698.pdf HTTP/1.1" 206 32768
152.200.70.42 - - [03/Apr/2015:16:33:30 -0500] "GET /BLA/resoluciones/RESOLUCIONES%202009/4698.pdf HTTP/1.1" 206 294014
186.155.130.152 - - [03/Apr/2015:16:33:30 -0500] "POST /isolucionsda/Jerarquia.asp HTTP/1.1" 200 8018
186.84.65.228 - - [03/Apr/2015:16:33:30 -0500] "POST /forms/lservlet;jsessionid=ac16012b30d6334d1465b9444f508fa7998aea33bce0.e3iSbxaKaheRe3eNbhaPbhuQa41ynknvrkLOlQzNp65In0 HTTP/1.1" 200 2
186.155.130.152 - - [03/Apr/2015:16:33:30 -0500] "POST /isolucionsda/Administracion/SalaEdicion/ArticuloMenu.asp HTTP/1.1" 200 25700
186.84.65.228 - - [03/Apr/2015:16:33:30 -0500] "POST /forms/lservlet;jsessionid=ac16012b30d6334d1465b9444f508fa7998aea33bce0.e3iSbxaKaheRe3eNbhaPbhuQa41ynknvrkLOlQzNp65In0 HTTP/1.1" 200 3219
186.84.65.228 - - [03/Apr/2015:16:33:31 -0500] "POST /forms/lservlet;jsessionid=ac16012b30d6334d1465b9444f508fa7998aea33bce0.e3iSbxaKaheRe3eNbhaPbhuQa41ynknvrkLOlQzNp65In0 HTTP/1.1" 200 2
190.24.120.123 - - [03/Apr/2015:16:27:31 -0500] "GET /ForestMSG_SDA/channelAsync/template_word_17501783?X-Atmosphere-tracking-id=9ed9a9a3-a1bd-5be1-2d2d-d09d9de322ee&X-Atmosphere-Framework=1.0.5&X-Atmosphere-Transport=long-polling&tabid=0.2612113996874541&X-Cache-Date=0&Content-Type=application/xml&_=1428096628178 HTTP/1.1" 200 8193
152.200.70.42 - - [03/Apr/2015:16:33:32 -0500] "GET /favicon.ico HTTP/1.1" 200 7782
186.84.65.228 - - [03/Apr/2015:16:33:33 -0500] "POST /forms/lservlet;jsessionid=ac16012b30d6334d1465b9444f508fa7998aea33bce0.e3iSbxaKaheRe3eNbhaPbhuQa41ynknvrkLOlQzNp65In0 HTTP/1.1" 200 2
186.84.65.228 - - [03/Apr/2015:16:33:33 -0500] "POST /forms/lservlet;jsessionid=ac16012b30d6334d1465b9444f508fa7998aea33bce0.e3iSbxaKaheRe3eNbhaPbhuQa41ynknvrkLOlQzNp65In0 HTTP/1.1" 200 2754
186.84.65.228 - - [03/Apr/2015:16:33:34 -0500] "POST /forms/lservlet;jsessionid=ac16012b30d6334d1465b9444f508fa7998aea33bce0.e3iSbxaKaheRe3eNbhaPbhuQa41ynknvrkLOlQzNp65In0 HTTP/1.1" 200 2
186.84.65.228 - - [03/Apr/2015:16:33:35 -0500] "POST /forms/lservlet;jsessionid=ac16012b30d6334d1465b9444f508fa7998aea33bce0.e3iSbxaKaheRe3eNbhaPbhuQa41ynknvrkLOlQzNp65In0 HTTP/1.1" 200 2
186.84.65.228 - - [03/Apr/2015:16:33:35 -0500] "POST /forms/lservlet;jsessionid=ac16012b30d6334d1465b9444f508fa7998aea33bce0.e3iSbxaKaheRe3eNbhaPbhuQa41ynknvrkLOlQzNp65In0 HTTP/1.1" 200 2855
186.155.130.152 - - [03/Apr/2015:16:33:35 -0500] "POST /isolucionsda/Administracion/SalaEdicion/ArticuloMenu.asp HTTP/1.1" 200 16949
186.84.65.228 - - [03/Apr/2015:16:33:36 -0500] "POST /forms/lservlet;jsessionid=ac16012b30d6334d1465b9444f508fa7998aea33bce0.e3iSbxaKaheRe3eNbhaPbhuQa41ynknvrkLOlQzNp65In0 HTTP/1.1" 200 2
186.84.65.228 - - [03/Apr/2015:16:33:36 -0500] "POST /forms/lservlet;jsessionid=ac16012b30d6334d1465b9444f508fa7998aea33bce0.e3iSbxaKaheRe3eNbhaPbhuQa41ynknvrkLOlQzNp65In0 HTTP/1.1" 200 2
186.84.65.228 - - [03/Apr/2015:16:33:37 -0500] "POST /forms/lservlet;jsessionid=ac16012b30d6334d1465b9444f508fa7998aea33bce0.e3iSbxaKaheRe3eNbhaPbhuQa41ynknvrkLOlQzNp65In0 HTTP/1.1" 200 3116
186.84.65.228 - - [03/Apr/2015:16:33:37 -0500] "POST /forms/lservlet;jsessionid=ac16012b30d6334d1465b9444f508fa7998aea33bce0.e3iSbxaKaheRe3eNbhaPbhuQa41ynknvrkLOlQzNp65In0 HTTP/1.1" 200 2
186.84.65.228 - - [03/Apr/2015:16:33:39 -0500] "POST /forms/lservlet;jsessionid=ac16012b30d6334d1465b9444f508fa7998aea33bce0.e3iSbxaKaheRe3eNbhaPbhuQa41ynknvrkLOlQzNp65In0 HTTP/1.1" 200 2
186.84.65.228 - - [03/Apr/2015:16:33:39 -0500] "POST /forms/lservlet;jsessionid=ac16012b30d6334d1465b9444f508fa7998aea33bce0.e3iSbxaKaheRe3eNbhaPbhuQa41ynknvrkLOlQzNp65In0 HTTP/1.1" 200 2268
186.84.65.228 - - [03/Apr/2015:16:33:39 -0500] "POST /forms/lservlet;jsessionid=ac16012b30d6334d1465b9444f508fa7998aea33bce0.e3iSbxaKaheRe3eNbhaPbhuQa41ynknvrkLOlQzNp65In0 HTTP/1.1" 200 10
186.84.65.228 - - [03/Apr/2015:16:33:40 -0500] "POST /forms/lservlet;jsessionid=ac16012b30d6334d1465b9444f508fa7998aea33bce0.e3iSbxaKaheRe3eNbhaPbhuQa41ynknvrkLOlQzNp65In0 HTTP/1.1" 200 2
186.84.65.228 - - [03/Apr/2015:16:33:40 -0500] "POST /forms/lservlet;jsessionid=ac16012b30d6334d1465b9444f508fa7998aea33bce0.e3iSbxaKaheRe3eNbhaPbhuQa41ynknvrkLOlQzNp65In0 HTTP/1.1" 200 46
186.84.65.228 - - [03/Apr/2015:16:33:40 -0500] "POST /forms/lservlet;jsessionid=ac16012b30d6334d1465b9444f508fa7998aea33bce0.e3iSbxaKaheRe3eNbhaPbhuQa41ynknvrkLOlQzNp65In0 HTTP/1.1" 200 7
191.95.254.190 - - [03/Apr/2015:16:33:40 -0500] "GET /galeria/galeria/jquery.fancybox.css?v=2.1.5 HTTP/1.1" 200 4895
191.95.254.190 - - [03/Apr/2015:16:33:40 -0500] "GET /BLA/boletinlegal/js/jquery.scrollTo-min.js HTTP/1.1" 200 1150
191.95.254.190 - - [03/Apr/2015:16:33:40 -0500] "GET /BLA/boletinlegal/js/jquery.scrollShow.js HTTP/1.1" 200 4586
191.95.254.190 - - [03/Apr/2015:16:33:40 -0500] "GET /galeria/galeria/jquery.fancybox.js?v=2.1.5 HTTP/1.1" 200 48706
186.155.130.152 - - [03/Apr/2015:16:33:45 -0500] "POST /isolucionsda/Administracion/SalaEdicion/ArticuloMenu.asp HTTP/1.1" 200 25700
191.95.254.190 - - [03/Apr/2015:16:33:53 -0500] "GET /galeria/galeria/jquery.fancybox.css?v=2.1.5 HTTP/1.1" 304 -
191.95.254.190 - - [03/Apr/2015:16:33:53 -0500] "GET /BLA/boletinlegal/js/jquery.scrollTo-min.js HTTP/1.1" 304 -
191.95.254.190 - - [03/Apr/2015:16:33:53 -0500] "GET /BLA/boletinlegal/js/jquery.scrollShow.js HTTP/1.1" 304 -
191.95.254.190 - - [03/Apr/2015:16:33:53 -0500] "GET /galeria/galeria/jquery.fancybox.js?v=2.1.5 HTTP/1.1" 304 -
186.155.130.152 - - [03/Apr/2015:16:33:54 -0500] "POST /isolucionsda/Administracion/SalaEdicion/ArticuloMenu.asp HTTP/1.1" 200 24733
186.155.130.152 - - [03/Apr/2015:16:33:58 -0500] "POST /isolucionsda/Administracion/SalaEdicion/ArticuloMenu.asp HTTP/1.1" 200 33359
186.84.65.228 - - [03/Apr/2015:16:34:02 -0500] "POST /forms/lservlet;jsessionid=ac16012b30d6334d1465b9444f508fa7998aea33bce0.e3iSbxaKaheRe3eNbhaPbhuQa41ynknvrkLOlQzNp65In0 HTTP/1.1" 200 2
200.234.196.55 - - [03/Apr/2015:16:34:10 -0500] "GET /wordpress/wp-admin/ HTTP/1.1" 404 1018
191.104.89.101 - - [03/Apr/2015:16:34:11 -0500] "GET /galeria/galeria/jquery.fancybox.css?v=2.1.5 HTTP/1.1" 200 4895
191.104.89.101 - - [03/Apr/2015:16:34:11 -0500] "GET /BLA/boletinlegal/js/jquery.scrollTo-min.js HTTP/1.1" 200 1150
191.104.89.101 - - [03/Apr/2015:16:34:11 -0500] "GET /BLA/boletinlegal/js/jquery.scrollShow.js HTTP/1.1" 200 4586
191.104.89.101 - - [03/Apr/2015:16:34:11 -0500] "GET /galeria/galeria/jquery.fancybox.js?v=2.1.5 HTTP/1.1" 200 48706
191.104.89.101 - - [03/Apr/2015:16:34:21 -0500] "GET /BLA/boletinlegal/js/jquery.scrollShow.js HTTP/1.1" 304 -
191.104.89.101 - - [03/Apr/2015:16:34:21 -0500] "GET /galeria/galeria/jquery.fancybox.css?v=2.1.5 HTTP/1.1" 304 -
191.104.89.101 - - [03/Apr/2015:16:34:21 -0500] "GET /BLA/boletinlegal/js/jquery.scrollTo-min.js HTTP/1.1" 304 -
191.104.89.101 - - [03/Apr/2015:16:34:21 -0500] "GET /galeria/galeria/jquery.fancybox.js?v=2.1.5 HTTP/1.1" 304 -
157.55.39.47 - - [03/Apr/2015:16:34:26 -0500] "GET /BLA/resoluciones/AUTOS%202007/1386.pdf HTTP/1.1" 200 28611
190.24.120.123 - - [03/Apr/2015:16:34:26 -0500] "GET /forest/skins/gdocs-jar/popup/escritorio/subirborrador.jsp?form=Correspondencia_Elaborar_Documento_Electronico&codTpl=&codBorr=568653&a=0.3255152301862836 HTTP/1.1" 200 23292
190.24.120.123 - - [03/Apr/2015:16:34:26 -0500] "GET /forest/json.do?query=borradoresByTpls&codInst=3019386&codTare=694&firma=0&a=0.899639010662213 HTTP/1.1" 200 8590
190.24.120.123 - - [03/Apr/2015:16:34:26 -0500] "GET /forest/json.do?query=plantillasByTarea&codTare=694&codInst=3019386&firma=0&a=0.3767095759976655 HTTP/1.1" 200 904
190.24.120.123 - - [03/Apr/2015:16:34:27 -0500] "GET /forest/json.do?query=terceroById&numTer=899999061-9%20SDA&a=0.3104980820789933 HTTP/1.1" 200 683
190.24.120.123 - - [03/Apr/2015:16:34:27 -0500] "GET /forest/json.do?query=datosBorradorByCodTraBorr&codTraBorr=1707801&a=0.16333792288787663 HTTP/1.1" 200 180
190.24.120.123 - - [03/Apr/2015:16:34:27 -0500] "GET /forest/json.do?query=adjuntosByBorrador&codTraBorr=1707801&a=0.9267386945430189 HTTP/1.1" 200 2
190.24.120.123 - - [03/Apr/2015:16:34:27 -0500] "GET /forest/json.do?query=ultimoBorradorByTpl&codTpl=621&codInst=3019386&a=0.9380538405384868 HTTP/1.1" 200 2
190.24.120.123 - - [03/Apr/2015:16:34:27 -0500] "GET /forest/json.do?query=ultimoBorradorByTpl&codTpl=1201&codInst=3019386&a=0.2841261406429112 HTTP/1.1" 200 2
190.24.120.123 - - [03/Apr/2015:16:34:27 -0500] "GET /forest/json.do?query=ultimoBorradorByTpl&codTpl=641&codInst=3019386&a=0.9173861898016185 HTTP/1.1" 200 20
186.155.130.152 - - [03/Apr/2015:16:34:26 -0500] "GET /isolucionsda/Administracion/SalaEdicion/ArticuloMenu.asp?Orden=Nombre&Listar=I&ListadoPlantillas= HTTP/1.1" 200 26796
190.24.120.123 - - [03/Apr/2015:16:34:27 -0500] "GET /forest/json.do?query=ultimoBorradorByTpl&codTpl=901&codInst=3019386&a=0.3251984326634556 HTTP/1.1" 200 2
190.24.120.123 - - [03/Apr/2015:16:34:28 -0500] "GET /forest/json.do?query=ultimoBorradorByTpl&codTpl=501&codInst=3019386&a=0.5238799520302564 HTTP/1.1" 200 2
190.24.120.123 - - [03/Apr/2015:16:34:28 -0500] "GET /forest/json.do?query=ultimoBorradorByTpl&codTpl=1301&codInst=3019386&a=0.3708353294059634 HTTP/1.1" 200 2
157.55.39.37 - - [03/Apr/2015:16:34:28 -0500] "GET /BLA/resoluciones/Resoluciones%202011/5865.pdf HTTP/1.1" 200 655010
207.46.13.5 - - [03/Apr/2015:16:34:31 -0500] "GET /BLA/resoluciones/RESOLUCIONES%202011/6474.pdf HTTP/1.1" 200 546166
207.46.13.5 - - [03/Apr/2015:16:34:32 -0500] "GET /bla/resoluciones/RESOLUCIONES%202009/9770.pdf HTTP/1.1" 200 257865
