186.155.130.152 - - [03/Apr/2015:16:07:30 -0500] "GET /isolucionsda/Arriba.asp?Pagina=BancoConocimiento%2FD%2FDefiniciondeterminantesmedianteinformesyoconceptostecnicosaincluireninstrumentosdePlaneamientoUrb%5FenDC%5Fv4%2FDefiniciondeterminantesmedianteinformesyoconceptostecnicosaincluireninstrumentosdePlaneamientoUrb%5FenDC%5Fv4%2Easp&IdArticulo=5297 HTTP/1.1" 200 10767
186.155.130.152 - - [03/Apr/2015:16:07:30 -0500] "GET /isolucionsda/BancoConocimiento/D/DefiniciondeterminantesmedianteinformesyoconceptostecnicosaincluireninstrumentosdePlaneamientoUrb_enDC_v4/DefiniciondeterminantesmedianteinformesyoconceptostecnicosaincluireninstrumentosdePlaneamientoUrb_enDC_v4.asp?IdArticulo=5297 HTTP/1.1" 200 82777
186.155.130.152 - - [03/Apr/2015:16:07:31 -0500] "GET /isolucionsda/g/vacio1x1.gif HTTP/1.1" 404 5195
181.140.243.195 - - [03/Apr/2015:16:07:31 -0500] "GET /galeria/nivo-slider/demo/images/Conoce-los-humedales.jpg HTTP/1.1" 200 294036
181.140.243.195 - - [03/Apr/2015:16:07:31 -0500] "GET /galeria/nivo-slider/demo/images/ecolecta-Dic2014.png HTTP/1.1" 200 288593
181.140.243.195 - - [03/Apr/2015:16:07:31 -0500] "GET /galeria/nivo-slider/demo/images/porloshumedales.jpg HTTP/1.1" 200 351238
186.155.130.152 - - [03/Apr/2015:16:07:31 -0500] "GET /isolucionsda/g/vacio1x1.gif HTTP/1.1" 404 5195
66.249.88.240 - - [03/Apr/2015:16:07:31 -0500] "GET /galeria/nivo-slider/demo/images/4Simple_Slider.png HTTP/1.1" 200 11722
66.249.88.238 - - [03/Apr/2015:16:07:31 -0500] "GET /galeria/nivo-slider/themes/default/loading.gif HTTP/1.1" 200 1737
207.46.13.5 - - [03/Apr/2015:16:07:31 -0500] "GET /BLA/resoluciones/RESOLUCIONES%202009/8999.pdf HTTP/1.1" 200 319612
181.140.243.195 - - [03/Apr/2015:16:07:32 -0500] "GET /galeria/nivo-slider/demo/images/Tingua-azul.jpg HTTP/1.1" 200 307638
186.155.130.152 - - [03/Apr/2015:16:07:32 -0500] "GET /isolucionsda/g/vacio1x1.gif HTTP/1.1" 404 5195
186.155.130.152 - - [03/Apr/2015:16:07:32 -0500] "GET /isolucionsda/g/vacio1x1.gif HTTP/1.1" 404 5195
181.140.243.195 - - [03/Apr/2015:16:07:34 -0500] "GET /galeria/nivo-slider/demo/images/banner-llantas2.jpg HTTP/1.1" 200 73153
181.140.243.195 - - [03/Apr/2015:16:07:34 -0500] "GET /galeria/nivo-slider/demo/images/9Signos.jpg HTTP/1.1" 200 81776
181.140.243.195 - - [03/Apr/2015:16:07:34 -0500] "GET /galeria/nivo-slider/demo/scripts/jquery-1.7.1.min.js HTTP/1.1" 200 93868
181.140.243.195 - - [03/Apr/2015:16:07:35 -0500] "GET /galeria/nivo-slider/jquery.nivo.slider.pack.js HTTP/1.1" 200 11561
207.46.13.5 - - [03/Apr/2015:16:07:35 -0500] "GET /BLA/resoluciones/RESOLUCIONES%202008/2754.pdf HTTP/1.1" 200 200147
181.140.243.195 - - [03/Apr/2015:16:07:35 -0500] "GET /galeria/nivo-slider/demo/images/4Simple_Slider.png HTTP/1.1" 200 11722
181.140.243.195 - - [03/Apr/2015:16:07:35 -0500] "GET /galeria/nivo-slider/themes/default/loading.gif HTTP/1.1" 200 1737
181.140.243.195 - - [03/Apr/2015:16:07:35 -0500] "GET /galeria/nivo-slider/themes/default/arrows.png HTTP/1.1" 200 824
181.140.243.195 - - [03/Apr/2015:16:07:35 -0500] "GET /galeria/nivo-slider/themes/default/bullets.png HTTP/1.1" 200 1281
66.249.88.240 - - [03/Apr/2015:16:07:35 -0500] "GET /galeria/nivo-slider/themes/default/arrows.png HTTP/1.1" 200 824
207.46.13.5 - - [03/Apr/2015:16:07:35 -0500] "GET /bla/resoluciones/RESOLUCIONES%202009/9786.pdf HTTP/1.1" 200 526271
66.249.88.240 - - [03/Apr/2015:16:07:35 -0500] "GET /galeria/nivo-slider/themes/default/bullets.png HTTP/1.1" 200 1281
207.46.13.5 - - [03/Apr/2015:16:07:36 -0500] "GET /bla/resoluciones/resoluciones%202011/7090.pdf HTTP/1.1" 200 562932
157.55.39.47 - - [03/Apr/2015:16:07:42 -0500] "GET /bla/resoluciones/RESOLUCIONES%202009/9415.pdf HTTP/1.1" 200 164675
188.165.15.210 - - [03/Apr/2015:16:07:45 -0500] "GET /BLA/resoluciones/AUTOS%202006/AUTOS%202006%201501%20-%201600/00001549.tif HTTP/1.1" 200 173674
190.147.19.106 - - [03/Apr/2015:16:07:46 -0500] "GET /BLA/boletinlegal/js/jquery.scrollTo-min.js HTTP/1.1" 304 -
190.147.19.106 - - [03/Apr/2015:16:07:46 -0500] "GET /galeria/galeria/jquery.fancybox.css?v=2.1.5 HTTP/1.1" 304 -
190.147.19.106 - - [03/Apr/2015:16:07:46 -0500] "GET /BLA/boletinlegal/js/jquery.scrollShow.js HTTP/1.1" 304 -
190.147.19.106 - - [03/Apr/2015:16:07:46 -0500] "GET /galeria/galeria/jquery.fancybox.js?v=2.1.5 HTTP/1.1" 304 -
190.3.255.111 - - [03/Apr/2015:16:07:55 -0500] "GET /BLA/resoluciones/RESOLUCIONES%202007/RES%202007%202801%20AL%202900/RESOLUCION%202844%20DE%202007.pdf HTTP/1.1" 200 872806
190.3.255.111 - - [03/Apr/2015:16:07:57 -0500] "GET /BLA/resoluciones/RESOLUCIONES%202007/RES%202007%202801%20AL%202900/RESOLUCION%202844%20DE%202007.pdf HTTP/1.1" 200 872806
190.3.255.111 - - [03/Apr/2015:16:07:57 -0500] "GET /BLA/resoluciones/RESOLUCIONES%202007/RES%202007%202801%20AL%202900/RESOLUCION%202844%20DE%202007.pdf HTTP/1.1" 206 65536
190.24.120.123 - - [03/Apr/2015:16:01:58 -0500] "GET /ForestMSG_SDA/channelAsync/template_word_17493135?X-Atmosphere-tracking-id=8e04387b-0dec-92f2-53d0-0bcd3725d325&X-Atmosphere-Framework=1.0.5&X-Atmosphere-Transport=long-polling&tabid=0.38001014315523207&X-Cache-Date=0&Content-Type=application/xml&_=1428095095483 HTTP/1.1" 200 8193
190.3.255.111 - - [03/Apr/2015:16:07:58 -0500] "GET /BLA/resoluciones/RESOLUCIONES%202007/RES%202007%202801%20AL%202900/RESOLUCION%202844%20DE%202007.pdf HTTP/1.1" 206 20838
190.3.255.111 - - [03/Apr/2015:16:07:58 -0500] "GET /BLA/resoluciones/RESOLUCIONES%202007/RES%202007%202801%20AL%202900/RESOLUCION%202844%20DE%202007.pdf HTTP/1.1" 206 65536
190.3.255.111 - - [03/Apr/2015:16:07:59 -0500] "GET /BLA/resoluciones/RESOLUCIONES%202007/RES%202007%202801%20AL%202900/RESOLUCION%202844%20DE%202007.pdf HTTP/1.1" 206 65536
190.3.255.111 - - [03/Apr/2015:16:07:59 -0500] "GET /BLA/resoluciones/RESOLUCIONES%202007/RES%202007%202801%20AL%202900/RESOLUCION%202844%20DE%202007.pdf HTTP/1.1" 206 65536
190.3.255.111 - - [03/Apr/2015:16:08:00 -0500] "GET /BLA/resoluciones/RESOLUCIONES%202007/RES%202007%202801%20AL%202900/RESOLUCION%202844%20DE%202007.pdf HTTP/1.1" 206 65536
186.84.65.228 - - [03/Apr/2015:16:08:00 -0500] "POST /forms/lservlet;jsessionid=ac16012b30d6334d1465b9444f508fa7998aea33bce0.e3iSbxaKaheRe3eNbhaPbhuQa41ynknvrkLOlQzNp65In0 HTTP/1.1" 200 2
190.3.255.111 - - [03/Apr/2015:16:08:00 -0500] "GET /BLA/resoluciones/RESOLUCIONES%202007/RES%202007%202801%20AL%202900/RESOLUCION%202844%20DE%202007.pdf HTTP/1.1" 206 65536
190.3.255.111 - - [03/Apr/2015:16:08:01 -0500] "GET /BLA/resoluciones/RESOLUCIONES%202007/RES%202007%202801%20AL%202900/RESOLUCION%202844%20DE%202007.pdf HTTP/1.1" 206 65536
190.3.255.111 - - [03/Apr/2015:16:08:01 -0500] "GET /BLA/resoluciones/RESOLUCIONES%202007/RES%202007%202801%20AL%202900/RESOLUCION%202844%20DE%202007.pdf HTTP/1.1" 206 65536
190.3.255.111 - - [03/Apr/2015:16:08:02 -0500] "GET /BLA/resoluciones/RESOLUCIONES%202007/RES%202007%202801%20AL%202900/RESOLUCION%202844%20DE%202007.pdf HTTP/1.1" 206 65536
190.3.255.111 - - [03/Apr/2015:16:08:02 -0500] "GET /BLA/resoluciones/RESOLUCIONES%202007/RES%202007%202801%20AL%202900/RESOLUCION%202844%20DE%202007.pdf HTTP/1.1" 206 65536
190.3.255.111 - - [03/Apr/2015:16:08:03 -0500] "GET /BLA/resoluciones/RESOLUCIONES%202007/RES%202007%202801%20AL%202900/RESOLUCION%202844%20DE%202007.pdf HTTP/1.1" 206 65536
190.3.255.111 - - [03/Apr/2015:16:08:03 -0500] "GET /BLA/resoluciones/RESOLUCIONES%202007/RES%202007%202801%20AL%202900/RESOLUCION%202844%20DE%202007.pdf HTTP/1.1" 206 65536
157.55.39.47 - - [03/Apr/2015:16:08:03 -0500] "GET /BLA/resoluciones/RESOLUCIONES%202013/0810.pdf HTTP/1.1" 200 2179552
190.3.255.111 - - [03/Apr/2015:16:08:04 -0500] "GET /BLA/resoluciones/RESOLUCIONES%202007/RES%202007%202801%20AL%202900/RESOLUCION%202844%20DE%202007.pdf HTTP/1.1" 206 65536
207.46.13.5 - - [03/Apr/2015:16:08:20 -0500] "GET /BLA/resoluciones/RESOLUCIONES%202007/RES%202007%202701%20AL%202800/RESOLUCION%202773%20DE%202007.pdf HTTP/1.1" 200 228589
157.55.39.37 - - [03/Apr/2015:16:08:25 -0500] "GET /bla/resoluciones/RESOLUCIONES%202009/7650.pdf HTTP/1.1" 200 496305
66.249.64.172 - - [03/Apr/2015:16:08:43 -0500] "GET /BLA/resoluciones/RESOLUCIONES%202014/0148.pdf HTTP/1.1" 200 730364
186.113.171.148 - - [03/Apr/2015:16:08:51 -0500] "GET /BLA/resoluciones/RESOLUCIONES%202011/5101.pdf HTTP/1.1" 200 491251
186.113.171.148 - - [03/Apr/2015:16:08:51 -0500] "GET /BLA/resoluciones/RESOLUCIONES%202011/5101.pdf HTTP/1.1" 206 32768
186.113.171.148 - - [03/Apr/2015:16:08:51 -0500] "GET /BLA/resoluciones/RESOLUCIONES%202011/5101.pdf HTTP/1.1" 206 458483
186.113.171.148 - - [03/Apr/2015:16:08:55 -0500] "GET /favicon.ico HTTP/1.1" 200 7782
207.46.13.5 - - [03/Apr/2015:16:08:55 -0500] "GET /BLA/resoluciones/AUTOS%202007/3032.pdf HTTP/1.1" 200 513776
188.165.15.210 - - [03/Apr/2015:16:09:03 -0500] "GET /BLA/resoluciones/RESOLUCIONES%202003/RES%202003%20351-400/373.tif HTTP/1.1" 200 171032
66.249.64.168 - - [03/Apr/2015:16:09:07 -0500] "GET /BLA/resoluciones/RESOLUCIONES%202007/RES%202007%204101%20AL%204200/RESOLUCION%204167%20DE%202007.pdf HTTP/1.1" 200 664204
207.46.13.5 - - [03/Apr/2015:16:09:16 -0500] "GET /bla/resoluciones/RESOLUCIONES%202009/7720.pdf HTTP/1.1" 200 492461
207.46.13.5 - - [03/Apr/2015:16:09:45 -0500] "GET /bla/resoluciones/RESOLUCIONES%202009/1608.pdf HTTP/1.1" 200 651122
207.46.13.5 - - [03/Apr/2015:16:09:50 -0500] "GET /bla/resoluciones/RESOLUCIONES%202009/1349.pdf HTTP/1.1" 200 530495
157.55.39.37 - - [03/Apr/2015:16:09:56 -0500] "GET /bla/resoluciones/resoluciones%202011/2911.pdf HTTP/1.1" 200 515406
186.84.65.228 - - [03/Apr/2015:16:10:00 -0500] "POST /forms/lservlet;jsessionid=ac16012b30d6334d1465b9444f508fa7998aea33bce0.e3iSbxaKaheRe3eNbhaPbhuQa41ynknvrkLOlQzNp65In0 HTTP/1.1" 200 2
186.155.130.152 - - [03/Apr/2015:16:10:05 -0500] "GET /isolucionsda/FramesetArticulo.asp?Pagina=bancoconocimiento%2FC%2FControldeproductonoconformeGestionAmbientalyDesarrolloRural%5Fv7%2FControldeproductonoconformeGestionAmbientalyDesarrolloRural%5Fv7%2Easp&IdArticulo=7390 HTTP/1.1" 502 1366
157.55.39.37 - - [03/Apr/2015:16:10:13 -0500] "GET /BLA/resoluciones/AUTOS%202007/2772.pdf HTTP/1.1" 200 156614
186.155.130.152 - - [03/Apr/2015:16:10:13 -0500] "GET /isolucionsda/FramesetArticulo.asp?Pagina=bancoconocimiento%2FC%2FControldeproductonoconformeGestionAmbientalyDesarrolloRural%5Fv7%2FControldeproductonoconformeGestionAmbientalyDesarrolloRural%5Fv7%2Easp&IdArticulo=7390 HTTP/1.1" 200 7453
186.155.130.152 - - [03/Apr/2015:16:10:13 -0500] "GET /isolucionsda/Arriba.asp?Pagina=bancoconocimiento%2FC%2FControldeproductonoconformeGestionAmbientalyDesarrolloRural%5Fv7%2FControldeproductonoconformeGestionAmbientalyDesarrolloRural%5Fv7%2Easp&IdArticulo=7390 HTTP/1.1" 200 10575
186.155.130.152 - - [03/Apr/2015:16:10:14 -0500] "GET /isolucionsda/bancoconocimiento/C/ControldeproductonoconformeGestionAmbientalyDesarrolloRural_v7/ControldeproductonoconformeGestionAmbientalyDesarrolloRural_v7.asp?IdArticulo=7390 HTTP/1.1" 200 55961
186.155.130.152 - - [03/Apr/2015:16:10:14 -0500] "GET /isolucionsda/g/vacio1x1.gif HTTP/1.1" 404 5195
207.46.13.5 - - [03/Apr/2015:16:10:17 -0500] "GET /BLA/resoluciones/RESOLUCIONES%202009/9498.pdf HTTP/1.1" 200 563624
66.249.64.164 - - [03/Apr/2015:16:10:27 -0500] "GET /BLA/resoluciones/AUTOS%202011/5954.pdf HTTP/1.1" 200 196536
207.46.13.5 - - [03/Apr/2015:16:10:31 -0500] "GET /bla/resoluciones/RESOLUCIONES%202009/1495.pdf HTTP/1.1" 200 914493
74.86.158.107 - - [03/Apr/2015:16:10:40 -0500] "HEAD / HTTP/1.1" 302 -
186.83.133.17 - - [03/Apr/2015:16:10:51 -0500] "GET /galeria/galeria/jquery.fancybox.js?v=2.1.5 HTTP/1.1" 200 48706
186.83.133.17 - - [03/Apr/2015:16:10:51 -0500] "GET /galeria/galeria/jquery.fancybox.css?v=2.1.5 HTTP/1.1" 200 4895
186.83.133.17 - - [03/Apr/2015:16:10:51 -0500] "GET /BLA/boletinlegal/js/jquery.scrollTo-min.js HTTP/1.1" 200 1150
186.83.133.17 - - [03/Apr/2015:16:10:51 -0500] "GET /BLA/boletinlegal/js/jquery.scrollShow.js HTTP/1.1" 200 4586
157.55.39.47 - - [03/Apr/2015:16:10:52 -0500] "GET /BLA/resoluciones/RESOLUCIONES%202013/0344.pdf HTTP/1.1" 200 2479528
157.55.39.37 - - [03/Apr/2015:16:10:54 -0500] "GET /BLA/resoluciones/Autos%202008/2860.pdf HTTP/1.1" 200 81269
157.55.39.37 - - [03/Apr/2015:16:10:56 -0500] "GET /BLA/resoluciones/AUTOS%202011/1900.pdf HTTP/1.1" 200 103660
186.83.133.17 - - [03/Apr/2015:16:11:00 -0500] "GET /BLA/boletinlegal/js/jquery.scrollTo-min.js HTTP/1.1" 304 -
186.83.133.17 - - [03/Apr/2015:16:11:00 -0500] "GET /galeria/galeria/jquery.fancybox.css?v=2.1.5 HTTP/1.1" 304 -
186.83.133.17 - - [03/Apr/2015:16:11:00 -0500] "GET /BLA/boletinlegal/js/jquery.scrollShow.js HTTP/1.1" 304 -
186.83.133.17 - - [03/Apr/2015:16:11:00 -0500] "GET /galeria/galeria/jquery.fancybox.js?v=2.1.5 HTTP/1.1" 304 -
207.46.13.5 - - [03/Apr/2015:16:11:01 -0500] "GET /BLA/resoluciones/Autos%202008/1902.pdf HTTP/1.1" 200 84952
157.55.39.37 - - [03/Apr/2015:16:11:14 -0500] "GET /BLA/resoluciones/RESOLUCIONES%202009/5022.pdf HTTP/1.1" 200 649497
186.155.130.152 - - [03/Apr/2015:16:11:23 -0500] "GET /isolucionsda/FramesetArticulo.asp?Pagina=BancoConocimiento%2FD%2FDefiniciondeterminantesmedianteinformesyoconceptostecnicosaincluireninstrumentosdePlaneamientoUrb%5FenDC%5Fv4%2FDefiniciondeterminantesmedianteinformesyoconceptostecnicosaincluireninstrumentosdePlaneamientoUrb%5FenDC%5Fv4%2Easp&IdArticulo=5297 HTTP/1.1" 200 7805
186.155.130.152 - - [03/Apr/2015:16:11:24 -0500] "GET /isolucionsda/FramesetArticulo.asp?Pagina=BancoConocimiento%2FD%2FDefiniciondeterminantesmedianteinformesyoconceptostecnicosaincluireninstrumentosdePlaneamientoUrb%5FenDC%5Fv4%2FDefiniciondeterminantesmedianteinformesyoconceptostecnicosaincluireninstrumentosdePlaneamientoUrb%5FenDC%5Fv4%2Easp&IdArticulo=5297 HTTP/1.1" 200 7805
186.155.130.152 - - [03/Apr/2015:16:11:24 -0500] "GET /isolucionsda/Arriba.asp?Pagina=BancoConocimiento%2FD%2FDefiniciondeterminantesmedianteinformesyoconceptostecnicosaincluireninstrumentosdePlaneamientoUrb%5FenDC%5Fv4%2FDefiniciondeterminantesmedianteinformesyoconceptostecnicosaincluireninstrumentosdePlaneamientoUrb%5FenDC%5Fv4%2Easp&IdArticulo=5297 HTTP/1.1" 200 10767
186.155.130.152 - - [03/Apr/2015:16:11:24 -0500] "GET /isolucionsda/BancoConocimiento/D/DefiniciondeterminantesmedianteinformesyoconceptostecnicosaincluireninstrumentosdePlaneamientoUrb_enDC_v4/DefiniciondeterminantesmedianteinformesyoconceptostecnicosaincluireninstrumentosdePlaneamientoUrb_enDC_v4.asp?IdArticulo=5297 HTTP/1.1" 200 82777
186.155.130.152 - - [03/Apr/2015:16:11:26 -0500] "GET /isolucionsda/g/vacio1x1.gif HTTP/1.1" 404 5195
207.46.13.5 - - [03/Apr/2015:16:11:35 -0500] "GET /BLA/resoluciones/Autos%202008/0076.pdf HTTP/1.1" 200 104787
207.46.13.5 - - [03/Apr/2015:16:11:36 -0500] "GET /BLA/resoluciones/RESOLUCIONES%202013/1251.pdf HTTP/1.1" 200 556312
181.61.81.171 - - [03/Apr/2015:16:11:37 -0500] "GET /BLA/boletinlegal/js/jquery.scrollTo-min.js HTTP/1.1" 200 1150
181.61.81.171 - - [03/Apr/2015:16:11:37 -0500] "GET /galeria/galeria/jquery.fancybox.js?v=2.1.5 HTTP/1.1" 200 48706
181.61.81.171 - - [03/Apr/2015:16:11:37 -0500] "GET /BLA/boletinlegal/js/jquery.scrollShow.js HTTP/1.1" 200 4586
181.61.81.171 - - [03/Apr/2015:16:11:37 -0500] "GET /galeria/galeria/jquery.fancybox.css?v=2.1.5 HTTP/1.1" 200 4895
181.61.81.171 - - [03/Apr/2015:16:11:37 -0500] "GET /galeria/carrusel/Carrusel/jquery.thumbnailScroller.css HTTP/1.1" 200 2066
181.61.81.171 - - [03/Apr/2015:16:11:37 -0500] "GET /galeria/carrusel/Carrusel/jquery-ui-1.8.13.custom.min.js HTTP/1.1" 200 10800
181.61.81.171 - - [03/Apr/2015:16:11:37 -0500] "GET /galeria/carrusel/Carrusel/jquery.thumbnailScroller.js HTTP/1.1" 200 8157
157.55.39.37 - - [03/Apr/2015:16:11:40 -0500] "GET /BLA/resoluciones/RESOLUCIONES%202007/RES%202007%201101%20AL%201200/RESOLUCION%201104%20DE%202007.pdf HTTP/1.1" 200 544876
207.46.13.5 - - [03/Apr/2015:16:11:45 -0500] "GET /bla/resoluciones/resoluciones%202011/2907.pdf HTTP/1.1" 200 522510
157.55.39.47 - - [03/Apr/2015:16:11:55 -0500] "GET /bla/resoluciones/RESOLUCIONES%202009/1196.pdf HTTP/1.1" 200 668994
157.55.39.47 - - [03/Apr/2015:16:11:56 -0500] "GET /BLA/resoluciones/AUTOS%202011/0235.pdf HTTP/1.1" 200 152483
186.84.65.228 - - [03/Apr/2015:16:12:00 -0500] "POST /forms/lservlet;jsessionid=ac16012b30d6334d1465b9444f508fa7998aea33bce0.e3iSbxaKaheRe3eNbhaPbhuQa41ynknvrkLOlQzNp65In0 HTTP/1.1" 200 2
207.46.13.5 - - [03/Apr/2015:16:12:05 -0500] "GET /BLA/resoluciones/Autos%202008/0978.pdf HTTP/1.1" 200 145069
66.249.64.172 - - [03/Apr/2015:16:12:10 -0500] "GET /BLA/resoluciones/RESOLUCIONES%202011/0606.pdf HTTP/1.1" 200 69029
66.249.64.172 - - [03/Apr/2015:16:12:12 -0500] "GET /BLA/resoluciones/RESOLUCIONES%202010/3169.pdf HTTP/1.1" 200 359030
181.234.86.102 - - [03/Apr/2015:16:12:13 -0500] "GET /BLA/boletinlegal/js/jquery.scrollTo-min.js HTTP/1.1" 200 1150
181.234.86.102 - - [03/Apr/2015:16:12:13 -0500] "GET /BLA/boletinlegal/js/jquery.scrollShow.js HTTP/1.1" 200 4586
181.234.86.102 - - [03/Apr/2015:16:12:13 -0500] "GET /galeria/galeria/jquery.fancybox.js?v=2.1.5 HTTP/1.1" 200 48706
181.234.86.102 - - [03/Apr/2015:16:12:13 -0500] "GET /galeria/galeria/jquery.fancybox.css?v=2.1.5 HTTP/1.1" 200 4895
66.249.64.168 - - [03/Apr/2015:16:12:13 -0500] "GET /galeria/nivo-slider/demo/images/Donacion1.jpg HTTP/1.1" 200 91233
186.80.182.93 - - [03/Apr/2015:16:12:32 -0500] "GET /galeria/galeria/jquery.fancybox.css?v=2.1.5 HTTP/1.1" 200 4895
186.80.182.93 - - [03/Apr/2015:16:12:33 -0500] "GET /BLA/boletinlegal/js/jquery.scrollShow.js HTTP/1.1" 200 4586
186.80.182.93 - - [03/Apr/2015:16:12:35 -0500] "GET /galeria/galeria/jquery.fancybox.js?v=2.1.5 HTTP/1.1" 200 48706
186.80.182.93 - - [03/Apr/2015:16:12:36 -0500] "GET /BLA/boletinlegal/js/jquery.scrollTo-min.js HTTP/1.1" 200 1150
181.234.86.102 - - [03/Apr/2015:16:12:38 -0500] "GET /BLA/boletinlegal/js/jquery.scrollTo-min.js HTTP/1.1" 304 -
181.234.86.102 - - [03/Apr/2015:16:12:38 -0500] "GET /BLA/boletinlegal/js/jquery.scrollShow.js HTTP/1.1" 304 -
181.234.86.102 - - [03/Apr/2015:16:12:38 -0500] "GET /galeria/galeria/jquery.fancybox.js?v=2.1.5 HTTP/1.1" 304 -
181.234.86.102 - - [03/Apr/2015:16:12:38 -0500] "GET /galeria/galeria/jquery.fancybox.css?v=2.1.5 HTTP/1.1" 304 -
157.55.39.47 - - [03/Apr/2015:16:12:43 -0500] "GET /bla/resoluciones/resoluciones%202011/5149.pdf HTTP/1.1" 200 437249
157.55.39.37 - - [03/Apr/2015:16:12:47 -0500] "GET /bla/resoluciones/RESOLUCIONES%202009/8499.pdf HTTP/1.1" 200 326107
188.165.15.210 - - [03/Apr/2015:16:13:04 -0500] "GET /BLA/resoluciones/RESOLUCIONES%202005/RES%202005%202301-2350/00002330.tif HTTP/1.1" 200 739754
157.55.39.46 - - [03/Apr/2015:16:13:15 -0500] "GET /BLA/resoluciones/Autos%202008/1579.pdf HTTP/1.1" 200 140653
201.245.192.253 - - [03/Apr/2015:16:13:19 -0500] "GET /BLA/resoluciones/ HTTP/1.1" 200 7728
201.245.192.253 - - [03/Apr/2015:16:13:20 -0500] "GET /BLA/resoluciones/index.php?dir=AUTOS+2014%2F HTTP/1.1" 200 223125
207.46.13.5 - - [03/Apr/2015:16:13:21 -0500] "GET /BLA/resoluciones/RESOLUCIONES%202011/4898.pdf HTTP/1.1" 200 449283
201.245.192.253 - - [03/Apr/2015:16:13:22 -0500] "GET /BLA/resoluciones/AUTOS%202014/0079.pdf HTTP/1.1" 200 430945
188.165.15.210 - - [03/Apr/2015:16:13:29 -0500] "GET /BLA/resoluciones/RESOLUCIONES%202003/RES%202003%20001-050/2003RES1.tif HTTP/1.1" 200 65548
207.46.13.5 - - [03/Apr/2015:16:13:31 -0500] "GET /bla/resoluciones/RESOLUCIONES%202009/7875.pdf HTTP/1.1" 200 419834
188.165.15.210 - - [03/Apr/2015:16:13:34 -0500] "GET /BLA/resoluciones/RESOLUCIONES%202004/RES%202004%202351-2401/00002376.tif HTTP/1.1" 200 135952
157.55.39.37 - - [03/Apr/2015:16:13:35 -0500] "GET /BLA/resoluciones/AUTOS%202011/1610.pdf HTTP/1.1" 200 246125
157.55.39.37 - - [03/Apr/2015:16:13:36 -0500] "GET /bla/resoluciones/RESOLUCIONES%202009/1379.pdf HTTP/1.1" 200 691086
188.165.15.210 - - [03/Apr/2015:16:13:42 -0500] "GET /BLA/resoluciones/RESOLUCIONES%202006/RES%202006%20%202901-2950/INDEX.DAT HTTP/1.1" 200 2000
66.249.64.164 - - [03/Apr/2015:16:13:54 -0500] "GET /BLA/resoluciones/AUTOS%202013/0534.pdf HTTP/1.1" 200 903669
190.24.120.123 - - [03/Apr/2015:16:07:58 -0500] "GET /ForestMSG_SDA/channelAsync/template_word_17493135?X-Atmosphere-tracking-id=8e04387b-0dec-92f2-53d0-0bcd3725d325&X-Atmosphere-Framework=1.0.5&X-Atmosphere-Transport=long-polling&tabid=0.38001014315523207&X-Cache-Date=0&Content-Type=application/xml&_=1428095455557 HTTP/1.1" 200 8193
186.84.65.228 - - [03/Apr/2015:16:14:00 -0500] "POST /forms/lservlet;jsessionid=ac16012b30d6334d1465b9444f508fa7998aea33bce0.e3iSbxaKaheRe3eNbhaPbhuQa41ynknvrkLOlQzNp65In0 HTTP/1.1" 200 2
207.46.13.5 - - [03/Apr/2015:16:14:01 -0500] "GET /bla/resoluciones/RESOLUCIONES%202009/0523.pdf HTTP/1.1" 200 235692
207.46.13.5 - - [03/Apr/2015:16:14:01 -0500] "GET /bla/resoluciones/resoluciones%202010/0072.pdf HTTP/1.1" 200 519800
157.55.39.47 - - [03/Apr/2015:16:14:09 -0500] "GET /bla/resoluciones/RESOLUCIONES%202009/2158.pdf HTTP/1.1" 200 561571
207.46.13.5 - - [03/Apr/2015:16:14:31 -0500] "GET /bla/resoluciones/RESOLUCIONES%202009/7528.pdf HTTP/1.1" 200 499755
157.55.39.37 - - [03/Apr/2015:16:14:49 -0500] "GET /BLA/resoluciones/Autos%202008/1456.pdf HTTP/1.1" 200 99567
207.46.13.5 - - [03/Apr/2015:16:14:53 -0500] "GET /BLA/resoluciones/RESOLUCIONES%202011/5416.pdf HTTP/1.1" 200 497121
207.46.13.5 - - [03/Apr/2015:16:14:54 -0500] "GET /BLA/resoluciones/RESOLUCIONES%202011/2979.pdf HTTP/1.1" 200 733550
157.55.39.37 - - [03/Apr/2015:16:14:59 -0500] "GET /BLA/resoluciones/AUTOS%202011/6411.pdf HTTP/1.1" 200 188882
207.46.13.5 - - [03/Apr/2015:16:15:03 -0500] "GET /BLA/resoluciones/Autos%202008/1297.pdf HTTP/1.1" 200 208171
181.54.43.196 - - [03/Apr/2015:16:15:17 -0500] "GET /galeria/galeria/jquery.fancybox.css?v=2.1.5 HTTP/1.1" 200 4895
181.54.43.196 - - [03/Apr/2015:16:15:17 -0500] "GET /galeria/galeria/jquery.fancybox.js?v=2.1.5 HTTP/1.1" 200 48706
181.54.43.196 - - [03/Apr/2015:16:15:17 -0500] "GET /BLA/boletinlegal/js/jquery.scrollTo-min.js HTTP/1.1" 200 1150
181.54.43.196 - - [03/Apr/2015:16:15:17 -0500] "GET /BLA/boletinlegal/js/jquery.scrollShow.js HTTP/1.1" 200 4586
207.46.13.5 - - [03/Apr/2015:16:15:17 -0500] "GET /BLA/resoluciones/RESOLUCIONES%202009/7786.pdf HTTP/1.1" 200 493073
66.249.64.164 - - [03/Apr/2015:16:15:18 -0500] "GET /BLA/resoluciones/AUTOS%202012/0439.pdf HTTP/1.1" 304 -
181.54.43.196 - - [03/Apr/2015:16:15:20 -0500] "GET /BLA/boletinlegal/js/jquery.scrollShow.js HTTP/1.1" 304 -
181.54.43.196 - - [03/Apr/2015:16:15:20 -0500] "GET /BLA/boletinlegal/js/jquery.scrollTo-min.js HTTP/1.1" 304 -
181.54.43.196 - - [03/Apr/2015:16:15:20 -0500] "GET /galeria/galeria/jquery.fancybox.js?v=2.1.5 HTTP/1.1" 304 -
181.54.43.196 - - [03/Apr/2015:16:15:20 -0500] "GET /galeria/galeria/jquery.fancybox.css?v=2.1.5 HTTP/1.1" 304 -
157.55.39.46 - - [03/Apr/2015:16:15:24 -0500] "GET /bla/resoluciones/RESOLUCIONES%202009/1125.pdf HTTP/1.1" 200 486398
157.55.39.46 - - [03/Apr/2015:16:15:25 -0500] "GET /BLA/resoluciones/AUTOS%202009/2657.pdf HTTP/1.1" 200 86887
157.55.39.46 - - [03/Apr/2015:16:15:25 -0500] "GET /bla/resoluciones/resoluciones%202011/4775.pdf HTTP/1.1" 200 548102
157.55.39.37 - - [03/Apr/2015:16:15:27 -0500] "GET /BLA/resoluciones/Resoluciones%202011/5865.pdf HTTP/1.1" 200 655010
66.249.64.172 - - [03/Apr/2015:16:15:37 -0500] "GET /BLA/resoluciones/AUTOS%202009/0428.pdf HTTP/1.1" 200 354547
186.80.182.93 - - [03/Apr/2015:16:15:39 -0500] "GET /galeria/galeria/jquery.fancybox.js?v=2.1.5 HTTP/1.1" 206 1
186.80.182.93 - - [03/Apr/2015:16:15:39 -0500] "GET /galeria/galeria/jquery.fancybox.js?v=2.1.5 HTTP/1.1" 206 25822
74.86.158.107 - - [03/Apr/2015:16:15:40 -0500] "HEAD / HTTP/1.1" 302 -
186.84.136.149 - - [03/Apr/2015:16:15:41 -0500] "GET /BLA/resoluciones/RESOLUCIONES%202009/3571.pdf HTTP/1.1" 200 816298
186.84.136.149 - - [03/Apr/2015:16:15:41 -0500] "GET /BLA/resoluciones/RESOLUCIONES%202009/3571.pdf HTTP/1.1" 206 32768
186.84.136.149 - - [03/Apr/2015:16:15:41 -0500] "GET /BLA/resoluciones/RESOLUCIONES%202009/3571.pdf HTTP/1.1" 206 783530
186.84.136.149 - - [03/Apr/2015:16:15:43 -0500] "GET /favicon.ico HTTP/1.1" 200 7782
157.55.39.47 - - [03/Apr/2015:16:15:56 -0500] "GET /BLA/resoluciones/Resoluciones%202011/5886.pdf HTTP/1.1" 200 505577
186.84.65.228 - - [03/Apr/2015:16:16:00 -0500] "POST /forms/lservlet;jsessionid=ac16012b30d6334d1465b9444f508fa7998aea33bce0.e3iSbxaKaheRe3eNbhaPbhuQa41ynknvrkLOlQzNp65In0 HTTP/1.1" 200 2
186.80.182.93 - - [03/Apr/2015:16:16:06 -0500] "GET /galeria/galeria/jquery.fancybox.css?v=2.1.5 HTTP/1.1" 206 1
186.80.182.93 - - [03/Apr/2015:16:16:06 -0500] "GET /BLA/boletinlegal/js/jquery.scrollShow.js HTTP/1.1" 304 -
186.80.182.93 - - [03/Apr/2015:16:16:06 -0500] "GET /BLA/boletinlegal/js/jquery.scrollTo-min.js HTTP/1.1" 304 -
186.80.182.93 - - [03/Apr/2015:16:16:06 -0500] "GET /galeria/galeria/jquery.fancybox.js?v=2.1.5 HTTP/1.1" 304 -
186.80.182.93 - - [03/Apr/2015:16:16:06 -0500] "GET /galeria/galeria/jquery.fancybox.css?v=2.1.5 HTTP/1.1" 206 821
207.46.13.5 - - [03/Apr/2015:16:16:11 -0500] "GET /BLA/resoluciones/Autos%202008/2787.pdf HTTP/1.1" 200 105580
181.130.204.183 - - [03/Apr/2015:16:16:11 -0500] "GET /BLA/boletinlegal/js/jquery.scrollTo-min.js HTTP/1.1" 200 1150
181.130.204.183 - - [03/Apr/2015:16:16:11 -0500] "GET /BLA/boletinlegal/js/jquery.scrollShow.js HTTP/1.1" 200 4586
181.130.204.183 - - [03/Apr/2015:16:16:11 -0500] "GET /galeria/galeria/jquery.fancybox.css?v=2.1.5 HTTP/1.1" 200 4895
181.130.204.183 - - [03/Apr/2015:16:16:11 -0500] "GET /galeria/galeria/jquery.fancybox.js?v=2.1.5 HTTP/1.1" 200 48706
181.130.204.183 - - [03/Apr/2015:16:16:19 -0500] "GET /galeria/galeria/jquery.fancybox.css?v=2.1.5 HTTP/1.1" 304 -
181.130.204.183 - - [03/Apr/2015:16:16:19 -0500] "GET /BLA/boletinlegal/js/jquery.scrollTo-min.js HTTP/1.1" 304 -
181.130.204.183 - - [03/Apr/2015:16:16:19 -0500] "GET /BLA/boletinlegal/js/jquery.scrollShow.js HTTP/1.1" 304 -
181.130.204.183 - - [03/Apr/2015:16:16:19 -0500] "GET /galeria/galeria/jquery.fancybox.js?v=2.1.5 HTTP/1.1" 304 -
207.46.13.5 - - [03/Apr/2015:16:16:26 -0500] "GET /bla/resoluciones/resoluciones%202010/1095.pdf HTTP/1.1" 200 98647
207.46.13.5 - - [03/Apr/2015:16:16:26 -0500] "GET /bla/resoluciones/resoluciones%202011/4926.pdf HTTP/1.1" 200 351059
207.46.13.5 - - [03/Apr/2015:16:16:27 -0500] "GET /bla/resoluciones/RESOLUCIONES%202009/0884.pdf HTTP/1.1" 200 722089
200.234.196.55 - - [03/Apr/2015:16:16:58 -0500] "GET /wp-admin/ HTTP/1.1" 404 1018
207.46.13.5 - - [03/Apr/2015:16:17:06 -0500] "GET /BLA/resoluciones/Autos%202008/3057.pdf HTTP/1.1" 200 65481
190.24.120.123 - - [03/Apr/2015:16:17:11 -0500] "GET /forest/session.jsp?a=0.377111995825544 HTTP/1.1" 200 4
190.24.120.123 - - [03/Apr/2015:16:17:13 -0500] "GET /forest/skins/gdocs-jar/popup/escritorio/subirborrador.jsp?form=Correspondencia_Revisar_Aprobar&codTpl=&codBorr=551437&a=0.260490205604583 HTTP/1.1" 200 23292
190.24.120.123 - - [03/Apr/2015:16:17:13 -0500] "GET /forest/json.do?query=borradoresByTpls&codInst=2952578&codTare=697&firma=0&a=0.6084197890013456 HTTP/1.1" 200 178
190.24.120.123 - - [03/Apr/2015:16:17:14 -0500] "GET /forest/json.do?query=plantillasByTarea&codTare=697&codInst=2952578&firma=0&a=0.7706100444775075 HTTP/1.1" 200 904
190.24.120.123 - - [03/Apr/2015:16:17:14 -0500] "GET /forest/json.do?query=terceroById&numTer=19277025&a=0.07394255977123976 HTTP/1.1" 200 644
190.24.120.123 - - [03/Apr/2015:16:17:14 -0500] "GET /forest/json.do?query=datosBorradorByCodTraBorr&codTraBorr=1640632&a=0.14887393941171467 HTTP/1.1" 200 180
190.24.120.123 - - [03/Apr/2015:16:17:14 -0500] "GET /forest/json.do?query=adjuntosByBorrador&codTraBorr=1640632&a=0.0517132836394012 HTTP/1.1" 200 2
190.24.120.123 - - [03/Apr/2015:16:17:14 -0500] "GET /forest/json.do?query=ultimoBorradorByTpl&codTpl=621&codInst=2952578&a=0.40897826105356216 HTTP/1.1" 200 2
190.24.120.123 - - [03/Apr/2015:16:17:14 -0500] "GET /forest/json.do?query=ultimoBorradorByTpl&codTpl=1201&codInst=2952578&a=0.6723781484179199 HTTP/1.1" 200 2
190.24.120.123 - - [03/Apr/2015:16:17:14 -0500] "GET /forest/json.do?query=ultimoBorradorByTpl&codTpl=641&codInst=2952578&a=0.8224736179690808 HTTP/1.1" 200 20
190.24.120.123 - - [03/Apr/2015:16:17:14 -0500] "GET /forest/json.do?query=ultimoBorradorByTpl&codTpl=901&codInst=2952578&a=0.21070854156278074 HTTP/1.1" 200 2
190.24.120.123 - - [03/Apr/2015:16:17:14 -0500] "GET /forest/json.do?query=ultimoBorradorByTpl&codTpl=501&codInst=2952578&a=0.02755380771122873 HTTP/1.1" 200 2
190.24.120.123 - - [03/Apr/2015:16:17:15 -0500] "GET /forest/json.do?query=ultimoBorradorByTpl&codTpl=1301&codInst=2952578&a=0.6422952986322343 HTTP/1.1" 200 2
207.46.13.5 - - [03/Apr/2015:16:17:16 -0500] "GET /BLA/resoluciones/Autos%202008/2701.pdf HTTP/1.1" 200 112753
66.249.64.172 - - [03/Apr/2015:16:17:21 -0500] "GET /BLA/resoluciones/AUTOS%202007/3551.pdf HTTP/1.1" 200 131252
157.55.39.47 - - [03/Apr/2015:16:17:28 -0500] "GET /BLA/resoluciones/RESOLUCIONES%202007/RES%202007%20201%20AL%20300/RESOLUCION%200221%20DE%202007.pdf HTTP/1.1" 200 275820
190.24.120.123 - - [03/Apr/2015:16:17:30 -0500] "POST /forest/usutareas.do?group_system_actual=3 HTTP/1.1" 200 195
207.46.13.5 - - [03/Apr/2015:16:17:32 -0500] "GET /BLA/resoluciones/AUTOS%202007/3794.pdf HTTP/1.1" 200 260159
207.46.13.5 - - [03/Apr/2015:16:17:32 -0500] "GET /bla/resoluciones/autos%202010/6745.pdf HTTP/1.1" 200 174364
190.24.120.123 - - [03/Apr/2015:16:17:36 -0500] "GET /forest/usutareas.do?group_system_actual=3&a=0.46396789350546896 HTTP/1.1" 200 135541
190.24.120.123 - - [03/Apr/2015:16:13:58 -0500] "GET /ForestMSG_SDA/channelAsync/template_word_17493135?X-Atmosphere-tracking-id=8e04387b-0dec-92f2-53d0-0bcd3725d325&X-Atmosphere-Framework=1.0.5&X-Atmosphere-Transport=long-polling&tabid=0.38001014315523207&X-Cache-Date=0&Content-Type=application/xml&_=1428095815624 HTTP/1.1" 200 8193
190.24.120.123 - - [03/Apr/2015:16:17:38 -0500] "GET /forest/session.jsp?a=0.33365167933516204 HTTP/1.1" 200 4
207.46.13.5 - - [03/Apr/2015:16:17:46 -0500] "GET /BLA/resoluciones/AUTOS%202007/1477.pdf HTTP/1.1" 200 41614
181.61.83.52 - - [03/Apr/2015:16:17:46 -0500] "GET /galeria/galeria/jquery.fancybox.css?v=2.1.5 HTTP/1.1" 200 4895
181.61.83.52 - - [03/Apr/2015:16:17:46 -0500] "GET /BLA/boletinlegal/js/jquery.scrollTo-min.js HTTP/1.1" 200 1150
181.61.83.52 - - [03/Apr/2015:16:17:46 -0500] "GET /BLA/boletinlegal/js/jquery.scrollShow.js HTTP/1.1" 200 4586
181.61.83.52 - - [03/Apr/2015:16:17:46 -0500] "GET /galeria/galeria/jquery.fancybox.js?v=2.1.5 HTTP/1.1" 200 48706
207.46.13.5 - - [03/Apr/2015:16:17:46 -0500] "GET /BLA/resoluciones/AUTOS%202007/1952.pdf HTTP/1.1" 200 91060
180.76.5.151 - - [03/Apr/2015:16:17:56 -0500] "GET /BLA/resoluciones/RESOLUCIONES%202014/1258.pdf HTTP/1.1" 200 1321902
186.84.65.228 - - [03/Apr/2015:16:18:00 -0500] "POST /forms/lservlet;jsessionid=ac16012b30d6334d1465b9444f508fa7998aea33bce0.e3iSbxaKaheRe3eNbhaPbhuQa41ynknvrkLOlQzNp65In0 HTTP/1.1" 200 2
207.46.13.5 - - [03/Apr/2015:16:18:01 -0500] "GET /bla/resoluciones/RESOLUCIONES%202009/8961.pdf HTTP/1.1" 200 401400
181.61.83.52 - - [03/Apr/2015:16:18:05 -0500] "GET /BLA/boletinlegal/js/jquery.scrollTo-min.js HTTP/1.1" 304 -
181.61.83.52 - - [03/Apr/2015:16:18:05 -0500] "GET /galeria/galeria/jquery.fancybox.js?v=2.1.5 HTTP/1.1" 304 -
181.61.83.52 - - [03/Apr/2015:16:18:05 -0500] "GET /BLA/boletinlegal/js/jquery.scrollShow.js HTTP/1.1" 304 -
181.61.83.52 - - [03/Apr/2015:16:18:06 -0500] "GET /galeria/galeria/jquery.fancybox.css?v=2.1.5 HTTP/1.1" 304 -
207.46.13.5 - - [03/Apr/2015:16:18:06 -0500] "GET /bla/resoluciones/autos%202010/0476.pdf HTTP/1.1" 200 233117
188.165.15.210 - - [03/Apr/2015:16:18:07 -0500] "GET /BLA/resoluciones/RESOLUCIONES%202005/RES%202005%20251-300/00000286.tif HTTP/1.1" 200 122890
188.165.15.210 - - [03/Apr/2015:16:18:09 -0500] "GET /BLA/resoluciones/RESOLUCIONES%202003/RES%202003%20401-450/444.tif HTTP/1.1" 200 155068
200.119.116.54 - - [03/Apr/2015:16:18:12 -0500] "GET /BLA/resoluciones/RESOLUCIONES%202014/0933.pdf HTTP/1.1" 200 527407
200.119.116.54 - - [03/Apr/2015:16:18:13 -0500] "GET /BLA/resoluciones/RESOLUCIONES%202014/0933.pdf HTTP/1.1" 206 32768
200.119.116.54 - - [03/Apr/2015:16:18:15 -0500] "GET /BLA/resoluciones/RESOLUCIONES%202014/0933.pdf HTTP/1.1" 206 494639
200.119.116.54 - - [03/Apr/2015:16:18:18 -0500] "GET /favicon.ico HTTP/1.1" 200 7782
207.46.13.5 - - [03/Apr/2015:16:18:21 -0500] "GET /BLA/resoluciones/AUTOS%202007/0913.pdf HTTP/1.1" 200 163425
207.46.13.5 - - [03/Apr/2015:16:18:31 -0500] "GET /bla/resoluciones/RESOLUCIONES%202009/9569.pdf HTTP/1.1" 200 332654
66.249.64.168 - - [03/Apr/2015:16:18:34 -0500] "GET /Autoliquidacion/TR%C3%81MITES%20AGUAS%20SUBTERR%C3%81NEAS/126PM04-PR92-%20PERMISO%20EXPLORACI%C3%93N%20AGUAS%20SUBTERRANEAS/ HTTP/1.1" 200 1507
207.46.13.5 - - [03/Apr/2015:16:18:56 -0500] "GET /bla/resoluciones/resoluciones%202011/4479.pdf HTTP/1.1" 200 505542
66.249.64.172 - - [03/Apr/2015:16:19:05 -0500] "GET /BLA/resoluciones/AUTOS%202011/4091.pdf HTTP/1.1" 200 235929
190.24.120.123 - - [03/Apr/2015:16:19:16 -0500] "GET /forest/actions/forms.getList?codForm=Correspondencia_Revisar_Aprobar&id=funcionariofirma&text=s HTTP/1.1" 200 1239
190.24.120.123 - - [03/Apr/2015:16:19:16 -0500] "GET /forest/actions/forms.getList?codForm=Correspondencia_Revisar_Aprobar&id=funcionariofirma&text=sa HTTP/1.1" 200 1259
190.24.120.123 - - [03/Apr/2015:16:19:17 -0500] "GET /forest/actions/forms.getList?codForm=Correspondencia_Revisar_Aprobar&id=funcionariofirma&text=san HTTP/1.1" 200 1255
190.24.120.123 - - [03/Apr/2015:16:19:17 -0500] "GET /forest/actions/forms.getList?codForm=Correspondencia_Revisar_Aprobar&id=funcionariofirma&text=sand HTTP/1.1" 200 1303
190.24.120.123 - - [03/Apr/2015:16:19:17 -0500] "GET /forest/actions/forms.getList?codForm=Correspondencia_Revisar_Aprobar&id=funcionariofirma&text=sandr HTTP/1.1" 200 1300
190.24.120.123 - - [03/Apr/2015:16:19:17 -0500] "GET /forest/actions/forms.getList?codForm=Correspondencia_Revisar_Aprobar&id=funcionariofirma&text=sandra HTTP/1.1" 200 1300
190.24.120.123 - - [03/Apr/2015:16:19:18 -0500] "GET /forest/actions/forms.getList?codForm=Correspondencia_Revisar_Aprobar&id=funcionariofirma&text=sandra. HTTP/1.1" 200 1312
190.24.120.123 - - [03/Apr/2015:16:19:19 -0500] "GET /forest/actions/forms.getList?codForm=Correspondencia_Revisar_Aprobar&id=funcionariofirma&text=sandra.m HTTP/1.1" 200 546
190.24.120.123 - - [03/Apr/2015:16:19:19 -0500] "GET /forest/actions/forms.getList?codForm=Correspondencia_Revisar_Aprobar&id=funcionariofirma&text=sandra.mo HTTP/1.1" 200 351
190.24.120.123 - - [03/Apr/2015:16:19:19 -0500] "GET /forest/actions/forms.getList?codForm=Correspondencia_Revisar_Aprobar&id=funcionariofirma&text=sandra.mon HTTP/1.1" 200 214
190.24.120.123 - - [03/Apr/2015:16:19:19 -0500] "GET /forest/actions/forms.getList?codForm=Correspondencia_Revisar_Aprobar&id=funcionariofirma&text=sandra.mont HTTP/1.1" 200 147
152.200.54.198 - - [03/Apr/2015:16:19:20 -0500] "GET /galeria/galeria/jquery.fancybox.css?v=2.1.5 HTTP/1.1" 200 4895
152.200.54.198 - - [03/Apr/2015:16:19:20 -0500] "GET /BLA/boletinlegal/js/jquery.scrollShow.js HTTP/1.1" 200 4586
152.200.54.198 - - [03/Apr/2015:16:19:20 -0500] "GET /BLA/boletinlegal/js/jquery.scrollTo-min.js HTTP/1.1" 200 1150
190.24.120.123 - - [03/Apr/2015:16:19:20 -0500] "GET /forest/actions/forms.getList?codForm=Correspondencia_Revisar_Aprobar&id=funcionariofirma&text=sandra.monto HTTP/1.1" 200 72
152.200.54.198 - - [03/Apr/2015:16:19:20 -0500] "GET /galeria/galeria/jquery.fancybox.js?v=2.1.5 HTTP/1.1" 200 48706
190.24.120.123 - - [03/Apr/2015:16:19:20 -0500] "GET /forest/actions/forms.getList?codForm=Correspondencia_Revisar_Aprobar&id=funcionariofirma&text=sandra.montoy HTTP/1.1" 200 72
190.24.120.123 - - [03/Apr/2015:16:19:20 -0500] "GET /forest/actions/forms.getList?codForm=Correspondencia_Revisar_Aprobar&id=funcionariofirma&text=sandra.montoya HTTP/1.1" 200 72
190.24.120.123 - - [03/Apr/2015:16:19:27 -0500] "POST /forest/usutareas.do? HTTP/1.1" 200 76
152.200.54.198 - - [03/Apr/2015:16:19:30 -0500] "GET /galeria/galeria/jquery.fancybox.css?v=2.1.5 HTTP/1.1" 304 -
152.200.54.198 - - [03/Apr/2015:16:19:30 -0500] "GET /BLA/boletinlegal/js/jquery.scrollTo-min.js HTTP/1.1" 304 -
152.200.54.198 - - [03/Apr/2015:16:19:30 -0500] "GET /BLA/boletinlegal/js/jquery.scrollShow.js HTTP/1.1" 304 -
152.200.54.198 - - [03/Apr/2015:16:19:30 -0500] "GET /galeria/galeria/jquery.fancybox.js?v=2.1.5 HTTP/1.1" 304 -
190.24.120.123 - - [03/Apr/2015:16:19:32 -0500] "GET /forest/usutareas.do?group_system_actual=3&a=0.8829499781131744 HTTP/1.1" 200 20906
190.24.120.123 - - [03/Apr/2015:16:19:32 -0500] "GET /forest/session.jsp?a=0.4318002804648131 HTTP/1.1" 200 4
157.55.39.47 - - [03/Apr/2015:16:19:35 -0500] "GET /BLA/resoluciones/RESOLUCIONES%202009/9345.pdf HTTP/1.1" 200 497051
157.55.39.47 - - [03/Apr/2015:16:19:35 -0500] "GET /BLA/resoluciones/Autos%202008/1060.pdf HTTP/1.1" 200 80082
207.46.13.5 - - [03/Apr/2015:16:19:52 -0500] "GET /BLA/resoluciones/RESOLUCIONES%202013/2342.pdf HTTP/1.1" 200 950409
207.46.13.5 - - [03/Apr/2015:16:19:54 -0500] "GET /BLA/resoluciones/Autos%202008/1487.pdf HTTP/1.1" 200 199583
190.24.120.123 - - [03/Apr/2015:16:19:59 -0500] "GET /forest/misactividades.do?_a=0.31417116010561585&group_system_actual=3 HTTP/1.1" 200 38925
190.24.120.123 - - [03/Apr/2015:16:20:00 -0500] "GET /forest/session.jsp?a=0.16514220158569515 HTTP/1.1" 200 4
186.84.65.228 - - [03/Apr/2015:16:20:01 -0500] "POST /forms/lservlet;jsessionid=ac16012b30d6334d1465b9444f508fa7998aea33bce0.e3iSbxaKaheRe3eNbhaPbhuQa41ynknvrkLOlQzNp65In0 HTTP/1.1" 200 2
190.24.120.123 - - [03/Apr/2015:16:20:00 -0500] "POST /forest/misactividades.do?ajax=true&a=0.2570656791795045 HTTP/1.1" 200 92426
186.155.130.152 - - [03/Apr/2015:16:20:02 -0500] "GET /isolucionsda/Session.asp HTTP/1.1" 200 6199
207.46.13.5 - - [03/Apr/2015:16:20:02 -0500] "GET /bla/resoluciones/resoluciones%202011/5346.pdf HTTP/1.1" 200 574374
17.142.152.138 - - [03/Apr/2015:16:20:03 -0500] "GET / HTTP/1.1" 302 -
190.158.122.126 - - [03/Apr/2015:16:20:19 -0500] "GET /BLA/boletinlegal/js/jquery.scrollTo-min.js HTTP/1.1" 200 1150
190.158.122.126 - - [03/Apr/2015:16:20:20 -0500] "GET /BLA/boletinlegal/js/jquery.scrollShow.js HTTP/1.1" 200 4586
190.158.122.126 - - [03/Apr/2015:16:20:20 -0500] "GET /galeria/galeria/jquery.fancybox.css?v=2.1.5 HTTP/1.1" 200 4895
190.158.122.126 - - [03/Apr/2015:16:20:20 -0500] "GET /galeria/galeria/jquery.fancybox.js?v=2.1.5 HTTP/1.1" 200 48706
186.155.130.152 - - [03/Apr/2015:16:20:22 -0500] "GET /isolucionsda/g/Bot_SiguienteOver.jpg HTTP/1.1" 200 1668
190.158.122.126 - - [03/Apr/2015:16:20:22 -0500] "GET /galeria/carrusel/Carrusel/jquery.thumbnailScroller.css HTTP/1.1" 200 2066
190.158.122.126 - - [03/Apr/2015:16:20:22 -0500] "GET /galeria/carrusel/Carrusel/jquery-ui-1.8.13.custom.min.js HTTP/1.1" 200 10800
190.158.122.126 - - [03/Apr/2015:16:20:22 -0500] "GET /galeria/carrusel/Carrusel/jquery.thumbnailScroller.js HTTP/1.1" 200 8157
190.158.122.126 - - [03/Apr/2015:16:20:35 -0500] "GET /galeria/nivo-slider/demo/demo.html HTTP/1.1" 200 4196
74.86.158.107 - - [03/Apr/2015:16:20:40 -0500] "HEAD / HTTP/1.1" 302 -
190.158.122.126 - - [03/Apr/2015:16:20:40 -0500] "GET /galeria/nivo-slider/themes/default/default.css HTTP/1.1" 200 1569
190.158.122.126 - - [03/Apr/2015:16:20:40 -0500] "GET /galeria/nivo-slider/themes/pascal/pascal.css HTTP/1.1" 200 2258
190.158.122.126 - - [03/Apr/2015:16:20:40 -0500] "GET /galeria/nivo-slider/themes/orman/orman.css HTTP/1.1" 200 2152
190.158.122.126 - - [03/Apr/2015:16:20:40 -0500] "GET /galeria/nivo-slider/demo/style.css HTTP/1.1" 200 2222
190.158.122.126 - - [03/Apr/2015:16:20:40 -0500] "GET /galeria/nivo-slider/demo/scripts/jquery-1.7.1.min.js HTTP/1.1" 200 93868
190.158.122.126 - - [03/Apr/2015:16:20:40 -0500] "GET /galeria/nivo-slider/nivo-slider.css HTTP/1.1" 200 1507
190.158.122.126 - - [03/Apr/2015:16:20:40 -0500] "GET /galeria/nivo-slider/demo/images/no-sea-victima.jpg HTTP/1.1" 200 254155
190.158.122.126 - - [03/Apr/2015:16:20:40 -0500] "GET /galeria/nivo-slider/demo/images/Licitaciones-proyecto-paramo.jpg HTTP/1.1" 200 221877
190.158.122.126 - - [03/Apr/2015:16:20:40 -0500] "GET /galeria/nivo-slider/demo/images/Banner-decreto1299.jpg HTTP/1.1" 200 182613
190.158.122.126 - - [03/Apr/2015:16:20:40 -0500] "GET /galeria/nivo-slider/demo/images/Banner-semana-santa.jpg HTTP/1.1" 200 350491
66.249.64.172 - - [03/Apr/2015:16:20:48 -0500] "GET /BLA/resoluciones/AUTOS%202014/1920.pdf HTTP/1.1" 200 222388
207.46.13.5 - - [03/Apr/2015:16:20:51 -0500] "GET /BLA/resoluciones/AUTOS%202007/2096.pdf HTTP/1.1" 200 160005
190.24.120.123 - - [03/Apr/2015:16:20:53 -0500] "GET /forest/usutareas.do?_a=0.006721731973811984&group_system_actual=3 HTTP/1.1" 200 137805
190.24.120.123 - - [03/Apr/2015:16:20:55 -0500] "GET /forest/session.jsp?a=0.8050881000235677 HTTP/1.1" 200 4
188.165.15.210 - - [03/Apr/2015:16:20:56 -0500] "GET /BLA/resoluciones/RESOLUCIONES%202006/RES%202006%202351-2400/00002383.tif HTTP/1.1" 200 160042
190.158.122.126 - - [03/Apr/2015:16:21:00 -0500] "GET /BLA/boletinlegal/js/jquery.scrollShow.js HTTP/1.1" 304 -
190.158.122.126 - - [03/Apr/2015:16:21:00 -0500] "GET /galeria/galeria/jquery.fancybox.js?v=2.1.5 HTTP/1.1" 304 -
190.158.122.126 - - [03/Apr/2015:16:21:00 -0500] "GET /galeria/galeria/jquery.fancybox.css?v=2.1.5 HTTP/1.1" 304 -
190.158.122.126 - - [03/Apr/2015:16:21:00 -0500] "GET /BLA/boletinlegal/js/jquery.scrollTo-min.js HTTP/1.1" 304 -
190.157.55.74 - - [03/Apr/2015:16:21:11 -0500] "GET /galeria/galeria/jquery.fancybox.css?v=2.1.5 HTTP/1.1" 200 4895
190.157.55.74 - - [03/Apr/2015:16:21:11 -0500] "GET /BLA/boletinlegal/js/jquery.scrollShow.js HTTP/1.1" 200 4586
190.157.55.74 - - [03/Apr/2015:16:21:11 -0500] "GET /BLA/boletinlegal/js/jquery.scrollTo-min.js HTTP/1.1" 200 1150
190.157.55.74 - - [03/Apr/2015:16:21:11 -0500] "GET /galeria/galeria/jquery.fancybox.js?v=2.1.5 HTTP/1.1" 200 48706
157.55.39.46 - - [03/Apr/2015:16:21:12 -0500] "GET /BLA/resoluciones/Autos%202008/1736.pdf HTTP/1.1" 200 188816
190.157.55.74 - - [03/Apr/2015:16:21:19 -0500] "GET /galeria/galeria/jquery.fancybox.css?v=2.1.5 HTTP/1.1" 304 -
190.157.55.74 - - [03/Apr/2015:16:21:19 -0500] "GET /BLA/boletinlegal/js/jquery.scrollShow.js HTTP/1.1" 304 -
190.157.55.74 - - [03/Apr/2015:16:21:19 -0500] "GET /BLA/boletinlegal/js/jquery.scrollTo-min.js HTTP/1.1" 304 -
190.157.55.74 - - [03/Apr/2015:16:21:19 -0500] "GET /galeria/galeria/jquery.fancybox.js?v=2.1.5 HTTP/1.1" 304 -
207.46.13.5 - - [03/Apr/2015:16:21:31 -0500] "GET /bla/resoluciones/RESOLUCIONES%202011/5632.pdf HTTP/1.1" 200 499811
190.158.122.126 - - [03/Apr/2015:16:21:31 -0500] "GET /BLA/boletinlegal/js/jquery.scrollTo-min.js HTTP/1.1" 200 1150
190.158.122.126 - - [03/Apr/2015:16:21:31 -0500] "GET /BLA/boletinlegal/js/jquery.scrollShow.js HTTP/1.1" 200 4586
190.158.122.126 - - [03/Apr/2015:16:21:31 -0500] "GET /galeria/galeria/jquery.fancybox.js?v=2.1.5 HTTP/1.1" 200 48706
190.158.122.126 - - [03/Apr/2015:16:21:31 -0500] "GET /galeria/galeria/jquery.fancybox.css?v=2.1.5 HTTP/1.1" 200 4895
207.46.13.5 - - [03/Apr/2015:16:21:31 -0500] "GET /BLA/resoluciones/AUTOS%202007/2658.pdf HTTP/1.1" 200 290658
190.158.122.126 - - [03/Apr/2015:16:21:33 -0500] "GET /galeria/carrusel/Carrusel/jquery.thumbnailScroller.css HTTP/1.1" 200 2066
190.158.122.126 - - [03/Apr/2015:16:21:33 -0500] "GET /galeria/carrusel/Carrusel/jquery-ui-1.8.13.custom.min.js HTTP/1.1" 200 10800
190.158.122.126 - - [03/Apr/2015:16:21:33 -0500] "GET /galeria/carrusel/Carrusel/jquery.thumbnailScroller.js HTTP/1.1" 200 8157
157.55.39.37 - - [03/Apr/2015:16:21:38 -0500] "GET /BLA/resoluciones/Autos%202008/1279.pdf HTTP/1.1" 200 77104
66.249.64.172 - - [03/Apr/2015:16:21:40 -0500] "GET /BLA/resoluciones/RESOLUCIONES%202010/2276.pdf HTTP/1.1" 200 349140
190.158.122.126 - - [03/Apr/2015:16:21:43 -0500] "GET /galeria/nivo-slider/demo/demo.html HTTP/1.1" 200 4196
190.158.122.126 - - [03/Apr/2015:16:21:49 -0500] "GET /galeria/nivo-slider/themes/default/default.css HTTP/1.1" 200 1569
190.158.122.126 - - [03/Apr/2015:16:21:49 -0500] "GET /galeria/nivo-slider/themes/pascal/pascal.css HTTP/1.1" 200 2258
190.158.122.126 - - [03/Apr/2015:16:21:49 -0500] "GET /galeria/nivo-slider/themes/orman/orman.css HTTP/1.1" 200 2152
190.158.122.126 - - [03/Apr/2015:16:21:49 -0500] "GET /galeria/nivo-slider/nivo-slider.css HTTP/1.1" 200 1507
190.158.122.126 - - [03/Apr/2015:16:21:49 -0500] "GET /galeria/nivo-slider/demo/style.css HTTP/1.1" 200 2222
190.158.122.126 - - [03/Apr/2015:16:21:49 -0500] "GET /galeria/nivo-slider/demo/scripts/jquery-1.7.1.min.js HTTP/1.1" 200 93868
190.158.122.126 - - [03/Apr/2015:16:21:49 -0500] "GET /galeria/nivo-slider/demo/images/Banner-semana-santa.jpg HTTP/1.1" 200 350491
190.158.122.126 - - [03/Apr/2015:16:21:49 -0500] "GET /galeria/nivo-slider/demo/images/no-sea-victima.jpg HTTP/1.1" 200 254155
190.158.122.126 - - [03/Apr/2015:16:21:49 -0500] "GET /galeria/nivo-slider/demo/images/Licitaciones-proyecto-paramo.jpg HTTP/1.1" 200 221877
66.249.64.168 - - [03/Apr/2015:16:21:50 -0500] "GET /PruebasSTORM/StormSDA_pruebas/userFiles/user_files/formulas/4/ HTTP/1.1" 200 904
190.158.122.126 - - [03/Apr/2015:16:21:50 -0500] "GET /galeria/nivo-slider/demo/images/Banner-Directorio.jpg HTTP/1.1" 200 182068
190.158.122.126 - - [03/Apr/2015:16:21:49 -0500] "GET /galeria/nivo-slider/demo/images/Banner-decreto1299.jpg HTTP/1.1" 200 182613
190.158.122.126 - - [03/Apr/2015:16:21:55 -0500] "GET /galeria/nivo-slider/demo/images/banner-V2.jpg HTTP/1.1" 200 167020
207.46.13.5 - - [03/Apr/2015:16:21:57 -0500] "GET /BLA/resoluciones/AUTOS%202011/6816.pdf HTTP/1.1" 200 225352
190.158.122.126 - - [03/Apr/2015:16:21:57 -0500] "GET /galeria/nivo-slider/demo/images/bolsas-06.jpg HTTP/1.1" 200 90982
190.158.122.126 - - [03/Apr/2015:16:21:58 -0500] "GET /galeria/nivo-slider/demo/images/bolsas-08.jpg HTTP/1.1" 200 85589
190.158.122.126 - - [03/Apr/2015:16:20:40 -0500] "GET /galeria/nivo-slider/demo/images/Banner-Directorio.jpg HTTP/1.1" 200 182068
186.84.65.228 - - [03/Apr/2015:16:22:01 -0500] "POST /forms/lservlet;jsessionid=ac16012b30d6334d1465b9444f508fa7998aea33bce0.e3iSbxaKaheRe3eNbhaPbhuQa41ynknvrkLOlQzNp65In0 HTTP/1.1" 200 2
190.158.122.126 - - [03/Apr/2015:16:22:05 -0500] "GET /galeria/nivo-slider/jquery.nivo.slider.pack.js HTTP/1.1" 200 11561
190.158.122.126 - - [03/Apr/2015:16:22:05 -0500] "GET /galeria/nivo-slider/demo/images/4Simple_Slider.png HTTP/1.1" 200 11722
190.158.122.126 - - [03/Apr/2015:16:22:05 -0500] "GET /galeria/nivo-slider/themes/default/loading.gif HTTP/1.1" 200 1737
190.158.122.126 - - [03/Apr/2015:16:22:05 -0500] "GET /galeria/nivo-slider/demo/images/no-sea-victima.jpg HTTP/1.1" 200 254155
190.158.122.126 - - [03/Apr/2015:16:22:05 -0500] "GET /galeria/nivo-slider/demo/images/Convocatoria_recicladores.jpg HTTP/1.1" 200 213976
190.158.122.126 - - [03/Apr/2015:16:22:05 -0500] "GET /galeria/nivo-slider/demo/images/banner-V2.jpg HTTP/1.1" 200 167020
190.158.122.126 - - [03/Apr/2015:16:22:05 -0500] "GET /galeria/nivo-slider/demo/images/bolsas-06.jpg HTTP/1.1" 200 90982
190.158.122.126 - - [03/Apr/2015:16:22:05 -0500] "GET /galeria/nivo-slider/demo/images/bolsas-08.jpg HTTP/1.1" 200 85589
190.158.122.126 - - [03/Apr/2015:16:22:05 -0500] "GET /galeria/nivo-slider/demo/images/Conoce-los-humedales.jpg HTTP/1.1" 200 294036
190.158.122.126 - - [03/Apr/2015:16:22:05 -0500] "GET /galeria/nivo-slider/demo/images/ecolecta-Dic2014.png HTTP/1.1" 200 288593
190.158.122.126 - - [03/Apr/2015:16:22:05 -0500] "GET /galeria/nivo-slider/demo/images/redes_sociales.jpg HTTP/1.1" 200 415652
190.158.122.126 - - [03/Apr/2015:16:22:08 -0500] "GET /galeria/nivo-slider/demo/images/Tingua-azul.jpg HTTP/1.1" 200 307638
190.158.122.126 - - [03/Apr/2015:16:22:09 -0500] "GET /galeria/nivo-slider/demo/images/9Signos.jpg HTTP/1.1" 200 81776
207.46.13.5 - - [03/Apr/2015:16:22:11 -0500] "GET /bla/resoluciones/resoluciones%202011/5883.pdf HTTP/1.1" 200 1490910
207.46.13.5 - - [03/Apr/2015:16:22:12 -0500] "GET /BLA/resoluciones/AUTOS%202011/6500.pdf HTTP/1.1" 200 195785
207.46.13.5 - - [03/Apr/2015:16:22:12 -0500] "GET /videos/16deEnero.mp3 HTTP/1.1" 200 6263434
186.155.130.152 - - [03/Apr/2015:16:22:14 -0500] "GET /isolucionsda/FramesetArticulo.asp?Pagina=BancoConocimiento%2FA%2FAtencionarequerimientos%5Fsolicitudes%5Fquejasyderechosdepeticion%5Frelacionadosconlosusosde%5Fv3%2FAtencionarequerimientos%5Fsolicitudes%5Fquejasyderechosdepeticion%5Frelacionadosconlosusosde%5Fv3%2Easp&IdArticulo=2816 HTTP/1.1" 200 7693
186.155.130.152 - - [03/Apr/2015:16:22:14 -0500] "GET /isolucionsda/Arriba.asp?Pagina=BancoConocimiento%2FA%2FAtencionarequerimientos%5Fsolicitudes%5Fquejasyderechosdepeticion%5Frelacionadosconlosusosde%5Fv3%2FAtencionarequerimientos%5Fsolicitudes%5Fquejasyderechosdepeticion%5Frelacionadosconlosusosde%5Fv3%2Easp&IdArticulo=2816 HTTP/1.1" 200 10703
186.155.130.152 - - [03/Apr/2015:16:22:14 -0500] "GET /isolucionsda/BancoConocimiento/A/Atencionarequerimientos_solicitudes_quejasyderechosdepeticion_relacionadosconlosusosde_v3/Atencionarequerimientos_solicitudes_quejasyderechosdepeticion_relacionadosconlosusosde_v3.asp?IdArticulo=2816 HTTP/1.1" 200 42742
186.155.130.152 - - [03/Apr/2015:16:22:14 -0500] "GET /isolucionsda/g/vacio1x1.gif HTTP/1.1" 404 5195
190.131.196.77 - - [03/Apr/2015:16:22:15 -0500] "GET /galeria/galeria/jquery.fancybox.css?v=2.1.5 HTTP/1.1" 200 4895
190.131.196.77 - - [03/Apr/2015:16:22:15 -0500] "GET /BLA/boletinlegal/js/jquery.scrollShow.js HTTP/1.1" 200 4586
190.131.196.77 - - [03/Apr/2015:16:22:15 -0500] "GET /BLA/boletinlegal/js/jquery.scrollTo-min.js HTTP/1.1" 200 1150
190.131.196.77 - - [03/Apr/2015:16:22:15 -0500] "GET /galeria/galeria/jquery.fancybox.js?v=2.1.5 HTTP/1.1" 200 48706
207.46.13.5 - - [03/Apr/2015:16:22:15 -0500] "GET /bla/resoluciones/resoluciones%202010/6501.pdf HTTP/1.1" 200 473157
190.158.122.126 - - [03/Apr/2015:16:22:05 -0500] "GET /galeria/nivo-slider/demo/images/Ruta-vertimientos-01.jpg HTTP/1.1" 200 130151
