190.184.161.230 - - [03/Apr/2015:15:33:07 -0500] "GET /galeria/bibloteca/ContentFlowAddOn_white.js HTTP/1.1" 304 -
190.184.161.230 - - [03/Apr/2015:15:33:07 -0500] "GET /galeria/bibloteca/ContentFlowAddOn_white.css HTTP/1.1" 304 -
190.184.161.230 - - [03/Apr/2015:15:33:09 -0500] "GET /galeria/bibloteca/img/scrollbar_black.png HTTP/1.1" 304 -
190.184.161.230 - - [03/Apr/2015:15:33:09 -0500] "GET /galeria/bibloteca/img/slider_black.png HTTP/1.1" 304 -
190.184.161.230 - - [03/Apr/2015:15:33:09 -0500] "GET /galeria/bibloteca/img/1x1_0.5_white.png HTTP/1.1" 304 -
190.184.161.230 - - [03/Apr/2015:15:33:09 -0500] "GET /galeria/bibloteca/img/ajax-loader.gif HTTP/1.1" 206 1
190.184.161.230 - - [03/Apr/2015:15:33:09 -0500] "GET /galeria/bibloteca/img/ajax-loader.gif HTTP/1.1" 206 8245
66.249.64.164 - - [03/Apr/2015:15:33:30 -0500] "GET /BLA/resoluciones/RESOLUCIONES%202005/RES%202005%201201-1250/00001207.tif HTTP/1.1" 200 134840
188.165.15.210 - - [03/Apr/2015:15:33:36 -0500] "GET /BLA/resoluciones/RESOLUCIONES%202004/RES%202004%201901-1950/00001922.tif HTTP/1.1" 200 147148
207.46.13.5 - - [03/Apr/2015:15:33:36 -0500] "GET /bla/resoluciones/RESOLUCIONES%202009/1036.pdf HTTP/1.1" 200 207664
186.84.65.228 - - [03/Apr/2015:15:33:49 -0500] "GET /forest/session.jsp?a=0.3578881963621825 HTTP/1.1" 200 5
186.84.65.228 - - [03/Apr/2015:15:33:49 -0500] "GET /forest/login.jsp?a=0.7643902786076069 HTTP/1.1" 200 2996
186.84.65.228 - - [03/Apr/2015:15:33:56 -0500] "POST /forms/lservlet;jsessionid=ac16012b30d6334d1465b9444f508fa7998aea33bce0.e3iSbxaKaheRe3eNbhaPbhuQa41ynknvrkLOlQzNp65In0 HTTP/1.1" 200 2
190.184.161.230 - - [03/Apr/2015:15:33:57 -0500] "GET /autoliquidacion HTTP/1.1" 301 310
190.184.161.230 - - [03/Apr/2015:15:33:57 -0500] "GET /autoliquidacion/ HTTP/1.1" 200 6375
190.184.161.230 - - [03/Apr/2015:15:33:57 -0500] "GET /autoliquidacion/dlf/styles.css HTTP/1.1" 200 3045
190.184.161.230 - - [03/Apr/2015:15:33:57 -0500] "GET /autoliquidacion/dlf/folder.png HTTP/1.1" 200 410
190.184.161.230 - - [03/Apr/2015:15:33:57 -0500] "GET /autoliquidacion/dlf/bg.gif HTTP/1.1" 200 54
207.46.13.5 - - [03/Apr/2015:15:34:07 -0500] "GET /bla/resoluciones/RESOLUCIONES%202009/1071.pdf HTTP/1.1" 200 31033
190.184.161.230 - - [03/Apr/2015:15:34:08 -0500] "GET /galeria/galeria/jquery.fancybox.css?v=2.1.5 HTTP/1.1" 304 -
190.184.161.230 - - [03/Apr/2015:15:34:08 -0500] "GET /BLA/boletinlegal/js/jquery.scrollTo-min.js HTTP/1.1" 304 -
190.184.161.230 - - [03/Apr/2015:15:34:08 -0500] "GET /BLA/boletinlegal/js/jquery.scrollShow.js HTTP/1.1" 304 -
190.184.161.230 - - [03/Apr/2015:15:34:08 -0500] "GET /galeria/galeria/jquery.fancybox.js?v=2.1.5 HTTP/1.1" 304 -
190.184.161.230 - - [03/Apr/2015:15:34:08 -0500] "GET /autoliquidacion HTTP/1.1" 301 310
190.184.161.230 - - [03/Apr/2015:15:34:08 -0500] "GET /autoliquidacion/ HTTP/1.1" 200 6375
190.184.161.230 - - [03/Apr/2015:15:34:09 -0500] "GET /autoliquidacion/dlf/styles.css HTTP/1.1" 304 -
190.184.161.230 - - [03/Apr/2015:15:34:09 -0500] "GET /autoliquidacion/dlf/folder.png HTTP/1.1" 304 -
66.249.64.168 - - [03/Apr/2015:15:34:11 -0500] "GET /BLA/resoluciones/RESOLUCIONES%202011/4993.pdf HTTP/1.1" 200 346523
207.46.13.5 - - [03/Apr/2015:15:34:17 -0500] "GET /BLA/resoluciones/RESOLUCIONES%202009/9134.pdf HTTP/1.1" 200 416076
190.184.161.230 - - [03/Apr/2015:15:34:29 -0500] "GET /autoliquidacion/index.php?dir=PERMISO+DE+OCUPACION+DE+SUELO%2F HTTP/1.1" 200 2394
190.184.161.230 - - [03/Apr/2015:15:34:29 -0500] "GET /autoliquidacion/dlf/dirup.png HTTP/1.1" 200 644
190.184.161.230 - - [03/Apr/2015:15:34:29 -0500] "GET /autoliquidacion/dlf/html.gif HTTP/1.1" 200 632
190.184.161.230 - - [03/Apr/2015:15:34:29 -0500] "GET /autoliquidacion/dlf/xls.gif HTTP/1.1" 200 636
207.46.13.5 - - [03/Apr/2015:15:34:42 -0500] "GET /BLA/resoluciones/RESOLUCIONES%202007/RES%202007%203801%20AL%203900/RESOLUCION%203803%20DE%202007.pdf HTTP/1.1" 200 748399
188.165.15.210 - - [03/Apr/2015:15:34:47 -0500] "GET /BLA/resoluciones/RESOLUCIONES%202006/RES%202006%201601-1650/00001649.tif HTTP/1.1" 200 91666
190.184.161.230 - - [03/Apr/2015:15:34:47 -0500] "GET /autoliquidacion/ HTTP/1.1" 200 6375
190.184.161.230 - - [03/Apr/2015:15:35:00 -0500] "GET /autoliquidacion/index.php?dir=Solicitudes+relacionadas+con+calidad+del+aire+auditiva+y+visual%2F HTTP/1.1" 200 5748
190.184.161.230 - - [03/Apr/2015:15:35:08 -0500] "GET /autoliquidacion/index.php?dir=Solicitudes+relacionadas+con+calidad+del+aire+auditiva+y+visual%2FEvaluaci%F3n+certificado+de+Intensidad+Auditiva%2F HTTP/1.1" 200 2823
157.55.39.46 - - [03/Apr/2015:15:35:10 -0500] "GET /BLA/resoluciones/Autos%202008/2357.pdf HTTP/1.1" 200 80826
66.249.64.168 - - [03/Apr/2015:15:35:13 -0500] "GET /BLA/resoluciones/RESOLUCIONES%202009/9698.pdf HTTP/1.1" 200 338300
190.184.161.230 - - [03/Apr/2015:15:35:13 -0500] "GET /autoliquidacion/index.php?dir=Solicitudes+relacionadas+con+calidad+del+aire+auditiva+y+visual%2F HTTP/1.1" 200 5748
207.46.13.5 - - [03/Apr/2015:15:35:17 -0500] "GET /BLA/resoluciones/AUTOS%202011/4831.pdf HTTP/1.1" 200 251893
207.46.13.5 - - [03/Apr/2015:15:35:18 -0500] "GET /bla/resoluciones/RESOLUCIONES%202011/5334.pdf HTTP/1.1" 200 473345
190.127.234.14 - - [03/Apr/2015:15:35:18 -0500] "GET /BLA/resoluciones/RESOLUCIONES%202011/4788.pdf HTTP/1.1" 200 616614
190.127.234.14 - - [03/Apr/2015:15:35:19 -0500] "GET /BLA/resoluciones/RESOLUCIONES%202011/4788.pdf HTTP/1.1" 206 32768
190.184.161.230 - - [03/Apr/2015:15:35:20 -0500] "GET /autoliquidacion/index.php?dir=Solicitudes+relacionadas+con+calidad+del+aire+auditiva+y+visual%2FEvaluaci%F3n+certificado+de+Intensidad+Auditiva%2F HTTP/1.1" 200 2823
190.127.234.14 - - [03/Apr/2015:15:35:22 -0500] "GET /BLA/resoluciones/RESOLUCIONES%202011/4788.pdf HTTP/1.1" 206 583846
190.184.161.230 - - [03/Apr/2015:15:35:30 -0500] "GET /autoliquidacion/Solicitudes%20relacionadas%20con%20calidad%20del%20aire%20auditiva%20y%20visual/Evaluaci%C3%B3n%20certificado%20de%20Intensidad%20Auditiva/Aplicativo%202015.htm HTTP/1.1" 200 346
207.46.13.5 - - [03/Apr/2015:15:35:32 -0500] "GET /bla/resoluciones/resoluciones%202011/4653.pdf HTTP/1.1" 200 613026
188.165.15.210 - - [03/Apr/2015:15:35:38 -0500] "GET /BLA/resoluciones/RESOLUCIONES%202006/RES%202006%20551-600/00000590.tif HTTP/1.1" 200 372290
190.127.234.14 - - [03/Apr/2015:15:35:39 -0500] "GET /favicon.ico HTTP/1.1" 200 7782
74.86.158.107 - - [03/Apr/2015:15:35:40 -0500] "HEAD / HTTP/1.1" 302 -
207.46.13.5 - - [03/Apr/2015:15:35:42 -0500] "GET /bla/resoluciones/resoluciones%202009/0553.pdf HTTP/1.1" 200 714263
180.76.6.233 - - [03/Apr/2015:15:35:54 -0500] "GET /BLA/resoluciones/AUTOS%202013/0552.pdf HTTP/1.1" 200 1678912
66.249.64.164 - - [03/Apr/2015:15:35:54 -0500] "GET /BLA/resoluciones/RESOLUCIONES%202007/RES%202007%202701%20AL%202800/RESOLUCION%202722%20DE%202007.pdf HTTP/1.1" 200 734207
186.84.65.228 - - [03/Apr/2015:15:35:56 -0500] "POST /forms/lservlet;jsessionid=ac16012b30d6334d1465b9444f508fa7998aea33bce0.e3iSbxaKaheRe3eNbhaPbhuQa41ynknvrkLOlQzNp65In0 HTTP/1.1" 200 2
207.46.13.5 - - [03/Apr/2015:15:35:57 -0500] "GET /bla/resoluciones/RESOLUCIONES%202009/0667.pdf HTTP/1.1" 200 212667
190.184.161.230 - - [03/Apr/2015:15:36:15 -0500] "GET /autoliquidacion HTTP/1.1" 301 310
190.184.161.230 - - [03/Apr/2015:15:36:15 -0500] "GET /autoliquidacion/ HTTP/1.1" 200 6375
190.24.120.123 - - [03/Apr/2015:15:30:18 -0500] "GET /ForestMSG_SDA/channelAsync/template_word_17489434?X-Atmosphere-tracking-id=d8fac915-60b7-cff4-2d73-32a08d4185db&X-Atmosphere-Framework=1.0.5&X-Atmosphere-Transport=long-polling&tabid=0.7051479404326528&X-Cache-Date=0&Content-Type=application/xml&_=1428093195470 HTTP/1.1" 200 8193
190.184.161.230 - - [03/Apr/2015:15:36:32 -0500] "GET /autoliquidacion HTTP/1.1" 301 310
190.184.161.230 - - [03/Apr/2015:15:36:33 -0500] "GET /autoliquidacion/ HTTP/1.1" 200 6375
157.55.39.47 - - [03/Apr/2015:15:36:39 -0500] "GET /bla/resoluciones/resoluciones%202011/3756.pdf HTTP/1.1" 200 377015
188.165.15.210 - - [03/Apr/2015:15:36:45 -0500] "GET /BLA/resoluciones/RESOLUCIONES%202003/RES%202003%20101-150/2003RES147.tif HTTP/1.1" 200 103568
190.24.120.123 - - [03/Apr/2015:15:36:58 -0500] "GET /forest/session.jsp?a=0.16168724070303142 HTTP/1.1" 200 4
207.46.13.5 - - [03/Apr/2015:15:37:07 -0500] "GET /BLA/resoluciones/AUTOS%202007/0515.pdf HTTP/1.1" 200 89385
207.46.13.5 - - [03/Apr/2015:15:37:08 -0500] "GET /BLA/resoluciones/Autos%202008/2415.pdf HTTP/1.1" 200 219212
207.46.13.5 - - [03/Apr/2015:15:37:22 -0500] "GET /bla/resoluciones/RESOLUCIONES%202011/5939.pdf HTTP/1.1" 200 545771
66.249.64.164 - - [03/Apr/2015:15:37:38 -0500] "GET /BLA/resoluciones/RESOLUCIONES%202009/6080.pdf HTTP/1.1" 200 538431
207.46.13.5 - - [03/Apr/2015:15:37:42 -0500] "GET /bla/resoluciones/resoluciones%202011/5875.pdf HTTP/1.1" 200 378605
188.165.15.210 - - [03/Apr/2015:15:37:44 -0500] "GET /BLA/resoluciones/RESOLUCIONES%202005/RES%202005%201201-1250/00001230.tif HTTP/1.1" 200 259126
186.84.65.228 - - [03/Apr/2015:15:37:56 -0500] "POST /forms/lservlet;jsessionid=ac16012b30d6334d1465b9444f508fa7998aea33bce0.e3iSbxaKaheRe3eNbhaPbhuQa41ynknvrkLOlQzNp65In0 HTTP/1.1" 200 2
190.24.120.123 - - [03/Apr/2015:15:31:57 -0500] "GET /ForestMSG_SDA/channelAsync/template_word_17493135?X-Atmosphere-tracking-id=8e04387b-0dec-92f2-53d0-0bcd3725d325&X-Atmosphere-Framework=1.0.5&X-Atmosphere-Transport=long-polling&tabid=0.38001014315523207&X-Cache-Date=0&Content-Type=application/xml&_=1428093294593 HTTP/1.1" 200 8193
190.157.188.221 - - [03/Apr/2015:15:38:02 -0500] "GET /POT-2013/Cartografia/Anexo01_Sistema_Hidrico.pdf HTTP/1.1" 200 5860035
190.157.188.221 - - [03/Apr/2015:15:38:03 -0500] "GET /POT-2013/Cartografia/Anexo01_Sistema_Hidrico.pdf HTTP/1.1" 206 32768
190.157.188.221 - - [03/Apr/2015:15:38:03 -0500] "GET /POT-2013/Cartografia/Anexo01_Sistema_Hidrico.pdf HTTP/1.1" 206 5827267
201.245.192.253 - - [03/Apr/2015:15:38:03 -0500] "GET /BLA/resoluciones/index.php?dir=AUTOS+2011%2F HTTP/1.1" 200 546120
66.249.64.172 - - [03/Apr/2015:15:38:08 -0500] "GET /BLA/resoluciones/RESOLUCIONES%202012/0258.pdf HTTP/1.1" 200 206858
207.46.13.5 - - [03/Apr/2015:15:38:09 -0500] "GET /BLA/resoluciones/AUTOS%202007/1675.pdf HTTP/1.1" 200 135228
157.55.39.47 - - [03/Apr/2015:15:38:09 -0500] "GET /BLA/resoluciones/AUTOS%202010/1900.pdf HTTP/1.1" 200 190299
190.157.188.221 - - [03/Apr/2015:15:38:12 -0500] "GET /favicon.ico HTTP/1.1" 200 7782
207.46.13.5 - - [03/Apr/2015:15:38:14 -0500] "GET /bla/resoluciones/resoluciones%202011/2428.pdf HTTP/1.1" 200 305732
157.55.39.46 - - [03/Apr/2015:15:38:24 -0500] "GET /bla/resoluciones/RESOLUCIONES%202009/0520.pdf HTTP/1.1" 200 366313
157.55.39.46 - - [03/Apr/2015:15:38:24 -0500] "GET /bla/resoluciones/RESOLUCIONES%202009/0011.pdf HTTP/1.1" 200 277090
207.46.13.5 - - [03/Apr/2015:15:38:32 -0500] "GET /BLA/resoluciones/Autos%202008/2059.pdf HTTP/1.1" 200 212481
207.46.13.5 - - [03/Apr/2015:15:38:33 -0500] "GET /BLA/resoluciones/AUTOS%202009/2281.pdf HTTP/1.1" 200 122261
66.249.64.168 - - [03/Apr/2015:15:38:36 -0500] "GET /BLA/resoluciones/AUTOS%202008/0838.pdf HTTP/1.1" 200 81613
157.55.39.47 - - [03/Apr/2015:15:38:40 -0500] "GET /BLA/resoluciones/RESOLUCIONES%202013/2238.pdf HTTP/1.1" 200 431097
207.46.13.5 - - [03/Apr/2015:15:38:49 -0500] "GET /bla/resoluciones/RESOLUCIONES%202009/7468.pdf HTTP/1.1" 200 712651
207.46.13.5 - - [03/Apr/2015:15:38:53 -0500] "GET /BLA/resoluciones/RESOLUCIONES%202013/1891.pdf HTTP/1.1" 200 507823
181.132.230.118 - - [03/Apr/2015:15:39:03 -0500] "GET /galeria/galeria/jquery.fancybox.css?v=2.1.5 HTTP/1.1" 200 4895
181.132.230.118 - - [03/Apr/2015:15:39:03 -0500] "GET /BLA/boletinlegal/js/jquery.scrollTo-min.js HTTP/1.1" 200 1150
181.132.230.118 - - [03/Apr/2015:15:39:03 -0500] "GET /BLA/boletinlegal/js/jquery.scrollShow.js HTTP/1.1" 200 4586
181.132.230.118 - - [03/Apr/2015:15:39:03 -0500] "GET /galeria/galeria/jquery.fancybox.js?v=2.1.5 HTTP/1.1" 200 48706
157.55.39.47 - - [03/Apr/2015:15:39:08 -0500] "GET /bla/resoluciones/resoluciones%202011/6282.pdf HTTP/1.1" 200 1315035
188.165.15.210 - - [03/Apr/2015:15:39:10 -0500] "GET /BLA/resoluciones/RESOLUCIONES%202003/RES%202003%20351-400/388.tif HTTP/1.1" 200 701288
157.55.39.46 - - [03/Apr/2015:15:39:11 -0500] "GET /bla/resoluciones/resoluciones%202011/2832.pdf HTTP/1.1" 200 756372
66.249.64.168 - - [03/Apr/2015:15:39:22 -0500] "GET /BLA/resoluciones/AUTOS%202008/2507.pdf HTTP/1.1" 200 105637
207.46.13.5 - - [03/Apr/2015:15:39:23 -0500] "GET /BLA/resoluciones/RESOLUCIONES%202011/4908.pdf HTTP/1.1" 200 676490
181.132.230.118 - - [03/Apr/2015:15:39:16 -0500] "GET /videos/CRRFFS.mp4 HTTP/1.1" 200 286784363
181.132.230.118 - - [03/Apr/2015:15:39:28 -0500] "GET /galeria/galeria/jquery.fancybox.css?v=2.1.5 HTTP/1.1" 304 -
181.132.230.118 - - [03/Apr/2015:15:39:28 -0500] "GET /BLA/boletinlegal/js/jquery.scrollShow.js HTTP/1.1" 304 -
181.132.230.118 - - [03/Apr/2015:15:39:28 -0500] "GET /BLA/boletinlegal/js/jquery.scrollTo-min.js HTTP/1.1" 304 -
181.132.230.118 - - [03/Apr/2015:15:39:28 -0500] "GET /galeria/galeria/jquery.fancybox.js?v=2.1.5 HTTP/1.1" 304 -
207.46.13.5 - - [03/Apr/2015:15:39:33 -0500] "GET /bla/resoluciones/resoluciones%202011/2538.pdf HTTP/1.1" 200 800092
207.46.13.5 - - [03/Apr/2015:15:39:33 -0500] "GET /BLA/resoluciones/Autos%202008/1896.pdf HTTP/1.1" 200 120055
181.132.230.118 - - [03/Apr/2015:15:39:34 -0500] "GET /videos/CRRFFS.mp4 HTTP/1.1" 206 1
181.132.230.118 - - [03/Apr/2015:15:39:34 -0500] "GET /videos/CRRFFS.mp4 HTTP/1.1" 206 285854623
157.55.39.37 - - [03/Apr/2015:15:39:42 -0500] "GET /BLA/resoluciones/Autos%202008/1426.pdf HTTP/1.1" 200 97748
157.55.39.37 - - [03/Apr/2015:15:39:42 -0500] "GET /BLA/resoluciones/AUTOS%202007/1290.pdf HTTP/1.1" 200 71315
157.55.39.37 - - [03/Apr/2015:15:39:43 -0500] "GET /BLA/resoluciones/Autos%202008/1852.pdf HTTP/1.1" 200 171365
157.55.39.37 - - [03/Apr/2015:15:39:43 -0500] "GET /bla/resoluciones/RESOLUCIONES%202009/9304.pdf HTTP/1.1" 200 907000
157.55.39.37 - - [03/Apr/2015:15:39:43 -0500] "GET /BLA/resoluciones/RESOLUCIONES%202009/7553.pdf HTTP/1.1" 200 518366
157.55.39.47 - - [03/Apr/2015:15:39:52 -0500] "GET /bla/resoluciones/RESOLUCIONES%202009/8363.pdf HTTP/1.1" 200 341725
186.84.65.228 - - [03/Apr/2015:15:39:56 -0500] "POST /forms/lservlet;jsessionid=ac16012b30d6334d1465b9444f508fa7998aea33bce0.e3iSbxaKaheRe3eNbhaPbhuQa41ynknvrkLOlQzNp65In0 HTTP/1.1" 200 2
207.46.13.5 - - [03/Apr/2015:15:39:56 -0500] "GET /BLA/resoluciones/AUTOS%202011/5695.pdf HTTP/1.1" 200 212972
207.46.13.5 - - [03/Apr/2015:15:39:57 -0500] "GET /BLA/resoluciones/RESOLUCIONES%202010/1853.pdf HTTP/1.1" 200 354541
181.54.35.205 - - [03/Apr/2015:15:40:10 -0500] "GET /BLA/boletinlegal/js/jquery.scrollShow.js HTTP/1.1" 200 4586
181.54.35.205 - - [03/Apr/2015:15:40:10 -0500] "GET /galeria/galeria/jquery.fancybox.css?v=2.1.5 HTTP/1.1" 200 4895
181.54.35.205 - - [03/Apr/2015:15:40:10 -0500] "GET /BLA/boletinlegal/js/jquery.scrollTo-min.js HTTP/1.1" 200 1150
181.54.35.205 - - [03/Apr/2015:15:40:10 -0500] "GET /galeria/galeria/jquery.fancybox.js?v=2.1.5 HTTP/1.1" 200 48706
188.165.15.210 - - [03/Apr/2015:15:40:12 -0500] "GET /BLA/resoluciones/index.php?dir=RESOLUCIONES%202004/RES%202004%20751-800/&sort=name&order=desc HTTP/1.1" 200 12052
157.55.39.46 - - [03/Apr/2015:15:40:11 -0500] "GET /BLA/resoluciones/AUTOS%202009/?C=S;O=A HTTP/1.1" 200 510147
157.55.39.46 - - [03/Apr/2015:15:40:15 -0500] "GET /bla/resoluciones/resoluciones%202011/5203.pdf HTTP/1.1" 200 403534
157.55.39.37 - - [03/Apr/2015:15:40:18 -0500] "GET /bla/resoluciones/RESOLUCIONES%202009/8402.pdf HTTP/1.1" 200 449405
157.55.39.37 - - [03/Apr/2015:15:40:18 -0500] "GET /bla/resoluciones/RESOLUCIONES%202011/6217.pdf HTTP/1.1" 200 192730
181.54.35.205 - - [03/Apr/2015:15:40:20 -0500] "GET /galeria/galeria/jquery.fancybox.css?v=2.1.5 HTTP/1.1" 304 -
181.54.35.205 - - [03/Apr/2015:15:40:20 -0500] "GET /BLA/boletinlegal/js/jquery.scrollTo-min.js HTTP/1.1" 304 -
181.54.35.205 - - [03/Apr/2015:15:40:20 -0500] "GET /BLA/boletinlegal/js/jquery.scrollShow.js HTTP/1.1" 304 -
181.54.35.205 - - [03/Apr/2015:15:40:20 -0500] "GET /galeria/galeria/jquery.fancybox.js?v=2.1.5 HTTP/1.1" 304 -
74.86.158.107 - - [03/Apr/2015:15:40:40 -0500] "HEAD / HTTP/1.1" 302 -
207.46.13.5 - - [03/Apr/2015:15:40:48 -0500] "GET /BLA/resoluciones/RESOLUCIONES%202013/0983.pdf HTTP/1.1" 200 566481
188.165.15.210 - - [03/Apr/2015:15:40:59 -0500] "GET /BLA/resoluciones/RESOLUCIONES%202004/RES%202004%201151-1200/00001166.tif HTTP/1.1" 200 194514
186.112.251.88 - - [03/Apr/2015:15:41:02 -0500] "GET /galeria/galeria/jquery.fancybox.css?v=2.1.5 HTTP/1.1" 200 4895
186.112.251.88 - - [03/Apr/2015:15:41:02 -0500] "GET /BLA/boletinlegal/js/jquery.scrollShow.js HTTP/1.1" 200 4586
186.112.251.88 - - [03/Apr/2015:15:41:02 -0500] "GET /galeria/galeria/jquery.fancybox.js?v=2.1.5 HTTP/1.1" 200 48706
186.112.251.88 - - [03/Apr/2015:15:41:02 -0500] "GET /BLA/boletinlegal/js/jquery.scrollTo-min.js HTTP/1.1" 200 1150
157.55.39.47 - - [03/Apr/2015:15:41:05 -0500] "GET /BLA/resoluciones/RESOLUCIONES%202007/RES%202007%201401%20AL%201500/RESOLUCION%201449%20DE%202007.pdf HTTP/1.1" 200 229463
186.113.10.143 - - [03/Apr/2015:15:41:05 -0500] "GET /galeria/galeria/jquery.fancybox.css?v=2.1.5 HTTP/1.1" 304 -
207.46.13.5 - - [03/Apr/2015:15:41:05 -0500] "GET /BLA/resoluciones/RESOLUCIONES%202009/9453.pdf HTTP/1.1" 200 490891
66.249.64.168 - - [03/Apr/2015:15:41:06 -0500] "GET /BLA/resoluciones/RESOLUCIONES%202011/5217.pdf HTTP/1.1" 200 602224
207.46.13.5 - - [03/Apr/2015:15:41:12 -0500] "GET /bla/resoluciones/RESOLUCIONES%202009/0608.pdf HTTP/1.1" 200 310457
157.55.39.46 - - [03/Apr/2015:15:41:20 -0500] "GET /BLA/resoluciones/RESOLUCIONES%202009/7497.pdf HTTP/1.1" 200 482587
186.112.251.88 - - [03/Apr/2015:15:41:23 -0500] "GET /BLA/boletinlegal/js/jquery.scrollTo-min.js HTTP/1.1" 304 -
186.112.251.88 - - [03/Apr/2015:15:41:23 -0500] "GET /BLA/boletinlegal/js/jquery.scrollShow.js HTTP/1.1" 304 -
186.112.251.88 - - [03/Apr/2015:15:41:23 -0500] "GET /galeria/galeria/jquery.fancybox.js?v=2.1.5 HTTP/1.1" 304 -
186.112.251.88 - - [03/Apr/2015:15:41:23 -0500] "GET /galeria/galeria/jquery.fancybox.css?v=2.1.5 HTTP/1.1" 304 -
188.165.15.210 - - [03/Apr/2015:15:41:29 -0500] "GET /BLA/resoluciones/RESOLUCIONES%202002/RES%202002%20301-350/00000326.tif HTTP/1.1" 200 237478
207.46.13.5 - - [03/Apr/2015:15:41:43 -0500] "GET /BLA/resoluciones/AUTOS%202007/3347.pdf HTTP/1.1" 200 523763
37.228.104.165 - - [03/Apr/2015:15:41:44 -0500] "GET /BLA/boletinlegal/js/jquery.scrollTo-min.js HTTP/1.1" 200 1150
37.228.104.165 - - [03/Apr/2015:15:41:45 -0500] "GET /BLA/boletinlegal/js/jquery.scrollShow.js HTTP/1.1" 200 4586
37.228.104.165 - - [03/Apr/2015:15:41:45 -0500] "GET /galeria/galeria/jquery.fancybox.js?v=2.1.5 HTTP/1.1" 200 48706
37.228.104.165 - - [03/Apr/2015:15:41:45 -0500] "GET /galeria/galeria/jquery.fancybox.css?v=2.1.5 HTTP/1.1" 200 4895
37.228.104.165 - - [03/Apr/2015:15:41:45 -0500] "GET /galeria/carrusel/Carrusel/jquery.thumbnailScroller.css HTTP/1.1" 200 2066
37.228.104.165 - - [03/Apr/2015:15:41:45 -0500] "GET /galeria/carrusel/Carrusel/jquery-ui-1.8.13.custom.min.js HTTP/1.1" 200 10800
37.228.104.165 - - [03/Apr/2015:15:41:46 -0500] "GET /galeria/carrusel/Carrusel/jquery.thumbnailScroller.js HTTP/1.1" 200 8157
207.46.13.5 - - [03/Apr/2015:15:41:52 -0500] "GET /BLA/resoluciones/Autos%202008/1565.pdf HTTP/1.1" 200 131890
186.155.130.152 - - [03/Apr/2015:15:41:55 -0500] "GET /isolucionsda/g/Bot_SiguienteOver.jpg HTTP/1.1" 200 1668
186.84.65.228 - - [03/Apr/2015:15:41:56 -0500] "POST /forms/lservlet;jsessionid=ac16012b30d6334d1465b9444f508fa7998aea33bce0.e3iSbxaKaheRe3eNbhaPbhuQa41ynknvrkLOlQzNp65In0 HTTP/1.1" 200 2
66.249.64.164 - - [03/Apr/2015:15:41:59 -0500] "GET /BLA/resoluciones/AUTOS%202008/1688.pdf HTTP/1.1" 200 257559
157.55.39.47 - - [03/Apr/2015:15:42:02 -0500] "GET /bla/resoluciones/resoluciones%202011/4313.pdf HTTP/1.1" 200 364319
186.155.130.152 - - [03/Apr/2015:15:42:06 -0500] "GET /isolucionsda/FramesetArticulo.asp?Pagina=BancoConocimiento%2FE%2FEjecuciondeactividadesdegestiondelriesgoporincendioforestal%5Fv4%2FEjecuciondeactividadesdegestiondelriesgoporincendioforestal%5Fv4%2Easp&IdArticulo=5141 HTTP/1.1" 200 7453
186.155.130.152 - - [03/Apr/2015:15:42:06 -0500] "GET /isolucionsda/Arriba.asp?Pagina=BancoConocimiento%2FE%2FEjecuciondeactividadesdegestiondelriesgoporincendioforestal%5Fv4%2FEjecuciondeactividadesdegestiondelriesgoporincendioforestal%5Fv4%2Easp&IdArticulo=5141 HTTP/1.1" 200 10575
207.46.13.5 - - [03/Apr/2015:15:42:06 -0500] "GET /BLA/resoluciones/AUTOS%202011/4042.pdf HTTP/1.1" 200 215977
186.155.130.152 - - [03/Apr/2015:15:42:07 -0500] "GET /isolucionsda/g/vacio1x1.gif HTTP/1.1" 404 5195
186.155.130.152 - - [03/Apr/2015:15:42:06 -0500] "GET /isolucionsda/BancoConocimiento/E/Ejecuciondeactividadesdegestiondelriesgoporincendioforestal_v4/Ejecuciondeactividadesdegestiondelriesgoporincendioforestal_v4.asp?IdArticulo=5141 HTTP/1.1" 200 48324
186.155.130.152 - - [03/Apr/2015:15:42:07 -0500] "GET /isolucionsda/g/vacio1x1.gif HTTP/1.1" 404 5195
207.46.13.5 - - [03/Apr/2015:15:42:18 -0500] "GET /BLA/resoluciones/AUTOS%202010/0874.pdf HTTP/1.1" 200 541561
207.46.13.5 - - [03/Apr/2015:15:42:23 -0500] "GET /BLA/resoluciones/RESOLUCIONES%202013/2651.pdf HTTP/1.1" 200 607558
207.46.13.5 - - [03/Apr/2015:15:42:23 -0500] "GET /BLA/resoluciones/Autos%202008/1595.pdf HTTP/1.1" 200 181939
188.165.15.210 - - [03/Apr/2015:15:42:31 -0500] "GET /BLA/resoluciones/RESOLUCIONES%202004/RES%202004%20951-1000/00000990.tif HTTP/1.1" 200 116818
157.55.39.47 - - [03/Apr/2015:15:42:33 -0500] "GET /bla/resoluciones/resoluciones%202011/2037.pdf HTTP/1.1" 200 414843
207.46.13.5 - - [03/Apr/2015:15:42:43 -0500] "GET /BLA/resoluciones/RESOLUCIONES%202009/7857.pdf HTTP/1.1" 200 752226
207.46.13.5 - - [03/Apr/2015:15:42:48 -0500] "GET /BLA/resoluciones/RESOLUCIONES%202009/9243.pdf HTTP/1.1" 200 494398
66.249.64.172 - - [03/Apr/2015:15:42:48 -0500] "GET /BLA/resoluciones/AUTOS%202010/5534.pdf HTTP/1.1" 200 636902
157.55.39.47 - - [03/Apr/2015:15:43:08 -0500] "GET /BLA/resoluciones/Autos%202008/0170.pdf HTTP/1.1" 200 105433
157.55.39.47 - - [03/Apr/2015:15:43:08 -0500] "GET /BLA/resoluciones/RESOLUCIONES%202009/7589.pdf HTTP/1.1" 200 498839
190.252.230.13 - - [03/Apr/2015:15:43:18 -0500] "GET /galeria/nivo-slider/demo/demo.html HTTP/1.1" 200 4196
190.252.230.13 - - [03/Apr/2015:15:43:18 -0500] "GET /galeria/nivo-slider/demo/images/Banner-semana-santa.jpg HTTP/1.1" 304 -
190.252.230.13 - - [03/Apr/2015:15:43:18 -0500] "GET /galeria/nivo-slider/demo/images/no-sea-victima.jpg HTTP/1.1" 304 -
190.252.230.13 - - [03/Apr/2015:15:43:18 -0500] "GET /galeria/nivo-slider/demo/images/Licitaciones-proyecto-paramo.jpg HTTP/1.1" 304 -
190.252.230.13 - - [03/Apr/2015:15:43:18 -0500] "GET /galeria/nivo-slider/demo/images/Convocatoria_recicladores.jpg HTTP/1.1" 304 -
190.252.230.13 - - [03/Apr/2015:15:43:18 -0500] "GET /galeria/nivo-slider/demo/images/Banner-decreto1299.jpg HTTP/1.1" 304 -
190.252.230.13 - - [03/Apr/2015:15:43:19 -0500] "GET /galeria/nivo-slider/demo/images/Conoce-los-humedales.jpg HTTP/1.1" 304 -
207.46.13.5 - - [03/Apr/2015:15:43:38 -0500] "GET /BLA/resoluciones/RESOLUCIONES%202010/1031.pdf HTTP/1.1" 200 526554
207.46.13.5 - - [03/Apr/2015:15:43:49 -0500] "GET /BLA/resoluciones/AUTOS%202011/3931.pdf HTTP/1.1" 200 512648
207.46.13.5 - - [03/Apr/2015:15:43:53 -0500] "GET /BLA/resoluciones/RESOLUCIONES%202007/RES%202007%20901%20AL%201000/RESOLUCION%200946%20DE%202007.pdf HTTP/1.1" 200 227121
186.84.65.228 - - [03/Apr/2015:15:43:56 -0500] "POST /forms/lservlet;jsessionid=ac16012b30d6334d1465b9444f508fa7998aea33bce0.e3iSbxaKaheRe3eNbhaPbhuQa41ynknvrkLOlQzNp65In0 HTTP/1.1" 200 2
190.24.120.123 - - [03/Apr/2015:15:37:57 -0500] "GET /ForestMSG_SDA/channelAsync/template_word_17493135?X-Atmosphere-tracking-id=8e04387b-0dec-92f2-53d0-0bcd3725d325&X-Atmosphere-Framework=1.0.5&X-Atmosphere-Transport=long-polling&tabid=0.38001014315523207&X-Cache-Date=0&Content-Type=application/xml&_=1428093655184 HTTP/1.1" 200 8193
157.55.39.47 - - [03/Apr/2015:15:44:06 -0500] "GET /bla/resoluciones/resoluciones%202010/4641.pdf HTTP/1.1" 200 234675
207.46.13.5 - - [03/Apr/2015:15:44:09 -0500] "GET /BLA/resoluciones/RESOLUCIONES%202009/1981.pdf HTTP/1.1" 200 568079
199.67.140.56 - - [03/Apr/2015:15:44:11 -0500] "GET /BLA/resoluciones/RESOLUCIONES%202010/4742.pdf HTTP/1.1" 200 484121
157.55.39.47 - - [03/Apr/2015:15:44:30 -0500] "GET /bla/resoluciones/RESOLUCIONES%202009/9835.pdf HTTP/1.1" 200 363859
66.249.64.172 - - [03/Apr/2015:15:44:32 -0500] "GET /BLA/resoluciones/AUTOS%202009/3333.pdf HTTP/1.1" 200 228685
207.46.13.5 - - [03/Apr/2015:15:44:35 -0500] "GET /BLA/resoluciones/Autos%202008/3463.pdf HTTP/1.1" 200 139549
207.46.13.5 - - [03/Apr/2015:15:44:35 -0500] "GET /bla/resoluciones/resoluciones%202011/2445.pdf HTTP/1.1" 200 595472
207.46.13.5 - - [03/Apr/2015:15:44:36 -0500] "GET /bla/resoluciones/RESOLUCIONES%202009/2448.pdf HTTP/1.1" 200 325626
207.46.13.5 - - [03/Apr/2015:15:44:44 -0500] "GET /BLA/resoluciones/RESOLUCIONES%202010/0303.pdf HTTP/1.1" 200 328028
188.165.15.210 - - [03/Apr/2015:15:44:54 -0500] "GET /BLA/resoluciones/RESOLUCIONES%202005/RES%202005%2051-100/00000090.tif HTTP/1.1" 200 146860
207.46.13.5 - - [03/Apr/2015:15:44:59 -0500] "GET /BLA/resoluciones/RESOLUCIONES%202008/2610.pdf HTTP/1.1" 200 215516
207.46.13.5 - - [03/Apr/2015:15:44:59 -0500] "GET /BLA/resoluciones/RESOLUCIONES%202008/2504.pdf HTTP/1.1" 200 257396
157.55.39.47 - - [03/Apr/2015:15:45:05 -0500] "GET /BLA/resoluciones/Autos%202008/0482.pdf HTTP/1.1" 200 113190
181.130.43.226 - - [03/Apr/2015:15:45:12 -0500] "GET /galeria/galeria/jquery.fancybox.css?v=2.1.5 HTTP/1.1" 200 4895
181.130.43.226 - - [03/Apr/2015:15:45:12 -0500] "GET /BLA/boletinlegal/js/jquery.scrollTo-min.js HTTP/1.1" 200 1150
181.130.43.226 - - [03/Apr/2015:15:45:12 -0500] "GET /galeria/galeria/jquery.fancybox.js?v=2.1.5 HTTP/1.1" 200 48706
181.130.43.226 - - [03/Apr/2015:15:45:12 -0500] "GET /BLA/boletinlegal/js/jquery.scrollShow.js HTTP/1.1" 200 4586
181.130.43.226 - - [03/Apr/2015:15:45:16 -0500] "GET /BLA/boletinlegal/js/jquery.scrollTo-min.js HTTP/1.1" 304 -
181.130.43.226 - - [03/Apr/2015:15:45:16 -0500] "GET /BLA/boletinlegal/js/jquery.scrollShow.js HTTP/1.1" 304 -
181.130.43.226 - - [03/Apr/2015:15:45:16 -0500] "GET /galeria/galeria/jquery.fancybox.js?v=2.1.5 HTTP/1.1" 304 -
181.130.43.226 - - [03/Apr/2015:15:45:16 -0500] "GET /galeria/galeria/jquery.fancybox.css?v=2.1.5 HTTP/1.1" 304 -
157.55.39.46 - - [03/Apr/2015:15:45:18 -0500] "GET /bla/resoluciones/autos%202010/3311.pdf HTTP/1.1" 200 1445188
188.165.15.210 - - [03/Apr/2015:15:45:30 -0500] "GET /BLA/resoluciones/RESOLUCIONES%202003/RES%202003%201001-1050/1008.tif HTTP/1.1" 200 185108
201.185.205.76 - - [03/Apr/2015:15:45:34 -0500] "GET /BLA/boletinlegal/js/jquery.scrollShow.js HTTP/1.1" 200 4586
201.185.205.76 - - [03/Apr/2015:15:45:34 -0500] "GET /BLA/boletinlegal/js/jquery.scrollTo-min.js HTTP/1.1" 200 1150
201.185.205.76 - - [03/Apr/2015:15:45:34 -0500] "GET /galeria/galeria/jquery.fancybox.css?v=2.1.5 HTTP/1.1" 200 4895
201.185.205.76 - - [03/Apr/2015:15:45:34 -0500] "GET /galeria/galeria/jquery.fancybox.js?v=2.1.5 HTTP/1.1" 200 48706
207.46.13.5 - - [03/Apr/2015:15:45:34 -0500] "GET /BLA/resoluciones/RESOLUCIONES%202009/7423.pdf HTTP/1.1" 200 492897
207.46.13.5 - - [03/Apr/2015:15:45:35 -0500] "GET /bla/resoluciones/RESOLUCIONES%202009/1135.pdf HTTP/1.1" 200 5451780
207.46.13.5 - - [03/Apr/2015:15:45:35 -0500] "GET /BLA/resoluciones/Autos%202008/0243.pdf HTTP/1.1" 200 258363
74.86.158.107 - - [03/Apr/2015:15:45:40 -0500] "HEAD / HTTP/1.1" 302 -
201.185.205.76 - - [03/Apr/2015:15:45:52 -0500] "GET /galeria/galeria/jquery.fancybox.css?v=2.1.5 HTTP/1.1" 304 -
201.185.205.76 - - [03/Apr/2015:15:45:52 -0500] "GET /BLA/boletinlegal/js/jquery.scrollTo-min.js HTTP/1.1" 304 -
201.185.205.76 - - [03/Apr/2015:15:45:52 -0500] "GET /BLA/boletinlegal/js/jquery.scrollShow.js HTTP/1.1" 304 -
201.185.205.76 - - [03/Apr/2015:15:45:52 -0500] "GET /galeria/galeria/jquery.fancybox.js?v=2.1.5 HTTP/1.1" 304 -
186.84.65.228 - - [03/Apr/2015:15:45:56 -0500] "POST /forms/lservlet;jsessionid=ac16012b30d6334d1465b9444f508fa7998aea33bce0.e3iSbxaKaheRe3eNbhaPbhuQa41ynknvrkLOlQzNp65In0 HTTP/1.1" 200 2
157.55.39.47 - - [03/Apr/2015:15:45:58 -0500] "GET /bla/resoluciones/resoluciones%202011/5124.pdf HTTP/1.1" 200 407888
157.55.39.46 - - [03/Apr/2015:15:46:15 -0500] "GET /bla/resoluciones/resoluciones%202011/2074.pdf HTTP/1.1" 200 135864
66.249.64.172 - - [03/Apr/2015:15:46:16 -0500] "GET /BLA/resoluciones/RESOLUCIONES%202010/1044.pdf HTTP/1.1" 200 109822
186.30.85.0 - - [03/Apr/2015:15:46:21 -0500] "GET /crossdomain.xml HTTP/1.1" 404 1280
186.30.85.0 - - [03/Apr/2015:15:46:21 -0500] "GET /arcgis/services/Calidad_del_Agua_WQI/MapServer/WMSServer?FORMAT=image%2Fpng&WIDTH=1024&HEIGHT=623&STYLES=&LAYERS=3%2C4%2C5%2C6%2C7&BBOX=%2D74%2E6602055906002%2C4%2E295394376324778%2C%2D73%2E44192155561511%2C5%2E03659647964091&VERSION=1%2E1%2E1&TRANSPARENT=TRUE&SERVICE=WMS&SRS=EPSG%3A4686&REQUEST=GetMap HTTP/1.1" 200 6143
66.249.64.40 - - [03/Apr/2015:15:46:30 -0500] "GET /Anexos%20estudio%20Organizacional%20SDA/dlf/folder.png HTTP/1.1" 200 410
186.30.85.0 - - [03/Apr/2015:15:46:40 -0500] "GET /crossdomain.xml HTTP/1.1" 404 1280
186.30.85.0 - - [03/Apr/2015:15:46:40 -0500] "GET /arcgis/services/Calidad_del_Agua_WQI/MapServer/WMSServer?FORMAT=image%2Fpng&WIDTH=1024&HEIGHT=623&STYLES=&LAYERS=3%2C4%2C5%2C6%2C7&BBOX=%2D74%2E38478297917536%2C4%2E46731043399602%2C%2D73%2E7756409616828%2C4%2E837911485654087&VERSION=1%2E1%2E1&TRANSPARENT=TRUE&SERVICE=WMS&SRS=EPSG%3A4686&REQUEST=GetMap HTTP/1.1" 200 7335
186.30.85.0 - - [03/Apr/2015:15:46:40 -0500] "GET /arcgis/services/Calidad_del_Agua_WQI/MapServer/WMSServer?FORMAT=image%2Fpng&WIDTH=1024&HEIGHT=623&STYLES=&LAYERS=3%2C4%2C5%2C6%2C7&BBOX=%2D74%2E22952314854493%2C4%2E577241532465379%2C%2D73%2E9858663415479%2C4%2E725481953128606&VERSION=1%2E1%2E1&TRANSPARENT=TRUE&SERVICE=WMS&SRS=EPSG%3A4686&REQUEST=GetMap HTTP/1.1" 200 8558
186.30.85.0 - - [03/Apr/2015:15:46:40 -0500] "GET /arcgis/services/Calidad_del_Agua_WQI/MapServer/WMSServer?FORMAT=image%2Fpng&WIDTH=1024&HEIGHT=623&STYLES=&LAYERS=3%2C4%2C5%2C6%2C7&BBOX=%2D74%2E19026204194873%2C4%2E610672959597295%2C%2D74%2E06843363845022%2C4%2E684793169928909&VERSION=1%2E1%2E1&TRANSPARENT=TRUE&SERVICE=WMS&SRS=EPSG%3A4686&REQUEST=GetMap HTTP/1.1" 200 7003
186.30.85.0 - - [03/Apr/2015:15:46:44 -0500] "GET /arcgis/services/Calidad_del_Agua_WQI/MapServer/WMSServer?FORMAT=image%2Fpng&WIDTH=1024&HEIGHT=623&STYLES=&LAYERS=3%2C4%2C5%2C6%2C7&BBOX=%2D74%2E23215878787055%2C4%2E593388204450454%2C%2D74%2E11033038437203%2C4%2E667508414782068&VERSION=1%2E1%2E1&TRANSPARENT=TRUE&SERVICE=WMS&SRS=EPSG%3A4686&REQUEST=GetMap HTTP/1.1" 200 8669
186.30.85.0 - - [03/Apr/2015:15:46:45 -0500] "GET /arcgis/services/Calidad_del_Agua_WQI/MapServer/WMSServer?FORMAT=image%2Fpng&WIDTH=1024&HEIGHT=623&STYLES=&LAYERS=3%2C4%2C5%2C6%2C7&BBOX=%2D74%2E20738859879985%2C4%2E621299282048843%2C%2D74%2E15865723740045%2C4%2E650947366181489&VERSION=1%2E1%2E1&TRANSPARENT=TRUE&SERVICE=WMS&SRS=EPSG%3A4686&REQUEST=GetMap HTTP/1.1" 200 4002
186.30.85.0 - - [03/Apr/2015:15:46:46 -0500] "GET /arcgis/services/Calidad_del_Agua_WQI/MapServer/WMSServer?FORMAT=image%2Fpng&WIDTH=1024&HEIGHT=623&STYLES=&LAYERS=3%2C4%2C5%2C6%2C7&BBOX=%2D74%2E1986321822984%2C4%2E629960520110066%2C%2D74%2E1742665015987%2C4%2E644784562176389&VERSION=1%2E1%2E1&TRANSPARENT=TRUE&SERVICE=WMS&SRS=EPSG%3A4686&REQUEST=GetMap HTTP/1.1" 200 4002
186.30.85.0 - - [03/Apr/2015:15:46:46 -0500] "GET /arcgis/services/Calidad_del_Agua_WQI/MapServer/WMSServer?FORMAT=image%2Fpng&WIDTH=1024&HEIGHT=623&STYLES=&LAYERS=3%2C4%2C5%2C6%2C7&BBOX=%2D74%2E19380187645656%2C4%2E633291765518228%2C%2D74%2E18161903610671%2C4%2E64070378655139&VERSION=1%2E1%2E1&TRANSPARENT=TRUE&SERVICE=WMS&SRS=EPSG%3A4686&REQUEST=GetMap HTTP/1.1" 200 4002
207.46.13.5 - - [03/Apr/2015:15:46:48 -0500] "GET /BLA/resoluciones/RESOLUCIONES%202009/8043.pdf HTTP/1.1" 200 416092
200.118.73.244 - - [03/Apr/2015:15:46:57 -0500] "GET /galeria/galeria/jquery.fancybox.js?v=2.1.5 HTTP/1.1" 200 48706
200.118.73.244 - - [03/Apr/2015:15:46:57 -0500] "GET /galeria/carrusel/Carrusel/jquery.thumbnailScroller.css HTTP/1.1" 200 2066
200.118.73.244 - - [03/Apr/2015:15:46:57 -0500] "GET /BLA/boletinlegal/js/jquery.scrollShow.js HTTP/1.1" 200 4586
200.118.73.244 - - [03/Apr/2015:15:46:57 -0500] "GET /galeria/carrusel/Carrusel/jquery.thumbnailScroller.js HTTP/1.1" 200 8157
200.118.73.244 - - [03/Apr/2015:15:46:57 -0500] "GET /galeria/galeria/jquery.fancybox.css?v=2.1.5 HTTP/1.1" 200 4895
200.118.73.244 - - [03/Apr/2015:15:46:57 -0500] "GET /BLA/boletinlegal/js/jquery.scrollTo-min.js HTTP/1.1" 200 1150
200.118.73.244 - - [03/Apr/2015:15:46:57 -0500] "GET /galeria/carrusel/Carrusel/jquery-ui-1.8.13.custom.min.js HTTP/1.1" 200 10800
200.118.73.244 - - [03/Apr/2015:15:46:59 -0500] "GET /galeria/nivo-slider/demo/demo.html HTTP/1.1" 200 4196
200.118.73.244 - - [03/Apr/2015:15:46:59 -0500] "GET /galeria/nivo-slider/themes/default/default.css HTTP/1.1" 200 1569
200.118.73.244 - - [03/Apr/2015:15:46:59 -0500] "GET /galeria/nivo-slider/themes/pascal/pascal.css HTTP/1.1" 200 2258
200.118.73.244 - - [03/Apr/2015:15:46:59 -0500] "GET /galeria/nivo-slider/themes/orman/orman.css HTTP/1.1" 200 2152
200.118.73.244 - - [03/Apr/2015:15:46:59 -0500] "GET /galeria/nivo-slider/nivo-slider.css HTTP/1.1" 200 1507
200.118.73.244 - - [03/Apr/2015:15:46:59 -0500] "GET /galeria/nivo-slider/demo/style.css HTTP/1.1" 200 2222
200.118.73.244 - - [03/Apr/2015:15:46:59 -0500] "GET /galeria/nivo-slider/demo/images/Banner-semana-santa.jpg HTTP/1.1" 200 350491
200.118.73.244 - - [03/Apr/2015:15:46:59 -0500] "GET /galeria/nivo-slider/demo/images/Banner-decreto1299.jpg HTTP/1.1" 200 182613
200.118.73.244 - - [03/Apr/2015:15:46:59 -0500] "GET /galeria/nivo-slider/demo/images/no-sea-victima.jpg HTTP/1.1" 200 254155
200.118.73.244 - - [03/Apr/2015:15:46:59 -0500] "GET /galeria/nivo-slider/demo/images/Convocatoria_recicladores.jpg HTTP/1.1" 200 213976
200.118.73.244 - - [03/Apr/2015:15:46:59 -0500] "GET /galeria/nivo-slider/demo/images/Licitaciones-proyecto-paramo.jpg HTTP/1.1" 200 221877
200.118.73.244 - - [03/Apr/2015:15:46:59 -0500] "GET /galeria/nivo-slider/demo/images/banner-V2.jpg HTTP/1.1" 200 167020
200.118.73.244 - - [03/Apr/2015:15:46:59 -0500] "GET /galeria/nivo-slider/demo/images/Banner-Directorio.jpg HTTP/1.1" 200 182068
200.118.73.244 - - [03/Apr/2015:15:46:59 -0500] "GET /galeria/nivo-slider/demo/images/bolsas-06.jpg HTTP/1.1" 200 90982
200.118.73.244 - - [03/Apr/2015:15:47:00 -0500] "GET /galeria/nivo-slider/demo/images/porloshumedales.jpg HTTP/1.1" 200 351238
200.118.73.244 - - [03/Apr/2015:15:46:59 -0500] "GET /galeria/nivo-slider/demo/images/redes_sociales.jpg HTTP/1.1" 200 415652
200.118.73.244 - - [03/Apr/2015:15:47:01 -0500] "GET /galeria/nivo-slider/demo/images/banner-llantas2.jpg HTTP/1.1" 200 73153
200.118.73.244 - - [03/Apr/2015:15:46:59 -0500] "GET /galeria/nivo-slider/demo/images/Conoce-los-humedales.jpg HTTP/1.1" 200 294036
200.118.73.244 - - [03/Apr/2015:15:46:59 -0500] "GET /galeria/nivo-slider/demo/images/ecolecta-Dic2014.png HTTP/1.1" 200 288593
200.118.73.244 - - [03/Apr/2015:15:47:01 -0500] "GET /galeria/nivo-slider/demo/images/4Simple_Slider.png HTTP/1.1" 200 11722
200.118.73.244 - - [03/Apr/2015:15:46:59 -0500] "GET /galeria/nivo-slider/demo/images/Ruta-vertimientos-01.jpg HTTP/1.1" 200 130151
200.118.73.244 - - [03/Apr/2015:15:47:01 -0500] "GET /galeria/nivo-slider/demo/images/9Signos.jpg HTTP/1.1" 200 81776
200.118.73.244 - - [03/Apr/2015:15:47:02 -0500] "GET /galeria/nivo-slider/demo/scripts/jquery-1.7.1.min.js HTTP/1.1" 200 93868
200.118.73.244 - - [03/Apr/2015:15:47:02 -0500] "GET /galeria/nivo-slider/jquery.nivo.slider.pack.js HTTP/1.1" 200 11561
200.118.73.244 - - [03/Apr/2015:15:46:59 -0500] "GET /galeria/nivo-slider/demo/images/bolsas-08.jpg HTTP/1.1" 200 85589
200.118.73.244 - - [03/Apr/2015:15:47:02 -0500] "GET /galeria/nivo-slider/demo/images/Tingua-azul.jpg HTTP/1.1" 200 307638
200.118.73.244 - - [03/Apr/2015:15:47:01 -0500] "GET /galeria/nivo-slider/themes/default/loading.gif HTTP/1.1" 200 1737
200.118.73.244 - - [03/Apr/2015:15:47:03 -0500] "GET /galeria/nivo-slider/themes/default/arrows.png HTTP/1.1" 200 824
200.118.73.244 - - [03/Apr/2015:15:47:03 -0500] "GET /galeria/nivo-slider/themes/default/bullets.png HTTP/1.1" 200 1281
207.46.13.5 - - [03/Apr/2015:15:47:08 -0500] "GET /bla/resoluciones/RESOLUCIONES%202009/0587.pdf HTTP/1.1" 200 323865
207.46.13.5 - - [03/Apr/2015:15:47:33 -0500] "GET /BLA/resoluciones/AUTOS%202007/1659.pdf HTTP/1.1" 200 114687
207.46.13.5 - - [03/Apr/2015:15:47:38 -0500] "GET /BLA/resoluciones/RESOLUCIONES%202011/5080.pdf HTTP/1.1" 200 473485
180.76.6.213 - - [03/Apr/2015:15:47:43 -0500] "GET /BLA/resoluciones/AUTOS%202013/2014.pdf HTTP/1.1" 200 398136
157.55.39.47 - - [03/Apr/2015:15:47:44 -0500] "GET /BLA/resoluciones/AUTOS%202007/1478.pdf HTTP/1.1" 200 89349
207.46.13.5 - - [03/Apr/2015:15:47:49 -0500] "GET /BLA/resoluciones/AUTOS%202007/1254.pdf HTTP/1.1" 200 60514
207.46.13.5 - - [03/Apr/2015:15:47:49 -0500] "GET /bla/resoluciones/RESOLUCIONES%202009/0083.pdf HTTP/1.1" 200 163984
207.46.13.5 - - [03/Apr/2015:15:47:50 -0500] "GET /BLA/resoluciones/AUTOS%202007/2680.pdf HTTP/1.1" 200 80563
186.84.65.228 - - [03/Apr/2015:15:47:56 -0500] "POST /forms/lservlet;jsessionid=ac16012b30d6334d1465b9444f508fa7998aea33bce0.e3iSbxaKaheRe3eNbhaPbhuQa41ynknvrkLOlQzNp65In0 HTTP/1.1" 200 2
186.112.10.91 - - [03/Apr/2015:15:47:58 -0500] "GET /galeria/galeria/jquery.fancybox.js?v=2.1.5 HTTP/1.1" 200 48706
186.112.10.91 - - [03/Apr/2015:15:47:58 -0500] "GET /galeria/galeria/jquery.fancybox.css?v=2.1.5 HTTP/1.1" 200 4895
186.112.10.91 - - [03/Apr/2015:15:47:59 -0500] "GET /videos/galeria-fotografica/index8.html? HTTP/1.1" 200 1971
66.249.64.172 - - [03/Apr/2015:15:47:59 -0500] "GET /BLA/resoluciones/RESOLUCIONES%202011/4945.pdf HTTP/1.1" 200 354661
186.112.10.91 - - [03/Apr/2015:15:48:00 -0500] "GET /videos/galeria-fotografica/js/jquery-flickr-gallery/jquery-flickr.css HTTP/1.1" 200 711
186.112.10.91 - - [03/Apr/2015:15:48:00 -0500] "GET /videos/galeria-fotografica/js/jquery-flickr-gallery/jquery-flickr-gallery.js HTTP/1.1" 200 9050
186.30.85.0 - - [03/Apr/2015:15:48:04 -0500] "GET /crossdomain.xml HTTP/1.1" 404 1280
207.46.13.5 - - [03/Apr/2015:15:48:04 -0500] "GET /BLA/resoluciones/RESOLUCIONES%202009/9550.pdf HTTP/1.1" 200 490487
186.30.85.0 - - [03/Apr/2015:15:48:04 -0500] "GET /arcgis/services/Calidad_del_Agua_WQI/MapServer/WMSServer?FORMAT=image%2Fpng&WIDTH=1024&HEIGHT=623&STYLES=&LAYERS=3%2C4%2C5%2C6%2C7&BBOX=%2D74%2E1945983862839%2C4%2E633660679431097%2C%2D74%2E18241554593405%2C4%2E6410727004642585&VERSION=1%2E1%2E1&TRANSPARENT=TRUE&SERVICE=WMS&SRS=EPSG%3A4686&REQUEST=GetMap HTTP/1.1" 200 4002
207.46.13.5 - - [03/Apr/2015:15:48:05 -0500] "GET /BLA/resoluciones/RESOLUCIONES%202009/9190.pdf HTTP/1.1" 200 472591
186.30.85.0 - - [03/Apr/2015:15:48:05 -0500] "GET /arcgis/services/Calidad_del_Agua_WQI/MapServer/WMSServer?FORMAT=image%2Fpng&WIDTH=1024&HEIGHT=623&STYLES=&LAYERS=3%2C4%2C5%2C6%2C7&BBOX=%2D74%2E1910506099242%2C4%2E636366126594726%2C%2D74%2E18617747378427%2C4%2E639330935007989&VERSION=1%2E1%2E1&TRANSPARENT=TRUE&SERVICE=WMS&SRS=EPSG%3A4686&REQUEST=GetMap HTTP/1.1" 200 4002
207.46.13.5 - - [03/Apr/2015:15:48:06 -0500] "GET /BLA/resoluciones/RESOLUCIONES%202011/5520.pdf HTTP/1.1" 200 562406
186.30.85.0 - - [03/Apr/2015:15:48:08 -0500] "GET /arcgis/services/Calidad_del_Agua_WQI/MapServer/WMSServer?FORMAT=image%2Fpng&WIDTH=1024&HEIGHT=623&STYLES=&LAYERS=3%2C4%2C5%2C6%2C7&BBOX=%2D74%2E19096409882947%2C4%2E637555901948098%2C%2D74%2E18609096268953%2C4%2E640520710361362&VERSION=1%2E1%2E1&TRANSPARENT=TRUE&SERVICE=WMS&SRS=EPSG%3A4686&REQUEST=GetMap HTTP/1.1" 200 4002
180.76.6.44 - - [03/Apr/2015:15:48:18 -0500] "GET /BLA/resoluciones/AUTOS%202011/3719.pdf HTTP/1.1" 200 289093
188.165.15.210 - - [03/Apr/2015:15:48:20 -0500] "GET /BLA/resoluciones/RESOLUCIONES%202005/RES%202005%203051-3100/00003100.tif HTTP/1.1" 200 134016
207.46.13.5 - - [03/Apr/2015:15:48:23 -0500] "GET /bla/resoluciones/RESOLUCIONES%202009/7556.pdf HTTP/1.1" 200 505423
157.55.39.47 - - [03/Apr/2015:15:48:40 -0500] "GET /bla/resoluciones/resoluciones%202010/3396.pdf HTTP/1.1" 200 315464
157.55.39.47 - - [03/Apr/2015:15:48:40 -0500] "GET /BLA/resoluciones/RESOLUCIONES%202007/RES%202007%20301%20AL%20400/RESOLUCION%20033%20DE%202007.pdf HTTP/1.1" 200 508434
186.113.109.247 - - [03/Apr/2015:15:48:42 -0500] "GET /BLA/resoluciones/AUTOS%202013/0933.pdf HTTP/1.1" 200 1388757
157.55.39.47 - - [03/Apr/2015:15:48:42 -0500] "GET /bla/resoluciones/RESOLUCIONES%202009/0235.pdf HTTP/1.1" 200 686752
186.113.109.247 - - [03/Apr/2015:15:48:47 -0500] "GET /BLA/resoluciones/AUTOS%202013/0933.pdf HTTP/1.1" 200 1388757
207.46.13.5 - - [03/Apr/2015:15:48:48 -0500] "GET /BLA/resoluciones/Autos%202008/0052.pdf HTTP/1.1" 200 143784
66.249.64.164 - - [03/Apr/2015:15:48:51 -0500] "GET /BLA/resoluciones/AUTOS%202008/1019.pdf HTTP/1.1" 200 266082
157.55.39.46 - - [03/Apr/2015:15:49:19 -0500] "GET /bla/resoluciones/resoluciones%202011/5631.pdf HTTP/1.1" 200 727730
207.46.13.5 - - [03/Apr/2015:15:49:23 -0500] "GET /bla/resoluciones/resoluciones%202010/4763.pdf HTTP/1.1" 200 327744
207.46.13.5 - - [03/Apr/2015:15:49:24 -0500] "GET /bla/resoluciones/RESOLUCIONES%202009/2000.pdf HTTP/1.1" 200 623555
207.46.13.5 - - [03/Apr/2015:15:49:25 -0500] "GET /bla/resoluciones/RESOLUCIONES%202011/5737.pdf HTTP/1.1" 200 543701
157.55.39.47 - - [03/Apr/2015:15:49:28 -0500] "GET /bla/resoluciones/RESOLUCIONES%202009/8400.pdf HTTP/1.1" 200 415841
190.158.165.246 - - [03/Apr/2015:15:49:28 -0500] "GET /BLA/boletinlegal/js/jquery.scrollTo-min.js HTTP/1.1" 304 -
190.158.165.246 - - [03/Apr/2015:15:49:28 -0500] "GET /galeria/galeria/jquery.fancybox.css?v=2.1.5 HTTP/1.1" 304 -
190.158.165.246 - - [03/Apr/2015:15:49:28 -0500] "GET /BLA/boletinlegal/js/jquery.scrollShow.js HTTP/1.1" 304 -
190.158.165.246 - - [03/Apr/2015:15:49:28 -0500] "GET /galeria/galeria/jquery.fancybox.js?v=2.1.5 HTTP/1.1" 304 -
200.118.73.244 - - [03/Apr/2015:15:49:30 -0500] "GET /videos/galeria-cronicas/1V3wnplaylist.htm? HTTP/1.1" 200 4013
180.76.6.136 - - [03/Apr/2015:15:49:30 -0500] "GET /BLA/resoluciones/AUTOS%202012/2110.pdf HTTP/1.1" 200 816000
200.118.73.244 - - [03/Apr/2015:15:49:30 -0500] "GET /videos/galeria-cronicas/js/jquery.jplayer.min.js HTTP/1.1" 200 43668
200.118.73.244 - - [03/Apr/2015:15:49:31 -0500] "GET /videos/galeria-cronicas/js/jplayer.playlist.min.js HTTP/1.1" 200 8608
200.118.73.244 - - [03/Apr/2015:15:49:31 -0500] "GET /videos/galeria-cronicas/skin/blue.monday/jplayer.blue.monday.css HTTP/1.1" 200 12518
186.113.109.247 - - [03/Apr/2015:15:49:31 -0500] "GET /BLA/resoluciones/AUTOS%202013/0933.pdf HTTP/1.1" 200 1388757
200.118.73.244 - - [03/Apr/2015:15:49:31 -0500] "GET /videos/galeria-cronicas/skin/blue.monday/jplayer.blue.monday.video.play.png HTTP/1.1" 200 14424
200.118.73.244 - - [03/Apr/2015:15:49:31 -0500] "GET /videos/galeria-cronicas/skin/blue.monday/jplayer.blue.monday.jpg HTTP/1.1" 200 23189
200.118.73.244 - - [03/Apr/2015:15:49:32 -0500] "GET /videos/galeria-cronicas/1videos/parche.mp4video.mp4 HTTP/1.1" 206 2
200.118.73.244 - - [03/Apr/2015:15:49:32 -0500] "GET /videos/galeria-cronicas/1videos/parche.mp4video.mp4 HTTP/1.1" 206 2821840
200.118.73.244 - - [03/Apr/2015:15:49:32 -0500] "GET /videos/galeria-cronicas/1videos/parche.mp4video.mp4 HTTP/1.1" 206 36560
200.118.73.244 - - [03/Apr/2015:15:49:32 -0500] "GET /videos/galeria-cronicas/1videos/parche.mp4video.mp4 HTTP/1.1" 206 2782712
186.113.109.247 - - [03/Apr/2015:15:49:33 -0500] "GET /BLA/resoluciones/AUTOS%202013/0933.pdf HTTP/1.1" 200 1388757
207.46.13.5 - - [03/Apr/2015:15:49:33 -0500] "GET /BLA/resoluciones/RESOLUCIONES%202009/0089.pdf HTTP/1.1" 200 186518
66.249.64.172 - - [03/Apr/2015:15:49:43 -0500] "GET /BLA/resoluciones/Notificaciones/AUTOS%202014/1947.doc HTTP/1.1" 200 136704
188.165.15.210 - - [03/Apr/2015:15:49:47 -0500] "GET /BLA/resoluciones/AUTOS%202006/AUTOS%202006%202701%20-%202800/00002758.tif HTTP/1.1" 200 101894
157.55.39.47 - - [03/Apr/2015:15:49:50 -0500] "GET /bla/resoluciones/RESOLUCIONES%202009/0375.pdf HTTP/1.1" 200 223513
207.46.13.5 - - [03/Apr/2015:15:49:53 -0500] "GET /bla/resoluciones/autos%202010/5579.pdf HTTP/1.1" 200 743144
186.84.65.228 - - [03/Apr/2015:15:49:56 -0500] "POST /forms/lservlet;jsessionid=ac16012b30d6334d1465b9444f508fa7998aea33bce0.e3iSbxaKaheRe3eNbhaPbhuQa41ynknvrkLOlQzNp65In0 HTTP/1.1" 200 2
190.24.120.123 - - [03/Apr/2015:15:43:58 -0500] "GET /ForestMSG_SDA/channelAsync/template_word_17493135?X-Atmosphere-tracking-id=8e04387b-0dec-92f2-53d0-0bcd3725d325&X-Atmosphere-Framework=1.0.5&X-Atmosphere-Transport=long-polling&tabid=0.38001014315523207&X-Cache-Date=0&Content-Type=application/xml&_=1428094015259 HTTP/1.1" 200 8193
207.46.13.5 - - [03/Apr/2015:15:50:03 -0500] "GET /BLA/resoluciones/RESOLUCIONES%202007/RES%202007%20301%20AL%20400/RESOLUCION%200392%20DE%202007.pdf HTTP/1.1" 200 1003632
207.46.13.5 - - [03/Apr/2015:15:50:03 -0500] "GET /bla/resoluciones/RESOLUCIONES%202009/1760.pdf HTTP/1.1" 200 485814
50.7.159.11 - - [03/Apr/2015:15:50:07 -0500] "GET http://5.61.43.116/ HTTP/1.1" 302 -
180.76.5.81 - - [03/Apr/2015:15:50:08 -0500] "GET /BLA/resoluciones/RESOLUCIONES%202014/2543.pdf HTTP/1.1" 200 832562
188.165.15.210 - - [03/Apr/2015:15:50:22 -0500] "GET /BLA/resoluciones/RESOLUCIONES%202003/RES%202003%201801-1850/20031850.tif HTTP/1.1" 200 55860
207.46.13.5 - - [03/Apr/2015:15:50:23 -0500] "GET /BLA/resoluciones/RESOLUCIONES%202009/9459.pdf HTTP/1.1" 200 393665
74.86.158.107 - - [03/Apr/2015:15:50:40 -0500] "HEAD / HTTP/1.1" 302 -
181.66.157.115 - - [03/Apr/2015:15:50:42 -0500] "GET /BLA/boletinlegal/js/jquery.scrollTo-min.js HTTP/1.1" 200 1150
181.66.157.115 - - [03/Apr/2015:15:50:42 -0500] "GET /BLA/boletinlegal/js/jquery.scrollShow.js HTTP/1.1" 200 4586
181.66.157.115 - - [03/Apr/2015:15:50:42 -0500] "GET /galeria/galeria/jquery.fancybox.js?v=2.1.5 HTTP/1.1" 200 48706
181.66.157.115 - - [03/Apr/2015:15:50:42 -0500] "GET /galeria/galeria/jquery.fancybox.css?v=2.1.5 HTTP/1.1" 200 4895
180.76.5.73 - - [03/Apr/2015:15:50:44 -0500] "GET /BLA/resoluciones/AUTOS%202013/0326.pdf HTTP/1.1" 200 1709604
157.55.39.47 - - [03/Apr/2015:15:50:53 -0500] "GET /bla/resoluciones/resoluciones%202011/4480.pdf HTTP/1.1" 200 351873
157.55.39.47 - - [03/Apr/2015:15:50:54 -0500] "GET /BLA/resoluciones/Autos%202008/0811.pdf HTTP/1.1" 200 82989
181.66.157.115 - - [03/Apr/2015:15:51:05 -0500] "GET /BLA/boletinlegal/js/jquery.scrollShow.js HTTP/1.1" 200 4586
181.66.157.115 - - [03/Apr/2015:15:51:05 -0500] "GET /galeria/galeria/jquery.fancybox.js?v=2.1.5 HTTP/1.1" 200 48706
181.66.157.115 - - [03/Apr/2015:15:51:05 -0500] "GET /galeria/galeria/jquery.fancybox.css?v=2.1.5 HTTP/1.1" 200 4895
181.66.157.115 - - [03/Apr/2015:15:51:05 -0500] "GET /BLA/boletinlegal/js/jquery.scrollTo-min.js HTTP/1.1" 200 1150
201.234.75.11 - - [03/Apr/2015:15:51:16 -0500] "GET /StormSDA/stormWeb/presentacion.html HTTP/1.1" 304 -
66.249.64.168 - - [03/Apr/2015:15:51:27 -0500] "GET /BLA/resoluciones/RESOLUCIONES%202007/RES%202007%203701%20AL%203800/RESOLUCION%203797%20DE%202007.pdf HTTP/1.1" 200 403443
207.46.13.5 - - [03/Apr/2015:15:51:28 -0500] "GET /BLA/resoluciones/RESOLUCIONES%202013/0779.pdf HTTP/1.1" 200 2461695
207.46.13.5 - - [03/Apr/2015:15:51:29 -0500] "GET /bla/resoluciones/resoluciones%202011/3326.pdf HTTP/1.1" 200 711330
207.46.13.5 - - [03/Apr/2015:15:51:38 -0500] "GET /bla/resoluciones/RESOLUCIONES%202009/8256.pdf HTTP/1.1" 200 304461
207.46.13.5 - - [03/Apr/2015:15:51:39 -0500] "GET /bla/resoluciones/RESOLUCIONES%202009/8524.pdf HTTP/1.1" 200 145556
186.29.107.132 - - [03/Apr/2015:15:51:45 -0500] "GET /BLA/boletinlegal/js/jquery.scrollTo-min.js HTTP/1.1" 200 1150
186.29.107.132 - - [03/Apr/2015:15:51:45 -0500] "GET /galeria/galeria/jquery.fancybox.js?v=2.1.5 HTTP/1.1" 200 48706
186.29.107.132 - - [03/Apr/2015:15:51:45 -0500] "GET /galeria/galeria/jquery.fancybox.css?v=2.1.5 HTTP/1.1" 200 4895
186.29.107.132 - - [03/Apr/2015:15:51:45 -0500] "GET /BLA/boletinlegal/js/jquery.scrollShow.js HTTP/1.1" 200 4586
186.29.107.132 - - [03/Apr/2015:15:51:50 -0500] "GET /BLA/boletinlegal/js/jquery.scrollTo-min.js HTTP/1.1" 304 -
186.29.107.132 - - [03/Apr/2015:15:51:50 -0500] "GET /BLA/boletinlegal/js/jquery.scrollShow.js HTTP/1.1" 304 -
186.29.107.132 - - [03/Apr/2015:15:51:50 -0500] "GET /galeria/galeria/jquery.fancybox.js?v=2.1.5 HTTP/1.1" 304 -
186.29.107.132 - - [03/Apr/2015:15:51:50 -0500] "GET /galeria/galeria/jquery.fancybox.css?v=2.1.5 HTTP/1.1" 304 -
207.46.13.5 - - [03/Apr/2015:15:51:53 -0500] "GET /bla/resoluciones/RESOLUCIONES%202009/8432.pdf HTTP/1.1" 200 559094
186.84.65.228 - - [03/Apr/2015:15:51:59 -0500] "POST /forms/lservlet;jsessionid=ac16012b30d6334d1465b9444f508fa7998aea33bce0.e3iSbxaKaheRe3eNbhaPbhuQa41ynknvrkLOlQzNp65In0 HTTP/1.1" 200 2
190.158.165.246 - - [03/Apr/2015:15:52:00 -0500] "GET /galeria/nivo-slider/demo/demo.html HTTP/1.1" 304 -
207.46.13.5 - - [03/Apr/2015:15:52:03 -0500] "GET /bla/resoluciones/RESOLUCIONES%202009/1240.pdf HTTP/1.1" 200 632854
207.46.13.5 - - [03/Apr/2015:15:52:13 -0500] "GET /BLA/resoluciones/RESOLUCIONES%202007/RES%202007%20301%20AL%20400/RESOLUCION%200386%20DE%202007.pdf HTTP/1.1" 200 282467
186.87.12.14 - - [03/Apr/2015:15:52:15 -0500] "GET /BLA/boletinlegal/js/jquery.scrollTo-min.js HTTP/1.1" 200 1150
186.87.12.14 - - [03/Apr/2015:15:52:15 -0500] "GET /BLA/boletinlegal/js/jquery.scrollShow.js HTTP/1.1" 200 4586
186.87.12.14 - - [03/Apr/2015:15:52:15 -0500] "GET /galeria/galeria/jquery.fancybox.js?v=2.1.5 HTTP/1.1" 200 48706
186.87.12.14 - - [03/Apr/2015:15:52:15 -0500] "GET /galeria/galeria/jquery.fancybox.css?v=2.1.5 HTTP/1.1" 200 4895
66.249.64.168 - - [03/Apr/2015:15:52:16 -0500] "GET /galeria/nivo-slider/demo/images/organicos.jpg HTTP/1.1" 200 174527
