66.249.64.168 - - [04/Apr/2015:07:55:13 -0500] "GET /BLA/resoluciones/RESOLUCIONES%202007/RES%202007%202801%20AL%202900/RESOLUCION%202898%20DE%202007.pdf HTTP/1.1" 200 388153
186.31.182.61 - - [04/Apr/2015:07:56:43 -0500] "POST /forms/lservlet;jsessionid=ac16012b30d6999a005517434fe09588924e11dede08.e3iSbxaKaheRe3eNbhaPbhuQa41ynknvrkLOlQzNp65In0 HTTP/1.1" 200 2
180.76.6.152 - - [04/Apr/2015:07:56:51 -0500] "GET /BLA/resoluciones/RESOLUCIONES%202011/0204.pdf HTTP/1.1" 200 291045
66.249.64.168 - - [04/Apr/2015:07:57:13 -0500] "GET /BLA/resoluciones/AUTOS%202011/3045.pdf HTTP/1.1" 200 275529
188.165.15.210 - - [04/Apr/2015:07:57:15 -0500] "GET /BLA/resoluciones/RESOLUCIONES%202004/RES%202004%201901-1950/00001936.tif HTTP/1.1" 200 159270
180.76.6.231 - - [04/Apr/2015:07:57:33 -0500] "GET /BLA/resoluciones/RESOLUCIONES%202007/RES%202007%201%20AL%20100/RESOLUCION%200049%20DE%202007.pdf HTTP/1.1" 200 230477
188.165.15.210 - - [04/Apr/2015:07:58:07 -0500] "GET /BLA/resoluciones/RESOLUCIONES%202003/RES%202003%20651-700/671.tif HTTP/1.1" 200 329888
180.76.6.144 - - [04/Apr/2015:07:58:13 -0500] "GET /BLA/resoluciones/AUTOS%202012/2648.pdf HTTP/1.1" 200 219322
188.165.15.210 - - [04/Apr/2015:07:58:36 -0500] "GET /BLA/resoluciones/RESOLUCIONES%202004/RES%202004%202151-2200/00002197.tif HTTP/1.1" 200 152938
188.165.15.210 - - [04/Apr/2015:07:58:38 -0500] "GET /BLA/resoluciones/RESOLUCIONES%202004/RES%202004%20401-450/00000428.tif HTTP/1.1" 200 118784
186.31.182.61 - - [04/Apr/2015:07:58:43 -0500] "POST /forms/lservlet;jsessionid=ac16012b30d6999a005517434fe09588924e11dede08.e3iSbxaKaheRe3eNbhaPbhuQa41ynknvrkLOlQzNp65In0 HTTP/1.1" 200 2
66.249.64.164 - - [04/Apr/2015:07:58:47 -0500] "GET /BLA/resoluciones/RESOLUCIONES%202012/1823.pdf HTTP/1.1" 200 519318
180.76.6.60 - - [04/Apr/2015:07:58:53 -0500] "GET /BLA/resoluciones/AUTOS%202010/0805.pdf HTTP/1.1" 200 177083
188.165.15.210 - - [04/Apr/2015:07:59:10 -0500] "GET /BLA/resoluciones/RESOLUCIONES%202005/RES%202005%20901-950/00000910.tif HTTP/1.1" 200 146934
66.249.64.168 - - [04/Apr/2015:07:59:14 -0500] "GET /BLA/resoluciones/RESOLUCIONES%202014/1460.pdf HTTP/1.1" 200 519400
201.234.75.11 - - [04/Apr/2015:07:59:32 -0500] "GET /galeria/nivo-slider/themes/orman/orman.css HTTP/1.1" 304 -
74.86.158.107 - - [04/Apr/2015:07:59:50 -0500] "HEAD / HTTP/1.1" 302 -
180.76.5.64 - - [04/Apr/2015:08:00:13 -0500] "GET /BLA/resoluciones/AUTOS%202010/1432.pdf HTTP/1.1" 200 237499
188.165.15.210 - - [04/Apr/2015:08:00:30 -0500] "GET /BLA/resoluciones/AUTOS%202006/AUTOS%202006%201501%20-%201600/00001557.tif HTTP/1.1" 200 77092
186.31.182.61 - - [04/Apr/2015:08:00:43 -0500] "POST /forms/lservlet;jsessionid=ac16012b30d6999a005517434fe09588924e11dede08.e3iSbxaKaheRe3eNbhaPbhuQa41ynknvrkLOlQzNp65In0 HTTP/1.1" 200 2
180.76.6.45 - - [04/Apr/2015:08:00:55 -0500] "GET /BLA/resoluciones/RESOLUCIONES%202011/1607.pdf HTTP/1.1" 200 83273
188.165.15.210 - - [04/Apr/2015:08:01:11 -0500] "GET /BLA/resoluciones/RESOLUCIONES%202002/RES%202002%20901-950/00000913.tif HTTP/1.1" 200 46356
66.249.64.172 - - [04/Apr/2015:08:01:14 -0500] "GET /BLA/resoluciones/RESOLUCIONES%202012/1239.pdf HTTP/1.1" 304 -
88.198.233.69 - - [04/Apr/2015:08:01:22 -0500] "GET / HTTP/1.1" 302 -
180.76.6.147 - - [04/Apr/2015:08:01:39 -0500] "GET /POT-2013/Cartografia/26_Espacio_Publico_2013_V1.pdf HTTP/1.1" 200 3519741
212.145.139.58 - - [04/Apr/2015:08:01:46 -0500] "GET /galeria/galeria/jquery.fancybox.css?v=2.1.5 HTTP/1.1" 200 4895
212.145.139.58 - - [04/Apr/2015:08:01:46 -0500] "GET /BLA/boletinlegal/js/jquery.scrollTo-min.js HTTP/1.1" 200 1150
212.145.139.58 - - [04/Apr/2015:08:01:46 -0500] "GET /BLA/boletinlegal/js/jquery.scrollShow.js HTTP/1.1" 200 4586
212.145.139.58 - - [04/Apr/2015:08:01:46 -0500] "GET /galeria/galeria/jquery.fancybox.js?v=2.1.5 HTTP/1.1" 200 48706
188.165.15.210 - - [04/Apr/2015:08:02:03 -0500] "GET /BLA/resoluciones/AUTOS%202006/AUTOS%202006%20801-900/00000894.tif HTTP/1.1" 200 48220
180.76.5.152 - - [04/Apr/2015:08:02:14 -0500] "GET /BLA/resoluciones/RESOLUCIONES%202011/0698.pdf HTTP/1.1" 200 78715
186.31.182.61 - - [04/Apr/2015:08:02:24 -0500] "POST /forms/lservlet;jsessionid=ac16012b30d6999a005517434fe09588924e11dede08.e3iSbxaKaheRe3eNbhaPbhuQa41ynknvrkLOlQzNp65In0 HTTP/1.1" 200 111
212.145.139.58 - - [04/Apr/2015:08:02:30 -0500] "GET /galeria/galeria/jquery.fancybox.css?v=2.1.5 HTTP/1.1" 304 -
212.145.139.58 - - [04/Apr/2015:08:02:30 -0500] "GET /BLA/boletinlegal/js/jquery.scrollTo-min.js HTTP/1.1" 304 -
212.145.139.58 - - [04/Apr/2015:08:02:30 -0500] "GET /galeria/galeria/jquery.fancybox.js?v=2.1.5 HTTP/1.1" 304 -
212.145.139.58 - - [04/Apr/2015:08:02:30 -0500] "GET /BLA/boletinlegal/js/jquery.scrollShow.js HTTP/1.1" 304 -
186.31.182.61 - - [04/Apr/2015:08:02:43 -0500] "POST /forms/lservlet;jsessionid=ac16012b30d6999a005517434fe09588924e11dede08.e3iSbxaKaheRe3eNbhaPbhuQa41ynknvrkLOlQzNp65In0 HTTP/1.1" 200 2
66.249.64.164 - - [04/Apr/2015:08:02:46 -0500] "GET /BLA/resoluciones/RESOLUCIONES%202009/8890.pdf HTTP/1.1" 200 322374
190.5.204.36 - - [04/Apr/2015:08:03:19 -0500] "GET /galeria/galeria/jquery.fancybox.css?v=2.1.5 HTTP/1.1" 200 4895
190.5.204.36 - - [04/Apr/2015:08:03:19 -0500] "GET /BLA/boletinlegal/js/jquery.scrollTo-min.js HTTP/1.1" 200 1150
190.5.204.36 - - [04/Apr/2015:08:03:19 -0500] "GET /BLA/boletinlegal/js/jquery.scrollShow.js HTTP/1.1" 200 4586
190.5.204.36 - - [04/Apr/2015:08:03:19 -0500] "GET /galeria/galeria/jquery.fancybox.js?v=2.1.5 HTTP/1.1" 200 48706
66.249.64.164 - - [04/Apr/2015:08:03:25 -0500] "GET /BLA/resoluciones/RESOLUCIONES%202010/6511.pdf HTTP/1.1" 200 1460978
186.82.112.18 - - [04/Apr/2015:08:03:39 -0500] "GET /BLA/resoluciones/Notificaciones/AUTOS%202014/3581.doc HTTP/1.1" 200 125440
190.5.204.36 - - [04/Apr/2015:08:03:52 -0500] "GET /galeria/galeria/jquery.fancybox.css?v=2.1.5 HTTP/1.1" 304 -
190.5.204.36 - - [04/Apr/2015:08:03:52 -0500] "GET /BLA/boletinlegal/js/jquery.scrollTo-min.js HTTP/1.1" 304 -
190.5.204.36 - - [04/Apr/2015:08:03:52 -0500] "GET /BLA/boletinlegal/js/jquery.scrollShow.js HTTP/1.1" 304 -
190.5.204.36 - - [04/Apr/2015:08:03:52 -0500] "GET /galeria/galeria/jquery.fancybox.js?v=2.1.5 HTTP/1.1" 304 -
186.115.179.186 - - [04/Apr/2015:08:03:53 -0500] "GET /galeria/galeria/jquery.fancybox.css?v=2.1.5 HTTP/1.1" 200 4895
186.115.179.186 - - [04/Apr/2015:08:03:53 -0500] "GET /BLA/boletinlegal/js/jquery.scrollTo-min.js HTTP/1.1" 200 1150
186.115.179.186 - - [04/Apr/2015:08:03:53 -0500] "GET /BLA/boletinlegal/js/jquery.scrollShow.js HTTP/1.1" 200 4586
186.115.179.186 - - [04/Apr/2015:08:03:53 -0500] "GET /galeria/galeria/jquery.fancybox.js?v=2.1.5 HTTP/1.1" 200 48706
186.115.179.186 - - [04/Apr/2015:08:04:23 -0500] "GET /galeria/galeria/jquery.fancybox.css?v=2.1.5 HTTP/1.1" 304 -
186.115.179.186 - - [04/Apr/2015:08:04:23 -0500] "GET /BLA/boletinlegal/js/jquery.scrollTo-min.js HTTP/1.1" 304 -
186.115.179.186 - - [04/Apr/2015:08:04:23 -0500] "GET /BLA/boletinlegal/js/jquery.scrollShow.js HTTP/1.1" 304 -
186.115.179.186 - - [04/Apr/2015:08:04:23 -0500] "GET /galeria/galeria/jquery.fancybox.js?v=2.1.5 HTTP/1.1" 304 -
188.165.15.210 - - [04/Apr/2015:08:04:27 -0500] "GET /BLA/resoluciones/index.php?dir=RESOLUCIONES%202002/RES%202002%201751-1800/&sort=name&order=desc HTTP/1.1" 200 12155
66.249.64.48 - - [04/Apr/2015:08:04:32 -0500] "GET /portalsiaccapacitaciones/Soportes%20Capacitaciones%20A%C3%B1o%202014/0080.%20Presentaci%C3%B3n%20CASO%20II%20Mantenimiento%20Parque%20Automotor%2027-05-2014.pdf HTTP/1.1" 304 -
66.249.64.172 - - [04/Apr/2015:08:04:36 -0500] "GET /BLA/resoluciones/RESOLUCIONES%202005/RES%202005%203101-3150/00003108.tif HTTP/1.1" 200 175788
186.31.182.61 - - [04/Apr/2015:08:04:43 -0500] "POST /forms/lservlet;jsessionid=ac16012b30d6999a005517434fe09588924e11dede08.e3iSbxaKaheRe3eNbhaPbhuQa41ynknvrkLOlQzNp65In0 HTTP/1.1" 200 2
74.86.158.107 - - [04/Apr/2015:08:04:50 -0500] "HEAD / HTTP/1.1" 302 -
66.249.64.168 - - [04/Apr/2015:08:05:28 -0500] "GET /galeria/nivo-slider/demo/images/Recorrido2.jpg HTTP/1.1" 200 431745
188.165.15.210 - - [04/Apr/2015:08:05:31 -0500] "GET /BLA/resoluciones/RESOLUCIONES%202005/00001089.tif HTTP/1.1" 200 153780
66.249.64.164 - - [04/Apr/2015:08:06:21 -0500] "GET /BLA/resoluciones/RESOLUCIONES%202014/1301.pdf HTTP/1.1" 200 1681060
190.77.151.171 - - [04/Apr/2015:08:06:27 -0500] "GET /BLA/resoluciones/RESOLUCIONES%202009/4939.pdf HTTP/1.1" 200 1437129
190.77.151.171 - - [04/Apr/2015:08:06:28 -0500] "GET /BLA/resoluciones/RESOLUCIONES%202009/4939.pdf HTTP/1.1" 206 32768
190.77.151.171 - - [04/Apr/2015:08:06:29 -0500] "GET /BLA/resoluciones/RESOLUCIONES%202009/4939.pdf HTTP/1.1" 206 1404361
188.165.15.210 - - [04/Apr/2015:08:06:33 -0500] "GET /BLA/resoluciones/RESOLUCIONES%202004/RES%202004%2001-%2050/00000013.tif HTTP/1.1" 200 64688
190.77.151.171 - - [04/Apr/2015:08:06:36 -0500] "GET /favicon.ico HTTP/1.1" 200 7782
186.31.182.61 - - [04/Apr/2015:08:06:43 -0500] "POST /forms/lservlet;jsessionid=ac16012b30d6999a005517434fe09588924e11dede08.e3iSbxaKaheRe3eNbhaPbhuQa41ynknvrkLOlQzNp65In0 HTTP/1.1" 200 2
186.113.10.143 - - [04/Apr/2015:08:07:06 -0500] "GET /galeria/nivo-slider/demo/images/Banner-Ecourbanismo.jpg HTTP/1.1" 304 -
66.249.64.164 - - [04/Apr/2015:08:08:09 -0500] "GET /BLA/resoluciones/RESOLUCIONES%202009/9624.pdf HTTP/1.1" 200 165959
66.249.64.168 - - [04/Apr/2015:08:08:12 -0500] "GET /BLA/resoluciones/RESOLUCIONES%202010/3818.pdf HTTP/1.1" 200 82327
66.249.64.44 - - [04/Apr/2015:08:08:29 -0500] "GET / HTTP/1.1" 302 -
186.31.182.61 - - [04/Apr/2015:08:08:43 -0500] "POST /forms/lservlet;jsessionid=ac16012b30d6999a005517434fe09588924e11dede08.e3iSbxaKaheRe3eNbhaPbhuQa41ynknvrkLOlQzNp65In0 HTTP/1.1" 200 2
220.181.108.117 - - [04/Apr/2015:08:08:43 -0500] "GET /BLA/resoluciones/RESOLUCIONES%202011/3122.pdf HTTP/1.1" 200 670370
74.86.158.107 - - [04/Apr/2015:08:09:50 -0500] "HEAD / HTTP/1.1" 302 -
190.76.69.2 - - [04/Apr/2015:08:09:52 -0500] "GET /BLA/boletinlegal/js/jquery.scrollTo-min.js HTTP/1.1" 200 1150
190.76.69.2 - - [04/Apr/2015:08:09:53 -0500] "GET /BLA/boletinlegal/js/jquery.scrollShow.js HTTP/1.1" 200 4586
190.76.69.2 - - [04/Apr/2015:08:09:57 -0500] "GET /galeria/galeria/jquery.fancybox.js?v=2.1.5 HTTP/1.1" 200 48706
66.249.64.168 - - [04/Apr/2015:08:09:58 -0500] "GET /BLA/resoluciones/RESOLUCIONES%202008/0410.pdf HTTP/1.1" 304 -
190.76.69.2 - - [04/Apr/2015:08:10:00 -0500] "GET /galeria/galeria/jquery.fancybox.css?v=2.1.5 HTTP/1.1" 200 4895
188.165.15.210 - - [04/Apr/2015:08:10:22 -0500] "GET /BLA/resoluciones/RESOLUCIONES%202002/RES%202002%201801-1850/20021819.tif HTTP/1.1" 200 120066
188.165.15.210 - - [04/Apr/2015:08:10:36 -0500] "GET /BLA/resoluciones/RESOLUCIONES%202005/RES%202005%202501-2550/00002546.tif HTTP/1.1" 200 148912
186.31.182.61 - - [04/Apr/2015:08:10:43 -0500] "POST /forms/lservlet;jsessionid=ac16012b30d6999a005517434fe09588924e11dede08.e3iSbxaKaheRe3eNbhaPbhuQa41ynknvrkLOlQzNp65In0 HTTP/1.1" 200 2
136.243.16.7 - - [04/Apr/2015:08:11:46 -0500] "GET /robots.txt HTTP/1.0" 404 1015
66.249.64.164 - - [04/Apr/2015:08:11:49 -0500] "GET /BLA/resoluciones/AUTOS%202014/1297.pdf HTTP/1.1" 200 1606834
136.243.16.7 - - [04/Apr/2015:08:12:05 -0500] "GET /portalsiaccapacitaciones/Soportes%20Capacitaciones%20A%C3%B1o%202013/?C=D;O=A HTTP/1.0" 200 16997
181.61.16.174 - - [04/Apr/2015:08:12:06 -0500] "GET /BLA/resoluciones/RESOLUCIONES%202007/RES%202007%201501%20AL%201600/RESOLUCION%201536%20DE%202007.pdf HTTP/1.1" 200 1018791
181.61.16.174 - - [04/Apr/2015:08:12:07 -0500] "GET /BLA/resoluciones/RESOLUCIONES%202007/RES%202007%201501%20AL%201600/RESOLUCION%201536%20DE%202007.pdf HTTP/1.1" 206 32768
181.61.16.174 - - [04/Apr/2015:08:12:08 -0500] "GET /BLA/resoluciones/RESOLUCIONES%202007/RES%202007%201501%20AL%201600/RESOLUCION%201536%20DE%202007.pdf HTTP/1.1" 206 986023
181.61.16.174 - - [04/Apr/2015:08:12:15 -0500] "GET /favicon.ico HTTP/1.1" 200 7782
136.243.16.7 - - [04/Apr/2015:08:12:16 -0500] "GET /portalsiaccapacitaciones/Soportes%20Capacitaciones%20A%C3%B1o%202013/?C=M;O=A HTTP/1.0" 200 16997
136.243.16.7 - - [04/Apr/2015:08:12:41 -0500] "GET /portalsiaccapacitaciones/Soportes%20Capacitaciones%20A%C3%B1o%202013/?C=N;O=D HTTP/1.0" 200 16997
186.31.182.61 - - [04/Apr/2015:08:12:43 -0500] "POST /forms/lservlet;jsessionid=ac16012b30d6999a005517434fe09588924e11dede08.e3iSbxaKaheRe3eNbhaPbhuQa41ynknvrkLOlQzNp65In0 HTTP/1.1" 200 2
186.31.182.61 - - [04/Apr/2015:08:12:46 -0500] "POST /forms/lservlet;jsessionid=ac16012b30d6999a005517434fe09588924e11dede08.e3iSbxaKaheRe3eNbhaPbhuQa41ynknvrkLOlQzNp65In0 HTTP/1.1" 200 137
186.31.182.61 - - [04/Apr/2015:08:12:47 -0500] "POST /forms/lservlet;jsessionid=ac16012b30d6999a005517434fe09588924e11dede08.e3iSbxaKaheRe3eNbhaPbhuQa41ynknvrkLOlQzNp65In0 HTTP/1.1" 200 7
186.31.182.61 - - [04/Apr/2015:08:12:48 -0500] "POST /forms/lservlet;jsessionid=ac16012b30d6999a005517434fe09588924e11dede08.e3iSbxaKaheRe3eNbhaPbhuQa41ynknvrkLOlQzNp65In0 HTTP/1.1" 200 7
186.31.182.61 - - [04/Apr/2015:08:12:49 -0500] "POST /forms/lservlet;jsessionid=ac16012b30d6999a005517434fe09588924e11dede08.e3iSbxaKaheRe3eNbhaPbhuQa41ynknvrkLOlQzNp65In0 HTTP/1.1" 200 67
66.249.64.168 - - [04/Apr/2015:08:12:49 -0500] "GET /BLA/resoluciones/RESOLUCIONES%202010/4181.pdf HTTP/1.1" 200 219483
186.31.182.61 - - [04/Apr/2015:08:12:50 -0500] "POST /forms/lservlet;jsessionid=ac16012b30d6999a005517434fe09588924e11dede08.e3iSbxaKaheRe3eNbhaPbhuQa41ynknvrkLOlQzNp65In0 HTTP/1.1" 200 75
136.243.16.7 - - [04/Apr/2015:08:12:54 -0500] "GET /portalsiaccapacitaciones/Soportes%20Capacitaciones%20A%C3%B1o%202013/?C=S;O=A HTTP/1.0" 200 16997
186.31.182.61 - - [04/Apr/2015:08:12:57 -0500] "POST /forms/lservlet;jsessionid=ac16012b30d6999a005517434fe09588924e11dede08.e3iSbxaKaheRe3eNbhaPbhuQa41ynknvrkLOlQzNp65In0 HTTP/1.1" 200 101
186.31.182.61 - - [04/Apr/2015:08:12:59 -0500] "POST /forms/lservlet;jsessionid=ac16012b30d6999a005517434fe09588924e11dede08.e3iSbxaKaheRe3eNbhaPbhuQa41ynknvrkLOlQzNp65In0 HTTP/1.1" 200 105
186.31.182.61 - - [04/Apr/2015:08:12:59 -0500] "POST /forms/lservlet;jsessionid=ac16012b30d6999a005517434fe09588924e11dede08.e3iSbxaKaheRe3eNbhaPbhuQa41ynknvrkLOlQzNp65In0 HTTP/1.1" 200 8
186.31.182.61 - - [04/Apr/2015:08:12:59 -0500] "POST /forms/lservlet;jsessionid=ac16012b30d6999a005517434fe09588924e11dede08.e3iSbxaKaheRe3eNbhaPbhuQa41ynknvrkLOlQzNp65In0 HTTP/1.1" 200 2
188.165.15.210 - - [04/Apr/2015:08:13:02 -0500] "GET /BLA/resoluciones/RESOLUCIONES%202003/RES%202003%201101-1150/1118.tif HTTP/1.1" 200 466348
136.243.16.7 - - [04/Apr/2015:08:13:03 -0500] "GET /portalsiaccapacitaciones/Soportes%20Capacitaciones%20A%C3%B1o%202014/?C=D;O=A HTTP/1.0" 200 19494
136.243.16.7 - - [04/Apr/2015:08:13:17 -0500] "GET /portalsiaccapacitaciones/Soportes%20Capacitaciones%20A%C3%B1o%202014/?C=M;O=A HTTP/1.0" 200 19494
136.243.16.7 - - [04/Apr/2015:08:13:28 -0500] "GET /portalsiaccapacitaciones/Soportes%20Capacitaciones%20A%C3%B1o%202014/?C=N;O=D HTTP/1.0" 200 19494
186.31.182.61 - - [04/Apr/2015:08:13:32 -0500] "POST /forms/lservlet;jsessionid=ac16012b30d6999a005517434fe09588924e11dede08.e3iSbxaKaheRe3eNbhaPbhuQa41ynknvrkLOlQzNp65In0 HTTP/1.1" 200 121
186.31.182.61 - - [04/Apr/2015:08:13:32 -0500] "POST /forms/lservlet;jsessionid=ac16012b30d6999a005517434fe09588924e11dede08.e3iSbxaKaheRe3eNbhaPbhuQa41ynknvrkLOlQzNp65In0 HTTP/1.1" 200 8
186.31.182.61 - - [04/Apr/2015:08:13:32 -0500] "POST /forms/lservlet;jsessionid=ac16012b30d6999a005517434fe09588924e11dede08.e3iSbxaKaheRe3eNbhaPbhuQa41ynknvrkLOlQzNp65In0 HTTP/1.1" 200 2
186.31.182.61 - - [04/Apr/2015:08:13:33 -0500] "POST /forms/lservlet;jsessionid=ac16012b30d6999a005517434fe09588924e11dede08.e3iSbxaKaheRe3eNbhaPbhuQa41ynknvrkLOlQzNp65In0 HTTP/1.1" 200 7
186.31.182.61 - - [04/Apr/2015:08:13:33 -0500] "POST /forms/lservlet;jsessionid=ac16012b30d6999a005517434fe09588924e11dede08.e3iSbxaKaheRe3eNbhaPbhuQa41ynknvrkLOlQzNp65In0 HTTP/1.1" 200 30556
186.31.182.61 - - [04/Apr/2015:08:13:34 -0500] "GET /imagenes/rt_print.gif HTTP/1.1" 200 916
186.31.182.61 - - [04/Apr/2015:08:13:34 -0500] "POST /forms/lservlet;jsessionid=ac16012b30d6999a005517434fe09588924e11dede08.e3iSbxaKaheRe3eNbhaPbhuQa41ynknvrkLOlQzNp65In0 HTTP/1.1" 200 7
186.31.182.61 - - [04/Apr/2015:08:13:34 -0500] "POST /forms/lservlet;jsessionid=ac16012b30d6999a005517434fe09588924e11dede08.e3iSbxaKaheRe3eNbhaPbhuQa41ynknvrkLOlQzNp65In0 HTTP/1.1" 200 27
186.31.182.61 - - [04/Apr/2015:08:13:35 -0500] "POST /forms/lservlet;jsessionid=ac16012b30d6999a005517434fe09588924e11dede08.e3iSbxaKaheRe3eNbhaPbhuQa41ynknvrkLOlQzNp65In0 HTTP/1.1" 200 2
186.31.182.61 - - [04/Apr/2015:08:13:36 -0500] "POST /forms/lservlet;jsessionid=ac16012b30d6999a005517434fe09588924e11dede08.e3iSbxaKaheRe3eNbhaPbhuQa41ynknvrkLOlQzNp65In0 HTTP/1.1" 200 102
66.249.64.164 - - [04/Apr/2015:08:13:41 -0500] "GET /BLA/resoluciones/AUTOS%202013/0024.pdf HTTP/1.1" 200 1912747
136.243.16.7 - - [04/Apr/2015:08:13:42 -0500] "GET /portalsiaccapacitaciones/Soportes%20Capacitaciones%20A%C3%B1o%202014/?C=S;O=A HTTP/1.0" 200 19494
186.83.179.71 - - [04/Apr/2015:08:13:43 -0500] "GET /galeria/carrusel/Carrusel/jquery.thumbnailScroller.css HTTP/1.1" 200 2066
186.83.179.71 - - [04/Apr/2015:08:13:43 -0500] "GET /galeria/galeria/jquery.fancybox.js?v=2.1.5 HTTP/1.1" 304 -
186.83.179.71 - - [04/Apr/2015:08:13:43 -0500] "GET /galeria/galeria/jquery.fancybox.css?v=2.1.5 HTTP/1.1" 304 -
186.83.179.71 - - [04/Apr/2015:08:13:43 -0500] "GET /galeria/carrusel/Carrusel/jquery-ui-1.8.13.custom.min.js HTTP/1.1" 200 10800
186.83.179.71 - - [04/Apr/2015:08:13:43 -0500] "GET /galeria/carrusel/Carrusel/jquery.thumbnailScroller.js HTTP/1.1" 200 8157
186.83.179.71 - - [04/Apr/2015:08:13:44 -0500] "GET /galeria/nivo-slider/demo/demo.html HTTP/1.1" 200 4196
186.83.179.71 - - [04/Apr/2015:08:13:45 -0500] "GET /galeria/nivo-slider/themes/default/default.css HTTP/1.1" 200 1569
186.83.179.71 - - [04/Apr/2015:08:13:45 -0500] "GET /galeria/nivo-slider/nivo-slider.css HTTP/1.1" 200 1507
186.83.179.71 - - [04/Apr/2015:08:13:45 -0500] "GET /galeria/nivo-slider/themes/pascal/pascal.css HTTP/1.1" 200 2258
186.83.179.71 - - [04/Apr/2015:08:13:45 -0500] "GET /galeria/nivo-slider/themes/orman/orman.css HTTP/1.1" 200 2152
186.83.179.71 - - [04/Apr/2015:08:13:45 -0500] "GET /galeria/nivo-slider/demo/style.css HTTP/1.1" 200 2222
186.83.179.71 - - [04/Apr/2015:08:13:45 -0500] "GET /galeria/nivo-slider/jquery.nivo.slider.pack.js HTTP/1.1" 200 11561
186.83.179.71 - - [04/Apr/2015:08:13:45 -0500] "GET /galeria/nivo-slider/demo/scripts/jquery-1.7.1.min.js HTTP/1.1" 200 93868
186.83.179.71 - - [04/Apr/2015:08:13:45 -0500] "GET /galeria/nivo-slider/demo/images/Banner-semana-santa.jpg HTTP/1.1" 200 350491
186.83.179.71 - - [04/Apr/2015:08:13:45 -0500] "GET /galeria/nivo-slider/demo/images/no-sea-victima.jpg HTTP/1.1" 200 254155
186.83.179.71 - - [04/Apr/2015:08:13:45 -0500] "GET /galeria/nivo-slider/demo/images/Convocatoria_recicladores.jpg HTTP/1.1" 200 213976
186.83.179.71 - - [04/Apr/2015:08:13:45 -0500] "GET /galeria/nivo-slider/demo/images/Licitaciones-proyecto-paramo.jpg HTTP/1.1" 200 221877
186.83.179.71 - - [04/Apr/2015:08:13:46 -0500] "GET /galeria/nivo-slider/demo/images/4Simple_Slider.png HTTP/1.1" 200 11722
186.83.179.71 - - [04/Apr/2015:08:13:46 -0500] "GET /galeria/nivo-slider/themes/default/loading.gif HTTP/1.1" 200 1737
186.83.179.71 - - [04/Apr/2015:08:13:46 -0500] "GET /galeria/nivo-slider/demo/images/Banner-decreto1299.jpg HTTP/1.1" 200 182613
186.83.179.71 - - [04/Apr/2015:08:13:47 -0500] "GET /galeria/nivo-slider/demo/images/Banner-Directorio.jpg HTTP/1.1" 200 182068
186.83.179.71 - - [04/Apr/2015:08:13:48 -0500] "GET /galeria/nivo-slider/demo/images/banner-V2.jpg HTTP/1.1" 200 167020
186.83.179.71 - - [04/Apr/2015:08:13:49 -0500] "GET /galeria/nivo-slider/demo/images/Ruta-vertimientos-01.jpg HTTP/1.1" 200 130151
186.83.179.71 - - [04/Apr/2015:08:13:49 -0500] "GET /galeria/nivo-slider/demo/images/bolsas-06.jpg HTTP/1.1" 200 90982
186.83.179.71 - - [04/Apr/2015:08:13:49 -0500] "GET /galeria/nivo-slider/demo/images/bolsas-08.jpg HTTP/1.1" 200 85589
186.83.179.71 - - [04/Apr/2015:08:13:49 -0500] "GET /galeria/nivo-slider/demo/images/redes_sociales.jpg HTTP/1.1" 200 415652
186.83.179.71 - - [04/Apr/2015:08:13:49 -0500] "GET /galeria/nivo-slider/demo/images/Conoce-los-humedales.jpg HTTP/1.1" 200 294036
186.83.179.71 - - [04/Apr/2015:08:13:50 -0500] "GET /galeria/nivo-slider/demo/images/ecolecta-Dic2014.png HTTP/1.1" 200 288593
186.83.179.71 - - [04/Apr/2015:08:13:50 -0500] "GET /galeria/nivo-slider/demo/images/porloshumedales.jpg HTTP/1.1" 200 351238
186.83.179.71 - - [04/Apr/2015:08:13:50 -0500] "GET /galeria/nivo-slider/demo/images/Tingua-azul.jpg HTTP/1.1" 200 307638
136.243.16.7 - - [04/Apr/2015:08:13:51 -0500] "GET /robots.txt HTTP/1.0" 404 1019
186.83.179.71 - - [04/Apr/2015:08:13:52 -0500] "GET /galeria/nivo-slider/demo/images/banner-llantas2.jpg HTTP/1.1" 200 73153
186.83.179.71 - - [04/Apr/2015:08:13:52 -0500] "GET /galeria/nivo-slider/demo/images/9Signos.jpg HTTP/1.1" 200 81776
186.83.179.71 - - [04/Apr/2015:08:13:53 -0500] "GET /galeria/nivo-slider/themes/default/bullets.png HTTP/1.1" 200 1281
186.83.179.71 - - [04/Apr/2015:08:13:54 -0500] "GET /galeria/nivo-slider/themes/default/arrows.png HTTP/1.1" 200 824
136.243.16.7 - - [04/Apr/2015:08:14:04 -0500] "GET /portalsiaccapacitaciones/Soportes%20Capacitaciones%20A%C3%B1o%202013/?C=D;O=A HTTP/1.0" 200 17001
190.157.18.83 - - [04/Apr/2015:08:14:08 -0500] "GET /BLA/boletinlegal/js/jquery.scrollTo-min.js HTTP/1.1" 200 1150
190.157.18.83 - - [04/Apr/2015:08:14:08 -0500] "GET /BLA/boletinlegal/js/jquery.scrollShow.js HTTP/1.1" 200 4586
190.157.18.83 - - [04/Apr/2015:08:14:08 -0500] "GET /galeria/galeria/jquery.fancybox.css?v=2.1.5 HTTP/1.1" 200 4895
190.157.18.83 - - [04/Apr/2015:08:14:08 -0500] "GET /galeria/galeria/jquery.fancybox.js?v=2.1.5 HTTP/1.1" 200 48706
186.83.179.71 - - [04/Apr/2015:08:14:22 -0500] "GET /galeria/bibloteca/contentflow.js HTTP/1.1" 200 42804
186.83.179.71 - - [04/Apr/2015:08:14:22 -0500] "GET /galeria/bibloteca/contentflow.css HTTP/1.1" 200 3201
186.83.179.71 - - [04/Apr/2015:08:14:22 -0500] "GET /galeria/bibloteca/mycontentflow.css HTTP/1.1" 200 3110
186.83.179.71 - - [04/Apr/2015:08:14:22 -0500] "GET /galeria/bibloteca/ContentFlowAddOn_white.js HTTP/1.1" 200 2497
186.83.179.71 - - [04/Apr/2015:08:14:23 -0500] "GET /galeria/bibloteca/ContentFlowAddOn_white.css HTTP/1.1" 200 3355
186.83.179.71 - - [04/Apr/2015:08:14:23 -0500] "GET /galeria/bibloteca/img/loader.gif HTTP/1.1" 200 8238
186.83.179.71 - - [04/Apr/2015:08:14:23 -0500] "GET /galeria/bibloteca/img/scrollbar_white.png HTTP/1.1" 200 82
186.83.179.71 - - [04/Apr/2015:08:14:23 -0500] "GET /galeria/bibloteca/img/slider_white.png HTTP/1.1" 200 178
186.83.179.71 - - [04/Apr/2015:08:14:24 -0500] "GET /galeria/bibloteca/img/slider_black.png HTTP/1.1" 200 175
186.83.179.71 - - [04/Apr/2015:08:14:24 -0500] "GET /galeria/bibloteca/img/scrollbar_black.png HTTP/1.1" 200 82
186.83.179.71 - - [04/Apr/2015:08:14:24 -0500] "GET /galeria/bibloteca/img/1x1_0.5_white.png HTTP/1.1" 200 82
186.83.179.71 - - [04/Apr/2015:08:14:25 -0500] "GET /galeria/bibloteca/img/ajax-loader.gif HTTP/1.1" 200 9427
186.83.179.71 - - [04/Apr/2015:08:14:25 -0500] "GET /BLA/boletinlegal/js/jquery.scrollShow.js HTTP/1.1" 304 -
186.83.179.71 - - [04/Apr/2015:08:14:25 -0500] "GET /BLA/boletinlegal/js/jquery.scrollTo-min.js HTTP/1.1" 304 -
186.83.179.71 - - [04/Apr/2015:08:14:25 -0500] "GET /galeria/galeria/jquery.fancybox.css?v=2.1.5 HTTP/1.1" 304 -
186.83.179.71 - - [04/Apr/2015:08:14:25 -0500] "GET /galeria/galeria/jquery.fancybox.js?v=2.1.5 HTTP/1.1" 304 -
186.83.179.71 - - [04/Apr/2015:08:14:25 -0500] "GET /galeria/bibloteca/contentflow.js HTTP/1.1" 304 -
186.83.179.71 - - [04/Apr/2015:08:14:25 -0500] "GET /galeria/bibloteca/contentflow.css HTTP/1.1" 304 -
186.83.179.71 - - [04/Apr/2015:08:14:25 -0500] "GET /galeria/bibloteca/ContentFlowAddOn_white.js HTTP/1.1" 304 -
186.83.179.71 - - [04/Apr/2015:08:14:25 -0500] "GET /galeria/bibloteca/mycontentflow.css HTTP/1.1" 304 -
186.83.179.71 - - [04/Apr/2015:08:14:25 -0500] "GET /galeria/bibloteca/ContentFlowAddOn_white.css HTTP/1.1" 304 -
190.157.18.83 - - [04/Apr/2015:08:14:31 -0500] "GET /BLA/boletinlegal/js/jquery.scrollShow.js HTTP/1.1" 304 -
190.157.18.83 - - [04/Apr/2015:08:14:31 -0500] "GET /BLA/boletinlegal/js/jquery.scrollTo-min.js HTTP/1.1" 304 -
190.157.18.83 - - [04/Apr/2015:08:14:31 -0500] "GET /galeria/galeria/jquery.fancybox.css?v=2.1.5 HTTP/1.1" 304 -
190.157.18.83 - - [04/Apr/2015:08:14:31 -0500] "GET /galeria/galeria/jquery.fancybox.js?v=2.1.5 HTTP/1.1" 304 -
136.243.16.7 - - [04/Apr/2015:08:14:32 -0500] "GET /portalsiaccapacitaciones/Soportes%20Capacitaciones%20A%C3%B1o%202013/?C=M;O=A HTTP/1.0" 200 17001
136.243.16.7 - - [04/Apr/2015:08:14:41 -0500] "GET /portalsiaccapacitaciones/Soportes%20Capacitaciones%20A%C3%B1o%202013/?C=N;O=D HTTP/1.0" 200 17001
186.31.182.61 - - [04/Apr/2015:08:14:43 -0500] "POST /forms/lservlet;jsessionid=ac16012b30d6999a005517434fe09588924e11dede08.e3iSbxaKaheRe3eNbhaPbhuQa41ynknvrkLOlQzNp65In0 HTTP/1.1" 200 2
180.76.6.140 - - [04/Apr/2015:08:14:44 -0500] "GET /BLA/resoluciones/RESOLUCIONES%202011/0759.pdf HTTP/1.1" 200 317983
136.243.16.7 - - [04/Apr/2015:08:14:47 -0500] "GET /portalsiaccapacitaciones/Soportes%20Capacitaciones%20A%C3%B1o%202013/?C=S;O=A HTTP/1.0" 200 17001
74.86.158.107 - - [04/Apr/2015:08:14:50 -0500] "HEAD / HTTP/1.1" 302 -
136.243.16.7 - - [04/Apr/2015:08:14:55 -0500] "GET /portalsiaccapacitaciones/Soportes%20Capacitaciones%20A%C3%B1o%202014/?C=D;O=A HTTP/1.0" 200 19498
186.29.246.183 - - [04/Apr/2015:08:15:21 -0500] "GET /BLA/boletinlegal/js/jquery.scrollTo-min.js HTTP/1.1" 200 1150
186.29.246.183 - - [04/Apr/2015:08:15:21 -0500] "GET /BLA/boletinlegal/js/jquery.scrollShow.js HTTP/1.1" 200 4586
186.29.246.183 - - [04/Apr/2015:08:15:22 -0500] "GET /galeria/galeria/jquery.fancybox.js?v=2.1.5 HTTP/1.1" 200 48706
186.29.246.183 - - [04/Apr/2015:08:15:22 -0500] "GET /galeria/galeria/jquery.fancybox.css?v=2.1.5 HTTP/1.1" 200 4895
66.249.64.172 - - [04/Apr/2015:08:15:32 -0500] "GET /BLA/resoluciones/RESOLUCIONES%202007/RES%202007%201101%20AL%201200/RESOLUCION%201115%20DE%202007.pdf HTTP/1.1" 200 133294
136.243.16.7 - - [04/Apr/2015:08:16:41 -0500] "GET /robots.txt HTTP/1.0" 404 1019
186.31.182.61 - - [04/Apr/2015:08:16:43 -0500] "POST /forms/lservlet;jsessionid=ac16012b30d6999a005517434fe09588924e11dede08.e3iSbxaKaheRe3eNbhaPbhuQa41ynknvrkLOlQzNp65In0 HTTP/1.1" 200 2
180.76.5.149 - - [04/Apr/2015:08:16:50 -0500] "GET /BLA/resoluciones/RESOLUCIONES%202011/0258.pdf HTTP/1.1" 200 292609
136.243.16.7 - - [04/Apr/2015:08:17:00 -0500] "GET /portalsiaccapacitaciones/Soportes%20Capacitaciones%20A%C3%B1o%202014/?C=M;O=A HTTP/1.0" 200 19498
136.243.16.7 - - [04/Apr/2015:08:17:09 -0500] "GET /portalsiaccapacitaciones/Soportes%20Capacitaciones%20A%C3%B1o%202014/?C=N;O=D HTTP/1.0" 200 19498
136.243.16.7 - - [04/Apr/2015:08:17:16 -0500] "GET /portalsiaccapacitaciones/Soportes%20Capacitaciones%20A%C3%B1o%202014/?C=S;O=A HTTP/1.0" 200 19498
66.249.64.168 - - [04/Apr/2015:08:17:28 -0500] "GET /BLA/resoluciones/RESOLUCIONES%202008/0352.pdf HTTP/1.1" 200 248853
180.76.6.140 - - [04/Apr/2015:08:17:31 -0500] "GET /BLA/resoluciones/RESOLUCIONES%202014/3399.pdf HTTP/1.1" 200 491626
66.249.64.164 - - [04/Apr/2015:08:17:37 -0500] "GET /BLA/resoluciones/RESOLUCIONES%202009/2793.pdf HTTP/1.1" 200 409037
66.249.64.164 - - [04/Apr/2015:08:17:46 -0500] "GET /BLA/resoluciones/RESOLUCIONES%202008/3513.pdf HTTP/1.1" 200 391784
186.31.182.61 - - [04/Apr/2015:08:18:43 -0500] "POST /forms/lservlet;jsessionid=ac16012b30d6999a005517434fe09588924e11dede08.e3iSbxaKaheRe3eNbhaPbhuQa41ynknvrkLOlQzNp65In0 HTTP/1.1" 200 2
190.146.173.113 - - [04/Apr/2015:08:18:51 -0500] "GET /galeria/galeria/jquery.fancybox.css?v=2.1.5 HTTP/1.1" 200 4895
190.146.173.113 - - [04/Apr/2015:08:18:51 -0500] "GET /BLA/boletinlegal/js/jquery.scrollTo-min.js HTTP/1.1" 200 1150
190.146.173.113 - - [04/Apr/2015:08:18:51 -0500] "GET /galeria/galeria/jquery.fancybox.js?v=2.1.5 HTTP/1.1" 200 48706
190.146.173.113 - - [04/Apr/2015:08:18:51 -0500] "GET /BLA/boletinlegal/js/jquery.scrollShow.js HTTP/1.1" 200 4586
190.146.173.113 - - [04/Apr/2015:08:19:02 -0500] "GET /galeria/galeria/jquery.fancybox.css?v=2.1.5 HTTP/1.1" 304 -
190.146.173.113 - - [04/Apr/2015:08:19:02 -0500] "GET /BLA/boletinlegal/js/jquery.scrollTo-min.js HTTP/1.1" 304 -
190.146.173.113 - - [04/Apr/2015:08:19:02 -0500] "GET /BLA/boletinlegal/js/jquery.scrollShow.js HTTP/1.1" 304 -
190.146.173.113 - - [04/Apr/2015:08:19:02 -0500] "GET /galeria/galeria/jquery.fancybox.js?v=2.1.5 HTTP/1.1" 304 -
66.249.64.164 - - [04/Apr/2015:08:19:23 -0500] "GET /BLA/resoluciones/AUTOS%202013/0550.pdf HTTP/1.1" 304 -
74.86.158.107 - - [04/Apr/2015:08:19:50 -0500] "HEAD / HTTP/1.1" 302 -
181.207.6.131 - - [04/Apr/2015:08:19:58 -0500] "GET /BLA/boletinlegal/js/jquery.scrollShow.js HTTP/1.1" 200 4586
181.207.6.131 - - [04/Apr/2015:08:19:58 -0500] "GET /galeria/galeria/jquery.fancybox.css?v=2.1.5 HTTP/1.1" 200 4895
181.207.6.131 - - [04/Apr/2015:08:19:58 -0500] "GET /BLA/boletinlegal/js/jquery.scrollTo-min.js HTTP/1.1" 200 1150
181.207.6.131 - - [04/Apr/2015:08:19:58 -0500] "GET /galeria/galeria/jquery.fancybox.js?v=2.1.5 HTTP/1.1" 200 48706
190.13.109.249 - - [04/Apr/2015:08:20:01 -0500] "GET /BLA/boletinlegal/js/jquery.scrollTo-min.js HTTP/1.1" 200 1150
190.13.109.249 - - [04/Apr/2015:08:20:02 -0500] "GET /BLA/boletinlegal/js/jquery.scrollShow.js HTTP/1.1" 200 4586
190.216.136.150 - - [04/Apr/2015:08:20:02 -0500] "GET /galeria/galeria/jquery.fancybox.js?v=2.1.5 HTTP/1.1" 200 48706
190.13.109.249 - - [04/Apr/2015:08:20:03 -0500] "GET /galeria/galeria/jquery.fancybox.css?v=2.1.5 HTTP/1.1" 200 4895
181.207.6.131 - - [04/Apr/2015:08:20:06 -0500] "GET /BLA/boletinlegal/js/jquery.scrollTo-min.js HTTP/1.1" 304 -
181.207.6.131 - - [04/Apr/2015:08:20:06 -0500] "GET /galeria/galeria/jquery.fancybox.css?v=2.1.5 HTTP/1.1" 304 -
181.207.6.131 - - [04/Apr/2015:08:20:06 -0500] "GET /BLA/boletinlegal/js/jquery.scrollShow.js HTTP/1.1" 304 -
181.207.6.131 - - [04/Apr/2015:08:20:06 -0500] "GET /galeria/galeria/jquery.fancybox.js?v=2.1.5 HTTP/1.1" 304 -
188.165.15.210 - - [04/Apr/2015:08:20:26 -0500] "GET /BLA/resoluciones/RESOLUCIONES%202003/RES%202003%201801-1850/20031815.tif HTTP/1.1" 200 44028
66.249.64.44 - - [04/Apr/2015:08:20:32 -0500] "GET /Autoliquidacion/Solicitud%20de%20Licencia%20Ambiental/Lista%20de%20chequeo%20-%20Solicitud%20de%20licencia%20ambiental......pdf HTTP/1.1" 200 54352
190.13.109.249 - - [04/Apr/2015:08:20:37 -0500] "GET /BLA/boletinlegal/js/jquery.scrollTo-min.js HTTP/1.1" 304 -
190.13.109.249 - - [04/Apr/2015:08:20:37 -0500] "GET /BLA/boletinlegal/js/jquery.scrollShow.js HTTP/1.1" 304 -
190.216.136.150 - - [04/Apr/2015:08:20:38 -0500] "GET /galeria/galeria/jquery.fancybox.js?v=2.1.5 HTTP/1.1" 304 -
190.216.136.150 - - [04/Apr/2015:08:20:39 -0500] "GET /galeria/galeria/jquery.fancybox.css?v=2.1.5 HTTP/1.1" 304 -
186.31.182.61 - - [04/Apr/2015:08:20:43 -0500] "POST /forms/lservlet;jsessionid=ac16012b30d6999a005517434fe09588924e11dede08.e3iSbxaKaheRe3eNbhaPbhuQa41ynknvrkLOlQzNp65In0 HTTP/1.1" 200 2
176.31.165.143 - - [04/Apr/2015:08:21:16 -0500] "GET /webdav/x32.php?act=phptools&host=151.80.130.138&time=60&port=6005 HTTP/1.1" 404 1018
186.113.114.189 - - [04/Apr/2015:08:21:18 -0500] "GET /galeria/galeria/jquery.fancybox.css?v=2.1.5 HTTP/1.1" 200 4895
186.113.114.189 - - [04/Apr/2015:08:21:18 -0500] "GET /BLA/boletinlegal/js/jquery.scrollTo-min.js HTTP/1.1" 200 1150
186.113.114.189 - - [04/Apr/2015:08:21:18 -0500] "GET /BLA/boletinlegal/js/jquery.scrollShow.js HTTP/1.1" 200 4586
186.113.114.189 - - [04/Apr/2015:08:21:18 -0500] "GET /galeria/galeria/jquery.fancybox.js?v=2.1.5 HTTP/1.1" 200 48706
186.113.114.189 - - [04/Apr/2015:08:21:26 -0500] "GET /galeria/galeria/jquery.fancybox.css?v=2.1.5 HTTP/1.1" 304 -
186.113.114.189 - - [04/Apr/2015:08:21:26 -0500] "GET /BLA/boletinlegal/js/jquery.scrollTo-min.js HTTP/1.1" 304 -
186.113.114.189 - - [04/Apr/2015:08:21:26 -0500] "GET /BLA/boletinlegal/js/jquery.scrollShow.js HTTP/1.1" 304 -
186.113.114.189 - - [04/Apr/2015:08:21:26 -0500] "GET /galeria/galeria/jquery.fancybox.js?v=2.1.5 HTTP/1.1" 304 -
66.249.64.168 - - [04/Apr/2015:08:22:14 -0500] "GET /BLA/resoluciones/RESOLUCIONES%202007/RES%202007%202201%20AL%202300/RESOLUCION%202204%20%20DE%202007.pdf HTTP/1.1" 200 1015306
188.165.15.210 - - [04/Apr/2015:08:22:39 -0500] "GET /BLA/resoluciones/RESOLUCIONES%202003/RES%202003%20101-150/2003RES135.tif HTTP/1.1" 200 158980
186.154.209.250 - - [04/Apr/2015:08:22:41 -0500] "GET /galeria/galeria/jquery.fancybox.css?v=2.1.5 HTTP/1.1" 200 4895
186.154.209.250 - - [04/Apr/2015:08:22:42 -0500] "GET /BLA/boletinlegal/js/jquery.scrollTo-min.js HTTP/1.1" 200 1150
186.154.209.250 - - [04/Apr/2015:08:22:42 -0500] "GET /BLA/boletinlegal/js/jquery.scrollShow.js HTTP/1.1" 200 4586
186.154.209.250 - - [04/Apr/2015:08:22:42 -0500] "GET /galeria/galeria/jquery.fancybox.js?v=2.1.5 HTTP/1.1" 200 48706
186.31.182.61 - - [04/Apr/2015:08:22:43 -0500] "POST /forms/lservlet;jsessionid=ac16012b30d6999a005517434fe09588924e11dede08.e3iSbxaKaheRe3eNbhaPbhuQa41ynknvrkLOlQzNp65In0 HTTP/1.1" 200 2
103.27.127.238 - - [04/Apr/2015:08:22:54 -0500] "PUT //autoshell.txt HTTP/1.1" 405 938
188.165.15.210 - - [04/Apr/2015:08:23:07 -0500] "GET /BLA/resoluciones/RESOLUCIONES%202004/RES%202004%20501-550/00000516.tif HTTP/1.1" 200 90706
66.249.64.172 - - [04/Apr/2015:08:23:17 -0500] "GET /BLA/resoluciones/RESOLUCIONES%202010/7206.pdf HTTP/1.1" 304 -
186.154.209.250 - - [04/Apr/2015:08:23:32 -0500] "GET /galeria/galeria/jquery.fancybox.css?v=2.1.5 HTTP/1.1" 206 1
186.154.209.250 - - [04/Apr/2015:08:23:32 -0500] "GET /BLA/boletinlegal/js/jquery.scrollShow.js HTTP/1.1" 206 1
186.154.209.250 - - [04/Apr/2015:08:23:32 -0500] "GET /galeria/galeria/jquery.fancybox.js?v=2.1.5 HTTP/1.1" 206 1
186.154.209.250 - - [04/Apr/2015:08:23:33 -0500] "GET /galeria/galeria/jquery.fancybox.css?v=2.1.5 HTTP/1.1" 206 2245
186.154.209.250 - - [04/Apr/2015:08:23:33 -0500] "GET /BLA/boletinlegal/js/jquery.scrollShow.js HTTP/1.1" 206 1950
186.154.209.250 - - [04/Apr/2015:08:23:33 -0500] "GET /galeria/galeria/jquery.fancybox.js?v=2.1.5 HTTP/1.1" 206 46071
186.154.209.250 - - [04/Apr/2015:08:23:45 -0500] "GET /galeria/galeria/jquery.fancybox.css?v=2.1.5 HTTP/1.1" 304 -
186.154.209.250 - - [04/Apr/2015:08:23:45 -0500] "GET /BLA/boletinlegal/js/jquery.scrollTo-min.js HTTP/1.1" 304 -
186.154.209.250 - - [04/Apr/2015:08:23:45 -0500] "GET /BLA/boletinlegal/js/jquery.scrollShow.js HTTP/1.1" 304 -
186.154.209.250 - - [04/Apr/2015:08:23:45 -0500] "GET /galeria/galeria/jquery.fancybox.js?v=2.1.5 HTTP/1.1" 304 -
188.165.15.210 - - [04/Apr/2015:08:24:02 -0500] "GET /BLA/resoluciones/RESOLUCIONES%202002/RES%202002%20451-500/00000481.tif HTTP/1.1" 200 44356
186.84.155.194 - - [04/Apr/2015:08:24:06 -0500] "GET /galeria/galeria/jquery.fancybox.css?v=2.1.5 HTTP/1.1" 200 4895
186.84.155.194 - - [04/Apr/2015:08:24:06 -0500] "GET /BLA/boletinlegal/js/jquery.scrollTo-min.js HTTP/1.1" 200 1150
186.84.155.194 - - [04/Apr/2015:08:24:06 -0500] "GET /BLA/boletinlegal/js/jquery.scrollShow.js HTTP/1.1" 200 4586
186.84.155.194 - - [04/Apr/2015:08:24:06 -0500] "GET /galeria/galeria/jquery.fancybox.js?v=2.1.5 HTTP/1.1" 200 48706
186.84.155.194 - - [04/Apr/2015:08:24:06 -0500] "GET /galeria/carrusel/Carrusel/jquery.thumbnailScroller.css HTTP/1.1" 200 2066
186.84.155.194 - - [04/Apr/2015:08:24:06 -0500] "GET /galeria/carrusel/Carrusel/jquery-ui-1.8.13.custom.min.js HTTP/1.1" 200 10800
186.84.155.194 - - [04/Apr/2015:08:24:06 -0500] "GET /galeria/carrusel/Carrusel/jquery.thumbnailScroller.js HTTP/1.1" 200 8157
186.84.155.194 - - [04/Apr/2015:08:24:10 -0500] "GET /galeria/nivo-slider/demo/demo.html HTTP/1.1" 200 4196
186.84.155.194 - - [04/Apr/2015:08:24:10 -0500] "GET /galeria/nivo-slider/themes/default/default.css HTTP/1.1" 200 1569
186.84.155.194 - - [04/Apr/2015:08:24:10 -0500] "GET /galeria/nivo-slider/themes/pascal/pascal.css HTTP/1.1" 200 2258
186.84.155.194 - - [04/Apr/2015:08:24:10 -0500] "GET /galeria/nivo-slider/themes/orman/orman.css HTTP/1.1" 200 2152
186.84.155.194 - - [04/Apr/2015:08:24:10 -0500] "GET /galeria/nivo-slider/nivo-slider.css HTTP/1.1" 200 1507
186.84.155.194 - - [04/Apr/2015:08:24:10 -0500] "GET /galeria/nivo-slider/demo/style.css HTTP/1.1" 200 2222
186.84.155.194 - - [04/Apr/2015:08:24:10 -0500] "GET /galeria/nivo-slider/demo/scripts/jquery-1.7.1.min.js HTTP/1.1" 200 93868
186.84.155.194 - - [04/Apr/2015:08:24:10 -0500] "GET /galeria/nivo-slider/jquery.nivo.slider.pack.js HTTP/1.1" 200 11561
186.84.155.194 - - [04/Apr/2015:08:24:11 -0500] "GET /galeria/nivo-slider/demo/images/no-sea-victima.jpg HTTP/1.1" 200 254155
186.84.155.194 - - [04/Apr/2015:08:24:11 -0500] "GET /galeria/nivo-slider/demo/images/Banner-semana-santa.jpg HTTP/1.1" 200 350491
186.84.155.194 - - [04/Apr/2015:08:24:11 -0500] "GET /galeria/nivo-slider/demo/images/Convocatoria_recicladores.jpg HTTP/1.1" 200 213976
186.84.155.194 - - [04/Apr/2015:08:24:11 -0500] "GET /galeria/nivo-slider/demo/images/Licitaciones-proyecto-paramo.jpg HTTP/1.1" 200 221877
186.84.155.194 - - [04/Apr/2015:08:24:11 -0500] "GET /galeria/nivo-slider/demo/images/Banner-decreto1299.jpg HTTP/1.1" 200 182613
186.84.155.194 - - [04/Apr/2015:08:24:12 -0500] "GET /galeria/nivo-slider/demo/images/4Simple_Slider.png HTTP/1.1" 200 11722
186.84.155.194 - - [04/Apr/2015:08:24:12 -0500] "GET /galeria/nivo-slider/themes/default/loading.gif HTTP/1.1" 200 1737
186.84.155.194 - - [04/Apr/2015:08:24:13 -0500] "GET /galeria/nivo-slider/demo/images/bolsas-06.jpg HTTP/1.1" 200 90982
186.84.155.194 - - [04/Apr/2015:08:24:13 -0500] "GET /galeria/nivo-slider/demo/images/porloshumedales.jpg HTTP/1.1" 200 351238
186.84.155.194 - - [04/Apr/2015:08:24:13 -0500] "GET /galeria/nivo-slider/demo/images/banner-V2.jpg HTTP/1.1" 200 167020
186.84.155.194 - - [04/Apr/2015:08:24:13 -0500] "GET /galeria/nivo-slider/demo/images/Ruta-vertimientos-01.jpg HTTP/1.1" 200 130151
186.84.155.194 - - [04/Apr/2015:08:24:13 -0500] "GET /galeria/nivo-slider/demo/images/ecolecta-Dic2014.png HTTP/1.1" 200 288593
186.84.155.194 - - [04/Apr/2015:08:24:13 -0500] "GET /galeria/nivo-slider/demo/images/bolsas-08.jpg HTTP/1.1" 200 85589
186.84.155.194 - - [04/Apr/2015:08:24:14 -0500] "GET /galeria/nivo-slider/demo/images/Tingua-azul.jpg HTTP/1.1" 200 307638
186.84.155.194 - - [04/Apr/2015:08:24:15 -0500] "GET /galeria/nivo-slider/demo/images/Conoce-los-humedales.jpg HTTP/1.1" 200 294036
186.84.155.194 - - [04/Apr/2015:08:24:16 -0500] "GET /galeria/nivo-slider/demo/images/9Signos.jpg HTTP/1.1" 200 81776
186.84.155.194 - - [04/Apr/2015:08:24:16 -0500] "GET /galeria/nivo-slider/demo/images/redes_sociales.jpg HTTP/1.1" 200 415652
186.84.155.194 - - [04/Apr/2015:08:24:16 -0500] "GET /galeria/nivo-slider/demo/images/Banner-Directorio.jpg HTTP/1.1" 200 182068
186.84.155.194 - - [04/Apr/2015:08:24:16 -0500] "GET /galeria/nivo-slider/demo/images/banner-llantas2.jpg HTTP/1.1" 200 73153
186.84.155.194 - - [04/Apr/2015:08:24:21 -0500] "GET /galeria/nivo-slider/themes/default/arrows.png HTTP/1.1" 200 824
186.84.155.194 - - [04/Apr/2015:08:24:21 -0500] "GET /galeria/nivo-slider/themes/default/bullets.png HTTP/1.1" 200 1281
186.31.182.61 - - [04/Apr/2015:08:24:43 -0500] "POST /forms/lservlet;jsessionid=ac16012b30d6999a005517434fe09588924e11dede08.e3iSbxaKaheRe3eNbhaPbhuQa41ynknvrkLOlQzNp65In0 HTTP/1.1" 200 2
74.86.158.107 - - [04/Apr/2015:08:24:50 -0500] "HEAD / HTTP/1.1" 302 -
190.96.253.27 - - [04/Apr/2015:08:24:56 -0500] "GET /BLA/resoluciones/RESOLUCIONES%202007/RES%202007%202101%20AL%202200/RESOLUCION%202125%20DE%202007.pdf HTTP/1.1" 200 534352
190.96.253.27 - - [04/Apr/2015:08:24:57 -0500] "GET /favicon.ico HTTP/1.1" 200 7782
188.165.15.210 - - [04/Apr/2015:08:25:03 -0500] "GET /BLA/resoluciones/index.php?dir=RESOLUCIONES%202004/RES%202004%201601-1650/&sort=size&order=desc HTTP/1.1" 200 12358
66.249.64.168 - - [04/Apr/2015:08:25:13 -0500] "GET /BLA/resoluciones/AUTOS%202013/0324.pdf HTTP/1.1" 304 -
186.31.182.61 - - [04/Apr/2015:08:26:43 -0500] "POST /forms/lservlet;jsessionid=ac16012b30d6999a005517434fe09588924e11dede08.e3iSbxaKaheRe3eNbhaPbhuQa41ynknvrkLOlQzNp65In0 HTTP/1.1" 200 2
66.249.64.172 - - [04/Apr/2015:08:27:02 -0500] "GET /BLA/resoluciones/RESOLUCIONES%202009/9605.pdf HTTP/1.1" 200 315000
66.249.64.172 - - [04/Apr/2015:08:27:16 -0500] "GET /BLA/resoluciones/RESOLUCIONES%202010/6000.pdf HTTP/1.1" 200 1586337
66.249.64.164 - - [04/Apr/2015:08:28:31 -0500] "GET /galeria/nivo-slider/demo/images/Auambari01.jpg HTTP/1.1" 200 734090
186.31.182.61 - - [04/Apr/2015:08:28:43 -0500] "POST /forms/lservlet;jsessionid=ac16012b30d6999a005517434fe09588924e11dede08.e3iSbxaKaheRe3eNbhaPbhuQa41ynknvrkLOlQzNp65In0 HTTP/1.1" 200 2
66.249.64.168 - - [04/Apr/2015:08:29:19 -0500] "GET /BLA/resoluciones/RESOLUCIONES%202009/2840.pdf HTTP/1.1" 304 -
74.86.158.107 - - [04/Apr/2015:08:29:50 -0500] "HEAD / HTTP/1.1" 302 -
186.31.182.61 - - [04/Apr/2015:08:30:43 -0500] "POST /forms/lservlet;jsessionid=ac16012b30d6999a005517434fe09588924e11dede08.e3iSbxaKaheRe3eNbhaPbhuQa41ynknvrkLOlQzNp65In0 HTTP/1.1" 200 2
188.165.15.210 - - [04/Apr/2015:08:30:52 -0500] "GET /BLA/resoluciones/RESOLUCIONES%202003/RES%202003%202151-2189/20032185.tif HTTP/1.1" 200 94202
188.165.15.210 - - [04/Apr/2015:08:30:53 -0500] "GET /BLA/resoluciones/AUTOS%202006/AUTOS%202006%201401%20-%201500/00001454.tif HTTP/1.1" 200 81198
176.31.165.143 - - [04/Apr/2015:08:30:53 -0500] "GET /webdav/x32.php?act=phptools&host=151.80.130.138&time=60&port=6005 HTTP/1.1" 404 1018
186.84.65.228 - - [04/Apr/2015:08:31:19 -0500] "GET /BLA/resoluciones/RESOLUCIONES%202008/3138.pdf HTTP/1.1" 200 234991
66.249.64.168 - - [04/Apr/2015:08:31:26 -0500] "GET /BLA/resoluciones/RESOLUCIONES%202010/7678.pdf HTTP/1.1" 200 398098
66.249.64.172 - - [04/Apr/2015:08:31:39 -0500] "GET /BLA/resoluciones/RESOLUCIONES%202013/1690.pdf HTTP/1.1" 200 2755175
199.195.118.53 - - [04/Apr/2015:08:31:43 -0500] "GET / HTTP/1.1" 302 -
176.31.165.143 - - [04/Apr/2015:08:31:46 -0500] "GET /webdav/x32.php?act=phptools&host=151.80.130.138&time=60&port=6005 HTTP/1.1" 404 1018
179.32.93.98 - - [04/Apr/2015:08:32:04 -0500] "GET /galeria/galeria/jquery.fancybox.css?v=2.1.5 HTTP/1.1" 200 4895
179.32.93.98 - - [04/Apr/2015:08:32:04 -0500] "GET /galeria/carrusel/Carrusel/jquery.thumbnailScroller.css HTTP/1.1" 200 2066
179.32.93.98 - - [04/Apr/2015:08:32:04 -0500] "GET /BLA/boletinlegal/js/jquery.scrollShow.js HTTP/1.1" 200 4586
179.32.93.98 - - [04/Apr/2015:08:32:04 -0500] "GET /galeria/carrusel/Carrusel/jquery-ui-1.8.13.custom.min.js HTTP/1.1" 200 10800
179.32.93.98 - - [04/Apr/2015:08:32:04 -0500] "GET /BLA/boletinlegal/js/jquery.scrollTo-min.js HTTP/1.1" 200 1150
179.32.93.98 - - [04/Apr/2015:08:32:04 -0500] "GET /galeria/galeria/jquery.fancybox.js?v=2.1.5 HTTP/1.1" 200 48706
179.32.93.98 - - [04/Apr/2015:08:32:04 -0500] "GET /galeria/carrusel/Carrusel/jquery.thumbnailScroller.js HTTP/1.1" 200 8157
179.32.93.98 - - [04/Apr/2015:08:32:09 -0500] "GET /galeria/nivo-slider/demo/demo.html HTTP/1.1" 200 4196
179.32.93.98 - - [04/Apr/2015:08:32:09 -0500] "GET /galeria/nivo-slider/themes/default/default.css HTTP/1.1" 200 1569
179.32.93.98 - - [04/Apr/2015:08:32:10 -0500] "GET /galeria/nivo-slider/themes/orman/orman.css HTTP/1.1" 200 2152
179.32.93.98 - - [04/Apr/2015:08:32:10 -0500] "GET /galeria/nivo-slider/nivo-slider.css HTTP/1.1" 200 1507
179.32.93.98 - - [04/Apr/2015:08:32:10 -0500] "GET /galeria/nivo-slider/demo/style.css HTTP/1.1" 200 2222
179.32.93.98 - - [04/Apr/2015:08:32:10 -0500] "GET /galeria/nivo-slider/themes/pascal/pascal.css HTTP/1.1" 200 2258
179.32.93.98 - - [04/Apr/2015:08:32:10 -0500] "GET /galeria/nivo-slider/demo/scripts/jquery-1.7.1.min.js HTTP/1.1" 200 93868
179.32.93.98 - - [04/Apr/2015:08:32:10 -0500] "GET /galeria/nivo-slider/jquery.nivo.slider.pack.js HTTP/1.1" 200 11561
179.32.93.98 - - [04/Apr/2015:08:32:11 -0500] "GET /galeria/nivo-slider/demo/images/Banner-semana-santa.jpg HTTP/1.1" 200 350491
179.32.93.98 - - [04/Apr/2015:08:32:11 -0500] "GET /galeria/nivo-slider/demo/images/no-sea-victima.jpg HTTP/1.1" 200 254155
179.32.93.98 - - [04/Apr/2015:08:32:12 -0500] "GET /galeria/nivo-slider/demo/images/Convocatoria_recicladores.jpg HTTP/1.1" 200 213976
179.32.93.98 - - [04/Apr/2015:08:32:12 -0500] "GET /galeria/nivo-slider/demo/images/Licitaciones-proyecto-paramo.jpg HTTP/1.1" 200 221877
179.32.93.98 - - [04/Apr/2015:08:32:15 -0500] "GET /galeria/nivo-slider/themes/default/loading.gif HTTP/1.1" 200 1737
179.32.93.98 - - [04/Apr/2015:08:32:15 -0500] "GET /galeria/nivo-slider/demo/images/4Simple_Slider.png HTTP/1.1" 200 11722
179.32.93.98 - - [04/Apr/2015:08:32:16 -0500] "GET /galeria/nivo-slider/demo/images/Banner-decreto1299.jpg HTTP/1.1" 200 182613
179.32.93.98 - - [04/Apr/2015:08:32:17 -0500] "GET /galeria/nivo-slider/demo/images/Banner-Directorio.jpg HTTP/1.1" 200 182068
179.32.93.98 - - [04/Apr/2015:08:32:19 -0500] "GET /galeria/nivo-slider/demo/images/banner-V2.jpg HTTP/1.1" 200 167020
179.32.93.98 - - [04/Apr/2015:08:32:20 -0500] "GET /galeria/nivo-slider/demo/images/Ruta-vertimientos-01.jpg HTTP/1.1" 200 130151
179.32.93.98 - - [04/Apr/2015:08:32:20 -0500] "GET /galeria/nivo-slider/demo/images/bolsas-06.jpg HTTP/1.1" 200 90982
179.32.93.98 - - [04/Apr/2015:08:32:22 -0500] "GET /galeria/nivo-slider/demo/images/bolsas-08.jpg HTTP/1.1" 200 85589
179.32.93.98 - - [04/Apr/2015:08:32:23 -0500] "GET /galeria/nivo-slider/demo/images/redes_sociales.jpg HTTP/1.1" 200 415652
179.32.93.98 - - [04/Apr/2015:08:32:24 -0500] "GET /galeria/nivo-slider/demo/images/Conoce-los-humedales.jpg HTTP/1.1" 200 294036
179.32.93.98 - - [04/Apr/2015:08:32:24 -0500] "GET /galeria/nivo-slider/demo/images/ecolecta-Dic2014.png HTTP/1.1" 200 288593
179.32.93.98 - - [04/Apr/2015:08:32:25 -0500] "GET /galeria/nivo-slider/demo/images/porloshumedales.jpg HTTP/1.1" 200 351238
179.32.93.98 - - [04/Apr/2015:08:32:25 -0500] "GET /galeria/nivo-slider/demo/images/Tingua-azul.jpg HTTP/1.1" 200 307638
179.32.93.98 - - [04/Apr/2015:08:32:27 -0500] "GET /galeria/nivo-slider/demo/images/banner-llantas2.jpg HTTP/1.1" 200 73153
179.32.93.98 - - [04/Apr/2015:08:32:30 -0500] "GET /galeria/nivo-slider/demo/images/9Signos.jpg HTTP/1.1" 200 81776
179.32.93.98 - - [04/Apr/2015:08:32:33 -0500] "GET /galeria/nivo-slider/themes/default/bullets.png HTTP/1.1" 200 1281
179.32.93.98 - - [04/Apr/2015:08:32:33 -0500] "GET /galeria/nivo-slider/themes/default/arrows.png HTTP/1.1" 200 824
180.76.6.136 - - [04/Apr/2015:08:32:36 -0500] "GET /BLA/resoluciones/RESOLUCIONES%202011/0097.pdf HTTP/1.1" 200 350230
186.31.182.61 - - [04/Apr/2015:08:32:43 -0500] "POST /forms/lservlet;jsessionid=ac16012b30d6999a005517434fe09588924e11dede08.e3iSbxaKaheRe3eNbhaPbhuQa41ynknvrkLOlQzNp65In0 HTTP/1.1" 200 2
190.156.29.204 - - [04/Apr/2015:08:33:16 -0500] "GET /galeria/galeria/jquery.fancybox.css?v=2.1.5 HTTP/1.1" 200 4895
190.156.29.204 - - [04/Apr/2015:08:33:16 -0500] "GET /BLA/boletinlegal/js/jquery.scrollTo-min.js HTTP/1.1" 200 1150
190.156.29.204 - - [04/Apr/2015:08:33:16 -0500] "GET /BLA/boletinlegal/js/jquery.scrollShow.js HTTP/1.1" 200 4586
190.156.29.204 - - [04/Apr/2015:08:33:16 -0500] "GET /galeria/galeria/jquery.fancybox.js?v=2.1.5 HTTP/1.1" 200 48706
66.249.64.172 - - [04/Apr/2015:08:33:23 -0500] "GET /BLA/resoluciones/RESOLUCIONES%202005/RES%202005%201001-1050/00001005.tif HTTP/1.1" 200 156212
190.156.29.204 - - [04/Apr/2015:08:33:25 -0500] "GET /BLA/boletinlegal/js/jquery.scrollTo-min.js HTTP/1.1" 304 -
190.156.29.204 - - [04/Apr/2015:08:33:25 -0500] "GET /galeria/galeria/jquery.fancybox.css?v=2.1.5 HTTP/1.1" 304 -
190.156.29.204 - - [04/Apr/2015:08:33:25 -0500] "GET /BLA/boletinlegal/js/jquery.scrollShow.js HTTP/1.1" 304 -
190.156.29.204 - - [04/Apr/2015:08:33:25 -0500] "GET /galeria/galeria/jquery.fancybox.js?v=2.1.5 HTTP/1.1" 304 -
66.249.64.172 - - [04/Apr/2015:08:33:32 -0500] "GET /BLA/resoluciones/RESOLUCIONES%202009/4663.pdf HTTP/1.1" 304 -
188.165.15.210 - - [04/Apr/2015:08:33:56 -0500] "GET /BLA/resoluciones/RESOLUCIONES%202002/RES%202002%201651-1700/20021664.tif HTTP/1.1" 200 103528
188.165.15.210 - - [04/Apr/2015:08:34:05 -0500] "GET /BLA/resoluciones/index.php?dir=RESOLUCIONES%202004/RES%202004%20401-450/&sort=date&order=desc HTTP/1.1" 200 12038
186.31.182.61 - - [04/Apr/2015:08:34:43 -0500] "POST /forms/lservlet;jsessionid=ac16012b30d6999a005517434fe09588924e11dede08.e3iSbxaKaheRe3eNbhaPbhuQa41ynknvrkLOlQzNp65In0 HTTP/1.1" 200 2
74.86.158.107 - - [04/Apr/2015:08:34:50 -0500] "HEAD / HTTP/1.1" 302 -
66.249.64.168 - - [04/Apr/2015:08:35:38 -0500] "GET /BLA/resoluciones/RESOLUCIONES%202009/5319.pdf HTTP/1.1" 200 555413
188.165.15.210 - - [04/Apr/2015:08:36:06 -0500] "GET /BLA/resoluciones/RESOLUCIONES%202002/RES%202002%20551-600/00000588.tif HTTP/1.1" 200 61990
188.165.15.210 - - [04/Apr/2015:08:36:11 -0500] "GET /BLA/resoluciones/RESOLUCIONES%202003/RES%202003%201151-1200/1200.tif HTTP/1.1" 200 252372
66.249.64.164 - - [04/Apr/2015:08:36:27 -0500] "GET /BLA/resoluciones/RESOLUCIONES%202009/6825.pdf HTTP/1.1" 200 399368
186.31.182.61 - - [04/Apr/2015:08:36:43 -0500] "POST /forms/lservlet;jsessionid=ac16012b30d6999a005517434fe09588924e11dede08.e3iSbxaKaheRe3eNbhaPbhuQa41ynknvrkLOlQzNp65In0 HTTP/1.1" 200 2
181.50.148.235 - - [04/Apr/2015:08:36:48 -0500] "GET /galeria/galeria/jquery.fancybox.js?v=2.1.5 HTTP/1.1" 200 48706
181.50.148.235 - - [04/Apr/2015:08:36:48 -0500] "GET /galeria/galeria/jquery.fancybox.css?v=2.1.5 HTTP/1.1" 200 4895
181.50.148.235 - - [04/Apr/2015:08:36:48 -0500] "GET /BLA/boletinlegal/js/jquery.scrollShow.js HTTP/1.1" 200 4586
181.50.148.235 - - [04/Apr/2015:08:36:48 -0500] "GET /BLA/boletinlegal/js/jquery.scrollTo-min.js HTTP/1.1" 200 1150
181.50.148.235 - - [04/Apr/2015:08:37:09 -0500] "GET /BLA/boletinlegal/js/jquery.scrollTo-min.js HTTP/1.1" 304 -
