!C99Shell v. 1.0 pre-release build #13!

Software: Apache. PHP/5.5.15 

uname -a: Windows NT SVR-DMZ 6.1 build 7600 (Windows Server 2008 R2 Enterprise Edition) i586 

SYSTEM 

Safe-mode: OFF (not secure)

E:\nuevo\apache\logs\   drwxrwxrwx
Free 9.41 GB of 239.26 GB (3.93%)
Detected drives: [ a ] [ c ] [ d ] [ e ] [ f ]
Home    Back    Forward    UPDIR    Refresh    Search    Buffer    Encoder    Tools    Proc.    FTP brute    Sec.    SQL    PHP-code    Update    Feedback    Self remove    Logout    


Viewing file:     access.2015.04.04.log (2.85 MB)      -rw-rw-rw-
Select action/file-type:
(+) | (+) | (+) | Code (+) | Session (+) | (+) | SDB (+) | (+) | (+) | (+) | (+) | (+) |
190.157.168.28 - - [04/Apr/2015:00:00:00 -0500] "GET /BLA/resoluciones/AUTOS%202012/1374.pdf HTTP/1.1" 200 222134
190.26.210.162 - - [04/Apr/2015:00:00:01 -0500] "GET / HTTP/1.1" 302 -
66.249.64.164 - - [04/Apr/2015:00:00:11 -0500] "GET /BLA/resoluciones/RESOLUCIONES%202010/7061.pdf HTTP/1.1" 200 502382
207.46.13.5 - - [04/Apr/2015:00:00:17 -0500] "GET /BLA/resoluciones/RESOLUCIONES%202008/2644.pdf HTTP/1.1" 200 199676
66.249.64.172 - - [04/Apr/2015:00:00:17 -0500] "GET /BLA/resoluciones/RESOLUCIONES%202007/RES%202007%204001%20AL%204100/RESOLUCION%204076%20DE%202007.pdf HTTP/1.1" 200 1181433
207.46.13.5 - - [04/Apr/2015:00:00:21 -0500] "GET /BLA/resoluciones/RESOLUCIONES%202013/1938.pdf HTTP/1.1" 200 312841
207.46.13.5 - - [04/Apr/2015:00:00:33 -0500] "GET /BLA/resoluciones/Autos%202008/0371.pdf HTTP/1.1" 200 143723
188.165.15.210 - - [04/Apr/2015:00:01:06 -0500] "GET /BLA/resoluciones/RESOLUCIONES%202006/RES%202006%20401-450/00000430.tif HTTP/1.1" 200 173208
181.128.25.16 - - [04/Apr/2015:00:01:18 -0500] "GET /BLA/boletinlegal/js/jquery.scrollTo-min.js HTTP/1.1" 200 1150
181.128.25.16 - - [04/Apr/2015:00:01:18 -0500] "GET /galeria/galeria/jquery.fancybox.js?v=2.1.5 HTTP/1.1" 200 48706
181.128.25.16 - - [04/Apr/2015:00:01:18 -0500] "GET /galeria/galeria/jquery.fancybox.css?v=2.1.5 HTTP/1.1" 200 4895
181.128.25.16 - - [04/Apr/2015:00:01:18 -0500] "GET /BLA/boletinlegal/js/jquery.scrollShow.js HTTP/1.1" 200 4586
181.128.25.16 - - [04/Apr/2015:00:01:28 -0500] "GET /galeria/galeria/jquery.fancybox.css?v=2.1.5 HTTP/1.1" 304 -
181.128.25.16 - - [04/Apr/2015:00:01:28 -0500] "GET /BLA/boletinlegal/js/jquery.scrollTo-min.js HTTP/1.1" 304 -
181.128.25.16 - - [04/Apr/2015:00:01:28 -0500] "GET /BLA/boletinlegal/js/jquery.scrollShow.js HTTP/1.1" 304 -
181.128.25.16 - - [04/Apr/2015:00:01:29 -0500] "GET /galeria/galeria/jquery.fancybox.js?v=2.1.5 HTTP/1.1" 304 -
88.198.233.69 - - [04/Apr/2015:00:01:32 -0500] "GET / HTTP/1.1" 302 -
207.46.13.5 - - [04/Apr/2015:00:01:37 -0500] "GET /BLA/resoluciones/AUTOS%202007/3573.pdf HTTP/1.1" 200 165802
190.26.210.162 - - [04/Apr/2015:00:01:44 -0500] "GET /BLA/boletinlegal/js/jquery.scrollTo-min.js HTTP/1.1" 304 -
190.26.210.162 - - [04/Apr/2015:00:01:44 -0500] "GET /BLA/boletinlegal/js/jquery.scrollShow.js HTTP/1.1" 304 -
190.26.210.162 - - [04/Apr/2015:00:01:44 -0500] "GET /galeria/galeria/jquery.fancybox.js?v=2.1.5 HTTP/1.1" 200 48706
190.26.210.162 - - [04/Apr/2015:00:01:44 -0500] "GET /galeria/galeria/jquery.fancybox.css?v=2.1.5 HTTP/1.1" 200 4895
207.46.13.5 - - [04/Apr/2015:00:01:46 -0500] "GET /bla/resoluciones/RESOLUCIONES%202009/1057.pdf HTTP/1.1" 200 205340
180.76.6.144 - - [04/Apr/2015:00:01:48 -0500] "GET /BLA/resoluciones/AUTOS%202012/0715.pdf HTTP/1.1" 200 282420
66.249.64.168 - - [04/Apr/2015:00:01:55 -0500] "GET /BLA/resoluciones/AUTOS%202012/1978.pdf HTTP/1.1" 200 546894
190.26.210.162 - - [04/Apr/2015:00:02:03 -0500] "GET /galeria/nivo-slider/demo/demo.html HTTP/1.1" 304 -
190.26.210.162 - - [04/Apr/2015:00:02:03 -0500] "GET /galeria/carrusel/Carrusel/jquery.thumbnailScroller.css HTTP/1.1" 304 -
190.26.210.162 - - [04/Apr/2015:00:02:03 -0500] "GET /galeria/carrusel/Carrusel/jquery-ui- HTTP/1.1" 404 1018
190.26.210.162 - - [04/Apr/2015:00:02:05 -0500] "GET /galeria/carrusel/Carrusel/jquery.thumbnailScroller.js HTTP/1.1" 304 -
207.46.13.5 - - [04/Apr/2015:00:02:07 -0500] "GET /bla/resoluciones/RESOLUCIONES%202009/0649.pdf HTTP/1.1" 200 310005
190.26.210.162 - - [04/Apr/2015:00:02:12 -0500] "GET /galeria/nivo-slider/demo/ HTTP/1.1" 200 2278
66.249.64.172 - - [04/Apr/2015:00:02:18 -0500] "GET /BLA/resoluciones/RESOLUCIONES%202010/4790.pdf HTTP/1.1" 200 125414
207.46.13.5 - - [04/Apr/2015:00:02:24 -0500] "GET /BLA/resoluciones/Autos%202008/0425.pdf HTTP/1.1" 200 308790
180.76.5.22 - - [04/Apr/2015:00:02:28 -0500] "GET /BLA/resoluciones/AUTOS%202013/2559.pdf HTTP/1.1" 200 1473219
190.26.210.162 - - [04/Apr/2015:00:02:03 -0500] "GET /BLA/boletinlegal/index.php? HTTP/1.1" 200 46024
157.55.39.46 - - [04/Apr/2015:00:03:10 -0500] "GET /BLA/resoluciones/Autos%202008/1216.pdf HTTP/1.1" 200 287119
66.249.64.164 - - [04/Apr/2015:00:03:39 -0500] "GET /BLA/resoluciones/RESOLUCIONES%202012/0962.pdf HTTP/1.1" 200 425081
207.46.13.5 - - [04/Apr/2015:00:03:41 -0500] "GET /BLA/resoluciones/Autos%202008/1842.pdf HTTP/1.1" 200 276383
134.249.53.8 - - [04/Apr/2015:00:04:16 -0500] "GET / HTTP/1.1" 302 -
134.249.53.8 - - [04/Apr/2015:00:04:16 -0500] "GET / HTTP/1.1" 302 -
134.249.53.8 - - [04/Apr/2015:00:04:17 -0500] "GET / HTTP/1.1" 302 -
134.249.53.8 - - [04/Apr/2015:00:04:17 -0500] "GET / HTTP/1.1" 302 -
66.249.64.168 - - [04/Apr/2015:00:04:20 -0500] "GET /BLA/resoluciones/AUTOS%202007/1512.pdf HTTP/1.1" 200 266154
201.245.229.220 - - [04/Apr/2015:00:04:43 -0500] "GET /BLA/resoluciones/AUTOS%202013/0244.pdf HTTP/1.1" 200 1858482
190.158.0.11 - - [04/Apr/2015:00:05:07 -0500] "GET /galeria/nivo-slider/demo/demo.html HTTP/1.1" 304 -
66.249.64.168 - - [04/Apr/2015:00:05:23 -0500] "GET /BLA/resoluciones/RESOLUCIONES%202009/3725.pdf HTTP/1.1" 200 481373
207.46.13.5 - - [04/Apr/2015:00:06:03 -0500] "GET /bla/resoluciones/resoluciones%202010/2358.pdf HTTP/1.1" 200 1579304
188.165.15.210 - - [04/Apr/2015:00:06:19 -0500] "GET /BLA/resoluciones/RESOLUCIONES%202004/RES%202004%202351-2401/00002360.tif HTTP/1.1" 200 171278
207.46.13.5 - - [04/Apr/2015:00:06:20 -0500] "GET /BLA/resoluciones/RESOLUCIONES%202013/1393.pdf HTTP/1.1" 200 692718
66.249.64.172 - - [04/Apr/2015:00:06:21 -0500] "GET /BLA/resoluciones/AUTOS%202008/0557.pdf HTTP/1.1" 200 151227
207.46.13.5 - - [04/Apr/2015:00:06:21 -0500] "GET /BLA/resoluciones/RESOLUCIONES%202013/2797.pdf HTTP/1.1" 200 652195
188.165.15.210 - - [04/Apr/2015:00:06:23 -0500] "GET /BLA/resoluciones/RESOLUCIONES%202004/RES%202004%201901-1950/00001921.tif HTTP/1.1" 200 256240
66.249.64.164 - - [04/Apr/2015:00:07:06 -0500] "GET /BLA/resoluciones/RESOLUCIONES%202007/RES%202007%202401%20AL%202500/RESOLUCION%202401%20DE%202007.pdf HTTP/1.1" 304 -
207.46.13.5 - - [04/Apr/2015:00:07:31 -0500] "GET /BLA/resoluciones/RESOLUCIONES%202011/5623.pdf HTTP/1.1" 200 490633
157.55.39.47 - - [04/Apr/2015:00:07:42 -0500] "GET /BLA/resoluciones/AUTOS%202011/7808.pdf HTTP/1.1" 200 113479
157.55.39.47 - - [04/Apr/2015:00:07:43 -0500] "GET /bla/resoluciones/RESOLUCIONES%202009/1838.pdf HTTP/1.1" 200 498986
157.55.39.47 - - [04/Apr/2015:00:07:43 -0500] "GET /bla/resoluciones/RESOLUCIONES%202009/8649.pdf HTTP/1.1" 200 130859
188.165.15.210 - - [04/Apr/2015:00:07:45 -0500] "GET /BLA/resoluciones/RESOLUCIONES%202004/RES%202004%202201-2250/00002243.tif HTTP/1.1" 200 146052
181.54.9.70 - - [04/Apr/2015:00:07:46 -0500] "GET /BLA/boletinlegal/js/jquery.scrollTo-min.js HTTP/1.1" 304 -
181.54.9.70 - - [04/Apr/2015:00:07:46 -0500] "GET /BLA/boletinlegal/js/jquery.scrollShow.js HTTP/1.1" 304 -
181.54.9.70 - - [04/Apr/2015:00:07:46 -0500] "GET /galeria/galeria/jquery.fancybox.js?v=2.1.5 HTTP/1.1" 304 -
181.54.9.70 - - [04/Apr/2015:00:07:46 -0500] "GET /galeria/galeria/jquery.fancybox.css?v=2.1.5 HTTP/1.1" 304 -
207.46.13.5 - - [04/Apr/2015:00:07:50 -0500] "GET /BLA/resoluciones/RESOLUCIONES%202007/RES%202007%204201%20AL%204300/RESOLUCION%204244%20DE%202007.pdf HTTP/1.1" 200 244306
180.76.6.53 - - [04/Apr/2015:00:08:00 -0500] "GET /BLA/resoluciones/AUTOS%202011/0672.pdf HTTP/1.1" 200 94901
74.86.158.107 - - [04/Apr/2015:00:08:12 -0500] "HEAD / HTTP/1.1" 302 -
66.249.64.164 - - [04/Apr/2015:00:08:22 -0500] "GET /BLA/resoluciones/RESOLUCIONES%202009/8740.pdf HTTP/1.1" 200 437983
207.46.13.5 - - [04/Apr/2015:00:08:27 -0500] "GET /BLA/resoluciones/RESOLUCIONES%202009/7438.pdf HTTP/1.1" 200 237139
66.249.64.168 - - [04/Apr/2015:00:08:50 -0500] "GET /BLA/resoluciones/AUTOS%202012/2525.pdf HTTP/1.1" 200 1862143
207.46.13.5 - - [04/Apr/2015:00:09:00 -0500] "GET /BLA/resoluciones/Autos%202008/0181.pdf HTTP/1.1" 200 168085
181.135.42.190 - - [04/Apr/2015:00:09:02 -0500] "GET /galeria/galeria/jquery.fancybox.css?v=2.1.5 HTTP/1.1" 200 4895
181.135.42.190 - - [04/Apr/2015:00:09:02 -0500] "GET /BLA/boletinlegal/js/jquery.scrollTo-min.js HTTP/1.1" 200 1150
181.135.42.190 - - [04/Apr/2015:00:09:02 -0500] "GET /BLA/boletinlegal/js/jquery.scrollShow.js HTTP/1.1" 200 4586
181.135.42.190 - - [04/Apr/2015:00:09:02 -0500] "GET /galeria/galeria/jquery.fancybox.js?v=2.1.5 HTTP/1.1" 200 48706
186.31.95.41 - - [04/Apr/2015:00:09:07 -0500] "GET /BLA/boletinlegal/js/jquery.scrollTo-min.js HTTP/1.1" 200 1150
186.31.95.41 - - [04/Apr/2015:00:09:07 -0500] "GET /BLA/boletinlegal/js/jquery.scrollShow.js HTTP/1.1" 200 4586
186.31.95.41 - - [04/Apr/2015:00:09:08 -0500] "GET /galeria/galeria/jquery.fancybox.js?v=2.1.5 HTTP/1.1" 200 48706
186.31.95.41 - - [04/Apr/2015:00:09:08 -0500] "GET /galeria/galeria/jquery.fancybox.css?v=2.1.5 HTTP/1.1" 200 4895
186.31.95.41 - - [04/Apr/2015:00:09:08 -0500] "GET /galeria/carrusel/Carrusel/jquery.thumbnailScroller.css HTTP/1.1" 200 2066
186.31.95.41 - - [04/Apr/2015:00:09:09 -0500] "GET /galeria/carrusel/Carrusel/jquery-ui-1.8.13.custom.min.js HTTP/1.1" 200 10800
186.31.95.41 - - [04/Apr/2015:00:09:09 -0500] "GET /galeria/carrusel/Carrusel/jquery.thumbnailScroller.js HTTP/1.1" 200 8157
181.135.42.190 - - [04/Apr/2015:00:09:11 -0500] "GET /galeria/galeria/jquery.fancybox.css?v=2.1.5 HTTP/1.1" 304 -
181.135.42.190 - - [04/Apr/2015:00:09:11 -0500] "GET /BLA/boletinlegal/js/jquery.scrollShow.js HTTP/1.1" 304 -
181.135.42.190 - - [04/Apr/2015:00:09:11 -0500] "GET /galeria/galeria/jquery.fancybox.js?v=2.1.5 HTTP/1.1" 304 -
181.135.42.190 - - [04/Apr/2015:00:09:11 -0500] "GET /BLA/boletinlegal/js/jquery.scrollTo-min.js HTTP/1.1" 304 -
186.31.95.41 - - [04/Apr/2015:00:09:12 -0500] "GET /galeria/nivo-slider/demo/demo.html HTTP/1.1" 200 4196
186.31.95.41 - - [04/Apr/2015:00:09:15 -0500] "GET /galeria/nivo-slider/themes/default/default.css HTTP/1.1" 200 1569
186.31.95.41 - - [04/Apr/2015:00:09:16 -0500] "GET /galeria/nivo-slider/demo/style.css HTTP/1.1" 200 2222
186.31.95.41 - - [04/Apr/2015:00:09:16 -0500] "GET /galeria/nivo-slider/demo/scripts/jquery-1.7.1.min.js HTTP/1.1" 200 93868
186.31.95.41 - - [04/Apr/2015:00:09:16 -0500] "GET /galeria/nivo-slider/jquery.nivo.slider.pack.js HTTP/1.1" 200 11561
186.31.95.41 - - [04/Apr/2015:00:09:16 -0500] "GET /galeria/nivo-slider/demo/images/Banner-semana-santa.jpg HTTP/1.1" 200 350491
186.31.95.41 - - [04/Apr/2015:00:09:16 -0500] "GET /galeria/nivo-slider/nivo-slider.css HTTP/1.1" 200 1507
186.31.95.41 - - [04/Apr/2015:00:09:16 -0500] "GET /galeria/nivo-slider/themes/orman/orman.css HTTP/1.1" 200 2152
186.31.95.41 - - [04/Apr/2015:00:09:16 -0500] "GET /galeria/nivo-slider/demo/images/no-sea-victima.jpg HTTP/1.1" 200 254155
186.31.95.41 - - [04/Apr/2015:00:09:16 -0500] "GET /galeria/nivo-slider/themes/pascal/pascal.css HTTP/1.1" 200 2258
186.31.95.41 - - [04/Apr/2015:00:09:17 -0500] "GET /galeria/nivo-slider/demo/images/Convocatoria_recicladores.jpg HTTP/1.1" 200 213976
186.31.95.41 - - [04/Apr/2015:00:09:17 -0500] "GET /galeria/nivo-slider/demo/images/Licitaciones-proyecto-paramo.jpg HTTP/1.1" 200 221877
186.31.95.41 - - [04/Apr/2015:00:09:18 -0500] "GET /galeria/nivo-slider/demo/images/4Simple_Slider.png HTTP/1.1" 200 11722
186.31.95.41 - - [04/Apr/2015:00:09:20 -0500] "GET /galeria/nivo-slider/themes/default/loading.gif HTTP/1.1" 200 1737
186.31.95.41 - - [04/Apr/2015:00:09:20 -0500] "GET /galeria/nivo-slider/demo/images/Banner-decreto1299.jpg HTTP/1.1" 200 182613
186.31.95.41 - - [04/Apr/2015:00:09:20 -0500] "GET /galeria/nivo-slider/demo/images/Banner-Directorio.jpg HTTP/1.1" 200 182068
180.76.6.139 - - [04/Apr/2015:00:09:21 -0500] "GET /BLA/resoluciones/AUTOS%202010/1909.pdf HTTP/1.1" 200 148169
186.31.95.41 - - [04/Apr/2015:00:09:21 -0500] "GET /galeria/nivo-slider/demo/images/banner-V2.jpg HTTP/1.1" 200 167020
186.31.95.41 - - [04/Apr/2015:00:09:21 -0500] "GET /galeria/nivo-slider/demo/images/Ruta-vertimientos-01.jpg HTTP/1.1" 200 130151
186.31.95.41 - - [04/Apr/2015:00:09:22 -0500] "GET /galeria/nivo-slider/demo/images/bolsas-06.jpg HTTP/1.1" 200 90982
186.31.95.41 - - [04/Apr/2015:00:09:23 -0500] "GET /galeria/nivo-slider/demo/images/redes_sociales.jpg HTTP/1.1" 200 415652
186.31.95.41 - - [04/Apr/2015:00:09:24 -0500] "GET /galeria/nivo-slider/demo/images/Conoce-los-humedales.jpg HTTP/1.1" 200 294036
186.31.95.41 - - [04/Apr/2015:00:09:25 -0500] "GET /galeria/nivo-slider/demo/images/ecolecta-Dic2014.png HTTP/1.1" 200 288593
186.31.95.41 - - [04/Apr/2015:00:09:25 -0500] "GET /galeria/nivo-slider/demo/images/porloshumedales.jpg HTTP/1.1" 200 351238
157.55.39.37 - - [04/Apr/2015:00:09:25 -0500] "GET /BLA/resoluciones/RESOLUCIONES%202009/9223.pdf HTTP/1.1" 200 480805
157.55.39.37 - - [04/Apr/2015:00:09:25 -0500] "GET /BLA/resoluciones/RESOLUCIONES%202007/RES%202007%203801%20AL%203900/RESOLUCION%203810%20DE%202007.pdf HTTP/1.1" 200 377050
157.55.39.37 - - [04/Apr/2015:00:09:26 -0500] "GET /BLA/resoluciones/RESOLUCIONES%202009/8800.pdf HTTP/1.1" 200 284909
186.31.95.41 - - [04/Apr/2015:00:09:26 -0500] "GET /galeria/nivo-slider/demo/images/Tingua-azul.jpg HTTP/1.1" 200 307638
186.31.95.41 - - [04/Apr/2015:00:09:28 -0500] "GET /galeria/nivo-slider/demo/images/banner-llantas2.jpg HTTP/1.1" 200 73153
186.31.95.41 - - [04/Apr/2015:00:09:31 -0500] "GET /galeria/nivo-slider/demo/images/9Signos.jpg HTTP/1.1" 200 81776
186.31.95.41 - - [04/Apr/2015:00:09:33 -0500] "GET /galeria/nivo-slider/demo/images/bolsas-08.jpg HTTP/1.1" 200 85589
186.31.95.41 - - [04/Apr/2015:00:09:34 -0500] "GET /galeria/nivo-slider/themes/default/arrows.png HTTP/1.1" 200 824
186.31.95.41 - - [04/Apr/2015:00:09:34 -0500] "GET /galeria/nivo-slider/themes/default/bullets.png HTTP/1.1" 200 1281
180.76.6.20 - - [04/Apr/2015:00:10:01 -0500] "GET /BLA/resoluciones/AUTOS%202010/0350.pdf HTTP/1.1" 200 365306
66.249.64.168 - - [04/Apr/2015:00:10:24 -0500] "GET /BLA/resoluciones/RESOLUCIONES%202010/3730.pdf HTTP/1.1" 200 455123
66.249.64.168 - - [04/Apr/2015:00:10:34 -0500] "GET /BLA/resoluciones/RESOLUCIONES%202010/4788.pdf HTTP/1.1" 200 248917
180.76.6.44 - - [04/Apr/2015:00:10:42 -0500] "GET /BLA/resoluciones/AUTOS%202013/2204.pdf HTTP/1.1" 200 661861
207.46.13.5 - - [04/Apr/2015:00:10:46 -0500] "GET /BLA/resoluciones/RESOLUCIONES%202009/7829.pdf HTTP/1.1" 200 570579
157.55.39.47 - - [04/Apr/2015:00:11:03 -0500] "GET /bla/resoluciones/resoluciones%202011/5843.pdf HTTP/1.1" 200 423995
157.55.39.47 - - [04/Apr/2015:00:11:04 -0500] "GET /BLA/resoluciones/AUTOS%202011/1913.pdf HTTP/1.1" 200 216356
157.55.39.47 - - [04/Apr/2015:00:11:04 -0500] "GET /BLA/resoluciones/AUTOS%202007/0417.pdf HTTP/1.1" 200 74283
188.165.15.210 - - [04/Apr/2015:00:11:06 -0500] "GET /BLA/resoluciones/RESOLUCIONES%202002/RES%202002%201701-1750/20021731.tif HTTP/1.1" 200 71324
66.249.64.44 - - [04/Apr/2015:00:11:15 -0500] "GET /PORTAL_SIAC/swf/Residuos/ HTTP/1.1" 200 4955
152.61.128.66 - - [04/Apr/2015:00:11:15 -0500] "HEAD / HTTP/1.1" 302 -
152.61.128.66 - - [04/Apr/2015:00:11:16 -0500] "GET /arcgis/services/Calidad_del_Agua_WQI/MapServer/WMSServer?request=GetCapabilities&service=WMS HTTP/1.1" 200 32135
152.61.128.66 - - [04/Apr/2015:00:11:16 -0500] "GET /arcgis/services/Calidad_del_Agua_WQI/MapServer/WMSServer?request=GetCapabilities&service=WMS HTTP/1.0" 200 32135
152.61.128.66 - - [04/Apr/2015:00:11:17 -0500] "GET /arcgis/services/Calidad_del_Agua_WQI/MapServer/WMSServer?request=GetCapabilities&service=WMS HTTP/1.0" 200 32135
152.61.128.66 - - [04/Apr/2015:00:11:18 -0500] "GET /arcgis/services/Calidad_del_Agua_WQI/MapServer/WMSServer?request=GetCapabilities&service=WMS HTTP/1.0" 200 32135
152.61.128.66 - - [04/Apr/2015:00:11:19 -0500] "GET /arcgis/services/Calidad_del_Agua_WQI/MapServer/WMSServer?VERSION=1.1.1&REQUEST=GetMap&LAYERS=0&SRS=EPSG:4326&BBOX=-74.473395,3.674381,-73.963300,4.920569&WIDTH=250&HEIGHT=250&FORMAT=image/bmp&STYLES=& HTTP/1.1" 200 188054
180.76.6.130 - - [04/Apr/2015:00:11:22 -0500] "GET /BLA/resoluciones/AUTOS%202012/0964.pdf HTTP/1.1" 200 172709
207.46.13.5 - - [04/Apr/2015:00:11:41 -0500] "GET /BLA/resoluciones/RESOLUCIONES%202011/5015.pdf HTTP/1.1" 200 596974
152.61.128.66 - - [04/Apr/2015:00:11:53 -0500] "HEAD / HTTP/1.1" 302 -
152.61.128.66 - - [04/Apr/2015:00:11:54 -0500] "GET /arcgis/services/Calidad_del_Agua_WQI/MapServer/WMSServer?SERVICE=WMS&REQUEST=GetCapabilities HTTP/1.1" 200 32135
152.61.128.66 - - [04/Apr/2015:00:11:55 -0500] "GET /arcgis/services/Calidad_del_Agua_WQI/MapServer/WMSServer?SERVICE=WMS&REQUEST=GetCapabilities HTTP/1.0" 200 32135
152.61.128.66 - - [04/Apr/2015:00:11:56 -0500] "GET /arcgis/services/Calidad_del_Agua_WQI/MapServer/WMSServer?SERVICE=WMS&REQUEST=GetCapabilities HTTP/1.0" 200 32135
207.46.13.5 - - [04/Apr/2015:00:11:57 -0500] "GET /bla/resoluciones/autos%202010/3720.pdf HTTP/1.1" 200 141575
152.61.128.66 - - [04/Apr/2015:00:11:56 -0500] "GET /arcgis/services/Calidad_del_Agua_WQI/MapServer/WMSServer?SERVICE=WMS&REQUEST=GetCapabilities HTTP/1.0" 200 32135
188.165.15.210 - - [04/Apr/2015:00:11:57 -0500] "GET /BLA/resoluciones/RESOLUCIONES%202005/RES%202005%20151-200/00000167.tif HTTP/1.1" 200 43576
152.61.128.66 - - [04/Apr/2015:00:11:57 -0500] "GET /arcgis/services/Calidad_del_Agua_WQI/MapServer/WMSServer?VERSION=1.1.1&REQUEST=GetMap&LAYERS=0&SRS=EPSG:4326&BBOX=-74.473395,3.674381,-73.963300,4.920569&WIDTH=250&HEIGHT=250&FORMAT=image/bmp&STYLES=& HTTP/1.1" 200 188054
207.46.13.5 - - [04/Apr/2015:00:11:59 -0500] "GET /BLA/resoluciones/AUTOS%202011/6528.pdf HTTP/1.1" 200 187597
66.249.64.164 - - [04/Apr/2015:00:12:18 -0500] "GET /BLA/resoluciones/RESOLUCIONES%202013/2596.pdf HTTP/1.1" 304 -
66.249.64.164 - - [04/Apr/2015:00:12:25 -0500] "GET /BLA/resoluciones/RESOLUCIONES%202011/4981.pdf HTTP/1.1" 200 346509
180.76.5.61 - - [04/Apr/2015:00:12:43 -0500] "GET /BLA/resoluciones/RESOLUCIONES%202011/1127.pdf HTTP/1.1" 200 299473
74.86.158.107 - - [04/Apr/2015:00:13:12 -0500] "HEAD / HTTP/1.1" 302 -
190.26.210.162 - - [04/Apr/2015:00:13:54 -0500] "GET /galeria/juegos/ear/EARI.swf HTTP/1.1" 200 526915
207.46.13.5 - - [04/Apr/2015:00:13:59 -0500] "GET /bla/resoluciones/RESOLUCIONES%202009/1849.pdf HTTP/1.1" 200 514946
190.26.210.162 - - [04/Apr/2015:00:14:01 -0500] "GET /videos/galeria-cronicas/1V3wnplaylist.htm? HTTP/1.1" 200 4013
190.26.210.162 - - [04/Apr/2015:00:14:01 -0500] "GET /videos/galeria-cronicas/ HTTP/1.1" 200 3334
66.249.64.164 - - [04/Apr/2015:00:14:02 -0500] "GET /BLA/resoluciones/RESOLUCIONES%202007/RES%202007%201%20AL%20100/RESOLUCION%200058%20DE%202007.pdf HTTP/1.1" 200 233580
180.76.5.65 - - [04/Apr/2015:00:14:04 -0500] "GET /BLA/resoluciones/AUTOS%202012/1114.pdf HTTP/1.1" 200 172012
207.46.13.5 - - [04/Apr/2015:00:14:20 -0500] "GET /bla/resoluciones/resoluciones%202011/5155.pdf HTTP/1.1" 200 318065
66.249.64.164 - - [04/Apr/2015:00:14:26 -0500] "GET /BLA/resoluciones/RESOLUCIONES%202009/2846.pdf HTTP/1.1" 200 298847
180.76.5.146 - - [04/Apr/2015:00:14:44 -0500] "GET /BLA/resoluciones/AUTOS%202012/0905.pdf HTTP/1.1" 200 685250
82.145.217.207 - - [04/Apr/2015:00:14:46 -0500] "GET /BLA/resoluciones/RESOLUCIONES%202009/8129.pdf HTTP/1.1" 200 96587
82.145.217.207 - - [04/Apr/2015:00:14:51 -0500] "GET /BLA/resoluciones/RESOLUCIONES%202010/1191.pdf HTTP/1.1" 200 112936
157.55.39.37 - - [04/Apr/2015:00:15:00 -0500] "GET /BLA/resoluciones/AUTOS%202007/1449.pdf HTTP/1.1" 200 24710
188.165.15.210 - - [04/Apr/2015:00:15:24 -0500] "GET /BLA/resoluciones/RESOLUCIONES%202006/RES%202006%20901-950/00000945.tif HTTP/1.1" 200 111524
157.55.39.37 - - [04/Apr/2015:00:15:31 -0500] "GET /BLA/resoluciones/Autos%202008/1725.pdf HTTP/1.1" 200 156554
207.46.13.5 - - [04/Apr/2015:00:15:35 -0500] "GET /bla/resoluciones/resoluciones%202011/4211.pdf HTTP/1.1" 200 434140
186.29.228.40 - - [04/Apr/2015:00:15:42 -0500] "GET /galeria/galeria/jquery.fancybox.css?v=2.1.5 HTTP/1.1" 200 4895
186.29.228.40 - - [04/Apr/2015:00:15:42 -0500] "GET /galeria/carrusel/Carrusel/jquery.thumbnailScroller.css HTTP/1.1" 200 2066
186.29.228.40 - - [04/Apr/2015:00:15:42 -0500] "GET /galeria/carrusel/Carrusel/jquery.thumbnailScroller.js HTTP/1.1" 200 8157
186.29.228.40 - - [04/Apr/2015:00:15:42 -0500] "GET /galeria/galeria/jquery.fancybox.js?v=2.1.5 HTTP/1.1" 200 48706
186.29.228.40 - - [04/Apr/2015:00:15:42 -0500] "GET /BLA/boletinlegal/js/jquery.scrollShow.js HTTP/1.1" 200 4586
186.29.228.40 - - [04/Apr/2015:00:15:42 -0500] "GET /BLA/boletinlegal/js/jquery.scrollTo-min.js HTTP/1.1" 200 1150
186.29.228.40 - - [04/Apr/2015:00:15:42 -0500] "GET /galeria/carrusel/Carrusel/jquery-ui-1.8.13.custom.min.js HTTP/1.1" 200 10800
186.29.228.40 - - [04/Apr/2015:00:15:44 -0500] "GET /galeria/nivo-slider/demo/demo.html HTTP/1.1" 200 4196
186.29.228.40 - - [04/Apr/2015:00:15:44 -0500] "GET /galeria/nivo-slider/themes/default/default.css HTTP/1.1" 200 1569
186.29.228.40 - - [04/Apr/2015:00:15:44 -0500] "GET /galeria/nivo-slider/themes/pascal/pascal.css HTTP/1.1" 200 2258
186.29.228.40 - - [04/Apr/2015:00:15:44 -0500] "GET /galeria/nivo-slider/demo/scripts/jquery-1.7.1.min.js HTTP/1.1" 200 93868
186.29.228.40 - - [04/Apr/2015:00:15:44 -0500] "GET /galeria/nivo-slider/themes/orman/orman.css HTTP/1.1" 200 2152
186.29.228.40 - - [04/Apr/2015:00:15:44 -0500] "GET /galeria/nivo-slider/nivo-slider.css HTTP/1.1" 200 1507
186.29.228.40 - - [04/Apr/2015:00:15:44 -0500] "GET /galeria/nivo-slider/demo/style.css HTTP/1.1" 200 2222
186.29.228.40 - - [04/Apr/2015:00:15:44 -0500] "GET /galeria/nivo-slider/jquery.nivo.slider.pack.js HTTP/1.1" 200 11561
186.29.228.40 - - [04/Apr/2015:00:15:44 -0500] "GET /galeria/nivo-slider/demo/images/Banner-semana-santa.jpg HTTP/1.1" 200 350491
186.29.228.40 - - [04/Apr/2015:00:15:44 -0500] "GET /galeria/nivo-slider/demo/images/no-sea-victima.jpg HTTP/1.1" 200 254155
186.29.228.40 - - [04/Apr/2015:00:15:46 -0500] "GET /galeria/nivo-slider/themes/default/loading.gif HTTP/1.1" 200 1737
186.29.228.40 - - [04/Apr/2015:00:15:46 -0500] "GET /galeria/nivo-slider/demo/images/4Simple_Slider.png HTTP/1.1" 200 11722
66.249.64.44 - - [04/Apr/2015:00:15:46 -0500] "GET /portalsiaccapacitaciones/Soportes%20Capacitaciones%20A%C3%B1o%202013/0032.%20PRESENTACI%C3%93N%20FUENTES%20FIJAS%20-%2015%20de%20Agosto.pdf HTTP/1.1" 304 -
186.29.228.40 - - [04/Apr/2015:00:15:46 -0500] "GET /galeria/nivo-slider/demo/images/Convocatoria_recicladores.jpg HTTP/1.1" 200 213976
186.29.228.40 - - [04/Apr/2015:00:15:46 -0500] "GET /galeria/nivo-slider/demo/images/Licitaciones-proyecto-paramo.jpg HTTP/1.1" 200 221877
186.29.228.40 - - [04/Apr/2015:00:15:47 -0500] "GET /galeria/nivo-slider/demo/images/Banner-decreto1299.jpg HTTP/1.1" 200 182613
186.29.228.40 - - [04/Apr/2015:00:15:47 -0500] "GET /galeria/nivo-slider/demo/images/Banner-Directorio.jpg HTTP/1.1" 200 182068
186.29.228.40 - - [04/Apr/2015:00:15:47 -0500] "GET /galeria/nivo-slider/demo/images/banner-V2.jpg HTTP/1.1" 200 167020
186.29.228.40 - - [04/Apr/2015:00:15:48 -0500] "GET /galeria/nivo-slider/demo/images/Ruta-vertimientos-01.jpg HTTP/1.1" 200 130151
186.29.228.40 - - [04/Apr/2015:00:15:49 -0500] "GET /galeria/nivo-slider/demo/images/bolsas-06.jpg HTTP/1.1" 200 90982
186.29.228.40 - - [04/Apr/2015:00:15:49 -0500] "GET /galeria/nivo-slider/demo/images/bolsas-08.jpg HTTP/1.1" 200 85589
186.29.228.40 - - [04/Apr/2015:00:15:49 -0500] "GET /galeria/nivo-slider/demo/images/redes_sociales.jpg HTTP/1.1" 200 415652
186.29.228.40 - - [04/Apr/2015:00:15:49 -0500] "GET /galeria/nivo-slider/demo/images/Conoce-los-humedales.jpg HTTP/1.1" 200 294036
186.29.228.40 - - [04/Apr/2015:00:15:50 -0500] "GET /galeria/nivo-slider/demo/images/ecolecta-Dic2014.png HTTP/1.1" 200 288593
186.29.228.40 - - [04/Apr/2015:00:15:51 -0500] "GET /galeria/nivo-slider/demo/images/porloshumedales.jpg HTTP/1.1" 200 351238
188.165.15.210 - - [04/Apr/2015:00:15:51 -0500] "GET /BLA/resoluciones/RESOLUCIONES%202003/RES%202003%201951-2000/00001961.tif HTTP/1.1" 200 122666
186.29.228.40 - - [04/Apr/2015:00:15:52 -0500] "GET /galeria/nivo-slider/demo/images/Tingua-azul.jpg HTTP/1.1" 200 307638
186.29.228.40 - - [04/Apr/2015:00:15:53 -0500] "GET /galeria/nivo-slider/demo/images/banner-llantas2.jpg HTTP/1.1" 200 73153
207.46.13.5 - - [04/Apr/2015:00:15:59 -0500] "GET /bla/resoluciones/autos%202010/1876.pdf HTTP/1.1" 200 216415
66.249.64.168 - - [04/Apr/2015:00:16:02 -0500] "GET /galeria/nivo-slider/demo/images/bannerC40.jpg HTTP/1.1" 200 109506
188.165.15.210 - - [04/Apr/2015:00:16:03 -0500] "GET /BLA/resoluciones/RESOLUCIONES%202004/RES%202004%20301-350/00000328.tif HTTP/1.1" 200 211074
186.29.228.40 - - [04/Apr/2015:00:16:04 -0500] "GET /galeria/galeria/jquery.fancybox.css?v=2.1.5 HTTP/1.1" 304 -
186.29.228.40 - - [04/Apr/2015:00:16:04 -0500] "GET /BLA/boletinlegal/js/jquery.scrollTo-min.js HTTP/1.1" 304 -
186.29.228.40 - - [04/Apr/2015:00:16:04 -0500] "GET /BLA/boletinlegal/js/jquery.scrollShow.js HTTP/1.1" 304 -
186.29.228.40 - - [04/Apr/2015:00:16:04 -0500] "GET /galeria/galeria/jquery.fancybox.js?v=2.1.5 HTTP/1.1" 304 -
186.29.228.40 - - [04/Apr/2015:00:16:12 -0500] "GET /galeria/nivo-slider/demo/images/redes_sociales.jpg HTTP/1.1" 206 1
186.29.228.40 - - [04/Apr/2015:00:16:12 -0500] "GET /galeria/nivo-slider/demo/images/ecolecta-Dic2014.png HTTP/1.1" 206 1
188.165.15.210 - - [04/Apr/2015:00:16:15 -0500] "GET /BLA/resoluciones/AUTOS%202006/AUTOS%202006%201501%20-%201600/00001577.tif HTTP/1.1" 200 78444
66.249.64.168 - - [04/Apr/2015:00:16:28 -0500] "GET /BLA/resoluciones/RESOLUCIONES%202008/4638.pdf HTTP/1.1" 200 419479
186.29.228.40 - - [04/Apr/2015:00:16:38 -0500] "GET /galeria/galeria/jquery.fancybox.css?v=2.1.5 HTTP/1.1" 304 -
186.29.228.40 - - [04/Apr/2015:00:16:38 -0500] "GET /BLA/boletinlegal/js/jquery.scrollTo-min.js HTTP/1.1" 304 -
186.29.228.40 - - [04/Apr/2015:00:16:38 -0500] "GET /BLA/boletinlegal/js/jquery.scrollShow.js HTTP/1.1" 304 -
186.29.228.40 - - [04/Apr/2015:00:16:39 -0500] "GET /galeria/galeria/jquery.fancybox.js?v=2.1.5 HTTP/1.1" 304 -
188.165.15.210 - - [04/Apr/2015:00:16:40 -0500] "GET /BLA/resoluciones/RESOLUCIONES%202005/RES%202005%201151-1200/00001185.tif HTTP/1.1" 200 38398
207.46.13.5 - - [04/Apr/2015:00:16:51 -0500] "GET /BLA/resoluciones/RESOLUCIONES%202011/5586.pdf HTTP/1.1" 200 500304
66.249.64.164 - - [04/Apr/2015:00:17:30 -0500] "GET /autoliquidacion/index.php?dir=TR%C1MITES+VERTIMIENTOS%2FREGISTRO+DE+VERTIMIENTOS%2F HTTP/1.1" 200 2663
157.55.39.47 - - [04/Apr/2015:00:17:48 -0500] "GET /BLA/resoluciones/AUTOS%202007/1905.pdf HTTP/1.1" 200 43411
157.55.39.47 - - [04/Apr/2015:00:17:48 -0500] "GET /BLA/resoluciones/AUTOS%202007/2855.pdf HTTP/1.1" 200 176155
207.46.13.5 - - [04/Apr/2015:00:17:56 -0500] "GET /BLA/resoluciones/AUTOS%202007/1164.pdf HTTP/1.1" 200 25983
207.46.13.5 - - [04/Apr/2015:00:17:57 -0500] "GET /bla/resoluciones/resoluciones%202011/5245.pdf HTTP/1.1" 200 619066
207.46.13.5 - - [04/Apr/2015:00:17:57 -0500] "GET /bla/resoluciones/resoluciones%202011/1906.pdf HTTP/1.1" 200 517664
207.46.13.5 - - [04/Apr/2015:00:17:58 -0500] "GET /bla/resoluciones/RESOLUCIONES%202009/8211.pdf HTTP/1.1" 200 1115730
207.46.13.5 - - [04/Apr/2015:00:17:59 -0500] "GET /BLA/resoluciones/AUTOS%202007/2819.pdf HTTP/1.1" 200 279506
74.86.158.107 - - [04/Apr/2015:00:18:12 -0500] "HEAD / HTTP/1.1" 302 -
180.76.5.58 - - [04/Apr/2015:00:18:17 -0500] "GET /BLA/resoluciones/index.php?dir=AUTOS+2006%2FAUTOS+2006+2701+-+2800%2F HTTP/1.1" 200 22410
66.249.64.168 - - [04/Apr/2015:00:18:29 -0500] "GET /BLA/resoluciones/RESOLUCIONES%202007/RES%202007%20401%20AL%20500/RESOLUCION%200472%20DE%202007.pdf HTTP/1.1" 200 1055548
207.46.13.5 - - [04/Apr/2015:00:18:53 -0500] "GET /BLA/resoluciones/AUTOS%202011/7597.pdf HTTP/1.1" 200 147889
180.76.6.58 - - [04/Apr/2015:00:18:58 -0500] "GET /BLA/resoluciones/RESOLUCIONES%202014/3105.pdf HTTP/1.1" 200 388088
186.87.22.62 - - [04/Apr/2015:00:19:02 -0500] "GET /galeria/galeria/jquery.fancybox.js?v=2.1.5 HTTP/1.1" 200 48706
186.87.22.62 - - [04/Apr/2015:00:19:02 -0500] "GET /BLA/boletinlegal/js/jquery.scrollTo-min.js HTTP/1.1" 200 1150
186.87.22.62 - - [04/Apr/2015:00:19:02 -0500] "GET /BLA/boletinlegal/js/jquery.scrollShow.js HTTP/1.1" 200 4586
186.87.22.62 - - [04/Apr/2015:00:19:02 -0500] "GET /galeria/galeria/jquery.fancybox.css?v=2.1.5 HTTP/1.1" 200 4895
186.87.22.62 - - [04/Apr/2015:00:19:08 -0500] "GET /BLA/boletinlegal/js/jquery.scrollTo-min.js HTTP/1.1" 200 1150
186.87.22.62 - - [04/Apr/2015:00:19:08 -0500] "GET /BLA/boletinlegal/js/jquery.scrollShow.js HTTP/1.1" 200 4586
186.87.22.62 - - [04/Apr/2015:00:19:08 -0500] "GET /galeria/galeria/jquery.fancybox.js?v=2.1.5 HTTP/1.1" 200 48706
186.87.22.62 - - [04/Apr/2015:00:19:08 -0500] "GET /galeria/galeria/jquery.fancybox.css?v=2.1.5 HTTP/1.1" 200 4895
188.165.15.210 - - [04/Apr/2015:00:19:11 -0500] "GET /BLA/resoluciones/RESOLUCIONES%202005/RES%202005%20151-200/00000187.tif HTTP/1.1" 200 151988
66.249.64.168 - - [04/Apr/2015:00:19:14 -0500] "GET /BLA/resoluciones/RESOLUCIONES%202010/4484.pdf HTTP/1.1" 200 785043
188.165.15.210 - - [04/Apr/2015:00:19:16 -0500] "GET /BLA/resoluciones/RESOLUCIONES%202003/RES%202003%20251-300/298.tif HTTP/1.1" 200 48192
207.46.13.5 - - [04/Apr/2015:00:19:17 -0500] "GET /BLA/resoluciones/AUTOS%202007/2525.pdf HTTP/1.1" 200 73878
207.46.13.5 - - [04/Apr/2015:00:19:54 -0500] "GET /BLA/resoluciones/RESOLUCIONES%202009/7931.pdf HTTP/1.1" 200 530237
180.76.5.191 - - [04/Apr/2015:00:20:19 -0500] "GET /BLA/resoluciones/RESOLUCIONES%202009/0978.pdf HTTP/1.1" 200 333623
66.249.64.168 - - [04/Apr/2015:00:20:31 -0500] "GET /BLA/resoluciones/RESOLUCIONES%202009/5559.pdf HTTP/1.1" 200 673447
207.46.13.5 - - [04/Apr/2015:00:20:44 -0500] "GET /bla/resoluciones/RESOLUCIONES%202009/8121.pdf HTTP/1.1" 200 558750
66.249.64.168 - - [04/Apr/2015:00:20:58 -0500] "GET /BLA/resoluciones/RESOLUCIONES%202011/4062.pdf HTTP/1.1" 304 -
186.87.0.199 - - [04/Apr/2015:00:21:28 -0500] "GET /galeria/galeria/jquery.fancybox.js?v=2.1.5 HTTP/1.1" 304 -
186.87.0.199 - - [04/Apr/2015:00:21:28 -0500] "GET /galeria/galeria/jquery.fancybox.css?v=2.1.5 HTTP/1.1" 304 -
186.87.0.199 - - [04/Apr/2015:00:21:30 -0500] "GET /galeria/nivo-slider/demo/demo.html HTTP/1.1" 200 4196
186.87.0.199 - - [04/Apr/2015:00:21:34 -0500] "GET /galeria/nivo-slider/demo/images/Banner-semana-santa.jpg HTTP/1.1" 304 -
186.87.0.199 - - [04/Apr/2015:00:21:34 -0500] "GET /galeria/nivo-slider/demo/images/no-sea-victima.jpg HTTP/1.1" 304 -
186.87.0.199 - - [04/Apr/2015:00:21:35 -0500] "GET /galeria/nivo-slider/demo/images/Convocatoria_recicladores.jpg HTTP/1.1" 304 -
186.87.0.199 - - [04/Apr/2015:00:21:35 -0500] "GET /galeria/nivo-slider/demo/images/Licitaciones-proyecto-paramo.jpg HTTP/1.1" 304 -
186.87.0.199 - - [04/Apr/2015:00:21:35 -0500] "GET /galeria/nivo-slider/demo/images/Banner-decreto1299.jpg HTTP/1.1" 304 -
186.87.0.199 - - [04/Apr/2015:00:21:35 -0500] "GET /galeria/nivo-slider/demo/images/Banner-Directorio.jpg HTTP/1.1" 304 -
186.87.0.199 - - [04/Apr/2015:00:21:36 -0500] "GET /galeria/nivo-slider/demo/images/redes_sociales.jpg HTTP/1.1" 304 -
186.87.0.199 - - [04/Apr/2015:00:21:36 -0500] "GET /galeria/nivo-slider/demo/images/Conoce-los-humedales.jpg HTTP/1.1" 304 -
207.46.13.5 - - [04/Apr/2015:00:22:20 -0500] "GET /bla/resoluciones/RESOLUCIONES%202009/1973.pdf HTTP/1.1" 200 592590
66.249.64.168 - - [04/Apr/2015:00:22:32 -0500] "GET /BLA/resoluciones/RESOLUCIONES%202007/RES%202007%203701%20AL%203800/RESOLUCION%203769%20DE%202007.pdf HTTP/1.1" 200 57537
157.55.39.37 - - [04/Apr/2015:00:22:37 -0500] "GET /bla/resoluciones/RESOLUCIONES%202009/8608.pdf HTTP/1.1" 200 108169
157.55.39.37 - - [04/Apr/2015:00:22:38 -0500] "GET /BLA/resoluciones/Autos%202008/0302.pdf HTTP/1.1" 200 102219
66.249.64.164 - - [04/Apr/2015:00:22:42 -0500] "GET /BLA/resoluciones/RESOLUCIONES%202007/RES%202007%201401%20AL%201500/RESOLUCION%201430%20DE%202007.pdf HTTP/1.1" 200 256385
188.165.15.210 - - [04/Apr/2015:00:22:48 -0500] "GET /BLA/resoluciones/index.php?dir=RESOLUCIONES%202002/RES%202002%201601-1650/&sort=size&order=desc HTTP/1.1" 200 12157
207.46.13.5 - - [04/Apr/2015:00:22:54 -0500] "GET /BLA/resoluciones/AUTOS%202007/0970.pdf HTTP/1.1" 200 72304
188.165.15.210 - - [04/Apr/2015:00:22:57 -0500] "GET /BLA/resoluciones/RESOLUCIONES%202006/RES%202006%201351-1400/00001396.tif HTTP/1.1" 200 392184
157.55.39.47 - - [04/Apr/2015:00:23:03 -0500] "GET /bla/resoluciones/resoluciones%202011/2440.pdf HTTP/1.1" 200 750676
157.55.39.47 - - [04/Apr/2015:00:23:03 -0500] "GET /BLA/resoluciones/AUTOS%202007/0959.pdf HTTP/1.1" 200 151538
74.86.158.107 - - [04/Apr/2015:00:23:12 -0500] "HEAD / HTTP/1.1" 302 -
207.46.13.5 - - [04/Apr/2015:00:23:21 -0500] "GET /bla/resoluciones/RESOLUCIONES%202011/4950.pdf HTTP/1.1" 200 350049
157.55.39.47 - - [04/Apr/2015:00:23:46 -0500] "GET /bla/resoluciones/RESOLUCIONES%202009/7831.pdf HTTP/1.1" 200 602955
66.249.64.164 - - [04/Apr/2015:00:23:49 -0500] "GET /BLA/resoluciones/RESOLUCIONES%202005/RES%202005%201251-1300/00001254.tif HTTP/1.1" 200 184618
199.21.99.202 - - [04/Apr/2015:00:23:51 -0500] "GET /dama/libreria/php/decide.php?patron=03.1305020113&numm=2 HTTP/1.1" 404 1019
207.46.13.5 - - [04/Apr/2015:00:24:06 -0500] "GET /BLA/resoluciones/RESOLUCIONES%202008/2621.pdf HTTP/1.1" 200 248905
207.46.13.5 - - [04/Apr/2015:00:24:16 -0500] "GET /bla/resoluciones/RESOLUCIONES%202009/0699.pdf HTTP/1.1" 200 430694
207.46.13.5 - - [04/Apr/2015:00:24:16 -0500] "GET /BLA/resoluciones/RESOLUCIONES%202007/RES%202007%201101%20AL%201200/RESOLUCION%201174%20DE%202007.pdf HTTP/1.1" 200 1291541
207.46.13.5 - - [04/Apr/2015:00:24:17 -0500] "GET /bla/resoluciones/RESOLUCIONES%202011/4679.pdf HTTP/1.1" 200 877404
157.55.39.46 - - [04/Apr/2015:00:24:21 -0500] "GET /BLA/resoluciones/RESOLUCIONES%202009/7819.pdf HTTP/1.1" 200 486061
66.249.64.172 - - [04/Apr/2015:00:24:27 -0500] "GET /BLA/resoluciones/RESOLUCIONES%202014/1998.pdf HTTP/1.1" 304 -
157.55.39.47 - - [04/Apr/2015:00:24:31 -0500] "GET /bla/resoluciones/RESOLUCIONES%202009/1745.pdf HTTP/1.1" 200 480849
66.249.64.172 - - [04/Apr/2015:00:24:33 -0500] "GET /BLA/resoluciones/RESOLUCIONES%202008/0993.pdf HTTP/1.1" 200 203488
207.46.13.5 - - [04/Apr/2015:00:24:45 -0500] "GET /bla/resoluciones/RESOLUCIONES%202009/8689.pdf HTTP/1.1" 200 519266
180.76.5.58 - - [04/Apr/2015:00:24:46 -0500] "GET /BLA/resoluciones/RESOLUCIONES%202009/9709.pdf HTTP/1.1" 200 334800
157.55.39.46 - - [04/Apr/2015:00:25:10 -0500] "GET /BLA/resoluciones/RESOLUCIONES%202008/2736.pdf HTTP/1.1" 200 173021
180.76.5.63 - - [04/Apr/2015:00:25:25 -0500] "GET /BLA/resoluciones/AUTOS%202015/0822.pdf HTTP/1.1" 200 352053
207.46.13.5 - - [04/Apr/2015:00:25:31 -0500] "GET /BLA/resoluciones/AUTOS%202010/4562.pdf HTTP/1.1" 200 366456
188.165.15.210 - - [04/Apr/2015:00:25:49 -0500] "GET /BLA/resoluciones/AUTOS%202006/AUTOS%202006%201701%20-%201800/00001731.tif HTTP/1.1" 200 88952
188.165.15.210 - - [04/Apr/2015:00:25:51 -0500] "GET /BLA/resoluciones/RESOLUCIONES%202005/RES%202005%202301-2350/00002334.tif HTTP/1.1" 200 262468
188.165.15.210 - - [04/Apr/2015:00:26:11 -0500] "GET /BLA/resoluciones/RESOLUCIONES%202006/RES%202006%202751-2800/00002762.tif HTTP/1.1" 200 203798
66.249.64.168 - - [04/Apr/2015:00:26:12 -0500] "GET /BLA/resoluciones/AUTOS%202013/1077.pdf HTTP/1.1" 304 -
207.46.13.5 - - [04/Apr/2015:00:26:27 -0500] "GET /bla/resoluciones/RESOLUCIONES%202009/2446.pdf HTTP/1.1" 200 484670
207.46.13.5 - - [04/Apr/2015:00:26:30 -0500] "GET /BLA/resoluciones/AUTOS%202007/2158.pdf HTTP/1.1" 200 78551
207.46.13.5 - - [04/Apr/2015:00:26:30 -0500] "GET /BLA/resoluciones/Autos%202008/1427.pdf HTTP/1.1" 200 250196
207.46.13.5 - - [04/Apr/2015:00:26:30 -0500] "GET /BLA/resoluciones/Autos%202008/0812.pdf HTTP/1.1" 200 82731
66.249.64.168 - - [04/Apr/2015:00:26:35 -0500] "GET /BLA/resoluciones/RESOLUCIONES%202011/5562.pdf HTTP/1.1" 304 -
180.76.5.75 - - [04/Apr/2015:00:26:46 -0500] "GET /BLA/resoluciones/AUTOS%202009/0855.pdf HTTP/1.1" 200 82871
188.165.15.210 - - [04/Apr/2015:00:27:02 -0500] "GET /BLA/resoluciones/RESOLUCIONES%202005/RES%202005%201751-1800/00001755.tif HTTP/1.1" 200 141956
157.55.39.46 - - [04/Apr/2015:00:27:19 -0500] "GET /bla/resoluciones/RESOLUCIONES%202011/5707.pdf HTTP/1.1" 200 706527
207.46.13.5 - - [04/Apr/2015:00:27:23 -0500] "GET /BLA/resoluciones/Autos%202008/1706.pdf HTTP/1.1" 200 149916
157.55.39.37 - - [04/Apr/2015:00:27:28 -0500] "GET /bla/resoluciones/resoluciones%202011/4488.pdf HTTP/1.1" 200 412423
201.233.166.199 - - [04/Apr/2015:00:27:34 -0500] "GET /BLA/resoluciones/RESOLUCIONES%202013/2070.pdf HTTP/1.1" 200 727057
207.46.13.5 - - [04/Apr/2015:00:27:44 -0500] "GET /BLA/resoluciones/RESOLUCIONES%202009/8702.pdf HTTP/1.1" 200 418035
188.165.15.210 - - [04/Apr/2015:00:27:52 -0500] "GET /BLA/resoluciones/AUTOS%202006/AUTOS%202006%202601%20-%202700/00002660.tif HTTP/1.1" 200 53778
66.249.64.172 - - [04/Apr/2015:00:27:57 -0500] "GET /BLA/resoluciones/RESOLUCIONES%202013/0883.pdf HTTP/1.1" 200 434150
74.86.158.107 - - [04/Apr/2015:00:28:12 -0500] "HEAD / HTTP/1.1" 302 -
207.46.13.5 - - [04/Apr/2015:00:28:32 -0500] "GET /bla/resoluciones/RESOLUCIONES%202011/3806.pdf HTTP/1.1" 200 516407
66.249.64.168 - - [04/Apr/2015:00:28:36 -0500] "GET /BLA/resoluciones/RESOLUCIONES%202009/0037.pdf HTTP/1.1" 200 232510
66.249.64.164 - - [04/Apr/2015:00:29:43 -0500] "GET /BLA/resoluciones/RESOLUCIONES%202012/1391.pdf HTTP/1.1" 304 -
207.46.13.5 - - [04/Apr/2015:00:30:08 -0500] "GET /BLA/resoluciones/AUTOS%202007/1265.pdf HTTP/1.1" 200 133670
189.199.28.201 - - [04/Apr/2015:00:30:21 -0500] "GET /BLA/resoluciones/AUTOS%202009/2625.pdf HTTP/1.1" 200 124752
189.199.28.201 - - [04/Apr/2015:00:30:22 -0500] "GET /BLA/resoluciones/AUTOS%202009/2625.pdf HTTP/1.1" 206 32768
207.46.13.5 - - [04/Apr/2015:00:30:30 -0500] "GET /BLA/resoluciones/RESOLUCIONES%202009/7830.pdf HTTP/1.1" 200 563963
189.199.28.201 - - [04/Apr/2015:00:30:33 -0500] "GET /BLA/resoluciones/AUTOS%202009/2625.pdf HTTP/1.1" 206 91984
66.249.64.164 - - [04/Apr/2015:00:30:37 -0500] "GET /BLA/resoluciones/RESOLUCIONES%202007/RES%202007%203201%20AL%203300/RESOLUCION%203295%20DE%202007.pdf HTTP/1.1" 200 794894
207.46.13.5 - - [04/Apr/2015:00:30:41 -0500] "GET /BLA/resoluciones/AUTOS%202011/0298.pdf HTTP/1.1" 200 481092
189.199.28.201 - - [04/Apr/2015:00:30:59 -0500] "GET /favicon.ico HTTP/1.1" 200 7782
199.195.118.53 - - [04/Apr/2015:00:31:12 -0500] "GET / HTTP/1.1" 302 -
181.133.24.134 - - [04/Apr/2015:00:31:16 -0500] "GET /galeria/carrusel/Carrusel/jquery-ui-1.8.13.custom.min.js HTTP/1.1" 200 10800
181.133.24.134 - - [04/Apr/2015:00:31:16 -0500] "GET /galeria/carrusel/Carrusel/jquery.thumbnailScroller.css HTTP/1.1" 200 2066
181.133.24.134 - - [04/Apr/2015:00:31:16 -0500] "GET /BLA/boletinlegal/js/jquery.scrollTo-min.js HTTP/1.1" 200 1150
181.133.24.134 - - [04/Apr/2015:00:31:16 -0500] "GET /galeria/galeria/jquery.fancybox.css?v=2.1.5 HTTP/1.1" 200 4895
181.133.24.134 - - [04/Apr/2015:00:31:16 -0500] "GET /BLA/boletinlegal/js/jquery.scrollShow.js HTTP/1.1" 200 4586
181.133.24.134 - - [04/Apr/2015:00:31:16 -0500] "GET /galeria/galeria/jquery.fancybox.js?v=2.1.5 HTTP/1.1" 200 48706
181.133.24.134 - - [04/Apr/2015:00:31:17 -0500] "GET /galeria/carrusel/Carrusel/jquery.thumbnailScroller.js HTTP/1.1" 200 8157
181.133.24.134 - - [04/Apr/2015:00:31:18 -0500] "GET /galeria/nivo-slider/demo/demo.html HTTP/1.1" 200 4196
181.133.24.134 - - [04/Apr/2015:00:31:19 -0500] "GET /galeria/nivo-slider/themes/default/default.css HTTP/1.1" 200 1569
181.133.24.134 - - [04/Apr/2015:00:31:19 -0500] "GET /galeria/nivo-slider/themes/orman/orman.css HTTP/1.1" 200 2152
181.133.24.134 - - [04/Apr/2015:00:31:19 -0500] "GET /galeria/nivo-slider/themes/pascal/pascal.css HTTP/1.1" 200 2258
181.133.24.134 - - [04/Apr/2015:00:31:19 -0500] "GET /galeria/nivo-slider/nivo-slider.css HTTP/1.1" 200 1507
181.133.24.134 - - [04/Apr/2015:00:31:19 -0500] "GET /galeria/nivo-slider/demo/style.css HTTP/1.1" 200 2222
181.133.24.134 - - [04/Apr/2015:00:31:19 -0500] "GET /galeria/nivo-slider/demo/images/Banner-semana-santa.jpg HTTP/1.1" 200 350491
181.133.24.134 - - [04/Apr/2015:00:31:19 -0500] "GET /galeria/nivo-slider/demo/scripts/jquery-1.7.1.min.js HTTP/1.1" 200 93868
181.133.24.134 - - [04/Apr/2015:00:31:19 -0500] "GET /galeria/nivo-slider/demo/images/no-sea-victima.jpg HTTP/1.1" 200 254155
181.133.24.134 - - [04/Apr/2015:00:31:19 -0500] "GET /galeria/nivo-slider/demo/images/Convocatoria_recicladores.jpg HTTP/1.1" 200 213976
181.133.24.134 - - [04/Apr/2015:00:31:19 -0500] "GET /galeria/nivo-slider/jquery.nivo.slider.pack.js HTTP/1.1" 200 11561
181.133.24.134 - - [04/Apr/2015:00:31:19 -0500] "GET /galeria/nivo-slider/demo/images/Licitaciones-proyecto-paramo.jpg HTTP/1.1" 200 221877
181.133.24.134 - - [04/Apr/2015:00:31:23 -0500] "GET /galeria/nivo-slider/themes/default/loading.gif HTTP/1.1" 200 1737
181.133.24.134 - - [04/Apr/2015:00:31:23 -0500] "GET /galeria/nivo-slider/demo/images/4Simple_Slider.png HTTP/1.1" 200 11722
181.133.24.134 - - [04/Apr/2015:00:31:23 -0500] "GET /galeria/nivo-slider/demo/images/Banner-decreto1299.jpg HTTP/1.1" 200 182613
181.133.24.134 - - [04/Apr/2015:00:31:24 -0500] "GET /galeria/nivo-slider/demo/images/Banner-Directorio.jpg HTTP/1.1" 200 182068
181.133.24.134 - - [04/Apr/2015:00:31:24 -0500] "GET /galeria/nivo-slider/demo/images/banner-V2.jpg HTTP/1.1" 200 167020
181.133.24.134 - - [04/Apr/2015:00:31:24 -0500] "GET /galeria/nivo-slider/demo/images/Ruta-vertimientos-01.jpg HTTP/1.1" 200 130151
181.133.24.134 - - [04/Apr/2015:00:31:24 -0500] "GET /galeria/nivo-slider/demo/images/bolsas-06.jpg HTTP/1.1" 200 90982
181.133.24.134 - - [04/Apr/2015:00:31:24 -0500] "GET /galeria/nivo-slider/demo/images/bolsas-08.jpg HTTP/1.1" 200 85589
181.133.24.134 - - [04/Apr/2015:00:31:25 -0500] "GET /galeria/nivo-slider/demo/images/redes_sociales.jpg HTTP/1.1" 200 415652
181.133.24.134 - - [04/Apr/2015:00:31:25 -0500] "GET /galeria/nivo-slider/demo/images/Conoce-los-humedales.jpg HTTP/1.1" 200 294036
181.133.24.134 - - [04/Apr/2015:00:31:26 -0500] "GET /galeria/nivo-slider/demo/images/ecolecta-Dic2014.png HTTP/1.1" 200 288593
181.133.24.134 - - [04/Apr/2015:00:31:26 -0500] "GET /galeria/nivo-slider/demo/images/porloshumedales.jpg HTTP/1.1" 200 351238
181.133.24.134 - - [04/Apr/2015:00:31:26 -0500] "GET /galeria/nivo-slider/demo/images/Tingua-azul.jpg HTTP/1.1" 200 307638
181.133.24.134 - - [04/Apr/2015:00:31:26 -0500] "GET /galeria/nivo-slider/demo/images/banner-llantas2.jpg HTTP/1.1" 200 73153
181.133.24.134 - - [04/Apr/2015:00:31:27 -0500] "GET /galeria/nivo-slider/demo/images/9Signos.jpg HTTP/1.1" 200 81776
181.133.24.134 - - [04/Apr/2015:00:31:30 -0500] "GET /galeria/nivo-slider/themes/default/arrows.png HTTP/1.1" 200 824
181.133.24.134 - - [04/Apr/2015:00:31:30 -0500] "GET /galeria/nivo-slider/themes/default/bullets.png HTTP/1.1" 200 1281
66.249.64.40 - - [04/Apr/2015:00:31:31 -0500] "GET /PORTAL_SIAC/swf/Residuos/curtiembres/curtiembres.html HTTP/1.1" 304 -
188.165.15.210 - - [04/Apr/2015:00:31:52 -0500] "GET /BLA/resoluciones/RESOLUCIONES%202005/RES%202005%20401-450/00000430.tif HTTP/1.1" 200 148608
181.133.24.134 - - [04/Apr/2015:00:31:56 -0500] "GET /galeria/galeria/jquery.fancybox.css?v=2.1.5 HTTP/1.1" 304 -
181.133.24.134 - - [04/Apr/2015:00:31:56 -0500] "GET /BLA/boletinlegal/js/jquery.scrollTo-min.js HTTP/1.1" 304 -
181.133.24.134 - - [04/Apr/2015:00:31:56 -0500] "GET /BLA/boletinlegal/js/jquery.scrollShow.js HTTP/1.1" 304 -
181.133.24.134 - - [04/Apr/2015:00:31:56 -0500] "GET /galeria/galeria/jquery.fancybox.js?v=2.1.5 HTTP/1.1" 304 -
152.61.193.99 - - [04/Apr/2015:00:32:10 -0500] "HEAD / HTTP/1.1" 302 -
152.61.193.99 - - [04/Apr/2015:00:32:10 -0500] "GET /arcgis/services/Calidad_del_Agua_WQI/MapServer/WMSServer?SERVICE=WMS&REQUEST=GetCapabilities HTTP/1.1" 200 32135
152.61.193.99 - - [04/Apr/2015:00:32:11 -0500] "GET /arcgis/services/Calidad_del_Agua_WQI/MapServer/WMSServer?SERVICE=WMS&REQUEST=GetCapabilities HTTP/1.1" 200 32135
152.61.193.99 - - [04/Apr/2015:00:32:12 -0500] "GET /arcgis/services/Calidad_del_Agua_WQI/MapServer/WMSServer?SERVICE=WMS&REQUEST=GetCapabilities HTTP/1.1" 200 32135
152.61.193.99 - - [04/Apr/2015:00:32:13 -0500] "GET /arcgis/services/Calidad_del_Agua_WQI/MapServer/WMSServer?SERVICE=WMS&REQUEST=GetCapabilities HTTP/1.1" 200 32135
152.61.193.99 - - [04/Apr/2015:00:32:13 -0500] "GET /arcgis/services/Calidad_del_Agua_WQI/MapServer/WMSServer?VERSION=1.1.1&REQUEST=GetMap&LAYERS=0&SRS=EPSG:4326&BBOX=-74.473395,3.674381,-73.963300,4.920569&WIDTH=250&HEIGHT=250&FORMAT=image/bmp&STYLES=& HTTP/1.1" 200 188054
207.46.13.5 - - [04/Apr/2015:00:32:15 -0500] "GET /BLA/resoluciones/AUTOS%202011/7679.pdf HTTP/1.1" 200 171131
207.46.13.5 - - [04/Apr/2015:00:32:25 -0500] "GET /BLA/resoluciones/Autos%202008/3251.pdf HTTP/1.1" 200 65742
188.165.15.210 - - [04/Apr/2015:00:32:34 -0500] "GET /BLA/resoluciones/RESOLUCIONES%202002/RES%202002%201801-1850/20021837.tif HTTP/1.1" 200 153390
157.55.39.37 - - [04/Apr/2015:00:32:36 -0500] "GET /BLA/resoluciones/RESOLUCIONES%202013/1609.pdf HTTP/1.1" 200 699073
66.249.64.44 - - [04/Apr/2015:00:32:39 -0500] "GET /Autoliquidacion/index.php?dir=Grupo%20Forestal%20-%20Silvicultura/&sort=size&order=asc HTTP/1.1" 200 5777
207.46.13.5 - - [04/Apr/2015:00:32:40 -0500] "GET /BLA/resoluciones/Autos%202008/2845.pdf HTTP/1.1" 200 61834
207.46.13.5 - - [04/Apr/2015:00:32:41 -0500] "GET /BLA/resoluciones/Autos%202008/0926.pdf HTTP/1.1" 200 105862
74.86.158.107 - - [04/Apr/2015:00:33:12 -0500] "HEAD / HTTP/1.1" 302 -
66.249.64.164 - - [04/Apr/2015:00:33:14 -0500] "GET /BLA/resoluciones/index.php?dir=RESOLUCIONES%202010/&sort=size&order=asc HTTP/1.1" 200 1288837
66.249.64.172 - - [04/Apr/2015:00:33:22 -0500] "GET /BLA/resoluciones/RESOLUCIONES%202007/RES%202007%20701%20AL%20800/RESOLUCION%200705%20DE%202007.pdf HTTP/1.1" 304 -
152.61.193.99 - - [04/Apr/2015:00:33:24 -0500] "HEAD / HTTP/1.1" 302 -
152.61.193.99 - - [04/Apr/2015:00:33:25 -0500] "GET /arcgis/services/Calidad_del_Agua_WQI/MapServer/WMSServer?request=GetCapabilities&service=WMS HTTP/1.1" 200 32135
152.61.193.99 - - [04/Apr/2015:00:33:25 -0500] "GET /arcgis/services/Calidad_del_Agua_WQI/MapServer/WMSServer?request=GetCapabilities&service=WMS HTTP/1.1" 200 32135
152.61.193.99 - - [04/Apr/2015:00:33:26 -0500] "GET /arcgis/services/Calidad_del_Agua_WQI/MapServer/WMSServer?request=GetCapabilities&service=WMS HTTP/1.1" 200 32135
152.61.193.99 - - [04/Apr/2015:00:33:27 -0500] "GET /arcgis/services/Calidad_del_Agua_WQI/MapServer/WMSServer?request=GetCapabilities&service=WMS HTTP/1.1" 200 32135
152.61.193.99 - - [04/Apr/2015:00:33:27 -0500] "GET /arcgis/services/Calidad_del_Agua_WQI/MapServer/WMSServer?VERSION=1.1.1&REQUEST=GetMap&LAYERS=0&SRS=EPSG:4326&BBOX=-74.473395,3.674381,-73.963300,4.920569&WIDTH=250&HEIGHT=250&FORMAT=image/bmp&STYLES=& HTTP/1.1" 200 188054
207.46.13.5 - - [04/Apr/2015:00:33:42 -0500] "GET /bla/resoluciones/RESOLUCIONES%202009/7576.pdf HTTP/1.1" 200 510713
207.46.13.5 - - [04/Apr/2015:00:34:06 -0500] "GET /BLA/resoluciones/RESOLUCIONES%202009/8278.pdf HTTP/1.1" 200 300196
207.46.13.5 - - [04/Apr/2015:00:34:07 -0500] "GET /bla/resoluciones/RESOLUCIONES%202009/9233.pdf HTTP/1.1" 200 491117
207.46.13.5 - - [04/Apr/2015:00:34:07 -0500] "GET /BLA/resoluciones/RESOLUCIONES%202009/5131.pdf HTTP/1.1" 200 647788
188.165.15.210 - - [04/Apr/2015:00:34:13 -0500] "GET /BLA/resoluciones/RESOLUCIONES%202005/RES%202005%202301-2350/00002318.tif HTTP/1.1" 200 147614
190.250.66.180 - - [04/Apr/2015:00:34:25 -0500] "GET /BLA/resoluciones/RESOLUCIONES%202007/RES%202007%203001%20AL%203100/RESOLUCION%203029%20DE%202007.pdf HTTP/1.1" 200 868282
190.250.66.180 - - [04/Apr/2015:00:34:26 -0500] "GET /BLA/resoluciones/RESOLUCIONES%202007/RES%202007%203001%20AL%203100/RESOLUCION%203029%20DE%202007.pdf HTTP/1.1" 200 868282
180.76.6.49 - - [04/Apr/2015:00:34:28 -0500] "GET /BLA/resoluciones/AUTOS%202012/0511.pdf HTTP/1.1" 200 215341
188.165.15.210 - - [04/Apr/2015:00:34:39 -0500] "GET /BLA/resoluciones/RESOLUCIONES%202005/RES%202005%201851-1900/INDEX.DAT HTTP/1.1" 200 2000
181.133.24.134 - - [04/Apr/2015:00:35:16 -0500] "GET /galeria/galeria/jquery.fancybox.css?v=2.1.5 HTTP/1.1" 304 -
181.133.24.134 - - [04/Apr/2015:00:35:16 -0500] "GET /galeria/carrusel/Carrusel/jquery.thumbnailScroller.css HTTP/1.1" 304 -
181.133.24.134 - - [04/Apr/2015:00:35:16 -0500] "GET /galeria/galeria/jquery.fancybox.js?v=2.1.5 HTTP/1.1" 304 -
181.133.24.134 - - [04/Apr/2015:00:35:16 -0500] "GET /BLA/boletinlegal/js/jquery.scrollTo-min.js HTTP/1.1" 304 -
181.133.24.134 - - [04/Apr/2015:00:35:16 -0500] "GET /BLA/boletinlegal/js/jquery.scrollShow.js HTTP/1.1" 304 -
181.133.24.134 - - [04/Apr/2015:00:35:16 -0500] "GET /galeria/carrusel/Carrusel/jquery-ui-1.8.13.custom.min.js HTTP/1.1" 304 -
181.133.24.134 - - [04/Apr/2015:00:35:16 -0500] "GET /galeria/carrusel/Carrusel/jquery.thumbnailScroller.js HTTP/1.1" 304 -
181.133.24.134 - - [04/Apr/2015:00:35:17 -0500] "GET /galeria/nivo-slider/demo/demo.html HTTP/1.1" 304 -
181.133.24.134 - - [04/Apr/2015:00:35:18 -0500] "GET /galeria/nivo-slider/themes/default/default.css HTTP/1.1" 304 -
181.133.24.134 - - [04/Apr/2015:00:35:18 -0500] "GET /galeria/nivo-slider/nivo-slider.css HTTP/1.1" 304 -
181.133.24.134 - - [04/Apr/2015:00:35:18 -0500] "GET /galeria/nivo-slider/themes/pascal/pascal.css HTTP/1.1" 304 -
181.133.24.134 - - [04/Apr/2015:00:35:18 -0500] "GET /galeria/nivo-slider/themes/orman/orman.css HTTP/1.1" 304 -
