191.95.243.112 - - [07/Apr/2015:06:56:13 -0500] "GET /forest/actions/forms.getList?codForm=Correspondencia_Revisar_Aprobar&id=funcionariofirma&text=sand HTTP/1.1" 200 1303
191.95.243.112 - - [07/Apr/2015:06:56:13 -0500] "GET /forest/actions/forms.getList?codForm=Correspondencia_Revisar_Aprobar&id=funcionariofirma&text=sandr HTTP/1.1" 200 1300
191.95.243.112 - - [07/Apr/2015:06:56:13 -0500] "GET /forest/actions/forms.getList?codForm=Correspondencia_Revisar_Aprobar&id=funcionariofirma&text=sandra HTTP/1.1" 200 1300
191.95.243.112 - - [07/Apr/2015:06:56:13 -0500] "GET /forest/actions/forms.getList?codForm=Correspondencia_Revisar_Aprobar&id=funcionariofirma&text=sandra%20 HTTP/1.1" 200 1300
191.95.243.112 - - [07/Apr/2015:06:56:14 -0500] "GET /forest/actions/forms.getList?codForm=Correspondencia_Revisar_Aprobar&id=funcionariofirma&text=sandra%20p HTTP/1.1" 200 345
191.95.243.112 - - [07/Apr/2015:06:56:14 -0500] "GET /forest/actions/forms.getList?codForm=Correspondencia_Revisar_Aprobar&id=funcionariofirma&text=sandra%20pa HTTP/1.1" 200 345
5.9.156.107 - - [07/Apr/2015:06:56:15 -0500] "GET /StormSDA/storm_silv/version001.jar HTTP/1.0" 200 63957
5.9.156.107 - - [07/Apr/2015:06:56:17 -0500] "GET /StormSDA/storm_silv/version03.jar HTTP/1.0" 200 65094
191.95.243.112 - - [07/Apr/2015:06:56:18 -0500] "GET /forest/actions/forms.getList?codForm=Correspondencia_Revisar_Aprobar&id=funcionariofirma&text=Sandra%20Patricia%20Melendez HTTP/1.1" 200 63
191.95.243.112 - - [07/Apr/2015:06:56:19 -0500] "GET /forest/actions/forms.getList?codForm=Correspondencia_Revisar_Aprobar&id=funcionariofirma&text=Sandra%20Patricia%20Melende HTTP/1.1" 200 63
191.95.243.112 - - [07/Apr/2015:06:56:19 -0500] "GET /forest/actions/forms.getList?codForm=Correspondencia_Revisar_Aprobar&id=funcionariofirma&text=Sandra%20Patricia%20Melend HTTP/1.1" 200 63
5.9.156.107 - - [07/Apr/2015:06:56:20 -0500] "GET /StormSDA/storm_silv/version_bk.jar HTTP/1.0" 200 65067
191.95.243.112 - - [07/Apr/2015:06:56:20 -0500] "GET /forest/actions/forms.getList?codForm=Correspondencia_Revisar_Aprobar&id=funcionariofirma&text=Sandra%20Patricia%20Melen HTTP/1.1" 200 63
191.95.243.112 - - [07/Apr/2015:06:56:20 -0500] "GET /forest/actions/forms.getList?codForm=Correspondencia_Revisar_Aprobar&id=funcionariofirma&text=Sandra%20Patricia%20Mele HTTP/1.1" 200 63
191.95.243.112 - - [07/Apr/2015:06:56:21 -0500] "GET /forest/actions/forms.getList?codForm=Correspondencia_Revisar_Aprobar&id=funcionariofirma&text=Sandra%20Patricia%20Mel HTTP/1.1" 200 63
191.95.243.112 - - [07/Apr/2015:06:56:21 -0500] "GET /forest/actions/forms.getList?codForm=Correspondencia_Revisar_Aprobar&id=funcionariofirma&text=Sandra%20Patricia%20Me HTTP/1.1" 200 63
191.95.243.112 - - [07/Apr/2015:06:56:21 -0500] "GET /forest/actions/forms.getList?codForm=Correspondencia_Revisar_Aprobar&id=funcionariofirma&text=Sandra%20Patricia%20M HTTP/1.1" 200 209
191.95.243.112 - - [07/Apr/2015:06:56:21 -0500] "GET /forest/actions/forms.getList?codForm=Correspondencia_Revisar_Aprobar&id=funcionariofirma&text=Sandra%20Patricia%20Mo HTTP/1.1" 200 147
191.95.243.112 - - [07/Apr/2015:06:56:21 -0500] "GET /forest/actions/forms.getList?codForm=Correspondencia_Revisar_Aprobar&id=funcionariofirma&text=Sandra%20Patricia%20Mon HTTP/1.1" 200 147
191.95.243.112 - - [07/Apr/2015:06:56:21 -0500] "GET /forest/actions/forms.getList?codForm=Correspondencia_Revisar_Aprobar&id=funcionariofirma&text=Sandra%20Patricia%20Mont HTTP/1.1" 200 147
191.95.243.112 - - [07/Apr/2015:06:56:21 -0500] "GET /forest/actions/forms.getList?codForm=Correspondencia_Revisar_Aprobar&id=funcionariofirma&text=Sandra%20Patricia%20Monto HTTP/1.1" 200 72
191.95.243.112 - - [07/Apr/2015:06:56:22 -0500] "GET /forest/actions/forms.getList?codForm=Correspondencia_Revisar_Aprobar&id=funcionariofirma&text=Sandra%20Patricia%20Montoy HTTP/1.1" 200 72
191.95.243.112 - - [07/Apr/2015:06:56:22 -0500] "GET /forest/actions/forms.getList?codForm=Correspondencia_Revisar_Aprobar&id=funcionariofirma&text=Sandra%20Patricia%20Montoya HTTP/1.1" 200 72
5.9.156.107 - - [07/Apr/2015:06:56:23 -0500] "GET /StormSDA/userFiles%20-%20Copy%2019-07-2012/1.jar HTTP/1.0" 200 2765
181.131.23.141 - - [07/Apr/2015:06:56:26 -0500] "GET /galeria/galeria/jquery.fancybox.css?v=2.1.5 HTTP/1.1" 200 4895
181.131.23.141 - - [07/Apr/2015:06:56:26 -0500] "GET /BLA/boletinlegal/js/jquery.scrollTo-min.js HTTP/1.1" 200 1150
181.131.23.141 - - [07/Apr/2015:06:56:26 -0500] "GET /BLA/boletinlegal/js/jquery.scrollShow.js HTTP/1.1" 200 4586
181.131.23.141 - - [07/Apr/2015:06:56:26 -0500] "GET /galeria/galeria/jquery.fancybox.js?v=2.1.5 HTTP/1.1" 200 48706
191.95.243.112 - - [07/Apr/2015:06:56:26 -0500] "POST /forest/usutareas.do? HTTP/1.1" 200 128
186.28.110.140 - - [07/Apr/2015:06:56:28 -0500] "GET /BLA/resoluciones/AUTOS%202008/1532.pdf HTTP/1.1" 200 79555
5.9.156.107 - - [07/Apr/2015:06:56:30 -0500] "GET /StormSDA/userFiles%20-%20Copy%2019-07-2012/2.jar HTTP/1.0" 200 1892
186.28.110.140 - - [07/Apr/2015:06:56:32 -0500] "GET /BLA/resoluciones/AUTOS%202008/1532.pdf HTTP/1.1" 200 79555
66.249.64.168 - - [07/Apr/2015:06:56:35 -0500] "GET /BLA/resoluciones/RESOLUCIONES%202009/2079.pdf HTTP/1.1" 200 553187
181.131.23.141 - - [07/Apr/2015:06:56:35 -0500] "GET /galeria/galeria/jquery.fancybox.css?v=2.1.5 HTTP/1.1" 304 -
181.131.23.141 - - [07/Apr/2015:06:56:35 -0500] "GET /BLA/boletinlegal/js/jquery.scrollTo-min.js HTTP/1.1" 304 -
181.131.23.141 - - [07/Apr/2015:06:56:35 -0500] "GET /BLA/boletinlegal/js/jquery.scrollShow.js HTTP/1.1" 304 -
181.131.23.141 - - [07/Apr/2015:06:56:35 -0500] "GET /galeria/galeria/jquery.fancybox.js?v=2.1.5 HTTP/1.1" 304 -
5.9.156.107 - - [07/Apr/2015:06:56:38 -0500] "GET /StormSDA/userFiles%20-%20Copy%2019-07-2012/85.jar HTTP/1.0" 200 2755
191.95.243.112 - - [07/Apr/2015:06:56:43 -0500] "GET /forest/borrador/1710743/2015ER46342%20Respuesta%20a%20Propietario.docx HTTP/1.1" 200 101529
5.9.156.107 - - [07/Apr/2015:06:56:48 -0500] "GET /StormSDA/userFiles%20-%20Copy%2019-07-2012/86.jar HTTP/1.0" 200 2755
5.9.156.107 - - [07/Apr/2015:06:56:52 -0500] "GET /StormSDA/userFiles%20-%20Copy%2019-07-2012/87.jar HTTP/1.0" 200 2755
5.9.156.107 - - [07/Apr/2015:06:56:55 -0500] "GET /StormSDA/userFiles%20-%20Copy%2019-07-2012/88.jar HTTP/1.0" 200 2755
5.9.156.107 - - [07/Apr/2015:06:57:00 -0500] "GET /StormSDA/userFiles%20-%20Copy%2019-07-2012/89.jar HTTP/1.0" 200 2755
74.86.158.107 - - [07/Apr/2015:06:57:00 -0500] "HEAD / HTTP/1.1" 200 -
5.9.156.107 - - [07/Apr/2015:06:57:04 -0500] "GET /StormSDA/userFiles%20-%20Copy%2019-07-2012/90.jar HTTP/1.0" 200 2755
66.249.64.168 - - [07/Apr/2015:06:57:05 -0500] "GET /BLA/resoluciones/RESOLUCIONES%202011/1591.pdf HTTP/1.1" 200 69129
191.95.243.112 - - [07/Apr/2015:06:57:08 -0500] "GET /forest/skins/gdocs-jar/popup/escritorio/reasignar.jsp?codTraEsc=17854387&a=0.9140196572989225 HTTP/1.1" 200 3744
191.95.243.112 - - [07/Apr/2015:06:57:10 -0500] "GET /forest/skins/gdocs-jar/popup/buscarfuncionarios.jsp?a=0.9645032917615026 HTTP/1.1" 200 30220
66.249.64.164 - - [07/Apr/2015:06:57:14 -0500] "GET /BLA/resoluciones/RESOLUCIONES%202010/0793.pdf HTTP/1.1" 200 106252
191.95.243.112 - - [07/Apr/2015:06:57:14 -0500] "GET /forest/xmlresponse.do?lista=funcionarioByName&xmlret=1&partNomFun=ma&a=0.6111540638376027 HTTP/1.1" 200 1502
191.95.243.112 - - [07/Apr/2015:06:57:15 -0500] "GET /forest/xmlresponse.do?lista=funcionarioByName&xmlret=1&partNomFun=marco&a=0.7496937215328217 HTTP/1.1" 200 562
191.95.243.112 - - [07/Apr/2015:06:57:17 -0500] "GET /forest/json.do?query=dependenciaByFun&codFun=MARCO.BARRAGAN&a=0.7581008318811655 HTTP/1.1" 200 95
5.9.156.107 - - [07/Apr/2015:06:57:23 -0500] "GET /StormSDA/userFiles%20-%20Copy%2019-07-2012/91.jar HTTP/1.0" 200 2755
201.184.142.174 - - [07/Apr/2015:06:57:24 -0500] "POST /forms/lservlet;jsessionid=ac16012b30d64bec6acdca884d28970ae4819cbdc91c.e3iSbxaKaheRe3eNbhaPbhuQa41ynknvrkLOlQzNp65In0 HTTP/1.1" 200 2
5.9.156.107 - - [07/Apr/2015:06:57:43 -0500] "GET /StormSDA/userFiles%20-%20Copy%2019-07-2012/92.jar HTTP/1.0" 200 2755
5.9.156.107 - - [07/Apr/2015:06:57:46 -0500] "GET /StormSDA/userFiles%20-%20Copy%2019-07-2012/93.jar HTTP/1.0" 200 2755
5.9.156.107 - - [07/Apr/2015:06:57:48 -0500] "GET /StormSDA/userFiles%20-%20Copy%2019-07-2012/94.jar HTTP/1.0" 200 2755
5.9.156.107 - - [07/Apr/2015:06:57:50 -0500] "GET /StormSDA/userFiles%20-%20Copy%2019-07-2012/95.jar HTTP/1.0" 200 2878
66.249.64.44 - - [07/Apr/2015:06:57:52 -0500] "GET /ecodirectorio/files/res/mobile/page0117_i1.jpg HTTP/1.1" 200 63572
191.95.243.112 - - [07/Apr/2015:06:57:56 -0500] "POST /forest/usutareas.do?group_system_actual=3 HTTP/1.1" 200 154
5.9.156.107 - - [07/Apr/2015:06:57:58 -0500] "GET /StormSDA/userFiles%20-%20Copy%2019-07-2012/96.jar HTTP/1.0" 200 2755
191.95.243.112 - - [07/Apr/2015:06:57:59 -0500] "GET /forest/usutareas.do?group_system_actual=3&a=0.5177019613329321 HTTP/1.1" 200 125809
191.95.243.112 - - [07/Apr/2015:06:58:00 -0500] "GET /forest/session.jsp?a=0.004654506454244256 HTTP/1.1" 200 4
5.9.156.107 - - [07/Apr/2015:06:58:01 -0500] "GET /StormSDA/userFiles%20-%20Copy%2019-07-2012/97.jar HTTP/1.0" 200 2755
191.95.243.112 - - [07/Apr/2015:06:58:03 -0500] "GET /forest/skins/gdocs-jar/popup/escritorio/reasignar.jsp?codTraEsc=17854419&a=0.05026748520322144 HTTP/1.1" 200 3744
5.9.156.107 - - [07/Apr/2015:06:58:08 -0500] "GET /StormSDA/userFiles%20-%20Copy%2019-07-2012/98.jar HTTP/1.0" 200 2755
5.9.156.107 - - [07/Apr/2015:06:58:20 -0500] "GET /StormSDA/userFiles%20-%20Copy%2019-07-2012/?C=D;O=A HTTP/1.0" 200 5896
5.9.156.107 - - [07/Apr/2015:06:58:28 -0500] "GET /StormSDA/userFiles%20-%20Copy%2019-07-2012/?C=M;O=A HTTP/1.0" 200 5896
5.9.156.107 - - [07/Apr/2015:06:58:30 -0500] "GET /StormSDA/userFiles%20-%20Copy%2019-07-2012/?C=N;O=D HTTP/1.0" 200 5896
5.9.156.107 - - [07/Apr/2015:06:58:32 -0500] "GET /StormSDA/userFiles%20-%20Copy%2019-07-2012/?C=S;O=A HTTP/1.0" 200 5896
5.9.156.107 - - [07/Apr/2015:06:58:34 -0500] "GET /StormSDA/userFiles%20-%20Copy%2019-07-2012/StormAdmin.jar HTTP/1.0" 200 622592
5.9.156.107 - - [07/Apr/2015:06:58:37 -0500] "GET /StormSDA/userFiles%20-%20Copy%2019-07-2012/UpdateReg.xml HTTP/1.0" 200 1238
5.9.156.107 - - [07/Apr/2015:06:58:39 -0500] "GET /StormSDA/userFiles%20-%20Copy%2019-07-2012/basicos.jar HTTP/1.0" 200 379079
191.95.243.112 - - [07/Apr/2015:06:58:40 -0500] "POST /forest/usutareas.do?group_system_actual=3 HTTP/1.1" 200 154
5.9.156.107 - - [07/Apr/2015:06:58:41 -0500] "GET /StormSDA/userFiles%20-%20Copy%2019-07-2012/update.txt HTTP/1.0" 200 33
191.95.243.112 - - [07/Apr/2015:06:58:42 -0500] "GET /forest/usutareas.do?group_system_actual=3&a=0.2332836054265499 HTTP/1.1" 200 21883
191.95.243.112 - - [07/Apr/2015:06:58:43 -0500] "GET /forest/session.jsp?a=0.23031433555297554 HTTP/1.1" 200 4
5.9.156.107 - - [07/Apr/2015:06:58:43 -0500] "GET /StormSDA/userFiles%20-%20Copy%2019-07-2012/user_files/ HTTP/1.0" 200 5680
191.95.243.112 - - [07/Apr/2015:06:58:45 -0500] "GET /forest/index2.jsp?_a=0.33507051574997604 HTTP/1.1" 200 63326
5.9.156.107 - - [07/Apr/2015:06:58:46 -0500] "GET /StormSDA/userFiles%20-%20Copy%2019-07-2012/user_files.jnlp HTTP/1.0" 200 1353
191.95.243.112 - - [07/Apr/2015:06:58:46 -0500] "GET /forest/session.jsp?a=0.014206398744136095 HTTP/1.1" 200 4
5.9.156.107 - - [07/Apr/2015:06:58:50 -0500] "GET /StormSDA/userFiles%20-%20Copy%2019-07-2012/user_files.jnlp.bak HTTP/1.0" 200 616
5.9.156.107 - - [07/Apr/2015:06:58:52 -0500] "GET /StormSDA/userFiles/1.jar HTTP/1.0" 200 4146
5.9.156.107 - - [07/Apr/2015:06:58:54 -0500] "GET /StormSDA/userFiles/2.jar HTTP/1.0" 200 1892
5.9.156.107 - - [07/Apr/2015:06:58:56 -0500] "GET /StormSDA/userFiles/85.jar HTTP/1.0" 200 4136
191.95.243.112 - - [07/Apr/2015:06:58:54 -0500] "GET /forest/usutareas.do?group_system_actual=3&codTraEsc=17854559&_a=0.5758823732648348 HTTP/1.1" 200 137456
191.95.243.112 - - [07/Apr/2015:06:58:57 -0500] "GET /forest/session.jsp?a=0.6307795110624284 HTTP/1.1" 200 4
5.9.156.107 - - [07/Apr/2015:06:58:58 -0500] "GET /StormSDA/userFiles/86.jar HTTP/1.0" 200 4136
5.9.156.107 - - [07/Apr/2015:06:58:59 -0500] "GET /StormSDA/userFiles/87.jar HTTP/1.0" 200 4136
5.9.156.107 - - [07/Apr/2015:06:59:02 -0500] "GET /StormSDA/userFiles/88.jar HTTP/1.0" 200 4136
5.9.156.107 - - [07/Apr/2015:06:59:03 -0500] "GET /StormSDA/userFiles/89.jar HTTP/1.0" 200 4136
5.9.156.107 - - [07/Apr/2015:06:59:05 -0500] "GET /StormSDA/userFiles/90.jar HTTP/1.0" 200 4136
5.9.156.107 - - [07/Apr/2015:06:59:07 -0500] "GET /StormSDA/userFiles/91.jar HTTP/1.0" 200 4136
5.9.156.107 - - [07/Apr/2015:06:59:08 -0500] "GET /StormSDA/userFiles/92.jar HTTP/1.0" 200 4136
191.95.243.112 - - [07/Apr/2015:06:59:09 -0500] "GET /forest/borrador/1710821/FONCEP.docx HTTP/1.1" 200 100562
5.9.156.107 - - [07/Apr/2015:06:59:10 -0500] "GET /StormSDA/userFiles/93.jar HTTP/1.0" 200 4136
5.9.156.107 - - [07/Apr/2015:06:59:12 -0500] "GET /StormSDA/userFiles/94.jar HTTP/1.0" 200 4136
66.249.64.168 - - [07/Apr/2015:06:59:13 -0500] "GET /BLA/resoluciones/RESOLUCIONES%202007/RES%202007%20601%20AL%20700/RESOLUCION%200621%20DE%202007.pdf HTTP/1.1" 200 583186
5.9.156.107 - - [07/Apr/2015:06:59:15 -0500] "GET /StormSDA/userFiles/95.jar HTTP/1.0" 200 4259
188.165.15.188 - - [07/Apr/2015:06:59:15 -0500] "GET /BLA/resoluciones/index.php?dir=RESOLUCIONES%202003/RES%202003%201751-1800/&sort=name&order=desc HTTP/1.1" 200 12150
5.9.156.107 - - [07/Apr/2015:06:59:17 -0500] "GET /StormSDA/userFiles/96.jar HTTP/1.0" 200 4136
66.249.64.172 - - [07/Apr/2015:06:59:19 -0500] "GET /BLA/resoluciones/AUTOS%202013/0654.pdf HTTP/1.1" 304 -
5.9.156.107 - - [07/Apr/2015:06:59:19 -0500] "GET /StormSDA/userFiles/97.jar HTTP/1.0" 200 4136
200.13.250.25 - - [07/Apr/2015:06:59:20 -0500] "GET /BLA/boletinlegal/js/jquery.scrollShow.js HTTP/1.1" 200 4586
200.13.250.25 - - [07/Apr/2015:06:59:20 -0500] "GET /galeria/galeria/jquery.fancybox.css?v=2.1.5 HTTP/1.1" 200 4895
200.13.250.25 - - [07/Apr/2015:06:59:20 -0500] "GET /BLA/boletinlegal/js/jquery.scrollTo-min.js HTTP/1.1" 200 1150
200.13.250.25 - - [07/Apr/2015:06:59:20 -0500] "GET /galeria/galeria/jquery.fancybox.js?v=2.1.5 HTTP/1.1" 200 48706
5.9.156.107 - - [07/Apr/2015:06:59:22 -0500] "GET /StormSDA/userFiles/98.jar HTTP/1.0" 200 4136
5.9.156.107 - - [07/Apr/2015:06:59:23 -0500] "GET /StormSDA/userFiles/?C=D;O=A HTTP/1.0" 200 6083
201.184.142.174 - - [07/Apr/2015:06:59:24 -0500] "POST /forms/lservlet;jsessionid=ac16012b30d64bec6acdca884d28970ae4819cbdc91c.e3iSbxaKaheRe3eNbhaPbhuQa41ynknvrkLOlQzNp65In0 HTTP/1.1" 200 2
191.95.243.112 - - [07/Apr/2015:06:59:25 -0500] "GET /forest/actions/forms.getList?codForm=Correspondencia_Revisar_Aprobar&id=funcionariofirma&text=s HTTP/1.1" 200 1239
191.95.243.112 - - [07/Apr/2015:06:59:25 -0500] "GET /forest/actions/forms.getList?codForm=Correspondencia_Revisar_Aprobar&id=funcionariofirma&text=sa HTTP/1.1" 200 1259
191.95.243.112 - - [07/Apr/2015:06:59:25 -0500] "GET /forest/actions/forms.getList?codForm=Correspondencia_Revisar_Aprobar&id=funcionariofirma&text=san HTTP/1.1" 200 1255
5.9.156.107 - - [07/Apr/2015:06:59:25 -0500] "GET /StormSDA/userFiles/?C=M;O=A HTTP/1.0" 200 6083
191.95.243.112 - - [07/Apr/2015:06:59:25 -0500] "GET /forest/actions/forms.getList?codForm=Correspondencia_Revisar_Aprobar&id=funcionariofirma&text=sand HTTP/1.1" 200 1303
191.95.243.112 - - [07/Apr/2015:06:59:26 -0500] "GET /forest/actions/forms.getList?codForm=Correspondencia_Revisar_Aprobar&id=funcionariofirma&text=sandr HTTP/1.1" 200 1300
191.95.243.112 - - [07/Apr/2015:06:59:26 -0500] "GET /forest/actions/forms.getList?codForm=Correspondencia_Revisar_Aprobar&id=funcionariofirma&text=sandra HTTP/1.1" 200 1300
191.95.243.112 - - [07/Apr/2015:06:59:26 -0500] "GET /forest/actions/forms.getList?codForm=Correspondencia_Revisar_Aprobar&id=funcionariofirma&text=sandra%20 HTTP/1.1" 200 1300
190.24.146.202 - - [07/Apr/2015:06:59:26 -0500] "GET /stormWeb/ HTTP/1.1" 200 12126
191.95.243.112 - - [07/Apr/2015:06:59:26 -0500] "GET /forest/actions/forms.getList?codForm=Correspondencia_Revisar_Aprobar&id=funcionariofirma&text=sandra%20p HTTP/1.1" 200 345
191.95.243.112 - - [07/Apr/2015:06:59:27 -0500] "GET /forest/actions/forms.getList?codForm=Correspondencia_Revisar_Aprobar&id=funcionariofirma&text=sandra%20pa HTTP/1.1" 200 345
5.9.156.107 - - [07/Apr/2015:06:59:28 -0500] "GET /StormSDA/userFiles/?C=N;O=D HTTP/1.0" 200 6083
191.95.243.112 - - [07/Apr/2015:06:59:30 -0500] "GET /forest/actions/forms.getList?codForm=Correspondencia_Revisar_Aprobar&id=funcionariofirma&text=Sandra%20Patricia%20Melendez HTTP/1.1" 200 63
191.95.243.112 - - [07/Apr/2015:06:59:30 -0500] "GET /forest/actions/forms.getList?codForm=Correspondencia_Revisar_Aprobar&id=funcionariofirma&text=Sandra%20Patricia%20Melende HTTP/1.1" 200 63
191.95.243.112 - - [07/Apr/2015:06:59:31 -0500] "GET /forest/actions/forms.getList?codForm=Correspondencia_Revisar_Aprobar&id=funcionariofirma&text=Sandra%20Patricia%20Melend HTTP/1.1" 200 63
5.9.156.107 - - [07/Apr/2015:06:59:31 -0500] "GET /StormSDA/userFiles/?C=S;O=A HTTP/1.0" 200 6083
191.95.243.112 - - [07/Apr/2015:06:59:31 -0500] "GET /forest/actions/forms.getList?codForm=Correspondencia_Revisar_Aprobar&id=funcionariofirma&text=Sandra%20Patricia%20Melen HTTP/1.1" 200 63
191.95.243.112 - - [07/Apr/2015:06:59:31 -0500] "GET /forest/actions/forms.getList?codForm=Correspondencia_Revisar_Aprobar&id=funcionariofirma&text=Sandra%20Patricia%20Mele HTTP/1.1" 200 63
191.95.243.112 - - [07/Apr/2015:06:59:31 -0500] "GET /forest/actions/forms.getList?codForm=Correspondencia_Revisar_Aprobar&id=funcionariofirma&text=Sandra%20Patricia%20Mel HTTP/1.1" 200 63
191.95.243.112 - - [07/Apr/2015:06:59:31 -0500] "GET /forest/actions/forms.getList?codForm=Correspondencia_Revisar_Aprobar&id=funcionariofirma&text=Sandra%20Patricia%20Me HTTP/1.1" 200 63
191.95.243.112 - - [07/Apr/2015:06:59:31 -0500] "GET /forest/actions/forms.getList?codForm=Correspondencia_Revisar_Aprobar&id=funcionariofirma&text=Sandra%20Patricia%20M HTTP/1.1" 200 209
191.95.243.112 - - [07/Apr/2015:06:59:32 -0500] "GET /forest/actions/forms.getList?codForm=Correspondencia_Revisar_Aprobar&id=funcionariofirma&text=Sandra%20Patricia%20Mo HTTP/1.1" 200 147
191.95.243.112 - - [07/Apr/2015:06:59:32 -0500] "GET /forest/actions/forms.getList?codForm=Correspondencia_Revisar_Aprobar&id=funcionariofirma&text=Sandra%20Patricia%20Mon HTTP/1.1" 200 147
191.95.243.112 - - [07/Apr/2015:06:59:33 -0500] "GET /forest/actions/forms.getList?codForm=Correspondencia_Revisar_Aprobar&id=funcionariofirma&text=Sandra%20Patricia%20Mont HTTP/1.1" 200 147
5.9.156.107 - - [07/Apr/2015:06:59:33 -0500] "GET /StormSDA/userFiles/StormAdmin.jar HTTP/1.0" 200 622592
191.95.243.112 - - [07/Apr/2015:06:59:33 -0500] "GET /forest/actions/forms.getList?codForm=Correspondencia_Revisar_Aprobar&id=funcionariofirma&text=Sandra%20Patricia%20Monto HTTP/1.1" 200 72
191.95.243.112 - - [07/Apr/2015:06:59:33 -0500] "GET /forest/actions/forms.getList?codForm=Correspondencia_Revisar_Aprobar&id=funcionariofirma&text=Sandra%20Patricia%20Montoy HTTP/1.1" 200 72
191.95.243.112 - - [07/Apr/2015:06:59:33 -0500] "GET /forest/actions/forms.getList?codForm=Correspondencia_Revisar_Aprobar&id=funcionariofirma&text=Sandra%20Patricia%20Montoya HTTP/1.1" 200 72
190.24.146.202 - - [07/Apr/2015:06:59:34 -0500] "GET /galeria/galeria/jquery.fancybox.js?v=2.1.5 HTTP/1.1" 304 -
190.24.146.202 - - [07/Apr/2015:06:59:34 -0500] "GET /galeria/galeria/jquery.fancybox.css?v=2.1.5 HTTP/1.1" 304 -
5.9.156.107 - - [07/Apr/2015:06:59:35 -0500] "GET /StormSDA/userFiles/UpdateReg.xml HTTP/1.0" 200 1238
5.9.156.107 - - [07/Apr/2015:06:59:37 -0500] "GET /StormSDA/userFiles/backup%2027-09-2012/ HTTP/1.0" 200 5692
191.95.243.112 - - [07/Apr/2015:06:59:36 -0500] "POST /forest/usutareas.do? HTTP/1.1" 200 76
5.9.156.107 - - [07/Apr/2015:06:59:39 -0500] "GET /StormSDA/userFiles/basicos.jar HTTP/1.0" 200 671328
190.24.146.202 - - [07/Apr/2015:06:59:40 -0500] "GET /stormWeb/img/menu/mplogo.gif HTTP/1.1" 304 -
200.13.250.25 - - [07/Apr/2015:06:59:40 -0500] "GET /galeria/galeria/jquery.fancybox.css?v=2.1.5 HTTP/1.1" 304 -
200.13.250.25 - - [07/Apr/2015:06:59:40 -0500] "GET /galeria/galeria/jquery.fancybox.js?v=2.1.5 HTTP/1.1" 304 -
200.13.250.25 - - [07/Apr/2015:06:59:40 -0500] "GET /BLA/boletinlegal/js/jquery.scrollTo-min.js HTTP/1.1" 304 -
200.13.250.25 - - [07/Apr/2015:06:59:40 -0500] "GET /BLA/boletinlegal/js/jquery.scrollShow.js HTTP/1.1" 304 -
191.95.243.112 - - [07/Apr/2015:06:59:40 -0500] "GET /forest/usutareas.do?group_system_actual=3&a=0.7613051326479763 HTTP/1.1" 200 136291
190.24.146.202 - - [07/Apr/2015:06:59:41 -0500] "GET /downloads/textosStormWeb/presentacion.html HTTP/1.1" 404 1264
191.95.243.112 - - [07/Apr/2015:06:59:41 -0500] "GET /forest/session.jsp?a=0.11643591267056763 HTTP/1.1" 200 4
5.9.156.107 - - [07/Apr/2015:06:59:42 -0500] "GET /StormSDA/userFiles/update.txt HTTP/1.0" 200 33
191.95.243.112 - - [07/Apr/2015:06:59:43 -0500] "GET /forest/skins/gdocs-jar/popup/escritorio/subirborrador.jsp?form=Correspondencia_Firmar_Borrador_Aprobado&codTpl=&codBorr=573769&a=0.13702339655719697 HTTP/1.1" 200 23291
191.95.243.112 - - [07/Apr/2015:06:59:43 -0500] "GET /forest/json.do?query=borradoresByTpls&codInst=3084635&codTare=701&firma=1&a=0.2982973544858396 HTTP/1.1" 200 165
191.95.243.112 - - [07/Apr/2015:06:59:43 -0500] "GET /forest/json.do?query=plantillasByTarea&codTare=701&codInst=3084635&firma=1&a=0.2797323458362371 HTTP/1.1" 200 904
191.95.243.112 - - [07/Apr/2015:06:59:44 -0500] "GET /forest/json.do?query=terceroById&numTer=860041163&a=0.5079655575100332 HTTP/1.1" 200 696
191.95.243.112 - - [07/Apr/2015:06:59:44 -0500] "GET /forest/json.do?query=datosBorradorByCodTraBorr&codTraBorr=1710821&a=0.6874862387776375 HTTP/1.1" 200 180
191.95.243.112 - - [07/Apr/2015:06:59:44 -0500] "GET /forest/json.do?query=ultimoBorradorByTpl&codTpl=621&codInst=3084635&a=0.3977966499514878 HTTP/1.1" 200 2
5.9.156.107 - - [07/Apr/2015:06:59:44 -0500] "GET /StormSDA/userFiles/user_files/ HTTP/1.0" 200 8984
191.95.243.112 - - [07/Apr/2015:06:59:44 -0500] "GET /forest/json.do?query=adjuntosByBorrador&codTraBorr=1710821&a=0.48962894501164556 HTTP/1.1" 200 2
191.95.243.112 - - [07/Apr/2015:06:59:44 -0500] "GET /forest/json.do?query=datosBorradorByCodTraBorr&codTraBorr=1710821&a=0.11027598707005382 HTTP/1.1" 200 180
191.95.243.112 - - [07/Apr/2015:06:59:44 -0500] "GET /forest/json.do?query=ultimoBorradorByTpl&codTpl=1201&codInst=3084635&a=0.3035931845661253 HTTP/1.1" 200 2
191.95.243.112 - - [07/Apr/2015:06:59:44 -0500] "GET /forest/json.do?query=ultimoBorradorByTpl&codTpl=641&codInst=3084635&a=0.8167136732954532 HTTP/1.1" 200 20
191.95.243.112 - - [07/Apr/2015:06:59:45 -0500] "GET /forest/json.do?query=ultimoBorradorByTpl&codTpl=901&codInst=3084635&a=0.39052487001754344 HTTP/1.1" 200 2
191.95.243.112 - - [07/Apr/2015:06:59:45 -0500] "GET /forest/json.do?query=ultimoBorradorByTpl&codTpl=501&codInst=3084635&a=0.2676257803104818 HTTP/1.1" 200 2
191.95.243.112 - - [07/Apr/2015:06:59:45 -0500] "GET /forest/json.do?query=ultimoBorradorByTpl&codTpl=1301&codInst=3084635&a=0.366387200076133 HTTP/1.1" 200 2
180.76.6.60 - - [07/Apr/2015:06:59:45 -0500] "GET /BLA/resoluciones/AUTOS%202012/1331.pdf HTTP/1.1" 200 161720
5.9.156.107 - - [07/Apr/2015:06:59:46 -0500] "GET /StormSDA/userFiles/user_files.jnlp HTTP/1.0" 200 1353
5.9.156.107 - - [07/Apr/2015:06:59:48 -0500] "GET /StormSDA/userFiles/user_files.jnlp.bak HTTP/1.0" 200 616
190.24.146.202 - - [07/Apr/2015:06:59:48 -0500] "GET /stormWeb/js/1ibre/1ibre.css HTTP/1.1" 304 -
5.9.156.107 - - [07/Apr/2015:06:59:50 -0500] "GET /formularios/?C=D;O=D HTTP/1.0" 200 961
191.95.243.112 - - [07/Apr/2015:06:59:50 -0500] "POST /forest/usutareas.do?group_system_actual=3 HTTP/1.1" 200 191
5.9.156.107 - - [07/Apr/2015:06:59:52 -0500] "GET /formularios/?C=M;O=D HTTP/1.0" 200 961
5.9.156.107 - - [07/Apr/2015:06:59:54 -0500] "GET /formularios/?C=S;O=D HTTP/1.0" 200 961
5.9.156.107 - - [07/Apr/2015:06:59:56 -0500] "GET /galeria/?C=D;O=D HTTP/1.0" 200 2642
191.95.243.112 - - [07/Apr/2015:06:59:41 -0500] "GET /ForestMSG_SDA/channelAsync/template_word_17857053?X-Atmosphere-tracking-id=d51ee7b4-01f9-2ebd-c3c1-efc934380208&X-Atmosphere-Framework=1.0.5&X-Atmosphere-Transport=long-polling&tabid=0.4659377576317638&X-Cache-Date=0&Content-Type=application/xml&_=1428408167202 HTTP/1.1" 200 8193
191.95.243.112 - - [07/Apr/2015:06:59:55 -0500] "GET /forest/usutareas.do?group_system_actual=3&a=0.8831040435470641 HTTP/1.1" 200 134574
191.95.243.112 - - [07/Apr/2015:06:59:57 -0500] "GET /forest/session.jsp?a=0.34990680078044534 HTTP/1.1" 200 4
5.9.156.107 - - [07/Apr/2015:06:59:58 -0500] "GET /galeria/?C=M;O=D HTTP/1.0" 200 2642
5.9.156.107 - - [07/Apr/2015:07:00:00 -0500] "GET /galeria/?C=N;O=A HTTP/1.0" 200 2642
191.95.243.112 - - [07/Apr/2015:07:00:02 -0500] "GET /forest/actions/forms.getList?codForm=Correspondencia_Firmar_Borrador_Aprobado&id=funcionarioasignado&text=r HTTP/1.1" 200 1251
191.95.243.112 - - [07/Apr/2015:07:00:02 -0500] "GET /forest/actions/forms.getList?codForm=Correspondencia_Firmar_Borrador_Aprobado&id=funcionarioasignado&text=ru HTTP/1.1" 200 1229
150.70.173.46 - - [07/Apr/2015:07:00:02 -0500] "GET /BLA/boletinlegal/js/jquery.scrollShow.js HTTP/1.1" 200 4586
5.9.156.107 - - [07/Apr/2015:07:00:02 -0500] "GET /galeria/?C=S;O=D HTTP/1.0" 200 2642
191.95.243.112 - - [07/Apr/2015:07:00:02 -0500] "GET /forest/actions/forms.getList?codForm=Correspondencia_Firmar_Borrador_Aprobado&id=funcionarioasignado&text=rus HTTP/1.1" 200 58
191.95.243.112 - - [07/Apr/2015:07:00:02 -0500] "GET /forest/actions/forms.getList?codForm=Correspondencia_Firmar_Borrador_Aprobado&id=funcionarioasignado&text=russ HTTP/1.1" 200 58
191.95.243.112 - - [07/Apr/2015:07:00:02 -0500] "GET /forest/actions/forms.getList?codForm=Correspondencia_Firmar_Borrador_Aprobado&id=funcionarioasignado&text=russy HTTP/1.1" 200 58
150.70.97.115 - - [07/Apr/2015:07:00:03 -0500] "GET /BLA/boletinlegal/js/jquery.scrollShow.js HTTP/1.1" 200 4586
5.9.156.107 - - [07/Apr/2015:07:00:05 -0500] "GET /galeria/galeria/?C=D;O=A HTTP/1.0" 200 3177
191.95.243.112 - - [07/Apr/2015:07:00:05 -0500] "POST /forest/usutareas.do? HTTP/1.1" 200 76
191.95.243.112 - - [07/Apr/2015:07:00:07 -0500] "GET /forest/usutareas.do?group_system_actual=3&a=0.7936447800602764 HTTP/1.1" 200 21883
5.9.156.107 - - [07/Apr/2015:07:00:07 -0500] "GET /galeria/galeria/?C=M;O=A HTTP/1.0" 200 3177
150.70.97.99 - - [07/Apr/2015:07:00:07 -0500] "GET /BLA/boletinlegal/js/jquery.scrollTo-min.js HTTP/1.1" 200 1150
191.95.243.112 - - [07/Apr/2015:07:00:07 -0500] "GET /forest/session.jsp?a=0.8373563240747899 HTTP/1.1" 200 4
191.95.243.112 - - [07/Apr/2015:07:00:08 -0500] "GET /forest/misactividades.do?_a=0.51002326188609&group_system_actual=3 HTTP/1.1" 200 39901
5.9.156.107 - - [07/Apr/2015:07:00:09 -0500] "GET /galeria/galeria/?C=N;O=D HTTP/1.0" 200 3177
191.95.243.112 - - [07/Apr/2015:07:00:09 -0500] "GET /forest/session.jsp?a=0.5417842029128224 HTTP/1.1" 200 4
191.95.243.112 - - [07/Apr/2015:07:00:10 -0500] "POST /forest/misactividades.do?ajax=true&a=0.0268566042650491 HTTP/1.1" 200 1066
5.9.156.107 - - [07/Apr/2015:07:00:11 -0500] "GET /galeria/galeria/?C=S;O=A HTTP/1.0" 200 3177
150.70.173.42 - - [07/Apr/2015:07:00:11 -0500] "GET /galeria/galeria/jquery.fancybox.js?v=2.1.5 HTTP/1.1" 200 48706
5.9.156.107 - - [07/Apr/2015:07:00:13 -0500] "GET /galeria/galeria/fotos/ HTTP/1.0" 200 24101
191.95.243.112 - - [07/Apr/2015:07:00:13 -0500] "GET /forest/index2.jsp?_a=0.33362204767763615 HTTP/1.1" 200 62846
191.95.243.112 - - [07/Apr/2015:07:00:14 -0500] "GET /forest/session.jsp?a=0.6892561891581863 HTTP/1.1" 200 4
191.95.243.112 - - [07/Apr/2015:07:00:16 -0500] "GET /forest/usutareas.do?group_system_actual=3&codTraEsc=17855909&_a=0.3273625650226448 HTTP/1.1" 200 137013
150.70.97.97 - - [07/Apr/2015:07:00:18 -0500] "GET /galeria/galeria/jquery.fancybox.js?v=2.1.5 HTTP/1.1" 200 48706
191.95.243.112 - - [07/Apr/2015:07:00:18 -0500] "GET /forest/session.jsp?a=0.14234590041451156 HTTP/1.1" 200 4
191.95.243.112 - - [07/Apr/2015:07:00:22 -0500] "GET /forest/borrador/1711049/2015ER40395.ANLA.RED%20%C3%81REA%20ORIENTE.docx HTTP/1.1" 200 100050
172.22.2.1 - - [07/Apr/2015:07:00:24 -0500] "GET /galeria/nivo-slider/demo/demo.html HTTP/1.1" 304 -
181.48.9.60 - - [07/Apr/2015:07:00:26 -0500] "GET /BLA/boletinlegal/js/jquery.scrollTo-min.js HTTP/1.1" 304 -
181.48.9.60 - - [07/Apr/2015:07:00:26 -0500] "GET /BLA/boletinlegal/js/jquery.scrollShow.js HTTP/1.1" 304 -
172.22.2.1 - - [07/Apr/2015:07:00:27 -0500] "GET /galeria/nivo-slider/demo/images/acuerdo_569.jpg HTTP/1.1" 304 -
181.48.9.60 - - [07/Apr/2015:07:00:27 -0500] "GET /galeria/galeria/jquery.fancybox.js?v=2.1.5 HTTP/1.1" 304 -
172.22.2.1 - - [07/Apr/2015:07:00:27 -0500] "GET /galeria/nivo-slider/demo/images/banner-V2.jpg HTTP/1.1" 304 -
172.22.2.1 - - [07/Apr/2015:07:00:28 -0500] "GET /galeria/nivo-slider/demo/images/ecolecta-Dic2014.png HTTP/1.1" 304 -
172.22.2.1 - - [07/Apr/2015:07:00:29 -0500] "GET /videos/DiadelatierraHD_1min.flv HTTP/1.1" 200 7316200
181.48.9.60 - - [07/Apr/2015:07:00:29 -0500] "GET /galeria/carrusel/Carrusel/jquery.thumbnailScroller.css HTTP/1.1" 304 -
181.48.9.60 - - [07/Apr/2015:07:00:30 -0500] "GET /galeria/carrusel/Carrusel/jquery-ui-1.8.13.custom.min.js HTTP/1.1" 304 -
181.48.9.60 - - [07/Apr/2015:07:00:32 -0500] "GET /galeria/galeria/jquery.fancybox.css?v=2.1.5 HTTP/1.1" 304 -
181.48.9.60 - - [07/Apr/2015:07:00:34 -0500] "GET /galeria/carrusel/Carrusel/jquery.thumbnailScroller.js HTTP/1.1" 304 -
181.48.9.60 - - [07/Apr/2015:07:00:42 -0500] "GET /galeria/nivo-slider/demo/demo.html HTTP/1.1" 304 -
181.48.9.60 - - [07/Apr/2015:07:00:43 -0500] "GET /galeria/nivo-slider/themes/default/default.css HTTP/1.1" 304 -
181.48.9.60 - - [07/Apr/2015:07:00:43 -0500] "GET /galeria/nivo-slider/themes/pascal/pascal.css HTTP/1.1" 304 -
181.48.9.60 - - [07/Apr/2015:07:00:43 -0500] "GET /galeria/nivo-slider/demo/scripts/jquery-1.7.1.min.js HTTP/1.1" 304 -
181.48.9.60 - - [07/Apr/2015:07:00:43 -0500] "GET /galeria/nivo-slider/themes/orman/orman.css HTTP/1.1" 304 -
181.48.9.60 - - [07/Apr/2015:07:00:43 -0500] "GET /galeria/nivo-slider/nivo-slider.css HTTP/1.1" 304 -
181.48.9.60 - - [07/Apr/2015:07:00:43 -0500] "GET /galeria/nivo-slider/demo/style.css HTTP/1.1" 304 -
181.48.9.60 - - [07/Apr/2015:07:00:44 -0500] "GET /galeria/nivo-slider/jquery.nivo.slider.pack.js HTTP/1.1" 304 -
181.48.9.60 - - [07/Apr/2015:07:00:44 -0500] "GET /galeria/nivo-slider/demo/images/no-sea-victima.jpg HTTP/1.1" 304 -
181.48.9.60 - - [07/Apr/2015:07:00:45 -0500] "GET /galeria/nivo-slider/demo/images/Convocatoria_recicladores.jpg HTTP/1.1" 304 -
181.48.9.60 - - [07/Apr/2015:07:00:45 -0500] "GET /galeria/nivo-slider/demo/images/acuerdo_569.jpg HTTP/1.1" 304 -
181.48.9.61 - - [07/Apr/2015:07:00:46 -0500] "GET /BLA/boletinlegal/js/jquery.scrollTo-min.js HTTP/1.1" 304 -
181.48.9.61 - - [07/Apr/2015:07:00:46 -0500] "GET /BLA/boletinlegal/js/jquery.scrollShow.js HTTP/1.1" 304 -
181.48.9.61 - - [07/Apr/2015:07:00:47 -0500] "GET /galeria/galeria/jquery.fancybox.js?v=2.1.5 HTTP/1.1" 304 -
181.48.9.60 - - [07/Apr/2015:07:00:47 -0500] "GET /galeria/nivo-slider/demo/images/Licitaciones-proyecto-paramo.jpg HTTP/1.1" 304 -
180.76.5.27 - - [07/Apr/2015:07:00:49 -0500] "GET /BLA/resoluciones/RESOLUCIONES%202011/0735.pdf HTTP/1.1" 200 259112
181.48.9.60 - - [07/Apr/2015:07:00:49 -0500] "GET /galeria/nivo-slider/demo/images/4Simple_Slider.png HTTP/1.1" 304 -
181.48.9.61 - - [07/Apr/2015:07:00:49 -0500] "GET /galeria/galeria/jquery.fancybox.css?v=2.1.5 HTTP/1.1" 304 -
181.48.9.60 - - [07/Apr/2015:07:00:50 -0500] "GET /galeria/nivo-slider/themes/default/loading.gif HTTP/1.1" 304 -
181.48.9.61 - - [07/Apr/2015:07:00:50 -0500] "GET /galeria/carrusel/Carrusel/jquery-ui-1.8.13.custom.min.js HTTP/1.1" 304 -
181.48.9.61 - - [07/Apr/2015:07:00:50 -0500] "GET /galeria/carrusel/Carrusel/jquery.thumbnailScroller.js HTTP/1.1" 304 -
181.48.9.61 - - [07/Apr/2015:07:00:52 -0500] "GET /galeria/carrusel/Carrusel/jquery.thumbnailScroller.css HTTP/1.1" 304 -
181.48.9.60 - - [07/Apr/2015:07:00:55 -0500] "GET /galeria/nivo-slider/demo/images/Banner-decreto1299.jpg HTTP/1.1" 304 -
181.48.9.60 - - [07/Apr/2015:07:00:58 -0500] "GET /galeria/nivo-slider/demo/images/Banner-Directorio.jpg HTTP/1.1" 304 -
181.48.9.60 - - [07/Apr/2015:07:01:01 -0500] "GET /galeria/nivo-slider/demo/images/banner-V2.jpg HTTP/1.1" 304 -
191.95.243.112 - - [07/Apr/2015:07:00:57 -0500] "GET /forest/skins/gdocs-jar/popup/escritorio/subirborrador.jsp?form=Correspondencia_Firmar_Borrador_Aprobado&codTpl=&codBorr=572355&a=0.5550261242315173 HTTP/1.1" 200 23291
191.95.243.112 - - [07/Apr/2015:07:01:04 -0500] "GET /forest/json.do?query=borradoresByTpls&codInst=3082201&codTare=701&firma=1&a=0.10733579518273473 HTTP/1.1" 200 192
191.95.243.112 - - [07/Apr/2015:07:01:04 -0500] "GET /forest/json.do?query=plantillasByTarea&codTare=701&codInst=3082201&firma=1&a=0.3184187931474298 HTTP/1.1" 200 904
200.29.165.241 - - [07/Apr/2015:07:01:04 -0500] "GET /BLA/boletinlegal/js/jquery.scrollTo-min.js HTTP/1.1" 200 1150
200.29.165.241 - - [07/Apr/2015:07:01:04 -0500] "GET /galeria/galeria/jquery.fancybox.js?v=2.1.5 HTTP/1.1" 200 48706
200.29.165.241 - - [07/Apr/2015:07:01:04 -0500] "GET /galeria/galeria/jquery.fancybox.css?v=2.1.5 HTTP/1.1" 200 4895
200.29.165.241 - - [07/Apr/2015:07:01:04 -0500] "GET /BLA/boletinlegal/js/jquery.scrollShow.js HTTP/1.1" 200 4586
191.95.243.112 - - [07/Apr/2015:07:01:04 -0500] "GET /forest/json.do?query=terceroById&numTer=ATM006397&a=0.8744127308018506 HTTP/1.1" 200 663
191.95.243.112 - - [07/Apr/2015:07:01:05 -0500] "GET /forest/json.do?query=datosBorradorByCodTraBorr&codTraBorr=1711049&a=0.6080698475707322 HTTP/1.1" 200 180
191.95.243.112 - - [07/Apr/2015:07:01:05 -0500] "GET /forest/json.do?query=adjuntosByBorrador&codTraBorr=1711049&a=0.6118390262126923 HTTP/1.1" 200 2
191.95.243.112 - - [07/Apr/2015:07:01:05 -0500] "GET /forest/json.do?query=ultimoBorradorByTpl&codTpl=621&codInst=3082201&a=0.5840632887557149 HTTP/1.1" 200 2
191.95.243.112 - - [07/Apr/2015:07:01:05 -0500] "GET /forest/json.do?query=datosBorradorByCodTraBorr&codTraBorr=1711049&a=0.49221674958243966 HTTP/1.1" 200 180
191.95.243.112 - - [07/Apr/2015:07:01:06 -0500] "GET /forest/json.do?query=ultimoBorradorByTpl&codTpl=1201&codInst=3082201&a=0.7492797069717199 HTTP/1.1" 200 2
191.95.243.112 - - [07/Apr/2015:07:01:06 -0500] "GET /forest/json.do?query=ultimoBorradorByTpl&codTpl=641&codInst=3082201&a=0.4551219381392002 HTTP/1.1" 200 20
191.95.243.112 - - [07/Apr/2015:07:01:07 -0500] "GET /forest/json.do?query=ultimoBorradorByTpl&codTpl=901&codInst=3082201&a=0.8149709908757359 HTTP/1.1" 200 2
191.95.243.112 - - [07/Apr/2015:07:01:07 -0500] "GET /forest/json.do?query=ultimoBorradorByTpl&codTpl=501&codInst=3082201&a=0.7938710649032146 HTTP/1.1" 200 2
191.95.243.112 - - [07/Apr/2015:07:01:07 -0500] "GET /forest/json.do?query=ultimoBorradorByTpl&codTpl=1301&codInst=3082201&a=0.6826083925552666 HTTP/1.1" 200 2
181.48.9.60 - - [07/Apr/2015:07:01:11 -0500] "GET /galeria/nivo-slider/demo/images/Ruta-vertimientos-01.jpg HTTP/1.1" 304 -
200.29.165.241 - - [07/Apr/2015:07:01:11 -0500] "GET /galeria/galeria/jquery.fancybox.css?v=2.1.5 HTTP/1.1" 200 4895
200.29.165.241 - - [07/Apr/2015:07:01:11 -0500] "GET /BLA/boletinlegal/js/jquery.scrollTo-min.js HTTP/1.1" 200 1150
200.29.165.241 - - [07/Apr/2015:07:01:11 -0500] "GET /BLA/boletinlegal/js/jquery.scrollShow.js HTTP/1.1" 200 4586
200.29.165.241 - - [07/Apr/2015:07:01:11 -0500] "GET /galeria/galeria/jquery.fancybox.js?v=2.1.5 HTTP/1.1" 200 48706
181.48.9.60 - - [07/Apr/2015:07:01:11 -0500] "GET /galeria/nivo-slider/demo/images/bolsas-06.jpg HTTP/1.1" 304 -
181.48.9.60 - - [07/Apr/2015:07:01:11 -0500] "GET /galeria/nivo-slider/demo/images/bolsas-08.jpg HTTP/1.1" 304 -
181.48.9.60 - - [07/Apr/2015:07:01:11 -0500] "GET /galeria/nivo-slider/demo/images/ecolecta-Dic2014.png HTTP/1.1" 304 -
181.48.9.60 - - [07/Apr/2015:07:01:11 -0500] "GET /galeria/nivo-slider/demo/images/banner-llantas2.jpg HTTP/1.1" 304 -
181.48.9.60 - - [07/Apr/2015:07:01:11 -0500] "GET /galeria/nivo-slider/demo/images/redes_sociales.jpg HTTP/1.1" 304 -
181.48.9.60 - - [07/Apr/2015:07:01:14 -0500] "GET /galeria/nivo-slider/demo/images/9Signos.jpg HTTP/1.1" 304 -
191.95.243.112 - - [07/Apr/2015:07:01:14 -0500] "POST /forest/usutareas.do?group_system_actual=3 HTTP/1.1" 200 225
191.95.243.112 - - [07/Apr/2015:07:00:18 -0500] "GET /ForestMSG_SDA/channelAsync/template_word_17855909?X-Atmosphere-tracking-id=e56edc9f-8570-32d2-66f2-75f75674fe4c&X-Atmosphere-Framework=1.0.5&X-Atmosphere-Transport=long-polling&tabid=0.729228962212801&X-Cache-Date=0&Content-Type=application/xml&_=1428408203988 HTTP/1.1" 200 8193
191.95.243.112 - - [07/Apr/2015:07:01:16 -0500] "GET /forest/usutareas.do?group_system_actual=3&a=0.531184084713459 HTTP/1.1" 200 135242
191.95.243.112 - - [07/Apr/2015:07:01:19 -0500] "GET /forest/session.jsp?a=0.9979875055141747 HTTP/1.1" 200 4
201.234.178.104 - - [07/Apr/2015:07:01:19 -0500] "GET /galeria/galeria/jquery.fancybox.js?v=2.1.5 HTTP/1.1" 200 48706
201.234.178.104 - - [07/Apr/2015:07:01:20 -0500] "GET /galeria/galeria/jquery.fancybox.css?v=2.1.5 HTTP/1.1" 200 4895
201.234.178.104 - - [07/Apr/2015:07:01:20 -0500] "GET /galeria/nivo-slider/themes/default/loading.gif HTTP/1.1" 200 1737
150.70.173.55 - - [07/Apr/2015:07:01:21 -0500] "GET /BLA/boletinlegal/js/jquery.scrollTo-min.js HTTP/1.1" 200 1150
191.95.243.112 - - [07/Apr/2015:07:01:22 -0500] "GET /forest/actions/forms.getList?codForm=Correspondencia_Firmar_Borrador_Aprobado&id=funcionarioasignado&text=r HTTP/1.1" 200 1251
191.95.243.112 - - [07/Apr/2015:07:01:23 -0500] "GET /forest/actions/forms.getList?codForm=Correspondencia_Firmar_Borrador_Aprobado&id=funcionarioasignado&text=ru HTTP/1.1" 200 1229
191.95.243.112 - - [07/Apr/2015:07:01:23 -0500] "GET /forest/actions/forms.getList?codForm=Correspondencia_Firmar_Borrador_Aprobado&id=funcionarioasignado&text=rus HTTP/1.1" 200 58
191.95.243.112 - - [07/Apr/2015:07:01:23 -0500] "GET /forest/actions/forms.getList?codForm=Correspondencia_Firmar_Borrador_Aprobado&id=funcionarioasignado&text=russ HTTP/1.1" 200 58
88.198.233.69 - - [07/Apr/2015:07:01:23 -0500] "GET / HTTP/1.1" 200 10190
191.95.243.112 - - [07/Apr/2015:07:01:23 -0500] "GET /forest/actions/forms.getList?codForm=Correspondencia_Firmar_Borrador_Aprobado&id=funcionarioasignado&text=russy HTTP/1.1" 200 58
201.184.142.174 - - [07/Apr/2015:07:01:24 -0500] "POST /forms/lservlet;jsessionid=ac16012b30d64bec6acdca884d28970ae4819cbdc91c.e3iSbxaKaheRe3eNbhaPbhuQa41ynknvrkLOlQzNp65In0 HTTP/1.1" 200 2
191.95.243.112 - - [07/Apr/2015:07:01:27 -0500] "POST /forest/usutareas.do? HTTP/1.1" 200 76
191.95.243.112 - - [07/Apr/2015:07:01:29 -0500] "GET /forest/usutareas.do?group_system_actual=3&a=0.8537918999791145 HTTP/1.1" 200 21883
66.249.64.172 - - [07/Apr/2015:07:01:30 -0500] "GET /BLA/resoluciones/AUTOS%202013/0890.pdf HTTP/1.1" 200 1862812
191.95.243.112 - - [07/Apr/2015:07:01:30 -0500] "GET /forest/session.jsp?a=0.7866720168385655 HTTP/1.1" 200 4
191.95.243.112 - - [07/Apr/2015:06:55:35 -0500] "GET /ForestMSG_SDA/channelAsync/template_word_17857025?X-Atmosphere-tracking-id=273c5c63-cf55-6df0-162a-204b68538e8c&X-Atmosphere-Framework=1.0.5&X-Atmosphere-Transport=long-polling&tabid=0.34937796369194984&X-Cache-Date=0&Content-Type=application/xml&_=1428407921306 HTTP/1.1" 200 8193
191.95.243.112 - - [07/Apr/2015:07:01:37 -0500] "GET /forest/index2.jsp?_a=0.7307383494917303 HTTP/1.1" 200 62415
191.95.243.112 - - [07/Apr/2015:07:01:39 -0500] "GET /forest/session.jsp?a=0.782276610378176 HTTP/1.1" 200 4
201.245.192.253 - - [07/Apr/2015:07:01:41 -0500] "GET /BLA/boletinlegal/js/jquery.scrollTo-min.js HTTP/1.1" 304 -
201.245.192.253 - - [07/Apr/2015:07:01:41 -0500] "GET /BLA/boletinlegal/js/jquery.scrollShow.js HTTP/1.1" 304 -
188.165.15.188 - - [07/Apr/2015:07:01:41 -0500] "GET /BLA/resoluciones/AUTOS%202006/AUTOS%202006%202601%20-%202700/00002646.tif HTTP/1.1" 200 48802
201.245.192.253 - - [07/Apr/2015:07:01:42 -0500] "GET /galeria/nivo-slider/demo/demo.html HTTP/1.1" 304 -
201.245.192.253 - - [07/Apr/2015:07:01:42 -0500] "GET /galeria/nivo-slider/demo/images/acuerdo_569.jpg HTTP/1.1" 304 -
201.245.192.253 - - [07/Apr/2015:07:01:42 -0500] "GET /galeria/nivo-slider/demo/images/banner-V2.jpg HTTP/1.1" 304 -
201.245.192.253 - - [07/Apr/2015:07:01:42 -0500] "GET /galeria/nivo-slider/demo/images/redes_sociales.jpg HTTP/1.1" 304 -
201.245.192.253 - - [07/Apr/2015:07:01:42 -0500] "GET /galeria/nivo-slider/demo/images/9Signos.jpg HTTP/1.1" 304 -
191.95.243.112 - - [07/Apr/2015:07:01:41 -0500] "GET /forest/usutareas.do?group_system_actual=3&codTraEsc=17856033&_a=0.28884539286161526 HTTP/1.1" 200 136177
191.95.243.112 - - [07/Apr/2015:07:01:43 -0500] "GET /forest/session.jsp?a=0.9878917278256267 HTTP/1.1" 200 4
191.95.243.112 - - [07/Apr/2015:07:01:46 -0500] "GET /forest/skins/gdocs-jar/popup/escritorio/subirborrador.jsp?form=Correspondencia_Firmar_Borrador_Aprobado&codTpl=&codBorr=573515&a=0.8229005786124617 HTTP/1.1" 200 23291
191.95.243.112 - - [07/Apr/2015:07:01:46 -0500] "GET /forest/json.do?query=borradoresByTpls&codInst=3085893&codTare=701&firma=1&a=0.0007495498284697533 HTTP/1.1" 200 210
191.95.243.112 - - [07/Apr/2015:07:01:47 -0500] "GET /forest/json.do?query=plantillasByTarea&codTare=701&codInst=3085893&firma=1&a=0.7070916390512139 HTTP/1.1" 200 904
191.95.243.112 - - [07/Apr/2015:07:01:47 -0500] "GET /forest/json.do?query=terceroById&numTer=8000371999&a=0.5989942254964262 HTTP/1.1" 200 655
191.95.243.112 - - [07/Apr/2015:07:01:47 -0500] "GET /forest/json.do?query=datosBorradorByCodTraBorr&codTraBorr=1711094&a=0.8717969777062535 HTTP/1.1" 200 180
191.95.243.112 - - [07/Apr/2015:07:01:47 -0500] "GET /forest/json.do?query=adjuntosByBorrador&codTraBorr=1711094&a=0.6404379804152995 HTTP/1.1" 200 2
191.95.243.112 - - [07/Apr/2015:07:01:48 -0500] "GET /forest/json.do?query=ultimoBorradorByTpl&codTpl=621&codInst=3085893&a=0.5800090413540602 HTTP/1.1" 200 2
191.95.243.112 - - [07/Apr/2015:07:01:48 -0500] "GET /forest/json.do?query=datosBorradorByCodTraBorr&codTraBorr=1711094&a=0.1320942274760455 HTTP/1.1" 200 180
191.95.243.112 - - [07/Apr/2015:07:01:48 -0500] "GET /forest/json.do?query=ultimoBorradorByTpl&codTpl=1201&codInst=3085893&a=0.4693548458162695 HTTP/1.1" 200 2
191.95.243.112 - - [07/Apr/2015:07:01:49 -0500] "GET /forest/json.do?query=ultimoBorradorByTpl&codTpl=641&codInst=3085893&a=0.4515982433222234 HTTP/1.1" 200 20
191.95.243.112 - - [07/Apr/2015:07:01:49 -0500] "GET /forest/json.do?query=ultimoBorradorByTpl&codTpl=901&codInst=3085893&a=0.18616783688776195 HTTP/1.1" 200 2
191.95.243.112 - - [07/Apr/2015:07:01:50 -0500] "GET /forest/json.do?query=ultimoBorradorByTpl&codTpl=501&codInst=3085893&a=0.5390355188865215 HTTP/1.1" 200 2
191.95.243.112 - - [07/Apr/2015:07:01:50 -0500] "GET /forest/json.do?query=ultimoBorradorByTpl&codTpl=1301&codInst=3085893&a=0.7978598047047853 HTTP/1.1" 200 2
66.249.64.168 - - [07/Apr/2015:07:01:51 -0500] "GET /BLA/resoluciones/RESOLUCIONES%202007/RES%202007%201401%20AL%201500/RESOLUCION%201443%20DE%202007.pdf HTTP/1.1" 304 -
191.95.243.112 - - [07/Apr/2015:07:01:57 -0500] "POST /forest/usutareas.do?group_system_actual=3 HTTP/1.1" 200 127
190.144.241.234 - - [07/Apr/2015:07:01:59 -0500] "GET /galeria/nivo-slider/demo/demo.html HTTP/1.1" 304 -
74.86.158.107 - - [07/Apr/2015:07:02:00 -0500] "HEAD / HTTP/1.1" 200 -
190.144.241.234 - - [07/Apr/2015:07:02:02 -0500] "GET /galeria/nivo-slider/demo/images/acuerdo_569.jpg HTTP/1.1" 304 -
190.144.241.234 - - [07/Apr/2015:07:02:02 -0500] "GET /galeria/nivo-slider/demo/images/banner-V2.jpg HTTP/1.1" 304 -
191.95.243.112 - - [07/Apr/2015:06:56:04 -0500] "GET /ForestMSG_SDA/channelAsync/template_word_17854387?X-Atmosphere-tracking-id=7c38c4f3-3496-d2a3-2281-5361632cbbd8&X-Atmosphere-Framework=1.0.5&X-Atmosphere-Transport=long-polling&tabid=0.2965884720906615&X-Cache-Date=0&Content-Type=application/xml&_=1428407949905 HTTP/1.1" 200 8193
191.95.243.112 - - [07/Apr/2015:07:02:05 -0500] "POST /forest/usutareas.do?group_system_actual=3 HTTP/1.1" 200 236
191.95.243.112 - - [07/Apr/2015:07:02:09 -0500] "GET /forest/usutareas.do?group_system_actual=3&a=0.41196209192276 HTTP/1.1" 200 134370
191.95.243.112 - - [07/Apr/2015:07:02:11 -0500] "GET /forest/session.jsp?a=0.8515440442133695 HTTP/1.1" 200 4
191.95.243.112 - - [07/Apr/2015:07:01:43 -0500] "GET /ForestMSG_SDA/channelAsync/template_word_17856033?X-Atmosphere-tracking-id=6f617740-dc24-9046-5ea4-aa296da7f692&X-Atmosphere-Framework=1.0.5&X-Atmosphere-Transport=long-polling&tabid=0.30629149405285716&X-Cache-Date=0&Content-Type=application/xml&_=1428408288674 HTTP/1.1" 200 8193
191.95.243.112 - - [07/Apr/2015:07:02:15 -0500] "GET /forest/actions/forms.getList?codForm=Correspondencia_Firmar_Borrador_Aprobado&id=funcionarioasignado&text=d HTTP/1.1" 200 1281
191.95.243.112 - - [07/Apr/2015:07:02:16 -0500] "GET /forest/actions/forms.getList?codForm=Correspondencia_Firmar_Borrador_Aprobado&id=funcionarioasignado&text=da HTTP/1.1" 200 1272
191.95.243.112 - - [07/Apr/2015:07:02:16 -0500] "GET /forest/actions/forms.getList?codForm=Correspondencia_Firmar_Borrador_Aprobado&id=funcionarioasignado&text=dar HTTP/1.1" 200 622
191.95.243.112 - - [07/Apr/2015:07:02:16 -0500] "GET /forest/actions/forms.getList?codForm=Correspondencia_Firmar_Borrador_Aprobado&id=funcionarioasignado&text=dari HTTP/1.1" 200 198
191.95.243.112 - - [07/Apr/2015:07:02:17 -0500] "GET /forest/actions/forms.getList?codForm=Correspondencia_Firmar_Borrador_Aprobado&id=funcionarioasignado&text=dario HTTP/1.1" 200 198
191.95.243.112 - - [07/Apr/2015:07:02:18 -0500] "GET /forest/actions/forms.getList?codForm=Correspondencia_Firmar_Borrador_Aprobado&id=funcionarioasignado&text=dari HTTP/1.1" 200 198
191.95.243.112 - - [07/Apr/2015:07:02:18 -0500] "GET /forest/actions/forms.getList?codForm=Correspondencia_Firmar_Borrador_Aprobado&id=funcionarioasignado&text=dar HTTP/1.1" 200 622
191.95.243.112 - - [07/Apr/2015:07:02:18 -0500] "GET /forest/actions/forms.getList?codForm=Correspondencia_Firmar_Borrador_Aprobado&id=funcionarioasignado&text=da HTTP/1.1" 200 1272
191.95.243.112 - - [07/Apr/2015:07:02:19 -0500] "GET /forest/actions/forms.getList?codForm=Correspondencia_Firmar_Borrador_Aprobado&id=funcionarioasignado&text=d HTTP/1.1" 200 1281
191.95.243.112 - - [07/Apr/2015:07:02:19 -0500] "GET /forest/actions/forms.getList?codForm=Correspondencia_Firmar_Borrador_Aprobado&id=funcionarioasignado&text= HTTP/1.1" 200 1251
191.95.243.112 - - [07/Apr/2015:07:02:19 -0500] "GET /forest/actions/forms.getList?codForm=Correspondencia_Firmar_Borrador_Aprobado&id=funcionarioasignado&text=r HTTP/1.1" 200 1251
191.95.243.112 - - [07/Apr/2015:07:02:19 -0500] "GET /forest/actions/forms.getList?codForm=Correspondencia_Firmar_Borrador_Aprobado&id=funcionarioasignado&text=ru HTTP/1.1" 200 1229
191.95.243.112 - - [07/Apr/2015:07:02:20 -0500] "GET /forest/actions/forms.getList?codForm=Correspondencia_Firmar_Borrador_Aprobado&id=funcionarioasignado&text=rus HTTP/1.1" 200 58
191.95.243.112 - - [07/Apr/2015:07:02:20 -0500] "GET /forest/actions/forms.getList?codForm=Correspondencia_Firmar_Borrador_Aprobado&id=funcionarioasignado&text=russy HTTP/1.1" 200 58
191.95.243.112 - - [07/Apr/2015:07:02:20 -0500] "GET /forest/actions/forms.getList?codForm=Correspondencia_Firmar_Borrador_Aprobado&id=funcionarioasignado&text=russ HTTP/1.1" 200 58
186.84.0.84 - - [07/Apr/2015:07:02:21 -0500] "GET /BLA/boletinlegal/js/jquery.scrollTo-min.js HTTP/1.1" 200 1150
186.84.0.84 - - [07/Apr/2015:07:02:21 -0500] "GET /BLA/boletinlegal/js/jquery.scrollShow.js HTTP/1.1" 200 4586
186.84.0.84 - - [07/Apr/2015:07:02:21 -0500] "GET /galeria/galeria/jquery.fancybox.js?v=2.1.5 HTTP/1.1" 200 48706
186.84.0.84 - - [07/Apr/2015:07:02:21 -0500] "GET /galeria/galeria/jquery.fancybox.css?v=2.1.5 HTTP/1.1" 200 4895
186.84.0.84 - - [07/Apr/2015:07:02:23 -0500] "GET /BLA/boletinlegal/js/jquery.scrollTo-min.js HTTP/1.1" 304 -
186.84.0.84 - - [07/Apr/2015:07:02:23 -0500] "GET /BLA/boletinlegal/js/jquery.scrollShow.js HTTP/1.1" 304 -
186.84.0.84 - - [07/Apr/2015:07:02:23 -0500] "GET /galeria/galeria/jquery.fancybox.js?v=2.1.5 HTTP/1.1" 304 -
186.84.0.84 - - [07/Apr/2015:07:02:23 -0500] "GET /galeria/galeria/jquery.fancybox.css?v=2.1.5 HTTP/1.1" 304 -
191.95.243.112 - - [07/Apr/2015:07:02:22 -0500] "POST /forest/usutareas.do? HTTP/1.1" 200 76
191.95.243.112 - - [07/Apr/2015:07:02:24 -0500] "GET /forest/usutareas.do?group_system_actual=3&a=0.20855385204777122 HTTP/1.1" 200 21883
191.95.243.112 - - [07/Apr/2015:07:02:25 -0500] "GET /forest/session.jsp?a=0.3747320855036378 HTTP/1.1" 200 4
191.95.243.112 - - [07/Apr/2015:07:02:26 -0500] "GET /forest/index2.jsp?_a=0.5146742283832282 HTTP/1.1" 200 62005
191.95.243.112 - - [07/Apr/2015:07:02:28 -0500] "GET /forest/session.jsp?a=0.7094131561461836 HTTP/1.1" 200 4
191.95.243.112 - - [07/Apr/2015:07:02:31 -0500] "GET /forest/usutareas.do?group_system_actual=3&codTraEsc=17854477&_a=0.5756767444476044 HTTP/1.1" 200 134224
191.95.243.112 - - [07/Apr/2015:07:02:33 -0500] "GET /forest/session.jsp?a=0.9083248279057443 HTTP/1.1" 200 4
191.95.243.112 - - [07/Apr/2015:07:02:36 -0500] "GET /forest/skins/gdocs-jar/popup/escritorio/subirborrador.jsp?form=Correspondencia_Firmar_Borrador_Aprobado&codTpl=621&codBorr=&a=0.9150752816349268 HTTP/1.1" 200 23285
191.95.243.112 - - [07/Apr/2015:07:02:36 -0500] "GET /forest/json.do?query=borradoresByTpls&codInst=3100680&codTare=701&firma=1&a=0.9544110798742622 HTTP/1.1" 200 183
191.95.243.112 - - [07/Apr/2015:07:02:37 -0500] "GET /forest/json.do?query=terceroById&numTer=899999061-9%20SDA&a=0.5723341861739755 HTTP/1.1" 200 683
191.95.243.112 - - [07/Apr/2015:07:02:37 -0500] "GET /forest/json.do?query=plantillasByTarea&codTare=701&codInst=3100680&firma=1&a=0.20523107913322747 HTTP/1.1" 200 904
191.95.243.112 - - [07/Apr/2015:07:02:37 -0500] "GET /forest/json.do?query=terceroById&numTer=899999061-9%20SDA&a=0.10614093276672065 HTTP/1.1" 200 683
