191.95.243.112 - - [07/Apr/2015:06:49:40 -0500] "GET /forest/json.do?query=ultimoBorradorByTpl&codTpl=901&codInst=3102162&a=0.3046052085701376 HTTP/1.1" 200 2
191.95.243.112 - - [07/Apr/2015:06:49:40 -0500] "GET /forest/json.do?query=ultimoBorradorByTpl&codTpl=501&codInst=3102162&a=0.03009946714155376 HTTP/1.1" 200 2
191.95.243.112 - - [07/Apr/2015:06:49:41 -0500] "GET /forest/json.do?query=ultimoBorradorByTpl&codTpl=1301&codInst=3102162&a=0.61250139051117 HTTP/1.1" 200 2
5.9.156.107 - - [07/Apr/2015:06:49:42 -0500] "GET /Anexos%20estudio%20Organizacional%20SDA/index.php?dir=ANEXO%20No.%201-%20NORMAS%20LEGALES%20DE%20ESTRUCTURA%20Y%20PLANTA/Decreto%20673%20de%201995%20Reestructura%20el%20DAMA_files/&sort=size&order=asc HTTP/1.0" 200 9500
190.255.248.61 - - [07/Apr/2015:06:49:43 -0500] "GET /galeria/nivo-slider/demo/images/4Simple_Slider.png HTTP/1.1" 200 11722
5.9.156.107 - - [07/Apr/2015:06:49:44 -0500] "GET /Anexos%20estudio%20Organizacional%20SDA/index.php?dir=ANEXO%20No.%201-%20NORMAS%20LEGALES%20DE%20ESTRUCTURA%20Y%20PLANTA/Decreto%20distrital%20110%20de%202009%20-%20modifica%20planta%20de%20empleos%20SDA.jsp_files/&sort=date&order=asc HTTP/1.0" 200 10456
190.7.146.170 - - [07/Apr/2015:06:49:45 -0500] "GET /BLA/resoluciones/RESOLUCIONES%202007/RES%202007%201301%20AL%201400/RESOLUCION%201356%20DE%202007.pdf HTTP/1.1" 200 58330
190.7.146.170 - - [07/Apr/2015:06:49:46 -0500] "GET /favicon.ico HTTP/1.1" 200 7782
190.255.248.61 - - [07/Apr/2015:06:49:46 -0500] "GET /galeria/nivo-slider/demo/images/Ruta-vertimientos-01.jpg HTTP/1.1" 200 130151
191.95.243.112 - - [07/Apr/2015:06:49:47 -0500] "POST /forest/usutareas.do?group_system_actual=3 HTTP/1.1" 200 205
190.255.248.61 - - [07/Apr/2015:06:49:48 -0500] "GET /galeria/nivo-slider/demo/images/banner-V2.jpg HTTP/1.1" 200 59297
190.255.248.61 - - [07/Apr/2015:06:49:48 -0500] "GET /videos/DiadelatierraHD_1min.flv HTTP/1.1" 200 7316200
190.255.248.61 - - [07/Apr/2015:06:49:48 -0500] "GET /galeria/nivo-slider/demo/images/banner-llantas2.jpg HTTP/1.1" 200 73153
5.9.156.107 - - [07/Apr/2015:06:49:48 -0500] "GET /Anexos%20estudio%20Organizacional%20SDA/index.php?dir=ANEXO%20No.%201-%20NORMAS%20LEGALES%20DE%20ESTRUCTURA%20Y%20PLANTA/Decreto%20distrital%20110%20de%202009%20-%20modifica%20planta%20de%20empleos%20SDA.jsp_files/&sort=name&order=desc HTTP/1.0" 200 10821
191.95.243.112 - - [07/Apr/2015:06:49:36 -0500] "GET /ForestMSG_SDA/channelAsync/template_word_17857025?X-Atmosphere-tracking-id=94cf919c-61f8-109f-b946-c4a6164c92c2&X-Atmosphere-Framework=1.0.5&X-Atmosphere-Transport=long-polling&tabid=0.09465168649330735&X-Cache-Date=0&Content-Type=application/xml&_=1428407561758 HTTP/1.1" 200 8193
191.95.243.112 - - [07/Apr/2015:06:49:49 -0500] "GET /forest/usutareas.do?group_system_actual=3&a=0.16318464209325612 HTTP/1.1" 200 156491
5.9.156.107 - - [07/Apr/2015:06:49:51 -0500] "GET /Anexos%20estudio%20Organizacional%20SDA/index.php?dir=ANEXO%20No.%201-%20NORMAS%20LEGALES%20DE%20ESTRUCTURA%20Y%20PLANTA/Decreto%20distrital%20110%20de%202009%20-%20modifica%20planta%20de%20empleos%20SDA.jsp_files/&sort=size&order=asc HTTP/1.0" 200 10994
191.95.243.112 - - [07/Apr/2015:06:49:52 -0500] "GET /forest/session.jsp?a=0.6814749641343951 HTTP/1.1" 200 4
191.95.243.112 - - [07/Apr/2015:06:49:53 -0500] "GET /forest/skins/gdocs-jar/popup/escritorio/subirborrador.jsp?form=Correspondencia_Firmar_Borrador_Aprobado&codTpl=&codBorr=572884&a=0.16552919312380254 HTTP/1.1" 200 23291
191.95.243.112 - - [07/Apr/2015:06:49:54 -0500] "GET /forest/json.do?query=borradoresByTpls&codInst=3102162&codTare=701&firma=1&a=0.6455039118882269 HTTP/1.1" 200 3084
5.9.156.107 - - [07/Apr/2015:06:49:54 -0500] "GET /Anexos%20estudio%20Organizacional%20SDA/index.php?dir=ANEXO%20No.%201-%20NORMAS%20LEGALES%20DE%20ESTRUCTURA%20Y%20PLANTA/Ley%2099%20de%201993%20-%20Crea%20MimAmbiente_files/&sort=date&order=asc HTTP/1.0" 200 10157
191.95.243.112 - - [07/Apr/2015:06:49:54 -0500] "GET /forest/json.do?query=plantillasByTarea&codTare=701&codInst=3102162&firma=1&a=0.2762857766356319 HTTP/1.1" 200 904
191.95.243.112 - - [07/Apr/2015:06:49:54 -0500] "GET /forest/json.do?query=terceroById&numTer=899999061-9%20SDA&a=0.42727884580381215 HTTP/1.1" 200 683
191.95.243.112 - - [07/Apr/2015:06:49:54 -0500] "GET /forest/json.do?query=datosBorradorByCodTraBorr&codTraBorr=1708139&a=0.8733072432223707 HTTP/1.1" 200 180
191.95.243.112 - - [07/Apr/2015:06:49:55 -0500] "GET /forest/json.do?query=adjuntosByBorrador&codTraBorr=1708139&a=0.829670894658193 HTTP/1.1" 200 2
191.95.243.112 - - [07/Apr/2015:06:49:55 -0500] "GET /forest/json.do?query=ultimoBorradorByTpl&codTpl=621&codInst=3102162&a=0.67067059292458 HTTP/1.1" 200 2
191.95.243.112 - - [07/Apr/2015:06:49:55 -0500] "GET /forest/json.do?query=datosBorradorByCodTraBorr&codTraBorr=1708139&a=0.12071544351056218 HTTP/1.1" 200 180
191.95.243.112 - - [07/Apr/2015:06:49:55 -0500] "GET /forest/json.do?query=ultimoBorradorByTpl&codTpl=1201&codInst=3102162&a=0.20529467961750925 HTTP/1.1" 200 2
191.95.243.112 - - [07/Apr/2015:06:49:55 -0500] "GET /forest/json.do?query=ultimoBorradorByTpl&codTpl=641&codInst=3102162&a=0.5947364624589682 HTTP/1.1" 200 20
191.95.243.112 - - [07/Apr/2015:06:49:55 -0500] "GET /forest/json.do?query=ultimoBorradorByTpl&codTpl=901&codInst=3102162&a=0.976405834313482 HTTP/1.1" 200 2
190.255.248.61 - - [07/Apr/2015:06:49:55 -0500] "GET /galeria/nivo-slider/themes/default/arrows.png HTTP/1.1" 200 824
190.255.248.61 - - [07/Apr/2015:06:49:55 -0500] "GET /galeria/nivo-slider/themes/default/bullets.png HTTP/1.1" 200 1281
191.95.243.112 - - [07/Apr/2015:06:49:56 -0500] "GET /forest/json.do?query=ultimoBorradorByTpl&codTpl=501&codInst=3102162&a=0.5592144855763763 HTTP/1.1" 200 2
191.95.243.112 - - [07/Apr/2015:06:49:56 -0500] "GET /forest/json.do?query=ultimoBorradorByTpl&codTpl=1301&codInst=3102162&a=0.7185791954398155 HTTP/1.1" 200 2
5.9.156.107 - - [07/Apr/2015:06:49:57 -0500] "GET /Anexos%20estudio%20Organizacional%20SDA/index.php?dir=ANEXO%20No.%201-%20NORMAS%20LEGALES%20DE%20ESTRUCTURA%20Y%20PLANTA/Ley%2099%20de%201993%20-%20Crea%20MimAmbiente_files/&sort=name&order=desc HTTP/1.0" 200 9692
5.9.156.107 - - [07/Apr/2015:06:49:59 -0500] "GET /Anexos%20estudio%20Organizacional%20SDA/index.php?dir=ANEXO%20No.%201-%20NORMAS%20LEGALES%20DE%20ESTRUCTURA%20Y%20PLANTA/Ley%2099%20de%201993%20-%20Crea%20MimAmbiente_files/&sort=size&order=asc HTTP/1.0" 200 10011
5.9.156.107 - - [07/Apr/2015:06:50:02 -0500] "GET /Anexos%20estudio%20Organizacional%20SDA/index.php?dir=ANEXO%20No.%2010%20-%20COSTO%20DETALLADO%20PLANTA%20DE%20CARGOS%20ACTUAL/&sort=name&order=desc HTTP/1.0" 200 2420
191.95.243.112 - - [07/Apr/2015:06:50:02 -0500] "POST /forest/usutareas.do?group_system_actual=3 HTTP/1.1" 200 212
5.9.156.107 - - [07/Apr/2015:06:50:04 -0500] "GET /Anexos%20estudio%20Organizacional%20SDA/index.php?dir=ANEXO%20No.%202%20-%20EJECUCIONES%20PRESUPUESTALES%202008-2011%20Y%20PRESUPUESTO%202012/&sort=name&order=desc HTTP/1.0" 200 3707
191.95.243.112 - - [07/Apr/2015:06:50:04 -0500] "GET /forest/usutareas.do?group_system_actual=3&a=0.9149479656480253 HTTP/1.1" 200 154972
191.95.243.112 - - [07/Apr/2015:06:49:51 -0500] "GET /ForestMSG_SDA/channelAsync/template_word_17857025?X-Atmosphere-tracking-id=ad984979-d7c0-48b6-3d8f-a173e259c4a8&X-Atmosphere-Framework=1.0.5&X-Atmosphere-Transport=long-polling&tabid=0.48506263201124966&X-Cache-Date=0&Content-Type=application/xml&_=1428407577396 HTTP/1.1" 200 8193
191.95.243.112 - - [07/Apr/2015:06:50:06 -0500] "GET /forest/session.jsp?a=0.05774022522382438 HTTP/1.1" 200 4
5.9.156.107 - - [07/Apr/2015:06:50:07 -0500] "GET /Anexos%20estudio%20Organizacional%20SDA/index.php?dir=ANEXO%20No.%205%20-%20ESTUDIO%20Y%20PROPUESTA%20SERAMB%20IENTE/&sort=name&order=desc HTTP/1.0" 200 3622
191.95.243.112 - - [07/Apr/2015:06:50:08 -0500] "GET /forest/skins/gdocs-jar/popup/escritorio/subirborrador.jsp?form=Correspondencia_Firmar_Borrador_Aprobado&codTpl=&codBorr=572882&a=0.18910476146265864 HTTP/1.1" 200 23291
191.95.243.112 - - [07/Apr/2015:06:50:08 -0500] "GET /forest/json.do?query=borradoresByTpls&codInst=3102162&codTare=701&firma=1&a=0.528071956243366 HTTP/1.1" 200 2899
191.95.243.112 - - [07/Apr/2015:06:50:08 -0500] "GET /forest/json.do?query=plantillasByTarea&codTare=701&codInst=3102162&firma=1&a=0.9902871970552951 HTTP/1.1" 200 904
191.95.243.112 - - [07/Apr/2015:06:50:08 -0500] "GET /forest/json.do?query=terceroById&numTer=899999061-9%20SDA&a=0.8964035660028458 HTTP/1.1" 200 683
191.95.243.112 - - [07/Apr/2015:06:50:09 -0500] "GET /forest/json.do?query=datosBorradorByCodTraBorr&codTraBorr=1708137&a=0.2350187855772674 HTTP/1.1" 200 180
191.95.243.112 - - [07/Apr/2015:06:50:09 -0500] "GET /forest/json.do?query=adjuntosByBorrador&codTraBorr=1708137&a=0.5827383575960994 HTTP/1.1" 200 2
191.95.243.112 - - [07/Apr/2015:06:50:09 -0500] "GET /forest/json.do?query=ultimoBorradorByTpl&codTpl=621&codInst=3102162&a=0.08533021528273821 HTTP/1.1" 200 2
191.95.243.112 - - [07/Apr/2015:06:50:09 -0500] "GET /forest/json.do?query=datosBorradorByCodTraBorr&codTraBorr=1708137&a=0.743433581199497 HTTP/1.1" 200 180
5.9.156.107 - - [07/Apr/2015:06:50:09 -0500] "GET /Anexos%20estudio%20Organizacional%20SDA/index.php?dir=ANEXO%20No.%207%20-%20PROYECTO%20DE%20DECRETO%20MODIFICATORIO%20DE%20ESTRUCTURA%20DE%20LA%20SDA/&sort=name&order=desc HTTP/1.0" 200 2593
191.95.243.112 - - [07/Apr/2015:06:50:10 -0500] "GET /forest/json.do?query=ultimoBorradorByTpl&codTpl=1201&codInst=3102162&a=0.6530262439046055 HTTP/1.1" 200 2
191.95.243.112 - - [07/Apr/2015:06:50:10 -0500] "GET /forest/json.do?query=ultimoBorradorByTpl&codTpl=641&codInst=3102162&a=0.8863923267927021 HTTP/1.1" 200 20
191.95.243.112 - - [07/Apr/2015:06:50:10 -0500] "GET /forest/json.do?query=ultimoBorradorByTpl&codTpl=901&codInst=3102162&a=0.6661550693679601 HTTP/1.1" 200 2
191.95.243.112 - - [07/Apr/2015:06:50:11 -0500] "GET /forest/json.do?query=ultimoBorradorByTpl&codTpl=501&codInst=3102162&a=0.981616378063336 HTTP/1.1" 200 2
191.95.243.112 - - [07/Apr/2015:06:50:11 -0500] "GET /forest/json.do?query=ultimoBorradorByTpl&codTpl=1301&codInst=3102162&a=0.6685301321558654 HTTP/1.1" 200 2
5.9.156.107 - - [07/Apr/2015:06:50:12 -0500] "GET /Anexos%20estudio%20Organizacional%20SDA/index.php?dir=ANEXO%20No.11-PROYECTO%20DE%20DECRETO%20MODIFICATORIO%20PLANTA%20DE%20CARGOS%20SDA/&sort=name&order=desc HTTP/1.0" 200 2568
5.9.156.107 - - [07/Apr/2015:06:50:14 -0500] "GET /Anexos%20estudio%20Organizacional%20SDA/index.php?dir=ANEXO%20No.12-PROYECTO%20ACTUALIZACION%20MANUAL%20DE%20FUNCIONES%20SDA/&sort=name&order=desc HTTP/1.0" 200 2514
188.165.15.188 - - [07/Apr/2015:06:50:16 -0500] "GET /BLA/resoluciones/RESOLUCIONES%202003/RES%202003%201951-2000/00001957.tif HTTP/1.1" 200 220390
5.9.156.107 - - [07/Apr/2015:06:50:16 -0500] "GET /Autoliquidacion/Grupo%20Forestal%20-%20Industria%20de%20la%20Madera/quejas HTTP/1.0" 404 1015
191.95.243.112 - - [07/Apr/2015:06:50:17 -0500] "POST /forest/usutareas.do?group_system_actual=3 HTTP/1.1" 200 192
5.9.156.107 - - [07/Apr/2015:06:50:19 -0500] "GET /Autoliquidacion/Solicitudes%20relacionadas%20con%20calidad%20del%20aire%20auditiva%20y%20visual/Registro%20de%20Elementos%20de%20publicidad%20Exterior%20Visual/Aplicativo%20PEV%202015.htm HTTP/1.0" 200 327
5.9.156.107 - - [07/Apr/2015:06:50:22 -0500] "GET /Autoliquidacion/index.php?dir=&sort=name&order=asc HTTP/1.0" 200 6375
191.95.243.112 - - [07/Apr/2015:06:50:20 -0500] "GET /forest/usutareas.do?group_system_actual=3&a=0.6507876859977841 HTTP/1.1" 200 153493
191.95.243.112 - - [07/Apr/2015:06:50:05 -0500] "GET /ForestMSG_SDA/channelAsync/template_word_17857025?X-Atmosphere-tracking-id=c37fcefa-8134-f549-7ee9-8199a8a88bd7&X-Atmosphere-Framework=1.0.5&X-Atmosphere-Transport=long-polling&tabid=0.28978967759758234&X-Cache-Date=0&Content-Type=application/xml&_=1428407591746 HTTP/1.1" 200 8193
191.95.243.112 - - [07/Apr/2015:06:50:24 -0500] "GET /forest/session.jsp?a=0.5229928325861692 HTTP/1.1" 200 4
5.9.156.107 - - [07/Apr/2015:06:50:25 -0500] "GET /Autoliquidacion/index.php?dir=Cobro%20Clasificacion%20Uso%20De%20Vivenda%20En%20Suelo%20Restringido/&sort=name&order=desc HTTP/1.0" 200 3194
191.95.243.112 - - [07/Apr/2015:06:50:26 -0500] "GET /forest/skins/gdocs-jar/popup/escritorio/subirborrador.jsp?form=Correspondencia_Firmar_Borrador_Aprobado&codTpl=641&codBorr=&a=0.41811600234359503 HTTP/1.1" 200 23285
191.95.243.112 - - [07/Apr/2015:06:50:26 -0500] "GET /forest/json.do?query=borradoresByTpls&codInst=3102162&codTare=701&firma=1&a=0.5964892387855798 HTTP/1.1" 200 2734
191.95.243.112 - - [07/Apr/2015:06:50:27 -0500] "GET /forest/json.do?query=plantillasByTarea&codTare=701&codInst=3102162&firma=1&a=0.6732810733374208 HTTP/1.1" 200 904
191.95.243.112 - - [07/Apr/2015:06:50:27 -0500] "GET /forest/json.do?query=terceroById&numTer=899999061-9%20SDA&a=0.38101676129736006 HTTP/1.1" 200 683
191.95.243.112 - - [07/Apr/2015:06:50:27 -0500] "GET /forest/json.do?query=terceroById&numTer=899999061-9%20SDA&a=0.830927511677146 HTTP/1.1" 200 683
191.95.243.112 - - [07/Apr/2015:06:50:27 -0500] "GET /forest/json.do?query=ultimoBorradorByTpl&codTpl=621&codInst=3102162&a=0.5447928609792143 HTTP/1.1" 200 2
191.95.243.112 - - [07/Apr/2015:06:50:27 -0500] "GET /forest/json.do?query=ultimoBorradorByTpl&codTpl=1201&codInst=3102162&a=0.6939568519592285 HTTP/1.1" 200 2
191.95.243.112 - - [07/Apr/2015:06:50:27 -0500] "GET /forest/json.do?query=ultimoBorradorByTpl&codTpl=641&codInst=3102162&a=0.1489366707392037 HTTP/1.1" 200 20
5.9.156.107 - - [07/Apr/2015:06:50:27 -0500] "GET /Autoliquidacion/index.php?dir=Cobro%20Clasificacion%20Uso%20De%20Vivenda%20En%20Suelo%20Restringido/COMPATIBILIDAD%20USO%20DE%20VIVIENDA/ HTTP/1.0" 200 2813
191.95.243.112 - - [07/Apr/2015:06:50:28 -0500] "GET /forest/json.do?query=ultimoBorradorByTpl&codTpl=901&codInst=3102162&a=0.32275614561513066 HTTP/1.1" 200 2
191.95.243.112 - - [07/Apr/2015:06:50:28 -0500] "GET /forest/json.do?query=ultimoBorradorByTpl&codTpl=501&codInst=3102162&a=0.29391383775509894 HTTP/1.1" 200 2
191.95.243.112 - - [07/Apr/2015:06:50:28 -0500] "GET /forest/json.do?query=ultimoBorradorByTpl&codTpl=1301&codInst=3102162&a=0.09742826456204057 HTTP/1.1" 200 2
5.9.156.107 - - [07/Apr/2015:06:50:30 -0500] "GET /Autoliquidacion/index.php?dir=Cobro%20Clasificacion%20Uso%20De%20Vivenda%20En%20Suelo%20Restringido/COMPATIBILIDAD%20USO%20DE%20VIVIENDA/&sort=name&order=asc HTTP/1.0" 200 2813
191.95.243.112 - - [07/Apr/2015:06:50:31 -0500] "GET /forest/skins/gdocs-jar/popup/escritorio/subirborrador.jsp?form=Correspondencia_Firmar_Borrador_Aprobado&codTpl=&codBorr=572879&a=0.6963092358782887 HTTP/1.1" 200 23291
191.95.243.112 - - [07/Apr/2015:06:50:31 -0500] "GET /forest/json.do?query=borradoresByTpls&codInst=3102162&codTare=701&firma=1&a=0.39370882883667946 HTTP/1.1" 200 2734
191.95.243.112 - - [07/Apr/2015:06:50:31 -0500] "GET /forest/json.do?query=plantillasByTarea&codTare=701&codInst=3102162&firma=1&a=0.7337474271189421 HTTP/1.1" 200 904
191.95.243.112 - - [07/Apr/2015:06:50:32 -0500] "GET /forest/json.do?query=terceroById&numTer=899999061-9%20SDA&a=0.3346899445168674 HTTP/1.1" 200 683
191.95.243.112 - - [07/Apr/2015:06:50:32 -0500] "GET /forest/json.do?query=datosBorradorByCodTraBorr&codTraBorr=1708133&a=0.5954832145944238 HTTP/1.1" 200 180
191.95.243.112 - - [07/Apr/2015:06:50:32 -0500] "GET /forest/json.do?query=adjuntosByBorrador&codTraBorr=1708133&a=0.4926776187494397 HTTP/1.1" 200 2
191.95.243.112 - - [07/Apr/2015:06:50:32 -0500] "GET /forest/json.do?query=ultimoBorradorByTpl&codTpl=621&codInst=3102162&a=0.15752486139535904 HTTP/1.1" 200 2
191.95.243.112 - - [07/Apr/2015:06:50:32 -0500] "GET /forest/json.do?query=datosBorradorByCodTraBorr&codTraBorr=1708133&a=0.1081577455624938 HTTP/1.1" 200 180
191.95.243.112 - - [07/Apr/2015:06:50:32 -0500] "GET /forest/json.do?query=ultimoBorradorByTpl&codTpl=1201&codInst=3102162&a=0.051892176968976855 HTTP/1.1" 200 2
191.95.243.112 - - [07/Apr/2015:06:50:32 -0500] "GET /forest/json.do?query=ultimoBorradorByTpl&codTpl=641&codInst=3102162&a=0.43763117818161845 HTTP/1.1" 200 20
191.95.243.112 - - [07/Apr/2015:06:50:33 -0500] "GET /forest/json.do?query=ultimoBorradorByTpl&codTpl=901&codInst=3102162&a=0.34019475243985653 HTTP/1.1" 200 2
191.95.243.112 - - [07/Apr/2015:06:50:33 -0500] "GET /forest/json.do?query=ultimoBorradorByTpl&codTpl=501&codInst=3102162&a=0.8308743711095303 HTTP/1.1" 200 2
5.9.156.107 - - [07/Apr/2015:06:50:33 -0500] "GET /Autoliquidacion/index.php?dir=Fauna%20Silvestre/&sort=name&order=desc HTTP/1.0" 200 3501
191.95.243.112 - - [07/Apr/2015:06:50:33 -0500] "GET /forest/json.do?query=ultimoBorradorByTpl&codTpl=1301&codInst=3102162&a=0.7082120024133474 HTTP/1.1" 200 2
5.9.156.107 - - [07/Apr/2015:06:50:36 -0500] "GET /Autoliquidacion/index.php?dir=Grupo%20Forestal%20-%20Industria%20de%20la%20Madera/&sort=date&order=asc HTTP/1.0" 200 7134
5.9.156.107 - - [07/Apr/2015:06:50:38 -0500] "GET /Autoliquidacion/index.php?dir=Grupo%20Forestal%20-%20Industria%20de%20la%20Madera/&sort=name&order=desc HTTP/1.0" 200 7133
191.95.243.112 - - [07/Apr/2015:06:50:39 -0500] "POST /forest/usutareas.do?group_system_actual=3 HTTP/1.1" 200 190
5.9.156.107 - - [07/Apr/2015:06:50:41 -0500] "GET /Autoliquidacion/index.php?dir=Grupo%20Forestal%20-%20Industria%20de%20la%20Madera/&sort=size&order=asc HTTP/1.0" 200 7134
191.95.243.112 - - [07/Apr/2015:06:50:41 -0500] "GET /forest/usutareas.do?group_system_actual=3&a=0.18595128739252687 HTTP/1.1" 200 152018
191.95.243.112 - - [07/Apr/2015:06:50:23 -0500] "GET /ForestMSG_SDA/channelAsync/template_word_17857025?X-Atmosphere-tracking-id=48c2936c-f46c-b6f6-24f2-3e523d6656f9&X-Atmosphere-Framework=1.0.5&X-Atmosphere-Transport=long-polling&tabid=0.96640664502047&X-Cache-Date=0&Content-Type=application/xml&_=1428407609527 HTTP/1.1" 200 8193
191.95.243.112 - - [07/Apr/2015:06:50:43 -0500] "GET /forest/session.jsp?a=0.20010388316586614 HTTP/1.1" 200 4
5.9.156.107 - - [07/Apr/2015:06:50:44 -0500] "GET /Autoliquidacion/index.php?dir=Grupo%20Forestal%20-%20Silvicultura/&sort=date&order=asc HTTP/1.0" 200 5777
191.95.243.112 - - [07/Apr/2015:06:50:45 -0500] "GET /forest/skins/gdocs-jar/popup/escritorio/subirborrador.jsp?form=Correspondencia_Firmar_Borrador_Aprobado&codTpl=&codBorr=572878&a=0.027439236640930176 HTTP/1.1" 200 23291
191.95.243.112 - - [07/Apr/2015:06:50:45 -0500] "GET /forest/json.do?query=borradoresByTpls&codInst=3102162&codTare=701&firma=1&a=0.7135631542187184 HTTP/1.1" 200 2571
191.95.243.112 - - [07/Apr/2015:06:50:45 -0500] "GET /forest/json.do?query=plantillasByTarea&codTare=701&codInst=3102162&firma=1&a=0.5306121031753719 HTTP/1.1" 200 904
191.95.243.112 - - [07/Apr/2015:06:50:45 -0500] "GET /forest/json.do?query=terceroById&numTer=899999061-9%20SDA&a=0.07893937034532428 HTTP/1.1" 200 683
191.95.243.112 - - [07/Apr/2015:06:50:46 -0500] "GET /forest/json.do?query=datosBorradorByCodTraBorr&codTraBorr=1708132&a=0.3208907356020063 HTTP/1.1" 200 180
191.95.243.112 - - [07/Apr/2015:06:50:46 -0500] "GET /forest/json.do?query=adjuntosByBorrador&codTraBorr=1708132&a=0.43538891011849046 HTTP/1.1" 200 2
191.95.243.112 - - [07/Apr/2015:06:50:46 -0500] "GET /forest/json.do?query=ultimoBorradorByTpl&codTpl=621&codInst=3102162&a=0.033128051087260246 HTTP/1.1" 200 2
191.95.243.112 - - [07/Apr/2015:06:50:46 -0500] "GET /forest/json.do?query=datosBorradorByCodTraBorr&codTraBorr=1708132&a=0.972154684830457 HTTP/1.1" 200 180
191.95.243.112 - - [07/Apr/2015:06:50:46 -0500] "GET /forest/json.do?query=ultimoBorradorByTpl&codTpl=1201&codInst=3102162&a=0.5442347472999245 HTTP/1.1" 200 2
191.95.243.112 - - [07/Apr/2015:06:50:46 -0500] "GET /forest/json.do?query=ultimoBorradorByTpl&codTpl=641&codInst=3102162&a=0.29519332107156515 HTTP/1.1" 200 20
5.9.156.107 - - [07/Apr/2015:06:50:47 -0500] "GET /Autoliquidacion/index.php?dir=Grupo%20Forestal%20-%20Silvicultura/&sort=name&order=desc HTTP/1.0" 200 5776
191.95.243.112 - - [07/Apr/2015:06:50:47 -0500] "GET /forest/json.do?query=ultimoBorradorByTpl&codTpl=901&codInst=3102162&a=0.26809986401349306 HTTP/1.1" 200 2
191.95.243.112 - - [07/Apr/2015:06:50:47 -0500] "GET /forest/json.do?query=ultimoBorradorByTpl&codTpl=501&codInst=3102162&a=0.8687580504920334 HTTP/1.1" 200 2
191.95.243.112 - - [07/Apr/2015:06:50:47 -0500] "GET /forest/json.do?query=ultimoBorradorByTpl&codTpl=1301&codInst=3102162&a=0.5262061138637364 HTTP/1.1" 200 2
190.255.248.61 - - [07/Apr/2015:06:50:49 -0500] "GET /videos/ArchivoSDA.flv HTTP/1.1" 200 31205279
5.9.156.107 - - [07/Apr/2015:06:50:50 -0500] "GET /Autoliquidacion/index.php?dir=Grupo%20Forestal%20-%20Silvicultura/&sort=size&order=asc HTTP/1.0" 200 5777
5.9.156.107 - - [07/Apr/2015:06:50:53 -0500] "GET /Autoliquidacion/index.php?dir=PERMISO%20DE%20OCUPACION%20DE%20SUELO/&sort=name&order=desc HTTP/1.0" 200 2393
191.95.243.112 - - [07/Apr/2015:06:50:53 -0500] "POST /forest/usutareas.do?group_system_actual=3 HTTP/1.1" 200 127
5.9.156.107 - - [07/Apr/2015:06:50:55 -0500] "GET /Autoliquidacion/index.php?dir=Plan%20de%20manejo%20ambiental%20para%20sitios%20de%20aprovechamiento%20y%20o%20disposicion%20final%20de%20escombros/&sort=name&order=desc HTTP/1.0" 200 2522
5.9.156.107 - - [07/Apr/2015:06:50:57 -0500] "GET /Autoliquidacion/index.php?dir=Solicitud%20de%20Licencia%20Ambiental/&sort=name&order=desc HTTP/1.0" 200 2641
5.9.156.107 - - [07/Apr/2015:06:50:59 -0500] "GET /Autoliquidacion/index.php?dir=Solicitudes%20relacionadas%20con%20calidad%20del%20aire%20auditiva%20y%20visual/&sort=name&order=desc HTTP/1.0" 200 5747
66.249.64.164 - - [07/Apr/2015:06:51:01 -0500] "GET /BLA/resoluciones/RESOLUCIONES%202011/0147.pdf HTTP/1.1" 200 359432
5.9.156.107 - - [07/Apr/2015:06:51:02 -0500] "GET /Autoliquidacion/index.php?dir=Solicitudes%20relacionadas%20con%20calidad%20del%20aire%20auditiva%20y%20visual/Registro%20de%20Elementos%20de%20publicidad%20Exterior%20Visual/ HTTP/1.0" 200 4037
5.9.156.107 - - [07/Apr/2015:06:51:04 -0500] "GET /Autoliquidacion/index.php?dir=Solicitudes%20relacionadas%20con%20calidad%20del%20aire%20auditiva%20y%20visual/Registro%20de%20Elementos%20de%20publicidad%20Exterior%20Visual/&sort=name&order=asc HTTP/1.0" 200 4037
191.95.243.112 - - [07/Apr/2015:06:51:05 -0500] "POST /forest/usutareas.do?group_system_actual=3 HTTP/1.1" 200 213
5.9.156.107 - - [07/Apr/2015:06:51:07 -0500] "GET /Autoliquidacion/index.php?dir=Solicitudes%20relacionadas%20con%20calidad%20del%20aire%20auditiva%20y%20visual/Registro%20de%20Elementos%20de%20publicidad%20Exterior%20Visual/&sort=size&order=desc HTTP/1.0" 200 4036
191.95.243.112 - - [07/Apr/2015:06:51:06 -0500] "GET /forest/usutareas.do?group_system_actual=3&a=0.6131173013709486 HTTP/1.1" 200 150497
191.95.243.112 - - [07/Apr/2015:06:50:42 -0500] "GET /ForestMSG_SDA/channelAsync/template_word_17857025?X-Atmosphere-tracking-id=5cf8026a-1f20-206a-f21c-b8f2e69791c3&X-Atmosphere-Framework=1.0.5&X-Atmosphere-Transport=long-polling&tabid=0.9066255909856409&X-Cache-Date=0&Content-Type=application/xml&_=1428407628647 HTTP/1.1" 200 8193
191.95.243.112 - - [07/Apr/2015:06:51:08 -0500] "GET /forest/session.jsp?a=0.9852979762945324 HTTP/1.1" 200 4
5.9.156.107 - - [07/Apr/2015:06:51:09 -0500] "GET /Metadatos_final_2014/?C=D;O=D HTTP/1.0" 200 3486
191.95.243.112 - - [07/Apr/2015:06:51:11 -0500] "GET /forest/skins/gdocs-jar/popup/escritorio/subirborrador.jsp?form=Correspondencia_Firmar_Borrador_Aprobado&codTpl=&codBorr=572876&a=0.8760763627942652 HTTP/1.1" 200 23291
191.95.243.112 - - [07/Apr/2015:06:51:11 -0500] "GET /forest/json.do?query=borradoresByTpls&codInst=3102162&codTare=701&firma=1&a=0.7791819251142442 HTTP/1.1" 200 2385
5.9.156.107 - - [07/Apr/2015:06:51:12 -0500] "GET /Metadatos_final_2014/?C=M;O=A HTTP/1.0" 200 3486
191.95.243.112 - - [07/Apr/2015:06:51:12 -0500] "GET /forest/json.do?query=plantillasByTarea&codTare=701&codInst=3102162&firma=1&a=0.7627514274790883 HTTP/1.1" 200 904
191.95.243.112 - - [07/Apr/2015:06:51:12 -0500] "GET /forest/json.do?query=terceroById&numTer=899999061-9%20SDA&a=0.4361977556254715 HTTP/1.1" 200 683
191.95.243.112 - - [07/Apr/2015:06:51:12 -0500] "GET /forest/json.do?query=datosBorradorByCodTraBorr&codTraBorr=1708128&a=0.674868950387463 HTTP/1.1" 200 180
191.95.243.112 - - [07/Apr/2015:06:51:12 -0500] "GET /forest/json.do?query=adjuntosByBorrador&codTraBorr=1708128&a=0.9489825216587633 HTTP/1.1" 200 2
191.95.243.112 - - [07/Apr/2015:06:51:12 -0500] "GET /forest/json.do?query=ultimoBorradorByTpl&codTpl=621&codInst=3102162&a=0.6898245804477483 HTTP/1.1" 200 2
191.95.243.112 - - [07/Apr/2015:06:51:12 -0500] "GET /forest/json.do?query=datosBorradorByCodTraBorr&codTraBorr=1708128&a=0.1978607706259936 HTTP/1.1" 200 180
191.95.243.112 - - [07/Apr/2015:06:51:13 -0500] "GET /forest/json.do?query=ultimoBorradorByTpl&codTpl=1201&codInst=3102162&a=0.4970612090546638 HTTP/1.1" 200 2
191.95.243.112 - - [07/Apr/2015:06:51:13 -0500] "GET /forest/json.do?query=ultimoBorradorByTpl&codTpl=641&codInst=3102162&a=0.09239750704728067 HTTP/1.1" 200 20
191.95.243.112 - - [07/Apr/2015:06:51:13 -0500] "GET /forest/json.do?query=ultimoBorradorByTpl&codTpl=901&codInst=3102162&a=0.9639401603490114 HTTP/1.1" 200 2
191.95.243.112 - - [07/Apr/2015:06:51:13 -0500] "GET /forest/json.do?query=ultimoBorradorByTpl&codTpl=501&codInst=3102162&a=0.6512733669951558 HTTP/1.1" 200 2
191.95.243.112 - - [07/Apr/2015:06:51:14 -0500] "GET /forest/json.do?query=ultimoBorradorByTpl&codTpl=1301&codInst=3102162&a=0.48976266710087657 HTTP/1.1" 200 2
5.9.156.107 - - [07/Apr/2015:06:51:14 -0500] "GET /Metadatos_final_2014/?C=N;O=A HTTP/1.0" 200 3486
5.9.156.107 - - [07/Apr/2015:06:51:16 -0500] "GET /PORTAL_SIAC/?C=D;O=D HTTP/1.0" 200 1215
66.249.64.164 - - [07/Apr/2015:06:51:18 -0500] "GET /BLA/resoluciones/AUTOS%202014/3322.pdf HTTP/1.1" 304 -
5.9.156.107 - - [07/Apr/2015:06:51:19 -0500] "GET /PORTAL_SIAC/?C=M;O=D HTTP/1.0" 200 1215
191.95.243.112 - - [07/Apr/2015:06:51:19 -0500] "POST /forest/usutareas.do?group_system_actual=3 HTTP/1.1" 200 198
5.9.156.107 - - [07/Apr/2015:06:51:21 -0500] "GET /PORTAL_SIAC/?C=S;O=D HTTP/1.0" 200 1215
191.95.243.112 - - [07/Apr/2015:06:51:21 -0500] "GET /forest/usutareas.do?group_system_actual=3&a=0.576361101353541 HTTP/1.1" 200 149006
191.95.243.112 - - [07/Apr/2015:06:51:08 -0500] "GET /ForestMSG_SDA/channelAsync/template_word_17857025?X-Atmosphere-tracking-id=0ac2c8f8-2d85-2470-54a6-cd5aeff551c4&X-Atmosphere-Framework=1.0.5&X-Atmosphere-Transport=long-polling&tabid=0.4204146903939545&X-Cache-Date=0&Content-Type=application/xml&_=1428407654125 HTTP/1.1" 200 8193
5.9.156.107 - - [07/Apr/2015:06:51:23 -0500] "GET /PORTAL_SIAC/swf/?C=D;O=D HTTP/1.0" 200 6169
191.95.243.112 - - [07/Apr/2015:06:51:23 -0500] "GET /forest/session.jsp?a=0.4947331352159381 HTTP/1.1" 200 4
201.184.142.174 - - [07/Apr/2015:06:51:24 -0500] "POST /forms/lservlet;jsessionid=ac16012b30d64bec6acdca884d28970ae4819cbdc91c.e3iSbxaKaheRe3eNbhaPbhuQa41ynknvrkLOlQzNp65In0 HTTP/1.1" 200 2
191.95.243.112 - - [07/Apr/2015:06:51:24 -0500] "GET /forest/skins/gdocs-jar/popup/escritorio/subirborrador.jsp?form=Correspondencia_Firmar_Borrador_Aprobado&codTpl=&codBorr=572877&a=0.06680396036244929 HTTP/1.1" 200 23291
5.9.156.107 - - [07/Apr/2015:06:51:25 -0500] "GET /PORTAL_SIAC/swf/?C=M;O=D HTTP/1.0" 200 6169
191.95.243.112 - - [07/Apr/2015:06:51:25 -0500] "GET /forest/json.do?query=borradoresByTpls&codInst=3102162&codTare=701&firma=1&a=0.5938154219184071 HTTP/1.1" 200 2214
191.95.243.112 - - [07/Apr/2015:06:51:25 -0500] "GET /forest/json.do?query=plantillasByTarea&codTare=701&codInst=3102162&firma=1&a=0.4313398031517863 HTTP/1.1" 200 904
191.95.243.112 - - [07/Apr/2015:06:51:25 -0500] "GET /forest/json.do?query=terceroById&numTer=899999061-9%20SDA&a=0.141523327678442 HTTP/1.1" 200 683
191.95.243.112 - - [07/Apr/2015:06:51:25 -0500] "GET /forest/json.do?query=datosBorradorByCodTraBorr&codTraBorr=1708129&a=0.5441559636965394 HTTP/1.1" 200 180
191.95.243.112 - - [07/Apr/2015:06:51:25 -0500] "GET /forest/json.do?query=adjuntosByBorrador&codTraBorr=1708129&a=0.9494215729646385 HTTP/1.1" 200 2
191.95.243.112 - - [07/Apr/2015:06:51:26 -0500] "GET /forest/json.do?query=ultimoBorradorByTpl&codTpl=621&codInst=3102162&a=0.12717043282464147 HTTP/1.1" 200 2
191.95.243.112 - - [07/Apr/2015:06:51:26 -0500] "GET /forest/json.do?query=datosBorradorByCodTraBorr&codTraBorr=1708129&a=0.14025895460508764 HTTP/1.1" 200 180
191.95.243.112 - - [07/Apr/2015:06:51:26 -0500] "GET /forest/json.do?query=ultimoBorradorByTpl&codTpl=1201&codInst=3102162&a=0.8550641953479499 HTTP/1.1" 200 2
191.95.243.112 - - [07/Apr/2015:06:51:26 -0500] "GET /forest/json.do?query=ultimoBorradorByTpl&codTpl=641&codInst=3102162&a=0.7084193401969969 HTTP/1.1" 200 20
191.95.243.112 - - [07/Apr/2015:06:51:26 -0500] "GET /forest/json.do?query=ultimoBorradorByTpl&codTpl=901&codInst=3102162&a=0.7691152507904917 HTTP/1.1" 200 2
191.95.243.112 - - [07/Apr/2015:06:51:26 -0500] "GET /forest/json.do?query=ultimoBorradorByTpl&codTpl=501&codInst=3102162&a=0.14008335210382938 HTTP/1.1" 200 2
191.95.243.112 - - [07/Apr/2015:06:51:27 -0500] "GET /forest/json.do?query=ultimoBorradorByTpl&codTpl=1301&codInst=3102162&a=0.7761792747769505 HTTP/1.1" 200 2
5.9.156.107 - - [07/Apr/2015:06:51:27 -0500] "GET /PORTAL_SIAC/swf/?C=N;O=A HTTP/1.0" 200 6169
5.9.156.107 - - [07/Apr/2015:06:51:30 -0500] "GET /PORTAL_SIAC/swf/?C=S;O=D HTTP/1.0" 200 6169
5.9.156.107 - - [07/Apr/2015:06:51:32 -0500] "GET /POT-2013/index.php?dir=&sort=date&order=desc HTTP/1.0" 200 2678
191.95.243.112 - - [07/Apr/2015:06:51:33 -0500] "POST /forest/usutareas.do?group_system_actual=3 HTTP/1.1" 200 193
5.9.156.107 - - [07/Apr/2015:06:51:34 -0500] "GET /POT-2013/index.php?dir=&sort=name&order=asc HTTP/1.0" 200 2679
5.9.156.107 - - [07/Apr/2015:06:51:36 -0500] "GET /POT-2013/index.php?dir=&sort=size&order=desc HTTP/1.0" 200 2678
5.9.156.107 - - [07/Apr/2015:06:51:39 -0500] "GET /POT-2013/index.php?dir=Articulado/ HTTP/1.0" 200 1857
191.95.243.112 - - [07/Apr/2015:06:51:38 -0500] "GET /forest/usutareas.do?group_system_actual=3&a=0.3624155567958951 HTTP/1.1" 200 147525
191.95.243.112 - - [07/Apr/2015:06:51:23 -0500] "GET /ForestMSG_SDA/channelAsync/template_word_17857025?X-Atmosphere-tracking-id=12ecd702-f410-7a06-55b9-8d101475ef15&X-Atmosphere-Framework=1.0.5&X-Atmosphere-Transport=long-polling&tabid=0.6474852655082941&X-Cache-Date=0&Content-Type=application/xml&_=1428407668905 HTTP/1.1" 200 8193
191.95.243.112 - - [07/Apr/2015:06:51:39 -0500] "GET /forest/session.jsp?a=0.3323994972743094 HTTP/1.1" 200 4
191.95.243.112 - - [07/Apr/2015:06:51:41 -0500] "GET /forest/skins/gdocs-jar/popup/escritorio/subirborrador.jsp?form=Correspondencia_Firmar_Borrador_Aprobado&codTpl=&codBorr=572874&a=0.31959380814805627 HTTP/1.1" 200 23291
5.9.156.107 - - [07/Apr/2015:06:51:41 -0500] "GET /POT-2013/index.php?dir=Cartografia/&sort=name&order=desc HTTP/1.0" 200 11464
191.95.243.112 - - [07/Apr/2015:06:51:42 -0500] "GET /forest/json.do?query=borradoresByTpls&codInst=3102162&codTare=701&firma=1&a=0.12025726935826242 HTTP/1.1" 200 2048
191.95.243.112 - - [07/Apr/2015:06:51:42 -0500] "GET /forest/json.do?query=plantillasByTarea&codTare=701&codInst=3102162&firma=1&a=0.27686901204288006 HTTP/1.1" 200 904
191.95.243.112 - - [07/Apr/2015:06:51:42 -0500] "GET /forest/json.do?query=terceroById&numTer=899999061-9%20SDA&a=0.7371947776991874 HTTP/1.1" 200 683
191.95.243.112 - - [07/Apr/2015:06:51:42 -0500] "GET /forest/json.do?query=datosBorradorByCodTraBorr&codTraBorr=1708124&a=0.47875965968705714 HTTP/1.1" 200 180
191.95.243.112 - - [07/Apr/2015:06:51:42 -0500] "GET /forest/json.do?query=adjuntosByBorrador&codTraBorr=1708124&a=0.9662747660186142 HTTP/1.1" 200 2
191.95.243.112 - - [07/Apr/2015:06:51:42 -0500] "GET /forest/json.do?query=ultimoBorradorByTpl&codTpl=621&codInst=3102162&a=0.10308740381151438 HTTP/1.1" 200 2
191.95.243.112 - - [07/Apr/2015:06:51:42 -0500] "GET /forest/json.do?query=datosBorradorByCodTraBorr&codTraBorr=1708124&a=0.8503070005681366 HTTP/1.1" 200 180
191.95.243.112 - - [07/Apr/2015:06:51:42 -0500] "GET /forest/json.do?query=ultimoBorradorByTpl&codTpl=1201&codInst=3102162&a=0.6423026430420578 HTTP/1.1" 200 2
191.95.243.112 - - [07/Apr/2015:06:51:43 -0500] "GET /forest/json.do?query=ultimoBorradorByTpl&codTpl=641&codInst=3102162&a=0.4847524194046855 HTTP/1.1" 200 20
191.95.243.112 - - [07/Apr/2015:06:51:43 -0500] "GET /forest/json.do?query=ultimoBorradorByTpl&codTpl=901&codInst=3102162&a=0.0607362708542496 HTTP/1.1" 200 2
191.95.243.112 - - [07/Apr/2015:06:51:43 -0500] "GET /forest/json.do?query=ultimoBorradorByTpl&codTpl=501&codInst=3102162&a=0.09492130693979561 HTTP/1.1" 200 2
191.95.243.112 - - [07/Apr/2015:06:51:43 -0500] "GET /forest/json.do?query=ultimoBorradorByTpl&codTpl=1301&codInst=3102162&a=0.23802392673678696 HTTP/1.1" 200 2
5.9.156.107 - - [07/Apr/2015:06:51:44 -0500] "GET /POT-2013/index.php?dir=Cartografia/&sort=size&order=asc HTTP/1.0" 200 11465
5.9.156.107 - - [07/Apr/2015:06:51:47 -0500] "GET /POT-2013/index.php?dir=DTS/&sort=name&order=desc HTTP/1.0" 200 1770
5.9.156.107 - - [07/Apr/2015:06:51:49 -0500] "GET /POT-2013/index.php?dir=SEGUIMIENTO/&sort=name&order=desc HTTP/1.0" 200 2146
191.95.243.112 - - [07/Apr/2015:06:51:50 -0500] "POST /forest/usutareas.do?group_system_actual=3 HTTP/1.1" 200 196
5.9.156.107 - - [07/Apr/2015:06:51:51 -0500] "GET /POT-2013/index.php?dir=expediente/&sort=name&order=desc HTTP/1.0" 200 1902
5.9.156.107 - - [07/Apr/2015:06:51:53 -0500] "GET /POT-2013/index.php?dir=memoria%20justificativa/&sort=name&order=desc HTTP/1.0" 200 2483
191.95.243.112 - - [07/Apr/2015:06:51:39 -0500] "GET /ForestMSG_SDA/channelAsync/template_word_17857025?X-Atmosphere-tracking-id=ac1a319f-fbab-f320-7cfc-df2bc8dcb3ed&X-Atmosphere-Framework=1.0.5&X-Atmosphere-Transport=long-polling&tabid=0.48916748631745577&X-Cache-Date=0&Content-Type=application/xml&_=1428407685300 HTTP/1.1" 200 8193
191.95.243.112 - - [07/Apr/2015:06:51:52 -0500] "GET /forest/usutareas.do?group_system_actual=3&a=0.5600819298997521 HTTP/1.1" 200 146038
191.95.243.112 - - [07/Apr/2015:06:51:54 -0500] "GET /forest/session.jsp?a=0.2773284772410989 HTTP/1.1" 200 4
5.9.156.107 - - [07/Apr/2015:06:51:55 -0500] "GET /PruebasSTORM/ HTTP/1.0" 200 1839
191.95.243.112 - - [07/Apr/2015:06:51:56 -0500] "GET /forest/skins/gdocs-jar/popup/escritorio/subirborrador.jsp?form=Correspondencia_Firmar_Borrador_Aprobado&codTpl=&codBorr=572875&a=0.1664042656775564 HTTP/1.1" 200 23291
191.95.243.112 - - [07/Apr/2015:06:51:57 -0500] "GET /forest/json.do?query=borradoresByTpls&codInst=3102162&codTare=701&firma=1&a=0.21591715095564723 HTTP/1.1" 200 1879
191.95.243.112 - - [07/Apr/2015:06:51:57 -0500] "GET /forest/json.do?query=plantillasByTarea&codTare=701&codInst=3102162&firma=1&a=0.9367143651470542 HTTP/1.1" 200 904
191.95.243.112 - - [07/Apr/2015:06:51:57 -0500] "GET /forest/json.do?query=terceroById&numTer=899999061-9%20SDA&a=0.878368713427335 HTTP/1.1" 200 683
191.95.243.112 - - [07/Apr/2015:06:51:57 -0500] "GET /forest/json.do?query=datosBorradorByCodTraBorr&codTraBorr=1708127&a=0.033210365334525704 HTTP/1.1" 200 180
191.95.243.112 - - [07/Apr/2015:06:51:57 -0500] "GET /forest/json.do?query=adjuntosByBorrador&codTraBorr=1708127&a=0.8940020867157727 HTTP/1.1" 200 2
191.95.243.112 - - [07/Apr/2015:06:51:58 -0500] "GET /forest/json.do?query=ultimoBorradorByTpl&codTpl=621&codInst=3102162&a=0.6625764493364841 HTTP/1.1" 200 2
5.9.156.107 - - [07/Apr/2015:06:51:58 -0500] "GET /PruebasSTORM/?C=D;O=D HTTP/1.0" 200 1839
191.95.243.112 - - [07/Apr/2015:06:51:58 -0500] "GET /forest/json.do?query=datosBorradorByCodTraBorr&codTraBorr=1708127&a=0.778507376788184 HTTP/1.1" 200 180
191.95.243.112 - - [07/Apr/2015:06:51:58 -0500] "GET /forest/json.do?query=ultimoBorradorByTpl&codTpl=1201&codInst=3102162&a=0.2996830465272069 HTTP/1.1" 200 2
191.95.243.112 - - [07/Apr/2015:06:51:58 -0500] "GET /forest/json.do?query=ultimoBorradorByTpl&codTpl=641&codInst=3102162&a=0.45987775595858693 HTTP/1.1" 200 20
191.95.243.112 - - [07/Apr/2015:06:51:58 -0500] "GET /forest/json.do?query=ultimoBorradorByTpl&codTpl=901&codInst=3102162&a=0.52746193530038 HTTP/1.1" 200 2
191.95.243.112 - - [07/Apr/2015:06:51:58 -0500] "GET /forest/json.do?query=ultimoBorradorByTpl&codTpl=501&codInst=3102162&a=0.06014557811431587 HTTP/1.1" 200 2
191.95.243.112 - - [07/Apr/2015:06:51:59 -0500] "GET /forest/json.do?query=ultimoBorradorByTpl&codTpl=1301&codInst=3102162&a=0.3771388509776443 HTTP/1.1" 200 2
5.9.156.107 - - [07/Apr/2015:06:52:00 -0500] "GET /PruebasSTORM/?C=M;O=D HTTP/1.0" 200 1839
74.86.158.107 - - [07/Apr/2015:06:52:00 -0500] "HEAD / HTTP/1.1" 200 -
191.95.243.112 - - [07/Apr/2015:06:52:01 -0500] "GET /forest/skins/gdocs-jar/popup/escritorio/subirborrador.jsp?form=Correspondencia_Firmar_Borrador_Aprobado&codTpl=&codBorr=572870&a=0.7827814510092139 HTTP/1.1" 200 23291
191.95.243.112 - - [07/Apr/2015:06:52:02 -0500] "GET /forest/json.do?query=borradoresByTpls&codInst=3102162&codTare=701&firma=1&a=0.5528440868947655 HTTP/1.1" 200 1879
191.95.243.112 - - [07/Apr/2015:06:52:02 -0500] "GET /forest/json.do?query=plantillasByTarea&codTare=701&codInst=3102162&firma=1&a=0.9419437677133828 HTTP/1.1" 200 904
191.95.243.112 - - [07/Apr/2015:06:52:02 -0500] "GET /forest/json.do?query=terceroById&numTer=899999061-9%20SDA&a=0.3358341921120882 HTTP/1.1" 200 683
5.9.156.107 - - [07/Apr/2015:06:52:02 -0500] "GET /PruebasSTORM/?C=N;O=A HTTP/1.0" 200 1839
191.95.243.112 - - [07/Apr/2015:06:52:02 -0500] "GET /forest/json.do?query=datosBorradorByCodTraBorr&codTraBorr=1708112&a=0.28646449907682836 HTTP/1.1" 200 180
191.95.243.112 - - [07/Apr/2015:06:52:03 -0500] "GET /forest/json.do?query=adjuntosByBorrador&codTraBorr=1708112&a=0.8444442020263523 HTTP/1.1" 200 2
191.95.243.112 - - [07/Apr/2015:06:52:03 -0500] "GET /forest/json.do?query=datosBorradorByCodTraBorr&codTraBorr=1708112&a=0.2715202635154128 HTTP/1.1" 200 180
191.95.243.112 - - [07/Apr/2015:06:52:03 -0500] "GET /forest/json.do?query=ultimoBorradorByTpl&codTpl=621&codInst=3102162&a=0.6458433270454407 HTTP/1.1" 200 2
191.95.243.112 - - [07/Apr/2015:06:52:03 -0500] "GET /forest/json.do?query=ultimoBorradorByTpl&codTpl=1201&codInst=3102162&a=0.3580012219026685 HTTP/1.1" 200 2
191.95.243.112 - - [07/Apr/2015:06:52:03 -0500] "GET /forest/json.do?query=ultimoBorradorByTpl&codTpl=641&codInst=3102162&a=0.673377315280959 HTTP/1.1" 200 20
191.95.243.112 - - [07/Apr/2015:06:52:03 -0500] "GET /forest/json.do?query=ultimoBorradorByTpl&codTpl=901&codInst=3102162&a=0.966103907674551 HTTP/1.1" 200 2
191.95.243.112 - - [07/Apr/2015:06:52:04 -0500] "GET /forest/json.do?query=ultimoBorradorByTpl&codTpl=501&codInst=3102162&a=0.8775749951601028 HTTP/1.1" 200 2
191.95.243.112 - - [07/Apr/2015:06:52:04 -0500] "GET /forest/json.do?query=ultimoBorradorByTpl&codTpl=1301&codInst=3102162&a=0.7352690594270825 HTTP/1.1" 200 2
5.9.156.107 - - [07/Apr/2015:06:52:04 -0500] "GET /PruebasSTORM/?C=S;O=D HTTP/1.0" 200 1839
5.9.156.107 - - [07/Apr/2015:06:52:06 -0500] "GET /PruebasSTORM/StormSDA_pruebas/?C=D;O=A HTTP/1.0" 200 3555
5.9.156.107 - - [07/Apr/2015:06:52:09 -0500] "GET /PruebasSTORM/StormSDA_pruebas/?C=M;O=A HTTP/1.0" 200 3555
191.95.243.112 - - [07/Apr/2015:06:52:10 -0500] "POST /forest/usutareas.do?group_system_actual=3 HTTP/1.1" 200 201
5.9.156.107 - - [07/Apr/2015:06:52:12 -0500] "GET /PruebasSTORM/StormSDA_pruebas/?C=N;O=D HTTP/1.0" 200 3555
181.136.234.186 - - [07/Apr/2015:06:52:14 -0500] "GET /forest/session.jsp?a=0.1614421927370131 HTTP/1.1" 200 4
5.9.156.107 - - [07/Apr/2015:06:52:14 -0500] "GET /PruebasSTORM/StormSDA_pruebas/?C=S;O=A HTTP/1.0" 200 3555
188.165.15.188 - - [07/Apr/2015:06:52:15 -0500] "GET /BLA/resoluciones/AUTOS%202006/AUTOS%202006%203101%20-%203200/00003158.tif HTTP/1.1" 200 53638
191.95.243.112 - - [07/Apr/2015:06:51:54 -0500] "GET /ForestMSG_SDA/channelAsync/template_word_17857025?X-Atmosphere-tracking-id=47905894-9b48-814e-0e3c-a95bab04c24f&X-Atmosphere-Framework=1.0.5&X-Atmosphere-Transport=long-polling&tabid=0.8051284730900079&X-Cache-Date=0&Content-Type=application/xml&_=1428407699783 HTTP/1.1" 200 8193
191.95.243.112 - - [07/Apr/2015:06:52:13 -0500] "GET /forest/usutareas.do?group_system_actual=3&a=0.9794151165988296 HTTP/1.1" 200 144541
5.9.156.107 - - [07/Apr/2015:06:52:18 -0500] "GET /PruebasSTORM/StormSDA_pruebas/StormUser21.jar HTTP/1.0" 200 207223
191.95.243.112 - - [07/Apr/2015:06:52:18 -0500] "GET /forest/session.jsp?a=0.20353206037543714 HTTP/1.1" 200 4
191.95.243.112 - - [07/Apr/2015:06:52:19 -0500] "GET /forest/skins/gdocs-jar/popup/escritorio/subirborrador.jsp?form=Correspondencia_Firmar_Borrador_Aprobado&codTpl=&codBorr=572875&a=0.514192606555298 HTTP/1.1" 200 23291
181.136.234.186 - - [07/Apr/2015:06:46:19 -0500] "GET /ForestMSG_SDA/channelAsync/template_word_17744998?X-Atmosphere-tracking-id=1b657a0b-7a43-fc5d-ff98-a8bd7587986e&X-Atmosphere-Framework=1.0.5&X-Atmosphere-Transport=long-polling&tabid=0.32152117835357785&X-Cache-Date=0&Content-Type=application/xml&_=1428407367432 HTTP/1.1" 200 8193
191.95.243.112 - - [07/Apr/2015:06:52:19 -0500] "GET /forest/json.do?query=borradoresByTpls&codInst=3102162&codTare=701&firma=1&a=0.9138487868476659 HTTP/1.1" 200 1705
5.9.156.107 - - [07/Apr/2015:06:52:20 -0500] "GET /PruebasSTORM/StormSDA_pruebas/StormUser21_bk.jar HTTP/1.0" 200 207204
191.95.243.112 - - [07/Apr/2015:06:52:20 -0500] "GET /forest/json.do?query=plantillasByTarea&codTare=701&codInst=3102162&firma=1&a=0.5615961288567632 HTTP/1.1" 200 904
191.95.243.112 - - [07/Apr/2015:06:52:20 -0500] "GET /forest/json.do?query=terceroById&numTer=899999061-9%20SDA&a=0.6194489721674472 HTTP/1.1" 200 683
191.95.243.112 - - [07/Apr/2015:06:52:20 -0500] "GET /forest/json.do?query=datosBorradorByCodTraBorr&codTraBorr=1708127&a=0.7622843417339027 HTTP/1.1" 200 180
191.95.243.112 - - [07/Apr/2015:06:52:20 -0500] "GET /forest/json.do?query=ultimoBorradorByTpl&codTpl=621&codInst=3102162&a=0.2070159474387765 HTTP/1.1" 200 2
191.95.243.112 - - [07/Apr/2015:06:52:20 -0500] "GET /forest/json.do?query=adjuntosByBorrador&codTraBorr=1708127&a=0.13877849327400327 HTTP/1.1" 200 2
191.95.243.112 - - [07/Apr/2015:06:52:20 -0500] "GET /forest/json.do?query=datosBorradorByCodTraBorr&codTraBorr=1708127&a=0.11433155462145805 HTTP/1.1" 200 180
191.95.243.112 - - [07/Apr/2015:06:52:20 -0500] "GET /forest/json.do?query=ultimoBorradorByTpl&codTpl=1201&codInst=3102162&a=0.2546603172086179 HTTP/1.1" 200 2
191.95.243.112 - - [07/Apr/2015:06:52:20 -0500] "GET /forest/json.do?query=ultimoBorradorByTpl&codTpl=641&codInst=3102162&a=0.46732917916961014 HTTP/1.1" 200 20
191.95.243.112 - - [07/Apr/2015:06:52:21 -0500] "GET /forest/json.do?query=ultimoBorradorByTpl&codTpl=901&codInst=3102162&a=0.7716672155074775 HTTP/1.1" 200 2
191.95.243.112 - - [07/Apr/2015:06:52:21 -0500] "GET /forest/json.do?query=ultimoBorradorByTpl&codTpl=501&codInst=3102162&a=0.01812059013172984 HTTP/1.1" 200 2
191.95.243.112 - - [07/Apr/2015:06:52:21 -0500] "GET /forest/json.do?query=ultimoBorradorByTpl&codTpl=1301&codInst=3102162&a=0.7749524500686675 HTTP/1.1" 200 2
5.9.156.107 - - [07/Apr/2015:06:52:22 -0500] "GET /PruebasSTORM/StormSDA_pruebas/forms/ HTTP/1.0" 200 3534
5.9.156.107 - - [07/Apr/2015:06:52:25 -0500] "GET /PruebasSTORM/StormSDA_pruebas/lib/ HTTP/1.0" 200 6441
5.9.156.107 - - [07/Apr/2015:06:52:28 -0500] "GET /PruebasSTORM/StormSDA_pruebas/nsjars/ HTTP/1.0" 200 4112
191.95.243.112 - - [07/Apr/2015:06:52:27 -0500] "POST /forest/usutareas.do?group_system_actual=3 HTTP/1.1" 200 194
5.9.156.107 - - [07/Apr/2015:06:52:30 -0500] "GET /PruebasSTORM/StormSDA_pruebas/storm/ HTTP/1.0" 200 5619
5.9.156.107 - - [07/Apr/2015:06:52:33 -0500] "GET /PruebasSTORM/StormSDA_pruebas/stormWeb/ HTTP/1.0" 200 1471
191.95.243.112 - - [07/Apr/2015:06:52:16 -0500] "GET /ForestMSG_SDA/channelAsync/template_word_17857025?X-Atmosphere-tracking-id=7a5b80fe-02cd-6593-d7ef-3ea3b7721037&X-Atmosphere-Framework=1.0.5&X-Atmosphere-Transport=long-polling&tabid=0.16886420967057347&X-Cache-Date=0&Content-Type=application/xml&_=1428407722665 HTTP/1.1" 200 8193
191.95.243.112 - - [07/Apr/2015:06:52:29 -0500] "GET /forest/usutareas.do?group_system_actual=3&a=0.31959409988485277 HTTP/1.1" 200 143058
5.9.156.107 - - [07/Apr/2015:06:52:35 -0500] "GET /PruebasSTORM/StormSDA_pruebas/storm_silv/ HTTP/1.0" 200 5853
201.184.210.161 - - [07/Apr/2015:06:52:36 -0500] "GET /BLA/boletinlegal/js/jquery.scrollTo-min.js HTTP/1.1" 200 1150
201.184.210.161 - - [07/Apr/2015:06:52:36 -0500] "GET /BLA/boletinlegal/js/jquery.scrollShow.js HTTP/1.1" 200 4586
201.184.210.161 - - [07/Apr/2015:06:52:37 -0500] "GET /galeria/galeria/jquery.fancybox.js?v=2.1.5 HTTP/1.1" 200 48706
201.184.210.161 - - [07/Apr/2015:06:52:37 -0500] "GET /galeria/galeria/jquery.fancybox.css?v=2.1.5 HTTP/1.1" 200 4895
5.9.156.107 - - [07/Apr/2015:06:52:38 -0500] "GET /PruebasSTORM/StormSDA_pruebas/user.jnlp HTTP/1.0" 200 1441
191.95.243.112 - - [07/Apr/2015:06:52:38 -0500] "GET /forest/session.jsp?a=0.15130424359813333 HTTP/1.1" 200 4
5.9.156.107 - - [07/Apr/2015:06:52:40 -0500] "GET /PruebasSTORM/StormSDA_pruebas/userFiles/ HTTP/1.0" 200 5496
180.76.6.21 - - [07/Apr/2015:06:52:40 -0500] "GET /BLA/resoluciones/RESOLUCIONES%202009/2768.pdf HTTP/1.1" 200 515922
5.9.156.107 - - [07/Apr/2015:06:52:42 -0500] "GET /PruebasSTORM/silvicultura2Pruebas/?C=D;O=A HTTP/1.0" 200 1231
191.95.243.112 - - [07/Apr/2015:06:52:41 -0500] "GET /forest/skins/gdocs-jar/popup/escritorio/subirborrador.jsp?form=Correspondencia_Firmar_Borrador_Aprobado&codTpl=&codBorr=572868&a=0.9046312167774886 HTTP/1.1" 200 23291
191.95.243.112 - - [07/Apr/2015:06:52:43 -0500] "GET /forest/json.do?query=borradoresByTpls&codInst=3102162&codTare=701&firma=1&a=0.2917157046031207 HTTP/1.1" 200 1538
191.95.243.112 - - [07/Apr/2015:06:52:43 -0500] "GET /forest/json.do?query=datosBorradorByCodTraBorr&codTraBorr=1708110&a=0.664236948126927 HTTP/1.1" 200 180
191.95.243.112 - - [07/Apr/2015:06:52:43 -0500] "GET /forest/json.do?query=plantillasByTarea&codTare=701&codInst=3102162&firma=1&a=0.6408179535064846 HTTP/1.1" 200 904
191.95.243.112 - - [07/Apr/2015:06:52:43 -0500] "GET /forest/json.do?query=terceroById&numTer=899999061-9%20SDA&a=0.8503925513941795 HTTP/1.1" 200 683
191.95.243.112 - - [07/Apr/2015:06:52:44 -0500] "GET /forest/json.do?query=datosBorradorByCodTraBorr&codTraBorr=1708110&a=0.1666988842189312 HTTP/1.1" 200 180
191.95.243.112 - - [07/Apr/2015:06:52:44 -0500] "GET /forest/json.do?query=adjuntosByBorrador&codTraBorr=1708110&a=0.3071010275743902 HTTP/1.1" 200 2
5.9.156.107 - - [07/Apr/2015:06:52:44 -0500] "GET /StormSDA/forms/?C=N;O=A HTTP/1.0" 200 3471
191.95.243.112 - - [07/Apr/2015:06:52:45 -0500] "GET /forest/json.do?query=ultimoBorradorByTpl&codTpl=621&codInst=3102162&a=0.4513213431928307 HTTP/1.1" 200 2
191.95.243.112 - - [07/Apr/2015:06:52:45 -0500] "GET /forest/json.do?query=ultimoBorradorByTpl&codTpl=1201&codInst=3102162&a=0.15080312942154706 HTTP/1.1" 200 2
191.95.243.112 - - [07/Apr/2015:06:52:45 -0500] "GET /forest/json.do?query=ultimoBorradorByTpl&codTpl=641&codInst=3102162&a=0.09526549838483334 HTTP/1.1" 200 20
191.95.243.112 - - [07/Apr/2015:06:52:46 -0500] "GET /forest/json.do?query=ultimoBorradorByTpl&codTpl=901&codInst=3102162&a=0.590470700757578 HTTP/1.1" 200 2
191.95.243.112 - - [07/Apr/2015:06:52:46 -0500] "GET /forest/json.do?query=ultimoBorradorByTpl&codTpl=501&codInst=3102162&a=0.18877741321921349 HTTP/1.1" 200 2
191.95.243.112 - - [07/Apr/2015:06:52:46 -0500] "GET /forest/json.do?query=ultimoBorradorByTpl&codTpl=1301&codInst=3102162&a=0.6220747006591409 HTTP/1.1" 200 2
5.9.156.107 - - [07/Apr/2015:06:52:47 -0500] "GET /StormSDA/forms/?C=S;O=D HTTP/1.0" 200 3471
5.9.156.107 - - [07/Apr/2015:06:52:49 -0500] "GET /StormSDA/lib/?C=D;O=A HTTP/1.0" 200 6375
191.95.243.112 - - [07/Apr/2015:06:52:50 -0500] "GET /forest/skins/gdocs-jar/popup/escritorio/subirborrador.jsp?form=Correspondencia_Firmar_Borrador_Aprobado&codTpl=&codBorr=572868&a=0.9796606118325144 HTTP/1.1" 200 23291
191.95.243.112 - - [07/Apr/2015:06:52:51 -0500] "GET /forest/json.do?query=borradoresByTpls&codInst=3102162&codTare=701&firma=1&a=0.44155425601638854 HTTP/1.1" 200 1538
191.95.243.112 - - [07/Apr/2015:06:52:51 -0500] "GET /forest/json.do?query=plantillasByTarea&codTare=701&codInst=3102162&firma=1&a=0.30024802684783936 HTTP/1.1" 200 904
191.95.243.112 - - [07/Apr/2015:06:52:51 -0500] "GET /forest/json.do?query=terceroById&numTer=899999061-9%20SDA&a=0.5783559707924724 HTTP/1.1" 200 683
191.95.243.112 - - [07/Apr/2015:06:52:51 -0500] "GET /forest/json.do?query=datosBorradorByCodTraBorr&codTraBorr=1708110&a=0.8030877006240189 HTTP/1.1" 200 180
201.184.210.161 - - [07/Apr/2015:06:52:51 -0500] "GET /BLA/boletinlegal/js/jquery.scrollShow.js HTTP/1.1" 304 -
201.184.210.161 - - [07/Apr/2015:06:52:51 -0500] "GET /BLA/boletinlegal/js/jquery.scrollTo-min.js HTTP/1.1" 304 -
191.95.243.112 - - [07/Apr/2015:06:52:51 -0500] "GET /forest/json.do?query=ultimoBorradorByTpl&codTpl=621&codInst=3102162&a=0.529749391367659 HTTP/1.1" 200 2
191.95.243.112 - - [07/Apr/2015:06:52:51 -0500] "GET /forest/json.do?query=adjuntosByBorrador&codTraBorr=1708110&a=0.7875600398983806 HTTP/1.1" 200 2
191.95.243.112 - - [07/Apr/2015:06:52:51 -0500] "GET /forest/json.do?query=datosBorradorByCodTraBorr&codTraBorr=1708110&a=0.7813289884943515 HTTP/1.1" 200 180
191.95.243.112 - - [07/Apr/2015:06:52:51 -0500] "GET /forest/json.do?query=ultimoBorradorByTpl&codTpl=1201&codInst=3102162&a=0.4159840231295675 HTTP/1.1" 200 2
191.95.243.112 - - [07/Apr/2015:06:52:51 -0500] "GET /forest/json.do?query=ultimoBorradorByTpl&codTpl=641&codInst=3102162&a=0.08211282780393958 HTTP/1.1" 200 20
201.184.210.161 - - [07/Apr/2015:06:52:51 -0500] "GET /galeria/galeria/jquery.fancybox.js?v=2.1.5 HTTP/1.1" 304 -
201.184.210.161 - - [07/Apr/2015:06:52:51 -0500] "GET /galeria/galeria/jquery.fancybox.css?v=2.1.5 HTTP/1.1" 304 -
191.95.243.112 - - [07/Apr/2015:06:52:51 -0500] "GET /forest/json.do?query=ultimoBorradorByTpl&codTpl=901&codInst=3102162&a=0.5134621998295188 HTTP/1.1" 200 2
