186.145.15.143 - - [09/Apr/2015:07:38:57 -0500] "POST /forms/lservlet;jsessionid=ac16012b30d675576c3632734b2f82d797a1b98e7e62.e3iSbxaKaheRe3eNbhaPbhuQa41ynknvrkLOlQzNp65In0 HTTP/1.1" 200 2
186.145.15.143 - - [09/Apr/2015:07:38:57 -0500] "POST /forms/lservlet;jsessionid=ac16012b30d675576c3632734b2f82d797a1b98e7e62.e3iSbxaKaheRe3eNbhaPbhuQa41ynknvrkLOlQzNp65In0 HTTP/1.1" 200 2
186.29.98.220 - - [09/Apr/2015:07:38:58 -0500] "GET /BLA/boletinlegal/js/jquery.scrollShow.js HTTP/1.1" 304 -
186.29.98.220 - - [09/Apr/2015:07:38:58 -0500] "GET /galeria/galeria/jquery.fancybox.css?v=2.1.5 HTTP/1.1" 304 -
186.29.98.220 - - [09/Apr/2015:07:38:58 -0500] "GET /BLA/boletinlegal/js/jquery.scrollTo-min.js HTTP/1.1" 304 -
186.29.98.220 - - [09/Apr/2015:07:38:58 -0500] "GET /galeria/galeria/jquery.fancybox.js?v=2.1.5 HTTP/1.1" 304 -
186.145.15.143 - - [09/Apr/2015:07:38:58 -0500] "POST /forms/lservlet;jsessionid=ac16012b30d675576c3632734b2f82d797a1b98e7e62.e3iSbxaKaheRe3eNbhaPbhuQa41ynknvrkLOlQzNp65In0 HTTP/1.1" 200 2787
186.145.15.143 - - [09/Apr/2015:07:38:58 -0500] "POST /forms/lservlet;jsessionid=ac16012b30d675576c3632734b2f82d797a1b98e7e62.e3iSbxaKaheRe3eNbhaPbhuQa41ynknvrkLOlQzNp65In0 HTTP/1.1" 200 2
201.245.192.253 - - [09/Apr/2015:07:38:59 -0500] "GET /galeria/nivo-slider/demo/demo.html HTTP/1.1" 304 -
201.245.192.253 - - [09/Apr/2015:07:38:59 -0500] "GET /galeria/nivo-slider/demo/images/acuerdo_569.jpg HTTP/1.1" 304 -
186.145.15.143 - - [09/Apr/2015:07:38:59 -0500] "POST /forms/lservlet;jsessionid=ac16012b30d675576c3632734b2f82d797a1b98e7e62.e3iSbxaKaheRe3eNbhaPbhuQa41ynknvrkLOlQzNp65In0 HTTP/1.1" 200 2
190.29.82.72 - - [09/Apr/2015:07:38:59 -0500] "GET /videos/DiadelatierraHD_1min.flv HTTP/1.1" 206 1
186.145.15.143 - - [09/Apr/2015:07:38:59 -0500] "POST /forms/lservlet;jsessionid=ac16012b30d675576c3632734b2f82d797a1b98e7e62.e3iSbxaKaheRe3eNbhaPbhuQa41ynknvrkLOlQzNp65In0 HTTP/1.1" 200 3106
190.29.82.72 - - [09/Apr/2015:07:38:59 -0500] "GET /galeria/nivo-slider/demo/images/4Simple_Slider.png HTTP/1.1" 200 11722
190.29.82.72 - - [09/Apr/2015:07:38:59 -0500] "GET /galeria/nivo-slider/themes/default/loading.gif HTTP/1.1" 200 1737
186.145.15.143 - - [09/Apr/2015:07:38:59 -0500] "POST /forms/lservlet;jsessionid=ac16012b30d675576c3632734b2f82d797a1b98e7e62.e3iSbxaKaheRe3eNbhaPbhuQa41ynknvrkLOlQzNp65In0 HTTP/1.1" 200 2
190.29.82.72 - - [09/Apr/2015:07:39:00 -0500] "GET /videos/DiadelatierraHD_1min.flv HTTP/1.1" 206 4602337
186.145.15.143 - - [09/Apr/2015:07:39:00 -0500] "POST /forms/lservlet;jsessionid=ac16012b30d675576c3632734b2f82d797a1b98e7e62.e3iSbxaKaheRe3eNbhaPbhuQa41ynknvrkLOlQzNp65In0 HTTP/1.1" 200 2
186.29.98.220 - - [09/Apr/2015:07:39:00 -0500] "GET /galeria/galeria/jquery.fancybox.css?v=2.1.5 HTTP/1.1" 304 -
186.29.98.220 - - [09/Apr/2015:07:39:00 -0500] "GET /BLA/boletinlegal/js/jquery.scrollShow.js HTTP/1.1" 304 -
186.29.98.220 - - [09/Apr/2015:07:39:00 -0500] "GET /galeria/galeria/jquery.fancybox.js?v=2.1.5 HTTP/1.1" 304 -
186.29.98.220 - - [09/Apr/2015:07:39:00 -0500] "GET /BLA/boletinlegal/js/jquery.scrollTo-min.js HTTP/1.1" 304 -
186.145.15.143 - - [09/Apr/2015:07:39:00 -0500] "POST /forms/lservlet;jsessionid=ac16012b30d675576c3632734b2f82d797a1b98e7e62.e3iSbxaKaheRe3eNbhaPbhuQa41ynknvrkLOlQzNp65In0 HTTP/1.1" 200 3442
186.145.15.143 - - [09/Apr/2015:07:39:01 -0500] "POST /forms/lservlet;jsessionid=ac16012b30d675576c3632734b2f82d797a1b98e7e62.e3iSbxaKaheRe3eNbhaPbhuQa41ynknvrkLOlQzNp65In0 HTTP/1.1" 200 2
201.245.192.253 - - [09/Apr/2015:07:38:59 -0500] "GET /isolucionsda/ HTTP/1.1" 200 739
201.245.192.253 - - [09/Apr/2015:07:39:01 -0500] "GET /isolucionsda/ HTTP/1.1" 200 739
201.245.192.253 - - [09/Apr/2015:07:39:01 -0500] "GET /isolucionsda/IdentificaUsuario.asp?Pagina1=FrameSetGeneral.asp& HTTP/1.1" 200 4997
201.245.192.253 - - [09/Apr/2015:07:39:01 -0500] "GET /isolucionsda/IdentificaUsuario.asp?Pagina1=FrameSetGeneral.asp& HTTP/1.1" 200 4997
186.145.15.143 - - [09/Apr/2015:07:39:01 -0500] "POST /forms/lservlet;jsessionid=ac16012b30d675576c3632734b2f82d797a1b98e7e62.e3iSbxaKaheRe3eNbhaPbhuQa41ynknvrkLOlQzNp65In0 HTTP/1.1" 200 2
186.145.15.143 - - [09/Apr/2015:07:39:02 -0500] "POST /forms/lservlet;jsessionid=ac16012b30d675576c3632734b2f82d797a1b98e7e62.e3iSbxaKaheRe3eNbhaPbhuQa41ynknvrkLOlQzNp65In0 HTTP/1.1" 200 2964
186.145.15.143 - - [09/Apr/2015:07:39:02 -0500] "POST /forms/lservlet;jsessionid=ac16012b30d675576c3632734b2f82d797a1b98e7e62.e3iSbxaKaheRe3eNbhaPbhuQa41ynknvrkLOlQzNp65In0 HTTP/1.1" 200 2
186.29.98.220 - - [09/Apr/2015:07:39:02 -0500] "GET /BLA/boletinlegal/js/jquery.scrollTo-min.js HTTP/1.1" 304 -
186.29.98.220 - - [09/Apr/2015:07:39:02 -0500] "GET /BLA/boletinlegal/js/jquery.scrollShow.js HTTP/1.1" 304 -
186.29.98.220 - - [09/Apr/2015:07:39:02 -0500] "GET /galeria/galeria/jquery.fancybox.js?v=2.1.5 HTTP/1.1" 304 -
186.29.98.220 - - [09/Apr/2015:07:39:02 -0500] "GET /galeria/galeria/jquery.fancybox.css?v=2.1.5 HTTP/1.1" 304 -
186.145.15.143 - - [09/Apr/2015:07:39:03 -0500] "POST /forms/lservlet;jsessionid=ac16012b30d675576c3632734b2f82d797a1b98e7e62.e3iSbxaKaheRe3eNbhaPbhuQa41ynknvrkLOlQzNp65In0 HTTP/1.1" 200 2
186.145.15.143 - - [09/Apr/2015:07:39:03 -0500] "POST /forms/lservlet;jsessionid=ac16012b30d675576c3632734b2f82d797a1b98e7e62.e3iSbxaKaheRe3eNbhaPbhuQa41ynknvrkLOlQzNp65In0 HTTP/1.1" 200 2893
186.145.15.143 - - [09/Apr/2015:07:39:03 -0500] "POST /forms/lservlet;jsessionid=ac16012b30d675576c3632734b2f82d797a1b98e7e62.e3iSbxaKaheRe3eNbhaPbhuQa41ynknvrkLOlQzNp65In0 HTTP/1.1" 200 2
186.145.15.143 - - [09/Apr/2015:07:39:04 -0500] "POST /forms/lservlet;jsessionid=ac16012b30d675576c3632734b2f82d797a1b98e7e62.e3iSbxaKaheRe3eNbhaPbhuQa41ynknvrkLOlQzNp65In0 HTTP/1.1" 200 2
186.29.98.220 - - [09/Apr/2015:07:39:04 -0500] "GET /BLA/boletinlegal/js/jquery.scrollShow.js HTTP/1.1" 304 -
186.29.98.220 - - [09/Apr/2015:07:39:04 -0500] "GET /galeria/galeria/jquery.fancybox.css?v=2.1.5 HTTP/1.1" 304 -
186.29.98.220 - - [09/Apr/2015:07:39:04 -0500] "GET /galeria/galeria/jquery.fancybox.js?v=2.1.5 HTTP/1.1" 304 -
186.29.98.220 - - [09/Apr/2015:07:39:04 -0500] "GET /BLA/boletinlegal/js/jquery.scrollTo-min.js HTTP/1.1" 304 -
186.145.15.143 - - [09/Apr/2015:07:39:04 -0500] "POST /forms/lservlet;jsessionid=ac16012b30d675576c3632734b2f82d797a1b98e7e62.e3iSbxaKaheRe3eNbhaPbhuQa41ynknvrkLOlQzNp65In0 HTTP/1.1" 200 2727
186.145.15.143 - - [09/Apr/2015:07:39:04 -0500] "POST /forms/lservlet;jsessionid=ac16012b30d675576c3632734b2f82d797a1b98e7e62.e3iSbxaKaheRe3eNbhaPbhuQa41ynknvrkLOlQzNp65In0 HTTP/1.1" 200 2
186.145.15.143 - - [09/Apr/2015:07:39:05 -0500] "POST /forms/lservlet;jsessionid=ac16012b30d675576c3632734b2f82d797a1b98e7e62.e3iSbxaKaheRe3eNbhaPbhuQa41ynknvrkLOlQzNp65In0 HTTP/1.1" 200 2
186.145.15.143 - - [09/Apr/2015:07:39:05 -0500] "POST /forms/lservlet;jsessionid=ac16012b30d675576c3632734b2f82d797a1b98e7e62.e3iSbxaKaheRe3eNbhaPbhuQa41ynknvrkLOlQzNp65In0 HTTP/1.1" 200 2999
186.145.15.143 - - [09/Apr/2015:07:39:06 -0500] "POST /forms/lservlet;jsessionid=ac16012b30d675576c3632734b2f82d797a1b98e7e62.e3iSbxaKaheRe3eNbhaPbhuQa41ynknvrkLOlQzNp65In0 HTTP/1.1" 200 2
186.29.98.220 - - [09/Apr/2015:07:39:06 -0500] "GET /BLA/boletinlegal/js/jquery.scrollShow.js HTTP/1.1" 304 -
186.29.98.220 - - [09/Apr/2015:07:39:06 -0500] "GET /galeria/galeria/jquery.fancybox.js?v=2.1.5 HTTP/1.1" 304 -
186.29.98.220 - - [09/Apr/2015:07:39:06 -0500] "GET /galeria/galeria/jquery.fancybox.css?v=2.1.5 HTTP/1.1" 304 -
186.29.98.220 - - [09/Apr/2015:07:39:06 -0500] "GET /BLA/boletinlegal/js/jquery.scrollTo-min.js HTTP/1.1" 304 -
186.145.15.143 - - [09/Apr/2015:07:39:06 -0500] "POST /forms/lservlet;jsessionid=ac16012b30d675576c3632734b2f82d797a1b98e7e62.e3iSbxaKaheRe3eNbhaPbhuQa41ynknvrkLOlQzNp65In0 HTTP/1.1" 200 2
201.245.192.253 - - [09/Apr/2015:07:39:06 -0500] "POST /isolucionsda/IdentificaUsuario.asp?Pagina1=FrameSetGeneral.asp& HTTP/1.1" 302 173
201.245.192.253 - - [09/Apr/2015:07:39:06 -0500] "GET /isolucionsda/FrameSetGeneral.asp?Pagina1=FrameSetGeneral.asp& HTTP/1.1" 200 6485
201.245.192.253 - - [09/Apr/2015:07:39:06 -0500] "GET /isolucionsda/BarraTitulos.asp?Pagina1=FrameSetGeneral.asp&&Pagina=MagazinHome.asp HTTP/1.1" 502 1358
201.245.192.253 - - [09/Apr/2015:07:39:06 -0500] "GET /isolucionsda/MagazinHome.asp HTTP/1.1" 502 1356
201.245.192.253 - - [09/Apr/2015:07:39:06 -0500] "GET /isolucionsda/Encabezado.asp?Pagina1=FrameSetGeneral.asp&&Pagina=MagazinHome.asp HTTP/1.1" 200 15229
201.245.192.253 - - [09/Apr/2015:07:39:06 -0500] "GET /isolucionsda/BarraFavoritos.asp HTTP/1.1" 200 911
201.245.192.253 - - [09/Apr/2015:07:39:06 -0500] "GET /isolucionsda/Session.asp?Continue=1 HTTP/1.1" 200 6196
186.145.15.143 - - [09/Apr/2015:07:39:06 -0500] "POST /forms/lservlet;jsessionid=ac16012b30d675576c3632734b2f82d797a1b98e7e62.e3iSbxaKaheRe3eNbhaPbhuQa41ynknvrkLOlQzNp65In0 HTTP/1.1" 200 2924
186.145.15.143 - - [09/Apr/2015:07:39:07 -0500] "POST /forms/lservlet;jsessionid=ac16012b30d675576c3632734b2f82d797a1b98e7e62.e3iSbxaKaheRe3eNbhaPbhuQa41ynknvrkLOlQzNp65In0 HTTP/1.1" 200 2
186.145.15.143 - - [09/Apr/2015:07:39:07 -0500] "POST /forms/lservlet;jsessionid=ac16012b30d675576c3632734b2f82d797a1b98e7e62.e3iSbxaKaheRe3eNbhaPbhuQa41ynknvrkLOlQzNp65In0 HTTP/1.1" 200 2
186.145.15.143 - - [09/Apr/2015:07:39:07 -0500] "POST /forms/lservlet;jsessionid=ac16012b30d675576c3632734b2f82d797a1b98e7e62.e3iSbxaKaheRe3eNbhaPbhuQa41ynknvrkLOlQzNp65In0 HTTP/1.1" 200 2631
186.145.15.143 - - [09/Apr/2015:07:39:08 -0500] "POST /forms/lservlet;jsessionid=ac16012b30d675576c3632734b2f82d797a1b98e7e62.e3iSbxaKaheRe3eNbhaPbhuQa41ynknvrkLOlQzNp65In0 HTTP/1.1" 200 2
186.145.15.143 - - [09/Apr/2015:07:39:08 -0500] "POST /forms/lservlet;jsessionid=ac16012b30d675576c3632734b2f82d797a1b98e7e62.e3iSbxaKaheRe3eNbhaPbhuQa41ynknvrkLOlQzNp65In0 HTTP/1.1" 200 2
186.29.98.220 - - [09/Apr/2015:07:39:08 -0500] "GET /galeria/galeria/jquery.fancybox.js?v=2.1.5 HTTP/1.1" 304 -
186.29.98.220 - - [09/Apr/2015:07:39:08 -0500] "GET /galeria/galeria/jquery.fancybox.css?v=2.1.5 HTTP/1.1" 304 -
186.29.98.220 - - [09/Apr/2015:07:39:08 -0500] "GET /BLA/boletinlegal/js/jquery.scrollShow.js HTTP/1.1" 304 -
186.29.98.220 - - [09/Apr/2015:07:39:08 -0500] "GET /BLA/boletinlegal/js/jquery.scrollTo-min.js HTTP/1.1" 304 -
186.145.15.143 - - [09/Apr/2015:07:39:08 -0500] "POST /forms/lservlet;jsessionid=ac16012b30d675576c3632734b2f82d797a1b98e7e62.e3iSbxaKaheRe3eNbhaPbhuQa41ynknvrkLOlQzNp65In0 HTTP/1.1" 200 3766
186.145.15.143 - - [09/Apr/2015:07:39:09 -0500] "POST /forms/lservlet;jsessionid=ac16012b30d675576c3632734b2f82d797a1b98e7e62.e3iSbxaKaheRe3eNbhaPbhuQa41ynknvrkLOlQzNp65In0 HTTP/1.1" 200 2
186.113.139.173 - - [09/Apr/2015:07:39:09 -0500] "GET /galeria/galeria/jquery.fancybox.js?v=2.1.5 HTTP/1.1" 304 -
186.113.139.173 - - [09/Apr/2015:07:39:09 -0500] "GET /galeria/galeria/jquery.fancybox.css?v=2.1.5 HTTP/1.1" 304 -
168.176.40.33 - - [09/Apr/2015:07:39:07 -0500] "POST /forest/login.do HTTP/1.1" 200 12858
186.29.98.220 - - [09/Apr/2015:07:39:13 -0500] "GET /BLA/boletinlegal/js/jquery.scrollShow.js HTTP/1.1" 304 -
186.29.98.220 - - [09/Apr/2015:07:39:13 -0500] "GET /BLA/boletinlegal/js/jquery.scrollTo-min.js HTTP/1.1" 304 -
186.29.98.220 - - [09/Apr/2015:07:39:13 -0500] "GET /galeria/galeria/jquery.fancybox.js?v=2.1.5 HTTP/1.1" 304 -
186.29.98.220 - - [09/Apr/2015:07:39:13 -0500] "GET /galeria/galeria/jquery.fancybox.css?v=2.1.5 HTTP/1.1" 304 -
201.245.192.253 - - [09/Apr/2015:07:39:14 -0500] "GET /isolucionsda/FrameSetGeneral.asp?Pagina=Menu.asp&IdModulo=4 HTTP/1.1" 200 6455
201.245.192.253 - - [09/Apr/2015:07:39:14 -0500] "GET /isolucionsda/BarraFavoritos.asp HTTP/1.1" 200 911
201.245.192.253 - - [09/Apr/2015:07:39:14 -0500] "GET /isolucionsda/Encabezado.asp?Pagina=Menu.asp&IdModulo=4 HTTP/1.1" 200 15230
201.245.192.253 - - [09/Apr/2015:07:39:14 -0500] "GET /isolucionsda/Menu.asp?Pagina=Menu.asp&IdModulo=4 HTTP/1.1" 200 14529
201.245.192.253 - - [09/Apr/2015:07:39:14 -0500] "GET /isolucionsda/Session.asp?Continue=1 HTTP/1.1" 200 6196
201.245.192.253 - - [09/Apr/2015:07:39:14 -0500] "GET /isolucionsda/BarraTitulos.asp?Pagina=Menu.asp&IdModulo=4 HTTP/1.1" 200 6857
186.29.98.220 - - [09/Apr/2015:07:39:15 -0500] "GET /BLA/boletinlegal/js/jquery.scrollTo-min.js HTTP/1.1" 304 -
186.29.98.220 - - [09/Apr/2015:07:39:15 -0500] "GET /BLA/boletinlegal/js/jquery.scrollShow.js HTTP/1.1" 304 -
186.29.98.220 - - [09/Apr/2015:07:39:15 -0500] "GET /galeria/galeria/jquery.fancybox.js?v=2.1.5 HTTP/1.1" 304 -
186.29.98.220 - - [09/Apr/2015:07:39:15 -0500] "GET /galeria/galeria/jquery.fancybox.css?v=2.1.5 HTTP/1.1" 304 -
188.165.15.188 - - [09/Apr/2015:07:39:17 -0500] "GET /BLA/resoluciones/AUTOS%202006/AUTOS%202006%20301-400/00000322.tif HTTP/1.1" 200 54290
186.29.98.220 - - [09/Apr/2015:07:39:17 -0500] "GET /BLA/boletinlegal/js/jquery.scrollShow.js HTTP/1.1" 304 -
186.29.98.220 - - [09/Apr/2015:07:39:17 -0500] "GET /BLA/boletinlegal/js/jquery.scrollTo-min.js HTTP/1.1" 304 -
186.29.98.220 - - [09/Apr/2015:07:39:17 -0500] "GET /galeria/galeria/jquery.fancybox.js?v=2.1.5 HTTP/1.1" 304 -
186.29.98.220 - - [09/Apr/2015:07:39:17 -0500] "GET /galeria/galeria/jquery.fancybox.css?v=2.1.5 HTTP/1.1" 304 -
186.145.15.143 - - [09/Apr/2015:07:39:19 -0500] "POST /forms/lservlet;jsessionid=ac16012b30d675576c3632734b2f82d797a1b98e7e62.e3iSbxaKaheRe3eNbhaPbhuQa41ynknvrkLOlQzNp65In0 HTTP/1.1" 200 2
186.29.98.220 - - [09/Apr/2015:07:39:19 -0500] "GET /BLA/boletinlegal/js/jquery.scrollTo-min.js HTTP/1.1" 304 -
186.29.98.220 - - [09/Apr/2015:07:39:19 -0500] "GET /galeria/galeria/jquery.fancybox.js?v=2.1.5 HTTP/1.1" 304 -
186.29.98.220 - - [09/Apr/2015:07:39:19 -0500] "GET /galeria/galeria/jquery.fancybox.css?v=2.1.5 HTTP/1.1" 304 -
186.29.98.220 - - [09/Apr/2015:07:39:19 -0500] "GET /BLA/boletinlegal/js/jquery.scrollShow.js HTTP/1.1" 304 -
186.29.98.220 - - [09/Apr/2015:07:39:21 -0500] "GET /BLA/boletinlegal/js/jquery.scrollShow.js HTTP/1.1" 304 -
186.29.98.220 - - [09/Apr/2015:07:39:21 -0500] "GET /BLA/boletinlegal/js/jquery.scrollTo-min.js HTTP/1.1" 304 -
186.29.98.220 - - [09/Apr/2015:07:39:21 -0500] "GET /galeria/galeria/jquery.fancybox.css?v=2.1.5 HTTP/1.1" 304 -
186.29.98.220 - - [09/Apr/2015:07:39:21 -0500] "GET /galeria/galeria/jquery.fancybox.js?v=2.1.5 HTTP/1.1" 304 -
186.145.15.143 - - [09/Apr/2015:07:39:22 -0500] "POST /forms/lservlet;jsessionid=ac16012b30d675576c3632734b2f82d797a1b98e7e62.e3iSbxaKaheRe3eNbhaPbhuQa41ynknvrkLOlQzNp65In0 HTTP/1.1" 200 2667
186.145.15.143 - - [09/Apr/2015:07:39:23 -0500] "POST /forms/lservlet;jsessionid=ac16012b30d675576c3632734b2f82d797a1b98e7e62.e3iSbxaKaheRe3eNbhaPbhuQa41ynknvrkLOlQzNp65In0 HTTP/1.1" 200 2
186.29.98.220 - - [09/Apr/2015:07:39:24 -0500] "GET /BLA/boletinlegal/js/jquery.scrollTo-min.js HTTP/1.1" 304 -
186.29.98.220 - - [09/Apr/2015:07:39:24 -0500] "GET /BLA/boletinlegal/js/jquery.scrollShow.js HTTP/1.1" 304 -
186.29.98.220 - - [09/Apr/2015:07:39:24 -0500] "GET /galeria/galeria/jquery.fancybox.css?v=2.1.5 HTTP/1.1" 304 -
186.29.98.220 - - [09/Apr/2015:07:39:24 -0500] "GET /galeria/galeria/jquery.fancybox.js?v=2.1.5 HTTP/1.1" 304 -
168.176.40.33 - - [09/Apr/2015:07:39:22 -0500] "POST /forest/login.do HTTP/1.1" 302 -
186.145.15.143 - - [09/Apr/2015:07:39:25 -0500] "POST /forms/lservlet;jsessionid=ac16012b30d675576c3632734b2f82d797a1b98e7e62.e3iSbxaKaheRe3eNbhaPbhuQa41ynknvrkLOlQzNp65In0 HTTP/1.1" 200 2
168.176.40.33 - - [09/Apr/2015:07:39:25 -0500] "GET /forest/img/inicio.jpg HTTP/1.1" 200 897
168.176.40.33 - - [09/Apr/2015:07:39:25 -0500] "GET /forest/img/users/3.gif HTTP/1.1" 200 1513
168.176.40.33 - - [09/Apr/2015:07:39:25 -0500] "GET /forest/img/users/7.gif HTTP/1.1" 200 1631
168.176.40.33 - - [09/Apr/2015:07:39:25 -0500] "GET /forest/img/download_large.gif HTTP/1.1" 200 203
168.176.40.33 - - [09/Apr/2015:07:39:25 -0500] "GET /forest/img/users/5.gif HTTP/1.1" 200 1507
168.176.40.33 - - [09/Apr/2015:07:39:25 -0500] "GET /forest/img/buscar.jpg HTTP/1.1" 200 736
168.176.40.33 - - [09/Apr/2015:07:39:25 -0500] "GET /forest/img/notify.gif HTTP/1.1" 200 746
168.176.40.33 - - [09/Apr/2015:07:39:25 -0500] "GET /forest/img/ayuda.gif HTTP/1.1" 200 716
168.176.40.33 - - [09/Apr/2015:07:39:25 -0500] "GET /forest/img/pantalla.gif HTTP/1.1" 200 1407
168.176.40.33 - - [09/Apr/2015:07:39:25 -0500] "GET /forest/img/buscar_documentos.gif HTTP/1.1" 200 674
168.176.40.33 - - [09/Apr/2015:07:39:25 -0500] "GET /forest/img/salir3.gif HTTP/1.1" 200 1271
168.176.40.33 - - [09/Apr/2015:07:39:25 -0500] "GET /forest/img/fondo-barra.gif HTTP/1.1" 200 282
168.176.40.33 - - [09/Apr/2015:07:39:25 -0500] "GET /forest/img/buscar_procesos.gif HTTP/1.1" 200 158
168.176.40.33 - - [09/Apr/2015:07:39:25 -0500] "GET /forest/img/panel/menu/add.png HTTP/1.1" 200 4044
168.176.40.33 - - [09/Apr/2015:07:39:25 -0500] "GET /forest/img/panel/menu/folder.png HTTP/1.1" 200 1382
168.176.40.33 - - [09/Apr/2015:07:39:25 -0500] "GET /forest/img/panel/menu/hoy.png HTTP/1.1" 200 1215
168.176.40.33 - - [09/Apr/2015:07:39:25 -0500] "GET /forest/img/panel/menu/danger2.png HTTP/1.1" 200 1358
168.176.40.33 - - [09/Apr/2015:07:39:25 -0500] "GET /forest/index2.jsp?a=0.18162794691530826 HTTP/1.1" 200 48935
168.176.40.33 - - [09/Apr/2015:07:39:25 -0500] "GET /forest/skins/gdocs-jar/css/autocomplete.css HTTP/1.1" 200 1620
168.176.40.33 - - [09/Apr/2015:07:39:25 -0500] "GET /forest/skins/gdocs-jar/css/tree.css HTTP/1.1" 200 223
168.176.40.33 - - [09/Apr/2015:07:39:25 -0500] "GET /forest/skins/gdocs-jar/img/cancel.gif HTTP/1.1" 200 77
168.176.40.33 - - [09/Apr/2015:07:39:25 -0500] "GET /forest/skins/gdocs-jar/js/misprocesos.js?version=1503.161801 HTTP/1.1" 200 5890
168.176.40.33 - - [09/Apr/2015:07:39:25 -0500] "GET /forest/skins/gdocs-jar/js/xml_utilities.js?version=1503.161801 HTTP/1.1" 200 2433
168.176.40.33 - - [09/Apr/2015:07:39:25 -0500] "GET /forest/js/inicio.js?version=1503.161801 HTTP/1.1" 200 2303
168.176.40.33 - - [09/Apr/2015:07:39:25 -0500] "GET /forest/img/instanciar.gif HTTP/1.1" 200 1589
168.176.40.33 - - [09/Apr/2015:07:39:25 -0500] "GET /forest/skins/gdocs-jar/js/autocompletar2.js?version=1503.161801 HTTP/1.1" 200 24595
168.176.40.33 - - [09/Apr/2015:07:39:25 -0500] "GET /forest/img/misdocumentos.gif HTTP/1.1" 200 545
168.176.40.33 - - [09/Apr/2015:07:39:25 -0500] "GET /forest/session.jsp?a=0.9446220004465431 HTTP/1.1" 200 4
186.145.15.143 - - [09/Apr/2015:07:39:25 -0500] "POST /forms/lservlet;jsessionid=ac16012b30d675576c3632734b2f82d797a1b98e7e62.e3iSbxaKaheRe3eNbhaPbhuQa41ynknvrkLOlQzNp65In0 HTTP/1.1" 200 2758
186.145.15.143 - - [09/Apr/2015:07:39:26 -0500] "POST /forms/lservlet;jsessionid=ac16012b30d675576c3632734b2f82d797a1b98e7e62.e3iSbxaKaheRe3eNbhaPbhuQa41ynknvrkLOlQzNp65In0 HTTP/1.1" 200 2
186.29.98.220 - - [09/Apr/2015:07:39:26 -0500] "GET /BLA/boletinlegal/js/jquery.scrollShow.js HTTP/1.1" 304 -
186.29.98.220 - - [09/Apr/2015:07:39:26 -0500] "GET /BLA/boletinlegal/js/jquery.scrollTo-min.js HTTP/1.1" 304 -
186.29.98.220 - - [09/Apr/2015:07:39:26 -0500] "GET /galeria/galeria/jquery.fancybox.js?v=2.1.5 HTTP/1.1" 304 -
186.29.98.220 - - [09/Apr/2015:07:39:26 -0500] "GET /galeria/galeria/jquery.fancybox.css?v=2.1.5 HTTP/1.1" 304 -
186.145.15.143 - - [09/Apr/2015:07:39:27 -0500] "POST /forms/lservlet;jsessionid=ac16012b30d675576c3632734b2f82d797a1b98e7e62.e3iSbxaKaheRe3eNbhaPbhuQa41ynknvrkLOlQzNp65In0 HTTP/1.1" 200 2
186.145.15.143 - - [09/Apr/2015:07:39:27 -0500] "POST /forms/lservlet;jsessionid=ac16012b30d675576c3632734b2f82d797a1b98e7e62.e3iSbxaKaheRe3eNbhaPbhuQa41ynknvrkLOlQzNp65In0 HTTP/1.1" 200 3405
186.145.15.143 - - [09/Apr/2015:07:39:27 -0500] "POST /forms/lservlet;jsessionid=ac16012b30d675576c3632734b2f82d797a1b98e7e62.e3iSbxaKaheRe3eNbhaPbhuQa41ynknvrkLOlQzNp65In0 HTTP/1.1" 200 2
186.145.15.143 - - [09/Apr/2015:07:39:28 -0500] "POST /forms/lservlet;jsessionid=ac16012b30d675576c3632734b2f82d797a1b98e7e62.e3iSbxaKaheRe3eNbhaPbhuQa41ynknvrkLOlQzNp65In0 HTTP/1.1" 200 2
186.29.98.220 - - [09/Apr/2015:07:39:28 -0500] "GET /BLA/boletinlegal/js/jquery.scrollShow.js HTTP/1.1" 304 -
186.29.98.220 - - [09/Apr/2015:07:39:28 -0500] "GET /galeria/galeria/jquery.fancybox.js?v=2.1.5 HTTP/1.1" 304 -
186.29.98.220 - - [09/Apr/2015:07:39:28 -0500] "GET /BLA/boletinlegal/js/jquery.scrollTo-min.js HTTP/1.1" 304 -
186.29.98.220 - - [09/Apr/2015:07:39:28 -0500] "GET /galeria/galeria/jquery.fancybox.css?v=2.1.5 HTTP/1.1" 304 -
186.145.15.143 - - [09/Apr/2015:07:39:28 -0500] "POST /forms/lservlet;jsessionid=ac16012b30d675576c3632734b2f82d797a1b98e7e62.e3iSbxaKaheRe3eNbhaPbhuQa41ynknvrkLOlQzNp65In0 HTTP/1.1" 200 2563
186.145.15.143 - - [09/Apr/2015:07:39:28 -0500] "POST /forms/lservlet;jsessionid=ac16012b30d675576c3632734b2f82d797a1b98e7e62.e3iSbxaKaheRe3eNbhaPbhuQa41ynknvrkLOlQzNp65In0 HTTP/1.1" 200 2
186.145.15.143 - - [09/Apr/2015:07:39:29 -0500] "POST /forms/lservlet;jsessionid=ac16012b30d675576c3632734b2f82d797a1b98e7e62.e3iSbxaKaheRe3eNbhaPbhuQa41ynknvrkLOlQzNp65In0 HTTP/1.1" 200 2
186.145.15.143 - - [09/Apr/2015:07:39:29 -0500] "POST /forms/lservlet;jsessionid=ac16012b30d675576c3632734b2f82d797a1b98e7e62.e3iSbxaKaheRe3eNbhaPbhuQa41ynknvrkLOlQzNp65In0 HTTP/1.1" 200 2680
186.145.15.143 - - [09/Apr/2015:07:39:30 -0500] "POST /forms/lservlet;jsessionid=ac16012b30d675576c3632734b2f82d797a1b98e7e62.e3iSbxaKaheRe3eNbhaPbhuQa41ynknvrkLOlQzNp65In0 HTTP/1.1" 200 2
186.29.98.220 - - [09/Apr/2015:07:39:30 -0500] "GET /BLA/boletinlegal/js/jquery.scrollTo-min.js HTTP/1.1" 304 -
186.29.98.220 - - [09/Apr/2015:07:39:30 -0500] "GET /BLA/boletinlegal/js/jquery.scrollShow.js HTTP/1.1" 304 -
186.29.98.220 - - [09/Apr/2015:07:39:30 -0500] "GET /galeria/galeria/jquery.fancybox.js?v=2.1.5 HTTP/1.1" 304 -
186.29.98.220 - - [09/Apr/2015:07:39:30 -0500] "GET /galeria/galeria/jquery.fancybox.css?v=2.1.5 HTTP/1.1" 304 -
186.145.15.143 - - [09/Apr/2015:07:39:30 -0500] "POST /forms/lservlet;jsessionid=ac16012b30d675576c3632734b2f82d797a1b98e7e62.e3iSbxaKaheRe3eNbhaPbhuQa41ynknvrkLOlQzNp65In0 HTTP/1.1" 200 2
186.145.15.143 - - [09/Apr/2015:07:39:30 -0500] "POST /forms/lservlet;jsessionid=ac16012b30d675576c3632734b2f82d797a1b98e7e62.e3iSbxaKaheRe3eNbhaPbhuQa41ynknvrkLOlQzNp65In0 HTTP/1.1" 200 2463
186.145.15.143 - - [09/Apr/2015:07:39:31 -0500] "POST /forms/lservlet;jsessionid=ac16012b30d675576c3632734b2f82d797a1b98e7e62.e3iSbxaKaheRe3eNbhaPbhuQa41ynknvrkLOlQzNp65In0 HTTP/1.1" 200 2
186.145.15.143 - - [09/Apr/2015:07:39:31 -0500] "POST /forms/lservlet;jsessionid=ac16012b30d675576c3632734b2f82d797a1b98e7e62.e3iSbxaKaheRe3eNbhaPbhuQa41ynknvrkLOlQzNp65In0 HTTP/1.1" 200 2
186.145.15.143 - - [09/Apr/2015:07:39:31 -0500] "POST /forms/lservlet;jsessionid=ac16012b30d675576c3632734b2f82d797a1b98e7e62.e3iSbxaKaheRe3eNbhaPbhuQa41ynknvrkLOlQzNp65In0 HTTP/1.1" 200 2784
186.145.15.143 - - [09/Apr/2015:07:39:32 -0500] "POST /forms/lservlet;jsessionid=ac16012b30d675576c3632734b2f82d797a1b98e7e62.e3iSbxaKaheRe3eNbhaPbhuQa41ynknvrkLOlQzNp65In0 HTTP/1.1" 200 2
186.29.98.220 - - [09/Apr/2015:07:39:32 -0500] "GET /BLA/boletinlegal/js/jquery.scrollTo-min.js HTTP/1.1" 304 -
186.29.98.220 - - [09/Apr/2015:07:39:32 -0500] "GET /galeria/galeria/jquery.fancybox.js?v=2.1.5 HTTP/1.1" 304 -
186.29.98.220 - - [09/Apr/2015:07:39:32 -0500] "GET /BLA/boletinlegal/js/jquery.scrollShow.js HTTP/1.1" 304 -
186.29.98.220 - - [09/Apr/2015:07:39:32 -0500] "GET /galeria/galeria/jquery.fancybox.css?v=2.1.5 HTTP/1.1" 304 -
186.145.15.143 - - [09/Apr/2015:07:39:32 -0500] "POST /forms/lservlet;jsessionid=ac16012b30d675576c3632734b2f82d797a1b98e7e62.e3iSbxaKaheRe3eNbhaPbhuQa41ynknvrkLOlQzNp65In0 HTTP/1.1" 200 2
186.145.15.143 - - [09/Apr/2015:07:39:32 -0500] "POST /forms/lservlet;jsessionid=ac16012b30d675576c3632734b2f82d797a1b98e7e62.e3iSbxaKaheRe3eNbhaPbhuQa41ynknvrkLOlQzNp65In0 HTTP/1.1" 200 2493
186.145.15.143 - - [09/Apr/2015:07:39:33 -0500] "POST /forms/lservlet;jsessionid=ac16012b30d675576c3632734b2f82d797a1b98e7e62.e3iSbxaKaheRe3eNbhaPbhuQa41ynknvrkLOlQzNp65In0 HTTP/1.1" 200 2
186.145.15.143 - - [09/Apr/2015:07:39:34 -0500] "POST /forms/lservlet;jsessionid=ac16012b30d675576c3632734b2f82d797a1b98e7e62.e3iSbxaKaheRe3eNbhaPbhuQa41ynknvrkLOlQzNp65In0 HTTP/1.1" 200 2
186.145.15.143 - - [09/Apr/2015:07:39:34 -0500] "POST /forms/lservlet;jsessionid=ac16012b30d675576c3632734b2f82d797a1b98e7e62.e3iSbxaKaheRe3eNbhaPbhuQa41ynknvrkLOlQzNp65In0 HTTP/1.1" 200 3019
186.145.15.143 - - [09/Apr/2015:07:39:34 -0500] "POST /forms/lservlet;jsessionid=ac16012b30d675576c3632734b2f82d797a1b98e7e62.e3iSbxaKaheRe3eNbhaPbhuQa41ynknvrkLOlQzNp65In0 HTTP/1.1" 200 2
186.29.98.220 - - [09/Apr/2015:07:39:34 -0500] "GET /BLA/boletinlegal/js/jquery.scrollTo-min.js HTTP/1.1" 304 -
186.29.98.220 - - [09/Apr/2015:07:39:34 -0500] "GET /BLA/boletinlegal/js/jquery.scrollShow.js HTTP/1.1" 304 -
186.29.98.220 - - [09/Apr/2015:07:39:34 -0500] "GET /galeria/galeria/jquery.fancybox.js?v=2.1.5 HTTP/1.1" 304 -
186.29.98.220 - - [09/Apr/2015:07:39:34 -0500] "GET /galeria/galeria/jquery.fancybox.css?v=2.1.5 HTTP/1.1" 304 -
186.145.15.143 - - [09/Apr/2015:07:39:35 -0500] "POST /forms/lservlet;jsessionid=ac16012b30d675576c3632734b2f82d797a1b98e7e62.e3iSbxaKaheRe3eNbhaPbhuQa41ynknvrkLOlQzNp65In0 HTTP/1.1" 200 2
186.145.15.143 - - [09/Apr/2015:07:39:35 -0500] "POST /forms/lservlet;jsessionid=ac16012b30d675576c3632734b2f82d797a1b98e7e62.e3iSbxaKaheRe3eNbhaPbhuQa41ynknvrkLOlQzNp65In0 HTTP/1.1" 200 2222
186.145.15.143 - - [09/Apr/2015:07:39:35 -0500] "POST /forms/lservlet;jsessionid=ac16012b30d675576c3632734b2f82d797a1b98e7e62.e3iSbxaKaheRe3eNbhaPbhuQa41ynknvrkLOlQzNp65In0 HTTP/1.1" 200 2
186.145.15.143 - - [09/Apr/2015:07:39:36 -0500] "POST /forms/lservlet;jsessionid=ac16012b30d675576c3632734b2f82d797a1b98e7e62.e3iSbxaKaheRe3eNbhaPbhuQa41ynknvrkLOlQzNp65In0 HTTP/1.1" 200 2
186.145.15.143 - - [09/Apr/2015:07:39:36 -0500] "POST /forms/lservlet;jsessionid=ac16012b30d675576c3632734b2f82d797a1b98e7e62.e3iSbxaKaheRe3eNbhaPbhuQa41ynknvrkLOlQzNp65In0 HTTP/1.1" 200 2727
186.145.15.143 - - [09/Apr/2015:07:39:36 -0500] "POST /forms/lservlet;jsessionid=ac16012b30d675576c3632734b2f82d797a1b98e7e62.e3iSbxaKaheRe3eNbhaPbhuQa41ynknvrkLOlQzNp65In0 HTTP/1.1" 200 2
186.29.98.220 - - [09/Apr/2015:07:39:37 -0500] "GET /galeria/galeria/jquery.fancybox.css?v=2.1.5 HTTP/1.1" 304 -
186.29.98.220 - - [09/Apr/2015:07:39:37 -0500] "GET /BLA/boletinlegal/js/jquery.scrollShow.js HTTP/1.1" 304 -
186.29.98.220 - - [09/Apr/2015:07:39:37 -0500] "GET /BLA/boletinlegal/js/jquery.scrollTo-min.js HTTP/1.1" 304 -
186.29.98.220 - - [09/Apr/2015:07:39:37 -0500] "GET /galeria/galeria/jquery.fancybox.js?v=2.1.5 HTTP/1.1" 304 -
186.145.15.143 - - [09/Apr/2015:07:39:37 -0500] "POST /forms/lservlet;jsessionid=ac16012b30d675576c3632734b2f82d797a1b98e7e62.e3iSbxaKaheRe3eNbhaPbhuQa41ynknvrkLOlQzNp65In0 HTTP/1.1" 200 2
168.176.40.33 - - [09/Apr/2015:07:39:37 -0500] "GET /forest/img/jquery/ui-bg_glass_75_d0e5f5_1x400.png HTTP/1.1" 200 50253
186.145.15.143 - - [09/Apr/2015:07:39:37 -0500] "POST /forms/lservlet;jsessionid=ac16012b30d675576c3632734b2f82d797a1b98e7e62.e3iSbxaKaheRe3eNbhaPbhuQa41ynknvrkLOlQzNp65In0 HTTP/1.1" 200 2304
186.145.15.143 - - [09/Apr/2015:07:39:37 -0500] "POST /forms/lservlet;jsessionid=ac16012b30d675576c3632734b2f82d797a1b98e7e62.e3iSbxaKaheRe3eNbhaPbhuQa41ynknvrkLOlQzNp65In0 HTTP/1.1" 200 2
186.145.15.143 - - [09/Apr/2015:07:39:38 -0500] "POST /forms/lservlet;jsessionid=ac16012b30d675576c3632734b2f82d797a1b98e7e62.e3iSbxaKaheRe3eNbhaPbhuQa41ynknvrkLOlQzNp65In0 HTTP/1.1" 200 2
168.176.40.33 - - [09/Apr/2015:07:39:38 -0500] "GET /forest/skins/gdocs-jar/popup/popup.jsp?width=1100&height=500&title=Buscar%20procesos&uri=/forest/buscar.do%3Ftype%3Dprocesos&name=undefined&_a=0.4410222980659455&a=0.6615528617985547 HTTP/1.1" 200 1296
168.176.40.33 - - [09/Apr/2015:07:39:38 -0500] "GET /forest/buscar.do?type=procesos HTTP/1.1" 200 18159
168.176.40.33 - - [09/Apr/2015:07:39:38 -0500] "GET /forest/skins/gdocs-jar/css/tree.css?version=1503.161801 HTTP/1.1" 200 223
168.176.40.33 - - [09/Apr/2015:07:39:38 -0500] "GET /forest/css/autocomplete.css?version=1503.161801 HTTP/1.1" 200 1662
168.176.40.33 - - [09/Apr/2015:07:39:38 -0500] "GET /forest/js/load_func.js?version=1503.161801 HTTP/1.1" 200 919
168.176.40.33 - - [09/Apr/2015:07:39:38 -0500] "GET /forest/1ibre/jscalendar/calendar-win2k-1.css HTTP/1.1" 200 5986
168.176.40.33 - - [09/Apr/2015:07:39:38 -0500] "GET /forest/js/dialog.js?version=1503.161801 HTTP/1.1" 200 4201
168.176.40.33 - - [09/Apr/2015:07:39:38 -0500] "GET /forest/js/escritorio/escritorio.js?version=1503.161801 HTTP/1.1" 200 8096
168.176.40.33 - - [09/Apr/2015:07:39:38 -0500] "GET /forest/js/internJS.js?version=1503.161801 HTTP/1.1" 200 3047
168.176.40.33 - - [09/Apr/2015:07:39:38 -0500] "GET /forest/js/autocompletar2.js?version=1503.161801 HTTP/1.1" 200 24092
186.145.15.143 - - [09/Apr/2015:07:39:38 -0500] "POST /forms/lservlet;jsessionid=ac16012b30d675576c3632734b2f82d797a1b98e7e62.e3iSbxaKaheRe3eNbhaPbhuQa41ynknvrkLOlQzNp65In0 HTTP/1.1" 200 2824
168.176.40.33 - - [09/Apr/2015:07:39:38 -0500] "GET /forest/1ibre/jscalendar/lang/calendar-es.js?version=1503.161801 HTTP/1.1" 200 3995
168.176.40.33 - - [09/Apr/2015:07:39:38 -0500] "GET /forest/1ibre/jscalendar/calendar-setup.js?version=1503.161801 HTTP/1.1" 200 8927
168.176.40.33 - - [09/Apr/2015:07:39:38 -0500] "GET /forest/js/xml_utilities.js?version=1503.161801 HTTP/1.1" 200 11451
168.176.40.33 - - [09/Apr/2015:07:39:38 -0500] "GET /forest/buscar.do?type=procesos HTTP/1.1" 200 85096
168.176.40.33 - - [09/Apr/2015:07:39:38 -0500] "GET /forest/1ibre/jscalendar/calendar.js?version=1503.161801 HTTP/1.1" 200 51363
168.176.40.33 - - [09/Apr/2015:07:39:38 -0500] "GET /forest/js/sarissa.js?version=1503.161801 HTTP/1.1" 200 27327
186.145.15.143 - - [09/Apr/2015:07:39:38 -0500] "POST /forms/lservlet;jsessionid=ac16012b30d675576c3632734b2f82d797a1b98e7e62.e3iSbxaKaheRe3eNbhaPbhuQa41ynknvrkLOlQzNp65In0 HTTP/1.1" 200 2
168.176.40.33 - - [09/Apr/2015:07:39:38 -0500] "GET /forest/skins/gdocs-jar/img/top-search-icon.gif HTTP/1.1" 200 607
168.176.40.33 - - [09/Apr/2015:07:39:38 -0500] "GET /forest/skins/gdocs-jar/img/select.gif HTTP/1.1" 200 335
168.176.40.33 - - [09/Apr/2015:07:39:38 -0500] "GET /forest/skins/gdocs-jar/img/user_search.gif HTTP/1.1" 200 1491
186.29.98.220 - - [09/Apr/2015:07:39:38 -0500] "GET /BLA/boletinlegal/js/jquery.scrollShow.js HTTP/1.1" 304 -
186.29.98.220 - - [09/Apr/2015:07:39:38 -0500] "GET /BLA/boletinlegal/js/jquery.scrollTo-min.js HTTP/1.1" 304 -
186.29.98.220 - - [09/Apr/2015:07:39:38 -0500] "GET /galeria/galeria/jquery.fancybox.js?v=2.1.5 HTTP/1.1" 304 -
186.29.98.220 - - [09/Apr/2015:07:39:38 -0500] "GET /galeria/galeria/jquery.fancybox.css?v=2.1.5 HTTP/1.1" 304 -
168.176.40.33 - - [09/Apr/2015:07:39:38 -0500] "GET /forest/1ibre/protoaculous.js?version=1503.161801 HTTP/1.1" 200 151386
168.176.40.33 - - [09/Apr/2015:07:39:38 -0500] "GET /forest/1ibre/1ibre.js?version=1503.161801 HTTP/1.1" 200 197648
186.145.15.143 - - [09/Apr/2015:07:39:39 -0500] "POST /forms/lservlet;jsessionid=ac16012b30d675576c3632734b2f82d797a1b98e7e62.e3iSbxaKaheRe3eNbhaPbhuQa41ynknvrkLOlQzNp65In0 HTTP/1.1" 200 2
168.176.40.33 - - [09/Apr/2015:07:39:39 -0500] "GET /forest/json.do?query=usersByDep&coddep=7101 HTTP/1.1" 200 852
168.176.40.33 - - [09/Apr/2015:07:39:39 -0500] "GET /forest/1ibre/images/spacer.gif HTTP/1.1" 200 43
168.176.40.33 - - [09/Apr/2015:07:39:39 -0500] "GET /forest/1ibre/images/plus.gif HTTP/1.1" 200 88
168.176.40.33 - - [09/Apr/2015:07:39:39 -0500] "GET /forest/1ibre/images/minus.gif HTTP/1.1" 200 80
168.176.40.33 - - [09/Apr/2015:07:39:39 -0500] "GET /forest/skins/gdocs-jar/img/dependencia-tree.gif HTTP/1.1" 200 1039
168.176.40.33 - - [09/Apr/2015:07:39:39 -0500] "GET /forest/json.do?query=versionListadas HTTP/1.1" 200 15
168.176.40.33 - - [09/Apr/2015:07:39:39 -0500] "GET /forest/1ibre/jscalendar/img.gif HTTP/1.1" 200 223
168.176.40.33 - - [09/Apr/2015:07:39:39 -0500] "GET /forest/json.do?query=usersByDep&coddep=7101 HTTP/1.1" 200 852
168.176.40.33 - - [09/Apr/2015:07:39:39 -0500] "GET /forest/json.do?query=procesIniciales HTTP/1.1" 200 10282
168.176.40.33 - - [09/Apr/2015:07:39:39 -0500] "GET /forest/json.do?query=bpmnIniciales HTTP/1.1" 200 638
186.145.15.143 - - [09/Apr/2015:07:39:39 -0500] "POST /forms/lservlet;jsessionid=ac16012b30d675576c3632734b2f82d797a1b98e7e62.e3iSbxaKaheRe3eNbhaPbhuQa41ynknvrkLOlQzNp65In0 HTTP/1.1" 200 3024
186.145.15.143 - - [09/Apr/2015:07:39:40 -0500] "POST /forms/lservlet;jsessionid=ac16012b30d675576c3632734b2f82d797a1b98e7e62.e3iSbxaKaheRe3eNbhaPbhuQa41ynknvrkLOlQzNp65In0 HTTP/1.1" 200 2
186.145.15.143 - - [09/Apr/2015:07:39:40 -0500] "POST /forms/lservlet;jsessionid=ac16012b30d675576c3632734b2f82d797a1b98e7e62.e3iSbxaKaheRe3eNbhaPbhuQa41ynknvrkLOlQzNp65In0 HTTP/1.1" 200 2
186.29.98.220 - - [09/Apr/2015:07:39:40 -0500] "GET /BLA/boletinlegal/js/jquery.scrollTo-min.js HTTP/1.1" 304 -
186.29.98.220 - - [09/Apr/2015:07:39:40 -0500] "GET /BLA/boletinlegal/js/jquery.scrollShow.js HTTP/1.1" 304 -
186.29.98.220 - - [09/Apr/2015:07:39:40 -0500] "GET /galeria/galeria/jquery.fancybox.js?v=2.1.5 HTTP/1.1" 304 -
186.29.98.220 - - [09/Apr/2015:07:39:40 -0500] "GET /galeria/galeria/jquery.fancybox.css?v=2.1.5 HTTP/1.1" 304 -
186.145.15.143 - - [09/Apr/2015:07:39:40 -0500] "POST /forms/lservlet;jsessionid=ac16012b30d675576c3632734b2f82d797a1b98e7e62.e3iSbxaKaheRe3eNbhaPbhuQa41ynknvrkLOlQzNp65In0 HTTP/1.1" 200 2712
186.145.15.143 - - [09/Apr/2015:07:39:41 -0500] "POST /forms/lservlet;jsessionid=ac16012b30d675576c3632734b2f82d797a1b98e7e62.e3iSbxaKaheRe3eNbhaPbhuQa41ynknvrkLOlQzNp65In0 HTTP/1.1" 200 2
186.145.15.143 - - [09/Apr/2015:07:39:41 -0500] "POST /forms/lservlet;jsessionid=ac16012b30d675576c3632734b2f82d797a1b98e7e62.e3iSbxaKaheRe3eNbhaPbhuQa41ynknvrkLOlQzNp65In0 HTTP/1.1" 200 2
186.145.15.143 - - [09/Apr/2015:07:39:42 -0500] "POST /forms/lservlet;jsessionid=ac16012b30d675576c3632734b2f82d797a1b98e7e62.e3iSbxaKaheRe3eNbhaPbhuQa41ynknvrkLOlQzNp65In0 HTTP/1.1" 200 2711
186.145.15.143 - - [09/Apr/2015:07:39:42 -0500] "POST /forms/lservlet;jsessionid=ac16012b30d675576c3632734b2f82d797a1b98e7e62.e3iSbxaKaheRe3eNbhaPbhuQa41ynknvrkLOlQzNp65In0 HTTP/1.1" 200 2
186.29.98.220 - - [09/Apr/2015:07:39:42 -0500] "GET /galeria/galeria/jquery.fancybox.js?v=2.1.5 HTTP/1.1" 304 -
186.29.98.220 - - [09/Apr/2015:07:39:42 -0500] "GET /galeria/galeria/jquery.fancybox.css?v=2.1.5 HTTP/1.1" 304 -
186.29.98.220 - - [09/Apr/2015:07:39:42 -0500] "GET /BLA/boletinlegal/js/jquery.scrollTo-min.js HTTP/1.1" 304 -
186.29.98.220 - - [09/Apr/2015:07:39:42 -0500] "GET /BLA/boletinlegal/js/jquery.scrollShow.js HTTP/1.1" 304 -
186.145.15.143 - - [09/Apr/2015:07:39:42 -0500] "POST /forms/lservlet;jsessionid=ac16012b30d675576c3632734b2f82d797a1b98e7e62.e3iSbxaKaheRe3eNbhaPbhuQa41ynknvrkLOlQzNp65In0 HTTP/1.1" 200 2
186.145.15.143 - - [09/Apr/2015:07:39:43 -0500] "POST /forms/lservlet;jsessionid=ac16012b30d675576c3632734b2f82d797a1b98e7e62.e3iSbxaKaheRe3eNbhaPbhuQa41ynknvrkLOlQzNp65In0 HTTP/1.1" 200 2907
186.145.15.143 - - [09/Apr/2015:07:39:43 -0500] "POST /forms/lservlet;jsessionid=ac16012b30d675576c3632734b2f82d797a1b98e7e62.e3iSbxaKaheRe3eNbhaPbhuQa41ynknvrkLOlQzNp65In0 HTTP/1.1" 200 2
186.145.15.143 - - [09/Apr/2015:07:39:43 -0500] "POST /forms/lservlet;jsessionid=ac16012b30d675576c3632734b2f82d797a1b98e7e62.e3iSbxaKaheRe3eNbhaPbhuQa41ynknvrkLOlQzNp65In0 HTTP/1.1" 200 2
186.145.15.143 - - [09/Apr/2015:07:39:44 -0500] "POST /forms/lservlet;jsessionid=ac16012b30d675576c3632734b2f82d797a1b98e7e62.e3iSbxaKaheRe3eNbhaPbhuQa41ynknvrkLOlQzNp65In0 HTTP/1.1" 200 2874
186.145.15.143 - - [09/Apr/2015:07:39:44 -0500] "POST /forms/lservlet;jsessionid=ac16012b30d675576c3632734b2f82d797a1b98e7e62.e3iSbxaKaheRe3eNbhaPbhuQa41ynknvrkLOlQzNp65In0 HTTP/1.1" 200 2
186.29.98.220 - - [09/Apr/2015:07:39:45 -0500] "GET /BLA/boletinlegal/js/jquery.scrollTo-min.js HTTP/1.1" 304 -
186.29.98.220 - - [09/Apr/2015:07:39:45 -0500] "GET /galeria/galeria/jquery.fancybox.css?v=2.1.5 HTTP/1.1" 304 -
186.29.98.220 - - [09/Apr/2015:07:39:45 -0500] "GET /BLA/boletinlegal/js/jquery.scrollShow.js HTTP/1.1" 304 -
186.29.98.220 - - [09/Apr/2015:07:39:45 -0500] "GET /galeria/galeria/jquery.fancybox.js?v=2.1.5 HTTP/1.1" 304 -
186.145.15.143 - - [09/Apr/2015:07:39:45 -0500] "POST /forms/lservlet;jsessionid=ac16012b30d675576c3632734b2f82d797a1b98e7e62.e3iSbxaKaheRe3eNbhaPbhuQa41ynknvrkLOlQzNp65In0 HTTP/1.1" 200 2
186.145.15.143 - - [09/Apr/2015:07:39:45 -0500] "POST /forms/lservlet;jsessionid=ac16012b30d675576c3632734b2f82d797a1b98e7e62.e3iSbxaKaheRe3eNbhaPbhuQa41ynknvrkLOlQzNp65In0 HTTP/1.1" 200 3274
186.145.15.143 - - [09/Apr/2015:07:39:46 -0500] "POST /forms/lservlet;jsessionid=ac16012b30d675576c3632734b2f82d797a1b98e7e62.e3iSbxaKaheRe3eNbhaPbhuQa41ynknvrkLOlQzNp65In0 HTTP/1.1" 200 2
186.145.15.143 - - [09/Apr/2015:07:39:46 -0500] "POST /forms/lservlet;jsessionid=ac16012b30d675576c3632734b2f82d797a1b98e7e62.e3iSbxaKaheRe3eNbhaPbhuQa41ynknvrkLOlQzNp65In0 HTTP/1.1" 200 2
186.29.98.220 - - [09/Apr/2015:07:39:47 -0500] "GET /BLA/boletinlegal/js/jquery.scrollShow.js HTTP/1.1" 304 -
186.29.98.220 - - [09/Apr/2015:07:39:47 -0500] "GET /BLA/boletinlegal/js/jquery.scrollTo-min.js HTTP/1.1" 304 -
186.29.98.220 - - [09/Apr/2015:07:39:47 -0500] "GET /galeria/galeria/jquery.fancybox.css?v=2.1.5 HTTP/1.1" 304 -
186.29.98.220 - - [09/Apr/2015:07:39:47 -0500] "GET /galeria/galeria/jquery.fancybox.js?v=2.1.5 HTTP/1.1" 304 -
186.145.15.143 - - [09/Apr/2015:07:39:46 -0500] "POST /forms/lservlet;jsessionid=ac16012b30d675576c3632734b2f82d797a1b98e7e62.e3iSbxaKaheRe3eNbhaPbhuQa41ynknvrkLOlQzNp65In0 HTTP/1.1" 200 3214
186.145.15.143 - - [09/Apr/2015:07:39:47 -0500] "POST /forms/lservlet;jsessionid=ac16012b30d675576c3632734b2f82d797a1b98e7e62.e3iSbxaKaheRe3eNbhaPbhuQa41ynknvrkLOlQzNp65In0 HTTP/1.1" 200 2
186.145.15.143 - - [09/Apr/2015:07:39:47 -0500] "POST /forms/lservlet;jsessionid=ac16012b30d675576c3632734b2f82d797a1b98e7e62.e3iSbxaKaheRe3eNbhaPbhuQa41ynknvrkLOlQzNp65In0 HTTP/1.1" 200 2
186.145.15.143 - - [09/Apr/2015:07:39:47 -0500] "POST /forms/lservlet;jsessionid=ac16012b30d675576c3632734b2f82d797a1b98e7e62.e3iSbxaKaheRe3eNbhaPbhuQa41ynknvrkLOlQzNp65In0 HTTP/1.1" 200 3317
186.145.15.143 - - [09/Apr/2015:07:39:48 -0500] "POST /forms/lservlet;jsessionid=ac16012b30d675576c3632734b2f82d797a1b98e7e62.e3iSbxaKaheRe3eNbhaPbhuQa41ynknvrkLOlQzNp65In0 HTTP/1.1" 200 2
186.145.15.143 - - [09/Apr/2015:07:39:48 -0500] "POST /forms/lservlet;jsessionid=ac16012b30d675576c3632734b2f82d797a1b98e7e62.e3iSbxaKaheRe3eNbhaPbhuQa41ynknvrkLOlQzNp65In0 HTTP/1.1" 200 2
186.29.98.220 - - [09/Apr/2015:07:39:49 -0500] "GET /galeria/galeria/jquery.fancybox.css?v=2.1.5 HTTP/1.1" 304 -
186.29.98.220 - - [09/Apr/2015:07:39:49 -0500] "GET /galeria/galeria/jquery.fancybox.js?v=2.1.5 HTTP/1.1" 304 -
186.29.98.220 - - [09/Apr/2015:07:39:49 -0500] "GET /BLA/boletinlegal/js/jquery.scrollShow.js HTTP/1.1" 304 -
186.29.98.220 - - [09/Apr/2015:07:39:49 -0500] "GET /BLA/boletinlegal/js/jquery.scrollTo-min.js HTTP/1.1" 304 -
186.145.15.143 - - [09/Apr/2015:07:39:49 -0500] "POST /forms/lservlet;jsessionid=ac16012b30d675576c3632734b2f82d797a1b98e7e62.e3iSbxaKaheRe3eNbhaPbhuQa41ynknvrkLOlQzNp65In0 HTTP/1.1" 200 2972
186.145.15.143 - - [09/Apr/2015:07:39:50 -0500] "POST /forms/lservlet;jsessionid=ac16012b30d675576c3632734b2f82d797a1b98e7e62.e3iSbxaKaheRe3eNbhaPbhuQa41ynknvrkLOlQzNp65In0 HTTP/1.1" 200 2
186.145.15.143 - - [09/Apr/2015:07:39:50 -0500] "POST /forms/lservlet;jsessionid=ac16012b30d675576c3632734b2f82d797a1b98e7e62.e3iSbxaKaheRe3eNbhaPbhuQa41ynknvrkLOlQzNp65In0 HTTP/1.1" 200 2
186.145.15.143 - - [09/Apr/2015:07:39:50 -0500] "POST /forms/lservlet;jsessionid=ac16012b30d675576c3632734b2f82d797a1b98e7e62.e3iSbxaKaheRe3eNbhaPbhuQa41ynknvrkLOlQzNp65In0 HTTP/1.1" 200 3005
186.145.15.143 - - [09/Apr/2015:07:39:51 -0500] "POST /forms/lservlet;jsessionid=ac16012b30d675576c3632734b2f82d797a1b98e7e62.e3iSbxaKaheRe3eNbhaPbhuQa41ynknvrkLOlQzNp65In0 HTTP/1.1" 200 2
186.29.98.220 - - [09/Apr/2015:07:39:51 -0500] "GET /BLA/boletinlegal/js/jquery.scrollTo-min.js HTTP/1.1" 304 -
186.29.98.220 - - [09/Apr/2015:07:39:51 -0500] "GET /BLA/boletinlegal/js/jquery.scrollShow.js HTTP/1.1" 304 -
186.29.98.220 - - [09/Apr/2015:07:39:51 -0500] "GET /galeria/galeria/jquery.fancybox.js?v=2.1.5 HTTP/1.1" 304 -
186.29.98.220 - - [09/Apr/2015:07:39:51 -0500] "GET /galeria/galeria/jquery.fancybox.css?v=2.1.5 HTTP/1.1" 304 -
186.145.15.143 - - [09/Apr/2015:07:39:51 -0500] "POST /forms/lservlet;jsessionid=ac16012b30d675576c3632734b2f82d797a1b98e7e62.e3iSbxaKaheRe3eNbhaPbhuQa41ynknvrkLOlQzNp65In0 HTTP/1.1" 200 2
186.145.15.143 - - [09/Apr/2015:07:39:51 -0500] "POST /forms/lservlet;jsessionid=ac16012b30d675576c3632734b2f82d797a1b98e7e62.e3iSbxaKaheRe3eNbhaPbhuQa41ynknvrkLOlQzNp65In0 HTTP/1.1" 200 2667
186.145.15.143 - - [09/Apr/2015:07:39:52 -0500] "POST /forms/lservlet;jsessionid=ac16012b30d675576c3632734b2f82d797a1b98e7e62.e3iSbxaKaheRe3eNbhaPbhuQa41ynknvrkLOlQzNp65In0 HTTP/1.1" 200 2
186.145.15.143 - - [09/Apr/2015:07:39:52 -0500] "POST /forms/lservlet;jsessionid=ac16012b30d675576c3632734b2f82d797a1b98e7e62.e3iSbxaKaheRe3eNbhaPbhuQa41ynknvrkLOlQzNp65In0 HTTP/1.1" 200 2
186.145.15.143 - - [09/Apr/2015:07:39:52 -0500] "POST /forms/lservlet;jsessionid=ac16012b30d675576c3632734b2f82d797a1b98e7e62.e3iSbxaKaheRe3eNbhaPbhuQa41ynknvrkLOlQzNp65In0 HTTP/1.1" 200 2816
186.29.98.220 - - [09/Apr/2015:07:39:53 -0500] "GET /BLA/boletinlegal/js/jquery.scrollTo-min.js HTTP/1.1" 304 -
186.29.98.220 - - [09/Apr/2015:07:39:53 -0500] "GET /BLA/boletinlegal/js/jquery.scrollShow.js HTTP/1.1" 304 -
186.29.98.220 - - [09/Apr/2015:07:39:53 -0500] "GET /galeria/galeria/jquery.fancybox.css?v=2.1.5 HTTP/1.1" 304 -
186.29.98.220 - - [09/Apr/2015:07:39:53 -0500] "GET /galeria/galeria/jquery.fancybox.js?v=2.1.5 HTTP/1.1" 304 -
186.145.15.143 - - [09/Apr/2015:07:39:53 -0500] "POST /forms/lservlet;jsessionid=ac16012b30d675576c3632734b2f82d797a1b98e7e62.e3iSbxaKaheRe3eNbhaPbhuQa41ynknvrkLOlQzNp65In0 HTTP/1.1" 200 2
186.145.15.143 - - [09/Apr/2015:07:39:54 -0500] "POST /forms/lservlet;jsessionid=ac16012b30d675576c3632734b2f82d797a1b98e7e62.e3iSbxaKaheRe3eNbhaPbhuQa41ynknvrkLOlQzNp65In0 HTTP/1.1" 200 2
186.145.15.143 - - [09/Apr/2015:07:39:54 -0500] "POST /forms/lservlet;jsessionid=ac16012b30d675576c3632734b2f82d797a1b98e7e62.e3iSbxaKaheRe3eNbhaPbhuQa41ynknvrkLOlQzNp65In0 HTTP/1.1" 200 2978
186.145.15.143 - - [09/Apr/2015:07:39:54 -0500] "POST /forms/lservlet;jsessionid=ac16012b30d675576c3632734b2f82d797a1b98e7e62.e3iSbxaKaheRe3eNbhaPbhuQa41ynknvrkLOlQzNp65In0 HTTP/1.1" 200 2
186.29.98.220 - - [09/Apr/2015:07:39:55 -0500] "GET /BLA/boletinlegal/js/jquery.scrollTo-min.js HTTP/1.1" 304 -
186.29.98.220 - - [09/Apr/2015:07:39:55 -0500] "GET /BLA/boletinlegal/js/jquery.scrollShow.js HTTP/1.1" 304 -
186.29.98.220 - - [09/Apr/2015:07:39:55 -0500] "GET /galeria/galeria/jquery.fancybox.js?v=2.1.5 HTTP/1.1" 304 -
186.29.98.220 - - [09/Apr/2015:07:39:55 -0500] "GET /galeria/galeria/jquery.fancybox.css?v=2.1.5 HTTP/1.1" 304 -
186.145.15.143 - - [09/Apr/2015:07:39:55 -0500] "POST /forms/lservlet;jsessionid=ac16012b30d675576c3632734b2f82d797a1b98e7e62.e3iSbxaKaheRe3eNbhaPbhuQa41ynknvrkLOlQzNp65In0 HTTP/1.1" 200 2
186.145.15.143 - - [09/Apr/2015:07:39:55 -0500] "POST /forms/lservlet;jsessionid=ac16012b30d675576c3632734b2f82d797a1b98e7e62.e3iSbxaKaheRe3eNbhaPbhuQa41ynknvrkLOlQzNp65In0 HTTP/1.1" 200 2877
186.145.15.143 - - [09/Apr/2015:07:39:56 -0500] "POST /forms/lservlet;jsessionid=ac16012b30d675576c3632734b2f82d797a1b98e7e62.e3iSbxaKaheRe3eNbhaPbhuQa41ynknvrkLOlQzNp65In0 HTTP/1.1" 200 2
168.176.40.33 - - [09/Apr/2015:07:39:56 -0500] "GET /forest/skins/gdocs-jar/popup/popup.jsp?width=1100&height=500&title=Buscar%20documentos&uri=/forest/buscar.do%3Ftype%3Ddocumentos&name=undefined&_a=0.7740642421413213&a=0.5398772996850312 HTTP/1.1" 200 1300
186.145.15.143 - - [09/Apr/2015:07:39:57 -0500] "POST /forms/lservlet;jsessionid=ac16012b30d675576c3632734b2f82d797a1b98e7e62.e3iSbxaKaheRe3eNbhaPbhuQa41ynknvrkLOlQzNp65In0 HTTP/1.1" 200 2
168.176.40.33 - - [09/Apr/2015:07:39:56 -0500] "GET /forest/buscar.do?type=documentos HTTP/1.1" 200 85124
168.176.40.33 - - [09/Apr/2015:07:39:57 -0500] "GET /forest/json.do?query=usersByDep&coddep=7101 HTTP/1.1" 200 852
186.145.15.143 - - [09/Apr/2015:07:39:57 -0500] "POST /forms/lservlet;jsessionid=ac16012b30d675576c3632734b2f82d797a1b98e7e62.e3iSbxaKaheRe3eNbhaPbhuQa41ynknvrkLOlQzNp65In0 HTTP/1.1" 200 2830
168.176.40.33 - - [09/Apr/2015:07:39:57 -0500] "GET /forest/json.do?query=versionListadas HTTP/1.1" 200 15
168.176.40.33 - - [09/Apr/2015:07:39:57 -0500] "GET /forest/json.do?query=usersByDep&coddep=7101 HTTP/1.1" 200 852
168.176.40.33 - - [09/Apr/2015:07:39:57 -0500] "GET /forest/json.do?query=procesIniciales HTTP/1.1" 200 10282
168.176.40.33 - - [09/Apr/2015:07:39:57 -0500] "GET /forest/json.do?query=bpmnIniciales HTTP/1.1" 200 638
186.29.98.220 - - [09/Apr/2015:07:39:57 -0500] "GET /BLA/boletinlegal/js/jquery.scrollTo-min.js HTTP/1.1" 304 -
186.29.98.220 - - [09/Apr/2015:07:39:57 -0500] "GET /galeria/galeria/jquery.fancybox.css?v=2.1.5 HTTP/1.1" 304 -
186.29.98.220 - - [09/Apr/2015:07:39:57 -0500] "GET /BLA/boletinlegal/js/jquery.scrollShow.js HTTP/1.1" 304 -
186.29.98.220 - - [09/Apr/2015:07:39:57 -0500] "GET /galeria/galeria/jquery.fancybox.js?v=2.1.5 HTTP/1.1" 304 -
186.145.15.143 - - [09/Apr/2015:07:39:57 -0500] "POST /forms/lservlet;jsessionid=ac16012b30d675576c3632734b2f82d797a1b98e7e62.e3iSbxaKaheRe3eNbhaPbhuQa41ynknvrkLOlQzNp65In0 HTTP/1.1" 200 2
186.145.15.143 - - [09/Apr/2015:07:39:58 -0500] "POST /forms/lservlet;jsessionid=ac16012b30d675576c3632734b2f82d797a1b98e7e62.e3iSbxaKaheRe3eNbhaPbhuQa41ynknvrkLOlQzNp65In0 HTTP/1.1" 200 2
186.145.15.143 - - [09/Apr/2015:07:39:58 -0500] "POST /forms/lservlet;jsessionid=ac16012b30d675576c3632734b2f82d797a1b98e7e62.e3iSbxaKaheRe3eNbhaPbhuQa41ynknvrkLOlQzNp65In0 HTTP/1.1" 200 2852
186.145.15.143 - - [09/Apr/2015:07:39:59 -0500] "POST /forms/lservlet;jsessionid=ac16012b30d675576c3632734b2f82d797a1b98e7e62.e3iSbxaKaheRe3eNbhaPbhuQa41ynknvrkLOlQzNp65In0 HTTP/1.1" 200 2
186.145.15.143 - - [09/Apr/2015:07:39:59 -0500] "POST /forms/lservlet;jsessionid=ac16012b30d675576c3632734b2f82d797a1b98e7e62.e3iSbxaKaheRe3eNbhaPbhuQa41ynknvrkLOlQzNp65In0 HTTP/1.1" 200 2
186.145.15.143 - - [09/Apr/2015:07:39:59 -0500] "POST /forms/lservlet;jsessionid=ac16012b30d675576c3632734b2f82d797a1b98e7e62.e3iSbxaKaheRe3eNbhaPbhuQa41ynknvrkLOlQzNp65In0 HTTP/1.1" 200 2741
168.176.40.33 - - [09/Apr/2015:07:40:00 -0500] "POST /forest/buscar.do? HTTP/1.1" 200 7423
186.145.15.143 - - [09/Apr/2015:07:40:00 -0500] "POST /forms/lservlet;jsessionid=ac16012b30d675576c3632734b2f82d797a1b98e7e62.e3iSbxaKaheRe3eNbhaPbhuQa41ynknvrkLOlQzNp65In0 HTTP/1.1" 200 2
168.176.40.33 - - [09/Apr/2015:07:40:00 -0500] "GET /forest/img/nav_first.gif HTTP/1.1" 200 89
168.176.40.33 - - [09/Apr/2015:07:40:00 -0500] "GET /forest/img/nav_last.gif HTTP/1.1" 200 92
168.176.40.33 - - [09/Apr/2015:07:40:00 -0500] "GET /forest/css/escritorio.css HTTP/1.1" 200 15878
168.176.40.33 - - [09/Apr/2015:07:40:00 -0500] "GET /forest/skins/gdocs-jar/img/more_details.gif HTTP/1.1" 200 617
168.176.40.33 - - [09/Apr/2015:07:40:00 -0500] "GET /forest/img/nav_next.gif HTTP/1.1" 200 111
168.176.40.33 - - [09/Apr/2015:07:40:00 -0500] "GET /forest/img/nav_prev.gif HTTP/1.1" 200 109
168.176.40.33 - - [09/Apr/2015:07:40:00 -0500] "GET /forest/skins/gdocs-jar/img/eye.gif HTTP/1.1" 200 396
186.145.15.143 - - [09/Apr/2015:07:40:00 -0500] "POST /forms/lservlet;jsessionid=ac16012b30d675576c3632734b2f82d797a1b98e7e62.e3iSbxaKaheRe3eNbhaPbhuQa41ynknvrkLOlQzNp65In0 HTTP/1.1" 200 2
186.29.98.220 - - [09/Apr/2015:07:40:00 -0500] "GET /galeria/galeria/jquery.fancybox.css?v=2.1.5 HTTP/1.1" 304 -
186.29.98.220 - - [09/Apr/2015:07:40:00 -0500] "GET /galeria/galeria/jquery.fancybox.js?v=2.1.5 HTTP/1.1" 304 -
186.29.98.220 - - [09/Apr/2015:07:40:00 -0500] "GET /BLA/boletinlegal/js/jquery.scrollTo-min.js HTTP/1.1" 304 -
186.29.98.220 - - [09/Apr/2015:07:40:00 -0500] "GET /BLA/boletinlegal/js/jquery.scrollShow.js HTTP/1.1" 304 -
186.145.15.143 - - [09/Apr/2015:07:40:00 -0500] "POST /forms/lservlet;jsessionid=ac16012b30d675576c3632734b2f82d797a1b98e7e62.e3iSbxaKaheRe3eNbhaPbhuQa41ynknvrkLOlQzNp65In0 HTTP/1.1" 200 2590
186.145.15.143 - - [09/Apr/2015:07:40:01 -0500] "POST /forms/lservlet;jsessionid=ac16012b30d675576c3632734b2f82d797a1b98e7e62.e3iSbxaKaheRe3eNbhaPbhuQa41ynknvrkLOlQzNp65In0 HTTP/1.1" 200 2
186.145.15.143 - - [09/Apr/2015:07:40:01 -0500] "POST /forms/lservlet;jsessionid=ac16012b30d675576c3632734b2f82d797a1b98e7e62.e3iSbxaKaheRe3eNbhaPbhuQa41ynknvrkLOlQzNp65In0 HTTP/1.1" 200 2
186.145.15.143 - - [09/Apr/2015:07:40:01 -0500] "POST /forms/lservlet;jsessionid=ac16012b30d675576c3632734b2f82d797a1b98e7e62.e3iSbxaKaheRe3eNbhaPbhuQa41ynknvrkLOlQzNp65In0 HTTP/1.1" 200 2883
186.145.15.143 - - [09/Apr/2015:07:40:02 -0500] "POST /forms/lservlet;jsessionid=ac16012b30d675576c3632734b2f82d797a1b98e7e62.e3iSbxaKaheRe3eNbhaPbhuQa41ynknvrkLOlQzNp65In0 HTTP/1.1" 200 2
186.145.15.143 - - [09/Apr/2015:07:40:02 -0500] "POST /forms/lservlet;jsessionid=ac16012b30d675576c3632734b2f82d797a1b98e7e62.e3iSbxaKaheRe3eNbhaPbhuQa41ynknvrkLOlQzNp65In0 HTTP/1.1" 200 2
186.29.98.220 - - [09/Apr/2015:07:40:03 -0500] "GET /BLA/boletinlegal/js/jquery.scrollTo-min.js HTTP/1.1" 304 -
186.29.98.220 - - [09/Apr/2015:07:40:03 -0500] "GET /BLA/boletinlegal/js/jquery.scrollShow.js HTTP/1.1" 304 -
186.29.98.220 - - [09/Apr/2015:07:40:03 -0500] "GET /galeria/galeria/jquery.fancybox.css?v=2.1.5 HTTP/1.1" 304 -
186.29.98.220 - - [09/Apr/2015:07:40:03 -0500] "GET /galeria/galeria/jquery.fancybox.js?v=2.1.5 HTTP/1.1" 304 -
186.145.15.143 - - [09/Apr/2015:07:40:02 -0500] "POST /forms/lservlet;jsessionid=ac16012b30d675576c3632734b2f82d797a1b98e7e62.e3iSbxaKaheRe3eNbhaPbhuQa41ynknvrkLOlQzNp65In0 HTTP/1.1" 200 2303
186.145.15.143 - - [09/Apr/2015:07:40:03 -0500] "POST /forms/lservlet;jsessionid=ac16012b30d675576c3632734b2f82d797a1b98e7e62.e3iSbxaKaheRe3eNbhaPbhuQa41ynknvrkLOlQzNp65In0 HTTP/1.1" 200 2
