66.249.64.168 - - [12/Apr/2015:04:54:41 -0500] "GET /BLA/resoluciones/AUTOS%202008/2523.pdf HTTP/1.1" 200 350562
201.245.192.253 - - [12/Apr/2015:04:55:12 -0500] "GET /forest/session.jsp?a=0.6742133377119899 HTTP/1.1" 200 4
66.249.64.172 - - [12/Apr/2015:04:55:36 -0500] "GET /BLA/resoluciones/RESOLUCIONES%202005/RES%202005%202201-2250/00002241.tif HTTP/1.1" 304 -
66.249.64.172 - - [12/Apr/2015:04:56:40 -0500] "GET /BLA/resoluciones/AUTOS%202013/1321.pdf HTTP/1.1" 200 1876487
66.249.64.164 - - [12/Apr/2015:04:57:47 -0500] "GET /BLA/boletinlegal/js/jquery.scrollShow.js HTTP/1.1" 200 4586
66.249.64.164 - - [12/Apr/2015:04:57:47 -0500] "GET /galeria/galeria/jquery.fancybox.js?v=2.1.5 HTTP/1.1" 200 48706
66.249.64.172 - - [12/Apr/2015:04:57:50 -0500] "GET /galeria/galeria/jquery.fancybox.css?v=2.1.5 HTTP/1.1" 200 4895
66.249.64.164 - - [12/Apr/2015:04:57:52 -0500] "GET /BLA/boletinlegal/js/jquery.scrollTo-min.js HTTP/1.1" 200 1150
66.249.64.172 - - [12/Apr/2015:04:58:08 -0500] "GET /BLA/resoluciones/AUTOS%202008/2492.pdf HTTP/1.1" 200 95595
74.86.158.107 - - [12/Apr/2015:04:58:36 -0500] "HEAD / HTTP/1.1" 200 -
201.245.192.253 - - [12/Apr/2015:05:00:13 -0500] "GET /forest/session.jsp?a=0.18296261387877166 HTTP/1.1" 200 4
64.76.213.197 - - [12/Apr/2015:05:00:38 -0500] "GET /galeria/nivo-slider/demo/images/acuerdo_569.jpg HTTP/1.1" 304 -
186.31.63.70 - - [12/Apr/2015:05:00:42 -0500] "GET /galeria/nivo-slider/demo/images/redes_sociales.jpg HTTP/1.1" 206 1
186.31.63.70 - - [12/Apr/2015:05:00:42 -0500] "GET /galeria/nivo-slider/demo/images/Conoce-los-humedales.jpg HTTP/1.1" 206 1
186.31.63.70 - - [12/Apr/2015:05:00:42 -0500] "GET /galeria/nivo-slider/demo/images/Conoce-los-humedales.jpg HTTP/1.1" 206 129239
186.31.63.70 - - [12/Apr/2015:05:00:42 -0500] "GET /galeria/nivo-slider/demo/images/redes_sociales.jpg HTTP/1.1" 206 1799
186.31.63.70 - - [12/Apr/2015:05:00:43 -0500] "GET /galeria/nivo-slider/themes/default/arrows.png HTTP/1.1" 200 824
186.31.63.70 - - [12/Apr/2015:05:00:43 -0500] "GET /galeria/nivo-slider/themes/default/bullets.png HTTP/1.1" 200 1281
180.76.6.138 - - [12/Apr/2015:05:01:33 -0500] "GET /BLA/resoluciones/AUTOS%202014/0694.pdf HTTP/1.1" 200 380622
88.198.233.69 - - [12/Apr/2015:05:02:02 -0500] "GET / HTTP/1.1" 200 10190
180.76.6.232 - - [12/Apr/2015:05:02:11 -0500] "GET /BLA/boletinlegal;jsessionid=00C32F8EC0766F126834CCA1DA5CE22F?/? HTTP/1.1" 404 1018
62.57.146.133 - - [12/Apr/2015:05:02:22 -0500] "GET /POT-2013/Cartografia/32_Altura%20para%20c%C3%A1lculo%20de%20edificabilidad%20predominante%20y%20aisl.pdf HTTP/1.1" 200 3984236
66.249.64.168 - - [12/Apr/2015:05:02:48 -0500] "GET /BLA/resoluciones/RESOLUCIONES%202004/RES%202004%20351-400/00000391.tif HTTP/1.1" 200 215090
180.76.5.146 - - [12/Apr/2015:05:02:49 -0500] "GET /BLA/resoluciones/RESOLUCIONES%202007/RES%202007%202301%20AL%202400/RESOLUCION%202332%20DE%202007.pdf HTTP/1.1" 200 196836
66.249.64.168 - - [12/Apr/2015:05:02:53 -0500] "GET /BLA/resoluciones/RESOLUCIONES%202005/RES%202005%202201-2250/00002228.tif HTTP/1.1" 304 -
180.76.6.45 - - [12/Apr/2015:05:03:26 -0500] "GET /BLA/boletinlegal;jsessionid=7A902CA8D6217B9FFAEC87BA85724F3D?/? HTTP/1.1" 404 1018
74.86.158.107 - - [12/Apr/2015:05:03:36 -0500] "HEAD / HTTP/1.1" 200 -
180.76.6.159 - - [12/Apr/2015:05:04:04 -0500] "GET /Autoliquidacion/Fauna%20Silvestre/APLICATIVO%20COSTO%20EVALUACION%20SALVOCONDUCTO%202015-.xls HTTP/1.1" 200 108544
66.249.64.172 - - [12/Apr/2015:05:04:21 -0500] "GET /BLA/resoluciones/RESOLUCIONES%202011/0339.pdf HTTP/1.1" 200 66965
201.245.192.253 - - [12/Apr/2015:05:05:14 -0500] "GET /forest/session.jsp?a=0.825932334875688 HTTP/1.1" 200 4
74.86.158.107 - - [12/Apr/2015:05:08:36 -0500] "HEAD / HTTP/1.1" 200 -
66.249.64.172 - - [12/Apr/2015:05:08:52 -0500] "GET /BLA/resoluciones/RESOLUCIONES%202007/RES%202007%201101%20AL%201200/RESOLUCION%201115%20DE%202007.pdf HTTP/1.1" 200 133294
178.234.178.82 - - [12/Apr/2015:05:09:47 -0500] "GET / HTTP/1.1" 200 10190
66.249.64.168 - - [12/Apr/2015:05:10:14 -0500] "GET /BLA/resoluciones/RESOLUCIONES%202005/RES%202005%202201-2250/00002218.tif HTTP/1.1" 304 -
201.245.192.253 - - [12/Apr/2015:05:10:15 -0500] "GET /forest/session.jsp?a=0.5273812049999833 HTTP/1.1" 200 4
104.152.168.13 - - [12/Apr/2015:05:10:19 -0500] "GET /wp-admin/ HTTP/1.1" 404 1018
66.249.64.168 - - [12/Apr/2015:05:10:33 -0500] "GET /BLA/resoluciones/RESOLUCIONES%202007/RES%202007%203801%20AL%203900/RESOLUCION%203899%20DE%202007.pdf HTTP/1.1" 200 1841024
180.76.5.153 - - [12/Apr/2015:05:12:00 -0500] "GET /BLA/resoluciones/RESOLUCIONES%202007/RES%202007%204101%20AL%204200/RESOLUCION%204194%20DE%202007.pdf HTTP/1.1" 200 287290
180.76.6.56 - - [12/Apr/2015:05:12:38 -0500] "GET /BLA/boletinlegal;jsessionid=9ECEA0724D52DF96998381538DC405F1?/? HTTP/1.1" 404 1018
74.86.158.107 - - [12/Apr/2015:05:13:36 -0500] "HEAD / HTTP/1.1" 200 -
201.245.192.253 - - [12/Apr/2015:05:15:16 -0500] "GET /forest/session.jsp?a=0.7852654787711799 HTTP/1.1" 200 4
186.145.225.211 - - [12/Apr/2015:05:16:21 -0500] "GET /BLA/boletinlegal/js/jquery.scrollShow.js HTTP/1.1" 200 4586
186.145.225.211 - - [12/Apr/2015:05:16:21 -0500] "GET /galeria/galeria/jquery.fancybox.css?v=2.1.5 HTTP/1.1" 200 4895
186.145.225.211 - - [12/Apr/2015:05:16:21 -0500] "GET /BLA/boletinlegal/js/jquery.scrollTo-min.js HTTP/1.1" 200 1150
186.145.225.211 - - [12/Apr/2015:05:16:21 -0500] "GET /galeria/galeria/jquery.fancybox.js?v=2.1.5 HTTP/1.1" 200 48706
186.145.225.211 - - [12/Apr/2015:05:16:29 -0500] "GET /galeria/galeria/jquery.fancybox.css?v=2.1.5 HTTP/1.1" 304 -
186.145.225.211 - - [12/Apr/2015:05:16:29 -0500] "GET /BLA/boletinlegal/js/jquery.scrollTo-min.js HTTP/1.1" 304 -
186.145.225.211 - - [12/Apr/2015:05:16:29 -0500] "GET /BLA/boletinlegal/js/jquery.scrollShow.js HTTP/1.1" 304 -
186.145.225.211 - - [12/Apr/2015:05:16:29 -0500] "GET /galeria/galeria/jquery.fancybox.js?v=2.1.5 HTTP/1.1" 304 -
66.249.64.172 - - [12/Apr/2015:05:16:46 -0500] "GET /BLA/resoluciones/RESOLUCIONES%202008/3808.pdf HTTP/1.1" 200 500475
190.158.167.84 - - [12/Apr/2015:05:16:52 -0500] "GET /galeria/galeria/jquery.fancybox.css?v=2.1.5 HTTP/1.1" 200 4895
190.158.167.84 - - [12/Apr/2015:05:16:52 -0500] "GET /BLA/boletinlegal/js/jquery.scrollTo-min.js HTTP/1.1" 200 1150
190.158.167.84 - - [12/Apr/2015:05:16:52 -0500] "GET /BLA/boletinlegal/js/jquery.scrollShow.js HTTP/1.1" 200 4586
190.158.167.84 - - [12/Apr/2015:05:16:52 -0500] "GET /galeria/galeria/jquery.fancybox.js?v=2.1.5 HTTP/1.1" 200 48706
190.158.167.84 - - [12/Apr/2015:05:16:57 -0500] "GET /BLA/boletinlegal/js/jquery.scrollShow.js HTTP/1.1" 304 -
190.158.167.84 - - [12/Apr/2015:05:16:57 -0500] "GET /BLA/boletinlegal/js/jquery.scrollTo-min.js HTTP/1.1" 304 -
190.158.167.84 - - [12/Apr/2015:05:16:57 -0500] "GET /galeria/galeria/jquery.fancybox.js?v=2.1.5 HTTP/1.1" 304 -
190.158.167.84 - - [12/Apr/2015:05:16:57 -0500] "GET /galeria/galeria/jquery.fancybox.css?v=2.1.5 HTTP/1.1" 304 -
180.76.5.155 - - [12/Apr/2015:05:17:01 -0500] "GET /BLA/resoluciones/RESOLUCIONES%202007/RES%202007%203301%20AL%203400/RESOLUCION%203302%20DE%202007.pdf HTTP/1.1" 200 667749
66.249.64.168 - - [12/Apr/2015:05:17:29 -0500] "GET /BLA/resoluciones/RESOLUCIONES%202005/RES%202005%201451-1500/00001500.tif HTTP/1.1" 200 79634
66.249.64.172 - - [12/Apr/2015:05:17:30 -0500] "GET /BLA/resoluciones/RESOLUCIONES%202005/RES%202005%202201-2250/00002216.tif HTTP/1.1" 304 -
74.86.158.107 - - [12/Apr/2015:05:18:36 -0500] "HEAD / HTTP/1.1" 200 -
104.152.168.13 - - [12/Apr/2015:05:19:31 -0500] "GET /test/wp-admin/ HTTP/1.1" 404 1018
201.245.192.253 - - [12/Apr/2015:05:20:17 -0500] "GET /forest/session.jsp?a=0.43809151044115424 HTTP/1.1" 200 4
66.249.64.168 - - [12/Apr/2015:05:21:06 -0500] "GET /BLA/resoluciones/RESOLUCIONES%202012/1871.pdf HTTP/1.1" 200 707922
180.76.5.193 - - [12/Apr/2015:05:21:45 -0500] "GET /BLA/boletinlegal;jsessionid=9C1347E7A490B2053B3C2640DAA79B81?/? HTTP/1.1" 404 1018
68.180.229.40 - - [12/Apr/2015:05:21:50 -0500] "GET /galeria/nivo-slider/demo/demo.html HTTP/1.1" 304 -
68.180.229.40 - - [12/Apr/2015:05:21:50 -0500] "GET /galeria/galeria/jquery.fancybox.css?v=2.1.5 HTTP/1.1" 304 -
68.180.229.40 - - [12/Apr/2015:05:21:50 -0500] "GET /galeria/carrusel/Carrusel/jquery.thumbnailScroller.css HTTP/1.1" 304 -
68.180.229.40 - - [12/Apr/2015:05:21:50 -0500] "GET /galeria/nivo-slider/themes/orman/orman.css HTTP/1.1" 304 -
68.180.229.40 - - [12/Apr/2015:05:21:50 -0500] "GET /galeria/nivo-slider/themes/pascal/pascal.css HTTP/1.1" 304 -
68.180.229.40 - - [12/Apr/2015:05:21:50 -0500] "GET /galeria/nivo-slider/demo/style.css HTTP/1.1" 304 -
68.180.229.40 - - [12/Apr/2015:05:21:50 -0500] "GET /galeria/nivo-slider/nivo-slider.css HTTP/1.1" 304 -
68.180.229.40 - - [12/Apr/2015:05:21:50 -0500] "GET /galeria/nivo-slider/themes/default/default.css HTTP/1.1" 304 -
123.125.71.117 - - [12/Apr/2015:05:22:04 -0500] "GET / HTTP/1.1" 200 10190
206.53.226.251 - - [12/Apr/2015:05:22:14 -0500] "GET /galeria/nivo-slider/demo/images/ecolecta-Dic2014.png HTTP/1.1" 304 -
66.249.64.172 - - [12/Apr/2015:05:22:58 -0500] "GET /BLA/resoluciones/RESOLUCIONES%202004/RES%202004%20351-400/00000358.tif HTTP/1.1" 200 117826
66.249.64.172 - - [12/Apr/2015:05:22:59 -0500] "GET /BLA/resoluciones/index.php?dir=RESOLUCIONES+2007%2FRES+2007+2301+AL+2400%2F HTTP/1.1" 200 26611
74.86.158.107 - - [12/Apr/2015:05:23:36 -0500] "HEAD / HTTP/1.1" 200 -
186.28.78.43 - - [12/Apr/2015:05:24:01 -0500] "GET /BLA/resoluciones/RESOLUCIONES%202014/0826.pdf HTTP/1.1" 200 443524
186.28.78.43 - - [12/Apr/2015:05:24:03 -0500] "GET /favicon.ico HTTP/1.1" 200 7782
201.234.75.11 - - [12/Apr/2015:05:24:48 -0500] "GET /galeria/nivo-slider/demo/images/Banner_SEGAE.jpg HTTP/1.1" 304 -
66.249.64.172 - - [12/Apr/2015:05:24:49 -0500] "GET /BLA/resoluciones/RESOLUCIONES%202002/RES%202002%20801-850/00000834.tif HTTP/1.1" 200 74612
201.245.192.253 - - [12/Apr/2015:05:25:18 -0500] "GET /forest/session.jsp?a=0.795453084167093 HTTP/1.1" 200 4
201.184.69.220 - - [12/Apr/2015:05:25:43 -0500] "GET /galeria/galeria/jquery.fancybox.js?v=2.1.5 HTTP/1.1" 304 -
201.184.69.220 - - [12/Apr/2015:05:25:43 -0500] "GET /galeria/galeria/jquery.fancybox.css?v=2.1.5 HTTP/1.1" 304 -
201.184.69.220 - - [12/Apr/2015:05:25:44 -0500] "GET /galeria/nivo-slider/demo/demo.html HTTP/1.1" 200 4579
201.184.69.220 - - [12/Apr/2015:05:25:45 -0500] "GET /galeria/nivo-slider/demo/images/marcha2015.jpg HTTP/1.1" 200 85177
201.184.69.220 - - [12/Apr/2015:05:25:45 -0500] "GET /galeria/nivo-slider/demo/images/Convocatoria_recicladores.jpg HTTP/1.1" 200 213976
201.184.69.220 - - [12/Apr/2015:05:25:45 -0500] "GET /galeria/nivo-slider/demo/images/acuerdo_569.jpg HTTP/1.1" 200 62670
201.184.69.220 - - [12/Apr/2015:05:25:45 -0500] "GET /galeria/nivo-slider/demo/images/Licitaciones-proyecto-paramo.jpg HTTP/1.1" 200 221877
201.184.69.220 - - [12/Apr/2015:05:25:45 -0500] "GET /galeria/nivo-slider/demo/images/banner-V2.jpg HTTP/1.1" 200 59297
201.184.69.220 - - [12/Apr/2015:05:25:45 -0500] "GET /galeria/nivo-slider/demo/images/9Signos.jpg HTTP/1.1" 200 81776
201.184.69.220 - - [12/Apr/2015:05:25:46 -0500] "GET /galeria/nivo-slider/demo/images/no-sea-victima.jpg HTTP/1.1" 304 -
201.184.69.220 - - [12/Apr/2015:05:25:46 -0500] "GET /galeria/nivo-slider/demo/images/Banner-decreto1299.jpg HTTP/1.1" 304 -
201.184.69.220 - - [12/Apr/2015:05:25:46 -0500] "GET /galeria/nivo-slider/demo/images/Banner-Directorio.jpg HTTP/1.1" 304 -
201.184.69.220 - - [12/Apr/2015:05:25:46 -0500] "GET /galeria/nivo-slider/demo/images/redes_sociales.jpg HTTP/1.1" 304 -
201.184.69.220 - - [12/Apr/2015:05:25:47 -0500] "GET /galeria/nivo-slider/demo/images/Conoce-los-humedales.jpg HTTP/1.1" 304 -
201.184.69.220 - - [12/Apr/2015:05:25:48 -0500] "GET /videos/DiadelatierraHD_1min.flv HTTP/1.1" 200 7316200
89.178.0.68 - - [12/Apr/2015:05:27:03 -0500] "GET / HTTP/1.1" 200 10190
89.178.0.68 - - [12/Apr/2015:05:27:04 -0500] "GET /images/SDA.jpg HTTP/1.1" 200 48976
89.178.0.68 - - [12/Apr/2015:05:27:04 -0500] "GET /images/INTRANET.jpg HTTP/1.1" 200 37297
89.178.0.68 - - [12/Apr/2015:05:27:04 -0500] "GET /images/LINEA.jpg HTTP/1.1" 200 33035
89.178.0.68 - - [12/Apr/2015:05:27:04 -0500] "GET /images/INTERNET.jpg HTTP/1.1" 200 34880
89.178.0.68 - - [12/Apr/2015:05:27:04 -0500] "GET /css/bootstrap.min.css HTTP/1.1" 200 105939
89.178.0.68 - - [12/Apr/2015:05:27:04 -0500] "GET /css/style.css HTTP/1.1" 200 3610
89.178.0.68 - - [12/Apr/2015:05:27:04 -0500] "GET /images/NINOS.jpg HTTP/1.1" 200 44828
89.178.0.68 - - [12/Apr/2015:05:27:04 -0500] "GET /images/CORREO.jpg HTTP/1.1" 200 39337
89.178.0.68 - - [12/Apr/2015:05:27:04 -0500] "GET /images/SDQS.jpg HTTP/1.1" 200 47976
89.178.0.68 - - [12/Apr/2015:05:27:04 -0500] "GET /images/RMCAB.jpg HTTP/1.1" 200 49926
89.178.0.68 - - [12/Apr/2015:05:27:04 -0500] "GET /images/FORMATOS.jpg HTTP/1.1" 200 41585
89.178.0.68 - - [12/Apr/2015:05:27:04 -0500] "GET /js/bootstrap.min.js HTTP/1.1" 200 28538
89.178.0.68 - - [12/Apr/2015:05:27:04 -0500] "GET /js/jquery.js HTTP/1.1" 200 97120
89.178.0.68 - - [12/Apr/2015:05:27:04 -0500] "GET /images/FOREST.jpg HTTP/1.1" 200 33277
89.178.0.68 - - [12/Apr/2015:05:27:04 -0500] "GET /images/BLA.jpg HTTP/1.1" 200 34672
89.178.0.68 - - [12/Apr/2015:05:27:04 -0500] "GET /images/CATALOGO.jpg HTTP/1.1" 200 35661
180.76.5.69 - - [12/Apr/2015:05:27:45 -0500] "GET /BLA/boletinlegal;jsessionid=A007F1507B6E52A2AEEA94B17A5C729B?/? HTTP/1.1" 404 1018
104.152.168.13 - - [12/Apr/2015:05:28:33 -0500] "GET /wordpress/wp-admin/ HTTP/1.1" 404 1018
74.86.158.107 - - [12/Apr/2015:05:28:36 -0500] "HEAD / HTTP/1.1" 200 -
220.181.108.150 - - [12/Apr/2015:05:28:40 -0500] "GET / HTTP/1.1" 200 10190
66.249.64.164 - - [12/Apr/2015:05:29:10 -0500] "GET /BLA/resoluciones/index.php?dir=RESOLUCIONES%202007/RES%202007%201101%20AL%201200/&sort=date&order=asc HTTP/1.1" 200 26852
201.245.192.253 - - [12/Apr/2015:05:30:19 -0500] "GET /forest/session.jsp?a=0.9158661754336208 HTTP/1.1" 200 4
180.76.5.74 - - [12/Apr/2015:05:31:59 -0500] "GET /BLA/boletinlegal;jsessionid=0ECA301B3544EDA88CB6F89947E990CF?/? HTTP/1.1" 404 1018
66.249.64.164 - - [12/Apr/2015:05:32:08 -0500] "GET /BLA/resoluciones/RESOLUCIONES%202005/RES%202005%202201-2250/00002238.tif HTTP/1.1" 304 -
199.195.118.53 - - [12/Apr/2015:05:32:18 -0500] "GET / HTTP/1.1" 200 10190
191.95.240.32 - - [12/Apr/2015:05:32:53 -0500] "GET /galeria/galeria/jquery.fancybox.css?v=2.1.5 HTTP/1.1" 200 4895
191.95.240.32 - - [12/Apr/2015:05:32:53 -0500] "GET /BLA/boletinlegal/js/jquery.scrollTo-min.js HTTP/1.1" 200 1150
191.95.240.32 - - [12/Apr/2015:05:32:53 -0500] "GET /BLA/boletinlegal/js/jquery.scrollShow.js HTTP/1.1" 200 4586
191.95.240.32 - - [12/Apr/2015:05:32:53 -0500] "GET /galeria/galeria/jquery.fancybox.js?v=2.1.5 HTTP/1.1" 200 48706
191.95.240.32 - - [12/Apr/2015:05:33:05 -0500] "GET /galeria/galeria/jquery.fancybox.css?v=2.1.5 HTTP/1.1" 304 -
191.95.240.32 - - [12/Apr/2015:05:33:05 -0500] "GET /BLA/boletinlegal/js/jquery.scrollTo-min.js HTTP/1.1" 304 -
191.95.240.32 - - [12/Apr/2015:05:33:05 -0500] "GET /BLA/boletinlegal/js/jquery.scrollShow.js HTTP/1.1" 304 -
191.95.240.32 - - [12/Apr/2015:05:33:05 -0500] "GET /galeria/galeria/jquery.fancybox.js?v=2.1.5 HTTP/1.1" 304 -
66.249.64.164 - - [12/Apr/2015:05:33:07 -0500] "GET /BLA/resoluciones/RESOLUCIONES%202010/0503.pdf HTTP/1.1" 200 123142
180.76.5.173 - - [12/Apr/2015:05:33:14 -0500] "GET /BLA/boletinlegal;jsessionid=39D9052292FD8367E095BEA5BEFCF935?/? HTTP/1.1" 404 1018
74.86.158.107 - - [12/Apr/2015:05:33:36 -0500] "HEAD / HTTP/1.1" 200 -
201.245.192.253 - - [12/Apr/2015:05:35:20 -0500] "GET /forest/session.jsp?a=0.22940051252953708 HTTP/1.1" 200 4
66.249.64.168 - - [12/Apr/2015:05:35:23 -0500] "GET /BLA/resoluciones/RESOLUCIONES%202011/4435.pdf HTTP/1.1" 200 234117
180.76.6.140 - - [12/Apr/2015:05:36:32 -0500] "GET /BLA/boletinlegal;jsessionid=0A06DCA9A5F51EA1CF2BD4FD1C3750A6?/? HTTP/1.1" 404 1018
104.152.168.13 - - [12/Apr/2015:05:37:39 -0500] "GET /blog/wp-admin/ HTTP/1.1" 404 1018
207.46.13.147 - - [12/Apr/2015:05:38:01 -0500] "GET /robots.txt HTTP/1.1" 404 1019
207.46.13.147 - - [12/Apr/2015:05:38:07 -0500] "GET /Anexos%20estudio%20Organizacional%20SDA/ANEXO%20No.%203-%20CONTRATACI%C3%93N%20%20OPS%C2%B4s%202008-2012/CONTRATOS%20SDA%202012%20POR%20DEPENDENCIA.xls HTTP/1.1" 200 269824
66.249.64.164 - - [12/Apr/2015:05:38:32 -0500] "GET /BLA/resoluciones/AUTOS%202010/0104.pdf HTTP/1.1" 304 -
74.86.158.107 - - [12/Apr/2015:05:38:36 -0500] "HEAD / HTTP/1.1" 200 -
66.249.64.172 - - [12/Apr/2015:05:39:25 -0500] "GET /BLA/resoluciones/RESOLUCIONES%202006/RES%202006%20601-650/00000629.tif HTTP/1.1" 304 -
201.245.192.253 - - [12/Apr/2015:05:40:21 -0500] "GET /forest/session.jsp?a=0.07031192583963275 HTTP/1.1" 200 4
180.76.6.135 - - [12/Apr/2015:05:41:12 -0500] "GET /BLA/boletinlegal;jsessionid=F24F6822ADADFC55A84C078D4166DC41?/? HTTP/1.1" 404 1018
66.249.64.172 - - [12/Apr/2015:05:41:35 -0500] "GET /BLA/resoluciones/RESOLUCIONES%202008/1559.pdf HTTP/1.1" 200 384208
66.249.64.168 - - [12/Apr/2015:05:43:07 -0500] "GET /BLA/resoluciones/RESOLUCIONES%202004/RES%202004%20351-400/00000371.tif HTTP/1.1" 200 108926
74.86.158.107 - - [12/Apr/2015:05:43:36 -0500] "HEAD / HTTP/1.1" 200 -
68.180.229.40 - - [12/Apr/2015:05:44:02 -0500] "GET /BLA/boletinlegal/actas/acta%20de%20acuerdo%2001%20adop%20regla%20inter%20CISPAER.pdf HTTP/1.1" 200 837068
157.55.39.68 - - [12/Apr/2015:05:45:08 -0500] "GET /dama/libreria/php/decide.php?patron=03.130804 HTTP/1.1" 404 1019
66.249.64.172 - - [12/Apr/2015:05:45:15 -0500] "GET /BLA/resoluciones/RESOLUCIONES%202007/RES%202007%203501%20AL%203600/RESOLUCION%203541%20DE%202007.pdf HTTP/1.1" 200 829220
201.245.192.253 - - [12/Apr/2015:05:45:22 -0500] "GET /forest/session.jsp?a=0.522376764100045 HTTP/1.1" 200 4
181.53.29.83 - - [12/Apr/2015:05:45:52 -0500] "GET /galeria/carrusel/Carrusel/jquery.thumbnailScroller.css HTTP/1.1" 200 2066
181.53.29.83 - - [12/Apr/2015:05:45:52 -0500] "GET /galeria/galeria/jquery.fancybox.js?v=2.1.5 HTTP/1.1" 200 48706
181.53.29.83 - - [12/Apr/2015:05:45:52 -0500] "GET /BLA/boletinlegal/js/jquery.scrollShow.js HTTP/1.1" 200 4586
181.53.29.83 - - [12/Apr/2015:05:45:52 -0500] "GET /BLA/boletinlegal/js/jquery.scrollTo-min.js HTTP/1.1" 200 1150
181.53.29.83 - - [12/Apr/2015:05:45:52 -0500] "GET /galeria/galeria/jquery.fancybox.css?v=2.1.5 HTTP/1.1" 200 4895
181.53.29.83 - - [12/Apr/2015:05:45:52 -0500] "GET /galeria/carrusel/Carrusel/jquery-ui-1.8.13.custom.min.js HTTP/1.1" 200 10800
181.53.29.83 - - [12/Apr/2015:05:45:52 -0500] "GET /galeria/carrusel/Carrusel/jquery.thumbnailScroller.js HTTP/1.1" 200 8157
181.53.29.83 - - [12/Apr/2015:05:45:53 -0500] "GET /galeria/nivo-slider/demo/demo.html HTTP/1.1" 200 4579
181.53.29.83 - - [12/Apr/2015:05:45:53 -0500] "GET /galeria/nivo-slider/themes/pascal/pascal.css HTTP/1.1" 200 2258
181.53.29.83 - - [12/Apr/2015:05:45:53 -0500] "GET /galeria/nivo-slider/themes/default/default.css HTTP/1.1" 200 1569
181.53.29.83 - - [12/Apr/2015:05:45:53 -0500] "GET /galeria/nivo-slider/themes/orman/orman.css HTTP/1.1" 200 2152
181.53.29.83 - - [12/Apr/2015:05:45:53 -0500] "GET /galeria/nivo-slider/demo/style.css HTTP/1.1" 200 2222
181.53.29.83 - - [12/Apr/2015:05:45:53 -0500] "GET /galeria/nivo-slider/demo/scripts/jquery-1.7.1.min.js HTTP/1.1" 200 93868
181.53.29.83 - - [12/Apr/2015:05:45:53 -0500] "GET /galeria/nivo-slider/nivo-slider.css HTTP/1.1" 200 1507
181.53.29.83 - - [12/Apr/2015:05:45:53 -0500] "GET /galeria/nivo-slider/jquery.nivo.slider.pack.js HTTP/1.1" 200 11561
181.53.29.83 - - [12/Apr/2015:05:45:54 -0500] "GET /galeria/nivo-slider/demo/images/no-sea-victima.jpg HTTP/1.1" 200 254155
181.53.29.83 - - [12/Apr/2015:05:45:54 -0500] "GET /galeria/nivo-slider/demo/images/marcha2015.jpg HTTP/1.1" 200 85177
181.53.29.83 - - [12/Apr/2015:05:45:54 -0500] "GET /galeria/nivo-slider/demo/images/Convocatoria_recicladores.jpg HTTP/1.1" 200 213976
181.53.29.83 - - [12/Apr/2015:05:45:54 -0500] "GET /galeria/nivo-slider/demo/images/acuerdo_569.jpg HTTP/1.1" 200 62670
181.53.29.83 - - [12/Apr/2015:05:45:55 -0500] "GET /galeria/nivo-slider/demo/images/Licitaciones-proyecto-paramo.jpg HTTP/1.1" 200 221877
181.53.29.83 - - [12/Apr/2015:05:45:55 -0500] "GET /galeria/nivo-slider/demo/images/Banner-decreto1299.jpg HTTP/1.1" 200 182613
181.53.29.83 - - [12/Apr/2015:05:45:57 -0500] "GET /galeria/nivo-slider/demo/images/Banner-Directorio.jpg HTTP/1.1" 200 182068
181.53.29.83 - - [12/Apr/2015:05:45:57 -0500] "GET /galeria/nivo-slider/demo/images/banner-V2.jpg HTTP/1.1" 200 59297
181.53.29.83 - - [12/Apr/2015:05:45:58 -0500] "GET /galeria/nivo-slider/demo/images/Ruta-vertimientos-01.jpg HTTP/1.1" 200 130151
181.53.29.83 - - [12/Apr/2015:05:45:58 -0500] "GET /galeria/nivo-slider/demo/images/bolsas-06.jpg HTTP/1.1" 200 90982
181.53.29.83 - - [12/Apr/2015:05:45:58 -0500] "GET /galeria/nivo-slider/demo/images/bolsas-08.jpg HTTP/1.1" 200 85589
181.53.29.83 - - [12/Apr/2015:05:45:58 -0500] "GET /galeria/nivo-slider/demo/images/redes_sociales.jpg HTTP/1.1" 200 415652
181.53.29.83 - - [12/Apr/2015:05:45:58 -0500] "GET /galeria/nivo-slider/demo/images/Conoce-los-humedales.jpg HTTP/1.1" 200 294036
181.53.29.83 - - [12/Apr/2015:05:45:59 -0500] "GET /galeria/nivo-slider/demo/images/ecolecta-Dic2014.png HTTP/1.1" 200 288593
181.53.29.83 - - [12/Apr/2015:05:45:59 -0500] "GET /galeria/nivo-slider/demo/images/porloshumedales.jpg HTTP/1.1" 200 351238
201.184.69.220 - - [12/Apr/2015:05:46:00 -0500] "GET /galeria/galeria/jquery.fancybox.css?v=2.1.5 HTTP/1.1" 304 -
201.184.69.220 - - [12/Apr/2015:05:46:00 -0500] "GET /galeria/galeria/jquery.fancybox.js?v=2.1.5 HTTP/1.1" 304 -
181.53.29.83 - - [12/Apr/2015:05:46:00 -0500] "GET /galeria/nivo-slider/demo/images/4Simple_Slider.png HTTP/1.1" 200 11722
181.53.29.83 - - [12/Apr/2015:05:46:01 -0500] "GET /galeria/nivo-slider/themes/default/loading.gif HTTP/1.1" 200 1737
181.53.29.83 - - [12/Apr/2015:05:46:01 -0500] "GET /galeria/nivo-slider/demo/images/Tingua-azul.jpg HTTP/1.1" 200 307638
181.53.29.83 - - [12/Apr/2015:05:46:01 -0500] "GET /galeria/nivo-slider/demo/images/banner-llantas2.jpg HTTP/1.1" 200 73153
181.53.29.83 - - [12/Apr/2015:05:46:01 -0500] "GET /galeria/nivo-slider/demo/images/9Signos.jpg HTTP/1.1" 200 81776
181.53.29.83 - - [12/Apr/2015:05:46:08 -0500] "GET /galeria/nivo-slider/themes/default/bullets.png HTTP/1.1" 200 1281
181.53.29.83 - - [12/Apr/2015:05:46:08 -0500] "GET /galeria/nivo-slider/themes/default/arrows.png HTTP/1.1" 200 824
181.53.29.83 - - [12/Apr/2015:05:46:08 -0500] "GET /videos/DiadelatierraHD_1min.flv HTTP/1.1" 200 7316200
201.184.69.220 - - [12/Apr/2015:05:46:13 -0500] "GET /BLA/boletinlegal/js/jquery.scrollTo-min.js HTTP/1.1" 200 1150
201.184.69.220 - - [12/Apr/2015:05:46:13 -0500] "GET /BLA/boletinlegal/js/jquery.scrollShow.js HTTP/1.1" 200 4586
201.184.69.220 - - [12/Apr/2015:05:46:13 -0500] "GET /galeria/galeria/jquery.fancybox.js?v=2.1.5 HTTP/1.1" 200 48706
201.184.69.220 - - [12/Apr/2015:05:46:13 -0500] "GET /galeria/galeria/jquery.fancybox.css?v=2.1.5 HTTP/1.1" 200 4895
66.249.64.172 - - [12/Apr/2015:05:46:17 -0500] "GET /BLA/resoluciones/RESOLUCIONES%202005/RES%202005%201351-1400/00001377.tif HTTP/1.1" 200 149762
104.152.168.13 - - [12/Apr/2015:05:46:45 -0500] "GET /wp/wp-admin/ HTTP/1.1" 404 1018
66.249.64.172 - - [12/Apr/2015:05:46:45 -0500] "GET /BLA/resoluciones/RESOLUCIONES%202002/RES%202002%20801-850/00000830.tif HTTP/1.1" 200 82068
181.53.29.83 - - [12/Apr/2015:05:47:35 -0500] "GET /BLA/boletinlegal/js/jquery.scrollShow.js HTTP/1.1" 304 -
181.53.29.83 - - [12/Apr/2015:05:47:35 -0500] "GET /BLA/boletinlegal/js/jquery.scrollTo-min.js HTTP/1.1" 304 -
181.53.29.83 - - [12/Apr/2015:05:47:35 -0500] "GET /galeria/galeria/jquery.fancybox.css?v=2.1.5 HTTP/1.1" 304 -
181.53.29.83 - - [12/Apr/2015:05:47:35 -0500] "GET /galeria/galeria/jquery.fancybox.js?v=2.1.5 HTTP/1.1" 304 -
66.249.64.164 - - [12/Apr/2015:05:47:48 -0500] "GET /BLA/resoluciones/AUTOS%202007/2190.pdf HTTP/1.1" 200 108535
211.244.83.248 - - [12/Apr/2015:05:48:34 -0500] "GET /robots.txt HTTP/1.1" 404 1240
211.244.83.248 - - [12/Apr/2015:05:48:35 -0500] "GET / HTTP/1.1" 200 10190
74.86.158.107 - - [12/Apr/2015:05:48:36 -0500] "HEAD / HTTP/1.1" 200 -
68.180.229.40 - - [12/Apr/2015:05:49:33 -0500] "GET /BLA/boletinlegal/Circulares/2012/Circular%20No.%2011%20del%2027%20de%20Agosto%20de%202012.pdf HTTP/1.1" 200 526945
68.180.229.40 - - [12/Apr/2015:05:49:35 -0500] "GET /BLA/boletinlegal/Directivas/2011/Directiva%20No.%205%20del%2029%20de%20Agosto%20de%202011.pdf HTTP/1.1" 200 444404
68.180.229.40 - - [12/Apr/2015:05:49:35 -0500] "GET /BLA/boletinlegal/Circulares/2013/Circular%20No.%205%20del%2013%20de%20junio%20de%202013.pdf HTTP/1.1" 200 110904
68.180.229.40 - - [12/Apr/2015:05:49:45 -0500] "GET /BLA/boletinlegal/Directivas/2014/Directiva%20No.%202%20del%205%20de%20Mayo%20de%202014.pdf HTTP/1.1" 200 591315
68.180.229.40 - - [12/Apr/2015:05:49:48 -0500] "GET /BLA/boletinlegal/Directivas/2011/Directiva%20No.%208%20del%2020%20de%20Septiembre%20de%202011.pdf HTTP/1.1" 200 727150
68.180.229.40 - - [12/Apr/2015:05:49:50 -0500] "GET /BLA/boletinlegal/Circulares/2012/Circular%20No.%201%20del%2017%20de%20Enero%20de%202012.pdf HTTP/1.1" 200 1118749
68.180.229.40 - - [12/Apr/2015:05:49:50 -0500] "GET /BLA/boletinlegal/Circulares/2014/Circular%20No.%202%20del%2021%20de%20septiembre%20de%202014.pdf HTTP/1.1" 200 143376
68.180.229.40 - - [12/Apr/2015:05:49:50 -0500] "GET /BLA/boletinlegal/Circulares/2011/Circular%20No.%201%20del%2012%20de%20Abril%20de%202011.pdf HTTP/1.1" 304 -
68.180.229.40 - - [12/Apr/2015:05:49:52 -0500] "GET /BLA/boletinlegal/Circulares/2012/Circular%20No.%205%20del%2027%20de%20Abril%20de%202012.pdf HTTP/1.1" 200 216613
68.180.229.40 - - [12/Apr/2015:05:49:54 -0500] "GET /BLA/boletinlegal/Directivas/2015/Directiva%20No.%2001%20del%2014%20de%20Enero%20de%202015.pdf HTTP/1.1" 200 1416322
68.180.229.40 - - [12/Apr/2015:05:49:58 -0500] "GET /BLA/boletinlegal/Circulares/2012/Circular%20No.%2012%20del%2028%20de%20Agosto%20de%202012.pdf HTTP/1.1" 200 369945
68.180.229.40 - - [12/Apr/2015:05:50:02 -0500] "GET /BLA/boletinlegal/Circulares/2011/Circular%20No.%207%20del%2015%20de%20Septiembre%20de%202011.pdf HTTP/1.1" 200 314873
68.180.229.40 - - [12/Apr/2015:05:50:02 -0500] "GET /BLA/boletinlegal/Circulares/2010/Circular%2003%20de%2015%20de%20marzo%20de%202010.pdf HTTP/1.1" 200 299174
68.180.229.40 - - [12/Apr/2015:05:50:03 -0500] "GET /BLA/boletinlegal/Directivas/2013/Directiva%20No.%203%20del%2016%20de%20julio%20de%202013.pdf HTTP/1.1" 200 127414
68.180.229.40 - - [12/Apr/2015:05:50:04 -0500] "GET /BLA/boletinlegal/Circulares/2012/Circular%20No.%203%20del%2023%20de%20Marzo%20de%202012.pdf HTTP/1.1" 200 572950
68.180.229.40 - - [12/Apr/2015:05:50:07 -0500] "GET /BLA/boletinlegal/Circulares/2013/Circular%20No.%203%20del%2005%20de%20abril%20de%202013.pdf HTTP/1.1" 200 93580
68.180.229.40 - - [12/Apr/2015:05:50:08 -0500] "GET /BLA/boletinlegal/Circulares/2011/Circular%20No.%205%20del%2014%20de%20Julio%20de%202011.pdf HTTP/1.1" 200 1488992
68.180.229.40 - - [12/Apr/2015:05:50:11 -0500] "GET /BLA/boletinlegal/Directivas/2011/Directiva%20No.%209%20del%2023%20de%20Septiembre%20de%202011.pdf HTTP/1.1" 200 326687
68.180.229.40 - - [12/Apr/2015:05:50:13 -0500] "GET /BLA/boletinlegal/Directivas/2014/Directiva%20No.%205%20del%2026%20de%20Diciembre%20de%202014.pdf HTTP/1.1" 200 3424865
68.180.229.40 - - [12/Apr/2015:05:50:14 -0500] "GET /BLA/boletinlegal/Directivas/2011/Directiva%20No.%2010%20del%2028%20de%20Septiembre%20de%202011.pdf HTTP/1.1" 304 -
68.180.229.40 - - [12/Apr/2015:05:50:17 -0500] "GET /BLA/boletinlegal/Circulares/2013/Circular%20No.%204%20del%2005%20de%20junio%20de%202013.pdf HTTP/1.1" 200 130461
68.180.229.40 - - [12/Apr/2015:05:50:23 -0500] "GET /BLA/boletinlegal/Circulares/2011/Circular%20No.%202%20del%2026%20de%20Mayo%20de%202011.pdf HTTP/1.1" 200 644194
201.245.192.253 - - [12/Apr/2015:05:50:23 -0500] "GET /forest/session.jsp?a=0.3393432181328535 HTTP/1.1" 200 4
68.180.229.40 - - [12/Apr/2015:05:50:24 -0500] "GET /BLA/boletinlegal/Circulares/2012/Circular%20No.%2016%20del%2022%20de%20octubre%20de%202012.pdf HTTP/1.1" 304 -
68.180.229.40 - - [12/Apr/2015:05:50:27 -0500] "GET /BLA/boletinlegal/Circulares/2012/Circular%20No.%207%20del%2008%20de%20Agosto%20de%202012.pdf HTTP/1.1" 304 -
68.180.229.40 - - [12/Apr/2015:05:50:27 -0500] "GET /BLA/boletinlegal/Directivas/2014/Directiva%20No.%204%20del%2006%20de%20Junio%20de%202014.pdf HTTP/1.1" 200 236794
68.180.229.40 - - [12/Apr/2015:05:50:29 -0500] "GET /BLA/boletinlegal/Circulares/2010/Circular%2005%20de%208%20de%20septiembre%20de%202010.pdf HTTP/1.1" 304 -
68.180.229.40 - - [12/Apr/2015:05:50:31 -0500] "GET /BLA/boletinlegal/Circulares/2011/Circular%20No.%206%20del%2023%20de%20Septiembre%20de%202011.pdf HTTP/1.1" 200 252800
68.180.229.40 - - [12/Apr/2015:05:50:33 -0500] "GET /BLA/boletinlegal/Circulares/2012/Circular%20No.%206%20del%2025%20de%20Mayo%20de%202012.pdf HTTP/1.1" 200 387391
68.180.229.40 - - [12/Apr/2015:05:50:42 -0500] "GET /BLA/boletinlegal/Directivas/2011/Directiva%20No.%206%20del%208%20de%20Septiembre%20de%202011.pdf HTTP/1.1" 200 996625
68.180.229.40 - - [12/Apr/2015:05:50:48 -0500] "GET /BLA/boletinlegal/Circulares/2011/Circular%20No.%201%20del%2023%20de%20Febrero%20de%202011.pdf HTTP/1.1" 200 540140
68.180.229.40 - - [12/Apr/2015:05:50:49 -0500] "GET /BLA/boletinlegal/Circulares/2012/Circular%20No.%2013%20del%2006%20de%20Septiembre%20de%202012.pdf HTTP/1.1" 200 351421
68.180.229.40 - - [12/Apr/2015:05:50:53 -0500] "GET /BLA/boletinlegal/Circulares/2010/Circular%2002%20de%2025%20de%20febrero%20de%202010.pdf HTTP/1.1" 200 233254
68.180.229.40 - - [12/Apr/2015:05:50:53 -0500] "GET /BLA/boletinlegal/Directivas/2012/Directiva%20No.%201%20del%2030%20de%20octubre%20de%202012.pdf HTTP/1.1" 200 1522771
68.180.229.40 - - [12/Apr/2015:05:50:58 -0500] "GET /BLA/boletinlegal/circulares/2009IE24690.pdf HTTP/1.1" 304 -
68.180.229.40 - - [12/Apr/2015:05:50:58 -0500] "GET /BLA/boletinlegal/Directivas/2013/Directiva%20No.%202%20del%2004%20de%20Abril%20de%202013.pdf HTTP/1.1" 200 1182671
68.180.229.40 - - [12/Apr/2015:05:51:00 -0500] "GET /BLA/boletinlegal/Circulares/2012/Circular%20No.%204%20del%2019%20de%20abril%20de%202012.pdf HTTP/1.1" 200 253045
68.180.229.40 - - [12/Apr/2015:05:51:04 -0500] "GET /BLA/boletinlegal/Directivas/2009/Directiva%20No.%20del%2023%20de%20Diciembre%20de%202009.pdf HTTP/1.1" 304 -
68.180.229.40 - - [12/Apr/2015:05:51:05 -0500] "GET /BLA/boletinlegal/Directivas/2013/Directiva%20No.%201%20del%2004%20de%20Abril%20de%202013.pdf HTTP/1.1" 304 -
180.76.6.21 - - [12/Apr/2015:05:51:09 -0500] "GET /BLA/boletinlegal;jsessionid=3BCE2149C2DD8CFF88F6E78CBDA37976?/? HTTP/1.1" 404 1018
68.180.229.40 - - [12/Apr/2015:05:51:15 -0500] "GET /BLA/boletinlegal/Directivas/2011/Directiva%20No.%204%20del%2028%20de%20Junio%20de%202011.pdf HTTP/1.1" 200 960158
68.180.229.40 - - [12/Apr/2015:05:51:24 -0500] "GET /BLA/boletinlegal/Circulares/2013/Circular%20No.%202%20del%2022%20de%20enero%20de%202013.pdf HTTP/1.1" 200 85466
68.180.229.40 - - [12/Apr/2015:05:51:32 -0500] "GET /BLA/boletinlegal/Directivas/2011/Directiva%20No.%201%20del%205%20de%20Abril%20de%202011.pdf HTTP/1.1" 200 971292
68.180.229.40 - - [12/Apr/2015:05:51:57 -0500] "GET /BLA/boletinlegal/Circulares/2011/Circular%20No.%203%20del%2016%20de%20Junio%20de%202011.pdf HTTP/1.1" 200 346378
180.76.5.172 - - [12/Apr/2015:05:52:24 -0500] "GET /BLA/resoluciones/index.php?dir=RESOLUCIONES+2004%2FRES+2004+01-+50%2F HTTP/1.1" 200 11966
68.180.229.40 - - [12/Apr/2015:05:52:27 -0500] "GET /BLA/boletinlegal/Circulares/2012/Circular%20No.%2010%20del%2022%20de%20Agosto%20de%202012.pdf HTTP/1.1" 304 -
180.76.5.57 - - [12/Apr/2015:05:53:02 -0500] "GET /BLA/boletinlegal;jsessionid=613AAB6E391AE263FAA5CFA1A3B87CF0?/? HTTP/1.1" 404 1018
201.184.69.220 - - [12/Apr/2015:05:53:18 -0500] "GET /galeria/galeria/jquery.fancybox.js?v=2.1.5 HTTP/1.1" 304 -
201.184.69.220 - - [12/Apr/2015:05:53:18 -0500] "GET /galeria/galeria/jquery.fancybox.css?v=2.1.5 HTTP/1.1" 304 -
74.86.158.107 - - [12/Apr/2015:05:53:36 -0500] "HEAD / HTTP/1.1" 200 -
66.249.64.172 - - [12/Apr/2015:05:54:00 -0500] "GET /BLA/resoluciones/RESOLUCIONES%202006/RES%202006%201201-1250/00001213.tif HTTP/1.1" 304 -
66.249.64.168 - - [12/Apr/2015:05:54:01 -0500] "GET /BLA/resoluciones/RESOLUCIONES%202007/RES%202007%201101%20AL%201200/RESOLUCION%201192%20DE%202007.pdf HTTP/1.1" 200 1326734
180.76.6.46 - - [12/Apr/2015:05:54:45 -0500] "GET /BLA/boletinlegal;jsessionid=4B85D792DD7BDBFC339DBD233329C55A?/? HTTP/1.1" 404 1018
123.125.71.99 - - [12/Apr/2015:05:54:45 -0500] "GET / HTTP/1.1" 200 10190
180.76.5.62 - - [12/Apr/2015:05:55:23 -0500] "GET /BLA/resoluciones/RESOLUCIONES%202007/RES%202007%202001%20AL%202100/RESOLUCION%202024%20DE%202007.pdf HTTP/1.1" 200 251452
201.245.192.253 - - [12/Apr/2015:05:55:24 -0500] "GET /forest/session.jsp?a=0.4477000867482275 HTTP/1.1" 200 4
104.152.168.13 - - [12/Apr/2015:05:55:45 -0500] "GET /old/wp-admin/ HTTP/1.1" 404 1018
180.76.6.17 - - [12/Apr/2015:05:56:00 -0500] "GET /BLA/boletinlegal;jsessionid=753FD9F21BB3958352043811E8076C4E?/? HTTP/1.1" 404 1018
180.76.6.233 - - [12/Apr/2015:05:56:38 -0500] "GET /BLA/resoluciones/index.php?dir=RESOLUCIONES%202006/RES%202006%20101-150/&sort=name&order=desc HTTP/1.1" 200 12240
181.59.7.92 - - [12/Apr/2015:05:57:12 -0500] "GET /BLA/resoluciones/RESOLUCIONES%202007/RES%202007%20301%20AL%20400/RESOLUCION%200398%20DE%202007.pdf HTTP/1.1" 200 1692309
181.59.7.92 - - [12/Apr/2015:05:57:14 -0500] "GET /BLA/resoluciones/RESOLUCIONES%202007/RES%202007%20301%20AL%20400/RESOLUCION%200398%20DE%202007.pdf HTTP/1.1" 206 65536
181.59.7.92 - - [12/Apr/2015:05:57:14 -0500] "GET /BLA/resoluciones/RESOLUCIONES%202007/RES%202007%20301%20AL%20400/RESOLUCION%200398%20DE%202007.pdf HTTP/1.1" 206 53909
181.59.7.92 - - [12/Apr/2015:05:57:18 -0500] "GET /BLA/resoluciones/RESOLUCIONES%202007/RES%202007%20301%20AL%20400/RESOLUCION%200398%20DE%202007.pdf HTTP/1.1" 206 65536
181.59.7.92 - - [12/Apr/2015:05:57:19 -0500] "GET /BLA/resoluciones/RESOLUCIONES%202007/RES%202007%20301%20AL%20400/RESOLUCION%200398%20DE%202007.pdf HTTP/1.1" 206 65536
181.59.7.92 - - [12/Apr/2015:05:57:19 -0500] "GET /BLA/resoluciones/RESOLUCIONES%202007/RES%202007%20301%20AL%20400/RESOLUCION%200398%20DE%202007.pdf HTTP/1.1" 206 65536
181.59.7.92 - - [12/Apr/2015:05:57:19 -0500] "GET /BLA/resoluciones/RESOLUCIONES%202007/RES%202007%20301%20AL%20400/RESOLUCION%200398%20DE%202007.pdf HTTP/1.1" 206 65536
181.59.7.92 - - [12/Apr/2015:05:57:20 -0500] "GET /BLA/resoluciones/RESOLUCIONES%202007/RES%202007%20301%20AL%20400/RESOLUCION%200398%20DE%202007.pdf HTTP/1.1" 206 65536
181.59.7.92 - - [12/Apr/2015:05:57:22 -0500] "GET /BLA/resoluciones/RESOLUCIONES%202007/RES%202007%20301%20AL%20400/RESOLUCION%200398%20DE%202007.pdf HTTP/1.1" 206 65536
66.249.64.168 - - [12/Apr/2015:05:57:22 -0500] "GET /BLA/resoluciones/RESOLUCIONES%202013/0498.pdf HTTP/1.1" 200 1288171
181.59.7.92 - - [12/Apr/2015:05:57:23 -0500] "GET /BLA/resoluciones/RESOLUCIONES%202007/RES%202007%20301%20AL%20400/RESOLUCION%200398%20DE%202007.pdf HTTP/1.1" 206 65536
181.59.7.92 - - [12/Apr/2015:05:57:23 -0500] "GET /BLA/resoluciones/RESOLUCIONES%202007/RES%202007%20301%20AL%20400/RESOLUCION%200398%20DE%202007.pdf HTTP/1.1" 206 65536
181.59.7.92 - - [12/Apr/2015:05:57:24 -0500] "GET /BLA/resoluciones/RESOLUCIONES%202007/RES%202007%20301%20AL%20400/RESOLUCION%200398%20DE%202007.pdf HTTP/1.1" 206 65536
180.76.6.158 - - [12/Apr/2015:05:57:24 -0500] "GET /BLA/resoluciones/RESOLUCIONES%202009/1550.pdf HTTP/1.1" 200 483898
181.59.7.92 - - [12/Apr/2015:05:57:25 -0500] "GET /BLA/resoluciones/RESOLUCIONES%202007/RES%202007%20301%20AL%20400/RESOLUCION%200398%20DE%202007.pdf HTTP/1.1" 206 65536
181.59.7.92 - - [12/Apr/2015:05:57:26 -0500] "GET /BLA/resoluciones/RESOLUCIONES%202007/RES%202007%20301%20AL%20400/RESOLUCION%200398%20DE%202007.pdf HTTP/1.1" 206 65536
181.59.7.92 - - [12/Apr/2015:05:57:27 -0500] "GET /BLA/resoluciones/RESOLUCIONES%202007/RES%202007%20301%20AL%20400/RESOLUCION%200398%20DE%202007.pdf HTTP/1.1" 206 65536
181.59.7.92 - - [12/Apr/2015:05:57:29 -0500] "GET /BLA/resoluciones/RESOLUCIONES%202007/RES%202007%20301%20AL%20400/RESOLUCION%200398%20DE%202007.pdf HTTP/1.1" 206 65536
181.59.7.92 - - [12/Apr/2015:05:57:30 -0500] "GET /favicon.ico HTTP/1.1" 200 7782
152.61.193.99 - - [12/Apr/2015:05:57:40 -0500] "HEAD / HTTP/1.1" 200 -
152.61.193.99 - - [12/Apr/2015:05:57:40 -0500] "GET /arcgis/services/Calidad_del_Agua_WQI/MapServer/WMSServer?request=GetCapabilities&service=WMS HTTP/1.1" 200 32135
152.61.193.99 - - [12/Apr/2015:05:57:41 -0500] "GET /arcgis/services/Calidad_del_Agua_WQI/MapServer/WMSServer?request=GetCapabilities&service=WMS HTTP/1.1" 200 32135
152.61.193.99 - - [12/Apr/2015:05:57:42 -0500] "GET /arcgis/services/Calidad_del_Agua_WQI/MapServer/WMSServer?request=GetCapabilities&service=WMS HTTP/1.1" 200 32135
152.61.193.99 - - [12/Apr/2015:05:57:43 -0500] "GET /arcgis/services/Calidad_del_Agua_WQI/MapServer/WMSServer?request=GetCapabilities&service=WMS HTTP/1.1" 200 32135
152.61.193.99 - - [12/Apr/2015:05:57:44 -0500] "GET /arcgis/services/Calidad_del_Agua_WQI/MapServer/WMSServer?VERSION=1.1.1&REQUEST=GetMap&LAYERS=0&SRS=EPSG:4326&BBOX=-74.473395,3.674381,-73.963300,4.920569&WIDTH=250&HEIGHT=250&FORMAT=image/bmp&STYLES=& HTTP/1.1" 200 188054
180.76.6.154 - - [12/Apr/2015:05:58:31 -0500] "GET /BLA/boletinlegal;jsessionid=B187F9D014F553AF2AD9B322485063B7?/? HTTP/1.1" 404 1018
74.86.158.107 - - [12/Apr/2015:05:58:36 -0500] "HEAD / HTTP/1.1" 200 -
180.76.5.81 - - [12/Apr/2015:05:59:09 -0500] "GET /BLA/resoluciones/RESOLUCIONES%202009/8399.pdf HTTP/1.1" 200 430060
152.61.128.66 - - [12/Apr/2015:05:59:44 -0500] "HEAD / HTTP/1.1" 200 -
152.61.128.66 - - [12/Apr/2015:05:59:44 -0500] "GET /arcgis/services/Calidad_del_Agua_WQI/MapServer/WMSServer?request=GetCapabilities&service=WMS HTTP/1.1" 200 32135
152.61.128.66 - - [12/Apr/2015:05:59:45 -0500] "GET /arcgis/services/Calidad_del_Agua_WQI/MapServer/WMSServer?request=GetCapabilities&service=WMS HTTP/1.0" 200 32135
152.61.128.66 - - [12/Apr/2015:05:59:46 -0500] "GET /arcgis/services/Calidad_del_Agua_WQI/MapServer/WMSServer?request=GetCapabilities&service=WMS HTTP/1.0" 200 32135
152.61.128.66 - - [12/Apr/2015:05:59:47 -0500] "GET /arcgis/services/Calidad_del_Agua_WQI/MapServer/WMSServer?request=GetCapabilities&service=WMS HTTP/1.0" 200 32135
152.61.128.66 - - [12/Apr/2015:05:59:48 -0500] "GET /arcgis/services/Calidad_del_Agua_WQI/MapServer/WMSServer?VERSION=1.1.1&REQUEST=GetMap&LAYERS=0&SRS=EPSG:4326&BBOX=-74.473395,3.674381,-73.963300,4.920569&WIDTH=250&HEIGHT=250&FORMAT=image/bmp&STYLES=& HTTP/1.1" 200 188054
220.181.108.80 - - [12/Apr/2015:05:59:59 -0500] "GET / HTTP/1.1" 200 10190
66.249.64.164 - - [12/Apr/2015:06:00:12 -0500] "GET /BLA/resoluciones/RESOLUCIONES%202010/6194.pdf HTTP/1.1" 200 4397929
201.245.192.253 - - [12/Apr/2015:06:00:25 -0500] "GET /forest/session.jsp?a=0.9958221686538309 HTTP/1.1" 200 4
66.249.64.172 - - [12/Apr/2015:06:01:20 -0500] "GET /BLA/resoluciones/RESOLUCIONES%202005/RES%202005%202201-2250/00002201.tif HTTP/1.1" 304 -
88.198.233.69 - - [12/Apr/2015:06:02:01 -0500] "GET / HTTP/1.1" 200 10190
201.184.64.211 - - [12/Apr/2015:06:02:05 -0500] "GET /galeria/nivo-slider/demo/demo.html HTTP/1.1" 200 4579
201.184.64.211 - - [12/Apr/2015:06:02:06 -0500] "GET /galeria/nivo-slider/demo/images/no-sea-victima.jpg HTTP/1.1" 304 -
201.184.64.211 - - [12/Apr/2015:06:02:06 -0500] "GET /galeria/nivo-slider/demo/images/Convocatoria_recicladores.jpg HTTP/1.1" 304 -
201.184.64.211 - - [12/Apr/2015:06:02:06 -0500] "GET /galeria/nivo-slider/demo/images/acuerdo_569.jpg HTTP/1.1" 200 62670
201.184.64.211 - - [12/Apr/2015:06:02:06 -0500] "GET /galeria/nivo-slider/demo/images/Licitaciones-proyecto-paramo.jpg HTTP/1.1" 304 -
201.184.64.211 - - [12/Apr/2015:06:02:06 -0500] "GET /galeria/nivo-slider/jquery.nivo.slider.pack.js HTTP/1.1" 304 -
201.184.64.211 - - [12/Apr/2015:06:02:06 -0500] "GET /galeria/nivo-slider/themes/default/loading.gif HTTP/1.1" 304 -
201.184.64.211 - - [12/Apr/2015:06:02:06 -0500] "GET /galeria/nivo-slider/demo/images/banner-V2.jpg HTTP/1.1" 304 -
201.184.64.211 - - [12/Apr/2015:06:02:06 -0500] "GET /galeria/nivo-slider/demo/images/ecolecta-Dic2014.png HTTP/1.1" 304 -
201.184.64.211 - - [12/Apr/2015:06:02:06 -0500] "GET /galeria/nivo-slider/demo/images/9Signos.jpg HTTP/1.1" 200 81776
201.184.64.211 - - [12/Apr/2015:06:02:06 -0500] "GET /galeria/nivo-slider/demo/images/marcha2015.jpg HTTP/1.1" 200 85177
201.184.64.211 - - [12/Apr/2015:06:02:06 -0500] "GET /videos/DiadelatierraHD_1min.flv HTTP/1.1" 200 7316200
66.249.64.164 - - [12/Apr/2015:06:03:17 -0500] "GET /BLA/resoluciones/RESOLUCIONES%202004/RES%202004%20351-400/00000359.tif HTTP/1.1" 200 117740
74.86.158.107 - - [12/Apr/2015:06:03:36 -0500] "HEAD / HTTP/1.1" 200 -
201.245.192.253 - - [12/Apr/2015:06:05:26 -0500] "GET /forest/session.jsp?a=0.7413921656552702 HTTP/1.1" 200 4
66.249.64.172 - - [12/Apr/2015:06:06:25 -0500] "GET /BLA/resoluciones/AUTOS%202012/0159.pdf HTTP/1.1" 200 667342
74.86.158.107 - - [12/Apr/2015:06:08:36 -0500] "HEAD / HTTP/1.1" 200 -
66.249.64.164 - - [12/Apr/2015:06:08:36 -0500] "GET /BLA/resoluciones/RESOLUCIONES%202005/RES%202005%202201-2250/00002225.tif HTTP/1.1" 304 -
68.180.229.40 - - [12/Apr/2015:06:08:38 -0500] "GET /BLA/boletinlegal/Circulares/2012/Circular%20No.%209%20del%2021%20de%20Agosto%20de%202012.pdf HTTP/1.1" 304 -
180.76.6.65 - - [12/Apr/2015:06:08:52 -0500] "GET /BLA/boletinlegal;jsessionid=34F585DECFBEF79B9219ED7791ABB7E5?/? HTTP/1.1" 404 1018
66.249.64.172 - - [12/Apr/2015:06:09:38 -0500] "GET /BLA/resoluciones/RESOLUCIONES%202010/5913.pdf HTTP/1.1" 200 278412
201.234.75.11 - - [12/Apr/2015:06:09:59 -0500] "GET /StormSDA/stormWeb/presentacion.html HTTP/1.1" 304 -
180.76.6.137 - - [12/Apr/2015:06:10:07 -0500] "GET /BLA/boletinlegal;jsessionid=B9E0B676E3DED0D9DE24D0D54BBC4B44?/? HTTP/1.1" 404 1018
181.50.22.91 - - [12/Apr/2015:06:10:17 -0500] "GET /galeria/galeria/jquery.fancybox.js?v=2.1.5 HTTP/1.1" 304 -
181.50.22.91 - - [12/Apr/2015:06:10:17 -0500] "GET /galeria/galeria/jquery.fancybox.css?v=2.1.5 HTTP/1.1" 304 -
181.50.22.91 - - [12/Apr/2015:06:10:18 -0500] "GET /galeria/nivo-slider/demo/demo.html HTTP/1.1" 200 4579
181.50.22.91 - - [12/Apr/2015:06:10:19 -0500] "GET /galeria/nivo-slider/demo/images/no-sea-victima.jpg HTTP/1.1" 304 -
181.50.22.91 - - [12/Apr/2015:06:10:19 -0500] "GET /galeria/nivo-slider/demo/images/marcha2015.jpg HTTP/1.1" 200 85177
181.50.22.91 - - [12/Apr/2015:06:10:19 -0500] "GET /galeria/nivo-slider/demo/images/Convocatoria_recicladores.jpg HTTP/1.1" 304 -
181.50.22.91 - - [12/Apr/2015:06:10:19 -0500] "GET /galeria/nivo-slider/demo/images/acuerdo_569.jpg HTTP/1.1" 304 -
181.50.22.91 - - [12/Apr/2015:06:10:19 -0500] "GET /galeria/nivo-slider/demo/images/Licitaciones-proyecto-paramo.jpg HTTP/1.1" 304 -
181.50.22.91 - - [12/Apr/2015:06:10:19 -0500] "GET /galeria/nivo-slider/demo/images/Banner-Directorio.jpg HTTP/1.1" 304 -
181.50.22.91 - - [12/Apr/2015:06:10:19 -0500] "GET /galeria/nivo-slider/demo/images/Banner-decreto1299.jpg HTTP/1.1" 304 -
181.50.22.91 - - [12/Apr/2015:06:10:19 -0500] "GET /galeria/nivo-slider/demo/images/banner-V2.jpg HTTP/1.1" 304 -
181.50.22.91 - - [12/Apr/2015:06:10:19 -0500] "GET /galeria/nivo-slider/demo/images/redes_sociales.jpg HTTP/1.1" 304 -
181.50.22.91 - - [12/Apr/2015:06:10:19 -0500] "GET /galeria/nivo-slider/demo/images/Conoce-los-humedales.jpg HTTP/1.1" 304 -
181.50.22.91 - - [12/Apr/2015:06:10:19 -0500] "GET /galeria/nivo-slider/demo/images/9Signos.jpg HTTP/1.1" 200 81776
181.50.22.91 - - [12/Apr/2015:06:10:21 -0500] "GET /videos/DiadelatierraHD_1min.flv HTTP/1.1" 200 7316200
201.245.192.253 - - [12/Apr/2015:06:10:27 -0500] "GET /forest/session.jsp?a=0.33344662352465093 HTTP/1.1" 200 4
180.76.4.27 - - [12/Apr/2015:06:10:28 -0500] "GET / HTTP/1.1" 200 10190
74.86.158.107 - - [12/Apr/2015:06:13:36 -0500] "HEAD / HTTP/1.1" 200 -
152.61.193.99 - - [12/Apr/2015:06:14:36 -0500] "HEAD / HTTP/1.1" 200 -
152.61.193.99 - - [12/Apr/2015:06:14:36 -0500] "GET /arcgis/services/Calidad_del_Agua_WQI/MapServer/WMSServer?SERVICE=WMS&REQUEST=GetCapabilities HTTP/1.1" 200 32135
152.61.193.99 - - [12/Apr/2015:06:14:37 -0500] "GET /arcgis/services/Calidad_del_Agua_WQI/MapServer/WMSServer?SERVICE=WMS&REQUEST=GetCapabilities HTTP/1.1" 200 32135
152.61.193.99 - - [12/Apr/2015:06:14:37 -0500] "GET /arcgis/services/Calidad_del_Agua_WQI/MapServer/WMSServer?SERVICE=WMS&REQUEST=GetCapabilities HTTP/1.1" 200 32135
152.61.193.99 - - [12/Apr/2015:06:14:38 -0500] "GET /arcgis/services/Calidad_del_Agua_WQI/MapServer/WMSServer?SERVICE=WMS&REQUEST=GetCapabilities HTTP/1.1" 200 32135
152.61.193.99 - - [12/Apr/2015:06:14:39 -0500] "GET /arcgis/services/Calidad_del_Agua_WQI/MapServer/WMSServer?VERSION=1.1.1&REQUEST=GetMap&LAYERS=0&SRS=EPSG:4326&BBOX=-74.473395,3.674381,-73.963300,4.920569&WIDTH=250&HEIGHT=250&FORMAT=image/bmp&STYLES=& HTTP/1.1" 200 188054
66.249.64.168 - - [12/Apr/2015:06:15:05 -0500] "GET /BLA/resoluciones/RESOLUCIONES%202005/RES%202005%202101-2150/00002136.tif HTTP/1.1" 200 36774
180.76.6.52 - - [12/Apr/2015:06:15:23 -0500] "GET /BLA/resoluciones/RESOLUCIONES%202010/1052.pdf HTTP/1.1" 200 108100
201.245.192.253 - - [12/Apr/2015:06:15:28 -0500] "GET /forest/session.jsp?a=0.038070888025686145 HTTP/1.1" 200 4
66.249.64.168 - - [12/Apr/2015:06:15:54 -0500] "GET /BLA/resoluciones/RESOLUCIONES%202005/RES%202005%202201-2250/00002203.tif HTTP/1.1" 304 -
186.29.54.186 - - [12/Apr/2015:06:16:32 -0500] "GET /galeria/galeria/jquery.fancybox.js?v=2.1.5 HTTP/1.1" 200 48706
186.29.54.186 - - [12/Apr/2015:06:16:32 -0500] "GET /BLA/boletinlegal/js/jquery.scrollTo-min.js HTTP/1.1" 200 1150
186.29.54.186 - - [12/Apr/2015:06:16:32 -0500] "GET /galeria/galeria/jquery.fancybox.css?v=2.1.5 HTTP/1.1" 200 4895
186.29.54.186 - - [12/Apr/2015:06:16:32 -0500] "GET /BLA/boletinlegal/js/jquery.scrollShow.js HTTP/1.1" 200 4586
186.29.54.186 - - [12/Apr/2015:06:16:41 -0500] "GET /BLA/boletinlegal/js/jquery.scrollShow.js HTTP/1.1" 304 -
186.29.54.186 - - [12/Apr/2015:06:16:42 -0500] "GET /galeria/galeria/jquery.fancybox.css?v=2.1.5 HTTP/1.1" 304 -
186.29.54.186 - - [12/Apr/2015:06:16:44 -0500] "GET /galeria/galeria/jquery.fancybox.js?v=2.1.5 HTTP/1.1" 304 -
186.29.54.186 - - [12/Apr/2015:06:16:44 -0500] "GET /BLA/boletinlegal/js/jquery.scrollTo-min.js HTTP/1.1" 304 -
137.183.232.27 - - [12/Apr/2015:06:18:31 -0500] "GET /galeria/galeria/jquery.fancybox.js?v=2.1.5 HTTP/1.1" 304 -
74.86.158.107 - - [12/Apr/2015:06:18:36 -0500] "HEAD / HTTP/1.1" 200 -
66.249.64.168 - - [12/Apr/2015:06:18:50 -0500] "GET /BLA/resoluciones/RESOLUCIONES%202008/0165.pdf HTTP/1.1" 200 307025
137.219.121.13 - - [12/Apr/2015:06:19:22 -0500] "GET /BLA/boletinlegal/js/jquery.scrollTo-min.js HTTP/1.1" 200 1150
137.219.121.13 - - [12/Apr/2015:06:19:22 -0500] "GET /BLA/boletinlegal/js/jquery.scrollShow.js HTTP/1.1" 200 4586
137.219.121.13 - - [12/Apr/2015:06:19:22 -0500] "GET /galeria/galeria/jquery.fancybox.js?v=2.1.5 HTTP/1.1" 200 48706
137.219.121.13 - - [12/Apr/2015:06:19:22 -0500] "GET /galeria/galeria/jquery.fancybox.css?v=2.1.5 HTTP/1.1" 200 4895
201.234.75.11 - - [12/Apr/2015:06:19:24 -0500] "GET /galeria/nivo-slider/demo/images/coplima.jpg HTTP/1.1" 304 -
137.219.121.13 - - [12/Apr/2015:06:19:30 -0500] "GET /BLA/boletinlegal/js/jquery.scrollTo-min.js HTTP/1.1" 200 1150
137.219.121.13 - - [12/Apr/2015:06:19:30 -0500] "GET /galeria/galeria/jquery.fancybox.js?v=2.1.5 HTTP/1.1" 200 48706
137.219.121.13 - - [12/Apr/2015:06:19:30 -0500] "GET /galeria/galeria/jquery.fancybox.css?v=2.1.5 HTTP/1.1" 200 4895
137.219.121.13 - - [12/Apr/2015:06:19:30 -0500] "GET /BLA/boletinlegal/js/jquery.scrollShow.js HTTP/1.1" 200 4586
180.76.6.135 - - [12/Apr/2015:06:19:52 -0500] "GET /BLA/boletinlegal;jsessionid=5AF0DEAFBE5E81AA270AFBB8641C4308?/? HTTP/1.1" 404 1018
201.245.192.253 - - [12/Apr/2015:06:20:29 -0500] "GET /forest/session.jsp?a=0.5060814728494734 HTTP/1.1" 200 4
66.249.64.168 - - [12/Apr/2015:06:21:56 -0500] "GET /BLA/resoluciones/AUTOS%202011/2054.pdf HTTP/1.1" 200 133650
139.216.168.216 - - [12/Apr/2015:06:21:57 -0500] "GET /galeria/galeria/jquery.fancybox.css?v=2.1.5 HTTP/1.1" 200 4895
139.216.168.216 - - [12/Apr/2015:06:21:57 -0500] "GET /galeria/carrusel/Carrusel/jquery.thumbnailScroller.css HTTP/1.1" 200 2066
139.216.168.216 - - [12/Apr/2015:06:21:57 -0500] "GET /BLA/boletinlegal/js/jquery.scrollTo-min.js HTTP/1.1" 200 1150
139.216.168.216 - - [12/Apr/2015:06:21:57 -0500] "GET /BLA/boletinlegal/js/jquery.scrollShow.js HTTP/1.1" 200 4586
139.216.168.216 - - [12/Apr/2015:06:21:57 -0500] "GET /galeria/galeria/jquery.fancybox.js?v=2.1.5 HTTP/1.1" 200 48706
139.216.168.216 - - [12/Apr/2015:06:21:57 -0500] "GET /galeria/carrusel/Carrusel/jquery-ui-1.8.13.custom.min.js HTTP/1.1" 200 10800
139.216.168.216 - - [12/Apr/2015:06:21:57 -0500] "GET /galeria/carrusel/Carrusel/jquery.thumbnailScroller.js HTTP/1.1" 200 8157
201.244.253.198 - - [12/Apr/2015:06:21:59 -0500] "GET /galeria/galeria/jquery.fancybox.css?v=2.1.5 HTTP/1.1" 200 4895
201.244.253.198 - - [12/Apr/2015:06:21:59 -0500] "GET /BLA/boletinlegal/js/jquery.scrollTo-min.js HTTP/1.1" 200 1150
201.244.253.198 - - [12/Apr/2015:06:22:00 -0500] "GET /BLA/boletinlegal/js/jquery.scrollShow.js HTTP/1.1" 200 4586
201.244.253.198 - - [12/Apr/2015:06:22:00 -0500] "GET /galeria/galeria/jquery.fancybox.js?v=2.1.5 HTTP/1.1" 200 48706
201.244.253.198 - - [12/Apr/2015:06:22:03 -0500] "GET /galeria/mapa2/humedal.html? HTTP/1.1" 200 11166
206.53.226.251 - - [12/Apr/2015:06:22:07 -0500] "GET /galeria/nivo-slider/demo/images/porloshumedales.jpg HTTP/1.1" 304 -
181.54.214.12 - - [12/Apr/2015:06:22:08 -0500] "GET /BLA/resoluciones/RESOLUCIONES%202014/1603.pdf HTTP/1.1" 200 4591837
139.216.168.216 - - [12/Apr/2015:06:22:12 -0500] "GET /galeria/nivo-slider/demo/demo.html HTTP/1.1" 200 4579
181.54.214.12 - - [12/Apr/2015:06:22:12 -0500] "GET /BLA/resoluciones/RESOLUCIONES%202014/1603.pdf HTTP/1.1" 206 65536
