190.24.121.2 - - [12/Apr/2015:01:26:18 -0500] "GET /galeria/nivo-slider/demo/images/redes_sociales.jpg HTTP/1.1" 200 415652
190.24.121.2 - - [12/Apr/2015:01:26:18 -0500] "GET /galeria/nivo-slider/demo/images/Conoce-los-humedales.jpg HTTP/1.1" 200 294036
190.24.121.2 - - [12/Apr/2015:01:26:18 -0500] "GET /galeria/nivo-slider/demo/images/ecolecta-Dic2014.png HTTP/1.1" 200 288593
190.24.121.2 - - [12/Apr/2015:01:26:18 -0500] "GET /galeria/nivo-slider/demo/images/porloshumedales.jpg HTTP/1.1" 200 351238
190.24.121.2 - - [12/Apr/2015:01:26:19 -0500] "GET /galeria/nivo-slider/demo/images/Tingua-azul.jpg HTTP/1.1" 200 307638
190.24.121.2 - - [12/Apr/2015:01:26:19 -0500] "GET /galeria/nivo-slider/demo/images/banner-llantas2.jpg HTTP/1.1" 200 73153
190.24.121.2 - - [12/Apr/2015:01:26:19 -0500] "GET /galeria/nivo-slider/demo/images/9Signos.jpg HTTP/1.1" 200 81776
190.24.121.2 - - [12/Apr/2015:01:26:21 -0500] "GET /galeria/nivo-slider/demo/images/4Simple_Slider.png HTTP/1.1" 200 11722
190.24.121.2 - - [12/Apr/2015:01:26:21 -0500] "GET /galeria/nivo-slider/themes/default/loading.gif HTTP/1.1" 200 1737
190.24.121.2 - - [12/Apr/2015:01:26:21 -0500] "GET /galeria/nivo-slider/themes/default/arrows.png HTTP/1.1" 200 824
190.24.121.2 - - [12/Apr/2015:01:26:21 -0500] "GET /galeria/nivo-slider/themes/default/bullets.png HTTP/1.1" 200 1281
190.24.121.2 - - [12/Apr/2015:01:26:22 -0500] "GET /videos/DiadelatierraHD_1min.flv HTTP/1.1" 200 7316200
190.24.121.2 - - [12/Apr/2015:01:26:34 -0500] "GET /galeria/galeria/jquery.fancybox.css?v=2.1.5 HTTP/1.1" 304 -
190.24.121.2 - - [12/Apr/2015:01:26:34 -0500] "GET /BLA/boletinlegal/js/jquery.scrollTo-min.js HTTP/1.1" 304 -
190.24.121.2 - - [12/Apr/2015:01:26:34 -0500] "GET /BLA/boletinlegal/js/jquery.scrollShow.js HTTP/1.1" 304 -
190.24.121.2 - - [12/Apr/2015:01:26:34 -0500] "GET /galeria/galeria/jquery.fancybox.js?v=2.1.5 HTTP/1.1" 304 -
180.76.6.60 - - [12/Apr/2015:01:26:34 -0500] "GET /BLA/boletinlegal;jsessionid=0C3AD09F5F6ED99588D928CFDA437B3D?/? HTTP/1.1" 404 1018
66.249.64.172 - - [12/Apr/2015:01:26:37 -0500] "GET /BLA/resoluciones/AUTOS%202011/4831.pdf HTTP/1.1" 200 251893
190.24.121.2 - - [12/Apr/2015:01:26:44 -0500] "GET /BLA/boletinlegal/js/jquery.scrollShow.js HTTP/1.1" 304 -
190.24.121.2 - - [12/Apr/2015:01:26:44 -0500] "GET /galeria/galeria/jquery.fancybox.js?v=2.1.5 HTTP/1.1" 304 -
190.24.121.2 - - [12/Apr/2015:01:26:44 -0500] "GET /galeria/galeria/jquery.fancybox.css?v=2.1.5 HTTP/1.1" 304 -
190.24.121.2 - - [12/Apr/2015:01:26:44 -0500] "GET /BLA/boletinlegal/js/jquery.scrollTo-min.js HTTP/1.1" 304 -
66.249.64.172 - - [12/Apr/2015:01:27:05 -0500] "GET /BLA/resoluciones/RESOLUCIONES%202005/RES%202005%201201-1250/00001217.tif HTTP/1.1" 200 181048
66.249.64.172 - - [12/Apr/2015:01:27:34 -0500] "GET /BLA/resoluciones/RESOLUCIONES%202011/5443.pdf HTTP/1.1" 200 580456
66.249.64.172 - - [12/Apr/2015:01:27:49 -0500] "GET /BLA/resoluciones/RESOLUCIONES%202010/0173.pdf HTTP/1.1" 200 417669
180.76.5.75 - - [12/Apr/2015:01:28:19 -0500] "GET /css/bootstrap.min.css HTTP/1.1" 200 105939
180.76.6.44 - - [12/Apr/2015:01:28:33 -0500] "GET /BLA/resoluciones/AUTOS%202013/0280.pdf HTTP/1.1" 200 2820561
74.86.158.107 - - [12/Apr/2015:01:28:36 -0500] "HEAD / HTTP/1.1" 200 -
190.27.209.110 - - [12/Apr/2015:01:29:02 -0500] "GET / HTTP/1.1" 200 10190
190.27.209.110 - - [12/Apr/2015:01:29:02 -0500] "GET /css/bootstrap.min.css HTTP/1.1" 200 105939
190.27.209.110 - - [12/Apr/2015:01:29:02 -0500] "GET /css/style.css HTTP/1.1" 200 3610
190.27.209.110 - - [12/Apr/2015:01:29:02 -0500] "GET /css/bootstrap.min.css HTTP/1.1" 200 105939
190.27.209.110 - - [12/Apr/2015:01:29:02 -0500] "GET /js/jquery.js HTTP/1.1" 200 97120
190.27.209.110 - - [12/Apr/2015:01:29:02 -0500] "GET /js/bootstrap.min.js HTTP/1.1" 200 28538
190.27.209.110 - - [12/Apr/2015:01:29:03 -0500] "GET /images/SDA.jpg HTTP/1.1" 200 48976
190.27.209.110 - - [12/Apr/2015:01:29:03 -0500] "GET /images/INTRANET.jpg HTTP/1.1" 200 37297
190.27.209.110 - - [12/Apr/2015:01:29:03 -0500] "GET /images/LINEA.jpg HTTP/1.1" 200 33035
190.27.209.110 - - [12/Apr/2015:01:29:03 -0500] "GET /images/INTERNET.jpg HTTP/1.1" 200 34880
190.27.209.110 - - [12/Apr/2015:01:29:03 -0500] "GET /images/NINOS.jpg HTTP/1.1" 200 44828
190.27.209.110 - - [12/Apr/2015:01:29:03 -0500] "GET /images/FOREST.jpg HTTP/1.1" 200 33277
190.27.209.110 - - [12/Apr/2015:01:29:03 -0500] "GET /images/RMCAB.jpg HTTP/1.1" 200 49926
190.27.209.110 - - [12/Apr/2015:01:29:03 -0500] "GET /images/BLA.jpg HTTP/1.1" 200 34672
190.27.209.110 - - [12/Apr/2015:01:29:03 -0500] "GET /images/SDQS.jpg HTTP/1.1" 200 47976
190.27.209.110 - - [12/Apr/2015:01:29:04 -0500] "GET /images/CORREO.jpg HTTP/1.1" 200 39337
190.27.209.110 - - [12/Apr/2015:01:29:04 -0500] "GET /images/FORMATOS.jpg HTTP/1.1" 200 41585
190.27.209.110 - - [12/Apr/2015:01:29:04 -0500] "GET /images/CATALOGO.jpg HTTP/1.1" 200 35661
190.27.209.110 - - [12/Apr/2015:01:29:06 -0500] "GET /favicon.ico HTTP/1.1" 200 7782
180.76.5.145 - - [12/Apr/2015:01:29:11 -0500] "GET /BLA/resoluciones/AUTOS%202009/1214.pdf HTTP/1.1" 200 118235
201.245.192.253 - - [12/Apr/2015:01:29:31 -0500] "GET /forest/session.jsp?a=0.36849572672508657 HTTP/1.1" 200 4
66.249.64.164 - - [12/Apr/2015:01:30:12 -0500] "GET /BLA/resoluciones/index.php?dir=RESOLUCIONES%202007/RES%202007%203701%20AL%203800/&sort=size&order=desc HTTP/1.1" 200 26850
66.249.64.164 - - [12/Apr/2015:01:30:18 -0500] "GET /BLA/resoluciones/AUTOS%202010/5712.pdf HTTP/1.1" 200 200279
180.76.5.171 - - [12/Apr/2015:01:30:26 -0500] "GET /BLA/boletinlegal;jsessionid=7243245A0D9C07F1E678D793D5312469?/? HTTP/1.1" 404 1018
66.249.64.172 - - [12/Apr/2015:01:30:37 -0500] "GET /BLA/resoluciones/AUTOS%202011/5164.pdf HTTP/1.1" 200 198151
66.249.64.172 - - [12/Apr/2015:01:30:53 -0500] "GET /BLA/resoluciones/RESOLUCIONES%202010/6848.pdf HTTP/1.1" 200 1717176
66.249.64.168 - - [12/Apr/2015:01:31:02 -0500] "GET /BLA/resoluciones/index.php?dir=RESOLUCIONES%202007/RES%202007%202801%20AL%202900/&sort=name&order=desc HTTP/1.1" 200 26858
199.195.118.53 - - [12/Apr/2015:01:31:45 -0500] "GET / HTTP/1.1" 200 10190
66.249.64.164 - - [12/Apr/2015:01:31:49 -0500] "GET /BLA/resoluciones/RESOLUCIONES%202010/7626.pdf HTTP/1.1" 200 372303
66.249.64.48 - - [12/Apr/2015:01:32:21 -0500] "GET /Autoliquidacion/TR%C3%81MITES%20ACEITES-RESIDUOS-ESTACIONES/REGISTRO%20COMO%20ACOPIADOR%20PRIMARIO/FORMATOINSCRIPCIONACOPIADORES%20PRIMARIOS(nOV09DE2011).doc HTTP/1.1" 200 804352
66.249.64.172 - - [12/Apr/2015:01:32:27 -0500] "GET /BLA/resoluciones/AUTOS%202010/2572.pdf HTTP/1.1" 200 16060
180.76.6.61 - - [12/Apr/2015:01:33:08 -0500] "GET /BLA/boletinlegal;jsessionid=2F6E2CB5D85A12D4AE0CCE93C2471EF8?/? HTTP/1.1" 404 1018
74.86.158.107 - - [12/Apr/2015:01:33:36 -0500] "HEAD / HTTP/1.1" 200 -
201.245.192.253 - - [12/Apr/2015:01:34:32 -0500] "GET /forest/session.jsp?a=0.01721961540170014 HTTP/1.1" 200 4
66.249.64.168 - - [12/Apr/2015:01:35:37 -0500] "GET /BLA/resoluciones/RESOLUCIONES%202012/0619.pdf HTTP/1.1" 304 -
66.249.64.172 - - [12/Apr/2015:01:35:58 -0500] "GET /BLA/resoluciones/AUTOS%202007/1378.pdf HTTP/1.1" 200 57628
180.76.6.66 - - [12/Apr/2015:01:36:25 -0500] "GET /BLA/resoluciones/RESOLUCIONES%202010/0565.pdf HTTP/1.1" 200 97215
180.76.6.230 - - [12/Apr/2015:01:37:02 -0500] "GET /BLA/boletinlegal;jsessionid=AFF0359ADAD08BE1AA4AFAF8A0EBE0F0?/? HTTP/1.1" 404 1018
66.249.64.168 - - [12/Apr/2015:01:37:12 -0500] "GET /BLA/resoluciones/RESOLUCIONES%202010/2851.pdf HTTP/1.1" 200 55312
179.56.151.116 - - [12/Apr/2015:01:37:18 -0500] "GET /webdav/x32.php HTTP/1.1" 404 1018
66.249.64.168 - - [12/Apr/2015:01:37:28 -0500] "GET /BLA/resoluciones/RESOLUCIONES%202010/0191.pdf HTTP/1.1" 200 541600
66.249.64.164 - - [12/Apr/2015:01:37:31 -0500] "GET /BLA/resoluciones/AUTOS%202011/3837.pdf HTTP/1.1" 200 274913
74.86.158.107 - - [12/Apr/2015:01:38:36 -0500] "HEAD / HTTP/1.1" 200 -
180.76.6.29 - - [12/Apr/2015:01:38:47 -0500] "GET /BLA/resoluciones/AUTOS%202011/5607.pdf HTTP/1.1" 200 181077
66.249.64.168 - - [12/Apr/2015:01:38:50 -0500] "GET /BLA/resoluciones/RESOLUCIONES%202010/3896.pdf HTTP/1.1" 200 876996
201.245.192.253 - - [12/Apr/2015:01:39:33 -0500] "GET /forest/session.jsp?a=0.43219333980232477 HTTP/1.1" 200 4
66.249.64.168 - - [12/Apr/2015:01:40:44 -0500] "GET /resoluciones/AUTOS%202007/4002.pdf HTTP/1.1" 404 1018
66.249.64.172 - - [12/Apr/2015:01:41:05 -0500] "GET /BLA/resoluciones/RESOLUCIONES%202009/1997.pdf HTTP/1.1" 200 552503
66.249.64.172 - - [12/Apr/2015:01:41:13 -0500] "GET /BLA/resoluciones/RESOLUCIONES%202004/RES%202004%20351-400/00000383.tif HTTP/1.1" 200 223902
180.76.6.233 - - [12/Apr/2015:01:41:25 -0500] "GET /BLA/resoluciones/RESOLUCIONES%202014/1070.pdf HTTP/1.1" 200 431394
66.249.64.48 - - [12/Apr/2015:01:42:23 -0500] "GET /PruebasSTORM/StormSDA_pruebas/userFiles/user_files/formulas/3/544.xml HTTP/1.1" 200 978
66.249.64.164 - - [12/Apr/2015:01:43:15 -0500] "GET /BLA/resoluciones/RESOLUCIONES%202010/3676.pdf HTTP/1.1" 200 546461
190.84.123.236 - - [12/Apr/2015:01:43:22 -0500] "GET /BLA/resoluciones/AUTOS%202007/0977.pdf HTTP/1.1" 200 176215
190.84.123.236 - - [12/Apr/2015:01:43:23 -0500] "GET /favicon.ico HTTP/1.1" 200 7782
190.84.123.236 - - [12/Apr/2015:01:43:25 -0500] "GET /BLA/resoluciones/AUTOS%202007/0977.pdf HTTP/1.1" 200 176215
181.209.246.1 - - [12/Apr/2015:01:43:27 -0500] "GET /galeria/galeria/jquery.fancybox.css?v=2.1.5 HTTP/1.1" 200 4895
181.209.246.1 - - [12/Apr/2015:01:43:27 -0500] "GET /BLA/boletinlegal/js/jquery.scrollTo-min.js HTTP/1.1" 200 1150
181.209.246.1 - - [12/Apr/2015:01:43:28 -0500] "GET /BLA/boletinlegal/js/jquery.scrollShow.js HTTP/1.1" 200 4586
181.209.246.1 - - [12/Apr/2015:01:43:28 -0500] "GET /galeria/galeria/jquery.fancybox.js?v=2.1.5 HTTP/1.1" 200 48706
66.249.64.172 - - [12/Apr/2015:01:43:29 -0500] "GET /BLA/resoluciones/RESOLUCIONES%202010/7808.pdf HTTP/1.1" 200 478846
74.86.158.107 - - [12/Apr/2015:01:43:36 -0500] "HEAD / HTTP/1.1" 200 -
181.209.246.1 - - [12/Apr/2015:01:44:01 -0500] "GET /galeria/galeria/jquery.fancybox.css?v=2.1.5 HTTP/1.1" 304 -
181.209.246.1 - - [12/Apr/2015:01:44:01 -0500] "GET /BLA/boletinlegal/js/jquery.scrollTo-min.js HTTP/1.1" 304 -
181.209.246.1 - - [12/Apr/2015:01:44:01 -0500] "GET /BLA/boletinlegal/js/jquery.scrollShow.js HTTP/1.1" 304 -
181.209.246.1 - - [12/Apr/2015:01:44:02 -0500] "GET /galeria/galeria/jquery.fancybox.js?v=2.1.5 HTTP/1.1" 304 -
181.59.105.70 - - [12/Apr/2015:01:44:11 -0500] "GET /galeria/galeria/jquery.fancybox.css?v=2.1.5 HTTP/1.1" 200 4895
181.59.105.70 - - [12/Apr/2015:01:44:11 -0500] "GET /galeria/galeria/jquery.fancybox.js?v=2.1.5 HTTP/1.1" 200 48706
181.59.105.70 - - [12/Apr/2015:01:44:11 -0500] "GET /BLA/boletinlegal/js/jquery.scrollShow.js HTTP/1.1" 200 4586
181.59.105.70 - - [12/Apr/2015:01:44:11 -0500] "GET /BLA/boletinlegal/js/jquery.scrollTo-min.js HTTP/1.1" 200 1150
181.59.105.70 - - [12/Apr/2015:01:44:18 -0500] "GET /galeria/galeria/jquery.fancybox.js?v=2.1.5 HTTP/1.1" 304 -
181.59.105.70 - - [12/Apr/2015:01:44:18 -0500] "GET /galeria/galeria/jquery.fancybox.css?v=2.1.5 HTTP/1.1" 304 -
181.59.105.70 - - [12/Apr/2015:01:44:18 -0500] "GET /BLA/boletinlegal/js/jquery.scrollTo-min.js HTTP/1.1" 304 -
181.59.105.70 - - [12/Apr/2015:01:44:18 -0500] "GET /BLA/boletinlegal/js/jquery.scrollShow.js HTTP/1.1" 304 -
201.245.192.253 - - [12/Apr/2015:01:44:34 -0500] "GET /forest/session.jsp?a=0.3893878178205341 HTTP/1.1" 200 4
66.249.64.172 - - [12/Apr/2015:01:44:53 -0500] "GET /BLA/resoluciones/AUTOS%202007/0548.pdf HTTP/1.1" 200 620562
66.249.64.172 - - [12/Apr/2015:01:46:14 -0500] "GET /BLA/resoluciones/RESOLUCIONES%202007/RES%202007%201301%20AL%201400/RESOLUCION%201362%20DE%202007.pdf HTTP/1.1" 200 70170
181.61.115.222 - - [12/Apr/2015:01:47:07 -0500] "GET /galeria/galeria/jquery.fancybox.js?v=2.1.5 HTTP/1.1" 200 48706
181.61.115.222 - - [12/Apr/2015:01:47:07 -0500] "GET /galeria/galeria/jquery.fancybox.css?v=2.1.5 HTTP/1.1" 200 4895
181.61.115.222 - - [12/Apr/2015:01:47:07 -0500] "GET /BLA/boletinlegal/js/jquery.scrollTo-min.js HTTP/1.1" 200 1150
181.61.115.222 - - [12/Apr/2015:01:47:07 -0500] "GET /BLA/boletinlegal/js/jquery.scrollShow.js HTTP/1.1" 200 4586
181.61.115.222 - - [12/Apr/2015:01:47:30 -0500] "GET /galeria/galeria/jquery.fancybox.css?v=2.1.5 HTTP/1.1" 304 -
181.61.115.222 - - [12/Apr/2015:01:47:30 -0500] "GET /BLA/boletinlegal/js/jquery.scrollTo-min.js HTTP/1.1" 304 -
181.61.115.222 - - [12/Apr/2015:01:47:30 -0500] "GET /BLA/boletinlegal/js/jquery.scrollShow.js HTTP/1.1" 304 -
181.61.115.222 - - [12/Apr/2015:01:47:30 -0500] "GET /galeria/galeria/jquery.fancybox.js?v=2.1.5 HTTP/1.1" 304 -
181.61.115.222 - - [12/Apr/2015:01:47:32 -0500] "GET /BLA/boletinlegal/js/jquery.scrollShow.js HTTP/1.1" 304 -
66.249.64.168 - - [12/Apr/2015:01:47:51 -0500] "GET /BLA/resoluciones/AUTOS%202011/4186.pdf HTTP/1.1" 200 228073
74.86.158.107 - - [12/Apr/2015:01:48:36 -0500] "HEAD / HTTP/1.1" 200 -
201.245.192.253 - - [12/Apr/2015:01:49:35 -0500] "GET /forest/session.jsp?a=0.5281473714858294 HTTP/1.1" 200 4
180.76.5.18 - - [12/Apr/2015:01:49:36 -0500] "GET /BLA/boletinlegal;jsessionid=208FC383DE992C8D604CC1D794901081?/? HTTP/1.1" 404 1018
66.249.64.168 - - [12/Apr/2015:01:49:45 -0500] "GET /resoluciones/RESOLUCIONES%202009/8611.pdf HTTP/1.1" 404 1018
180.76.4.223 - - [12/Apr/2015:01:50:20 -0500] "GET / HTTP/1.1" 200 10190
66.249.64.164 - - [12/Apr/2015:01:50:26 -0500] "GET /BLA/resoluciones/RESOLUCIONES%202011/5562.pdf HTTP/1.1" 200 682942
186.112.251.126 - - [12/Apr/2015:01:50:39 -0500] "GET /BLA/boletinlegal/js/jquery.scrollTo-min.js HTTP/1.1" 200 1150
186.112.251.126 - - [12/Apr/2015:01:50:39 -0500] "GET /galeria/galeria/jquery.fancybox.js?v=2.1.5 HTTP/1.1" 200 48706
186.112.251.126 - - [12/Apr/2015:01:50:39 -0500] "GET /galeria/galeria/jquery.fancybox.css?v=2.1.5 HTTP/1.1" 200 4895
186.112.251.126 - - [12/Apr/2015:01:50:39 -0500] "GET /galeria/carrusel/Carrusel/jquery-ui-1.8.13.custom.min.js HTTP/1.1" 200 10800
186.112.251.126 - - [12/Apr/2015:01:50:39 -0500] "GET /BLA/boletinlegal/js/jquery.scrollShow.js HTTP/1.1" 200 4586
186.112.251.126 - - [12/Apr/2015:01:50:39 -0500] "GET /galeria/carrusel/Carrusel/jquery.thumbnailScroller.css HTTP/1.1" 200 2066
186.112.251.126 - - [12/Apr/2015:01:50:39 -0500] "GET /galeria/carrusel/Carrusel/jquery.thumbnailScroller.js HTTP/1.1" 200 8157
186.112.251.126 - - [12/Apr/2015:01:50:41 -0500] "GET /galeria/nivo-slider/demo/demo.html HTTP/1.1" 200 4579
186.112.251.126 - - [12/Apr/2015:01:50:41 -0500] "GET /galeria/nivo-slider/themes/default/default.css HTTP/1.1" 200 1569
186.112.251.126 - - [12/Apr/2015:01:50:41 -0500] "GET /galeria/nivo-slider/themes/orman/orman.css HTTP/1.1" 200 2152
186.112.251.126 - - [12/Apr/2015:01:50:41 -0500] "GET /galeria/nivo-slider/themes/pascal/pascal.css HTTP/1.1" 200 2258
186.112.251.126 - - [12/Apr/2015:01:50:41 -0500] "GET /galeria/nivo-slider/demo/style.css HTTP/1.1" 200 2222
186.112.251.126 - - [12/Apr/2015:01:50:41 -0500] "GET /galeria/nivo-slider/nivo-slider.css HTTP/1.1" 200 1507
186.112.251.126 - - [12/Apr/2015:01:50:41 -0500] "GET /galeria/nivo-slider/demo/scripts/jquery-1.7.1.min.js HTTP/1.1" 200 93868
186.112.251.126 - - [12/Apr/2015:01:50:42 -0500] "GET /galeria/nivo-slider/demo/images/marcha2015.jpg HTTP/1.1" 200 85177
186.112.251.126 - - [12/Apr/2015:01:50:42 -0500] "GET /galeria/nivo-slider/jquery.nivo.slider.pack.js HTTP/1.1" 200 11561
186.112.251.126 - - [12/Apr/2015:01:50:42 -0500] "GET /galeria/nivo-slider/demo/images/Convocatoria_recicladores.jpg HTTP/1.1" 200 213976
186.112.251.126 - - [12/Apr/2015:01:50:42 -0500] "GET /galeria/nivo-slider/demo/images/no-sea-victima.jpg HTTP/1.1" 200 254155
186.112.251.126 - - [12/Apr/2015:01:50:42 -0500] "GET /galeria/nivo-slider/demo/images/acuerdo_569.jpg HTTP/1.1" 200 62670
186.112.251.126 - - [12/Apr/2015:01:50:43 -0500] "GET /galeria/nivo-slider/demo/images/Banner-decreto1299.jpg HTTP/1.1" 200 182613
186.112.251.126 - - [12/Apr/2015:01:50:43 -0500] "GET /galeria/nivo-slider/demo/images/Licitaciones-proyecto-paramo.jpg HTTP/1.1" 200 221877
186.112.251.126 - - [12/Apr/2015:01:50:43 -0500] "GET /galeria/nivo-slider/demo/images/Banner-Directorio.jpg HTTP/1.1" 200 182068
186.112.251.126 - - [12/Apr/2015:01:50:44 -0500] "GET /galeria/nivo-slider/demo/images/banner-V2.jpg HTTP/1.1" 200 59297
186.112.251.126 - - [12/Apr/2015:01:50:44 -0500] "GET /galeria/nivo-slider/demo/images/Ruta-vertimientos-01.jpg HTTP/1.1" 200 130151
186.112.251.126 - - [12/Apr/2015:01:50:45 -0500] "GET /galeria/nivo-slider/demo/images/bolsas-06.jpg HTTP/1.1" 200 90982
186.112.251.126 - - [12/Apr/2015:01:50:46 -0500] "GET /galeria/nivo-slider/demo/images/bolsas-08.jpg HTTP/1.1" 200 85589
186.112.251.126 - - [12/Apr/2015:01:50:46 -0500] "GET /galeria/nivo-slider/demo/images/redes_sociales.jpg HTTP/1.1" 200 415652
186.112.251.126 - - [12/Apr/2015:01:50:46 -0500] "GET /galeria/nivo-slider/demo/images/Conoce-los-humedales.jpg HTTP/1.1" 200 294036
186.112.251.126 - - [12/Apr/2015:01:50:46 -0500] "GET /videos/DiadelatierraHD_1min.flv HTTP/1.1" 200 7316200
186.112.251.126 - - [12/Apr/2015:01:50:47 -0500] "GET /galeria/nivo-slider/demo/images/ecolecta-Dic2014.png HTTP/1.1" 200 288593
186.112.251.126 - - [12/Apr/2015:01:50:47 -0500] "GET /galeria/nivo-slider/demo/images/porloshumedales.jpg HTTP/1.1" 200 351238
186.112.251.126 - - [12/Apr/2015:01:50:47 -0500] "GET /galeria/nivo-slider/demo/images/Tingua-azul.jpg HTTP/1.1" 200 307638
186.112.251.126 - - [12/Apr/2015:01:50:52 -0500] "GET /galeria/nivo-slider/demo/images/banner-llantas2.jpg HTTP/1.1" 200 73153
186.112.251.126 - - [12/Apr/2015:01:50:53 -0500] "GET /galeria/nivo-slider/demo/images/9Signos.jpg HTTP/1.1" 200 81776
186.112.251.126 - - [12/Apr/2015:01:50:54 -0500] "GET /galeria/nivo-slider/demo/images/4Simple_Slider.png HTTP/1.1" 200 11722
186.112.251.126 - - [12/Apr/2015:01:50:54 -0500] "GET /galeria/nivo-slider/themes/default/loading.gif HTTP/1.1" 200 1737
186.112.251.126 - - [12/Apr/2015:01:50:54 -0500] "GET /galeria/nivo-slider/themes/default/arrows.png HTTP/1.1" 200 824
186.112.251.126 - - [12/Apr/2015:01:50:54 -0500] "GET /galeria/nivo-slider/themes/default/bullets.png HTTP/1.1" 200 1281
66.249.64.168 - - [12/Apr/2015:01:50:57 -0500] "GET /BLA/resoluciones/RESOLUCIONES%202007/RES%202007%20301%20AL%20400/RESOLUCION%200390%20DE%202007.pdf HTTP/1.1" 200 232047
186.113.10.143 - - [12/Apr/2015:01:51:40 -0500] "GET /BLA/resoluciones/RESOLUCIONES%202007/RES%202007%20101%20AL%20200/RESOLUCION%200156%20DE%202007.pdf HTTP/1.1" 200 199416
66.249.64.168 - - [12/Apr/2015:01:51:55 -0500] "GET /BLA/resoluciones/AUTOS%202013/1076.pdf HTTP/1.1" 200 1262015
186.112.251.126 - - [12/Apr/2015:01:52:27 -0500] "GET /galeria/galeria/jquery.fancybox.css?v=2.1.5 HTTP/1.1" 304 -
186.112.251.126 - - [12/Apr/2015:01:52:27 -0500] "GET /galeria/galeria/jquery.fancybox.js?v=2.1.5 HTTP/1.1" 304 -
186.112.251.126 - - [12/Apr/2015:01:52:32 -0500] "GET /BLA/boletinlegal/js/jquery.scrollShow.js HTTP/1.1" 200 4586
186.112.251.126 - - [12/Apr/2015:01:52:32 -0500] "GET /BLA/boletinlegal/js/jquery.scrollTo-min.js HTTP/1.1" 200 1150
186.112.251.126 - - [12/Apr/2015:01:52:32 -0500] "GET /galeria/galeria/jquery.fancybox.css?v=2.1.5 HTTP/1.1" 200 4895
186.112.251.126 - - [12/Apr/2015:01:52:32 -0500] "GET /galeria/galeria/jquery.fancybox.js?v=2.1.5 HTTP/1.1" 200 48706
74.86.158.107 - - [12/Apr/2015:01:53:36 -0500] "HEAD / HTTP/1.1" 200 -
180.76.6.145 - - [12/Apr/2015:01:54:15 -0500] "GET /BLA/boletinlegal;jsessionid=474D5C55C3D539B2874E496D9CE45AA6?/? HTTP/1.1" 404 1018
66.249.64.164 - - [12/Apr/2015:01:54:31 -0500] "GET /BLA/resoluciones/AUTOS%202012/2980.pdf HTTP/1.1" 200 1185834
66.249.64.164 - - [12/Apr/2015:01:54:32 -0500] "GET /BLA/resoluciones/AUTOS%202010/0104.pdf HTTP/1.1" 304 -
201.245.192.253 - - [12/Apr/2015:01:54:36 -0500] "GET /forest/session.jsp?a=0.4209741735830903 HTTP/1.1" 200 4
180.76.5.145 - - [12/Apr/2015:01:54:53 -0500] "GET /BLA/resoluciones/AUTOS%202010/1401.pdf HTTP/1.1" 200 246873
66.249.64.172 - - [12/Apr/2015:01:55:53 -0500] "GET /BLA/resoluciones/RESOLUCIONES%202005/RES%202005%201851-1900/00001858.tif HTTP/1.1" 200 29670
66.249.64.172 - - [12/Apr/2015:01:56:33 -0500] "GET /BLA/resoluciones/AUTOS%202012/2923.pdf HTTP/1.1" 200 2460845
66.249.64.164 - - [12/Apr/2015:01:57:04 -0500] "GET /BLA/resoluciones/RESOLUCIONES%202010/3532.pdf HTTP/1.1" 200 508705
66.249.64.168 - - [12/Apr/2015:01:57:20 -0500] "GET /BLA/resoluciones/AUTOS%202011/2934.pdf HTTP/1.1" 200 513868
66.249.64.164 - - [12/Apr/2015:01:57:35 -0500] "GET /BLA/resoluciones/RESOLUCIONES%202010/5764.pdf HTTP/1.1" 200 300278
181.130.149.101 - - [12/Apr/2015:01:57:45 -0500] "GET /BLA/resoluciones/RESOLUCIONES%202008/0828.pdf HTTP/1.1" 200 184764
181.130.149.101 - - [12/Apr/2015:01:57:45 -0500] "GET /BLA/resoluciones/RESOLUCIONES%202008/0828.pdf HTTP/1.1" 206 32768
181.130.149.101 - - [12/Apr/2015:01:57:45 -0500] "GET /BLA/resoluciones/RESOLUCIONES%202008/0828.pdf HTTP/1.1" 206 151996
181.130.149.101 - - [12/Apr/2015:01:57:45 -0500] "GET /favicon.ico HTTP/1.1" 200 7782
200.74.144.236 - - [12/Apr/2015:01:58:01 -0500] "GET /BLA/resoluciones/RESOLUCIONES%202007/RES%202007%20701%20AL%20800/RESOLUCION%200705%20DE%202007.pdf HTTP/1.1" 200 1060513
200.74.144.236 - - [12/Apr/2015:01:58:07 -0500] "GET /BLA/resoluciones/RESOLUCIONES%202007/RES%202007%20701%20AL%20800/RESOLUCION%200705%20DE%202007.pdf HTTP/1.1" 206 4096
200.74.144.236 - - [12/Apr/2015:01:58:07 -0500] "GET /BLA/resoluciones/RESOLUCIONES%202007/RES%202007%20701%20AL%20800/RESOLUCION%200705%20DE%202007.pdf HTTP/1.1" 206 194195
74.86.158.107 - - [12/Apr/2015:01:58:36 -0500] "HEAD / HTTP/1.1" 200 -
180.76.6.154 - - [12/Apr/2015:01:58:59 -0500] "GET /BLA/boletinlegal;jsessionid=D48EE9B5C9FA85F1F4D6989A89BDBCB4?/? HTTP/1.1" 404 1018
201.245.192.253 - - [12/Apr/2015:01:59:37 -0500] "GET /forest/session.jsp?a=0.044598189648240805 HTTP/1.1" 200 4
186.85.12.248 - - [12/Apr/2015:01:59:50 -0500] "GET /BLA/resoluciones/RESOLUCIONES%202007/RES%202007%202101%20AL%202200/RESOLUCION%202160%20%20DE%202007.pdf HTTP/1.1" 200 547538
181.50.185.87 - - [12/Apr/2015:02:00:07 -0500] "GET /galeria/galeria/jquery.fancybox.css?v=2.1.5 HTTP/1.1" 200 4895
181.50.185.87 - - [12/Apr/2015:02:00:07 -0500] "GET /BLA/boletinlegal/js/jquery.scrollTo-min.js HTTP/1.1" 200 1150
181.50.185.87 - - [12/Apr/2015:02:00:07 -0500] "GET /BLA/boletinlegal/js/jquery.scrollShow.js HTTP/1.1" 200 4586
181.50.185.87 - - [12/Apr/2015:02:00:07 -0500] "GET /galeria/galeria/jquery.fancybox.js?v=2.1.5 HTTP/1.1" 200 48706
186.147.6.154 - - [12/Apr/2015:02:00:14 -0500] "GET /galeria/galeria/jquery.fancybox.css?v=2.1.5 HTTP/1.1" 200 4895
186.147.6.154 - - [12/Apr/2015:02:00:14 -0500] "GET /BLA/boletinlegal/js/jquery.scrollShow.js HTTP/1.1" 200 4586
186.147.6.154 - - [12/Apr/2015:02:00:14 -0500] "GET /BLA/boletinlegal/js/jquery.scrollTo-min.js HTTP/1.1" 200 1150
186.147.6.154 - - [12/Apr/2015:02:00:14 -0500] "GET /galeria/galeria/jquery.fancybox.js?v=2.1.5 HTTP/1.1" 200 48706
181.50.185.87 - - [12/Apr/2015:02:00:28 -0500] "GET /galeria/galeria/jquery.fancybox.css?v=2.1.5 HTTP/1.1" 304 -
181.50.185.87 - - [12/Apr/2015:02:00:28 -0500] "GET /BLA/boletinlegal/js/jquery.scrollTo-min.js HTTP/1.1" 304 -
181.50.185.87 - - [12/Apr/2015:02:00:28 -0500] "GET /BLA/boletinlegal/js/jquery.scrollShow.js HTTP/1.1" 304 -
181.50.185.87 - - [12/Apr/2015:02:00:28 -0500] "GET /galeria/galeria/jquery.fancybox.js?v=2.1.5 HTTP/1.1" 304 -
186.147.6.154 - - [12/Apr/2015:02:00:34 -0500] "GET /galeria/galeria/jquery.fancybox.css?v=2.1.5 HTTP/1.1" 304 -
186.147.6.154 - - [12/Apr/2015:02:00:34 -0500] "GET /BLA/boletinlegal/js/jquery.scrollTo-min.js HTTP/1.1" 304 -
186.147.6.154 - - [12/Apr/2015:02:00:34 -0500] "GET /BLA/boletinlegal/js/jquery.scrollShow.js HTTP/1.1" 304 -
186.147.6.154 - - [12/Apr/2015:02:00:34 -0500] "GET /galeria/galeria/jquery.fancybox.js?v=2.1.5 HTTP/1.1" 304 -
66.249.64.168 - - [12/Apr/2015:02:01:15 -0500] "GET /BLA/resoluciones/AUTOS%202010/6658.pdf HTTP/1.1" 200 154463
66.249.64.164 - - [12/Apr/2015:02:01:37 -0500] "GET /BLA/resoluciones/AUTOS%202007/1049.pdf HTTP/1.1" 200 35632
186.85.12.248 - - [12/Apr/2015:02:01:53 -0500] "GET /BLA/resoluciones/RESOLUCIONES%202009/2161.pdf HTTP/1.1" 200 518450
180.76.6.60 - - [12/Apr/2015:02:02:09 -0500] "GET /BLA/boletinlegal;jsessionid=194F9E0D29F0F1545E4E03DEB83F26D3?/? HTTP/1.1" 404 1018
88.198.233.69 - - [12/Apr/2015:02:02:11 -0500] "GET / HTTP/1.1" 200 10190
66.249.64.172 - - [12/Apr/2015:02:02:17 -0500] "GET /BLA/resoluciones/RESOLUCIONES%202010/1310.pdf HTTP/1.1" 200 113376
66.249.64.172 - - [12/Apr/2015:02:03:21 -0500] "GET /BLA/resoluciones/AUTOS%202008/2692.pdf HTTP/1.1" 200 134316
180.76.5.65 - - [12/Apr/2015:02:03:21 -0500] "GET /BLA/boletinlegal;jsessionid=F697933C7B17D93F0D64E722330300E6?/? HTTP/1.1" 404 1018
74.86.158.107 - - [12/Apr/2015:02:03:36 -0500] "HEAD / HTTP/1.1" 200 -
201.245.192.253 - - [12/Apr/2015:02:04:38 -0500] "GET /forest/session.jsp?a=0.004677565535530448 HTTP/1.1" 200 4
123.125.71.47 - - [12/Apr/2015:02:04:51 -0500] "GET / HTTP/1.1" 200 10190
186.28.219.221 - - [12/Apr/2015:02:05:08 -0500] "GET /BLA/resoluciones/AUTOS%202012/1988.pdf HTTP/1.1" 200 1888377
66.249.64.44 - - [12/Apr/2015:02:05:11 -0500] "GET /images/BLA.jpg HTTP/1.1" 200 34672
123.125.71.33 - - [12/Apr/2015:02:06:10 -0500] "GET /robots.txt HTTP/1.1" 404 1018
180.76.5.81 - - [12/Apr/2015:02:06:13 -0500] "GET /BLA/resoluciones/RESOLUCIONES%202007/RES%202007%201901%20AL%202000/RESOLUCION%201917%20DE%202007.pdf HTTP/1.1" 200 26863
201.234.75.11 - - [12/Apr/2015:02:06:39 -0500] "GET /galeria/galeria/jquery.fancybox.css?v=2.1.5 HTTP/1.1" 304 -
66.249.64.172 - - [12/Apr/2015:02:06:40 -0500] "GET /BLA/resoluciones/AUTOS%202011/6089.pdf HTTP/1.1" 200 302359
220.181.108.179 - - [12/Apr/2015:02:07:07 -0500] "GET /BLA/directivas/2011/2.pdf HTTP/1.1" 200 495382
66.249.64.172 - - [12/Apr/2015:02:07:43 -0500] "GET /BLA/resoluciones/AUTOS%202012/2437.pdf HTTP/1.1" 200 2316527
186.28.219.221 - - [12/Apr/2015:02:08:13 -0500] "GET /BLA/resoluciones/RESOLUCIONES%202009/5806.pdf HTTP/1.1" 200 333972
180.76.6.50 - - [12/Apr/2015:02:08:13 -0500] "GET /BLA/boletinlegal;jsessionid=1F0D53664761B421641C10D791B74D54?/? HTTP/1.1" 404 1018
186.28.219.221 - - [12/Apr/2015:02:08:13 -0500] "GET /BLA/resoluciones/RESOLUCIONES%202009/5806.pdf HTTP/1.1" 206 32768
186.28.219.221 - - [12/Apr/2015:02:08:14 -0500] "GET /BLA/resoluciones/RESOLUCIONES%202009/5806.pdf HTTP/1.1" 206 301204
186.28.219.221 - - [12/Apr/2015:02:08:14 -0500] "GET /favicon.ico HTTP/1.1" 200 7782
74.86.158.107 - - [12/Apr/2015:02:08:36 -0500] "HEAD / HTTP/1.1" 200 -
66.249.64.168 - - [12/Apr/2015:02:08:41 -0500] "GET /BLA/resoluciones/RESOLUCIONES%202010/4460.pdf HTTP/1.1" 200 455535
220.181.108.82 - - [12/Apr/2015:02:08:59 -0500] "GET / HTTP/1.1" 200 10190
201.245.192.253 - - [12/Apr/2015:02:09:39 -0500] "GET /forest/session.jsp?a=0.19775420520454645 HTTP/1.1" 200 4
66.249.64.168 - - [12/Apr/2015:02:10:01 -0500] "GET /BLA/resoluciones/RESOLUCIONES%202004/RES%202004%20351-400/00000379.tif HTTP/1.1" 200 52052
180.76.6.137 - - [12/Apr/2015:02:11:21 -0500] "GET /BLA/resoluciones/RESOLUCIONES%202008/0047.pdf HTTP/1.1" 200 548870
66.249.64.172 - - [12/Apr/2015:02:11:28 -0500] "GET /BLA/resoluciones/AUTOS%202012/2511.pdf HTTP/1.1" 200 4158695
180.76.6.232 - - [12/Apr/2015:02:11:59 -0500] "GET /BLA/boletinlegal;jsessionid=11549D9F4DFF5C4A31009CF721AEB64C?/? HTTP/1.1" 404 1018
66.249.64.172 - - [12/Apr/2015:02:13:00 -0500] "GET /BLA/resoluciones/AUTOS%202012/2183.pdf HTTP/1.1" 200 1704923
74.86.158.107 - - [12/Apr/2015:02:13:36 -0500] "HEAD / HTTP/1.1" 200 -
66.249.64.168 - - [12/Apr/2015:02:14:24 -0500] "GET /BLA/resoluciones/RESOLUCIONES%202010/6285.pdf HTTP/1.1" 304 -
180.76.6.233 - - [12/Apr/2015:02:14:27 -0500] "GET /BLA/resoluciones/AUTOS%202009/2240.pdf HTTP/1.1" 200 124287
201.245.192.253 - - [12/Apr/2015:02:14:40 -0500] "GET /forest/session.jsp?a=0.5042208381928504 HTTP/1.1" 200 4
180.76.6.40 - - [12/Apr/2015:02:15:42 -0500] "GET /BLA/resoluciones/AUTOS%202012/0391.pdf HTTP/1.1" 200 195632
206.53.226.251 - - [12/Apr/2015:02:17:28 -0500] "GET /galeria/nivo-slider/demo/images/Ruta-vertimientos-01.jpg HTTP/1.1" 304 -
45.55.134.19 - - [12/Apr/2015:02:18:16 -0500] "GET /BLA/boletinlegal/js/jquery.scrollTo-min.js HTTP/1.1" 200 1150
45.55.134.19 - - [12/Apr/2015:02:18:16 -0500] "GET /galeria/galeria/jquery.fancybox.js?v=2.1.5 HTTP/1.1" 200 48706
45.55.134.19 - - [12/Apr/2015:02:18:16 -0500] "GET /BLA/boletinlegal/js/jquery.scrollShow.js HTTP/1.1" 200 4586
45.55.134.19 - - [12/Apr/2015:02:18:16 -0500] "GET /galeria/carrusel/Carrusel/jquery-ui-1.8.13.custom.min.js HTTP/1.1" 200 10800
45.55.134.19 - - [12/Apr/2015:02:18:16 -0500] "GET /galeria/carrusel/Carrusel/jquery.thumbnailScroller.js HTTP/1.1" 200 8157
45.55.134.19 - - [12/Apr/2015:02:18:18 -0500] "GET /galeria/nivo-slider/demo/demo.html HTTP/1.1" 200 4579
45.55.134.19 - - [12/Apr/2015:02:18:18 -0500] "GET /galeria/nivo-slider/demo/scripts/jquery-1.7.1.min.js HTTP/1.1" 200 93868
45.55.134.19 - - [12/Apr/2015:02:18:18 -0500] "GET /galeria/nivo-slider/jquery.nivo.slider.pack.js HTTP/1.1" 200 11561
201.234.75.11 - - [12/Apr/2015:02:18:29 -0500] "GET /galeria/nivo-slider/themes/orman/orman.css HTTP/1.1" 304 -
74.86.158.107 - - [12/Apr/2015:02:18:36 -0500] "HEAD / HTTP/1.1" 200 -
66.249.64.172 - - [12/Apr/2015:02:18:51 -0500] "GET /manual_funciones_Listado/index.php?dir=2.2.4.%20Subdirecci%F3n%20del%20Recurso%20H%EDdrico%20y%20del%20Suelo/&sort=size&order=desc HTTP/1.1" 404 1018
201.245.192.253 - - [12/Apr/2015:02:19:41 -0500] "GET /forest/session.jsp?a=0.986410606186837 HTTP/1.1" 200 4
66.249.64.164 - - [12/Apr/2015:02:20:16 -0500] "GET /BLA/resoluciones/RESOLUCIONES%202008/0824.pdf HTTP/1.1" 200 821301
180.76.5.196 - - [12/Apr/2015:02:21:24 -0500] "GET /BLA/resoluciones/AUTOS%202010/0172.pdf HTTP/1.1" 200 359964
66.249.64.168 - - [12/Apr/2015:02:22:00 -0500] "GET /BLA/resoluciones/AUTOS%202011/5160.pdf HTTP/1.1" 200 671243
180.76.5.66 - - [12/Apr/2015:02:22:02 -0500] "GET /BLA/resoluciones/RESOLUCIONES%202009/8243.pdf HTTP/1.1" 200 317034
66.249.64.40 - - [12/Apr/2015:02:22:31 -0500] "GET / HTTP/1.1" 200 10190
66.249.64.172 - - [12/Apr/2015:02:22:38 -0500] "GET /BLA/resoluciones/AUTOS%202011/3376.pdf HTTP/1.1" 200 428683
74.86.158.107 - - [12/Apr/2015:02:23:36 -0500] "HEAD / HTTP/1.1" 200 -
180.76.5.60 - - [12/Apr/2015:02:23:39 -0500] "GET /BLA/resoluciones/AUTOS%202013/2086.pdf HTTP/1.1" 200 1929467
66.249.64.168 - - [12/Apr/2015:02:24:08 -0500] "GET /BLA/resoluciones/AUTOS%202011/2711.pdf HTTP/1.1" 200 245003
66.249.64.164 - - [12/Apr/2015:02:24:12 -0500] "GET /BLA/resoluciones/AUTOS%202012/3097.pdf HTTP/1.1" 200 2212487
66.249.64.172 - - [12/Apr/2015:02:24:41 -0500] "GET /BLA/resoluciones/RESOLUCIONES%202005/RES%202005%202601-2650/00002619.tif HTTP/1.1" 200 171070
201.245.192.253 - - [12/Apr/2015:02:24:42 -0500] "GET /forest/session.jsp?a=0.010388169903308153 HTTP/1.1" 200 4
66.249.64.164 - - [12/Apr/2015:02:25:03 -0500] "GET /BLA/resoluciones/RESOLUCIONES%202010/0395.pdf HTTP/1.1" 200 119600
66.249.64.168 - - [12/Apr/2015:02:25:23 -0500] "GET /BLA/resoluciones/AUTOS%202011/4963.pdf HTTP/1.1" 200 310711
180.76.6.48 - - [12/Apr/2015:02:25:57 -0500] "GET /BLA/resoluciones/AUTOS%202009/2563.pdf HTTP/1.1" 200 114632
66.249.64.168 - - [12/Apr/2015:02:26:01 -0500] "GET /BLA/resoluciones/RESOLUCIONES%202011/5390.pdf HTTP/1.1" 200 496541
66.249.64.172 - - [12/Apr/2015:02:26:20 -0500] "GET /BLA/resoluciones/RESOLUCIONES%202007/RES%202007%203601%20AL%203700/RESOLUCION%203624%20DE%202007.pdf HTTP/1.1" 200 1415046
180.76.5.66 - - [12/Apr/2015:02:26:35 -0500] "GET /BLA/boletinlegal;jsessionid=FCD9031BA6D8FC9B3BAC5EC23E2FB39A?/? HTTP/1.1" 404 1018
180.76.6.144 - - [12/Apr/2015:02:27:13 -0500] "GET /BLA/boletinlegal;jsessionid=9F8967EE8E209F51AB3295654C8BF2A9?/? HTTP/1.1" 404 1018
180.76.5.95 - - [12/Apr/2015:02:27:37 -0500] "GET /BLA/boletinlegal/Circulares/2013/Circular%20No.%205%20del%2013%20de%20junio%20de%202013.pdf HTTP/1.1" 200 110904
190.84.123.236 - - [12/Apr/2015:02:28:03 -0500] "GET /BLA/resoluciones/AUTOS%202013/2506.pdf HTTP/1.1" 200 2420834
66.249.64.164 - - [12/Apr/2015:02:28:04 -0500] "GET /BLA/resoluciones/AUTOS%202011/2730.pdf HTTP/1.1" 200 258929
74.86.158.107 - - [12/Apr/2015:02:28:36 -0500] "HEAD / HTTP/1.1" 200 -
180.76.6.56 - - [12/Apr/2015:02:29:18 -0500] "GET /BLA/resoluciones/RESOLUCIONES%202012/0753.pdf HTTP/1.1" 200 628277
201.245.192.253 - - [12/Apr/2015:02:29:43 -0500] "GET /forest/session.jsp?a=0.35023894533514977 HTTP/1.1" 200 4
180.76.5.153 - - [12/Apr/2015:02:29:56 -0500] "GET /BLA/boletinlegal;jsessionid=0FD73A38EB52DDE0E1119979452E79E6?/? HTTP/1.1" 404 1018
180.76.5.71 - - [12/Apr/2015:02:31:11 -0500] "GET /BLA/resoluciones/RESOLUCIONES%202013/2291.pdf HTTP/1.1" 200 921536
180.76.5.170 - - [12/Apr/2015:02:31:48 -0500] "GET /BLA/boletinlegal;jsessionid=846161D85E36069EB5D297ADDD139FE8?/? HTTP/1.1" 404 1018
199.195.118.53 - - [12/Apr/2015:02:32:28 -0500] "GET / HTTP/1.1" 200 10190
66.249.64.168 - - [12/Apr/2015:02:32:38 -0500] "GET /BLA/resoluciones/AUTOS%202012/0134.pdf HTTP/1.1" 200 326948
74.86.158.107 - - [12/Apr/2015:02:33:36 -0500] "HEAD / HTTP/1.1" 200 -
201.245.192.253 - - [12/Apr/2015:02:34:44 -0500] "GET /forest/session.jsp?a=0.7396499714814126 HTTP/1.1" 200 4
180.76.6.232 - - [12/Apr/2015:02:35:04 -0500] "GET /BLA/boletinlegal;jsessionid=58688B3967107028114A137B95526390?/? HTTP/1.1" 404 1018
180.76.5.145 - - [12/Apr/2015:02:37:34 -0500] "GET /BLA/resoluciones/AUTOS%202012/1478.pdf HTTP/1.1" 200 351827
66.249.64.164 - - [12/Apr/2015:02:38:12 -0500] "GET /BLA/resoluciones/RESOLUCIONES%202009/4771.pdf HTTP/1.1" 200 479457
74.86.158.107 - - [12/Apr/2015:02:38:36 -0500] "HEAD / HTTP/1.1" 200 -
66.249.64.164 - - [12/Apr/2015:02:38:49 -0500] "GET /BLA/resoluciones/RESOLUCIONES%202004/RES%202004%20351-400/00000384.tif HTTP/1.1" 200 230224
185.10.104.196 - - [12/Apr/2015:02:38:52 -0500] "GET /BLA/boletinlegal;jsessionid=1A17286A6A9B5261421A29B5B6D0B7C1?/? HTTP/1.1" 404 1018
180.76.6.45 - - [12/Apr/2015:02:39:27 -0500] "GET /BLA/resoluciones/RESOLUCIONES%202007/RES%202007%202401%20AL%202500/RESOLUCION%202406%20DE%202007.pdf HTTP/1.1" 200 496180
201.245.192.253 - - [12/Apr/2015:02:39:45 -0500] "GET /forest/session.jsp?a=0.7926037162542343 HTTP/1.1" 200 4
45.63.7.209 - - [12/Apr/2015:02:41:56 -0500] "-" 408 -
181.62.165.25 - - [12/Apr/2015:02:42:21 -0500] "GET /BLA/boletinlegal/js/jquery.scrollTo-min.js HTTP/1.1" 200 1150
181.62.165.25 - - [12/Apr/2015:02:42:21 -0500] "GET /BLA/boletinlegal/js/jquery.scrollShow.js HTTP/1.1" 200 4586
181.62.165.25 - - [12/Apr/2015:02:42:23 -0500] "GET /galeria/galeria/jquery.fancybox.css?v=2.1.5 HTTP/1.1" 200 4895
181.62.165.25 - - [12/Apr/2015:02:42:23 -0500] "GET /galeria/galeria/jquery.fancybox.js?v=2.1.5 HTTP/1.1" 200 48706
181.62.165.25 - - [12/Apr/2015:02:42:34 -0500] "GET /BLA/boletinlegal/js/jquery.scrollTo-min.js HTTP/1.1" 304 -
181.62.165.25 - - [12/Apr/2015:02:42:34 -0500] "GET /galeria/galeria/jquery.fancybox.css?v=2.1.5 HTTP/1.1" 304 -
181.62.165.25 - - [12/Apr/2015:02:42:34 -0500] "GET /BLA/boletinlegal/js/jquery.scrollShow.js HTTP/1.1" 304 -
181.62.165.25 - - [12/Apr/2015:02:42:34 -0500] "GET /galeria/galeria/jquery.fancybox.js?v=2.1.5 HTTP/1.1" 304 -
66.249.64.40 - - [12/Apr/2015:02:43:02 -0500] "GET /Anexos%20estudio%20Organizacional%20SDA/ANEXO%20No.%203-%20CONTRATACI%C3%93N%20%20OPS%C2%B4s%202008-2012/CONTRATOS%20SDA%202012%20POR%20DEPENDENCIA.xls HTTP/1.1" 304 -
66.249.64.168 - - [12/Apr/2015:02:43:05 -0500] "GET /BLA/resoluciones/RESOLUCIONES%202008/1068.pdf HTTP/1.1" 200 382079
74.86.158.107 - - [12/Apr/2015:02:43:36 -0500] "HEAD / HTTP/1.1" 200 -
180.76.5.69 - - [12/Apr/2015:02:44:33 -0500] "GET /BLA/boletinlegal;jsessionid=AEC7B2F312DE03E1321FD694E5EF8EC1?/? HTTP/1.1" 404 1018
201.245.192.253 - - [12/Apr/2015:02:44:46 -0500] "GET /forest/session.jsp?a=0.8272628136910498 HTTP/1.1" 200 4
186.113.10.143 - - [12/Apr/2015:02:45:43 -0500] "GET /galeria/nivo-slider/demo/images/Banner-Ecourbanismo.jpg HTTP/1.1" 304 -
180.76.6.149 - - [12/Apr/2015:02:45:48 -0500] "GET /BLA/resoluciones/RESOLUCIONES%202007/RES%202007%202401%20AL%202500/RESOLUCION%202446%20%20DE%202007.pdf HTTP/1.1" 200 692368
180.76.6.143 - - [12/Apr/2015:02:46:25 -0500] "GET /BLA/resoluciones/AUTOS%202012/2880.pdf HTTP/1.1" 200 373005
66.249.64.164 - - [12/Apr/2015:02:47:43 -0500] "GET /videos/CRRFFS.mp4 HTTP/1.1" 304 -
66.249.64.44 - - [12/Apr/2015:02:48:07 -0500] "GET /Autoliquidacion/TR%C3%81MITES%20ACEITES-RESIDUOS-ESTACIONES/REGISTRO%20COMO%20ACOPIADOR%20PRIMARIO/ANEXO%203.%20FORMATOINSCRIPCIONACOPIADORES%20PRIMARIOS.doc HTTP/1.1" 200 804352
180.76.5.17 - - [12/Apr/2015:02:48:18 -0500] "GET /BLA/resoluciones/AUTOS%202014/2924.pdf HTTP/1.1" 200 424366
162.210.196.100 - - [12/Apr/2015:02:48:35 -0500] "GET /robots.txt HTTP/1.0" 404 1019
74.86.158.107 - - [12/Apr/2015:02:48:36 -0500] "HEAD / HTTP/1.1" 200 -
162.210.196.100 - - [12/Apr/2015:02:48:37 -0500] "GET /PruebasSTORM/StormSDA_pruebas/userFiles/user_files/formulas/4/?C=D;O=D HTTP/1.0" 200 905
162.210.196.100 - - [12/Apr/2015:02:48:38 -0500] "GET /PruebasSTORM/StormSDA_pruebas/userFiles/user_files/formulas/4/?C=M;O=D HTTP/1.0" 200 905
162.210.196.100 - - [12/Apr/2015:02:48:40 -0500] "GET /StormSDA/userFiles%20-%20Copy%2019-07-2012/user_files/85/?C=D;O=D HTTP/1.0" 200 877
162.210.196.100 - - [12/Apr/2015:02:48:41 -0500] "GET /StormSDA/userFiles%20-%20Copy%2019-07-2012/user_files/85/?C=M;O=D HTTP/1.0" 200 877
162.210.196.100 - - [12/Apr/2015:02:48:42 -0500] "GET /StormSDA/userFiles%20-%20Copy%2019-07-2012/user_files/85/?C=N;O=A HTTP/1.0" 200 877
162.210.196.100 - - [12/Apr/2015:02:48:44 -0500] "GET /StormSDA/userFiles%20-%20Copy%2019-07-2012/user_files/87/?C=M;O=D HTTP/1.0" 200 877
162.210.196.100 - - [12/Apr/2015:02:48:45 -0500] "GET /StormSDA/userFiles%20-%20Copy%2019-07-2012/user_files/87/?C=S;O=D HTTP/1.0" 200 877
162.210.196.100 - - [12/Apr/2015:02:48:47 -0500] "GET /StormSDA/userFiles%20-%20Copy%2019-07-2012/user_files/88/?C=D;O=D HTTP/1.0" 200 877
162.210.196.100 - - [12/Apr/2015:02:48:48 -0500] "GET /StormSDA/userFiles%20-%20Copy%2019-07-2012/user_files/88/?C=M;O=D HTTP/1.0" 200 877
162.210.196.100 - - [12/Apr/2015:02:48:50 -0500] "GET /StormSDA/userFiles%20-%20Copy%2019-07-2012/user_files/88/?C=S;O=D HTTP/1.0" 200 877
162.210.196.100 - - [12/Apr/2015:02:48:51 -0500] "GET /StormSDA/userFiles%20-%20Copy%2019-07-2012/user_files/89/?C=D;O=D HTTP/1.0" 200 877
162.210.196.100 - - [12/Apr/2015:02:48:53 -0500] "GET /StormSDA/userFiles%20-%20Copy%2019-07-2012/user_files/89/?C=M;O=D HTTP/1.0" 200 877
162.210.196.100 - - [12/Apr/2015:02:48:54 -0500] "GET /StormSDA/userFiles%20-%20Copy%2019-07-2012/user_files/89/?C=S;O=D HTTP/1.0" 200 877
162.210.196.100 - - [12/Apr/2015:02:48:56 -0500] "GET /StormSDA/userFiles%20-%20Copy%2019-07-2012/user_files/90/?C=D;O=D HTTP/1.0" 200 877
162.210.196.100 - - [12/Apr/2015:02:48:57 -0500] "GET /StormSDA/userFiles%20-%20Copy%2019-07-2012/user_files/90/?C=M;O=D HTTP/1.0" 200 877
162.210.196.100 - - [12/Apr/2015:02:48:59 -0500] "GET /StormSDA/userFiles%20-%20Copy%2019-07-2012/user_files/90/?C=S;O=D HTTP/1.0" 200 877
191.103.213.159 - - [12/Apr/2015:02:48:59 -0500] "GET /BLA/resoluciones/RESOLUCIONES%202007/RES%202007%201401%20AL%201500/RESOLUCION%201444%20DE%202007.pdf HTTP/1.1" 200 220271
191.103.213.159 - - [12/Apr/2015:02:48:59 -0500] "GET /BLA/resoluciones/RESOLUCIONES%202007/RES%202007%201401%20AL%201500/RESOLUCION%201444%20DE%202007.pdf HTTP/1.1" 206 32768
191.103.213.159 - - [12/Apr/2015:02:48:59 -0500] "GET /BLA/resoluciones/RESOLUCIONES%202007/RES%202007%201401%20AL%201500/RESOLUCION%201444%20DE%202007.pdf HTTP/1.1" 206 187503
162.210.196.100 - - [12/Apr/2015:02:49:00 -0500] "GET /StormSDA/userFiles%20-%20Copy%2019-07-2012/user_files/91/?C=D;O=D HTTP/1.0" 200 877
191.103.213.159 - - [12/Apr/2015:02:49:00 -0500] "GET /favicon.ico HTTP/1.1" 200 7782
66.249.64.164 - - [12/Apr/2015:02:49:00 -0500] "GET /BLA/resoluciones/AUTOS%202013/0607.pdf HTTP/1.1" 304 -
162.210.196.100 - - [12/Apr/2015:02:49:02 -0500] "GET /StormSDA/userFiles%20-%20Copy%2019-07-2012/user_files/91/?C=M;O=D HTTP/1.0" 200 877
162.210.196.100 - - [12/Apr/2015:02:49:03 -0500] "GET /StormSDA/userFiles%20-%20Copy%2019-07-2012/user_files/91/?C=S;O=D HTTP/1.0" 200 877
162.210.196.100 - - [12/Apr/2015:02:49:05 -0500] "GET /StormSDA/userFiles%20-%20Copy%2019-07-2012/user_files/92/?C=D;O=D HTTP/1.0" 200 877
162.210.196.100 - - [12/Apr/2015:02:49:06 -0500] "GET /StormSDA/userFiles%20-%20Copy%2019-07-2012/user_files/92/?C=M;O=D HTTP/1.0" 200 877
162.210.196.100 - - [12/Apr/2015:02:49:07 -0500] "GET /StormSDA/userFiles%20-%20Copy%2019-07-2012/user_files/92/?C=S;O=D HTTP/1.0" 200 877
162.210.196.100 - - [12/Apr/2015:02:49:09 -0500] "GET /StormSDA/userFiles%20-%20Copy%2019-07-2012/user_files/93/?C=D;O=D HTTP/1.0" 200 877
162.210.196.100 - - [12/Apr/2015:02:49:10 -0500] "GET /StormSDA/userFiles%20-%20Copy%2019-07-2012/user_files/93/?C=M;O=D HTTP/1.0" 200 877
162.210.196.100 - - [12/Apr/2015:02:49:12 -0500] "GET /StormSDA/userFiles%20-%20Copy%2019-07-2012/user_files/93/?C=S;O=D HTTP/1.0" 200 877
162.210.196.100 - - [12/Apr/2015:02:49:13 -0500] "GET /StormSDA/userFiles%20-%20Copy%2019-07-2012/user_files/94/?C=D;O=D HTTP/1.0" 200 877
162.210.196.100 - - [12/Apr/2015:02:49:15 -0500] "GET /StormSDA/userFiles%20-%20Copy%2019-07-2012/user_files/94/?C=M;O=D HTTP/1.0" 200 877
162.210.196.100 - - [12/Apr/2015:02:49:16 -0500] "GET /StormSDA/userFiles%20-%20Copy%2019-07-2012/user_files/94/?C=S;O=D HTTP/1.0" 200 877
162.210.196.100 - - [12/Apr/2015:02:49:18 -0500] "GET /StormSDA/userFiles%20-%20Copy%2019-07-2012/user_files/95/?C=D;O=D HTTP/1.0" 200 877
162.210.196.100 - - [12/Apr/2015:02:49:19 -0500] "GET /StormSDA/userFiles%20-%20Copy%2019-07-2012/user_files/95/?C=M;O=D HTTP/1.0" 200 877
162.210.196.100 - - [12/Apr/2015:02:49:21 -0500] "GET /StormSDA/userFiles%20-%20Copy%2019-07-2012/user_files/95/?C=S;O=D HTTP/1.0" 200 877
162.210.196.100 - - [12/Apr/2015:02:49:22 -0500] "GET /StormSDA/userFiles%20-%20Copy%2019-07-2012/user_files/96/?C=D;O=D HTTP/1.0" 200 877
162.210.196.100 - - [12/Apr/2015:02:49:23 -0500] "GET /StormSDA/userFiles%20-%20Copy%2019-07-2012/user_files/96/?C=M;O=D HTTP/1.0" 200 877
162.210.196.100 - - [12/Apr/2015:02:49:25 -0500] "GET /StormSDA/userFiles%20-%20Copy%2019-07-2012/user_files/96/?C=S;O=D HTTP/1.0" 200 877
162.210.196.100 - - [12/Apr/2015:02:49:26 -0500] "GET /StormSDA/userFiles%20-%20Copy%2019-07-2012/user_files/97/?C=D;O=D HTTP/1.0" 200 877
162.210.196.100 - - [12/Apr/2015:02:49:28 -0500] "GET /StormSDA/userFiles%20-%20Copy%2019-07-2012/user_files/97/?C=M;O=D HTTP/1.0" 200 877
162.210.196.100 - - [12/Apr/2015:02:49:29 -0500] "GET /StormSDA/userFiles%20-%20Copy%2019-07-2012/user_files/98/?C=D;O=D HTTP/1.0" 200 877
162.210.196.100 - - [12/Apr/2015:02:49:31 -0500] "GET /StormSDA/userFiles%20-%20Copy%2019-07-2012/user_files/98/?C=N;O=A HTTP/1.0" 200 877
162.210.196.100 - - [12/Apr/2015:02:49:32 -0500] "GET /StormSDA/userFiles%20-%20Copy%2019-07-2012/user_files/formulas/?C=D;O=D HTTP/1.0" 200 1504
162.210.196.100 - - [12/Apr/2015:02:49:34 -0500] "GET /StormSDA/userFiles%20-%20Copy%2019-07-2012/user_files/formulas/?C=M;O=D HTTP/1.0" 200 1504
162.210.196.100 - - [12/Apr/2015:02:49:35 -0500] "GET /StormSDA/userFiles%20-%20Copy%2019-07-2012/user_files/formulas/?C=N;O=A HTTP/1.0" 200 1504
162.210.196.100 - - [12/Apr/2015:02:49:36 -0500] "GET /StormSDA/userFiles/user_files/formatos/?C=N;O=A HTTP/1.0" 200 1458
162.210.196.100 - - [12/Apr/2015:02:49:38 -0500] "GET /StormSDA/userFiles/user_files/formatos/?C=S;O=D HTTP/1.0" 200 1458
162.210.196.100 - - [12/Apr/2015:02:49:39 -0500] "GET /StormSDA/userFiles/user_files/formulas/?C=D;O=D HTTP/1.0" 200 1444
162.210.196.100 - - [12/Apr/2015:02:49:41 -0500] "GET /StormSDA/userFiles/user_files/formulas/?C=M;O=D HTTP/1.0" 200 1444
162.210.196.100 - - [12/Apr/2015:02:49:43 -0500] "GET /StormSDA/userFiles/user_files/formulas/?C=N;O=A HTTP/1.0" 200 1444
162.210.196.100 - - [12/Apr/2015:02:49:44 -0500] "GET /StormSDA/userFiles/user_files/formulas/?C=S;O=D HTTP/1.0" 200 1444
162.210.196.100 - - [12/Apr/2015:02:49:46 -0500] "GET /StormSDA/userFiles/user_files/listas/?C=D;O=D HTTP/1.0" 200 1243
162.210.196.100 - - [12/Apr/2015:02:49:47 -0500] "GET /StormSDA/userFiles/user_files/listas/?C=M;O=D HTTP/1.0" 200 1243
201.245.192.253 - - [12/Apr/2015:02:49:47 -0500] "GET /forest/session.jsp?a=0.6301990221254528 HTTP/1.1" 200 4
162.210.196.100 - - [12/Apr/2015:02:49:48 -0500] "GET /StormSDA/userFiles/user_files/listas/?C=S;O=D HTTP/1.0" 200 1243
162.210.196.100 - - [12/Apr/2015:02:49:50 -0500] "GET /galeria/nivo-slider/demo/scripts/?C=D;O=A HTTP/1.0" 200 1035
162.210.196.100 - - [12/Apr/2015:02:49:51 -0500] "GET /galeria/nivo-slider/demo/scripts/?C=M;O=A HTTP/1.0" 200 1035
162.210.196.100 - - [12/Apr/2015:02:49:53 -0500] "GET /galeria/nivo-slider/themes/orman/?C=S;O=D HTTP/1.0" 200 2091
162.210.196.100 - - [12/Apr/2015:02:49:54 -0500] "GET /galeria/nivo-slider/themes/pascal/?C=S;O=D HTTP/1.0" 200 2313
180.76.5.196 - - [12/Apr/2015:02:51:14 -0500] "GET /BLA/resoluciones/AUTOS%202011/1511.pdf HTTP/1.1" 200 265651
65.55.211.247 - - [12/Apr/2015:02:51:15 -0500] "GET /BLA/boletinlegal/js/jquery.scrollShow.js HTTP/1.1" 200 4586
65.55.211.247 - - [12/Apr/2015:02:51:15 -0500] "GET /BLA/boletinlegal/js/jquery.scrollTo-min.js HTTP/1.1" 200 1150
65.55.211.247 - - [12/Apr/2015:02:51:15 -0500] "GET /galeria/galeria/jquery.fancybox.js?v=2.1.5 HTTP/1.1" 200 48706
65.55.211.247 - - [12/Apr/2015:02:51:15 -0500] "GET /galeria/galeria/jquery.fancybox.css?v=2.1.5 HTTP/1.1" 200 4895
65.55.211.247 - - [12/Apr/2015:02:51:15 -0500] "GET /galeria/carrusel/Carrusel/jquery.thumbnailScroller.css HTTP/1.1" 200 2066
65.55.211.247 - - [12/Apr/2015:02:51:16 -0500] "GET /galeria/carrusel/Carrusel/jquery-ui-1.8.13.custom.min.js HTTP/1.1" 200 10800
65.55.211.247 - - [12/Apr/2015:02:51:16 -0500] "GET /galeria/carrusel/Carrusel/jquery.thumbnailScroller.js HTTP/1.1" 200 8157
65.55.218.51 - - [12/Apr/2015:02:51:26 -0500] "GET /galeria/nivo-slider/demo/demo.html HTTP/1.1" 200 4579
65.55.218.51 - - [12/Apr/2015:02:51:26 -0500] "GET /galeria/nivo-slider/themes/pascal/pascal.css HTTP/1.1" 200 2258
65.55.211.245 - - [12/Apr/2015:02:51:26 -0500] "GET /galeria/nivo-slider/themes/default/default.css HTTP/1.1" 200 1569
65.55.218.51 - - [12/Apr/2015:02:51:26 -0500] "GET /galeria/nivo-slider/themes/orman/orman.css HTTP/1.1" 200 2152
65.55.211.245 - - [12/Apr/2015:02:51:26 -0500] "GET /galeria/nivo-slider/nivo-slider.css HTTP/1.1" 200 1507
65.55.218.51 - - [12/Apr/2015:02:51:26 -0500] "GET /galeria/nivo-slider/demo/style.css HTTP/1.1" 200 2222
65.55.211.245 - - [12/Apr/2015:02:51:26 -0500] "GET /galeria/nivo-slider/demo/scripts/jquery-1.7.1.min.js HTTP/1.1" 200 93868
65.55.218.51 - - [12/Apr/2015:02:51:26 -0500] "GET /galeria/nivo-slider/jquery.nivo.slider.pack.js HTTP/1.1" 200 11561
191.108.160.116 - - [12/Apr/2015:02:52:20 -0500] "GET /BLA/boletinlegal/js/jquery.scrollTo-min.js HTTP/1.1" 200 1150
191.108.160.116 - - [12/Apr/2015:02:52:22 -0500] "GET /BLA/boletinlegal/js/jquery.scrollShow.js HTTP/1.1" 200 4586
191.108.160.116 - - [12/Apr/2015:02:52:22 -0500] "GET /galeria/galeria/jquery.fancybox.js?v=2.1.5 HTTP/1.1" 200 48706
191.108.160.116 - - [12/Apr/2015:02:52:22 -0500] "GET /galeria/galeria/jquery.fancybox.css?v=2.1.5 HTTP/1.1" 200 4895
191.95.246.108 - - [12/Apr/2015:02:52:56 -0500] "GET /BLA/boletinlegal/js/jquery.scrollTo-min.js HTTP/1.1" 200 1150
191.95.246.108 - - [12/Apr/2015:02:52:56 -0500] "GET /BLA/boletinlegal/js/jquery.scrollShow.js HTTP/1.1" 200 4586
191.95.246.108 - - [12/Apr/2015:02:52:56 -0500] "GET /galeria/galeria/jquery.fancybox.js?v=2.1.5 HTTP/1.1" 200 48706
191.95.246.108 - - [12/Apr/2015:02:52:56 -0500] "GET /galeria/galeria/jquery.fancybox.css?v=2.1.5 HTTP/1.1" 200 4895
191.95.246.108 - - [12/Apr/2015:02:52:56 -0500] "GET /galeria/carrusel/Carrusel/jquery.thumbnailScroller.css HTTP/1.1" 200 2066
191.95.246.108 - - [12/Apr/2015:02:52:56 -0500] "GET /galeria/carrusel/Carrusel/jquery-ui-1.8.13.custom.min.js HTTP/1.1" 200 10800
191.95.246.108 - - [12/Apr/2015:02:52:57 -0500] "GET /galeria/carrusel/Carrusel/jquery.thumbnailScroller.js HTTP/1.1" 200 8157
191.95.246.108 - - [12/Apr/2015:02:53:05 -0500] "GET /galeria/nivo-slider/demo/demo.html HTTP/1.1" 200 4579
191.95.246.108 - - [12/Apr/2015:02:53:05 -0500] "GET /galeria/nivo-slider/themes/default/default.css HTTP/1.1" 200 1569
191.95.246.108 - - [12/Apr/2015:02:53:05 -0500] "GET /galeria/nivo-slider/themes/pascal/pascal.css HTTP/1.1" 200 2258
191.95.246.108 - - [12/Apr/2015:02:53:06 -0500] "GET /galeria/nivo-slider/themes/orman/orman.css HTTP/1.1" 200 2152
191.95.246.108 - - [12/Apr/2015:02:53:06 -0500] "GET /galeria/nivo-slider/nivo-slider.css HTTP/1.1" 200 1507
191.95.246.108 - - [12/Apr/2015:02:53:06 -0500] "GET /galeria/nivo-slider/demo/style.css HTTP/1.1" 200 2222
191.95.246.108 - - [12/Apr/2015:02:53:06 -0500] "GET /galeria/nivo-slider/demo/images/marcha2015.jpg HTTP/1.1" 200 85177
191.95.246.108 - - [12/Apr/2015:02:53:06 -0500] "GET /galeria/nivo-slider/demo/images/no-sea-victima.jpg HTTP/1.1" 200 254155
191.95.246.108 - - [12/Apr/2015:02:53:06 -0500] "GET /galeria/nivo-slider/demo/images/Convocatoria_recicladores.jpg HTTP/1.1" 200 213976
191.95.246.108 - - [12/Apr/2015:02:53:06 -0500] "GET /galeria/nivo-slider/demo/images/acuerdo_569.jpg HTTP/1.1" 200 62670
191.95.246.108 - - [12/Apr/2015:02:53:06 -0500] "GET /galeria/nivo-slider/demo/images/Licitaciones-proyecto-paramo.jpg HTTP/1.1" 200 221877
191.95.246.108 - - [12/Apr/2015:02:53:06 -0500] "GET /galeria/nivo-slider/demo/images/Banner-decreto1299.jpg HTTP/1.1" 200 182613
191.95.246.108 - - [12/Apr/2015:02:53:07 -0500] "GET /galeria/nivo-slider/demo/images/Banner-Directorio.jpg HTTP/1.1" 200 182068
191.95.246.108 - - [12/Apr/2015:02:53:07 -0500] "GET /galeria/nivo-slider/demo/images/banner-V2.jpg HTTP/1.1" 200 59297
