191.95.246.108 - - [12/Apr/2015:02:53:07 -0500] "GET /galeria/nivo-slider/demo/images/Ruta-vertimientos-01.jpg HTTP/1.1" 200 130151
191.95.246.108 - - [12/Apr/2015:02:53:07 -0500] "GET /galeria/nivo-slider/demo/images/bolsas-06.jpg HTTP/1.1" 200 90982
191.95.246.108 - - [12/Apr/2015:02:53:08 -0500] "GET /galeria/nivo-slider/demo/images/bolsas-08.jpg HTTP/1.1" 200 85589
191.95.246.108 - - [12/Apr/2015:02:53:08 -0500] "GET /galeria/nivo-slider/demo/images/redes_sociales.jpg HTTP/1.1" 200 415652
191.95.246.108 - - [12/Apr/2015:02:53:08 -0500] "GET /galeria/nivo-slider/demo/images/Conoce-los-humedales.jpg HTTP/1.1" 200 294036
191.95.246.108 - - [12/Apr/2015:02:53:08 -0500] "GET /galeria/nivo-slider/demo/images/ecolecta-Dic2014.png HTTP/1.1" 200 288593
191.95.246.108 - - [12/Apr/2015:02:53:10 -0500] "GET /galeria/nivo-slider/demo/images/porloshumedales.jpg HTTP/1.1" 200 351238
191.95.246.108 - - [12/Apr/2015:02:53:10 -0500] "GET /galeria/nivo-slider/demo/images/Tingua-azul.jpg HTTP/1.1" 200 307638
191.95.246.108 - - [12/Apr/2015:02:53:11 -0500] "GET /galeria/nivo-slider/demo/images/banner-llantas2.jpg HTTP/1.1" 200 73153
191.95.246.108 - - [12/Apr/2015:02:53:11 -0500] "GET /galeria/nivo-slider/demo/images/9Signos.jpg HTTP/1.1" 200 81776
191.95.246.108 - - [12/Apr/2015:02:53:11 -0500] "GET /galeria/nivo-slider/demo/scripts/jquery-1.7.1.min.js HTTP/1.1" 200 93868
191.95.246.108 - - [12/Apr/2015:02:53:12 -0500] "GET /galeria/nivo-slider/jquery.nivo.slider.pack.js HTTP/1.1" 200 11561
191.95.246.108 - - [12/Apr/2015:02:53:12 -0500] "GET /galeria/nivo-slider/demo/images/4Simple_Slider.png HTTP/1.1" 200 11722
191.95.246.108 - - [12/Apr/2015:02:53:12 -0500] "GET /galeria/nivo-slider/themes/default/loading.gif HTTP/1.1" 200 1737
191.95.246.108 - - [12/Apr/2015:02:53:21 -0500] "GET /galeria/nivo-slider/themes/default/arrows.png HTTP/1.1" 200 824
191.95.246.108 - - [12/Apr/2015:02:53:22 -0500] "GET /galeria/nivo-slider/themes/default/bullets.png HTTP/1.1" 200 1281
66.249.64.168 - - [12/Apr/2015:02:53:29 -0500] "GET /BLA/resoluciones/RESOLUCIONES%202005/RES%202005%201251-1300/00001253.tif HTTP/1.1" 200 301312
74.86.158.107 - - [12/Apr/2015:02:53:36 -0500] "HEAD / HTTP/1.1" 200 -
201.245.192.253 - - [12/Apr/2015:02:54:48 -0500] "GET /forest/session.jsp?a=0.5170147952158004 HTTP/1.1" 200 4
66.249.64.168 - - [12/Apr/2015:02:55:14 -0500] "GET /BLA/resoluciones/RESOLUCIONES%202010/2094.pdf HTTP/1.1" 200 449434
191.95.246.108 - - [12/Apr/2015:02:55:22 -0500] "GET /BLA/boletinlegal/js/jquery.scrollTo-min.js HTTP/1.1" 200 1150
191.95.246.108 - - [12/Apr/2015:02:55:22 -0500] "GET /BLA/boletinlegal/js/jquery.scrollShow.js HTTP/1.1" 200 4586
191.95.246.108 - - [12/Apr/2015:02:55:22 -0500] "GET /galeria/galeria/jquery.fancybox.js?v=2.1.5 HTTP/1.1" 200 48706
191.95.246.108 - - [12/Apr/2015:02:55:22 -0500] "GET /galeria/galeria/jquery.fancybox.css?v=2.1.5 HTTP/1.1" 200 4895
123.125.71.82 - - [12/Apr/2015:02:56:14 -0500] "GET / HTTP/1.1" 200 10190
190.84.159.96 - - [12/Apr/2015:02:57:58 -0500] "GET /BLA/boletinlegal/js/jquery.scrollTo-min.js HTTP/1.1" 200 1150
190.84.159.96 - - [12/Apr/2015:02:57:58 -0500] "GET /BLA/boletinlegal/js/jquery.scrollShow.js HTTP/1.1" 200 4586
190.84.159.96 - - [12/Apr/2015:02:57:58 -0500] "GET /galeria/galeria/jquery.fancybox.js?v=2.1.5 HTTP/1.1" 200 48706
190.84.159.96 - - [12/Apr/2015:02:57:58 -0500] "GET /galeria/galeria/jquery.fancybox.css?v=2.1.5 HTTP/1.1" 200 4895
178.137.85.64 - - [12/Apr/2015:02:58:17 -0500] "GET / HTTP/1.1" 200 10190
178.137.85.64 - - [12/Apr/2015:02:58:18 -0500] "GET / HTTP/1.1" 200 10190
190.84.159.96 - - [12/Apr/2015:02:58:25 -0500] "GET /hidrico/aguas%20subterraneas/ HTTP/1.1" 404 1296
180.76.5.77 - - [12/Apr/2015:02:58:30 -0500] "GET /BLA/boletinlegal;jsessionid=6FA5AC48A305C33A39DBFEE679CD9EB0?/? HTTP/1.1" 404 1018
74.86.158.107 - - [12/Apr/2015:02:58:36 -0500] "HEAD / HTTP/1.1" 200 -
180.76.6.63 - - [12/Apr/2015:02:59:08 -0500] "GET /BLA/boletinlegal;jsessionid=87CC65EB83E71C1B6B5644E34C32E1C2?/? HTTP/1.1" 404 1018
180.76.5.60 - - [12/Apr/2015:02:59:45 -0500] "GET /BLA/resoluciones/AUTOS%202009/2117.pdf HTTP/1.1" 200 89409
201.245.192.253 - - [12/Apr/2015:02:59:49 -0500] "GET /forest/session.jsp?a=0.9276854009367526 HTTP/1.1" 200 4
46.119.113.155 - - [12/Apr/2015:03:00:06 -0500] "GET / HTTP/1.1" 200 10190
46.119.113.155 - - [12/Apr/2015:03:00:07 -0500] "GET / HTTP/1.1" 200 10190
191.95.246.108 - - [12/Apr/2015:03:00:19 -0500] "GET /BLA/boletinlegal/js/jquery.scrollTo-min.js HTTP/1.1" 200 1150
191.95.246.108 - - [12/Apr/2015:03:00:19 -0500] "GET /BLA/boletinlegal/js/jquery.scrollShow.js HTTP/1.1" 200 4586
191.95.246.108 - - [12/Apr/2015:03:00:19 -0500] "GET /galeria/galeria/jquery.fancybox.css?v=2.1.5 HTTP/1.1" 200 4895
220.181.108.185 - - [12/Apr/2015:03:01:46 -0500] "GET / HTTP/1.1" 200 10190
180.76.6.150 - - [12/Apr/2015:03:01:55 -0500] "GET /BLA/resoluciones/AUTOS%202009/2207.pdf HTTP/1.1" 200 113770
88.198.233.69 - - [12/Apr/2015:03:02:02 -0500] "GET / HTTP/1.1" 200 10190
180.76.5.74 - - [12/Apr/2015:03:02:24 -0500] "GET /BLA/boletinlegal;jsessionid=B5297294B59FD5573793518825C7CBB6?/? HTTP/1.1" 404 1018
66.249.64.172 - - [12/Apr/2015:03:02:39 -0500] "GET /BLA/resoluciones/RESOLUCIONES%202011/1214.pdf HTTP/1.1" 200 350218
191.95.246.108 - - [12/Apr/2015:03:03:11 -0500] "GET /BLA/boletinlegal/js/jquery.scrollTo-min.js HTTP/1.1" 200 1150
191.95.246.108 - - [12/Apr/2015:03:03:12 -0500] "GET /BLA/boletinlegal/js/jquery.scrollShow.js HTTP/1.1" 200 4586
191.95.246.108 - - [12/Apr/2015:03:03:12 -0500] "GET /galeria/galeria/jquery.fancybox.js?v=2.1.5 HTTP/1.1" 200 48706
191.95.246.108 - - [12/Apr/2015:03:03:12 -0500] "GET /galeria/galeria/jquery.fancybox.css?v=2.1.5 HTTP/1.1" 200 4895
74.86.158.107 - - [12/Apr/2015:03:03:36 -0500] "HEAD / HTTP/1.1" 200 -
180.76.6.155 - - [12/Apr/2015:03:03:39 -0500] "GET /BLA/resoluciones/AUTOS%202013/2673.pdf HTTP/1.1" 200 188804
201.245.192.253 - - [12/Apr/2015:03:04:50 -0500] "GET /forest/session.jsp?a=0.09255473013035953 HTTP/1.1" 200 4
66.249.64.172 - - [12/Apr/2015:03:07:23 -0500] "GET /BLA/resoluciones/RESOLUCIONES%202010/1219.pdf HTTP/1.1" 200 109058
66.249.64.172 - - [12/Apr/2015:03:07:36 -0500] "GET /BLA/resoluciones/RESOLUCIONES%202004/RES%202004%20351-400/00000363.tif HTTP/1.1" 200 119848
74.86.158.107 - - [12/Apr/2015:03:08:36 -0500] "HEAD / HTTP/1.1" 200 -
66.249.64.172 - - [12/Apr/2015:03:09:07 -0500] "GET /BLA/resoluciones/index.php?dir=RESOLUCIONES%202007/RES%202007%20901%20AL%201000/&sort=size&order=desc HTTP/1.1" 200 26733
201.245.192.253 - - [12/Apr/2015:03:09:51 -0500] "GET /forest/session.jsp?a=0.8335593678057194 HTTP/1.1" 200 4
180.76.6.66 - - [12/Apr/2015:03:13:31 -0500] "GET /BLA/boletinlegal;jsessionid=5D67C9C496E871C7C08F710529DB2D91?/? HTTP/1.1" 404 1018
74.86.158.107 - - [12/Apr/2015:03:13:36 -0500] "HEAD / HTTP/1.1" 200 -
180.76.5.148 - - [12/Apr/2015:03:14:08 -0500] "GET /BLA/resoluciones/RESOLUCIONES%202009/1649.pdf HTTP/1.1" 200 512801
180.76.5.169 - - [12/Apr/2015:03:14:46 -0500] "GET /BLA/boletinlegal;jsessionid=B6AC2AD973D5E0E413F10F79158F491E?/? HTTP/1.1" 404 1018
201.245.192.253 - - [12/Apr/2015:03:14:52 -0500] "GET /forest/session.jsp?a=0.06049778196029365 HTTP/1.1" 200 4
66.249.64.164 - - [12/Apr/2015:03:16:10 -0500] "GET /BLA/resoluciones/index.php?dir=RESOLUCIONES%202007/RES%202007%201801%20AL%201900/&sort=name&order=desc HTTP/1.1" 200 26856
180.76.5.152 - - [12/Apr/2015:03:17:09 -0500] "GET /BLA/resoluciones/RESOLUCIONES%202007/RES%202007%20701%20AL%20800/RESOLUCION%200732%20DE%202007.pdf HTTP/1.1" 200 233131
198.100.144.83 - - [12/Apr/2015:03:17:23 -0500] "GET /robots.txt HTTP/1.0" 404 1019
198.100.144.83 - - [12/Apr/2015:03:17:25 -0500] "GET /PruebasSTORM/StormSDA_pruebas/userFiles/user_files/formulas/3/10.xml HTTP/1.0" 200 1070
198.100.144.83 - - [12/Apr/2015:03:17:28 -0500] "GET /PruebasSTORM/StormSDA_pruebas/userFiles/user_files/formulas/3/363.xml HTTP/1.0" 200 861
198.100.144.83 - - [12/Apr/2015:03:17:30 -0500] "GET /PruebasSTORM/StormSDA_pruebas/userFiles/user_files/formulas/3/364.xml HTTP/1.0" 200 873
198.100.144.83 - - [12/Apr/2015:03:17:32 -0500] "GET /PruebasSTORM/StormSDA_pruebas/userFiles/user_files/formulas/3/365.xml HTTP/1.0" 200 873
198.100.144.83 - - [12/Apr/2015:03:17:34 -0500] "GET /PruebasSTORM/StormSDA_pruebas/userFiles/user_files/formulas/3/366.xml HTTP/1.0" 200 881
198.100.144.83 - - [12/Apr/2015:03:17:35 -0500] "GET /PruebasSTORM/StormSDA_pruebas/userFiles/user_files/formulas/3/367.xml HTTP/1.0" 200 849
198.100.144.83 - - [12/Apr/2015:03:17:37 -0500] "GET /PruebasSTORM/StormSDA_pruebas/userFiles/user_files/formulas/3/368.xml HTTP/1.0" 200 867
198.100.144.83 - - [12/Apr/2015:03:17:43 -0500] "GET /PruebasSTORM/StormSDA_pruebas/userFiles/user_files/formulas/3/369.xml HTTP/1.0" 200 873
198.100.144.83 - - [12/Apr/2015:03:17:45 -0500] "GET /PruebasSTORM/StormSDA_pruebas/userFiles/user_files/formulas/3/37.xml HTTP/1.0" 200 978
198.100.144.83 - - [12/Apr/2015:03:17:48 -0500] "GET /PruebasSTORM/StormSDA_pruebas/userFiles/user_files/formulas/3/370.xml HTTP/1.0" 200 869
190.131.196.77 - - [12/Apr/2015:03:17:49 -0500] "GET /BLA/boletinlegal/js/jquery.scrollTo-min.js HTTP/1.1" 200 1150
190.131.196.77 - - [12/Apr/2015:03:17:49 -0500] "GET /galeria/galeria/jquery.fancybox.js?v=2.1.5 HTTP/1.1" 200 48706
190.131.196.77 - - [12/Apr/2015:03:17:49 -0500] "GET /galeria/galeria/jquery.fancybox.css?v=2.1.5 HTTP/1.1" 200 4895
190.131.196.77 - - [12/Apr/2015:03:17:49 -0500] "GET /BLA/boletinlegal/js/jquery.scrollShow.js HTTP/1.1" 200 4586
198.100.144.83 - - [12/Apr/2015:03:17:51 -0500] "GET /PruebasSTORM/StormSDA_pruebas/userFiles/user_files/formulas/3/371.xml HTTP/1.0" 200 881
198.100.144.83 - - [12/Apr/2015:03:17:53 -0500] "GET /PruebasSTORM/StormSDA_pruebas/userFiles/user_files/formulas/3/372.xml HTTP/1.0" 200 873
198.100.144.83 - - [12/Apr/2015:03:17:55 -0500] "GET /PruebasSTORM/StormSDA_pruebas/userFiles/user_files/formulas/3/373.xml HTTP/1.0" 200 871
198.100.144.83 - - [12/Apr/2015:03:17:57 -0500] "GET /PruebasSTORM/StormSDA_pruebas/userFiles/user_files/formulas/3/374.xml HTTP/1.0" 200 867
198.100.144.83 - - [12/Apr/2015:03:17:59 -0500] "GET /PruebasSTORM/StormSDA_pruebas/userFiles/user_files/formulas/3/376.xml HTTP/1.0" 200 897
198.100.144.83 - - [12/Apr/2015:03:18:01 -0500] "GET /PruebasSTORM/StormSDA_pruebas/userFiles/user_files/formulas/3/377.xml HTTP/1.0" 200 891
198.100.144.83 - - [12/Apr/2015:03:18:03 -0500] "GET /PruebasSTORM/StormSDA_pruebas/userFiles/user_files/formulas/3/378.xml HTTP/1.0" 200 875
198.100.144.83 - - [12/Apr/2015:03:18:07 -0500] "GET /PruebasSTORM/StormSDA_pruebas/userFiles/user_files/formulas/3/380.xml HTTP/1.0" 200 891
198.100.144.83 - - [12/Apr/2015:03:18:13 -0500] "GET /PruebasSTORM/StormSDA_pruebas/userFiles/user_files/formulas/3/381.xml HTTP/1.0" 200 873
198.100.144.83 - - [12/Apr/2015:03:18:24 -0500] "GET /PruebasSTORM/StormSDA_pruebas/userFiles/user_files/formulas/3/382.xml HTTP/1.0" 200 877
198.100.144.83 - - [12/Apr/2015:03:18:29 -0500] "GET /PruebasSTORM/StormSDA_pruebas/userFiles/user_files/formulas/3/383.xml HTTP/1.0" 200 873
198.100.144.83 - - [12/Apr/2015:03:18:36 -0500] "GET /PruebasSTORM/StormSDA_pruebas/userFiles/user_files/formulas/3/384.xml HTTP/1.0" 200 871
74.86.158.107 - - [12/Apr/2015:03:18:36 -0500] "HEAD / HTTP/1.1" 200 -
198.100.144.83 - - [12/Apr/2015:03:18:38 -0500] "GET /PruebasSTORM/StormSDA_pruebas/userFiles/user_files/formulas/3/385.xml HTTP/1.0" 200 875
198.100.144.83 - - [12/Apr/2015:03:18:41 -0500] "GET /PruebasSTORM/StormSDA_pruebas/userFiles/user_files/formulas/3/386.xml HTTP/1.0" 200 877
198.100.144.83 - - [12/Apr/2015:03:18:43 -0500] "GET /PruebasSTORM/StormSDA_pruebas/userFiles/user_files/formulas/3/387.xml HTTP/1.0" 200 881
198.100.144.83 - - [12/Apr/2015:03:18:44 -0500] "GET /PruebasSTORM/StormSDA_pruebas/userFiles/user_files/formulas/3/388.xml HTTP/1.0" 200 855
198.100.144.83 - - [12/Apr/2015:03:18:46 -0500] "GET /PruebasSTORM/StormSDA_pruebas/userFiles/user_files/formulas/3/389.xml HTTP/1.0" 200 897
190.131.196.77 - - [12/Apr/2015:03:18:46 -0500] "GET /galeria/galeria/jquery.fancybox.css?v=2.1.5 HTTP/1.1" 304 -
190.131.196.77 - - [12/Apr/2015:03:18:46 -0500] "GET /BLA/boletinlegal/js/jquery.scrollTo-min.js HTTP/1.1" 304 -
190.131.196.77 - - [12/Apr/2015:03:18:46 -0500] "GET /BLA/boletinlegal/js/jquery.scrollShow.js HTTP/1.1" 304 -
190.131.196.77 - - [12/Apr/2015:03:18:46 -0500] "GET /galeria/galeria/jquery.fancybox.js?v=2.1.5 HTTP/1.1" 304 -
198.100.144.83 - - [12/Apr/2015:03:18:51 -0500] "GET /PruebasSTORM/StormSDA_pruebas/userFiles/user_files/formulas/3/390.xml HTTP/1.0" 200 911
198.100.144.83 - - [12/Apr/2015:03:18:53 -0500] "GET /PruebasSTORM/StormSDA_pruebas/userFiles/user_files/formulas/3/391.xml HTTP/1.0" 200 887
198.100.144.83 - - [12/Apr/2015:03:18:55 -0500] "GET /PruebasSTORM/StormSDA_pruebas/userFiles/user_files/formulas/3/392.xml HTTP/1.0" 200 887
198.100.144.83 - - [12/Apr/2015:03:18:57 -0500] "GET /PruebasSTORM/StormSDA_pruebas/userFiles/user_files/formulas/3/393.xml HTTP/1.0" 200 895
198.100.144.83 - - [12/Apr/2015:03:18:59 -0500] "GET /PruebasSTORM/StormSDA_pruebas/userFiles/user_files/formulas/3/394.xml HTTP/1.0" 200 881
198.100.144.83 - - [12/Apr/2015:03:19:01 -0500] "GET /PruebasSTORM/StormSDA_pruebas/userFiles/user_files/formulas/3/395.xml HTTP/1.0" 200 867
198.100.144.83 - - [12/Apr/2015:03:19:04 -0500] "GET /PruebasSTORM/StormSDA_pruebas/userFiles/user_files/formulas/3/396.xml HTTP/1.0" 200 879
181.192.253.225 - - [12/Apr/2015:03:19:24 -0500] "GET /galeria/galeria/jquery.fancybox.css?v=2.1.5 HTTP/1.1" 200 4895
181.192.253.225 - - [12/Apr/2015:03:19:24 -0500] "GET /BLA/boletinlegal/js/jquery.scrollTo-min.js HTTP/1.1" 200 1150
181.192.253.225 - - [12/Apr/2015:03:19:24 -0500] "GET /BLA/boletinlegal/js/jquery.scrollShow.js HTTP/1.1" 200 4586
181.192.253.225 - - [12/Apr/2015:03:19:25 -0500] "GET /galeria/galeria/jquery.fancybox.js?v=2.1.5 HTTP/1.1" 200 48706
66.249.64.164 - - [12/Apr/2015:03:19:35 -0500] "GET /BLA/resoluciones/RESOLUCIONES%202013/0350.pdf HTTP/1.1" 200 3657267
198.100.144.83 - - [12/Apr/2015:03:19:37 -0500] "GET /PruebasSTORM/StormSDA_pruebas/userFiles/user_files/formulas/3/397.xml HTTP/1.0" 200 879
198.100.144.83 - - [12/Apr/2015:03:19:39 -0500] "GET /PruebasSTORM/StormSDA_pruebas/userFiles/user_files/formulas/3/398.xml HTTP/1.0" 200 865
198.100.144.83 - - [12/Apr/2015:03:19:40 -0500] "GET /PruebasSTORM/StormSDA_pruebas/userFiles/user_files/formulas/3/399.xml HTTP/1.0" 200 863
198.100.144.83 - - [12/Apr/2015:03:19:42 -0500] "GET /PruebasSTORM/StormSDA_pruebas/userFiles/user_files/formulas/3/400.xml HTTP/1.0" 200 847
198.100.144.83 - - [12/Apr/2015:03:19:43 -0500] "GET /PruebasSTORM/StormSDA_pruebas/userFiles/user_files/formulas/3/401.xml HTTP/1.0" 200 877
198.100.144.83 - - [12/Apr/2015:03:19:48 -0500] "GET /PruebasSTORM/StormSDA_pruebas/userFiles/user_files/formulas/3/402.xml HTTP/1.0" 200 877
198.100.144.83 - - [12/Apr/2015:03:19:51 -0500] "GET /PruebasSTORM/StormSDA_pruebas/userFiles/user_files/formulas/3/403.xml HTTP/1.0" 200 873
198.100.144.83 - - [12/Apr/2015:03:19:52 -0500] "GET /PruebasSTORM/StormSDA_pruebas/userFiles/user_files/formulas/3/404.xml HTTP/1.0" 200 883
201.245.192.253 - - [12/Apr/2015:03:19:53 -0500] "GET /forest/session.jsp?a=0.7890235490631312 HTTP/1.1" 200 4
198.100.144.83 - - [12/Apr/2015:03:20:03 -0500] "GET /PruebasSTORM/StormSDA_pruebas/userFiles/user_files/formulas/3/405.xml HTTP/1.0" 200 893
198.100.144.83 - - [12/Apr/2015:03:20:06 -0500] "GET /PruebasSTORM/StormSDA_pruebas/userFiles/user_files/formulas/3/406.xml HTTP/1.0" 200 879
198.100.144.83 - - [12/Apr/2015:03:20:08 -0500] "GET /PruebasSTORM/StormSDA_pruebas/userFiles/user_files/formulas/3/407.xml HTTP/1.0" 200 865
198.100.144.83 - - [12/Apr/2015:03:20:14 -0500] "GET /PruebasSTORM/StormSDA_pruebas/userFiles/user_files/formulas/3/408.xml HTTP/1.0" 200 869
198.100.144.83 - - [12/Apr/2015:03:20:19 -0500] "GET /PruebasSTORM/StormSDA_pruebas/userFiles/user_files/formulas/3/409.xml HTTP/1.0" 200 869
198.100.144.83 - - [12/Apr/2015:03:20:20 -0500] "GET /PruebasSTORM/StormSDA_pruebas/userFiles/user_files/formulas/3/410.xml HTTP/1.0" 200 847
198.100.144.83 - - [12/Apr/2015:03:20:22 -0500] "GET /PruebasSTORM/StormSDA_pruebas/userFiles/user_files/formulas/3/411.xml HTTP/1.0" 200 889
198.100.144.83 - - [12/Apr/2015:03:20:24 -0500] "GET /PruebasSTORM/StormSDA_pruebas/userFiles/user_files/formulas/3/412.xml HTTP/1.0" 200 865
198.100.144.83 - - [12/Apr/2015:03:20:27 -0500] "GET /PruebasSTORM/StormSDA_pruebas/userFiles/user_files/formulas/3/413.xml HTTP/1.0" 200 879
157.55.39.121 - - [12/Apr/2015:03:20:31 -0500] "GET /pot/pot14.htm HTTP/1.1" 404 1019
198.100.144.83 - - [12/Apr/2015:03:20:34 -0500] "GET /PruebasSTORM/StormSDA_pruebas/userFiles/user_files/formulas/3/414.xml HTTP/1.0" 200 857
198.100.144.83 - - [12/Apr/2015:03:20:37 -0500] "GET /PruebasSTORM/StormSDA_pruebas/userFiles/user_files/formulas/3/415.xml HTTP/1.0" 200 871
198.100.144.83 - - [12/Apr/2015:03:20:38 -0500] "GET /PruebasSTORM/StormSDA_pruebas/userFiles/user_files/formulas/3/416.xml HTTP/1.0" 200 871
198.100.144.83 - - [12/Apr/2015:03:20:40 -0500] "GET /PruebasSTORM/StormSDA_pruebas/userFiles/user_files/formulas/3/417.xml HTTP/1.0" 200 871
198.100.144.83 - - [12/Apr/2015:03:20:42 -0500] "GET /PruebasSTORM/StormSDA_pruebas/userFiles/user_files/formulas/3/418.xml HTTP/1.0" 200 879
198.100.144.83 - - [12/Apr/2015:03:20:44 -0500] "GET /PruebasSTORM/StormSDA_pruebas/userFiles/user_files/formulas/3/419.xml HTTP/1.0" 200 857
198.100.144.83 - - [12/Apr/2015:03:20:46 -0500] "GET /PruebasSTORM/StormSDA_pruebas/userFiles/user_files/formulas/3/420.xml HTTP/1.0" 200 865
198.100.144.83 - - [12/Apr/2015:03:20:49 -0500] "GET /PruebasSTORM/StormSDA_pruebas/userFiles/user_files/formulas/3/421.xml HTTP/1.0" 200 873
198.100.144.83 - - [12/Apr/2015:03:20:58 -0500] "GET /PruebasSTORM/StormSDA_pruebas/userFiles/user_files/formulas/3/422.xml HTTP/1.0" 200 875
198.100.144.83 - - [12/Apr/2015:03:21:01 -0500] "GET /PruebasSTORM/StormSDA_pruebas/userFiles/user_files/formulas/3/423.xml HTTP/1.0" 200 889
198.100.144.83 - - [12/Apr/2015:03:21:06 -0500] "GET /PruebasSTORM/StormSDA_pruebas/userFiles/user_files/formulas/3/424.xml HTTP/1.0" 200 877
198.100.144.83 - - [12/Apr/2015:03:21:18 -0500] "GET /PruebasSTORM/StormSDA_pruebas/userFiles/user_files/formulas/3/425.xml HTTP/1.0" 200 881
198.100.144.83 - - [12/Apr/2015:03:21:21 -0500] "GET /PruebasSTORM/StormSDA_pruebas/userFiles/user_files/formulas/3/426.xml HTTP/1.0" 200 873
198.100.144.83 - - [12/Apr/2015:03:21:24 -0500] "GET /PruebasSTORM/StormSDA_pruebas/userFiles/user_files/formulas/3/427.xml HTTP/1.0" 200 883
198.100.144.83 - - [12/Apr/2015:03:21:26 -0500] "GET /PruebasSTORM/StormSDA_pruebas/userFiles/user_files/formulas/3/428.xml HTTP/1.0" 200 887
198.100.144.83 - - [12/Apr/2015:03:21:27 -0500] "GET /PruebasSTORM/StormSDA_pruebas/userFiles/user_files/formulas/3/429.xml HTTP/1.0" 200 877
198.100.144.83 - - [12/Apr/2015:03:21:29 -0500] "GET /PruebasSTORM/StormSDA_pruebas/userFiles/user_files/formulas/3/430.xml HTTP/1.0" 200 867
190.84.159.96 - - [12/Apr/2015:03:21:30 -0500] "GET /galeria/galeria/jquery.fancybox.css?v=2.1.5 HTTP/1.1" 200 4895
190.84.159.96 - - [12/Apr/2015:03:21:30 -0500] "GET /BLA/boletinlegal/js/jquery.scrollTo-min.js HTTP/1.1" 200 1150
190.84.159.96 - - [12/Apr/2015:03:21:30 -0500] "GET /BLA/boletinlegal/js/jquery.scrollShow.js HTTP/1.1" 200 4586
190.84.159.96 - - [12/Apr/2015:03:21:30 -0500] "GET /galeria/galeria/jquery.fancybox.js?v=2.1.5 HTTP/1.1" 200 48706
198.100.144.83 - - [12/Apr/2015:03:21:31 -0500] "GET /PruebasSTORM/StormSDA_pruebas/userFiles/user_files/formulas/3/431.xml HTTP/1.0" 200 851
198.100.144.83 - - [12/Apr/2015:03:21:33 -0500] "GET /PruebasSTORM/StormSDA_pruebas/userFiles/user_files/formulas/3/432.xml HTTP/1.0" 200 885
198.100.144.83 - - [12/Apr/2015:03:21:34 -0500] "GET /PruebasSTORM/StormSDA_pruebas/userFiles/user_files/formulas/3/433.xml HTTP/1.0" 200 867
198.100.144.83 - - [12/Apr/2015:03:21:36 -0500] "GET /PruebasSTORM/StormSDA_pruebas/userFiles/user_files/formulas/3/434.xml HTTP/1.0" 200 863
198.100.144.83 - - [12/Apr/2015:03:21:38 -0500] "GET /PruebasSTORM/StormSDA_pruebas/userFiles/user_files/formulas/3/435.xml HTTP/1.0" 200 881
190.84.159.96 - - [12/Apr/2015:03:21:39 -0500] "GET /hidrico/aguas%20subterraneas/ HTTP/1.1" 404 1296
198.100.144.83 - - [12/Apr/2015:03:21:39 -0500] "GET /PruebasSTORM/StormSDA_pruebas/userFiles/user_files/formulas/3/436.xml HTTP/1.0" 200 879
198.100.144.83 - - [12/Apr/2015:03:21:41 -0500] "GET /PruebasSTORM/StormSDA_pruebas/userFiles/user_files/formulas/3/437.xml HTTP/1.0" 200 877
198.100.144.83 - - [12/Apr/2015:03:21:44 -0500] "GET /PruebasSTORM/StormSDA_pruebas/userFiles/user_files/formulas/3/438.xml HTTP/1.0" 200 885
198.100.144.83 - - [12/Apr/2015:03:21:46 -0500] "GET /PruebasSTORM/StormSDA_pruebas/userFiles/user_files/formulas/3/439.xml HTTP/1.0" 200 885
198.100.144.83 - - [12/Apr/2015:03:21:51 -0500] "GET /PruebasSTORM/StormSDA_pruebas/userFiles/user_files/formulas/3/440.xml HTTP/1.0" 200 879
198.100.144.83 - - [12/Apr/2015:03:21:53 -0500] "GET /PruebasSTORM/StormSDA_pruebas/userFiles/user_files/formulas/3/441.xml HTTP/1.0" 200 871
198.100.144.83 - - [12/Apr/2015:03:21:55 -0500] "GET /PruebasSTORM/StormSDA_pruebas/userFiles/user_files/formulas/3/442.xml HTTP/1.0" 200 871
198.100.144.83 - - [12/Apr/2015:03:21:57 -0500] "GET /PruebasSTORM/StormSDA_pruebas/userFiles/user_files/formulas/3/443.xml HTTP/1.0" 200 871
198.100.144.83 - - [12/Apr/2015:03:21:59 -0500] "GET /PruebasSTORM/StormSDA_pruebas/userFiles/user_files/formulas/3/444.xml HTTP/1.0" 200 869
198.100.144.83 - - [12/Apr/2015:03:22:01 -0500] "GET /PruebasSTORM/StormSDA_pruebas/userFiles/user_files/formulas/3/445.xml HTTP/1.0" 200 869
198.100.144.83 - - [12/Apr/2015:03:22:04 -0500] "GET /PruebasSTORM/StormSDA_pruebas/userFiles/user_files/formulas/3/446.xml HTTP/1.0" 200 873
198.100.144.83 - - [12/Apr/2015:03:22:06 -0500] "GET /PruebasSTORM/StormSDA_pruebas/userFiles/user_files/formulas/3/447.xml HTTP/1.0" 200 883
198.100.144.83 - - [12/Apr/2015:03:22:08 -0500] "GET /PruebasSTORM/StormSDA_pruebas/userFiles/user_files/formulas/3/448.xml HTTP/1.0" 200 875
198.100.144.83 - - [12/Apr/2015:03:22:10 -0500] "GET /PruebasSTORM/StormSDA_pruebas/userFiles/user_files/formulas/3/449.xml HTTP/1.0" 200 883
198.100.144.83 - - [12/Apr/2015:03:22:13 -0500] "GET /PruebasSTORM/StormSDA_pruebas/userFiles/user_files/formulas/3/450.xml HTTP/1.0" 200 887
198.100.144.83 - - [12/Apr/2015:03:22:15 -0500] "GET /PruebasSTORM/StormSDA_pruebas/userFiles/user_files/formulas/3/451.xml HTTP/1.0" 200 883
66.249.64.168 - - [12/Apr/2015:03:22:17 -0500] "GET /BLA/resoluciones/RESOLUCIONES%202005/RES%202005%201051-1100/00001053.tif HTTP/1.1" 200 153032
198.100.144.83 - - [12/Apr/2015:03:22:18 -0500] "GET /PruebasSTORM/StormSDA_pruebas/userFiles/user_files/formulas/3/452.xml HTTP/1.0" 200 887
198.100.144.83 - - [12/Apr/2015:03:22:24 -0500] "GET /PruebasSTORM/StormSDA_pruebas/userFiles/user_files/formulas/3/453.xml HTTP/1.0" 200 1842
198.100.144.83 - - [12/Apr/2015:03:22:29 -0500] "GET /PruebasSTORM/StormSDA_pruebas/userFiles/user_files/formulas/3/454.xml HTTP/1.0" 200 1840
198.100.144.83 - - [12/Apr/2015:03:22:34 -0500] "GET /PruebasSTORM/StormSDA_pruebas/userFiles/user_files/formulas/3/455.xml HTTP/1.0" 200 1836
198.100.144.83 - - [12/Apr/2015:03:22:39 -0500] "GET /PruebasSTORM/StormSDA_pruebas/userFiles/user_files/formulas/3/456.xml HTTP/1.0" 200 1840
198.100.144.83 - - [12/Apr/2015:03:22:42 -0500] "GET /PruebasSTORM/StormSDA_pruebas/userFiles/user_files/formulas/3/457.xml HTTP/1.0" 200 1852
198.100.144.83 - - [12/Apr/2015:03:22:47 -0500] "GET /PruebasSTORM/StormSDA_pruebas/userFiles/user_files/formulas/3/458.xml HTTP/1.0" 200 1852
198.100.144.83 - - [12/Apr/2015:03:22:54 -0500] "GET /PruebasSTORM/StormSDA_pruebas/userFiles/user_files/formulas/3/460.xml HTTP/1.0" 200 1757
180.76.5.76 - - [12/Apr/2015:03:23:20 -0500] "GET /BLA/boletinlegal;jsessionid=C1F1B109BCB2C79CC86B754181C2AC26?/? HTTP/1.1" 404 1018
66.249.64.168 - - [12/Apr/2015:03:23:31 -0500] "GET /BLA/resoluciones/RESOLUCIONES%202009/5054.pdf HTTP/1.1" 200 695213
74.86.158.107 - - [12/Apr/2015:03:23:36 -0500] "HEAD / HTTP/1.1" 200 -
201.245.192.253 - - [12/Apr/2015:03:24:54 -0500] "GET /forest/session.jsp?a=0.9881606549024582 HTTP/1.1" 200 4
136.243.5.87 - - [12/Apr/2015:03:27:12 -0500] "GET /robots.txt HTTP/1.0" 404 1019
136.243.5.87 - - [12/Apr/2015:03:27:17 -0500] "GET /PruebasSTORM/StormSDA_pruebas/userFiles/user_files/formulas/4/?C=N;O=A HTTP/1.0" 200 905
136.243.5.87 - - [12/Apr/2015:03:27:29 -0500] "GET /StormSDA/userFiles%20-%20Copy%2019-07-2012/user_files/87/?C=N;O=A HTTP/1.0" 200 877
136.243.5.87 - - [12/Apr/2015:03:28:03 -0500] "GET /StormSDA/userFiles%20-%20Copy%2019-07-2012/user_files/97/?C=N;O=A HTTP/1.0" 200 877
136.243.5.87 - - [12/Apr/2015:03:28:05 -0500] "GET /StormSDA/userFiles/user_files/listas/?C=N;O=A HTTP/1.0" 200 1243
136.243.5.87 - - [12/Apr/2015:03:28:16 -0500] "GET /galeria/nivo-slider/demo/?C=S;O=D HTTP/1.0" 200 2279
136.243.5.87 - - [12/Apr/2015:03:28:29 -0500] "GET /galeria/nivo-slider/demo/scripts/?C=N;O=D HTTP/1.0" 200 1035
74.86.158.107 - - [12/Apr/2015:03:28:36 -0500] "HEAD / HTTP/1.1" 200 -
180.76.6.46 - - [12/Apr/2015:03:28:53 -0500] "GET /BLA/resoluciones/RESOLUCIONES%202007/RES%202007%201301%20AL%201400/RESOLUCION%201331%20DE%202007.pdf HTTP/1.1" 200 462236
180.76.6.54 - - [12/Apr/2015:03:29:31 -0500] "GET /BLA/resoluciones/RESOLUCIONES%202010/1477.pdf HTTP/1.1" 200 282067
201.245.192.253 - - [12/Apr/2015:03:29:56 -0500] "GET /forest/session.jsp?a=0.7270722000394017 HTTP/1.1" 200 4
66.249.64.168 - - [12/Apr/2015:03:30:21 -0500] "GET /BLA/resoluciones/RESOLUCIONES%202010/4493.pdf HTTP/1.1" 200 462481
180.76.6.29 - - [12/Apr/2015:03:30:46 -0500] "GET /BLA/resoluciones/AUTOS%202012/1393.pdf HTTP/1.1" 200 230665
136.243.5.87 - - [12/Apr/2015:03:31:07 -0500] "GET /galeria/nivo-slider/demo/scripts/?C=S;O=A HTTP/1.0" 200 1035
136.243.5.87 - - [12/Apr/2015:03:31:23 -0500] "GET /galeria/nivo-slider/demo/scripts/jquery-1.7.1.min.js HTTP/1.0" 200 93868
136.243.5.87 - - [12/Apr/2015:03:31:38 -0500] "GET /galeria/nivo-slider/themes/orman/?C=D;O=D HTTP/1.0" 200 2091
136.243.5.87 - - [12/Apr/2015:03:31:41 -0500] "GET /galeria/nivo-slider/themes/orman/?C=M;O=D HTTP/1.0" 200 2091
199.195.118.53 - - [12/Apr/2015:03:31:45 -0500] "GET / HTTP/1.1" 200 10190
136.243.5.87 - - [12/Apr/2015:03:31:46 -0500] "GET /galeria/nivo-slider/themes/pascal/?C=D;O=D HTTP/1.0" 200 2313
136.243.5.87 - - [12/Apr/2015:03:31:50 -0500] "GET /galeria/nivo-slider/themes/pascal/?C=M;O=D HTTP/1.0" 200 2313
66.249.64.168 - - [12/Apr/2015:03:31:53 -0500] "GET /BLA/resoluciones/RESOLUCIONES%202007/RES%202007%201301%20AL%201400/RESOLUCION%201400%20DE%202007.pdf HTTP/1.1" 304 -
74.86.158.107 - - [12/Apr/2015:03:33:36 -0500] "HEAD / HTTP/1.1" 200 -
66.249.64.48 - - [12/Apr/2015:03:33:40 -0500] "GET /re/Talleres/plastico/imagenes%20plastico/plastico%20link.htm HTTP/1.1" 404 1019
201.245.192.253 - - [12/Apr/2015:03:34:56 -0500] "GET /forest/session.jsp?a=0.2725602069403976 HTTP/1.1" 200 4
66.249.64.168 - - [12/Apr/2015:03:36:24 -0500] "GET /BLA/resoluciones/RESOLUCIONES%202004/RES%202004%20351-400/00000368.tif HTTP/1.1" 200 167078
180.76.5.150 - - [12/Apr/2015:03:37:10 -0500] "GET /BLA/boletinlegal;jsessionid=ED9BEF784D902071885AFB3F5D8CC397?/? HTTP/1.1" 404 1018
66.249.64.172 - - [12/Apr/2015:03:38:05 -0500] "GET /BLA/resoluciones/AUTOS%202007/2243.pdf HTTP/1.1" 200 127773
74.86.158.107 - - [12/Apr/2015:03:38:36 -0500] "HEAD / HTTP/1.1" 200 -
180.76.6.140 - - [12/Apr/2015:03:38:50 -0500] "GET /BLA/resoluciones/AUTOS%202012/0797.pdf HTTP/1.1" 200 207033
180.76.6.21 - - [12/Apr/2015:03:39:27 -0500] "GET /BLA/boletinlegal;jsessionid=AF350084DB56D2D4C142AE77167BE098?/? HTTP/1.1" 404 1018
201.245.192.253 - - [12/Apr/2015:03:39:57 -0500] "GET /forest/session.jsp?a=0.3214304510038346 HTTP/1.1" 200 4
74.86.158.107 - - [12/Apr/2015:03:43:36 -0500] "HEAD / HTTP/1.1" 200 -
66.249.64.172 - - [12/Apr/2015:03:43:48 -0500] "GET /BLA/resoluciones/AUTOS%202011/2404.pdf HTTP/1.1" 200 163725
66.249.64.164 - - [12/Apr/2015:03:44:42 -0500] "GET /BLA/resoluciones/RESOLUCIONES%202008/0606.pdf HTTP/1.1" 200 170131
180.76.6.152 - - [12/Apr/2015:03:44:55 -0500] "GET /BLA/boletinlegal/Circulares/2010/Circular%2001%20de%2018%20de%20febrero%20de%202010.pdf HTTP/1.1" 200 72083
201.245.192.253 - - [12/Apr/2015:03:44:58 -0500] "GET /forest/session.jsp?a=0.392828470794484 HTTP/1.1" 200 4
180.76.5.24 - - [12/Apr/2015:03:46:11 -0500] "GET /BLA/boletinlegal;jsessionid=034044B479598E16B2710B23C28CC42E?/? HTTP/1.1" 404 1018
180.76.5.17 - - [12/Apr/2015:03:46:48 -0500] "GET /BLA/boletinlegal;jsessionid=31F105C1CF8AD447556C8CC343ED8318?/? HTTP/1.1" 404 1018
83.149.126.98 - - [12/Apr/2015:03:46:48 -0500] "GET /robots.txt HTTP/1.0" 404 1019
83.149.126.98 - - [12/Apr/2015:03:46:50 -0500] "GET / HTTP/1.0" 200 10190
74.86.158.107 - - [12/Apr/2015:03:48:36 -0500] "HEAD / HTTP/1.1" 200 -
201.245.192.253 - - [12/Apr/2015:03:49:59 -0500] "GET /forest/session.jsp?a=0.6738744671456516 HTTP/1.1" 200 4
66.249.64.168 - - [12/Apr/2015:03:50:49 -0500] "GET /BLA/resoluciones/RESOLUCIONES%202013/0691.pdf HTTP/1.1" 200 527341
180.76.6.134 - - [12/Apr/2015:03:50:52 -0500] "GET /BLA/resoluciones/AUTOS%202010/5647.pdf HTTP/1.1" 200 400392
66.249.64.164 - - [12/Apr/2015:03:51:05 -0500] "GET /BLA/resoluciones/RESOLUCIONES%202005/RES%202005%202501-2550/00002542.tif HTTP/1.1" 200 383536
191.156.178.151 - - [12/Apr/2015:03:51:24 -0500] "GET /galeria/galeria/jquery.fancybox.css?v=2.1.5 HTTP/1.1" 200 4895
191.156.178.151 - - [12/Apr/2015:03:51:24 -0500] "GET /galeria/carrusel/Carrusel/jquery.thumbnailScroller.css HTTP/1.1" 200 2066
191.156.178.151 - - [12/Apr/2015:03:51:24 -0500] "GET /BLA/boletinlegal/js/jquery.scrollTo-min.js HTTP/1.1" 200 1150
191.156.178.151 - - [12/Apr/2015:03:51:24 -0500] "GET /BLA/boletinlegal/js/jquery.scrollShow.js HTTP/1.1" 200 4586
191.156.178.151 - - [12/Apr/2015:03:51:24 -0500] "GET /galeria/galeria/jquery.fancybox.js?v=2.1.5 HTTP/1.1" 200 48706
191.156.178.151 - - [12/Apr/2015:03:51:24 -0500] "GET /galeria/carrusel/Carrusel/jquery-ui-1.8.13.custom.min.js HTTP/1.1" 200 10800
180.76.6.142 - - [12/Apr/2015:03:53:18 -0500] "GET /BLA/boletinlegal;jsessionid=5C33750C8CD510C6288820D12BDEE0A5?/? HTTP/1.1" 404 1018
74.86.158.107 - - [12/Apr/2015:03:53:36 -0500] "HEAD / HTTP/1.1" 200 -
180.76.6.56 - - [12/Apr/2015:03:53:44 -0500] "GET /js/jquery.js HTTP/1.1" 200 97120
173.214.173.36 - - [12/Apr/2015:03:53:49 -0500] "GET / HTTP/1.1" 200 10190
123.125.71.88 - - [12/Apr/2015:03:54:30 -0500] "GET / HTTP/1.1" 200 10190
201.245.192.253 - - [12/Apr/2015:03:55:00 -0500] "GET /forest/session.jsp?a=0.054519617930054665 HTTP/1.1" 200 4
66.249.64.164 - - [12/Apr/2015:03:55:57 -0500] "GET /BLA/resoluciones/RESOLUCIONES%202013/0103.pdf HTTP/1.1" 200 649669
65.54.247.183 - - [12/Apr/2015:03:57:00 -0500] "GET /BLA/boletinlegal/js/jquery.scrollTo-min.js HTTP/1.1" 200 1150
65.54.247.183 - - [12/Apr/2015:03:57:00 -0500] "GET /BLA/boletinlegal/js/jquery.scrollShow.js HTTP/1.1" 200 4586
65.54.247.183 - - [12/Apr/2015:03:57:00 -0500] "GET /galeria/carrusel/Carrusel/jquery.thumbnailScroller.css HTTP/1.1" 200 2066
65.54.247.183 - - [12/Apr/2015:03:57:00 -0500] "GET /galeria/galeria/jquery.fancybox.css?v=2.1.5 HTTP/1.1" 200 4895
65.54.247.183 - - [12/Apr/2015:03:57:01 -0500] "GET /galeria/galeria/jquery.fancybox.js?v=2.1.5 HTTP/1.1" 200 48706
65.54.247.183 - - [12/Apr/2015:03:57:01 -0500] "GET /galeria/carrusel/Carrusel/jquery-ui-1.8.13.custom.min.js HTTP/1.1" 200 10800
65.54.247.183 - - [12/Apr/2015:03:57:01 -0500] "GET /galeria/carrusel/Carrusel/jquery.thumbnailScroller.js HTTP/1.1" 200 8157
65.54.247.183 - - [12/Apr/2015:03:57:11 -0500] "GET /galeria/nivo-slider/demo/demo.html HTTP/1.1" 200 4579
65.54.247.183 - - [12/Apr/2015:03:57:11 -0500] "GET /galeria/nivo-slider/themes/default/default.css HTTP/1.1" 200 1569
65.54.247.183 - - [12/Apr/2015:03:57:11 -0500] "GET /galeria/nivo-slider/themes/pascal/pascal.css HTTP/1.1" 200 2258
65.54.247.183 - - [12/Apr/2015:03:57:11 -0500] "GET /galeria/nivo-slider/nivo-slider.css HTTP/1.1" 200 1507
65.54.247.183 - - [12/Apr/2015:03:57:11 -0500] "GET /galeria/nivo-slider/themes/orman/orman.css HTTP/1.1" 200 2152
65.54.247.183 - - [12/Apr/2015:03:57:12 -0500] "GET /galeria/nivo-slider/demo/style.css HTTP/1.1" 200 2222
65.54.247.183 - - [12/Apr/2015:03:57:12 -0500] "GET /galeria/nivo-slider/demo/scripts/jquery-1.7.1.min.js HTTP/1.1" 200 93868
65.54.247.183 - - [12/Apr/2015:03:57:12 -0500] "GET /galeria/nivo-slider/jquery.nivo.slider.pack.js HTTP/1.1" 200 11561
192.109.145.42 - - [12/Apr/2015:03:57:19 -0500] "GET /galeria/nivo-slider/demo/images/Licitaciones-proyecto-paramo.jpg HTTP/1.1" 304 -
65.54.247.183 - - [12/Apr/2015:03:57:22 -0500] "GET /BLA/boletinlegal/js/jquery.scrollTo-min.js HTTP/1.1" 200 1150
65.54.247.183 - - [12/Apr/2015:03:57:23 -0500] "GET /BLA/boletinlegal/js/jquery.scrollShow.js HTTP/1.1" 200 4586
65.54.247.183 - - [12/Apr/2015:03:57:24 -0500] "GET /galeria/galeria/jquery.fancybox.js?v=2.1.5 HTTP/1.1" 200 48706
65.54.247.183 - - [12/Apr/2015:03:57:26 -0500] "GET /galeria/carrusel/Carrusel/jquery-ui-1.8.13.custom.min.js HTTP/1.1" 200 10800
65.54.247.183 - - [12/Apr/2015:03:57:26 -0500] "GET /galeria/carrusel/Carrusel/jquery.thumbnailScroller.js HTTP/1.1" 200 8157
180.76.5.192 - - [12/Apr/2015:03:58:02 -0500] "GET /Autoliquidacion/index.php?dir=Solicitudes+relacionadas+con+calidad+del+aire+auditiva+y+visual%2F HTTP/1.1" 200 5748
74.86.158.107 - - [12/Apr/2015:03:58:36 -0500] "HEAD / HTTP/1.1" 200 -
66.249.64.168 - - [12/Apr/2015:03:58:38 -0500] "GET /BLA/resoluciones/AUTOS%202011/1538.pdf HTTP/1.1" 200 144789
180.76.6.150 - - [12/Apr/2015:03:59:17 -0500] "GET /BLA/resoluciones/AUTOS%202011/6327.pdf HTTP/1.1" 200 222488
220.181.108.87 - - [12/Apr/2015:03:59:36 -0500] "GET / HTTP/1.1" 200 10190
201.245.192.253 - - [12/Apr/2015:04:00:01 -0500] "GET /forest/session.jsp?a=0.8996319179423153 HTTP/1.1" 200 4
190.9.200.55 - - [12/Apr/2015:04:01:06 -0500] "GET /BLA/boletinlegal/js/jquery.scrollTo-min.js HTTP/1.1" 200 1150
190.9.200.55 - - [12/Apr/2015:04:01:06 -0500] "GET /BLA/boletinlegal/js/jquery.scrollShow.js HTTP/1.1" 200 4586
190.9.200.55 - - [12/Apr/2015:04:01:06 -0500] "GET /galeria/galeria/jquery.fancybox.js?v=2.1.5 HTTP/1.1" 200 48706
190.9.200.55 - - [12/Apr/2015:04:01:06 -0500] "GET /galeria/galeria/jquery.fancybox.css?v=2.1.5 HTTP/1.1" 200 4895
190.9.200.55 - - [12/Apr/2015:04:01:11 -0500] "GET /galeria/galeria/jquery.fancybox.css?v=2.1.5 HTTP/1.1" 304 -
190.9.200.55 - - [12/Apr/2015:04:01:11 -0500] "GET /BLA/boletinlegal/js/jquery.scrollShow.js HTTP/1.1" 304 -
190.9.200.55 - - [12/Apr/2015:04:01:11 -0500] "GET /BLA/boletinlegal/js/jquery.scrollTo-min.js HTTP/1.1" 304 -
190.9.200.55 - - [12/Apr/2015:04:01:11 -0500] "GET /galeria/galeria/jquery.fancybox.js?v=2.1.5 HTTP/1.1" 304 -
88.198.233.69 - - [12/Apr/2015:04:02:02 -0500] "GET / HTTP/1.1" 200 10190
74.86.158.107 - - [12/Apr/2015:04:03:36 -0500] "HEAD / HTTP/1.1" 200 -
180.76.6.52 - - [12/Apr/2015:04:03:53 -0500] "GET /BLA/resoluciones/RESOLUCIONES%202011/1618.pdf HTTP/1.1" 200 69955
66.249.64.40 - - [12/Apr/2015:04:03:54 -0500] "GET /Autoliquidacion/TR%C3%81MITES%20AGUAS%20SUBTERR%C3%81NEAS/126PM04-PR91-CONCESI%C3%92N%20DE%20AGUAS%20SUBTERRANEAS/-PR91-F-A2-V1(1)%20-%20LISTA%20DE%20CHEQUEO.xls HTTP/1.1" 200 196608
180.76.5.175 - - [12/Apr/2015:04:04:30 -0500] "GET /BLA/boletinlegal;jsessionid=2B16D4FB314AA9DFF73C41F5DEE1ED56?/? HTTP/1.1" 404 1018
201.245.192.253 - - [12/Apr/2015:04:05:02 -0500] "GET /forest/session.jsp?a=0.3021669324953109 HTTP/1.1" 200 4
66.249.64.164 - - [12/Apr/2015:04:05:12 -0500] "GET /BLA/resoluciones/RESOLUCIONES%202004/RES%202004%20351-400/00000386.tif HTTP/1.1" 200 195664
66.249.64.40 - - [12/Apr/2015:04:05:57 -0500] "GET /images/CORREO.jpg HTTP/1.1" 200 39337
180.76.6.45 - - [12/Apr/2015:04:06:33 -0500] "GET /BLA/resoluciones/RESOLUCIONES%202007/RES%202007%201001%20AL%201100/RESOLUCION%201097%20DE%202007.pdf HTTP/1.1" 200 225397
66.249.64.168 - - [12/Apr/2015:04:06:46 -0500] "GET /BLA/resoluciones/RESOLUCIONES%202009/3233.pdf HTTP/1.1" 200 380007
180.76.5.149 - - [12/Apr/2015:04:07:11 -0500] "GET /BLA/boletinlegal;jsessionid=3CBFE6F0030D528E16F713BBABDD30E8?/? HTTP/1.1" 404 1018
180.76.5.61 - - [12/Apr/2015:04:07:48 -0500] "GET /BLA/resoluciones/RESOLUCIONES%202012/1476.pdf HTTP/1.1" 200 1089078
66.249.64.168 - - [12/Apr/2015:04:08:07 -0500] "GET /BLA/resoluciones/AUTOS%202012/2265.pdf HTTP/1.1" 200 2857172
74.86.158.107 - - [12/Apr/2015:04:08:36 -0500] "HEAD / HTTP/1.1" 200 -
1.192.128.23 - - [12/Apr/2015:04:08:39 -0500] "GET /manager/html HTTP/1.1" 404 1018
180.76.5.170 - - [12/Apr/2015:04:09:03 -0500] "GET /BLA/boletinlegal;jsessionid=0D330BBD8870C02CB9290078E5F70247?/? HTTP/1.1" 404 1018
180.76.6.61 - - [12/Apr/2015:04:09:41 -0500] "GET /BLA/resoluciones/AUTOS%202012/0174.pdf HTTP/1.1" 200 129491
201.245.192.253 - - [12/Apr/2015:04:10:03 -0500] "GET /forest/session.jsp?a=0.09387570503167808 HTTP/1.1" 200 4
180.76.5.176 - - [12/Apr/2015:04:11:38 -0500] "GET /BLA/resoluciones/RESOLUCIONES%202007/RES%202007%203801%20AL%203900/RESOLUCION%203839%20DE%202007.pdf HTTP/1.1" 200 690834
180.76.6.147 - - [12/Apr/2015:04:12:15 -0500] "GET /BLA/boletinlegal;jsessionid=13EC4D211B53702F420443807473687D?/? HTTP/1.1" 404 1018
74.86.158.107 - - [12/Apr/2015:04:13:36 -0500] "HEAD / HTTP/1.1" 200 -
201.245.192.253 - - [12/Apr/2015:04:15:04 -0500] "GET /forest/session.jsp?a=0.596567644039169 HTTP/1.1" 200 4
123.125.71.52 - - [12/Apr/2015:04:15:41 -0500] "GET /robots.txt HTTP/1.1" 404 1018
180.76.6.140 - - [12/Apr/2015:04:15:49 -0500] "GET /BLA/boletinlegal/Circulares/2013/Circular%20No.%201%20del%2014%20de%20enero%20de%202013.pdf HTTP/1.1" 200 1298384
66.249.64.164 - - [12/Apr/2015:04:17:40 -0500] "GET /BLA/resoluciones/AUTOS%202014/1939.pdf HTTP/1.1" 200 736375
220.181.108.172 - - [12/Apr/2015:04:18:24 -0500] "GET /BLA/resoluciones/RESOLUCIONES%202010/5653.pdf HTTP/1.1" 200 2752865
74.86.158.107 - - [12/Apr/2015:04:18:36 -0500] "HEAD / HTTP/1.1" 200 -
180.76.5.59 - - [12/Apr/2015:04:19:19 -0500] "GET /BLA/boletinlegal;jsessionid=2565DB9B496AA7EC6A7F9C25A4302D3A?/? HTTP/1.1" 404 1018
66.249.64.164 - - [12/Apr/2015:04:19:53 -0500] "GET /BLA/resoluciones/RESOLUCIONES%202005/RES%202005%201151-1200/00001154.tif HTTP/1.1" 200 134000
201.245.192.253 - - [12/Apr/2015:04:20:05 -0500] "GET /forest/session.jsp?a=0.9596587286796421 HTTP/1.1" 200 4
66.249.64.172 - - [12/Apr/2015:04:20:20 -0500] "GET /BLA/resoluciones/RESOLUCIONES%202011/4434.pdf HTTP/1.1" 200 237399
180.76.5.23 - - [12/Apr/2015:04:22:56 -0500] "GET /BLA/resoluciones/AUTOS%202009/1258.pdf HTTP/1.1" 200 116242
180.76.5.58 - - [12/Apr/2015:04:23:34 -0500] "GET /BLA/boletinlegal;jsessionid=B4A9C820B9E91F8DAC601EDC275568A6?/? HTTP/1.1" 404 1018
74.86.158.107 - - [12/Apr/2015:04:23:36 -0500] "HEAD / HTTP/1.1" 200 -
201.245.192.253 - - [12/Apr/2015:04:25:06 -0500] "GET /forest/session.jsp?a=0.7575031230226159 HTTP/1.1" 200 4
66.249.64.172 - - [12/Apr/2015:04:27:08 -0500] "GET /BLA/resoluciones/index.php?dir=RESOLUCIONES%202007/RES%202007%203701%20AL%203800/&sort=size&order=asc HTTP/1.1" 200 26851
172.56.22.54 - - [12/Apr/2015:04:28:02 -0500] "GET /BLA/resoluciones/RESOLUCIONES%202011/2455.pdf HTTP/1.1" 200 223893
66.249.64.48 - - [12/Apr/2015:04:28:35 -0500] "GET /Autoliquidacion/index.php?dir=Grupo%20Forestal%20-%20Industria%20de%20la%20Madera/&sort=size&order=asc HTTP/1.1" 200 7134
74.86.158.107 - - [12/Apr/2015:04:28:36 -0500] "HEAD / HTTP/1.1" 200 -
180.76.6.153 - - [12/Apr/2015:04:29:54 -0500] "GET /BLA/boletinlegal;jsessionid=C384939E358A5477032525947900E350?/? HTTP/1.1" 404 1018
201.245.192.253 - - [12/Apr/2015:04:30:07 -0500] "GET /forest/session.jsp?a=0.8459541331976652 HTTP/1.1" 200 4
180.76.6.64 - - [12/Apr/2015:04:30:29 -0500] "GET /BLA/boletinlegal;jsessionid=192CF71F5056C2C9D84D6A6D7B482C78?/? HTTP/1.1" 404 1018
191.73.174.80 - - [12/Apr/2015:04:30:30 -0500] "GET /galeria/galeria/jquery.fancybox.css?v=2.1.5 HTTP/1.1" 200 4895
191.73.174.80 - - [12/Apr/2015:04:30:30 -0500] "GET /BLA/boletinlegal/js/jquery.scrollTo-min.js HTTP/1.1" 200 1150
191.73.174.80 - - [12/Apr/2015:04:30:30 -0500] "GET /BLA/boletinlegal/js/jquery.scrollShow.js HTTP/1.1" 200 4586
191.73.174.80 - - [12/Apr/2015:04:30:30 -0500] "GET /galeria/galeria/jquery.fancybox.js?v=2.1.5 HTTP/1.1" 200 48706
191.73.174.80 - - [12/Apr/2015:04:30:36 -0500] "GET /BLA/boletinlegal/js/jquery.scrollTo-min.js HTTP/1.1" 304 -
191.73.174.80 - - [12/Apr/2015:04:30:36 -0500] "GET /BLA/boletinlegal/js/jquery.scrollShow.js HTTP/1.1" 304 -
191.73.174.80 - - [12/Apr/2015:04:30:36 -0500] "GET /galeria/galeria/jquery.fancybox.js?v=2.1.5 HTTP/1.1" 304 -
191.73.174.80 - - [12/Apr/2015:04:30:36 -0500] "GET /galeria/galeria/jquery.fancybox.css?v=2.1.5 HTTP/1.1" 304 -
180.76.5.173 - - [12/Apr/2015:04:31:44 -0500] "GET /BLA/resoluciones/RESOLUCIONES%202008/2814.pdf HTTP/1.1" 200 251923
199.195.118.53 - - [12/Apr/2015:04:31:45 -0500] "GET / HTTP/1.1" 200 10190
66.249.64.172 - - [12/Apr/2015:04:32:26 -0500] "GET /BLA/resoluciones/RESOLUCIONES%202007/RES%202007%202101%20AL%202200/RESOLUCION%202176%20DE%202007.pdf HTTP/1.1" 200 565903
180.76.5.167 - - [12/Apr/2015:04:32:59 -0500] "GET /BLA/resoluciones/RESOLUCIONES%202008/res2613_Modif%20Res%202114-08%20PLAN%20INSTITUCION%20DE%20ESTIMULOS%20E%20INCENTIVOS.pdf HTTP/1.1" 200 195141
74.86.158.107 - - [12/Apr/2015:04:33:36 -0500] "HEAD / HTTP/1.1" 200 -
66.249.64.168 - - [12/Apr/2015:04:34:00 -0500] "GET /BLA/resoluciones/RESOLUCIONES%202004/RES%202004%20351-400/00000357.tif HTTP/1.1" 200 117536
66.249.64.164 - - [12/Apr/2015:04:34:10 -0500] "GET /BLA/resoluciones/RESOLUCIONES%202005/RES%202005%202201-2250/00002232.tif HTTP/1.1" 304 -
66.249.64.168 - - [12/Apr/2015:04:34:12 -0500] "GET /BLA/resoluciones/RESOLUCIONES%202005/RES%202005%202201-2250/00002209.tif HTTP/1.1" 304 -
66.249.64.168 - - [12/Apr/2015:04:34:15 -0500] "GET /BLA/resoluciones/RESOLUCIONES%202005/RES%202005%202201-2250/00002246.tif HTTP/1.1" 304 -
66.249.64.164 - - [12/Apr/2015:04:34:16 -0500] "GET /BLA/resoluciones/RESOLUCIONES%202005/RES%202005%202201-2250/00002236.tif HTTP/1.1" 304 -
66.249.64.164 - - [12/Apr/2015:04:34:17 -0500] "GET /BLA/resoluciones/RESOLUCIONES%202005/RES%202005%202201-2250/00002223.tif HTTP/1.1" 304 -
66.249.64.172 - - [12/Apr/2015:04:34:24 -0500] "GET /BLA/resoluciones/RESOLUCIONES%202005/RES%202005%203151-3180/00003167.tif HTTP/1.1" 304 -
66.249.64.168 - - [12/Apr/2015:04:34:33 -0500] "GET /BLA/resoluciones/RESOLUCIONES%202005/RES%202005%202201-2250/00002250.tif HTTP/1.1" 304 -
201.245.192.253 - - [12/Apr/2015:04:35:08 -0500] "GET /forest/session.jsp?a=0.6375910411588848 HTTP/1.1" 200 4
190.66.109.237 - - [12/Apr/2015:04:37:53 -0500] "GET /BLA/boletinlegal/js/jquery.scrollTo-min.js HTTP/1.1" 200 1150
190.66.109.237 - - [12/Apr/2015:04:37:53 -0500] "GET /galeria/galeria/jquery.fancybox.css?v=2.1.5 HTTP/1.1" 200 4895
190.66.109.237 - - [12/Apr/2015:04:37:53 -0500] "GET /galeria/carrusel/Carrusel/jquery.thumbnailScroller.css HTTP/1.1" 200 2066
190.66.109.237 - - [12/Apr/2015:04:37:53 -0500] "GET /BLA/boletinlegal/js/jquery.scrollShow.js HTTP/1.1" 200 4586
190.66.109.237 - - [12/Apr/2015:04:37:53 -0500] "GET /galeria/galeria/jquery.fancybox.js?v=2.1.5 HTTP/1.1" 200 48706
190.66.109.237 - - [12/Apr/2015:04:37:53 -0500] "GET /galeria/carrusel/Carrusel/jquery-ui-1.8.13.custom.min.js HTTP/1.1" 200 10800
190.66.109.237 - - [12/Apr/2015:04:37:53 -0500] "GET /galeria/carrusel/Carrusel/jquery.thumbnailScroller.js HTTP/1.1" 200 8157
190.66.109.237 - - [12/Apr/2015:04:38:08 -0500] "GET /galeria/nivo-slider/demo/demo.html HTTP/1.1" 200 4579
190.66.109.237 - - [12/Apr/2015:04:38:11 -0500] "GET /galeria/nivo-slider/themes/default/default.css HTTP/1.1" 200 1569
190.66.109.237 - - [12/Apr/2015:04:38:11 -0500] "GET /galeria/nivo-slider/themes/pascal/pascal.css HTTP/1.1" 200 2258
190.66.109.237 - - [12/Apr/2015:04:38:12 -0500] "GET /galeria/nivo-slider/themes/orman/orman.css HTTP/1.1" 200 2152
190.66.109.237 - - [12/Apr/2015:04:38:12 -0500] "GET /galeria/nivo-slider/nivo-slider.css HTTP/1.1" 200 1507
190.66.109.237 - - [12/Apr/2015:04:38:12 -0500] "GET /galeria/nivo-slider/demo/style.css HTTP/1.1" 200 2222
190.66.109.237 - - [12/Apr/2015:04:38:12 -0500] "GET /galeria/nivo-slider/demo/scripts/jquery-1.7.1.min.js HTTP/1.1" 200 93868
190.66.109.237 - - [12/Apr/2015:04:38:12 -0500] "GET /galeria/nivo-slider/jquery.nivo.slider.pack.js HTTP/1.1" 200 11561
190.66.109.237 - - [12/Apr/2015:04:38:13 -0500] "GET /galeria/nivo-slider/demo/images/marcha2015.jpg HTTP/1.1" 200 85177
185.10.104.130 - - [12/Apr/2015:04:38:13 -0500] "GET /BLA/boletinlegal;jsessionid=A489582F91F4A88695651629D461B6F0?/? HTTP/1.1" 404 1018
190.66.109.237 - - [12/Apr/2015:04:38:14 -0500] "GET /galeria/nivo-slider/demo/images/no-sea-victima.jpg HTTP/1.1" 200 254155
190.66.109.237 - - [12/Apr/2015:04:38:25 -0500] "GET /galeria/nivo-slider/demo/images/Convocatoria_recicladores.jpg HTTP/1.1" 200 213976
190.66.109.237 - - [12/Apr/2015:04:38:26 -0500] "GET /galeria/nivo-slider/demo/images/acuerdo_569.jpg HTTP/1.1" 200 62670
190.66.109.237 - - [12/Apr/2015:04:38:30 -0500] "GET /galeria/nivo-slider/demo/images/Licitaciones-proyecto-paramo.jpg HTTP/1.1" 200 221877
74.86.158.107 - - [12/Apr/2015:04:38:36 -0500] "HEAD / HTTP/1.1" 200 -
190.66.109.237 - - [12/Apr/2015:04:38:40 -0500] "GET /galeria/nivo-slider/demo/images/4Simple_Slider.png HTTP/1.1" 200 11722
190.66.109.237 - - [12/Apr/2015:04:38:42 -0500] "GET /galeria/nivo-slider/themes/default/loading.gif HTTP/1.1" 200 1737
190.66.109.237 - - [12/Apr/2015:04:38:53 -0500] "GET /galeria/nivo-slider/demo/images/Banner-decreto1299.jpg HTTP/1.1" 200 182613
190.66.109.237 - - [12/Apr/2015:04:38:58 -0500] "GET /galeria/nivo-slider/demo/images/Banner-Directorio.jpg HTTP/1.1" 200 182068
180.76.6.63 - - [12/Apr/2015:04:39:28 -0500] "GET /BLA/boletinlegal;jsessionid=247F05F0D6C89F572522B1EE92A44F68?/? HTTP/1.1" 404 1018
66.249.64.48 - - [12/Apr/2015:04:39:30 -0500] "GET /Autoliquidacion/index.php?dir=Grupo%20Forestal%20-%20Industria%20de%20la%20Madera/&sort=size&order=desc HTTP/1.1" 200 7133
190.66.109.237 - - [12/Apr/2015:04:39:31 -0500] "GET /galeria/nivo-slider/demo/images/Ruta-vertimientos-01.jpg HTTP/1.1" 200 130151
190.66.109.237 - - [12/Apr/2015:04:39:38 -0500] "GET /galeria/nivo-slider/demo/images/bolsas-08.jpg HTTP/1.1" 200 85589
190.66.109.237 - - [12/Apr/2015:04:39:39 -0500] "GET /galeria/nivo-slider/demo/images/redes_sociales.jpg HTTP/1.1" 200 415652
190.66.109.237 - - [12/Apr/2015:04:39:51 -0500] "GET /galeria/nivo-slider/demo/images/Conoce-los-humedales.jpg HTTP/1.1" 200 294036
190.66.109.237 - - [12/Apr/2015:04:39:54 -0500] "GET /galeria/nivo-slider/demo/images/ecolecta-Dic2014.png HTTP/1.1" 200 288593
190.66.109.237 - - [12/Apr/2015:04:40:05 -0500] "GET /galeria/nivo-slider/demo/images/porloshumedales.jpg HTTP/1.1" 200 351238
180.76.5.195 - - [12/Apr/2015:04:40:06 -0500] "GET /BLA/boletinlegal;jsessionid=8454AA68425E2ED9AD7DF7049CB96316?/? HTTP/1.1" 404 1018
201.245.192.253 - - [12/Apr/2015:04:40:09 -0500] "GET /forest/session.jsp?a=0.9534089446533471 HTTP/1.1" 200 4
190.66.109.237 - - [12/Apr/2015:04:40:11 -0500] "GET /galeria/nivo-slider/demo/images/Tingua-azul.jpg HTTP/1.1" 200 307638
190.66.109.237 - - [12/Apr/2015:04:40:32 -0500] "GET /galeria/nivo-slider/demo/images/9Signos.jpg HTTP/1.1" 200 81776
190.66.109.237 - - [12/Apr/2015:04:41:11 -0500] "GET /galeria/nivo-slider/themes/default/arrows.png HTTP/1.1" 200 824
190.66.109.237 - - [12/Apr/2015:04:41:11 -0500] "GET /galeria/nivo-slider/themes/default/bullets.png HTTP/1.1" 200 1281
190.66.109.237 - - [12/Apr/2015:04:42:22 -0500] "GET /galeria/nivo-slider/demo/images/banner-V2.jpg HTTP/1.1" 200 59297
66.249.64.164 - - [12/Apr/2015:04:42:47 -0500] "GET /BLA/resoluciones/RESOLUCIONES%202004/RES%202004%20351-400/00000392.tif HTTP/1.1" 200 89270
66.249.64.164 - - [12/Apr/2015:04:42:48 -0500] "GET /BLA/resoluciones/RESOLUCIONES%202005/RES%202005%202201-2250/00002242.tif HTTP/1.1" 304 -
74.86.158.107 - - [12/Apr/2015:04:43:36 -0500] "HEAD / HTTP/1.1" 200 -
66.249.64.172 - - [12/Apr/2015:04:44:31 -0500] "GET /BLA/resoluciones/RESOLUCIONES%202010/2835.pdf HTTP/1.1" 200 317796
190.182.101.7 - - [12/Apr/2015:04:44:33 -0500] "GET /BLA/resoluciones/RESOLUCIONES%202010/7036.pdf HTTP/1.1" 200 314770
201.245.192.253 - - [12/Apr/2015:04:45:10 -0500] "GET /forest/session.jsp?a=0.9712418986018747 HTTP/1.1" 200 4
172.246.241.246 - - [12/Apr/2015:04:45:15 -0500] "GET / HTTP/1.1" 200 10190
180.76.6.21 - - [12/Apr/2015:04:45:35 -0500] "GET /BLA/resoluciones/RESOLUCIONES%202007/RES%202007%20201%20AL%20300/RESOLUCION%200268%20DE%202007.pdf HTTP/1.1" 200 33240
66.249.64.172 - - [12/Apr/2015:04:45:44 -0500] "GET /BLA/resoluciones/AUTOS%202014/5891.pdf HTTP/1.1" 200 310693
190.248.83.171 - - [12/Apr/2015:04:47:42 -0500] "GET /BLA/resoluciones/RESOLUCIONES%202008/3365.pdf HTTP/1.1" 200 114913
66.249.64.164 - - [12/Apr/2015:04:48:18 -0500] "GET /BLA/resoluciones/RESOLUCIONES%202005/RES%202005%202201-2250/00002213.tif HTTP/1.1" 304 -
74.86.158.107 - - [12/Apr/2015:04:48:36 -0500] "HEAD / HTTP/1.1" 200 -
66.249.64.168 - - [12/Apr/2015:04:48:41 -0500] "GET /BLA/resoluciones/RESOLUCIONES%202005/RES%202005%201851-1900/00001854.tif HTTP/1.1" 200 110496
181.50.212.162 - - [12/Apr/2015:04:48:49 -0500] "GET /BLA/resoluciones/RESOLUCIONES%202012/0967.pdf HTTP/1.1" 200 382213
201.245.192.253 - - [12/Apr/2015:04:50:11 -0500] "GET /forest/session.jsp?a=0.6686894656158984 HTTP/1.1" 200 4
180.76.5.223 - - [12/Apr/2015:04:51:00 -0500] "GET /videos/NuestraGente18.flv HTTP/1.1" 200 61887939
180.76.5.145 - - [12/Apr/2015:04:52:29 -0500] "GET /BLA/boletinlegal;jsessionid=2DB4DD88A7BB6CFBE47B3558DDF12EFB?/? HTTP/1.1" 404 1018
74.86.158.107 - - [12/Apr/2015:04:53:36 -0500] "HEAD / HTTP/1.1" 200 -
