179.32.247.205 - - [18/Apr/2015:11:45:59 -0500] "GET /BLA/boletinlegal/js/jquery.scrollTo-min.js HTTP/1.1" 304 -
179.32.247.205 - - [18/Apr/2015:11:46:00 -0500] "GET /BLA/boletinlegal/js/jquery.scrollShow.js HTTP/1.1" 304 -
179.32.247.205 - - [18/Apr/2015:11:46:00 -0500] "GET /galeria/galeria/jquery.fancybox.js?v=2.1.5 HTTP/1.1" 304 -
186.28.30.25 - - [18/Apr/2015:11:46:01 -0500] "GET /galeria/nivo-slider/demo/demo.html HTTP/1.1" 200 5117
74.86.158.107 - - [18/Apr/2015:11:46:02 -0500] "HEAD / HTTP/1.1" 200 -
66.249.64.20 - - [18/Apr/2015:11:46:09 -0500] "GET /SIG/ECS/126PM04-PR105.pdf HTTP/1.1" 200 1510233
186.28.30.25 - - [18/Apr/2015:11:46:09 -0500] "GET /galeria/nivo-slider/themes/pascal/pascal.css HTTP/1.1" 200 2258
186.28.30.25 - - [18/Apr/2015:11:46:09 -0500] "GET /galeria/nivo-slider/themes/orman/orman.css HTTP/1.1" 200 2152
186.28.30.25 - - [18/Apr/2015:11:46:09 -0500] "GET /galeria/nivo-slider/themes/default/default.css HTTP/1.1" 200 1569
186.28.30.25 - - [18/Apr/2015:11:46:09 -0500] "GET /galeria/nivo-slider/nivo-slider.css HTTP/1.1" 200 1507
186.28.30.25 - - [18/Apr/2015:11:46:09 -0500] "GET /galeria/nivo-slider/demo/style.css HTTP/1.1" 200 2222
186.28.30.25 - - [18/Apr/2015:11:46:09 -0500] "GET /galeria/nivo-slider/demo/images/pedaleando-por-la-tierra.jpg HTTP/1.1" 200 234362
186.28.30.25 - - [18/Apr/2015:11:46:09 -0500] "GET /galeria/nivo-slider/demo/scripts/jquery-1.7.1.min.js HTTP/1.1" 200 93868
186.28.30.25 - - [18/Apr/2015:11:46:09 -0500] "GET /galeria/nivo-slider/jquery.nivo.slider.pack.js HTTP/1.1" 200 11561
186.28.30.25 - - [18/Apr/2015:11:46:10 -0500] "GET /galeria/nivo-slider/demo/images/ecolectaabril20.jpg HTTP/1.1" 200 72606
186.28.30.25 - - [18/Apr/2015:11:46:10 -0500] "GET /galeria/nivo-slider/demo/images/ECO-YOGA-FESTIVAL.jpg HTTP/1.1" 200 130307
186.28.30.25 - - [18/Apr/2015:11:46:10 -0500] "GET /galeria/nivo-slider/demo/images/marcha2015.jpg HTTP/1.1" 200 85177
186.28.30.25 - - [18/Apr/2015:11:46:10 -0500] "GET /galeria/nivo-slider/demo/images/no-sea-victima.jpg HTTP/1.1" 200 254155
186.28.30.25 - - [18/Apr/2015:11:46:10 -0500] "GET /galeria/nivo-slider/demo/images/Convocatoria_recicladores.jpg HTTP/1.1" 200 213976
186.28.30.25 - - [18/Apr/2015:11:46:10 -0500] "GET /galeria/nivo-slider/demo/images/acuerdo_569.jpg HTTP/1.1" 200 62670
186.28.30.25 - - [18/Apr/2015:11:46:11 -0500] "GET /galeria/nivo-slider/demo/images/Banner-decreto1299.jpg HTTP/1.1" 200 182613
186.28.30.25 - - [18/Apr/2015:11:46:11 -0500] "GET /galeria/nivo-slider/demo/images/Licitaciones-proyecto-paramo.jpg HTTP/1.1" 200 221877
186.28.30.25 - - [18/Apr/2015:11:46:11 -0500] "GET /galeria/nivo-slider/demo/images/Banner-Directorio.jpg HTTP/1.1" 200 182068
186.28.30.25 - - [18/Apr/2015:11:46:11 -0500] "GET /galeria/nivo-slider/demo/images/4Simple_Slider.png HTTP/1.1" 200 11722
186.28.30.25 - - [18/Apr/2015:11:46:11 -0500] "GET /galeria/nivo-slider/themes/default/loading.gif HTTP/1.1" 200 1737
186.28.30.25 - - [18/Apr/2015:11:46:11 -0500] "GET /galeria/nivo-slider/demo/images/banner-V2.jpg HTTP/1.1" 200 59297
186.28.30.25 - - [18/Apr/2015:11:46:12 -0500] "GET /galeria/nivo-slider/demo/images/Ruta-vertimientos-01.jpg HTTP/1.1" 200 130151
186.28.30.25 - - [18/Apr/2015:11:46:12 -0500] "GET /galeria/nivo-slider/demo/images/bolsas-06.jpg HTTP/1.1" 200 90982
186.28.30.25 - - [18/Apr/2015:11:46:12 -0500] "GET /galeria/nivo-slider/demo/images/bolsas-08.jpg HTTP/1.1" 200 85589
191.110.70.178 - - [18/Apr/2015:11:46:12 -0500] "GET /galeria/galeria/jquery.fancybox.js?v=2.1.5 HTTP/1.1" 304 -
191.110.70.178 - - [18/Apr/2015:11:46:12 -0500] "GET /galeria/galeria/jquery.fancybox.css?v=2.1.5 HTTP/1.1" 304 -
186.28.30.25 - - [18/Apr/2015:11:46:13 -0500] "GET /galeria/nivo-slider/demo/images/redes_sociales.jpg HTTP/1.1" 200 415652
186.28.30.25 - - [18/Apr/2015:11:46:13 -0500] "GET /galeria/nivo-slider/demo/images/Conoce-los-humedales.jpg HTTP/1.1" 200 294036
186.28.30.25 - - [18/Apr/2015:11:46:13 -0500] "GET /galeria/nivo-slider/demo/images/ecolecta-Dic2014.png HTTP/1.1" 200 288593
186.28.30.25 - - [18/Apr/2015:11:46:13 -0500] "GET /galeria/nivo-slider/demo/images/porloshumedales.jpg HTTP/1.1" 200 351238
186.28.30.25 - - [18/Apr/2015:11:46:13 -0500] "GET /galeria/nivo-slider/demo/images/Tingua-azul.jpg HTTP/1.1" 200 307638
186.28.30.25 - - [18/Apr/2015:11:46:13 -0500] "GET /galeria/nivo-slider/demo/images/banner-llantas2.jpg HTTP/1.1" 200 73153
186.28.30.25 - - [18/Apr/2015:11:46:13 -0500] "GET /galeria/nivo-slider/demo/images/9Signos.jpg HTTP/1.1" 200 81776
186.28.30.25 - - [18/Apr/2015:11:46:16 -0500] "GET /videos/DiadelatierraHD_1min.flv HTTP/1.1" 200 7316200
186.28.30.25 - - [18/Apr/2015:11:46:16 -0500] "GET /galeria/nivo-slider/themes/default/arrows.png HTTP/1.1" 200 824
186.28.30.25 - - [18/Apr/2015:11:46:16 -0500] "GET /galeria/nivo-slider/themes/default/bullets.png HTTP/1.1" 200 1281
66.249.64.20 - - [18/Apr/2015:11:46:22 -0500] "GET /SIG/Gestion%20Recursos%20Financieros/126PA02-PR18%20REGISTRO%20CONTABLE%20ORDENES%20DE%20PAGO.pdf HTTP/1.1" 200 311415
66.249.64.20 - - [18/Apr/2015:11:46:24 -0500] "GET /SIG/ECS/126PM04-PR27.pdf HTTP/1.1" 200 2416175
66.249.64.20 - - [18/Apr/2015:11:46:28 -0500] "GET /SIG/Gesti%C3%B3n%20Talento%20Humano/126PA01-PR01.pdf HTTP/1.1" 200 68707
66.249.64.22 - - [18/Apr/2015:11:46:37 -0500] "GET /SIG/Direccionamiento%20Estrategico/126PG01-PR15.pdf HTTP/1.1" 200 1834903
191.150.175.241 - - [18/Apr/2015:11:46:38 -0500] "GET /BLA/boletinlegal/js/jquery.scrollTo-min.js HTTP/1.1" 200 1150
191.150.175.241 - - [18/Apr/2015:11:46:39 -0500] "GET /BLA/boletinlegal/js/jquery.scrollShow.js HTTP/1.1" 200 4586
191.150.175.241 - - [18/Apr/2015:11:46:40 -0500] "GET /galeria/galeria/jquery.fancybox.js?v=2.1.5 HTTP/1.1" 200 48706
191.150.175.241 - - [18/Apr/2015:11:46:40 -0500] "GET /galeria/galeria/jquery.fancybox.css?v=2.1.5 HTTP/1.1" 200 4895
187.202.33.101 - - [18/Apr/2015:11:46:41 -0500] "GET /galeria/galeria/jquery.fancybox.css?v=2.1.5 HTTP/1.1" 200 4895
187.202.33.101 - - [18/Apr/2015:11:46:41 -0500] "GET /BLA/boletinlegal/js/jquery.scrollTo-min.js HTTP/1.1" 200 1150
187.202.33.101 - - [18/Apr/2015:11:46:41 -0500] "GET /BLA/boletinlegal/js/jquery.scrollShow.js HTTP/1.1" 200 4586
187.202.33.101 - - [18/Apr/2015:11:46:41 -0500] "GET /galeria/galeria/jquery.fancybox.js?v=2.1.5 HTTP/1.1" 200 48706
190.25.157.12 - - [18/Apr/2015:11:46:46 -0500] "POST /forms/lservlet;jsessionid=ac16012b30d66c288224bd604ba6a2c7b8928c3dc870.e3iSbxaKaheRe3eNbhaPbhuQa41ynknvrkLOlQzNp65In0 HTTP/1.1" 200 2
66.249.64.86 - - [18/Apr/2015:11:46:48 -0500] "GET /BLA/resoluciones/RESOLUCIONES%202013/1611.pdf HTTP/1.1" 200 636967
66.249.64.82 - - [18/Apr/2015:11:46:51 -0500] "GET /BLA/resoluciones/AUTOS%202006/AUTOS%202006%202501%20-%202600/00002516.tif HTTP/1.1" 200 81464
181.142.209.191 - - [18/Apr/2015:11:46:56 -0500] "GET /galeria/galeria/jquery.fancybox.js?v=2.1.5 HTTP/1.1" 200 48706
181.142.209.191 - - [18/Apr/2015:11:46:56 -0500] "GET /galeria/galeria/jquery.fancybox.css?v=2.1.5 HTTP/1.1" 200 4895
181.142.209.191 - - [18/Apr/2015:11:46:58 -0500] "GET /videos/galeria-cronicas/1V3wnplaylist.htm? HTTP/1.1" 200 4013
181.142.209.191 - - [18/Apr/2015:11:46:58 -0500] "GET /videos/galeria-cronicas/skin/blue.monday/jplayer.blue.monday.css HTTP/1.1" 200 12518
181.142.209.191 - - [18/Apr/2015:11:46:58 -0500] "GET /videos/galeria-cronicas/js/jquery.jplayer.min.js HTTP/1.1" 200 43668
180.76.5.193 - - [18/Apr/2015:11:46:58 -0500] "GET /BLA/resoluciones/RESOLUCIONES%202007/RES%202007%202201%20AL%202300/RESOLUCION%202294%20DE%202007.pdf HTTP/1.1" 200 85996
181.142.209.191 - - [18/Apr/2015:11:46:59 -0500] "GET /videos/galeria-cronicas/js/jplayer.playlist.min.js HTTP/1.1" 200 8608
181.142.209.191 - - [18/Apr/2015:11:46:59 -0500] "GET /videos/galeria-cronicas/skin/blue.monday/jplayer.blue.monday.video.play.png HTTP/1.1" 200 14424
181.142.209.191 - - [18/Apr/2015:11:46:59 -0500] "GET /videos/galeria-cronicas/skin/blue.monday/jplayer.blue.monday.jpg HTTP/1.1" 200 23189
181.142.209.191 - - [18/Apr/2015:11:46:59 -0500] "GET /videos/galeria-cronicas/js/Jplayer.swf HTTP/1.1" 200 13674
186.112.198.57 - - [18/Apr/2015:11:47:03 -0500] "GET /BLA/resoluciones/RESOLUCIONES%202007/RES%202007%20701%20AL%20800/RESOLUCION%200705%20DE%202007.pdf HTTP/1.1" 200 1060513
201.172.170.229 - - [18/Apr/2015:11:47:06 -0500] "GET /BLA/boletinlegal/js/jquery.scrollTo-min.js HTTP/1.1" 200 1150
201.172.170.229 - - [18/Apr/2015:11:47:06 -0500] "GET /BLA/boletinlegal/js/jquery.scrollShow.js HTTP/1.1" 200 4586
201.172.170.229 - - [18/Apr/2015:11:47:07 -0500] "GET /galeria/galeria/jquery.fancybox.js?v=2.1.5 HTTP/1.1" 200 48706
201.172.170.229 - - [18/Apr/2015:11:47:07 -0500] "GET /galeria/galeria/jquery.fancybox.css?v=2.1.5 HTTP/1.1" 200 4895
201.172.170.229 - - [18/Apr/2015:11:47:07 -0500] "GET /galeria/carrusel/Carrusel/jquery.thumbnailScroller.css HTTP/1.1" 200 2066
191.150.175.241 - - [18/Apr/2015:11:47:08 -0500] "GET /BLA/boletinlegal/js/jquery.scrollTo-min.js HTTP/1.1" 304 -
191.150.175.241 - - [18/Apr/2015:11:47:08 -0500] "GET /BLA/boletinlegal/js/jquery.scrollShow.js HTTP/1.1" 304 -
201.172.170.229 - - [18/Apr/2015:11:47:08 -0500] "GET /galeria/carrusel/Carrusel/jquery-ui-1.8.13.custom.min.js HTTP/1.1" 200 10800
201.172.170.229 - - [18/Apr/2015:11:47:08 -0500] "GET /galeria/carrusel/Carrusel/jquery.thumbnailScroller.js HTTP/1.1" 200 8157
201.172.170.229 - - [18/Apr/2015:11:47:08 -0500] "GET /galeria/nivo-slider/demo/demo.html HTTP/1.1" 200 5117
191.150.175.241 - - [18/Apr/2015:11:47:09 -0500] "GET /galeria/galeria/jquery.fancybox.css?v=2.1.5 HTTP/1.1" 304 -
191.150.175.241 - - [18/Apr/2015:11:47:09 -0500] "GET /galeria/galeria/jquery.fancybox.js?v=2.1.5 HTTP/1.1" 304 -
201.172.170.229 - - [18/Apr/2015:11:47:09 -0500] "GET /galeria/nivo-slider/themes/default/default.css HTTP/1.1" 200 1569
201.172.170.229 - - [18/Apr/2015:11:47:09 -0500] "GET /galeria/nivo-slider/themes/pascal/pascal.css HTTP/1.1" 200 2258
201.172.170.229 - - [18/Apr/2015:11:47:09 -0500] "GET /galeria/nivo-slider/themes/orman/orman.css HTTP/1.1" 200 2152
201.172.170.229 - - [18/Apr/2015:11:47:09 -0500] "GET /galeria/nivo-slider/nivo-slider.css HTTP/1.1" 200 1507
201.172.170.229 - - [18/Apr/2015:11:47:09 -0500] "GET /galeria/nivo-slider/demo/style.css HTTP/1.1" 200 2222
201.172.170.229 - - [18/Apr/2015:11:47:09 -0500] "GET /galeria/nivo-slider/demo/scripts/jquery-1.7.1.min.js HTTP/1.1" 200 93868
201.172.170.229 - - [18/Apr/2015:11:47:09 -0500] "GET /galeria/nivo-slider/jquery.nivo.slider.pack.js HTTP/1.1" 200 11561
187.202.33.101 - - [18/Apr/2015:11:47:05 -0500] "GET /videos/CRRFFS.mp4 HTTP/1.1" 200 286784363
66.249.64.84 - - [18/Apr/2015:11:47:16 -0500] "GET /BLA/resoluciones/RESOLUCIONES%202013/1795.pdf HTTP/1.1" 200 253174
187.202.33.101 - - [18/Apr/2015:11:47:16 -0500] "GET /galeria/galeria/jquery.fancybox.css?v=2.1.5 HTTP/1.1" 304 -
187.202.33.101 - - [18/Apr/2015:11:47:16 -0500] "GET /BLA/boletinlegal/js/jquery.scrollTo-min.js HTTP/1.1" 304 -
187.202.33.101 - - [18/Apr/2015:11:47:16 -0500] "GET /BLA/boletinlegal/js/jquery.scrollShow.js HTTP/1.1" 304 -
187.202.33.101 - - [18/Apr/2015:11:47:16 -0500] "GET /galeria/galeria/jquery.fancybox.js?v=2.1.5 HTTP/1.1" 304 -
187.202.33.101 - - [18/Apr/2015:11:47:21 -0500] "GET /videos/CRRFFS.mp4 HTTP/1.1" 206 1
66.249.64.20 - - [18/Apr/2015:11:47:32 -0500] "GET /SIG/ECS/126PM04-PR23.pdf HTTP/1.1" 200 1821963
179.32.247.205 - - [18/Apr/2015:11:47:39 -0500] "GET /galeria/galeria/jquery.fancybox.css?v=2.1.5 HTTP/1.1" 304 -
179.32.247.205 - - [18/Apr/2015:11:47:39 -0500] "GET /BLA/boletinlegal/js/jquery.scrollTo-min.js HTTP/1.1" 304 -
179.32.247.205 - - [18/Apr/2015:11:47:39 -0500] "GET /galeria/galeria/jquery.fancybox.js?v=2.1.5 HTTP/1.1" 304 -
179.32.247.205 - - [18/Apr/2015:11:47:39 -0500] "GET /BLA/boletinlegal/js/jquery.scrollShow.js HTTP/1.1" 304 -
66.249.64.86 - - [18/Apr/2015:11:47:52 -0500] "GET /BLA/resoluciones/RESOLUCIONES%202013/1656.pdf HTTP/1.1" 200 737744
186.145.15.143 - - [18/Apr/2015:11:47:52 -0500] "POST /forms/lservlet;jsessionid=ac16012b30d6f23c8b54714647ac99c9c66060d2f801.e3iSbxaKaheRe3eNbhaPbhuQa41ynknvrkLOlQzNp65In0 HTTP/1.1" 200 2
66.249.64.82 - - [18/Apr/2015:11:47:54 -0500] "GET /BLA/resoluciones/RESOLUCIONES%202013/2244.pdf HTTP/1.1" 200 468805
190.144.170.10 - - [18/Apr/2015:11:47:54 -0500] "GET /BLA/resoluciones/RESOLUCIONES%202013/0003.pdf HTTP/1.1" 200 2906193
190.144.170.10 - - [18/Apr/2015:11:47:55 -0500] "GET /BLA/resoluciones/RESOLUCIONES%202013/0003.pdf HTTP/1.1" 206 32768
190.144.170.10 - - [18/Apr/2015:11:47:55 -0500] "GET /BLA/resoluciones/RESOLUCIONES%202013/0003.pdf HTTP/1.1" 206 2873425
66.249.64.84 - - [18/Apr/2015:11:48:04 -0500] "GET /BLA/resoluciones/Notificaciones/AUTOS%202014/5706.doc HTTP/1.1" 200 155648
66.249.64.20 - - [18/Apr/2015:11:48:06 -0500] "GET /SIG/ECS/126PM04-PR36.pdf HTTP/1.1" 200 3078991
186.28.30.25 - - [18/Apr/2015:11:48:19 -0500] "GET /videos/galeria-cronicas/1V3wnplaylist.htm? HTTP/1.1" 200 4013
66.249.64.86 - - [18/Apr/2015:11:48:19 -0500] "GET /BLA/resoluciones/RESOLUCIONES%202013/1745.pdf HTTP/1.1" 200 253073
186.28.30.25 - - [18/Apr/2015:11:48:19 -0500] "GET /videos/galeria-cronicas/skin/blue.monday/jplayer.blue.monday.css HTTP/1.1" 200 12518
186.28.30.25 - - [18/Apr/2015:11:48:19 -0500] "GET /videos/galeria-cronicas/js/jquery.jplayer.min.js HTTP/1.1" 200 43668
186.28.30.25 - - [18/Apr/2015:11:48:19 -0500] "GET /videos/galeria-cronicas/js/jplayer.playlist.min.js HTTP/1.1" 200 8608
186.28.30.25 - - [18/Apr/2015:11:48:20 -0500] "GET /videos/galeria-cronicas/skin/blue.monday/jplayer.blue.monday.video.play.png HTTP/1.1" 200 14424
186.28.30.25 - - [18/Apr/2015:11:48:20 -0500] "GET /videos/galeria-cronicas/skin/blue.monday/jplayer.blue.monday.jpg HTTP/1.1" 200 23189
186.28.30.25 - - [18/Apr/2015:11:48:21 -0500] "GET /videos/galeria-cronicas/1videos/parche.mp4video.mp4 HTTP/1.1" 206 2821840
186.28.30.25 - - [18/Apr/2015:11:48:21 -0500] "GET /videos/galeria-cronicas/1videos/parche.mp4video.mp4 HTTP/1.1" 206 31459
186.28.30.25 - - [18/Apr/2015:11:48:23 -0500] "GET /videos/galeria-cronicas/1videos/parche.mp4video.mp4 HTTP/1.1" 206 2697416
186.28.30.25 - - [18/Apr/2015:11:48:26 -0500] "GET /videos/galeria-cronicas/1videos/parche.mp4video.mp4 HTTP/1.1" 206 720
200.93.167.9 - - [18/Apr/2015:11:48:32 -0500] "GET /galeria/galeria/jquery.fancybox.css?v=2.1.5 HTTP/1.1" 200 4895
200.93.167.9 - - [18/Apr/2015:11:48:32 -0500] "GET /BLA/boletinlegal/js/jquery.scrollTo-min.js HTTP/1.1" 200 1150
200.93.167.9 - - [18/Apr/2015:11:48:32 -0500] "GET /BLA/boletinlegal/js/jquery.scrollShow.js HTTP/1.1" 200 4586
200.93.167.9 - - [18/Apr/2015:11:48:32 -0500] "GET /galeria/galeria/jquery.fancybox.js?v=2.1.5 HTTP/1.1" 200 48706
66.249.64.24 - - [18/Apr/2015:11:48:35 -0500] "GET /SIG/ECS/126PM04-PR13.pdf HTTP/1.1" 200 2592430
190.25.157.12 - - [18/Apr/2015:11:48:46 -0500] "POST /forms/lservlet;jsessionid=ac16012b30d66c288224bd604ba6a2c7b8928c3dc870.e3iSbxaKaheRe3eNbhaPbhuQa41ynknvrkLOlQzNp65In0 HTTP/1.1" 200 2
66.249.64.20 - - [18/Apr/2015:11:48:49 -0500] "GET /SIG/Gestion%20Documental/126PA06-PR13%20CONTROL%20DOCUMENTOS%20EXTERNOS-NORMOGRAMA.pdf HTTP/1.1" 200 273455
187.202.33.101 - - [18/Apr/2015:11:47:21 -0500] "GET /videos/CRRFFS.mp4 HTTP/1.1" 206 286514951
181.50.92.73 - - [18/Apr/2015:11:49:08 -0500] "GET /forest/session.jsp?a=0.218977402895689 HTTP/1.1" 200 5
181.50.92.73 - - [18/Apr/2015:11:49:08 -0500] "GET /forest/login.jsp?a=0.042723256163299084 HTTP/1.1" 200 2996
66.249.64.20 - - [18/Apr/2015:11:49:29 -0500] "GET /SIG/Gesti%C3%B3n%20Talento%20Humano/126PA01-PR13.pdf HTTP/1.1" 200 60276
213.251.182.103 - - [18/Apr/2015:11:49:34 -0500] "-" 408 -
190.25.157.12 - - [18/Apr/2015:11:49:48 -0500] "POST /forms/lservlet;jsessionid=ac16012b30d66c288224bd604ba6a2c7b8928c3dc870.e3iSbxaKaheRe3eNbhaPbhuQa41ynknvrkLOlQzNp65In0 HTTP/1.1" 200 2320
201.236.221.9 - - [18/Apr/2015:11:49:48 -0500] "GET /galeria/nivo-slider/demo/images/1bolsas.jpg HTTP/1.1" 304 -
186.145.15.143 - - [18/Apr/2015:11:49:53 -0500] "POST /forms/lservlet;jsessionid=ac16012b30d6f23c8b54714647ac99c9c66060d2f801.e3iSbxaKaheRe3eNbhaPbhuQa41ynknvrkLOlQzNp65In0 HTTP/1.1" 200 2
66.249.64.84 - - [18/Apr/2015:11:49:53 -0500] "GET /BLA/resoluciones/RESOLUCIONES%202013/1784.pdf HTTP/1.1" 200 524685
201.245.192.253 - - [18/Apr/2015:11:49:56 -0500] "GET /forest/session.jsp?a=0.6235662879244405 HTTP/1.1" 200 4
190.25.157.12 - - [18/Apr/2015:11:49:57 -0500] "POST /forms/lservlet;jsessionid=ac16012b30d66c288224bd604ba6a2c7b8928c3dc870.e3iSbxaKaheRe3eNbhaPbhuQa41ynknvrkLOlQzNp65In0 HTTP/1.1" 200 4094
66.249.64.82 - - [18/Apr/2015:11:50:09 -0500] "GET /BLA/resoluciones/RESOLUCIONES%202013/1267.pdf HTTP/1.1" 200 729825
123.125.71.27 - - [18/Apr/2015:11:50:10 -0500] "GET / HTTP/1.1" 200 10190
66.249.64.82 - - [18/Apr/2015:11:50:23 -0500] "GET /BLA/resoluciones/RESOLUCIONES%202013/1650.pdf HTTP/1.1" 200 813666
190.25.157.12 - - [18/Apr/2015:11:50:27 -0500] "POST /forms/lservlet;jsessionid=ac16012b30d66c288224bd604ba6a2c7b8928c3dc870.e3iSbxaKaheRe3eNbhaPbhuQa41ynknvrkLOlQzNp65In0 HTTP/1.1" 200 433
190.25.157.12 - - [18/Apr/2015:11:50:27 -0500] "POST /forms/lservlet;jsessionid=ac16012b30d66c288224bd604ba6a2c7b8928c3dc870.e3iSbxaKaheRe3eNbhaPbhuQa41ynknvrkLOlQzNp65In0 HTTP/1.1" 200 7
190.25.157.12 - - [18/Apr/2015:11:50:27 -0500] "POST /forms/lservlet;jsessionid=ac16012b30d66c288224bd604ba6a2c7b8928c3dc870.e3iSbxaKaheRe3eNbhaPbhuQa41ynknvrkLOlQzNp65In0 HTTP/1.1" 200 363
190.25.157.12 - - [18/Apr/2015:11:50:28 -0500] "POST /forms/lservlet;jsessionid=ac16012b30d66c288224bd604ba6a2c7b8928c3dc870.e3iSbxaKaheRe3eNbhaPbhuQa41ynknvrkLOlQzNp65In0 HTTP/1.1" 200 361
190.25.157.12 - - [18/Apr/2015:11:50:28 -0500] "POST /forms/lservlet;jsessionid=ac16012b30d66c288224bd604ba6a2c7b8928c3dc870.e3iSbxaKaheRe3eNbhaPbhuQa41ynknvrkLOlQzNp65In0 HTTP/1.1" 200 309
190.25.157.12 - - [18/Apr/2015:11:50:28 -0500] "POST /forms/lservlet;jsessionid=ac16012b30d66c288224bd604ba6a2c7b8928c3dc870.e3iSbxaKaheRe3eNbhaPbhuQa41ynknvrkLOlQzNp65In0 HTTP/1.1" 200 346
190.25.157.12 - - [18/Apr/2015:11:50:28 -0500] "POST /forms/lservlet;jsessionid=ac16012b30d66c288224bd604ba6a2c7b8928c3dc870.e3iSbxaKaheRe3eNbhaPbhuQa41ynknvrkLOlQzNp65In0 HTTP/1.1" 200 335
190.25.157.12 - - [18/Apr/2015:11:50:29 -0500] "POST /forms/lservlet;jsessionid=ac16012b30d66c288224bd604ba6a2c7b8928c3dc870.e3iSbxaKaheRe3eNbhaPbhuQa41ynknvrkLOlQzNp65In0 HTTP/1.1" 200 383
190.25.157.12 - - [18/Apr/2015:11:50:29 -0500] "POST /forms/lservlet;jsessionid=ac16012b30d66c288224bd604ba6a2c7b8928c3dc870.e3iSbxaKaheRe3eNbhaPbhuQa41ynknvrkLOlQzNp65In0 HTTP/1.1" 200 405
186.154.45.170 - - [18/Apr/2015:11:50:30 -0500] "GET /galeria/galeria/jquery.fancybox.js?v=2.1.5 HTTP/1.1" 304 -
186.154.45.170 - - [18/Apr/2015:11:50:30 -0500] "GET /galeria/galeria/jquery.fancybox.css?v=2.1.5 HTTP/1.1" 304 -
66.249.64.22 - - [18/Apr/2015:11:50:34 -0500] "GET /SIG/Gesti%C3%B3n%20Talento%20Humano/126PA01-PR25.pdf HTTP/1.1" 200 54733
66.249.64.82 - - [18/Apr/2015:11:50:36 -0500] "GET /BLA/resoluciones/RESOLUCIONES%202013/1720.pdf HTTP/1.1" 200 421770
66.249.64.22 - - [18/Apr/2015:11:50:37 -0500] "GET /SIG/ECS/126PM04-PR15.pdf HTTP/1.1" 200 2295151
66.249.64.24 - - [18/Apr/2015:11:50:40 -0500] "GET /SIG/Direccionamiento%20Estrategico/126PG01-PR16.pdf HTTP/1.1" 200 991849
186.84.174.187 - - [18/Apr/2015:11:50:45 -0500] "GET /BLA/boletinlegal/js/jquery.scrollTo-min.js HTTP/1.1" 200 1150
186.84.174.187 - - [18/Apr/2015:11:50:45 -0500] "GET /BLA/boletinlegal/js/jquery.scrollShow.js HTTP/1.1" 200 4586
186.84.174.187 - - [18/Apr/2015:11:50:45 -0500] "GET /galeria/galeria/jquery.fancybox.js?v=2.1.5 HTTP/1.1" 200 48706
186.84.174.187 - - [18/Apr/2015:11:50:45 -0500] "GET /galeria/galeria/jquery.fancybox.css?v=2.1.5 HTTP/1.1" 200 4895
186.84.174.187 - - [18/Apr/2015:11:50:46 -0500] "GET /galeria/carrusel/Carrusel/jquery.thumbnailScroller.css HTTP/1.1" 200 2066
186.84.174.187 - - [18/Apr/2015:11:50:46 -0500] "GET /galeria/carrusel/Carrusel/jquery.thumbnailScroller.js HTTP/1.1" 200 8157
186.84.174.187 - - [18/Apr/2015:11:50:46 -0500] "GET /galeria/carrusel/Carrusel/jquery-ui-1.8.13.custom.min.js HTTP/1.1" 200 10800
190.25.157.12 - - [18/Apr/2015:11:50:46 -0500] "POST /forms/lservlet;jsessionid=ac16012b30d66c288224bd604ba6a2c7b8928c3dc870.e3iSbxaKaheRe3eNbhaPbhuQa41ynknvrkLOlQzNp65In0 HTTP/1.1" 200 2
66.249.64.22 - - [18/Apr/2015:11:50:49 -0500] "GET /SIG/ECS/126PM04-PR60.pdf HTTP/1.1" 200 6352457
66.249.64.82 - - [18/Apr/2015:11:50:59 -0500] "GET /BLA/resoluciones/RESOLUCIONES%202013/1724.pdf HTTP/1.1" 200 363506
190.25.157.12 - - [18/Apr/2015:11:51:00 -0500] "POST /forms/lservlet;jsessionid=ac16012b30d66c288224bd604ba6a2c7b8928c3dc870.e3iSbxaKaheRe3eNbhaPbhuQa41ynknvrkLOlQzNp65In0 HTTP/1.1" 200 2
190.248.145.202 - - [18/Apr/2015:11:51:00 -0500] "GET /huelladecarbono/index.html HTTP/1.1" 200 5211
190.25.157.12 - - [18/Apr/2015:11:51:00 -0500] "POST /forms/lservlet;jsessionid=ac16012b30d66c288224bd604ba6a2c7b8928c3dc870.e3iSbxaKaheRe3eNbhaPbhuQa41ynknvrkLOlQzNp65In0 HTTP/1.1" 200 14
190.248.145.202 - - [18/Apr/2015:11:51:01 -0500] "GET /huelladecarbono/estilos.css HTTP/1.1" 200 4034
190.248.145.202 - - [18/Apr/2015:11:51:01 -0500] "GET /huelladecarbono/Imagenes/btn_gris2.png HTTP/1.1" 200 4298
190.248.145.202 - - [18/Apr/2015:11:51:01 -0500] "GET /huelladecarbono/Imagenes/btn_gris4.png HTTP/1.1" 200 2999
190.248.145.202 - - [18/Apr/2015:11:51:01 -0500] "GET /huelladecarbono/Imagenes/btn_gris.png HTTP/1.1" 200 3006
190.248.145.202 - - [18/Apr/2015:11:51:01 -0500] "GET /huelladecarbono/Imagenes/btn_gris5.png HTTP/1.1" 200 4459
190.248.145.202 - - [18/Apr/2015:11:51:01 -0500] "GET /huelladecarbono/Imagenes/btn_gris3.png HTTP/1.1" 200 4357
190.248.145.202 - - [18/Apr/2015:11:51:01 -0500] "GET /huelladecarbono/Imagenes/fondo_header.jpg HTTP/1.1" 200 28877
190.248.145.202 - - [18/Apr/2015:11:51:01 -0500] "GET /huelladecarbono/Imagenes/campana_title.jpg HTTP/1.1" 200 5453
66.249.64.24 - - [18/Apr/2015:11:51:01 -0500] "GET /SIG/Gesti%C3%B3n%20de%20Recursos%20F%C3%ADsicos/126PA04-PR39.pdf HTTP/1.1" 200 88408
74.86.158.107 - - [18/Apr/2015:11:51:02 -0500] "HEAD / HTTP/1.1" 200 -
190.25.157.12 - - [18/Apr/2015:11:51:01 -0500] "POST /forms/lservlet;jsessionid=ac16012b30d66c288224bd604ba6a2c7b8928c3dc870.e3iSbxaKaheRe3eNbhaPbhuQa41ynknvrkLOlQzNp65In0 HTTP/1.1" 200 14
190.248.145.202 - - [18/Apr/2015:11:51:02 -0500] "GET /huelladecarbono/Imagenes/btn_verde.png HTTP/1.1" 200 3266
190.248.145.202 - - [18/Apr/2015:11:51:02 -0500] "GET /huelladecarbono/Imagenes/btn_verde3.png HTTP/1.1" 200 4302
190.248.145.202 - - [18/Apr/2015:11:51:02 -0500] "GET /huelladecarbono/Imagenes/btn_verde5.png HTTP/1.1" 200 4384
190.248.145.202 - - [18/Apr/2015:11:51:02 -0500] "GET /huelladecarbono/Imagenes/btn_verde2.png HTTP/1.1" 200 4064
190.248.145.202 - - [18/Apr/2015:11:51:02 -0500] "GET /huelladecarbono/Imagenes/btn_verde4.png HTTP/1.1" 200 3343
190.25.157.12 - - [18/Apr/2015:11:51:02 -0500] "POST /forms/lservlet;jsessionid=ac16012b30d66c288224bd604ba6a2c7b8928c3dc870.e3iSbxaKaheRe3eNbhaPbhuQa41ynknvrkLOlQzNp65In0 HTTP/1.1" 200 14
190.248.145.202 - - [18/Apr/2015:11:51:03 -0500] "GET /huelladecarbono/huella_carbono.html HTTP/1.1" 200 5190
190.248.145.202 - - [18/Apr/2015:11:51:03 -0500] "GET /huelladecarbono/Imagenes/HUELLA_TITLE.jpg HTTP/1.1" 200 8599
190.248.145.202 - - [18/Apr/2015:11:51:03 -0500] "GET /huelladecarbono/Imagenes/hand.png HTTP/1.1" 200 1578
190.25.157.12 - - [18/Apr/2015:11:51:04 -0500] "POST /forms/lservlet;jsessionid=ac16012b30d66c288224bd604ba6a2c7b8928c3dc870.e3iSbxaKaheRe3eNbhaPbhuQa41ynknvrkLOlQzNp65In0 HTTP/1.1" 200 114
190.25.157.12 - - [18/Apr/2015:11:51:04 -0500] "POST /forms/lservlet;jsessionid=ac16012b30d66c288224bd604ba6a2c7b8928c3dc870.e3iSbxaKaheRe3eNbhaPbhuQa41ynknvrkLOlQzNp65In0 HTTP/1.1" 200 11
190.25.157.12 - - [18/Apr/2015:11:51:04 -0500] "GET /reports/rwservlet/getjobid347521?server=rep_srvapsda HTTP/1.1" 200 47964
66.249.64.82 - - [18/Apr/2015:11:51:09 -0500] "GET /BLA/resoluciones/RESOLUCIONES%202013/1548.pdf HTTP/1.1" 200 280013
66.249.64.84 - - [18/Apr/2015:11:51:11 -0500] "GET /BLA/resoluciones/RESOLUCIONES%202013/2643.pdf HTTP/1.1" 200 1965711
190.248.145.202 - - [18/Apr/2015:11:51:13 -0500] "GET /huelladecarbono/descargas.html HTTP/1.1" 200 5786
190.248.145.202 - - [18/Apr/2015:11:51:13 -0500] "GET /huelladecarbono/Imagenes/DESCARGA_TITLE.jpg HTTP/1.1" 200 5283
190.248.145.202 - - [18/Apr/2015:11:51:13 -0500] "GET /huelladecarbono/Imagenes/hand2.png HTTP/1.1" 200 1415
200.69.101.18 - - [18/Apr/2015:11:51:13 -0500] "GET /BLA/boletinlegal/js/jquery.scrollTo-min.js HTTP/1.1" 200 1150
200.69.101.18 - - [18/Apr/2015:11:51:13 -0500] "GET /BLA/boletinlegal/js/jquery.scrollShow.js HTTP/1.1" 200 4586
200.69.101.18 - - [18/Apr/2015:11:51:15 -0500] "GET /galeria/galeria/jquery.fancybox.js?v=2.1.5 HTTP/1.1" 200 48706
200.69.101.18 - - [18/Apr/2015:11:51:15 -0500] "GET /galeria/galeria/jquery.fancybox.css?v=2.1.5 HTTP/1.1" 200 4895
200.69.101.18 - - [18/Apr/2015:11:51:15 -0500] "GET /galeria/carrusel/Carrusel/jquery.thumbnailScroller.css HTTP/1.1" 200 2066
190.248.145.202 - - [18/Apr/2015:11:51:19 -0500] "GET /huelladecarbono/imagenes_descargas/fondo%20pantalla%20carbonoNO.jpg HTTP/1.1" 200 320473
190.248.145.202 - - [18/Apr/2015:11:51:20 -0500] "GET /favicon.ico HTTP/1.1" 200 7782
200.69.101.18 - - [18/Apr/2015:11:51:20 -0500] "GET /galeria/carrusel/Carrusel/jquery-ui-1.8.13.custom.min.js HTTP/1.1" 200 10800
200.93.167.9 - - [18/Apr/2015:11:51:21 -0500] "GET /galeria/galeria/jquery.fancybox.css?v=2.1.5 HTTP/1.1" 304 -
200.93.167.9 - - [18/Apr/2015:11:51:21 -0500] "GET /BLA/boletinlegal/js/jquery.scrollTo-min.js HTTP/1.1" 304 -
200.93.167.9 - - [18/Apr/2015:11:51:21 -0500] "GET /BLA/boletinlegal/js/jquery.scrollShow.js HTTP/1.1" 304 -
200.93.167.9 - - [18/Apr/2015:11:51:21 -0500] "GET /galeria/galeria/jquery.fancybox.js?v=2.1.5 HTTP/1.1" 304 -
200.69.101.18 - - [18/Apr/2015:11:51:23 -0500] "GET /galeria/carrusel/Carrusel/jquery.thumbnailScroller.js HTTP/1.1" 200 8157
190.248.145.202 - - [18/Apr/2015:11:51:30 -0500] "GET /huelladecarbono/logo-camiseta.html HTTP/1.1" 200 617
190.248.145.202 - - [18/Apr/2015:11:51:30 -0500] "GET /huelladecarbono/imagenes_descargas/camiseta.jpg HTTP/1.1" 200 172516
66.249.64.86 - - [18/Apr/2015:11:51:33 -0500] "GET /BLA/resoluciones/RESOLUCIONES%202013/3287.pdf HTTP/1.1" 200 3943327
200.69.101.18 - - [18/Apr/2015:11:51:35 -0500] "GET /galeria/nivo-slider/demo/demo.html HTTP/1.1" 200 5117
200.69.101.18 - - [18/Apr/2015:11:51:39 -0500] "GET /galeria/nivo-slider/themes/default/default.css HTTP/1.1" 200 1569
200.69.101.18 - - [18/Apr/2015:11:51:39 -0500] "GET /galeria/nivo-slider/themes/pascal/pascal.css HTTP/1.1" 200 2258
200.69.101.18 - - [18/Apr/2015:11:51:39 -0500] "GET /galeria/nivo-slider/themes/orman/orman.css HTTP/1.1" 200 2152
200.69.101.18 - - [18/Apr/2015:11:51:39 -0500] "GET /galeria/nivo-slider/demo/style.css HTTP/1.1" 200 2222
200.69.101.18 - - [18/Apr/2015:11:51:39 -0500] "GET /galeria/nivo-slider/demo/images/ecolectaabril20.jpg HTTP/1.1" 200 72606
200.69.101.18 - - [18/Apr/2015:11:51:39 -0500] "GET /galeria/nivo-slider/nivo-slider.css HTTP/1.1" 200 1507
200.69.101.18 - - [18/Apr/2015:11:51:39 -0500] "GET /galeria/nivo-slider/demo/images/pedaleando-por-la-tierra.jpg HTTP/1.1" 200 234362
200.69.101.18 - - [18/Apr/2015:11:51:39 -0500] "GET /galeria/nivo-slider/demo/images/ECO-YOGA-FESTIVAL.jpg HTTP/1.1" 200 130307
200.69.101.18 - - [18/Apr/2015:11:51:39 -0500] "GET /galeria/nivo-slider/demo/images/marcha2015.jpg HTTP/1.1" 200 85177
200.69.101.18 - - [18/Apr/2015:11:51:39 -0500] "GET /galeria/nivo-slider/demo/images/no-sea-victima.jpg HTTP/1.1" 200 254155
200.69.101.18 - - [18/Apr/2015:11:51:39 -0500] "GET /galeria/nivo-slider/demo/images/Convocatoria_recicladores.jpg HTTP/1.1" 200 213976
66.249.64.22 - - [18/Apr/2015:11:51:40 -0500] "GET /SIG/ECS/126PM04-PR113.pdf HTTP/1.1" 200 3459428
200.69.101.18 - - [18/Apr/2015:11:51:40 -0500] "GET /galeria/nivo-slider/demo/images/acuerdo_569.jpg HTTP/1.1" 200 62670
200.69.101.18 - - [18/Apr/2015:11:51:41 -0500] "GET /galeria/nivo-slider/demo/images/Licitaciones-proyecto-paramo.jpg HTTP/1.1" 200 221877
200.69.101.18 - - [18/Apr/2015:11:51:41 -0500] "GET /galeria/nivo-slider/demo/images/Banner-decreto1299.jpg HTTP/1.1" 200 182613
186.117.128.92 - - [18/Apr/2015:11:51:45 -0500] "GET /galeria/galeria/jquery.fancybox.css?v=2.1.5 HTTP/1.1" 200 4895
186.117.128.92 - - [18/Apr/2015:11:51:45 -0500] "GET /BLA/boletinlegal/js/jquery.scrollTo-min.js HTTP/1.1" 200 1150
186.117.128.92 - - [18/Apr/2015:11:51:46 -0500] "GET /BLA/boletinlegal/js/jquery.scrollShow.js HTTP/1.1" 200 4586
186.117.128.92 - - [18/Apr/2015:11:51:46 -0500] "GET /galeria/galeria/jquery.fancybox.js?v=2.1.5 HTTP/1.1" 200 48706
186.145.15.143 - - [18/Apr/2015:11:51:53 -0500] "POST /forms/lservlet;jsessionid=ac16012b30d6f23c8b54714647ac99c9c66060d2f801.e3iSbxaKaheRe3eNbhaPbhuQa41ynknvrkLOlQzNp65In0 HTTP/1.1" 200 2
190.248.145.202 - - [18/Apr/2015:11:51:57 -0500] "GET /huelladecarbono/imagenes_descargas/avatar.jpg HTTP/1.1" 200 40409
190.248.145.202 - - [18/Apr/2015:11:52:02 -0500] "GET /huelladecarbono/soluciones.html HTTP/1.1" 200 6658
190.248.145.202 - - [18/Apr/2015:11:52:02 -0500] "GET /huelladecarbono/Scripts/swfobject_modified.js HTTP/1.1" 200 22365
190.248.145.202 - - [18/Apr/2015:11:52:02 -0500] "GET /huelladecarbono/Imagenes/SOLUCION_TITLE.jpg HTTP/1.1" 200 5274
190.248.145.202 - - [18/Apr/2015:11:52:02 -0500] "GET /huelladecarbono/soluciones2.swf HTTP/1.1" 200 44100
190.248.145.202 - - [18/Apr/2015:11:52:08 -0500] "GET /huelladecarbono/soluciones2.html HTTP/1.1" 200 4642
190.248.145.202 - - [18/Apr/2015:11:52:08 -0500] "GET /huelladecarbono/Imagenes/TIPS.jpg HTTP/1.1" 200 356031
200.69.103.254 - - [18/Apr/2015:11:52:12 -0500] "GET /galeria/carrusel/Carrusel/jquery.thumbnailScroller.css HTTP/1.0" 200 2066
200.69.103.254 - - [18/Apr/2015:11:52:12 -0500] "GET /galeria/carrusel/Carrusel/jquery-ui-1.8.13.custom.min.js HTTP/1.0" 200 10800
190.248.145.202 - - [18/Apr/2015:11:52:16 -0500] "GET /huelladecarbono/soluciones3.html HTTP/1.1" 200 4631
190.248.145.202 - - [18/Apr/2015:11:52:16 -0500] "GET /huelladecarbono/Imagenes/TIPS2.jpg HTTP/1.1" 200 270181
190.25.157.12 - - [18/Apr/2015:11:52:17 -0500] "POST /forms/lservlet;jsessionid=ac16012b30d66c288224bd604ba6a2c7b8928c3dc870.e3iSbxaKaheRe3eNbhaPbhuQa41ynknvrkLOlQzNp65In0 HTTP/1.1" 200 556
190.158.10.175 - - [18/Apr/2015:11:52:21 -0500] "GET /galeria/galeria/jquery.fancybox.css?v=2.1.5 HTTP/1.1" 200 4895
190.158.10.175 - - [18/Apr/2015:11:52:21 -0500] "GET /BLA/boletinlegal/js/jquery.scrollTo-min.js HTTP/1.1" 200 1150
190.158.10.175 - - [18/Apr/2015:11:52:21 -0500] "GET /BLA/boletinlegal/js/jquery.scrollShow.js HTTP/1.1" 200 4586
190.158.10.175 - - [18/Apr/2015:11:52:21 -0500] "GET /galeria/galeria/jquery.fancybox.js?v=2.1.5 HTTP/1.1" 200 48706
190.25.157.12 - - [18/Apr/2015:11:52:21 -0500] "POST /forms/lservlet;jsessionid=ac16012b30d66c288224bd604ba6a2c7b8928c3dc870.e3iSbxaKaheRe3eNbhaPbhuQa41ynknvrkLOlQzNp65In0 HTTP/1.1" 200 2
190.25.157.12 - - [18/Apr/2015:11:52:21 -0500] "POST /forms/lservlet;jsessionid=ac16012b30d66c288224bd604ba6a2c7b8928c3dc870.e3iSbxaKaheRe3eNbhaPbhuQa41ynknvrkLOlQzNp65In0 HTTP/1.1" 200 102
190.25.157.12 - - [18/Apr/2015:11:52:22 -0500] "POST /forms/lservlet;jsessionid=ac16012b30d66c288224bd604ba6a2c7b8928c3dc870.e3iSbxaKaheRe3eNbhaPbhuQa41ynknvrkLOlQzNp65In0 HTTP/1.1" 200 2
190.25.157.12 - - [18/Apr/2015:11:52:22 -0500] "POST /forms/lservlet;jsessionid=ac16012b30d66c288224bd604ba6a2c7b8928c3dc870.e3iSbxaKaheRe3eNbhaPbhuQa41ynknvrkLOlQzNp65In0 HTTP/1.1" 200 375
190.25.157.12 - - [18/Apr/2015:11:52:22 -0500] "POST /forms/lservlet;jsessionid=ac16012b30d66c288224bd604ba6a2c7b8928c3dc870.e3iSbxaKaheRe3eNbhaPbhuQa41ynknvrkLOlQzNp65In0 HTTP/1.1" 200 2
190.25.157.12 - - [18/Apr/2015:11:52:23 -0500] "POST /forms/lservlet;jsessionid=ac16012b30d66c288224bd604ba6a2c7b8928c3dc870.e3iSbxaKaheRe3eNbhaPbhuQa41ynknvrkLOlQzNp65In0 HTTP/1.1" 200 34
150.70.97.86 - - [18/Apr/2015:11:52:23 -0500] "GET /galeria/galeria/jquery.fancybox.js?v=2.1.5 HTTP/1.1" 200 48706
190.25.157.12 - - [18/Apr/2015:11:52:23 -0500] "POST /forms/lservlet;jsessionid=ac16012b30d66c288224bd604ba6a2c7b8928c3dc870.e3iSbxaKaheRe3eNbhaPbhuQa41ynknvrkLOlQzNp65In0 HTTP/1.1" 200 2
190.25.157.12 - - [18/Apr/2015:11:52:23 -0500] "POST /forms/lservlet;jsessionid=ac16012b30d66c288224bd604ba6a2c7b8928c3dc870.e3iSbxaKaheRe3eNbhaPbhuQa41ynknvrkLOlQzNp65In0 HTTP/1.1" 200 2017
190.25.157.12 - - [18/Apr/2015:11:52:23 -0500] "POST /forms/lservlet;jsessionid=ac16012b30d66c288224bd604ba6a2c7b8928c3dc870.e3iSbxaKaheRe3eNbhaPbhuQa41ynknvrkLOlQzNp65In0 HTTP/1.1" 200 78
181.130.227.228 - - [18/Apr/2015:11:52:23 -0500] "GET /BLA/boletinlegal/js/jquery.scrollTo-min.js HTTP/1.1" 200 1150
190.158.10.175 - - [18/Apr/2015:11:52:23 -0500] "GET /galeria/galeria/jquery.fancybox.js?v=2.1.5 HTTP/1.1" 304 -
190.158.10.175 - - [18/Apr/2015:11:52:23 -0500] "GET /galeria/galeria/jquery.fancybox.css?v=2.1.5 HTTP/1.1" 304 -
190.158.10.175 - - [18/Apr/2015:11:52:23 -0500] "GET /BLA/boletinlegal/js/jquery.scrollTo-min.js HTTP/1.1" 304 -
190.158.10.175 - - [18/Apr/2015:11:52:23 -0500] "GET /BLA/boletinlegal/js/jquery.scrollShow.js HTTP/1.1" 304 -
190.25.157.12 - - [18/Apr/2015:11:52:25 -0500] "POST /forms/lservlet;jsessionid=ac16012b30d66c288224bd604ba6a2c7b8928c3dc870.e3iSbxaKaheRe3eNbhaPbhuQa41ynknvrkLOlQzNp65In0 HTTP/1.1" 200 17365
190.25.157.12 - - [18/Apr/2015:11:52:25 -0500] "GET /imagenes/SELECION.gif HTTP/1.1" 200 988
190.25.157.12 - - [18/Apr/2015:11:52:25 -0500] "GET /imagenes/meter.gif HTTP/1.1" 200 1083
190.25.157.12 - - [18/Apr/2015:11:52:25 -0500] "GET /imagenes/Utility.gif HTTP/1.1" 200 1049
190.25.157.12 - - [18/Apr/2015:11:52:25 -0500] "GET /imagenes/rt_print.gif HTTP/1.1" 200 916
190.25.157.12 - - [18/Apr/2015:11:52:25 -0500] "POST /forms/lservlet;jsessionid=ac16012b30d66c288224bd604ba6a2c7b8928c3dc870.e3iSbxaKaheRe3eNbhaPbhuQa41ynknvrkLOlQzNp65In0 HTTP/1.1" 200 10
190.25.157.12 - - [18/Apr/2015:11:52:25 -0500] "POST /forms/lservlet;jsessionid=ac16012b30d66c288224bd604ba6a2c7b8928c3dc870.e3iSbxaKaheRe3eNbhaPbhuQa41ynknvrkLOlQzNp65In0 HTTP/1.1" 200 27
181.130.227.228 - - [18/Apr/2015:11:52:25 -0500] "GET /BLA/boletinlegal/js/jquery.scrollShow.js HTTP/1.1" 200 4586
181.130.227.228 - - [18/Apr/2015:11:52:25 -0500] "GET /galeria/galeria/jquery.fancybox.css?v=2.1.5 HTTP/1.1" 200 4895
181.130.227.228 - - [18/Apr/2015:11:52:25 -0500] "GET /galeria/carrusel/Carrusel/jquery.thumbnailScroller.css HTTP/1.1" 200 2066
181.130.227.228 - - [18/Apr/2015:11:52:25 -0500] "GET /galeria/galeria/jquery.fancybox.js?v=2.1.5 HTTP/1.1" 200 48706
181.130.227.228 - - [18/Apr/2015:11:52:25 -0500] "GET /galeria/carrusel/Carrusel/jquery-ui-1.8.13.custom.min.js HTTP/1.1" 200 10800
181.130.227.228 - - [18/Apr/2015:11:52:25 -0500] "GET /galeria/carrusel/Carrusel/jquery.thumbnailScroller.js HTTP/1.1" 200 8157
190.25.157.12 - - [18/Apr/2015:11:52:27 -0500] "POST /forms/lservlet;jsessionid=ac16012b30d66c288224bd604ba6a2c7b8928c3dc870.e3iSbxaKaheRe3eNbhaPbhuQa41ynknvrkLOlQzNp65In0 HTTP/1.1" 200 2
190.25.157.12 - - [18/Apr/2015:11:52:27 -0500] "POST /forms/lservlet;jsessionid=ac16012b30d66c288224bd604ba6a2c7b8928c3dc870.e3iSbxaKaheRe3eNbhaPbhuQa41ynknvrkLOlQzNp65In0 HTTP/1.1" 200 94
190.25.157.12 - - [18/Apr/2015:11:52:27 -0500] "POST /forms/lservlet;jsessionid=ac16012b30d66c288224bd604ba6a2c7b8928c3dc870.e3iSbxaKaheRe3eNbhaPbhuQa41ynknvrkLOlQzNp65In0 HTTP/1.1" 200 2
181.130.227.228 - - [18/Apr/2015:11:52:27 -0500] "GET /galeria/nivo-slider/demo/demo.html HTTP/1.1" 200 5117
190.25.157.12 - - [18/Apr/2015:11:52:28 -0500] "POST /forms/lservlet;jsessionid=ac16012b30d66c288224bd604ba6a2c7b8928c3dc870.e3iSbxaKaheRe3eNbhaPbhuQa41ynknvrkLOlQzNp65In0 HTTP/1.1" 200 2
200.69.103.254 - - [18/Apr/2015:11:52:28 -0500] "GET /galeria/nivo-slider/demo/demo.html HTTP/1.0" 200 5117
190.25.157.12 - - [18/Apr/2015:11:52:28 -0500] "POST /forms/lservlet;jsessionid=ac16012b30d66c288224bd604ba6a2c7b8928c3dc870.e3iSbxaKaheRe3eNbhaPbhuQa41ynknvrkLOlQzNp65In0 HTTP/1.1" 200 630
190.25.157.12 - - [18/Apr/2015:11:52:28 -0500] "POST /forms/lservlet;jsessionid=ac16012b30d66c288224bd604ba6a2c7b8928c3dc870.e3iSbxaKaheRe3eNbhaPbhuQa41ynknvrkLOlQzNp65In0 HTTP/1.1" 200 45
181.130.227.228 - - [18/Apr/2015:11:52:28 -0500] "GET /galeria/nivo-slider/themes/default/default.css HTTP/1.1" 200 1569
181.130.227.228 - - [18/Apr/2015:11:52:28 -0500] "GET /galeria/nivo-slider/themes/orman/orman.css HTTP/1.1" 200 2152
181.130.227.228 - - [18/Apr/2015:11:52:28 -0500] "GET /galeria/nivo-slider/themes/pascal/pascal.css HTTP/1.1" 200 2258
181.130.227.228 - - [18/Apr/2015:11:52:28 -0500] "GET /galeria/nivo-slider/nivo-slider.css HTTP/1.1" 200 1507
181.130.227.228 - - [18/Apr/2015:11:52:28 -0500] "GET /galeria/nivo-slider/demo/style.css HTTP/1.1" 200 2222
181.130.227.228 - - [18/Apr/2015:11:52:28 -0500] "GET /galeria/nivo-slider/demo/scripts/jquery-1.7.1.min.js HTTP/1.1" 200 93868
181.130.227.228 - - [18/Apr/2015:11:52:28 -0500] "GET /galeria/nivo-slider/jquery.nivo.slider.pack.js HTTP/1.1" 200 11561
181.130.227.228 - - [18/Apr/2015:11:52:28 -0500] "GET /galeria/nivo-slider/demo/images/pedaleando-por-la-tierra.jpg HTTP/1.1" 200 234362
181.130.227.228 - - [18/Apr/2015:11:52:28 -0500] "GET /galeria/nivo-slider/demo/images/ECO-YOGA-FESTIVAL.jpg HTTP/1.1" 200 130307
181.130.227.228 - - [18/Apr/2015:11:52:28 -0500] "GET /galeria/nivo-slider/demo/images/ecolectaabril20.jpg HTTP/1.1" 200 72606
200.69.103.254 - - [18/Apr/2015:11:52:28 -0500] "GET /galeria/nivo-slider/themes/default/default.css HTTP/1.0" 200 1569
200.69.103.254 - - [18/Apr/2015:11:52:28 -0500] "GET /galeria/nivo-slider/demo/style.css HTTP/1.0" 200 2222
200.69.103.254 - - [18/Apr/2015:11:52:28 -0500] "GET /galeria/nivo-slider/nivo-slider.css HTTP/1.0" 200 1507
200.69.103.254 - - [18/Apr/2015:11:52:28 -0500] "GET /galeria/nivo-slider/themes/orman/orman.css HTTP/1.0" 200 2152
200.69.103.254 - - [18/Apr/2015:11:52:28 -0500] "GET /galeria/nivo-slider/themes/pascal/pascal.css HTTP/1.0" 200 2258
200.69.103.254 - - [18/Apr/2015:11:52:29 -0500] "GET /galeria/nivo-slider/demo/scripts/jquery-1.7.1.min.js HTTP/1.0" 200 93868
200.69.103.254 - - [18/Apr/2015:11:52:29 -0500] "GET /galeria/nivo-slider/jquery.nivo.slider.pack.js HTTP/1.0" 200 11561
181.130.227.228 - - [18/Apr/2015:11:52:29 -0500] "GET /galeria/nivo-slider/demo/images/marcha2015.jpg HTTP/1.1" 200 85177
181.130.227.228 - - [18/Apr/2015:11:52:29 -0500] "GET /galeria/nivo-slider/demo/images/4Simple_Slider.png HTTP/1.1" 200 11722
181.130.227.228 - - [18/Apr/2015:11:52:29 -0500] "GET /galeria/nivo-slider/themes/default/loading.gif HTTP/1.1" 200 1737
181.130.227.228 - - [18/Apr/2015:11:52:29 -0500] "GET /galeria/nivo-slider/demo/images/no-sea-victima.jpg HTTP/1.1" 200 254155
181.130.227.228 - - [18/Apr/2015:11:52:30 -0500] "GET /galeria/nivo-slider/demo/images/Convocatoria_recicladores.jpg HTTP/1.1" 200 213976
181.130.227.228 - - [18/Apr/2015:11:52:30 -0500] "GET /galeria/nivo-slider/demo/images/acuerdo_569.jpg HTTP/1.1" 200 62670
181.130.227.228 - - [18/Apr/2015:11:52:30 -0500] "GET /galeria/nivo-slider/demo/images/Licitaciones-proyecto-paramo.jpg HTTP/1.1" 200 221877
181.130.227.228 - - [18/Apr/2015:11:52:30 -0500] "GET /galeria/nivo-slider/demo/images/Banner-decreto1299.jpg HTTP/1.1" 200 182613
181.130.227.228 - - [18/Apr/2015:11:52:31 -0500] "GET /galeria/nivo-slider/demo/images/Banner-Directorio.jpg HTTP/1.1" 200 182068
180.76.4.160 - - [18/Apr/2015:11:52:31 -0500] "GET / HTTP/1.1" 200 10190
190.25.157.12 - - [18/Apr/2015:11:52:31 -0500] "POST /forms/lservlet;jsessionid=ac16012b30d66c288224bd604ba6a2c7b8928c3dc870.e3iSbxaKaheRe3eNbhaPbhuQa41ynknvrkLOlQzNp65In0 HTTP/1.1" 200 34741
181.130.227.228 - - [18/Apr/2015:11:52:32 -0500] "GET /galeria/nivo-slider/demo/images/banner-V2.jpg HTTP/1.1" 200 59297
190.25.157.12 - - [18/Apr/2015:11:52:32 -0500] "GET /imagenes/listval.gif HTTP/1.1" 200 905
190.25.157.12 - - [18/Apr/2015:11:52:32 -0500] "POST /forms/lservlet;jsessionid=ac16012b30d66c288224bd604ba6a2c7b8928c3dc870.e3iSbxaKaheRe3eNbhaPbhuQa41ynknvrkLOlQzNp65In0 HTTP/1.1" 200 7
200.69.103.254 - - [18/Apr/2015:11:52:32 -0500] "GET /galeria/nivo-slider/demo/images/4Simple_Slider.png HTTP/1.0" 200 11722
200.69.103.254 - - [18/Apr/2015:11:52:32 -0500] "GET /galeria/nivo-slider/themes/default/loading.gif HTTP/1.0" 200 1737
181.130.227.228 - - [18/Apr/2015:11:52:32 -0500] "GET /galeria/nivo-slider/demo/images/Ruta-vertimientos-01.jpg HTTP/1.1" 200 130151
181.130.227.228 - - [18/Apr/2015:11:52:32 -0500] "GET /galeria/nivo-slider/demo/images/bolsas-06.jpg HTTP/1.1" 200 90982
181.130.227.228 - - [18/Apr/2015:11:52:32 -0500] "GET /galeria/nivo-slider/demo/images/bolsas-08.jpg HTTP/1.1" 200 85589
181.130.227.228 - - [18/Apr/2015:11:52:32 -0500] "GET /galeria/nivo-slider/demo/images/redes_sociales.jpg HTTP/1.1" 200 415652
190.25.157.12 - - [18/Apr/2015:11:52:33 -0500] "POST /forms/lservlet;jsessionid=ac16012b30d66c288224bd604ba6a2c7b8928c3dc870.e3iSbxaKaheRe3eNbhaPbhuQa41ynknvrkLOlQzNp65In0 HTTP/1.1" 200 34
190.25.157.12 - - [18/Apr/2015:11:52:33 -0500] "POST /forms/lservlet;jsessionid=ac16012b30d66c288224bd604ba6a2c7b8928c3dc870.e3iSbxaKaheRe3eNbhaPbhuQa41ynknvrkLOlQzNp65In0 HTTP/1.1" 200 2
190.25.157.12 - - [18/Apr/2015:11:52:33 -0500] "POST /forms/lservlet;jsessionid=ac16012b30d66c288224bd604ba6a2c7b8928c3dc870.e3iSbxaKaheRe3eNbhaPbhuQa41ynknvrkLOlQzNp65In0 HTTP/1.1" 200 610
181.130.227.228 - - [18/Apr/2015:11:52:33 -0500] "GET /galeria/nivo-slider/demo/images/Conoce-los-humedales.jpg HTTP/1.1" 200 294036
181.130.227.228 - - [18/Apr/2015:11:52:33 -0500] "GET /galeria/nivo-slider/demo/images/ecolecta-Dic2014.png HTTP/1.1" 200 288593
181.130.227.228 - - [18/Apr/2015:11:52:34 -0500] "GET /galeria/nivo-slider/demo/images/Tingua-azul.jpg HTTP/1.1" 200 307638
181.130.227.228 - - [18/Apr/2015:11:52:34 -0500] "GET /galeria/nivo-slider/demo/images/porloshumedales.jpg HTTP/1.1" 200 351238
181.130.227.228 - - [18/Apr/2015:11:52:34 -0500] "GET /galeria/nivo-slider/demo/images/banner-llantas2.jpg HTTP/1.1" 200 73153
66.249.64.82 - - [18/Apr/2015:11:52:34 -0500] "GET /BLA/resoluciones/RESOLUCIONES%202013/1946.pdf HTTP/1.1" 200 703520
181.130.227.228 - - [18/Apr/2015:11:52:35 -0500] "GET /galeria/nivo-slider/demo/images/9Signos.jpg HTTP/1.1" 200 81776
181.130.227.228 - - [18/Apr/2015:11:52:38 -0500] "GET /galeria/nivo-slider/themes/default/arrows.png HTTP/1.1" 200 824
181.130.227.228 - - [18/Apr/2015:11:52:38 -0500] "GET /galeria/nivo-slider/themes/default/bullets.png HTTP/1.1" 200 1281
190.25.157.12 - - [18/Apr/2015:11:52:38 -0500] "POST /forms/lservlet;jsessionid=ac16012b30d66c288224bd604ba6a2c7b8928c3dc870.e3iSbxaKaheRe3eNbhaPbhuQa41ynknvrkLOlQzNp65In0 HTTP/1.1" 200 4371
66.249.64.24 - - [18/Apr/2015:11:52:39 -0500] "GET /SIG/Gesti%C3%B3n%20Talento%20Humano/126PA01-PR12.pdf HTTP/1.1" 200 60205
66.249.64.24 - - [18/Apr/2015:11:52:42 -0500] "GET /SIG/ECS/126PM04-PR34.pdf HTTP/1.1" 200 1987791
190.25.157.12 - - [18/Apr/2015:11:52:44 -0500] "POST /forms/lservlet;jsessionid=ac16012b30d66c288224bd604ba6a2c7b8928c3dc870.e3iSbxaKaheRe3eNbhaPbhuQa41ynknvrkLOlQzNp65In0 HTTP/1.1" 200 2
190.25.157.12 - - [18/Apr/2015:11:52:44 -0500] "POST /forms/lservlet;jsessionid=ac16012b30d66c288224bd604ba6a2c7b8928c3dc870.e3iSbxaKaheRe3eNbhaPbhuQa41ynknvrkLOlQzNp65In0 HTTP/1.1" 200 14
190.25.157.12 - - [18/Apr/2015:11:52:45 -0500] "POST /forms/lservlet;jsessionid=ac16012b30d66c288224bd604ba6a2c7b8928c3dc870.e3iSbxaKaheRe3eNbhaPbhuQa41ynknvrkLOlQzNp65In0 HTTP/1.1" 200 133
190.25.157.12 - - [18/Apr/2015:11:52:46 -0500] "POST /forms/lservlet;jsessionid=ac16012b30d66c288224bd604ba6a2c7b8928c3dc870.e3iSbxaKaheRe3eNbhaPbhuQa41ynknvrkLOlQzNp65In0 HTTP/1.1" 200 2
190.25.157.12 - - [18/Apr/2015:11:52:46 -0500] "POST /forms/lservlet;jsessionid=ac16012b30d66c288224bd604ba6a2c7b8928c3dc870.e3iSbxaKaheRe3eNbhaPbhuQa41ynknvrkLOlQzNp65In0 HTTP/1.1" 200 2
190.25.157.12 - - [18/Apr/2015:11:52:46 -0500] "GET /reports/rwservlet/getjobid347522?server=rep_srvapsda HTTP/1.1" 200 887683
66.249.64.86 - - [18/Apr/2015:11:52:51 -0500] "GET /BLA/resoluciones/RESOLUCIONES%202013/2448.pdf HTTP/1.1" 200 9604512
190.24.223.132 - - [18/Apr/2015:11:53:27 -0500] "GET /galeria/nivo-slider/demo/demo.html HTTP/1.1" 200 5117
190.24.223.132 - - [18/Apr/2015:11:53:29 -0500] "GET /galeria/nivo-slider/demo/images/pedaleando-por-la-tierra.jpg HTTP/1.1" 200 234362
190.24.223.132 - - [18/Apr/2015:11:53:29 -0500] "GET /galeria/nivo-slider/demo/images/ECO-YOGA-FESTIVAL.jpg HTTP/1.1" 200 130307
190.24.223.132 - - [18/Apr/2015:11:53:29 -0500] "GET /galeria/nivo-slider/demo/images/marcha2015.jpg HTTP/1.1" 200 85177
190.24.223.132 - - [18/Apr/2015:11:53:29 -0500] "GET /galeria/nivo-slider/demo/images/ecolectaabril20.jpg HTTP/1.1" 200 72606
190.24.223.132 - - [18/Apr/2015:11:53:29 -0500] "GET /galeria/nivo-slider/demo/images/no-sea-victima.jpg HTTP/1.1" 304 -
190.24.223.132 - - [18/Apr/2015:11:53:29 -0500] "GET /galeria/nivo-slider/demo/images/Convocatoria_recicladores.jpg HTTP/1.1" 304 -
190.24.223.132 - - [18/Apr/2015:11:53:29 -0500] "GET /galeria/nivo-slider/demo/images/acuerdo_569.jpg HTTP/1.1" 304 -
190.24.223.132 - - [18/Apr/2015:11:53:29 -0500] "GET /galeria/nivo-slider/demo/images/Licitaciones-proyecto-paramo.jpg HTTP/1.1" 304 -
190.24.223.132 - - [18/Apr/2015:11:53:29 -0500] "GET /galeria/nivo-slider/demo/images/Banner-decreto1299.jpg HTTP/1.1" 304 -
190.24.223.132 - - [18/Apr/2015:11:53:29 -0500] "GET /galeria/nivo-slider/demo/images/banner-V2.jpg HTTP/1.1" 304 -
190.24.223.132 - - [18/Apr/2015:11:53:29 -0500] "GET /galeria/nivo-slider/demo/images/bolsas-06.jpg HTTP/1.1" 304 -
190.24.223.132 - - [18/Apr/2015:11:53:29 -0500] "GET /galeria/nivo-slider/demo/images/bolsas-08.jpg HTTP/1.1" 304 -
190.24.223.132 - - [18/Apr/2015:11:53:30 -0500] "GET /galeria/nivo-slider/demo/images/porloshumedales.jpg HTTP/1.1" 304 -
190.24.223.132 - - [18/Apr/2015:11:53:30 -0500] "GET /galeria/nivo-slider/demo/images/Ruta-vertimientos-01.jpg HTTP/1.1" 304 -
66.249.64.24 - - [18/Apr/2015:11:53:45 -0500] "GET /SIG/ECS/126PM04-PR77.pdf HTTP/1.1" 200 5650676
186.145.15.143 - - [18/Apr/2015:11:53:53 -0500] "POST /forms/lservlet;jsessionid=ac16012b30d6f23c8b54714647ac99c9c66060d2f801.e3iSbxaKaheRe3eNbhaPbhuQa41ynknvrkLOlQzNp65In0 HTTP/1.1" 200 2
66.249.64.24 - - [18/Apr/2015:11:53:53 -0500] "GET /SIG/ECS/126PM04-PR04.pdf HTTP/1.1" 200 2983801
200.69.103.254 - - [18/Apr/2015:11:53:57 -0500] "GET /galeria/nivo-slider/demo/images/pedaleando-por-la-tierra.jpg HTTP/1.0" 200 234362
200.69.103.254 - - [18/Apr/2015:11:53:59 -0500] "GET /galeria/nivo-slider/demo/images/ecolectaabril20.jpg HTTP/1.0" 200 72606
66.249.64.22 - - [18/Apr/2015:11:54:00 -0500] "GET /SIG/ECS/126PM04-PR31.pdf HTTP/1.1" 200 4356716
190.25.157.12 - - [18/Apr/2015:11:54:02 -0500] "POST /forms/lservlet;jsessionid=ac16012b30d66c288224bd604ba6a2c7b8928c3dc870.e3iSbxaKaheRe3eNbhaPbhuQa41ynknvrkLOlQzNp65In0 HTTP/1.1" 200 2305
190.25.157.12 - - [18/Apr/2015:11:54:05 -0500] "POST /forms/lservlet;jsessionid=ac16012b30d66c288224bd604ba6a2c7b8928c3dc870.e3iSbxaKaheRe3eNbhaPbhuQa41ynknvrkLOlQzNp65In0 HTTP/1.1" 200 4117
181.204.24.198 - - [18/Apr/2015:11:54:06 -0500] "GET /BLA/boletinlegal/js/jquery.scrollTo-min.js HTTP/1.1" 200 1150
66.249.64.82 - - [18/Apr/2015:11:54:07 -0500] "GET /BLA/resoluciones/RESOLUCIONES%202013/1079.pdf HTTP/1.1" 200 602698
190.25.157.12 - - [18/Apr/2015:11:54:07 -0500] "POST /forms/lservlet;jsessionid=ac16012b30d66c288224bd604ba6a2c7b8928c3dc870.e3iSbxaKaheRe3eNbhaPbhuQa41ynknvrkLOlQzNp65In0 HTTP/1.1" 200 2
200.69.103.254 - - [18/Apr/2015:11:54:08 -0500] "GET /galeria/nivo-slider/demo/images/ECO-YOGA-FESTIVAL.jpg HTTP/1.0" 200 130307
190.25.157.12 - - [18/Apr/2015:11:54:07 -0500] "POST /forms/lservlet;jsessionid=ac16012b30d66c288224bd604ba6a2c7b8928c3dc870.e3iSbxaKaheRe3eNbhaPbhuQa41ynknvrkLOlQzNp65In0 HTTP/1.1" 200 14
181.204.24.198 - - [18/Apr/2015:11:54:09 -0500] "GET /BLA/boletinlegal/js/jquery.scrollShow.js HTTP/1.1" 200 4586
181.204.24.198 - - [18/Apr/2015:11:54:09 -0500] "GET /galeria/galeria/jquery.fancybox.js?v=2.1.5 HTTP/1.1" 200 48706
190.25.157.12 - - [18/Apr/2015:11:54:08 -0500] "POST /forms/lservlet;jsessionid=ac16012b30d66c288224bd604ba6a2c7b8928c3dc870.e3iSbxaKaheRe3eNbhaPbhuQa41ynknvrkLOlQzNp65In0 HTTP/1.1" 200 14
200.69.103.254 - - [18/Apr/2015:11:54:10 -0500] "GET /galeria/nivo-slider/demo/images/marcha2015.jpg HTTP/1.0" 200 85177
180.76.6.155 - - [18/Apr/2015:11:54:10 -0500] "GET /BLA/resoluciones/AUTOS%202009/1273.pdf HTTP/1.1" 200 555031
190.25.157.12 - - [18/Apr/2015:11:54:10 -0500] "POST /forms/lservlet;jsessionid=ac16012b30d66c288224bd604ba6a2c7b8928c3dc870.e3iSbxaKaheRe3eNbhaPbhuQa41ynknvrkLOlQzNp65In0 HTTP/1.1" 200 14
66.249.64.22 - - [18/Apr/2015:11:54:11 -0500] "GET /SIG/Gestion%20Recursos%20Financieros/126PA02-PR06%20MODIFICACIONES%20PRESUPUESTALES.pdf HTTP/1.1" 200 319598
200.69.103.254 - - [18/Apr/2015:11:54:12 -0500] "GET /galeria/nivo-slider/demo/images/no-sea-victima.jpg HTTP/1.0" 200 254155
190.25.157.12 - - [18/Apr/2015:11:54:11 -0500] "POST /forms/lservlet;jsessionid=ac16012b30d66c288224bd604ba6a2c7b8928c3dc870.e3iSbxaKaheRe3eNbhaPbhuQa41ynknvrkLOlQzNp65In0 HTTP/1.1" 200 14
190.25.157.12 - - [18/Apr/2015:11:54:13 -0500] "POST /forms/lservlet;jsessionid=ac16012b30d66c288224bd604ba6a2c7b8928c3dc870.e3iSbxaKaheRe3eNbhaPbhuQa41ynknvrkLOlQzNp65In0 HTTP/1.1" 200 15
66.249.64.24 - - [18/Apr/2015:11:54:15 -0500] "GET /SIG/ECS/126PM04-PR38.pdf HTTP/1.1" 200 5429821
190.25.157.12 - - [18/Apr/2015:11:54:16 -0500] "POST /forms/lservlet;jsessionid=ac16012b30d66c288224bd604ba6a2c7b8928c3dc870.e3iSbxaKaheRe3eNbhaPbhuQa41ynknvrkLOlQzNp65In0 HTTP/1.1" 200 114
190.25.157.12 - - [18/Apr/2015:11:54:16 -0500] "POST /forms/lservlet;jsessionid=ac16012b30d66c288224bd604ba6a2c7b8928c3dc870.e3iSbxaKaheRe3eNbhaPbhuQa41ynknvrkLOlQzNp65In0 HTTP/1.1" 200 2
200.69.103.254 - - [18/Apr/2015:11:54:16 -0500] "GET /galeria/nivo-slider/demo/images/Convocatoria_recicladores.jpg HTTP/1.0" 200 213976
