177.237.138.219 - - [18/Apr/2015:11:26:19 -0500] "GET /videos/DiadelatierraHD_1min.flv HTTP/1.1" 200 7316200
177.237.138.219 - - [18/Apr/2015:11:26:19 -0500] "GET /galeria/nivo-slider/demo/images/Tingua-azul.jpg HTTP/1.1" 200 307638
177.237.138.219 - - [18/Apr/2015:11:26:20 -0500] "GET /galeria/nivo-slider/demo/images/banner-llantas2.jpg HTTP/1.1" 200 73153
177.237.138.219 - - [18/Apr/2015:11:26:21 -0500] "GET /galeria/nivo-slider/demo/images/9Signos.jpg HTTP/1.1" 200 81776
177.237.138.219 - - [18/Apr/2015:11:26:23 -0500] "GET /galeria/nivo-slider/themes/default/arrows.png HTTP/1.1" 200 824
177.237.138.219 - - [18/Apr/2015:11:26:23 -0500] "GET /galeria/nivo-slider/themes/default/bullets.png HTTP/1.1" 200 1281
66.249.64.24 - - [18/Apr/2015:11:26:36 -0500] "GET /SIG/ECS/126PM04-PR101.pdf HTTP/1.1" 200 1680951
66.249.64.86 - - [18/Apr/2015:11:26:42 -0500] "GET /BLA/resoluciones/RESOLUCIONES%202013/2525.pdf HTTP/1.1" 200 475707
181.60.250.63 - - [18/Apr/2015:11:26:44 -0500] "GET /galeria/galeria/jquery.fancybox.js?v=2.1.5 HTTP/1.1" 200 48706
181.60.250.63 - - [18/Apr/2015:11:26:44 -0500] "GET /BLA/boletinlegal/js/jquery.scrollTo-min.js HTTP/1.1" 200 1150
181.60.250.63 - - [18/Apr/2015:11:26:44 -0500] "GET /galeria/galeria/jquery.fancybox.css?v=2.1.5 HTTP/1.1" 200 4895
181.60.250.63 - - [18/Apr/2015:11:26:44 -0500] "GET /BLA/boletinlegal/js/jquery.scrollShow.js HTTP/1.1" 200 4586
190.25.157.12 - - [18/Apr/2015:11:26:46 -0500] "POST /forms/lservlet;jsessionid=ac16012b30d66c288224bd604ba6a2c7b8928c3dc870.e3iSbxaKaheRe3eNbhaPbhuQa41ynknvrkLOlQzNp65In0 HTTP/1.1" 200 2
66.249.64.86 - - [18/Apr/2015:11:26:50 -0500] "GET /BLA/resoluciones/RESOLUCIONES%202013/2651.pdf HTTP/1.1" 200 607558
181.60.250.63 - - [18/Apr/2015:11:26:51 -0500] "GET /galeria/galeria/jquery.fancybox.css?v=2.1.5 HTTP/1.1" 304 -
181.60.250.63 - - [18/Apr/2015:11:26:51 -0500] "GET /BLA/boletinlegal/js/jquery.scrollTo-min.js HTTP/1.1" 304 -
181.60.250.63 - - [18/Apr/2015:11:26:51 -0500] "GET /galeria/galeria/jquery.fancybox.js?v=2.1.5 HTTP/1.1" 304 -
181.60.250.63 - - [18/Apr/2015:11:26:51 -0500] "GET /BLA/boletinlegal/js/jquery.scrollShow.js HTTP/1.1" 304 -
177.237.138.219 - - [18/Apr/2015:11:26:52 -0500] "GET /videos/DiadelatierraHD_1min.flv HTTP/1.1" 206 1
177.237.138.219 - - [18/Apr/2015:11:26:53 -0500] "GET /videos/DiadelatierraHD_1min.flv HTTP/1.1" 206 3358417
66.249.64.24 - - [18/Apr/2015:11:26:56 -0500] "GET /SIG/Gesti%C3%B3n%20de%20Recursos%20F%C3%ADsicos/126PA04-PR04.pdf HTTP/1.1" 200 23183
66.249.64.84 - - [18/Apr/2015:11:27:07 -0500] "GET /BLA/resoluciones/RESOLUCIONES%202013/1738.pdf HTTP/1.1" 200 531030
66.249.64.24 - - [18/Apr/2015:11:27:21 -0500] "GET /SIG/Gesti%C3%B3n%20de%20Recursos%20F%C3%ADsicos/126PA04-PR37.pdf HTTP/1.1" 200 135270
66.249.64.82 - - [18/Apr/2015:11:27:23 -0500] "GET /BLA/resoluciones/RESOLUCIONES%202013/1819.pdf HTTP/1.1" 200 1209757
148.240.235.213 - - [18/Apr/2015:11:27:28 -0500] "GET /galeria/galeria/jquery.fancybox.css?v=2.1.5 HTTP/1.1" 304 -
148.240.235.213 - - [18/Apr/2015:11:27:28 -0500] "GET /BLA/boletinlegal/js/jquery.scrollTo-min.js HTTP/1.1" 304 -
148.240.235.213 - - [18/Apr/2015:11:27:28 -0500] "GET /BLA/boletinlegal/js/jquery.scrollShow.js HTTP/1.1" 304 -
148.240.235.213 - - [18/Apr/2015:11:27:28 -0500] "GET /galeria/galeria/jquery.fancybox.js?v=2.1.5 HTTP/1.1" 304 -
66.249.64.86 - - [18/Apr/2015:11:27:30 -0500] "GET /BLA/resoluciones/RESOLUCIONES%202010/6057.pdf HTTP/1.1" 200 4068663
66.249.64.24 - - [18/Apr/2015:11:27:36 -0500] "GET /SIG/Gestion%20Documental/126PA06-PR10%20INGRESO%20Y%20CATALOGACION%20MATERIAL%20BILIOG.CENTRO%20DOCUMENTACION.pdf HTTP/1.1" 200 269719
66.249.64.86 - - [18/Apr/2015:11:27:38 -0500] "GET /BLA/resoluciones/RESOLUCIONES%202013/2431.pdf HTTP/1.1" 200 2382811
181.135.215.159 - - [18/Apr/2015:11:27:42 -0500] "GET /BLA/resoluciones/AUTOS%202013/0198.pdf HTTP/1.1" 200 2676724
186.145.15.143 - - [18/Apr/2015:11:27:52 -0500] "POST /forms/lservlet;jsessionid=ac16012b30d6f23c8b54714647ac99c9c66060d2f801.e3iSbxaKaheRe3eNbhaPbhuQa41ynknvrkLOlQzNp65In0 HTTP/1.1" 200 2
66.249.64.24 - - [18/Apr/2015:11:27:54 -0500] "GET /SIG/ECS/126PM04-PR09.pdf HTTP/1.1" 200 4216311
66.249.64.86 - - [18/Apr/2015:11:28:02 -0500] "GET /BLA/resoluciones/RESOLUCIONES%202013/2199.pdf HTTP/1.1" 200 655483
190.33.103.163 - - [18/Apr/2015:11:28:04 -0500] "GET /BLA/boletinlegal/js/jquery.scrollShow.js HTTP/1.1" 200 4586
190.33.103.163 - - [18/Apr/2015:11:28:04 -0500] "GET /BLA/boletinlegal/js/jquery.scrollTo-min.js HTTP/1.1" 200 1150
190.33.103.163 - - [18/Apr/2015:11:28:04 -0500] "GET /galeria/galeria/jquery.fancybox.css?v=2.1.5 HTTP/1.1" 200 4895
190.33.103.163 - - [18/Apr/2015:11:28:04 -0500] "GET /galeria/galeria/jquery.fancybox.js?v=2.1.5 HTTP/1.1" 200 48706
66.249.64.24 - - [18/Apr/2015:11:28:34 -0500] "GET /SIG/ECS/126PM04-PR98.pdf HTTP/1.1" 200 7444230
66.249.64.20 - - [18/Apr/2015:11:28:42 -0500] "GET /SIG/ECS/126PM04-PR76.pdf HTTP/1.1" 200 2726316
190.25.157.12 - - [18/Apr/2015:11:28:46 -0500] "POST /forms/lservlet;jsessionid=ac16012b30d66c288224bd604ba6a2c7b8928c3dc870.e3iSbxaKaheRe3eNbhaPbhuQa41ynknvrkLOlQzNp65In0 HTTP/1.1" 200 2
66.249.64.86 - - [18/Apr/2015:11:28:51 -0500] "GET /BLA/resoluciones/RESOLUCIONES%202013/2652.pdf HTTP/1.1" 200 858207
181.135.215.159 - - [18/Apr/2015:11:28:58 -0500] "GET /BLA/resoluciones/AUTOS%202013/0198.pdf HTTP/1.1" 200 2676724
181.135.215.159 - - [18/Apr/2015:11:29:03 -0500] "GET /BLA/resoluciones/AUTOS%202013/0198.pdf HTTP/1.1" 200 2676724
66.249.64.82 - - [18/Apr/2015:11:29:05 -0500] "GET /BLA/resoluciones/RESOLUCIONES%202013/1203.pdf HTTP/1.1" 200 991610
66.249.64.24 - - [18/Apr/2015:11:29:14 -0500] "GET /SIG/Gesti%C3%B3n%20de%20Recursos%20Inform%C3%A1ticos%20y%20Tecnol%C3%B3gicos/126PA03-PR02.pdf HTTP/1.1" 200 1734133
181.135.215.159 - - [18/Apr/2015:11:29:22 -0500] "GET /BLA/resoluciones/AUTOS%202013/0198.pdf HTTP/1.1" 200 2676724
186.145.15.143 - - [18/Apr/2015:11:29:27 -0500] "POST /forms/lservlet;jsessionid=ac16012b30d6f23c8b54714647ac99c9c66060d2f801.e3iSbxaKaheRe3eNbhaPbhuQa41ynknvrkLOlQzNp65In0 HTTP/1.1" 200 2
186.145.15.143 - - [18/Apr/2015:11:29:27 -0500] "POST /forms/lservlet;jsessionid=ac16012b30d6f23c8b54714647ac99c9c66060d2f801.e3iSbxaKaheRe3eNbhaPbhuQa41ynknvrkLOlQzNp65In0 HTTP/1.1" 200 2308
186.145.15.143 - - [18/Apr/2015:11:29:27 -0500] "GET /imagenes/Srch_frw.gif HTTP/1.1" 200 925
186.145.15.143 - - [18/Apr/2015:11:29:27 -0500] "POST /forms/lservlet;jsessionid=ac16012b30d6f23c8b54714647ac99c9c66060d2f801.e3iSbxaKaheRe3eNbhaPbhuQa41ynknvrkLOlQzNp65In0 HTTP/1.1" 200 10
186.145.15.143 - - [18/Apr/2015:11:29:33 -0500] "POST /forms/lservlet;jsessionid=ac16012b30d6f23c8b54714647ac99c9c66060d2f801.e3iSbxaKaheRe3eNbhaPbhuQa41ynknvrkLOlQzNp65In0 HTTP/1.1" 200 46
186.145.15.143 - - [18/Apr/2015:11:29:39 -0500] "POST /forms/lservlet;jsessionid=ac16012b30d6f23c8b54714647ac99c9c66060d2f801.e3iSbxaKaheRe3eNbhaPbhuQa41ynknvrkLOlQzNp65In0 HTTP/1.1" 200 24
186.145.15.143 - - [18/Apr/2015:11:29:39 -0500] "POST /forms/lservlet;jsessionid=ac16012b30d6f23c8b54714647ac99c9c66060d2f801.e3iSbxaKaheRe3eNbhaPbhuQa41ynknvrkLOlQzNp65In0 HTTP/1.1" 200 239
186.145.15.143 - - [18/Apr/2015:11:29:39 -0500] "POST /forms/lservlet;jsessionid=ac16012b30d6f23c8b54714647ac99c9c66060d2f801.e3iSbxaKaheRe3eNbhaPbhuQa41ynknvrkLOlQzNp65In0 HTTP/1.1" 200 44
186.145.15.143 - - [18/Apr/2015:11:29:39 -0500] "POST /forms/lservlet;jsessionid=ac16012b30d6f23c8b54714647ac99c9c66060d2f801.e3iSbxaKaheRe3eNbhaPbhuQa41ynknvrkLOlQzNp65In0 HTTP/1.1" 200 15
186.145.15.143 - - [18/Apr/2015:11:29:40 -0500] "POST /forms/lservlet;jsessionid=ac16012b30d6f23c8b54714647ac99c9c66060d2f801.e3iSbxaKaheRe3eNbhaPbhuQa41ynknvrkLOlQzNp65In0 HTTP/1.1" 200 2
186.145.15.143 - - [18/Apr/2015:11:29:42 -0500] "POST /forms/lservlet;jsessionid=ac16012b30d6f23c8b54714647ac99c9c66060d2f801.e3iSbxaKaheRe3eNbhaPbhuQa41ynknvrkLOlQzNp65In0 HTTP/1.1" 200 73
186.145.15.143 - - [18/Apr/2015:11:29:42 -0500] "POST /forms/lservlet;jsessionid=ac16012b30d6f23c8b54714647ac99c9c66060d2f801.e3iSbxaKaheRe3eNbhaPbhuQa41ynknvrkLOlQzNp65In0 HTTP/1.1" 200 34
186.145.15.143 - - [18/Apr/2015:11:29:42 -0500] "POST /forms/lservlet;jsessionid=ac16012b30d6f23c8b54714647ac99c9c66060d2f801.e3iSbxaKaheRe3eNbhaPbhuQa41ynknvrkLOlQzNp65In0 HTTP/1.1" 200 75
186.145.15.143 - - [18/Apr/2015:11:29:44 -0500] "POST /forms/lservlet;jsessionid=ac16012b30d6f23c8b54714647ac99c9c66060d2f801.e3iSbxaKaheRe3eNbhaPbhuQa41ynknvrkLOlQzNp65In0 HTTP/1.1" 200 2
186.145.15.143 - - [18/Apr/2015:11:29:44 -0500] "POST /forms/lservlet;jsessionid=ac16012b30d6f23c8b54714647ac99c9c66060d2f801.e3iSbxaKaheRe3eNbhaPbhuQa41ynknvrkLOlQzNp65In0 HTTP/1.1" 200 3978
186.145.15.143 - - [18/Apr/2015:11:29:44 -0500] "POST /forms/lservlet;jsessionid=ac16012b30d6f23c8b54714647ac99c9c66060d2f801.e3iSbxaKaheRe3eNbhaPbhuQa41ynknvrkLOlQzNp65In0 HTTP/1.1" 200 19
186.145.15.143 - - [18/Apr/2015:11:29:47 -0500] "POST /forms/lservlet;jsessionid=ac16012b30d6f23c8b54714647ac99c9c66060d2f801.e3iSbxaKaheRe3eNbhaPbhuQa41ynknvrkLOlQzNp65In0 HTTP/1.1" 200 2
186.145.15.143 - - [18/Apr/2015:11:29:47 -0500] "POST /forms/lservlet;jsessionid=ac16012b30d6f23c8b54714647ac99c9c66060d2f801.e3iSbxaKaheRe3eNbhaPbhuQa41ynknvrkLOlQzNp65In0 HTTP/1.1" 200 1913
186.145.15.143 - - [18/Apr/2015:11:29:48 -0500] "POST /forms/lservlet;jsessionid=ac16012b30d6f23c8b54714647ac99c9c66060d2f801.e3iSbxaKaheRe3eNbhaPbhuQa41ynknvrkLOlQzNp65In0 HTTP/1.1" 200 10
186.145.15.143 - - [18/Apr/2015:11:29:48 -0500] "POST /forms/lservlet;jsessionid=ac16012b30d6f23c8b54714647ac99c9c66060d2f801.e3iSbxaKaheRe3eNbhaPbhuQa41ynknvrkLOlQzNp65In0 HTTP/1.1" 200 2
186.145.15.143 - - [18/Apr/2015:11:29:48 -0500] "POST /forms/lservlet;jsessionid=ac16012b30d6f23c8b54714647ac99c9c66060d2f801.e3iSbxaKaheRe3eNbhaPbhuQa41ynknvrkLOlQzNp65In0 HTTP/1.1" 200 250
186.145.15.143 - - [18/Apr/2015:11:29:48 -0500] "POST /forms/lservlet;jsessionid=ac16012b30d6f23c8b54714647ac99c9c66060d2f801.e3iSbxaKaheRe3eNbhaPbhuQa41ynknvrkLOlQzNp65In0 HTTP/1.1" 200 10
186.145.15.143 - - [18/Apr/2015:11:29:49 -0500] "POST /forms/lservlet;jsessionid=ac16012b30d6f23c8b54714647ac99c9c66060d2f801.e3iSbxaKaheRe3eNbhaPbhuQa41ynknvrkLOlQzNp65In0 HTTP/1.1" 200 41
186.145.15.143 - - [18/Apr/2015:11:29:52 -0500] "POST /forms/lservlet;jsessionid=ac16012b30d6f23c8b54714647ac99c9c66060d2f801.e3iSbxaKaheRe3eNbhaPbhuQa41ynknvrkLOlQzNp65In0 HTTP/1.1" 200 24
186.145.15.143 - - [18/Apr/2015:11:29:54 -0500] "POST /forms/lservlet;jsessionid=ac16012b30d6f23c8b54714647ac99c9c66060d2f801.e3iSbxaKaheRe3eNbhaPbhuQa41ynknvrkLOlQzNp65In0 HTTP/1.1" 200 2
186.145.15.143 - - [18/Apr/2015:11:29:54 -0500] "POST /forms/lservlet;jsessionid=ac16012b30d6f23c8b54714647ac99c9c66060d2f801.e3iSbxaKaheRe3eNbhaPbhuQa41ynknvrkLOlQzNp65In0 HTTP/1.1" 200 4494
186.145.15.143 - - [18/Apr/2015:11:29:54 -0500] "POST /forms/lservlet;jsessionid=ac16012b30d6f23c8b54714647ac99c9c66060d2f801.e3iSbxaKaheRe3eNbhaPbhuQa41ynknvrkLOlQzNp65In0 HTTP/1.1" 200 10
190.255.42.165 - - [18/Apr/2015:11:29:55 -0500] "GET /BLA/resoluciones/RESOLUCIONES%202012/0958.pdf HTTP/1.1" 200 468764
186.145.15.143 - - [18/Apr/2015:11:29:56 -0500] "POST /forms/lservlet;jsessionid=ac16012b30d6f23c8b54714647ac99c9c66060d2f801.e3iSbxaKaheRe3eNbhaPbhuQa41ynknvrkLOlQzNp65In0 HTTP/1.1" 200 2
190.255.42.165 - - [18/Apr/2015:11:29:56 -0500] "GET /BLA/resoluciones/RESOLUCIONES%202012/0958.pdf HTTP/1.1" 206 65536
190.255.42.165 - - [18/Apr/2015:11:29:56 -0500] "GET /BLA/resoluciones/RESOLUCIONES%202012/0958.pdf HTTP/1.1" 206 10012
186.145.15.143 - - [18/Apr/2015:11:29:57 -0500] "POST /forms/lservlet;jsessionid=ac16012b30d6f23c8b54714647ac99c9c66060d2f801.e3iSbxaKaheRe3eNbhaPbhuQa41ynknvrkLOlQzNp65In0 HTTP/1.1" 200 3053
190.255.42.165 - - [18/Apr/2015:11:29:57 -0500] "GET /BLA/resoluciones/RESOLUCIONES%202012/0958.pdf HTTP/1.1" 206 65536
186.145.15.143 - - [18/Apr/2015:11:29:57 -0500] "POST /forms/lservlet;jsessionid=ac16012b30d6f23c8b54714647ac99c9c66060d2f801.e3iSbxaKaheRe3eNbhaPbhuQa41ynknvrkLOlQzNp65In0 HTTP/1.1" 200 2
190.255.42.165 - - [18/Apr/2015:11:29:57 -0500] "GET /BLA/resoluciones/RESOLUCIONES%202012/0958.pdf HTTP/1.1" 206 65536
190.255.42.165 - - [18/Apr/2015:11:29:57 -0500] "GET /favicon.ico HTTP/1.1" 200 7782
186.145.15.143 - - [18/Apr/2015:11:29:59 -0500] "POST /forms/lservlet;jsessionid=ac16012b30d6f23c8b54714647ac99c9c66060d2f801.e3iSbxaKaheRe3eNbhaPbhuQa41ynknvrkLOlQzNp65In0 HTTP/1.1" 200 2
186.145.15.143 - - [18/Apr/2015:11:29:59 -0500] "POST /forms/lservlet;jsessionid=ac16012b30d6f23c8b54714647ac99c9c66060d2f801.e3iSbxaKaheRe3eNbhaPbhuQa41ynknvrkLOlQzNp65In0 HTTP/1.1" 200 3188
186.145.15.143 - - [18/Apr/2015:11:30:00 -0500] "POST /forms/lservlet;jsessionid=ac16012b30d6f23c8b54714647ac99c9c66060d2f801.e3iSbxaKaheRe3eNbhaPbhuQa41ynknvrkLOlQzNp65In0 HTTP/1.1" 200 2
186.145.15.143 - - [18/Apr/2015:11:30:00 -0500] "POST /forms/lservlet;jsessionid=ac16012b30d6f23c8b54714647ac99c9c66060d2f801.e3iSbxaKaheRe3eNbhaPbhuQa41ynknvrkLOlQzNp65In0 HTTP/1.1" 200 2
186.145.15.143 - - [18/Apr/2015:11:30:00 -0500] "POST /forms/lservlet;jsessionid=ac16012b30d6f23c8b54714647ac99c9c66060d2f801.e3iSbxaKaheRe3eNbhaPbhuQa41ynknvrkLOlQzNp65In0 HTTP/1.1" 200 3732
186.145.15.143 - - [18/Apr/2015:11:30:01 -0500] "POST /forms/lservlet;jsessionid=ac16012b30d6f23c8b54714647ac99c9c66060d2f801.e3iSbxaKaheRe3eNbhaPbhuQa41ynknvrkLOlQzNp65In0 HTTP/1.1" 200 2
186.145.15.143 - - [18/Apr/2015:11:30:02 -0500] "POST /forms/lservlet;jsessionid=ac16012b30d6f23c8b54714647ac99c9c66060d2f801.e3iSbxaKaheRe3eNbhaPbhuQa41ynknvrkLOlQzNp65In0 HTTP/1.1" 200 2
186.145.15.143 - - [18/Apr/2015:11:30:02 -0500] "POST /forms/lservlet;jsessionid=ac16012b30d6f23c8b54714647ac99c9c66060d2f801.e3iSbxaKaheRe3eNbhaPbhuQa41ynknvrkLOlQzNp65In0 HTTP/1.1" 200 2872
186.145.15.143 - - [18/Apr/2015:11:30:03 -0500] "POST /forms/lservlet;jsessionid=ac16012b30d6f23c8b54714647ac99c9c66060d2f801.e3iSbxaKaheRe3eNbhaPbhuQa41ynknvrkLOlQzNp65In0 HTTP/1.1" 200 2
186.145.15.143 - - [18/Apr/2015:11:30:03 -0500] "POST /forms/lservlet;jsessionid=ac16012b30d6f23c8b54714647ac99c9c66060d2f801.e3iSbxaKaheRe3eNbhaPbhuQa41ynknvrkLOlQzNp65In0 HTTP/1.1" 200 2
186.145.15.143 - - [18/Apr/2015:11:30:04 -0500] "POST /forms/lservlet;jsessionid=ac16012b30d6f23c8b54714647ac99c9c66060d2f801.e3iSbxaKaheRe3eNbhaPbhuQa41ynknvrkLOlQzNp65In0 HTTP/1.1" 200 4152
186.145.15.143 - - [18/Apr/2015:11:30:04 -0500] "POST /forms/lservlet;jsessionid=ac16012b30d6f23c8b54714647ac99c9c66060d2f801.e3iSbxaKaheRe3eNbhaPbhuQa41ynknvrkLOlQzNp65In0 HTTP/1.1" 200 2
66.249.64.84 - - [18/Apr/2015:11:30:07 -0500] "GET /BLA/resoluciones/RESOLUCIONES%202013/1773.pdf HTTP/1.1" 200 542102
186.145.15.143 - - [18/Apr/2015:11:30:07 -0500] "POST /forms/lservlet;jsessionid=ac16012b30d6f23c8b54714647ac99c9c66060d2f801.e3iSbxaKaheRe3eNbhaPbhuQa41ynknvrkLOlQzNp65In0 HTTP/1.1" 200 2
186.145.15.143 - - [18/Apr/2015:11:30:07 -0500] "POST /forms/lservlet;jsessionid=ac16012b30d6f23c8b54714647ac99c9c66060d2f801.e3iSbxaKaheRe3eNbhaPbhuQa41ynknvrkLOlQzNp65In0 HTTP/1.1" 200 14
186.145.15.143 - - [18/Apr/2015:11:30:09 -0500] "POST /forms/lservlet;jsessionid=ac16012b30d6f23c8b54714647ac99c9c66060d2f801.e3iSbxaKaheRe3eNbhaPbhuQa41ynknvrkLOlQzNp65In0 HTTP/1.1" 200 14
186.145.15.143 - - [18/Apr/2015:11:30:10 -0500] "POST /forms/lservlet;jsessionid=ac16012b30d6f23c8b54714647ac99c9c66060d2f801.e3iSbxaKaheRe3eNbhaPbhuQa41ynknvrkLOlQzNp65In0 HTTP/1.1" 200 14
186.145.15.143 - - [18/Apr/2015:11:30:11 -0500] "POST /forms/lservlet;jsessionid=ac16012b30d6f23c8b54714647ac99c9c66060d2f801.e3iSbxaKaheRe3eNbhaPbhuQa41ynknvrkLOlQzNp65In0 HTTP/1.1" 200 14
186.145.15.143 - - [18/Apr/2015:11:30:13 -0500] "POST /forms/lservlet;jsessionid=ac16012b30d6f23c8b54714647ac99c9c66060d2f801.e3iSbxaKaheRe3eNbhaPbhuQa41ynknvrkLOlQzNp65In0 HTTP/1.1" 200 15
186.145.15.143 - - [18/Apr/2015:11:30:16 -0500] "POST /forms/lservlet;jsessionid=ac16012b30d6f23c8b54714647ac99c9c66060d2f801.e3iSbxaKaheRe3eNbhaPbhuQa41ynknvrkLOlQzNp65In0 HTTP/1.1" 200 15
186.145.15.143 - - [18/Apr/2015:11:30:20 -0500] "POST /forms/lservlet;jsessionid=ac16012b30d6f23c8b54714647ac99c9c66060d2f801.e3iSbxaKaheRe3eNbhaPbhuQa41ynknvrkLOlQzNp65In0 HTTP/1.1" 200 15
66.249.64.22 - - [18/Apr/2015:11:30:23 -0500] "GET /SIG/Gestion%20Recursos%20Financieros/126PA02-PR11%20REINTEGROS%20DE%20TESORERIA.pdf HTTP/1.1" 200 235215
186.145.15.143 - - [18/Apr/2015:11:30:27 -0500] "POST /forms/lservlet;jsessionid=ac16012b30d6f23c8b54714647ac99c9c66060d2f801.e3iSbxaKaheRe3eNbhaPbhuQa41ynknvrkLOlQzNp65In0 HTTP/1.1" 200 15
213.251.182.103 - - [18/Apr/2015:11:30:33 -0500] "-" 408 -
200.118.172.16 - - [18/Apr/2015:11:30:36 -0500] "GET /BLA/boletinlegal/js/jquery.scrollTo-min.js HTTP/1.1" 200 1150
200.118.172.16 - - [18/Apr/2015:11:30:36 -0500] "GET /BLA/boletinlegal/js/jquery.scrollShow.js HTTP/1.1" 200 4586
200.118.172.16 - - [18/Apr/2015:11:30:36 -0500] "GET /galeria/galeria/jquery.fancybox.js?v=2.1.5 HTTP/1.1" 200 48706
200.118.172.16 - - [18/Apr/2015:11:30:37 -0500] "GET /galeria/galeria/jquery.fancybox.css?v=2.1.5 HTTP/1.1" 200 4895
200.118.172.16 - - [18/Apr/2015:11:30:37 -0500] "GET /galeria/carrusel/Carrusel/jquery.thumbnailScroller.css HTTP/1.1" 200 2066
186.145.15.143 - - [18/Apr/2015:11:30:36 -0500] "POST /forms/lservlet;jsessionid=ac16012b30d6f23c8b54714647ac99c9c66060d2f801.e3iSbxaKaheRe3eNbhaPbhuQa41ynknvrkLOlQzNp65In0 HTTP/1.1" 200 15
200.118.172.16 - - [18/Apr/2015:11:30:38 -0500] "GET /galeria/carrusel/Carrusel/jquery-ui-1.8.13.custom.min.js HTTP/1.1" 200 10800
200.118.172.16 - - [18/Apr/2015:11:30:38 -0500] "GET /galeria/carrusel/Carrusel/jquery.thumbnailScroller.js HTTP/1.1" 200 8157
107.167.107.20 - - [18/Apr/2015:11:30:39 -0500] "GET /BLA/boletinlegal/js/jquery.scrollTo-min.js HTTP/1.1" 200 1150
107.167.107.20 - - [18/Apr/2015:11:30:39 -0500] "GET /BLA/boletinlegal/js/jquery.scrollShow.js HTTP/1.1" 200 4586
107.167.107.20 - - [18/Apr/2015:11:30:39 -0500] "GET /galeria/galeria/jquery.fancybox.js?v=2.1.5 HTTP/1.1" 200 48706
107.167.107.20 - - [18/Apr/2015:11:30:39 -0500] "GET /galeria/galeria/jquery.fancybox.css?v=2.1.5 HTTP/1.1" 200 4895
107.167.107.20 - - [18/Apr/2015:11:30:39 -0500] "GET /galeria/carrusel/Carrusel/jquery.thumbnailScroller.css HTTP/1.1" 200 2066
107.167.107.20 - - [18/Apr/2015:11:30:40 -0500] "GET /galeria/carrusel/Carrusel/jquery-ui-1.8.13.custom.min.js HTTP/1.1" 200 10800
66.249.64.22 - - [18/Apr/2015:11:30:39 -0500] "GET /SIG/ECS/126PM04-PR08.pdf HTTP/1.1" 200 3507449
107.167.107.20 - - [18/Apr/2015:11:30:40 -0500] "GET /galeria/carrusel/Carrusel/jquery.thumbnailScroller.js HTTP/1.1" 200 8157
190.25.157.12 - - [18/Apr/2015:11:30:46 -0500] "POST /forms/lservlet;jsessionid=ac16012b30d66c288224bd604ba6a2c7b8928c3dc870.e3iSbxaKaheRe3eNbhaPbhuQa41ynknvrkLOlQzNp65In0 HTTP/1.1" 200 2
181.70.181.165 - - [18/Apr/2015:11:30:46 -0500] "GET /galeria/galeria/jquery.fancybox.css?v=2.1.5 HTTP/1.1" 200 4895
181.70.181.165 - - [18/Apr/2015:11:30:46 -0500] "GET /BLA/boletinlegal/js/jquery.scrollTo-min.js HTTP/1.1" 200 1150
181.70.181.165 - - [18/Apr/2015:11:30:46 -0500] "GET /BLA/boletinlegal/js/jquery.scrollShow.js HTTP/1.1" 200 4586
186.145.15.143 - - [18/Apr/2015:11:30:46 -0500] "POST /forms/lservlet;jsessionid=ac16012b30d6f23c8b54714647ac99c9c66060d2f801.e3iSbxaKaheRe3eNbhaPbhuQa41ynknvrkLOlQzNp65In0 HTTP/1.1" 200 15
181.70.181.165 - - [18/Apr/2015:11:30:47 -0500] "GET /galeria/galeria/jquery.fancybox.js?v=2.1.5 HTTP/1.1" 200 48706
200.118.172.16 - - [18/Apr/2015:11:30:48 -0500] "GET /BLA/boletinlegal/js/jquery.scrollShow.js HTTP/1.1" 304 -
200.118.172.16 - - [18/Apr/2015:11:30:48 -0500] "GET /galeria/galeria/jquery.fancybox.css?v=2.1.5 HTTP/1.1" 304 -
200.118.172.16 - - [18/Apr/2015:11:30:48 -0500] "GET /galeria/galeria/jquery.fancybox.js?v=2.1.5 HTTP/1.1" 304 -
200.118.172.16 - - [18/Apr/2015:11:30:48 -0500] "GET /BLA/boletinlegal/js/jquery.scrollTo-min.js HTTP/1.1" 304 -
66.249.64.22 - - [18/Apr/2015:11:30:53 -0500] "GET /SIG/Control%20Disciplinario/plantilla%20para%20Procedimientos%20-%20disciplinario%20ordinario%20version%20080.pdf HTTP/1.1" 200 2256826
186.145.15.143 - - [18/Apr/2015:11:30:55 -0500] "POST /forms/lservlet;jsessionid=ac16012b30d6f23c8b54714647ac99c9c66060d2f801.e3iSbxaKaheRe3eNbhaPbhuQa41ynknvrkLOlQzNp65In0 HTTP/1.1" 200 15
201.184.5.194 - - [18/Apr/2015:11:30:56 -0500] "GET /galeria/galeria/jquery.fancybox.css?v=2.1.5 HTTP/1.1" 200 4895
201.184.5.194 - - [18/Apr/2015:11:30:56 -0500] "GET /galeria/carrusel/Carrusel/jquery.thumbnailScroller.css HTTP/1.1" 200 2066
201.184.5.194 - - [18/Apr/2015:11:30:56 -0500] "GET /BLA/boletinlegal/js/jquery.scrollTo-min.js HTTP/1.1" 200 1150
201.184.5.194 - - [18/Apr/2015:11:30:56 -0500] "GET /BLA/boletinlegal/js/jquery.scrollShow.js HTTP/1.1" 200 4586
201.184.5.194 - - [18/Apr/2015:11:30:56 -0500] "GET /galeria/galeria/jquery.fancybox.js?v=2.1.5 HTTP/1.1" 200 48706
201.184.5.194 - - [18/Apr/2015:11:30:56 -0500] "GET /galeria/carrusel/Carrusel/jquery-ui-1.8.13.custom.min.js HTTP/1.1" 200 10800
201.184.5.194 - - [18/Apr/2015:11:30:56 -0500] "GET /galeria/carrusel/Carrusel/jquery.thumbnailScroller.js HTTP/1.1" 200 8157
201.184.5.194 - - [18/Apr/2015:11:30:57 -0500] "GET /galeria/nivo-slider/demo/demo.html HTTP/1.1" 200 5117
201.184.5.194 - - [18/Apr/2015:11:30:58 -0500] "GET /galeria/nivo-slider/themes/default/default.css HTTP/1.1" 200 1569
201.184.5.194 - - [18/Apr/2015:11:30:58 -0500] "GET /galeria/nivo-slider/themes/pascal/pascal.css HTTP/1.1" 200 2258
201.184.5.194 - - [18/Apr/2015:11:30:58 -0500] "GET /galeria/nivo-slider/themes/orman/orman.css HTTP/1.1" 200 2152
201.184.5.194 - - [18/Apr/2015:11:30:58 -0500] "GET /galeria/nivo-slider/nivo-slider.css HTTP/1.1" 200 1507
201.184.5.194 - - [18/Apr/2015:11:30:58 -0500] "GET /galeria/nivo-slider/demo/style.css HTTP/1.1" 200 2222
201.184.5.194 - - [18/Apr/2015:11:30:58 -0500] "GET /galeria/nivo-slider/demo/images/pedaleando-por-la-tierra.jpg HTTP/1.1" 200 234362
201.184.5.194 - - [18/Apr/2015:11:30:58 -0500] "GET /galeria/nivo-slider/demo/scripts/jquery-1.7.1.min.js HTTP/1.1" 200 93868
201.184.5.194 - - [18/Apr/2015:11:30:58 -0500] "GET /galeria/nivo-slider/jquery.nivo.slider.pack.js HTTP/1.1" 200 11561
201.184.5.194 - - [18/Apr/2015:11:30:58 -0500] "GET /galeria/nivo-slider/demo/images/4Simple_Slider.png HTTP/1.1" 200 11722
201.184.5.194 - - [18/Apr/2015:11:30:58 -0500] "GET /galeria/nivo-slider/themes/default/loading.gif HTTP/1.1" 200 1737
201.184.5.194 - - [18/Apr/2015:11:30:59 -0500] "GET /galeria/nivo-slider/demo/images/ecolectaabril20.jpg HTTP/1.1" 200 72606
201.184.5.194 - - [18/Apr/2015:11:30:59 -0500] "GET /galeria/nivo-slider/demo/images/ECO-YOGA-FESTIVAL.jpg HTTP/1.1" 200 130307
201.184.5.194 - - [18/Apr/2015:11:30:59 -0500] "GET /galeria/nivo-slider/demo/images/marcha2015.jpg HTTP/1.1" 200 85177
201.184.5.194 - - [18/Apr/2015:11:31:00 -0500] "GET /galeria/nivo-slider/demo/images/no-sea-victima.jpg HTTP/1.1" 200 254155
74.86.158.107 - - [18/Apr/2015:11:31:02 -0500] "HEAD / HTTP/1.1" 200 -
201.184.5.194 - - [18/Apr/2015:11:31:02 -0500] "GET /galeria/nivo-slider/demo/images/Convocatoria_recicladores.jpg HTTP/1.1" 200 213976
201.184.5.194 - - [18/Apr/2015:11:31:03 -0500] "GET /galeria/nivo-slider/demo/images/acuerdo_569.jpg HTTP/1.1" 200 62670
201.184.5.194 - - [18/Apr/2015:11:31:03 -0500] "GET /galeria/nivo-slider/demo/images/Licitaciones-proyecto-paramo.jpg HTTP/1.1" 200 221877
201.184.5.194 - - [18/Apr/2015:11:31:03 -0500] "GET /galeria/nivo-slider/demo/images/Banner-decreto1299.jpg HTTP/1.1" 200 182613
201.184.5.194 - - [18/Apr/2015:11:31:04 -0500] "GET /galeria/nivo-slider/demo/images/Banner-Directorio.jpg HTTP/1.1" 200 182068
201.184.5.194 - - [18/Apr/2015:11:31:04 -0500] "GET /galeria/nivo-slider/demo/images/banner-V2.jpg HTTP/1.1" 200 59297
201.184.5.194 - - [18/Apr/2015:11:31:04 -0500] "GET /galeria/nivo-slider/demo/images/Ruta-vertimientos-01.jpg HTTP/1.1" 200 130151
66.249.64.86 - - [18/Apr/2015:11:31:04 -0500] "GET /BLA/resoluciones/RESOLUCIONES%202013/1519.pdf HTTP/1.1" 200 266939
186.145.15.143 - - [18/Apr/2015:11:31:04 -0500] "POST /forms/lservlet;jsessionid=ac16012b30d6f23c8b54714647ac99c9c66060d2f801.e3iSbxaKaheRe3eNbhaPbhuQa41ynknvrkLOlQzNp65In0 HTTP/1.1" 200 15
201.184.5.194 - - [18/Apr/2015:11:31:05 -0500] "GET /galeria/nivo-slider/demo/images/bolsas-06.jpg HTTP/1.1" 200 90982
181.70.181.165 - - [18/Apr/2015:11:31:06 -0500] "GET /galeria/galeria/jquery.fancybox.css?v=2.1.5 HTTP/1.1" 304 -
181.70.181.165 - - [18/Apr/2015:11:31:06 -0500] "GET /BLA/boletinlegal/js/jquery.scrollTo-min.js HTTP/1.1" 304 -
181.70.181.165 - - [18/Apr/2015:11:31:06 -0500] "GET /galeria/galeria/jquery.fancybox.js?v=2.1.5 HTTP/1.1" 304 -
181.70.181.165 - - [18/Apr/2015:11:31:06 -0500] "GET /BLA/boletinlegal/js/jquery.scrollShow.js HTTP/1.1" 304 -
201.184.5.194 - - [18/Apr/2015:11:31:06 -0500] "GET /galeria/nivo-slider/demo/images/bolsas-08.jpg HTTP/1.1" 200 85589
201.184.5.194 - - [18/Apr/2015:11:31:06 -0500] "GET /galeria/nivo-slider/demo/images/redes_sociales.jpg HTTP/1.1" 200 415652
201.184.5.194 - - [18/Apr/2015:11:31:07 -0500] "GET /galeria/nivo-slider/demo/images/Conoce-los-humedales.jpg HTTP/1.1" 200 294036
201.184.5.194 - - [18/Apr/2015:11:31:08 -0500] "GET /galeria/nivo-slider/demo/images/ecolecta-Dic2014.png HTTP/1.1" 200 288593
201.184.5.194 - - [18/Apr/2015:11:31:08 -0500] "GET /galeria/nivo-slider/demo/images/porloshumedales.jpg HTTP/1.1" 200 351238
186.81.162.202 - - [18/Apr/2015:11:31:08 -0500] "GET /galeria/galeria/jquery.fancybox.css?v=2.1.5 HTTP/1.1" 200 4895
186.81.162.202 - - [18/Apr/2015:11:31:08 -0500] "GET /galeria/carrusel/Carrusel/jquery.thumbnailScroller.css HTTP/1.1" 200 2066
186.81.162.202 - - [18/Apr/2015:11:31:08 -0500] "GET /BLA/boletinlegal/js/jquery.scrollTo-min.js HTTP/1.1" 200 1150
186.81.162.202 - - [18/Apr/2015:11:31:08 -0500] "GET /BLA/boletinlegal/js/jquery.scrollShow.js HTTP/1.1" 200 4586
186.81.162.202 - - [18/Apr/2015:11:31:08 -0500] "GET /galeria/galeria/jquery.fancybox.js?v=2.1.5 HTTP/1.1" 200 48706
186.81.162.202 - - [18/Apr/2015:11:31:08 -0500] "GET /galeria/carrusel/Carrusel/jquery-ui-1.8.13.custom.min.js HTTP/1.1" 200 10800
186.81.162.202 - - [18/Apr/2015:11:31:08 -0500] "GET /galeria/carrusel/Carrusel/jquery.thumbnailScroller.js HTTP/1.1" 200 8157
201.184.5.194 - - [18/Apr/2015:11:31:08 -0500] "GET /galeria/nivo-slider/demo/images/Tingua-azul.jpg HTTP/1.1" 200 307638
186.81.162.202 - - [18/Apr/2015:11:31:09 -0500] "GET /galeria/nivo-slider/demo/demo.html HTTP/1.1" 200 5117
186.81.162.202 - - [18/Apr/2015:11:31:11 -0500] "GET /galeria/nivo-slider/themes/pascal/pascal.css HTTP/1.1" 200 2258
186.81.162.202 - - [18/Apr/2015:11:31:11 -0500] "GET /galeria/nivo-slider/themes/default/default.css HTTP/1.1" 200 1569
186.81.162.202 - - [18/Apr/2015:11:31:11 -0500] "GET /galeria/nivo-slider/themes/orman/orman.css HTTP/1.1" 200 2152
186.81.162.202 - - [18/Apr/2015:11:31:11 -0500] "GET /galeria/nivo-slider/demo/style.css HTTP/1.1" 200 2222
186.81.162.202 - - [18/Apr/2015:11:31:11 -0500] "GET /galeria/nivo-slider/nivo-slider.css HTTP/1.1" 200 1507
186.81.162.202 - - [18/Apr/2015:11:31:11 -0500] "GET /galeria/nivo-slider/demo/images/pedaleando-por-la-tierra.jpg HTTP/1.1" 200 234362
201.184.5.194 - - [18/Apr/2015:11:31:11 -0500] "GET /galeria/nivo-slider/demo/images/banner-llantas2.jpg HTTP/1.1" 200 73153
186.81.162.202 - - [18/Apr/2015:11:31:11 -0500] "GET /galeria/nivo-slider/demo/scripts/jquery-1.7.1.min.js HTTP/1.1" 200 93868
186.81.162.202 - - [18/Apr/2015:11:31:11 -0500] "GET /galeria/nivo-slider/demo/images/ECO-YOGA-FESTIVAL.jpg HTTP/1.1" 200 130307
186.81.162.202 - - [18/Apr/2015:11:31:11 -0500] "GET /galeria/nivo-slider/jquery.nivo.slider.pack.js HTTP/1.1" 200 11561
186.81.162.202 - - [18/Apr/2015:11:31:11 -0500] "GET /galeria/nivo-slider/demo/images/ecolectaabril20.jpg HTTP/1.1" 200 72606
186.81.162.202 - - [18/Apr/2015:11:31:11 -0500] "GET /galeria/nivo-slider/demo/images/marcha2015.jpg HTTP/1.1" 200 85177
201.184.5.194 - - [18/Apr/2015:11:31:11 -0500] "GET /galeria/nivo-slider/demo/images/9Signos.jpg HTTP/1.1" 200 81776
66.249.64.20 - - [18/Apr/2015:11:31:11 -0500] "GET /SIG/ECS/126PM04-PR75.pdf HTTP/1.1" 200 3446563
186.81.162.202 - - [18/Apr/2015:11:31:11 -0500] "GET /galeria/nivo-slider/demo/images/4Simple_Slider.png HTTP/1.1" 200 11722
186.81.162.202 - - [18/Apr/2015:11:31:11 -0500] "GET /galeria/nivo-slider/themes/default/loading.gif HTTP/1.1" 200 1737
186.81.162.202 - - [18/Apr/2015:11:31:12 -0500] "GET /galeria/nivo-slider/demo/images/no-sea-victima.jpg HTTP/1.1" 200 254155
186.81.162.202 - - [18/Apr/2015:11:31:13 -0500] "GET /galeria/nivo-slider/demo/images/Convocatoria_recicladores.jpg HTTP/1.1" 200 213976
201.184.5.194 - - [18/Apr/2015:11:31:13 -0500] "GET /galeria/nivo-slider/themes/default/arrows.png HTTP/1.1" 200 824
201.184.5.194 - - [18/Apr/2015:11:31:13 -0500] "GET /galeria/nivo-slider/themes/default/bullets.png HTTP/1.1" 200 1281
186.145.15.143 - - [18/Apr/2015:11:31:13 -0500] "POST /forms/lservlet;jsessionid=ac16012b30d6f23c8b54714647ac99c9c66060d2f801.e3iSbxaKaheRe3eNbhaPbhuQa41ynknvrkLOlQzNp65In0 HTTP/1.1" 200 15
186.81.162.202 - - [18/Apr/2015:11:31:14 -0500] "GET /galeria/nivo-slider/demo/images/acuerdo_569.jpg HTTP/1.1" 200 62670
186.81.162.202 - - [18/Apr/2015:11:31:15 -0500] "GET /galeria/nivo-slider/demo/images/Licitaciones-proyecto-paramo.jpg HTTP/1.1" 200 221877
186.81.162.202 - - [18/Apr/2015:11:31:15 -0500] "GET /galeria/nivo-slider/demo/images/Banner-decreto1299.jpg HTTP/1.1" 200 182613
186.81.162.202 - - [18/Apr/2015:11:31:15 -0500] "GET /galeria/nivo-slider/demo/images/Banner-Directorio.jpg HTTP/1.1" 200 182068
186.81.162.202 - - [18/Apr/2015:11:31:17 -0500] "GET /videos/DiadelatierraHD_1min.flv HTTP/1.1" 200 7316200
186.81.162.202 - - [18/Apr/2015:11:31:18 -0500] "GET /galeria/nivo-slider/demo/images/banner-V2.jpg HTTP/1.1" 200 59297
186.81.162.202 - - [18/Apr/2015:11:31:18 -0500] "GET /galeria/nivo-slider/demo/images/Ruta-vertimientos-01.jpg HTTP/1.1" 200 130151
186.81.162.202 - - [18/Apr/2015:11:31:19 -0500] "GET /galeria/nivo-slider/demo/images/bolsas-06.jpg HTTP/1.1" 200 90982
186.81.162.202 - - [18/Apr/2015:11:31:20 -0500] "GET /galeria/nivo-slider/demo/images/bolsas-08.jpg HTTP/1.1" 200 85589
186.81.162.202 - - [18/Apr/2015:11:31:21 -0500] "GET /galeria/nivo-slider/demo/images/redes_sociales.jpg HTTP/1.1" 200 415652
186.81.162.202 - - [18/Apr/2015:11:31:21 -0500] "GET /galeria/nivo-slider/demo/images/Conoce-los-humedales.jpg HTTP/1.1" 200 294036
180.76.5.21 - - [18/Apr/2015:11:31:21 -0500] "GET /BLA/boletinlegal/circulares/2009IE24690.pdf HTTP/1.1" 200 74941
186.81.162.202 - - [18/Apr/2015:11:31:22 -0500] "GET /galeria/nivo-slider/demo/images/porloshumedales.jpg HTTP/1.1" 200 351238
186.81.162.202 - - [18/Apr/2015:11:31:22 -0500] "GET /galeria/nivo-slider/demo/images/ecolecta-Dic2014.png HTTP/1.1" 200 288593
186.145.15.143 - - [18/Apr/2015:11:31:22 -0500] "POST /forms/lservlet;jsessionid=ac16012b30d6f23c8b54714647ac99c9c66060d2f801.e3iSbxaKaheRe3eNbhaPbhuQa41ynknvrkLOlQzNp65In0 HTTP/1.1" 200 131
186.145.15.143 - - [18/Apr/2015:11:31:22 -0500] "POST /forms/lservlet;jsessionid=ac16012b30d6f23c8b54714647ac99c9c66060d2f801.e3iSbxaKaheRe3eNbhaPbhuQa41ynknvrkLOlQzNp65In0 HTTP/1.1" 200 2
186.81.162.202 - - [18/Apr/2015:11:31:24 -0500] "GET /galeria/nivo-slider/demo/images/Tingua-azul.jpg HTTP/1.1" 200 307638
186.81.162.202 - - [18/Apr/2015:11:31:24 -0500] "GET /galeria/nivo-slider/demo/images/banner-llantas2.jpg HTTP/1.1" 200 73153
66.249.64.20 - - [18/Apr/2015:11:31:25 -0500] "GET /SIG/Gesti%C3%B3n%20de%20Recursos%20F%C3%ADsicos/126PA04-PR31.pdf HTTP/1.1" 200 56246
186.81.162.202 - - [18/Apr/2015:11:31:28 -0500] "GET /galeria/nivo-slider/demo/images/9Signos.jpg HTTP/1.1" 200 81776
186.81.162.202 - - [18/Apr/2015:11:31:29 -0500] "GET /galeria/nivo-slider/themes/default/arrows.png HTTP/1.1" 200 824
186.81.162.202 - - [18/Apr/2015:11:31:29 -0500] "GET /galeria/nivo-slider/themes/default/bullets.png HTTP/1.1" 200 1281
199.195.118.53 - - [18/Apr/2015:11:31:39 -0500] "GET / HTTP/1.1" 200 10190
186.81.162.202 - - [18/Apr/2015:11:31:39 -0500] "GET /BLA/boletinlegal/js/jquery.scrollTo-min.js HTTP/1.1" 304 -
186.81.162.202 - - [18/Apr/2015:11:31:39 -0500] "GET /galeria/galeria/jquery.fancybox.css?v=2.1.5 HTTP/1.1" 304 -
186.81.162.202 - - [18/Apr/2015:11:31:40 -0500] "GET /BLA/boletinlegal/js/jquery.scrollShow.js HTTP/1.1" 304 -
186.81.162.202 - - [18/Apr/2015:11:31:40 -0500] "GET /galeria/galeria/jquery.fancybox.js?v=2.1.5 HTTP/1.1" 304 -
66.249.64.20 - - [18/Apr/2015:11:31:45 -0500] "GET /SIG/ECS/126PM04-PR33.pdf HTTP/1.1" 200 4036222
186.145.15.143 - - [18/Apr/2015:11:31:52 -0500] "POST /forms/lservlet;jsessionid=ac16012b30d6f23c8b54714647ac99c9c66060d2f801.e3iSbxaKaheRe3eNbhaPbhuQa41ynknvrkLOlQzNp65In0 HTTP/1.1" 200 2
186.116.233.231 - - [18/Apr/2015:11:31:53 -0500] "GET /BLA/boletinlegal/js/jquery.scrollShow.js HTTP/1.1" 200 4586
186.116.233.231 - - [18/Apr/2015:11:31:53 -0500] "GET /BLA/boletinlegal/js/jquery.scrollTo-min.js HTTP/1.1" 200 1150
186.116.233.231 - - [18/Apr/2015:11:31:53 -0500] "GET /galeria/galeria/jquery.fancybox.css?v=2.1.5 HTTP/1.1" 200 4895
186.116.233.231 - - [18/Apr/2015:11:31:53 -0500] "GET /galeria/galeria/jquery.fancybox.js?v=2.1.5 HTTP/1.1" 200 48706
66.249.64.24 - - [18/Apr/2015:11:32:00 -0500] "GET /SIG/Gestion%20Recursos%20Financieros/126PA02-PR19%20CAUSACION%20Y%20PAGO%20NOMINA.pdf HTTP/1.1" 200 182603
181.54.76.49 - - [18/Apr/2015:11:32:02 -0500] "GET /galeria/galeria/jquery.fancybox.css?v=2.1.5 HTTP/1.1" 200 4895
181.54.76.49 - - [18/Apr/2015:11:32:02 -0500] "GET /galeria/carrusel/Carrusel/jquery.thumbnailScroller.css HTTP/1.1" 200 2066
181.54.76.49 - - [18/Apr/2015:11:32:02 -0500] "GET /BLA/boletinlegal/js/jquery.scrollTo-min.js HTTP/1.1" 200 1150
181.54.76.49 - - [18/Apr/2015:11:32:02 -0500] "GET /BLA/boletinlegal/js/jquery.scrollShow.js HTTP/1.1" 200 4586
181.54.76.49 - - [18/Apr/2015:11:32:02 -0500] "GET /galeria/galeria/jquery.fancybox.js?v=2.1.5 HTTP/1.1" 200 48706
181.54.76.49 - - [18/Apr/2015:11:32:02 -0500] "GET /galeria/carrusel/Carrusel/jquery-ui-1.8.13.custom.min.js HTTP/1.1" 200 10800
181.54.76.49 - - [18/Apr/2015:11:32:02 -0500] "GET /galeria/carrusel/Carrusel/jquery.thumbnailScroller.js HTTP/1.1" 200 8157
181.54.76.49 - - [18/Apr/2015:11:32:03 -0500] "GET /galeria/nivo-slider/demo/demo.html HTTP/1.1" 200 5117
181.54.76.49 - - [18/Apr/2015:11:32:05 -0500] "GET /galeria/nivo-slider/themes/default/default.css HTTP/1.1" 200 1569
181.54.76.49 - - [18/Apr/2015:11:32:05 -0500] "GET /galeria/nivo-slider/themes/pascal/pascal.css HTTP/1.1" 200 2258
181.54.76.49 - - [18/Apr/2015:11:32:05 -0500] "GET /galeria/nivo-slider/themes/orman/orman.css HTTP/1.1" 200 2152
181.54.76.49 - - [18/Apr/2015:11:32:05 -0500] "GET /galeria/nivo-slider/nivo-slider.css HTTP/1.1" 200 1507
181.54.76.49 - - [18/Apr/2015:11:32:05 -0500] "GET /galeria/nivo-slider/demo/style.css HTTP/1.1" 200 2222
181.54.76.49 - - [18/Apr/2015:11:32:05 -0500] "GET /galeria/nivo-slider/demo/images/pedaleando-por-la-tierra.jpg HTTP/1.1" 200 234362
181.54.76.49 - - [18/Apr/2015:11:32:05 -0500] "GET /galeria/nivo-slider/demo/scripts/jquery-1.7.1.min.js HTTP/1.1" 200 93868
181.54.76.49 - - [18/Apr/2015:11:32:05 -0500] "GET /galeria/nivo-slider/jquery.nivo.slider.pack.js HTTP/1.1" 200 11561
181.54.76.49 - - [18/Apr/2015:11:32:05 -0500] "GET /galeria/nivo-slider/demo/images/ecolectaabril20.jpg HTTP/1.1" 200 72606
181.54.76.49 - - [18/Apr/2015:11:32:05 -0500] "GET /galeria/nivo-slider/demo/images/ECO-YOGA-FESTIVAL.jpg HTTP/1.1" 200 130307
181.54.76.49 - - [18/Apr/2015:11:32:05 -0500] "GET /galeria/nivo-slider/demo/images/marcha2015.jpg HTTP/1.1" 200 85177
181.54.76.49 - - [18/Apr/2015:11:32:06 -0500] "GET /galeria/nivo-slider/demo/images/4Simple_Slider.png HTTP/1.1" 200 11722
181.54.76.49 - - [18/Apr/2015:11:32:06 -0500] "GET /galeria/nivo-slider/themes/default/loading.gif HTTP/1.1" 200 1737
181.54.76.49 - - [18/Apr/2015:11:32:06 -0500] "GET /galeria/nivo-slider/demo/images/no-sea-victima.jpg HTTP/1.1" 200 254155
181.54.76.49 - - [18/Apr/2015:11:32:06 -0500] "GET /galeria/nivo-slider/demo/images/Convocatoria_recicladores.jpg HTTP/1.1" 200 213976
181.54.76.49 - - [18/Apr/2015:11:32:06 -0500] "GET /galeria/nivo-slider/demo/images/acuerdo_569.jpg HTTP/1.1" 200 62670
181.54.76.49 - - [18/Apr/2015:11:32:06 -0500] "GET /galeria/nivo-slider/demo/images/Licitaciones-proyecto-paramo.jpg HTTP/1.1" 200 221877
181.54.76.49 - - [18/Apr/2015:11:32:06 -0500] "GET /galeria/nivo-slider/demo/images/Banner-decreto1299.jpg HTTP/1.1" 200 182613
181.54.76.49 - - [18/Apr/2015:11:32:07 -0500] "GET /galeria/nivo-slider/demo/images/Banner-Directorio.jpg HTTP/1.1" 200 182068
181.54.76.49 - - [18/Apr/2015:11:32:08 -0500] "GET /videos/DiadelatierraHD_1min.flv HTTP/1.1" 200 7316200
181.54.76.49 - - [18/Apr/2015:11:32:08 -0500] "GET /galeria/nivo-slider/demo/images/banner-V2.jpg HTTP/1.1" 200 59297
181.54.76.49 - - [18/Apr/2015:11:32:08 -0500] "GET /galeria/nivo-slider/demo/images/Ruta-vertimientos-01.jpg HTTP/1.1" 200 130151
181.54.76.49 - - [18/Apr/2015:11:32:08 -0500] "GET /galeria/nivo-slider/demo/images/bolsas-06.jpg HTTP/1.1" 200 90982
181.54.76.49 - - [18/Apr/2015:11:32:08 -0500] "GET /galeria/nivo-slider/demo/images/bolsas-08.jpg HTTP/1.1" 200 85589
181.54.76.49 - - [18/Apr/2015:11:32:08 -0500] "GET /galeria/nivo-slider/demo/images/redes_sociales.jpg HTTP/1.1" 200 415652
181.54.76.49 - - [18/Apr/2015:11:32:09 -0500] "GET /galeria/nivo-slider/demo/images/Conoce-los-humedales.jpg HTTP/1.1" 200 294036
186.81.162.202 - - [18/Apr/2015:11:32:09 -0500] "GET /videos/DiadelatierraHD_1min.flv HTTP/1.1" 206 1
186.81.162.202 - - [18/Apr/2015:11:32:09 -0500] "GET /videos/DiadelatierraHD_1min.flv HTTP/1.1" 206 3137957
181.54.76.49 - - [18/Apr/2015:11:32:09 -0500] "GET /galeria/nivo-slider/demo/images/ecolecta-Dic2014.png HTTP/1.1" 200 288593
181.54.76.49 - - [18/Apr/2015:11:32:09 -0500] "GET /galeria/nivo-slider/demo/images/porloshumedales.jpg HTTP/1.1" 200 351238
190.24.38.25 - - [18/Apr/2015:11:32:10 -0500] "GET /BLA/boletinlegal/js/jquery.scrollTo-min.js HTTP/1.1" 200 1150
190.24.38.25 - - [18/Apr/2015:11:32:10 -0500] "GET /BLA/boletinlegal/js/jquery.scrollShow.js HTTP/1.1" 200 4586
190.24.38.25 - - [18/Apr/2015:11:32:10 -0500] "GET /galeria/galeria/jquery.fancybox.css?v=2.1.5 HTTP/1.1" 200 4895
190.24.38.25 - - [18/Apr/2015:11:32:11 -0500] "GET /galeria/galeria/jquery.fancybox.js?v=2.1.5 HTTP/1.1" 200 48706
181.54.76.49 - - [18/Apr/2015:11:32:12 -0500] "GET /galeria/nivo-slider/demo/images/Tingua-azul.jpg HTTP/1.1" 200 307638
181.54.76.49 - - [18/Apr/2015:11:32:13 -0500] "GET /galeria/nivo-slider/demo/images/banner-llantas2.jpg HTTP/1.1" 200 73153
181.54.76.49 - - [18/Apr/2015:11:32:13 -0500] "GET /galeria/nivo-slider/demo/images/9Signos.jpg HTTP/1.1" 200 81776
190.24.38.25 - - [18/Apr/2015:11:32:16 -0500] "GET /BLA/boletinlegal/js/jquery.scrollShow.js HTTP/1.1" 304 -
190.24.38.25 - - [18/Apr/2015:11:32:16 -0500] "GET /BLA/boletinlegal/js/jquery.scrollTo-min.js HTTP/1.1" 304 -
190.24.38.25 - - [18/Apr/2015:11:32:16 -0500] "GET /galeria/galeria/jquery.fancybox.js?v=2.1.5 HTTP/1.1" 304 -
190.24.38.25 - - [18/Apr/2015:11:32:16 -0500] "GET /galeria/galeria/jquery.fancybox.css?v=2.1.5 HTTP/1.1" 304 -
66.249.64.84 - - [18/Apr/2015:11:32:16 -0500] "GET /BLA/resoluciones/RESOLUCIONES%202013/1776.pdf HTTP/1.1" 200 344266
181.54.76.49 - - [18/Apr/2015:11:32:17 -0500] "GET /galeria/nivo-slider/themes/default/arrows.png HTTP/1.1" 200 824
181.54.76.49 - - [18/Apr/2015:11:32:17 -0500] "GET /galeria/nivo-slider/themes/default/bullets.png HTTP/1.1" 200 1281
66.249.64.84 - - [18/Apr/2015:11:32:33 -0500] "GET /BLA/resoluciones/RESOLUCIONES%202013/1651.pdf HTTP/1.1" 200 589677
186.116.233.231 - - [18/Apr/2015:11:32:36 -0500] "GET /PruebasSTORM/StormSDA_pruebas/stormWeb/presentacion.html HTTP/1.1" 200 5109
186.116.233.231 - - [18/Apr/2015:11:32:37 -0500] "GET /PruebasSTORM/StormSDA_pruebas/stormWeb/img/alerta.png HTTP/1.1" 200 23856
186.116.233.231 - - [18/Apr/2015:11:32:37 -0500] "GET /PruebasSTORM/StormSDA_pruebas/stormWeb/img/descargar.png HTTP/1.1" 200 2450
186.116.233.231 - - [18/Apr/2015:11:32:37 -0500] "GET /PruebasSTORM/StormSDA_pruebas/stormWeb/img/version.gif HTTP/1.1" 200 29022
66.249.64.84 - - [18/Apr/2015:11:32:41 -0500] "GET /BLA/resoluciones/AUTOS%202014/3709.pdf HTTP/1.1" 200 495694
190.25.157.12 - - [18/Apr/2015:11:32:46 -0500] "POST /forms/lservlet;jsessionid=ac16012b30d66c288224bd604ba6a2c7b8928c3dc870.e3iSbxaKaheRe3eNbhaPbhuQa41ynknvrkLOlQzNp65In0 HTTP/1.1" 200 2
66.249.64.82 - - [18/Apr/2015:11:32:47 -0500] "GET /BLA/resoluciones/RESOLUCIONES%202013/1521.pdf HTTP/1.1" 200 250972
66.249.64.20 - - [18/Apr/2015:11:32:49 -0500] "GET /SIG/Gesti%C3%B3n%20Talento%20Humano/126PA01-PR26.pdf HTTP/1.1" 200 60767
190.159.223.27 - - [18/Apr/2015:11:32:55 -0500] "GET /BLA/boletinlegal/js/jquery.scrollShow.js HTTP/1.1" 200 4586
190.159.223.27 - - [18/Apr/2015:11:32:55 -0500] "GET /galeria/galeria/jquery.fancybox.js?v=2.1.5 HTTP/1.1" 200 48706
190.159.223.27 - - [18/Apr/2015:11:32:55 -0500] "GET /BLA/boletinlegal/js/jquery.scrollTo-min.js HTTP/1.1" 200 1150
190.159.223.27 - - [18/Apr/2015:11:32:55 -0500] "GET /galeria/galeria/jquery.fancybox.css?v=2.1.5 HTTP/1.1" 200 4895
190.159.223.27 - - [18/Apr/2015:11:33:04 -0500] "GET /BLA/boletinlegal/js/jquery.scrollTo-min.js HTTP/1.1" 304 -
190.159.223.27 - - [18/Apr/2015:11:33:04 -0500] "GET /BLA/boletinlegal/js/jquery.scrollShow.js HTTP/1.1" 304 -
190.159.223.27 - - [18/Apr/2015:11:33:04 -0500] "GET /galeria/galeria/jquery.fancybox.js?v=2.1.5 HTTP/1.1" 304 -
190.159.223.27 - - [18/Apr/2015:11:33:04 -0500] "GET /galeria/galeria/jquery.fancybox.css?v=2.1.5 HTTP/1.1" 304 -
181.54.76.49 - - [18/Apr/2015:11:33:04 -0500] "GET /galeria/galeria/jquery.fancybox.css?v=2.1.5 HTTP/1.1" 304 -
181.54.76.49 - - [18/Apr/2015:11:33:04 -0500] "GET /BLA/boletinlegal/js/jquery.scrollTo-min.js HTTP/1.1" 304 -
181.54.76.49 - - [18/Apr/2015:11:33:04 -0500] "GET /BLA/boletinlegal/js/jquery.scrollShow.js HTTP/1.1" 304 -
181.54.76.49 - - [18/Apr/2015:11:33:04 -0500] "GET /galeria/galeria/jquery.fancybox.js?v=2.1.5 HTTP/1.1" 304 -
180.76.6.159 - - [18/Apr/2015:11:33:13 -0500] "GET /BLA/resoluciones/AUTOS%202010/1363.pdf HTTP/1.1" 200 248131
190.248.145.202 - - [18/Apr/2015:11:33:17 -0500] "GET /videos/DiadelatierraHD_1min.flv HTTP/1.1" 206 1
190.248.145.202 - - [18/Apr/2015:11:33:17 -0500] "GET /videos/DiadelatierraHD_1min.flv HTTP/1.1" 206 4181857
186.145.15.143 - - [18/Apr/2015:11:31:22 -0500] "GET /reports/rwservlet/getjobid347520?server=rep_srvapsda HTTP/1.1" 200 31242459
177.252.130.224 - - [18/Apr/2015:11:33:37 -0500] "GET /galeria/nivo-slider/demo/demo.html HTTP/1.1" 304 -
177.252.130.224 - - [18/Apr/2015:11:33:39 -0500] "GET /galeria/nivo-slider/demo/images/pedaleando-por-la-tierra.jpg HTTP/1.1" 200 234362
177.252.130.224 - - [18/Apr/2015:11:33:39 -0500] "GET /galeria/nivo-slider/demo/images/ecolectaabril20.jpg HTTP/1.1" 304 -
177.252.130.224 - - [18/Apr/2015:11:33:39 -0500] "GET /galeria/nivo-slider/demo/images/ECO-YOGA-FESTIVAL.jpg HTTP/1.1" 304 -
177.252.130.224 - - [18/Apr/2015:11:33:39 -0500] "GET /galeria/nivo-slider/demo/images/marcha2015.jpg HTTP/1.1" 304 -
177.252.130.224 - - [18/Apr/2015:11:33:39 -0500] "GET /galeria/nivo-slider/demo/images/banner-V2.jpg HTTP/1.1" 304 -
177.252.130.224 - - [18/Apr/2015:11:33:39 -0500] "GET /galeria/nivo-slider/demo/images/acuerdo_569.jpg HTTP/1.1" 304 -
177.252.130.224 - - [18/Apr/2015:11:33:39 -0500] "GET /galeria/nivo-slider/demo/images/9Signos.jpg HTTP/1.1" 304 -
186.145.15.143 - - [18/Apr/2015:11:33:52 -0500] "POST /forms/lservlet;jsessionid=ac16012b30d6f23c8b54714647ac99c9c66060d2f801.e3iSbxaKaheRe3eNbhaPbhuQa41ynknvrkLOlQzNp65In0 HTTP/1.1" 200 2
66.249.64.22 - - [18/Apr/2015:11:33:57 -0500] "GET /SIG/ECS/126PM04-PR10.pdf HTTP/1.1" 200 6274964
66.249.64.86 - - [18/Apr/2015:11:34:03 -0500] "GET /BLA/resoluciones/RESOLUCIONES%202013/1912.pdf HTTP/1.1" 200 651712
66.249.64.20 - - [18/Apr/2015:11:34:17 -0500] "GET /SIG/Gesti%C3%B3n%20de%20Recursos%20F%C3%ADsicos/126PA04-PR33.pdf HTTP/1.1" 200 54485
66.249.64.82 - - [18/Apr/2015:11:34:23 -0500] "GET /BLA/resoluciones/RESOLUCIONES%202005/RES%202005%201251-1300/00001277.tif HTTP/1.1" 200 138610
190.25.157.12 - - [18/Apr/2015:11:34:46 -0500] "POST /forms/lservlet;jsessionid=ac16012b30d66c288224bd604ba6a2c7b8928c3dc870.e3iSbxaKaheRe3eNbhaPbhuQa41ynknvrkLOlQzNp65In0 HTTP/1.1" 200 2
66.249.64.84 - - [18/Apr/2015:11:34:53 -0500] "GET /BLA/resoluciones/RESOLUCIONES%202013/2218.pdf HTTP/1.1" 200 815386
190.144.170.10 - - [18/Apr/2015:11:34:53 -0500] "GET /BLA/resoluciones/RESOLUCIONES%202011/0382.pdf HTTP/1.1" 200 286006
190.144.170.10 - - [18/Apr/2015:11:34:53 -0500] "GET /favicon.ico HTTP/1.1" 200 7782
201.245.192.253 - - [18/Apr/2015:11:34:53 -0500] "GET /isolucionsda/Session.asp HTTP/1.1" 200 146
180.76.6.61 - - [18/Apr/2015:11:34:54 -0500] "GET /BLA/resoluciones/RESOLUCIONES%202013/1341.pdf HTTP/1.1" 200 541693
66.249.64.84 - - [18/Apr/2015:11:34:55 -0500] "GET /BLA/resoluciones/RESOLUCIONES%202013/1415.pdf HTTP/1.1" 200 284753
66.249.64.84 - - [18/Apr/2015:11:35:10 -0500] "GET /BLA/resoluciones/RESOLUCIONES%202013/1727.pdf HTTP/1.1" 200 329828
66.249.64.82 - - [18/Apr/2015:11:35:11 -0500] "GET /BLA/resoluciones/RESOLUCIONES%202013/2246.pdf HTTP/1.1" 200 398524
186.154.200.60 - - [18/Apr/2015:11:35:22 -0500] "GET /BLA/boletinlegal/js/jquery.scrollShow.js HTTP/1.1" 200 4586
186.154.200.60 - - [18/Apr/2015:11:35:22 -0500] "GET /galeria/galeria/jquery.fancybox.css?v=2.1.5 HTTP/1.1" 200 4895
186.154.200.60 - - [18/Apr/2015:11:35:22 -0500] "GET /galeria/galeria/jquery.fancybox.js?v=2.1.5 HTTP/1.1" 200 48706
186.154.200.60 - - [18/Apr/2015:11:35:22 -0500] "GET /galeria/carrusel/Carrusel/jquery.thumbnailScroller.js HTTP/1.1" 200 8157
186.154.200.60 - - [18/Apr/2015:11:35:25 -0500] "GET /galeria/carrusel/Carrusel/jquery.thumbnailScroller.css HTTP/1.1" 200 2066
180.76.5.154 - - [18/Apr/2015:11:35:36 -0500] "GET /BLA/resoluciones/RESOLUCIONES%202008/1795.pdf HTTP/1.1" 200 262860
186.145.15.143 - - [18/Apr/2015:11:35:52 -0500] "POST /forms/lservlet;jsessionid=ac16012b30d6f23c8b54714647ac99c9c66060d2f801.e3iSbxaKaheRe3eNbhaPbhuQa41ynknvrkLOlQzNp65In0 HTTP/1.1" 200 2
186.85.138.75 - - [18/Apr/2015:11:35:56 -0500] "GET /galeria/nivo-slider/demo/demo.html HTTP/1.1" 304 -
186.85.138.75 - - [18/Apr/2015:11:35:59 -0500] "GET /galeria/nivo-slider/demo/images/pedaleando-por-la-tierra.jpg HTTP/1.1" 200 234362
186.85.138.75 - - [18/Apr/2015:11:35:59 -0500] "GET /galeria/nivo-slider/demo/images/ecolectaabril20.jpg HTTP/1.1" 304 -
186.85.138.75 - - [18/Apr/2015:11:35:59 -0500] "GET /galeria/nivo-slider/demo/images/ECO-YOGA-FESTIVAL.jpg HTTP/1.1" 304 -
186.85.138.75 - - [18/Apr/2015:11:36:00 -0500] "GET /galeria/nivo-slider/demo/images/Banner-decreto1299.jpg HTTP/1.1" 304 -
186.85.138.75 - - [18/Apr/2015:11:36:00 -0500] "GET /galeria/nivo-slider/demo/images/banner-V2.jpg HTTP/1.1" 200 59297
186.85.138.75 - - [18/Apr/2015:11:36:00 -0500] "GET /galeria/nivo-slider/demo/images/Ruta-vertimientos-01.jpg HTTP/1.1" 200 130151
186.85.138.75 - - [18/Apr/2015:11:36:01 -0500] "GET /galeria/nivo-slider/demo/images/Conoce-los-humedales.jpg HTTP/1.1" 304 -
186.85.138.75 - - [18/Apr/2015:11:36:01 -0500] "GET /galeria/nivo-slider/demo/images/9Signos.jpg HTTP/1.1" 304 -
74.86.158.107 - - [18/Apr/2015:11:36:02 -0500] "HEAD / HTTP/1.1" 200 -
186.154.200.60 - - [18/Apr/2015:11:36:06 -0500] "GET /BLA/boletinlegal/js/jquery.scrollTo-min.js HTTP/1.1" 200 1150
186.154.200.60 - - [18/Apr/2015:11:36:07 -0500] "GET /galeria/nivo-slider/demo/demo.html HTTP/1.1" 200 5117
186.154.200.60 - - [18/Apr/2015:11:36:08 -0500] "GET /galeria/nivo-slider/themes/default/default.css HTTP/1.1" 200 1569
186.154.200.60 - - [18/Apr/2015:11:36:08 -0500] "GET /galeria/nivo-slider/themes/pascal/pascal.css HTTP/1.1" 200 2258
186.154.200.60 - - [18/Apr/2015:11:36:08 -0500] "GET /galeria/nivo-slider/themes/orman/orman.css HTTP/1.1" 200 2152
186.154.200.60 - - [18/Apr/2015:11:36:08 -0500] "GET /galeria/nivo-slider/demo/style.css HTTP/1.1" 200 2222
186.154.200.60 - - [18/Apr/2015:11:36:08 -0500] "GET /galeria/nivo-slider/nivo-slider.css HTTP/1.1" 200 1507
186.154.200.60 - - [18/Apr/2015:11:36:08 -0500] "GET /galeria/nivo-slider/jquery.nivo.slider.pack.js HTTP/1.1" 200 11561
186.154.200.60 - - [18/Apr/2015:11:36:08 -0500] "GET /galeria/nivo-slider/demo/images/pedaleando-por-la-tierra.jpg HTTP/1.1" 200 234362
186.154.200.60 - - [18/Apr/2015:11:36:08 -0500] "GET /galeria/nivo-slider/demo/scripts/jquery-1.7.1.min.js HTTP/1.1" 200 93868
186.154.200.60 - - [18/Apr/2015:11:36:09 -0500] "GET /galeria/nivo-slider/demo/images/ecolectaabril20.jpg HTTP/1.1" 200 72606
186.154.200.60 - - [18/Apr/2015:11:36:09 -0500] "GET /galeria/nivo-slider/demo/images/ECO-YOGA-FESTIVAL.jpg HTTP/1.1" 200 130307
186.154.200.60 - - [18/Apr/2015:11:36:09 -0500] "GET /galeria/nivo-slider/demo/images/marcha2015.jpg HTTP/1.1" 200 85177
186.154.200.60 - - [18/Apr/2015:11:36:10 -0500] "GET /galeria/carrusel/Carrusel/jquery-ui-1.8.13.custom.min.js HTTP/1.1" 200 10800
186.154.200.60 - - [18/Apr/2015:11:36:10 -0500] "GET /galeria/nivo-slider/demo/images/no-sea-victima.jpg HTTP/1.1" 200 254155
186.154.200.60 - - [18/Apr/2015:11:36:12 -0500] "GET /galeria/nivo-slider/demo/images/4Simple_Slider.png HTTP/1.1" 200 11722
186.154.200.60 - - [18/Apr/2015:11:36:12 -0500] "GET /galeria/nivo-slider/themes/default/loading.gif HTTP/1.1" 200 1737
186.154.200.60 - - [18/Apr/2015:11:36:12 -0500] "GET /galeria/nivo-slider/demo/images/Convocatoria_recicladores.jpg HTTP/1.1" 200 213976
186.154.200.60 - - [18/Apr/2015:11:36:12 -0500] "GET /galeria/nivo-slider/demo/images/acuerdo_569.jpg HTTP/1.1" 200 62670
186.154.200.60 - - [18/Apr/2015:11:36:13 -0500] "GET /galeria/nivo-slider/demo/images/Licitaciones-proyecto-paramo.jpg HTTP/1.1" 200 221877
186.154.200.60 - - [18/Apr/2015:11:36:14 -0500] "GET /galeria/nivo-slider/demo/images/Banner-decreto1299.jpg HTTP/1.1" 200 182613
186.154.200.60 - - [18/Apr/2015:11:36:14 -0500] "GET /galeria/nivo-slider/demo/images/Banner-Directorio.jpg HTTP/1.1" 200 182068
