186.116.149.250 - - [21/Apr/2015:07:46:26 -0500] "GET /BLA/boletinlegal/js/jquery.scrollShow.js HTTP/1.1" 304 -
190.65.207.0 - - [21/Apr/2015:07:46:27 -0500] "GET /galeria/nivo-slider/demo/images/Banner-decreto1299.jpg HTTP/1.1" 200 182613
190.65.207.0 - - [21/Apr/2015:07:46:28 -0500] "GET /galeria/nivo-slider/demo/images/Banner-Directorio.jpg HTTP/1.1" 200 182068
190.65.207.0 - - [21/Apr/2015:07:46:28 -0500] "GET /galeria/nivo-slider/demo/images/banner-V2.jpg HTTP/1.1" 200 59297
190.65.207.0 - - [21/Apr/2015:07:46:29 -0500] "GET /galeria/nivo-slider/demo/images/Ruta-vertimientos-01.jpg HTTP/1.1" 200 130151
190.65.207.0 - - [21/Apr/2015:07:46:29 -0500] "GET /galeria/nivo-slider/demo/images/bolsas-06.jpg HTTP/1.1" 200 90982
190.65.207.0 - - [21/Apr/2015:07:46:29 -0500] "GET /videos/DiadelatierraHD_1min.flv HTTP/1.1" 200 7316200
190.65.207.0 - - [21/Apr/2015:07:46:29 -0500] "GET /galeria/nivo-slider/demo/images/bolsas-08.jpg HTTP/1.1" 200 85589
190.65.207.0 - - [21/Apr/2015:07:46:29 -0500] "GET /galeria/nivo-slider/demo/images/redes_sociales.jpg HTTP/1.1" 200 415652
190.65.207.0 - - [21/Apr/2015:07:46:30 -0500] "GET /galeria/nivo-slider/demo/images/Conoce-los-humedales.jpg HTTP/1.1" 200 294036
190.25.70.198 - - [21/Apr/2015:07:46:30 -0500] "POST /forms/lservlet;jsessionid=ac16012b30d614318e96713744e791ea88a8a172d2ab.e3iSbxaKaheRe3eNbhaPbhuQa41ynknvrkLOlQzNp65In0 HTTP/1.1" 200 74
190.65.207.0 - - [21/Apr/2015:07:46:30 -0500] "GET /galeria/nivo-slider/demo/images/ecolecta-Dic2014.png HTTP/1.1" 200 288593
190.65.207.0 - - [21/Apr/2015:07:46:30 -0500] "GET /galeria/nivo-slider/demo/images/porloshumedales.jpg HTTP/1.1" 200 351238
190.65.207.0 - - [21/Apr/2015:07:46:30 -0500] "GET /galeria/nivo-slider/demo/images/Tingua-azul.jpg HTTP/1.1" 200 307638
190.65.207.0 - - [21/Apr/2015:07:46:33 -0500] "GET /galeria/nivo-slider/demo/images/banner-llantas2.jpg HTTP/1.1" 200 73153
190.25.70.198 - - [21/Apr/2015:07:46:35 -0500] "POST /forms/lservlet;jsessionid=ac16012b30d614318e96713744e791ea88a8a172d2ab.e3iSbxaKaheRe3eNbhaPbhuQa41ynknvrkLOlQzNp65In0 HTTP/1.1" 200 2
190.25.70.198 - - [21/Apr/2015:07:46:35 -0500] "POST /forms/lservlet;jsessionid=ac16012b30d614318e96713744e791ea88a8a172d2ab.e3iSbxaKaheRe3eNbhaPbhuQa41ynknvrkLOlQzNp65In0 HTTP/1.1" 200 114
190.25.70.198 - - [21/Apr/2015:07:46:35 -0500] "POST /forms/lservlet;jsessionid=ac16012b30d614318e96713744e791ea88a8a172d2ab.e3iSbxaKaheRe3eNbhaPbhuQa41ynknvrkLOlQzNp65In0 HTTP/1.1" 200 2
190.25.70.198 - - [21/Apr/2015:07:46:36 -0500] "POST /forms/lservlet;jsessionid=ac16012b30d614318e96713744e791ea88a8a172d2ab.e3iSbxaKaheRe3eNbhaPbhuQa41ynknvrkLOlQzNp65In0 HTTP/1.1" 200 2
66.249.64.86 - - [21/Apr/2015:07:46:36 -0500] "GET /BLA/resoluciones/AUTOS%202014/6642.pdf HTTP/1.1" 304 -
190.25.70.198 - - [21/Apr/2015:07:46:36 -0500] "POST /forms/lservlet;jsessionid=ac16012b30d614318e96713744e791ea88a8a172d2ab.e3iSbxaKaheRe3eNbhaPbhuQa41ynknvrkLOlQzNp65In0 HTTP/1.1" 200 283
190.65.207.0 - - [21/Apr/2015:07:46:37 -0500] "GET /galeria/galeria/jquery.fancybox.css?v=2.1.5 HTTP/1.1" 304 -
190.65.207.0 - - [21/Apr/2015:07:46:37 -0500] "GET /BLA/boletinlegal/js/jquery.scrollTo-min.js HTTP/1.1" 304 -
190.65.207.0 - - [21/Apr/2015:07:46:37 -0500] "GET /BLA/boletinlegal/js/jquery.scrollShow.js HTTP/1.1" 304 -
190.65.207.0 - - [21/Apr/2015:07:46:37 -0500] "GET /galeria/galeria/jquery.fancybox.js?v=2.1.5 HTTP/1.1" 304 -
190.25.70.198 - - [21/Apr/2015:07:46:40 -0500] "POST /forms/lservlet;jsessionid=ac16012b30d614318e96713744e791ea88a8a172d2ab.e3iSbxaKaheRe3eNbhaPbhuQa41ynknvrkLOlQzNp65In0 HTTP/1.1" 200 72
190.25.70.198 - - [21/Apr/2015:07:46:41 -0500] "POST /forms/lservlet;jsessionid=ac16012b30d614318e96713744e791ea88a8a172d2ab.e3iSbxaKaheRe3eNbhaPbhuQa41ynknvrkLOlQzNp65In0 HTTP/1.1" 200 1526
190.25.70.198 - - [21/Apr/2015:07:46:46 -0500] "POST /forms/lservlet;jsessionid=ac16012b30d614318e96713744e791ea88a8a172d2ab.e3iSbxaKaheRe3eNbhaPbhuQa41ynknvrkLOlQzNp65In0 HTTP/1.1" 200 1556
190.84.185.167 - - [21/Apr/2015:07:46:46 -0500] "GET /forest/skins/gdocs-jar/popup/popup.jsp?width=900&height=600&title=Informaci%F3n%20de%20proceso&uri=/forest/system/process.jsp%3FnumPro%3D3059618&name=undefined&_a=0.3516694763675332&a=0.6715500238351524 HTTP/1.1" 200 1312
190.84.185.167 - - [21/Apr/2015:07:46:46 -0500] "GET /forest/system/process.jsp?numPro=3059618 HTTP/1.1" 200 18159
190.84.185.167 - - [21/Apr/2015:07:46:46 -0500] "GET /forest/system/process.jsp?numPro=3059618 HTTP/1.1" 200 23860
190.84.185.167 - - [21/Apr/2015:07:46:46 -0500] "GET /forest/css/dialog.css HTTP/1.1" 304 -
190.84.185.167 - - [21/Apr/2015:07:46:46 -0500] "GET /forest/css/index.css HTTP/1.1" 304 -
190.84.185.167 - - [21/Apr/2015:07:46:46 -0500] "GET /forest/1ibre/protoaculous.js HTTP/1.1" 304 -
190.84.185.167 - - [21/Apr/2015:07:46:46 -0500] "GET /forest/1ibre/1ibre.js HTTP/1.1" 304 -
190.25.70.198 - - [21/Apr/2015:07:46:47 -0500] "POST /forms/lservlet;jsessionid=ac16012b30d614318e96713744e791ea88a8a172d2ab.e3iSbxaKaheRe3eNbhaPbhuQa41ynknvrkLOlQzNp65In0 HTTP/1.1" 200 1148
109.203.99.4 - - [21/Apr/2015:07:46:48 -0500] "GET /wordpress/wp-admin/ HTTP/1.1" 404 1018
190.25.70.198 - - [21/Apr/2015:07:46:48 -0500] "POST /forms/lservlet;jsessionid=ac16012b30d614318e96713744e791ea88a8a172d2ab.e3iSbxaKaheRe3eNbhaPbhuQa41ynknvrkLOlQzNp65In0 HTTP/1.1" 200 1114
190.25.70.198 - - [21/Apr/2015:07:46:49 -0500] "POST /forms/lservlet;jsessionid=ac16012b30d614318e96713744e791ea88a8a172d2ab.e3iSbxaKaheRe3eNbhaPbhuQa41ynknvrkLOlQzNp65In0 HTTP/1.1" 200 2
190.25.70.198 - - [21/Apr/2015:07:46:50 -0500] "POST /forms/lservlet;jsessionid=ac16012b30d614318e96713744e791ea88a8a172d2ab.e3iSbxaKaheRe3eNbhaPbhuQa41ynknvrkLOlQzNp65In0 HTTP/1.1" 200 907
190.84.185.167 - - [21/Apr/2015:07:46:48 -0500] "GET /forest/documentos/2045589/2015ER53216.docx HTTP/1.1" 200 313708
66.249.64.82 - - [21/Apr/2015:07:46:50 -0500] "GET /BLA/resoluciones/RESOLUCIONES%202010/6029.pdf HTTP/1.1" 200 658734
190.25.70.198 - - [21/Apr/2015:07:46:52 -0500] "POST /forms/lservlet;jsessionid=ac16012b30d614318e96713744e791ea88a8a172d2ab.e3iSbxaKaheRe3eNbhaPbhuQa41ynknvrkLOlQzNp65In0 HTTP/1.1" 200 1133
190.25.70.198 - - [21/Apr/2015:07:46:52 -0500] "POST /forms/lservlet;jsessionid=ac16012b30d614318e96713744e791ea88a8a172d2ab.e3iSbxaKaheRe3eNbhaPbhuQa41ynknvrkLOlQzNp65In0 HTTP/1.1" 200 2
186.154.253.106 - - [21/Apr/2015:07:46:52 -0500] "POST /forest/login.do HTTP/1.1" 302 -
186.154.253.106 - - [21/Apr/2015:07:46:52 -0500] "GET /forest/index2.jsp?a=0.6612149016658864 HTTP/1.1" 200 31672
190.25.70.198 - - [21/Apr/2015:07:46:53 -0500] "POST /forms/lservlet;jsessionid=ac16012b30d614318e96713744e791ea88a8a172d2ab.e3iSbxaKaheRe3eNbhaPbhuQa41ynknvrkLOlQzNp65In0 HTTP/1.1" 200 2
190.25.70.198 - - [21/Apr/2015:07:46:53 -0500] "POST /forms/lservlet;jsessionid=ac16012b30d614318e96713744e791ea88a8a172d2ab.e3iSbxaKaheRe3eNbhaPbhuQa41ynknvrkLOlQzNp65In0 HTTP/1.1" 200 901
190.25.70.198 - - [21/Apr/2015:07:46:53 -0500] "POST /forms/lservlet;jsessionid=ac16012b30d614318e96713744e791ea88a8a172d2ab.e3iSbxaKaheRe3eNbhaPbhuQa41ynknvrkLOlQzNp65In0 HTTP/1.1" 200 1138
201.245.192.253 - - [21/Apr/2015:07:46:54 -0500] "GET /galeria/nivo-slider/demo/demo.html HTTP/1.1" 304 -
186.154.253.106 - - [21/Apr/2015:07:46:54 -0500] "GET /forest/session.jsp?a=0.34908364270813763 HTTP/1.1" 200 4
190.25.70.198 - - [21/Apr/2015:07:46:54 -0500] "POST /forms/lservlet;jsessionid=ac16012b30d614318e96713744e791ea88a8a172d2ab.e3iSbxaKaheRe3eNbhaPbhuQa41ynknvrkLOlQzNp65In0 HTTP/1.1" 200 915
190.25.70.198 - - [21/Apr/2015:07:46:55 -0500] "POST /forms/lservlet;jsessionid=ac16012b30d614318e96713744e791ea88a8a172d2ab.e3iSbxaKaheRe3eNbhaPbhuQa41ynknvrkLOlQzNp65In0 HTTP/1.1" 200 1077
201.245.192.253 - - [21/Apr/2015:07:46:55 -0500] "GET /galeria/nivo-slider/demo/images/pedaleando-por-la-tierra.jpg HTTP/1.1" 304 -
201.245.192.253 - - [21/Apr/2015:07:46:55 -0500] "GET /galeria/nivo-slider/demo/images/ecolectaabril20.jpg HTTP/1.1" 304 -
190.25.70.198 - - [21/Apr/2015:07:46:56 -0500] "POST /forms/lservlet;jsessionid=ac16012b30d614318e96713744e791ea88a8a172d2ab.e3iSbxaKaheRe3eNbhaPbhuQa41ynknvrkLOlQzNp65In0 HTTP/1.1" 200 968
190.25.70.198 - - [21/Apr/2015:07:46:56 -0500] "POST /forms/lservlet;jsessionid=ac16012b30d614318e96713744e791ea88a8a172d2ab.e3iSbxaKaheRe3eNbhaPbhuQa41ynknvrkLOlQzNp65In0 HTTP/1.1" 200 1134
190.65.207.0 - - [21/Apr/2015:07:46:56 -0500] "GET /galeria/galeria/jquery.fancybox.css?v=2.1.5 HTTP/1.1" 304 -
190.65.207.0 - - [21/Apr/2015:07:46:56 -0500] "GET /BLA/boletinlegal/js/jquery.scrollTo-min.js HTTP/1.1" 304 -
190.65.207.0 - - [21/Apr/2015:07:46:56 -0500] "GET /BLA/boletinlegal/js/jquery.scrollShow.js HTTP/1.1" 304 -
190.65.207.0 - - [21/Apr/2015:07:46:56 -0500] "GET /galeria/galeria/jquery.fancybox.js?v=2.1.5 HTTP/1.1" 304 -
201.245.192.253 - - [21/Apr/2015:07:46:57 -0500] "GET /galeria/nivo-slider/demo/images/redes_sociales.jpg HTTP/1.1" 304 -
190.25.70.198 - - [21/Apr/2015:07:46:57 -0500] "POST /forms/lservlet;jsessionid=ac16012b30d614318e96713744e791ea88a8a172d2ab.e3iSbxaKaheRe3eNbhaPbhuQa41ynknvrkLOlQzNp65In0 HTTP/1.1" 200 875
190.25.70.198 - - [21/Apr/2015:07:46:59 -0500] "POST /forms/lservlet;jsessionid=ac16012b30d614318e96713744e791ea88a8a172d2ab.e3iSbxaKaheRe3eNbhaPbhuQa41ynknvrkLOlQzNp65In0 HTTP/1.1" 200 1536
190.25.70.198 - - [21/Apr/2015:07:47:03 -0500] "POST /forms/lservlet;jsessionid=ac16012b30d614318e96713744e791ea88a8a172d2ab.e3iSbxaKaheRe3eNbhaPbhuQa41ynknvrkLOlQzNp65In0 HTTP/1.1" 200 55440
66.249.64.86 - - [21/Apr/2015:07:47:04 -0500] "GET /BLA/resoluciones/RESOLUCIONES%202010/5828.pdf HTTP/1.1" 200 91396
201.245.192.253 - - [21/Apr/2015:07:47:06 -0500] "GET /forest/session.jsp?a=0.29552480762942257 HTTP/1.1" 200 4
186.154.253.106 - - [21/Apr/2015:07:47:10 -0500] "GET /galeria/galeria/jquery.fancybox.js?v=2.1.5 HTTP/1.1" 304 -
186.154.253.106 - - [21/Apr/2015:07:47:10 -0500] "GET /galeria/galeria/jquery.fancybox.css?v=2.1.5 HTTP/1.1" 304 -
186.154.253.106 - - [21/Apr/2015:07:47:11 -0500] "GET /galeria/nivo-slider/demo/demo.html HTTP/1.1" 200 4881
201.245.192.253 - - [21/Apr/2015:07:47:12 -0500] "POST /forms/lservlet;jsessionid=ac16012b30d6423794d3411d49c08f5bc061d328b442.e3iSbxaKaheRe3eNbhaPbhuQa41ynknvrkLOlQzNp65In0 HTTP/1.1" 200 2
186.154.253.106 - - [21/Apr/2015:07:47:13 -0500] "GET /galeria/nivo-slider/demo/images/pedaleando-por-la-tierra.jpg HTTP/1.1" 304 -
186.154.253.106 - - [21/Apr/2015:07:47:14 -0500] "GET /galeria/nivo-slider/demo/images/ecolectaabril20.jpg HTTP/1.1" 304 -
186.154.253.106 - - [21/Apr/2015:07:47:14 -0500] "GET /galeria/nivo-slider/demo/images/redes_sociales.jpg HTTP/1.1" 304 -
186.154.253.106 - - [21/Apr/2015:07:47:15 -0500] "GET /galeria/nivo-slider/demo/images/9Signos.jpg HTTP/1.1" 304 -
190.84.185.167 - - [21/Apr/2015:07:47:17 -0500] "POST /forest/misactividades.do?ajax=true&a=0.9504490524996072 HTTP/1.1" 200 11948
190.248.53.58 - - [21/Apr/2015:07:47:18 -0500] "GET /BLA/boletinlegal/js/jquery.scrollShow.js HTTP/1.1" 200 4586
190.248.53.58 - - [21/Apr/2015:07:47:18 -0500] "GET /galeria/galeria/jquery.fancybox.css?v=2.1.5 HTTP/1.1" 200 4895
190.248.53.58 - - [21/Apr/2015:07:47:18 -0500] "GET /BLA/boletinlegal/js/jquery.scrollTo-min.js HTTP/1.1" 200 1150
190.248.53.58 - - [21/Apr/2015:07:47:18 -0500] "GET /galeria/galeria/jquery.fancybox.js?v=2.1.5 HTTP/1.1" 200 48706
66.249.64.86 - - [21/Apr/2015:07:47:18 -0500] "GET /BLA/resoluciones/RESOLUCIONES%202007/RES%202007%203301%20AL%203400/RESOLUCION%203390%20DE%202007.pdf HTTP/1.1" 200 911072
190.25.70.198 - - [21/Apr/2015:07:47:19 -0500] "POST /forms/lservlet;jsessionid=ac16012b30d614318e96713744e791ea88a8a172d2ab.e3iSbxaKaheRe3eNbhaPbhuQa41ynknvrkLOlQzNp65In0 HTTP/1.1" 200 109
200.31.15.122 - - [21/Apr/2015:07:47:23 -0500] "GET /galeria/galeria/jquery.fancybox.css?v=2.1.5 HTTP/1.1" 200 4895
200.31.15.122 - - [21/Apr/2015:07:47:23 -0500] "GET /BLA/boletinlegal/js/jquery.scrollShow.js HTTP/1.1" 200 4586
200.31.15.122 - - [21/Apr/2015:07:47:23 -0500] "GET /BLA/boletinlegal/js/jquery.scrollTo-min.js HTTP/1.1" 200 1150
200.31.15.122 - - [21/Apr/2015:07:47:23 -0500] "GET /galeria/galeria/jquery.fancybox.js?v=2.1.5 HTTP/1.1" 200 48706
200.31.15.122 - - [21/Apr/2015:07:47:23 -0500] "GET /galeria/carrusel/Carrusel/jquery.thumbnailScroller.css HTTP/1.1" 200 2066
200.31.15.122 - - [21/Apr/2015:07:47:23 -0500] "GET /galeria/carrusel/Carrusel/jquery-ui-1.8.13.custom.min.js HTTP/1.1" 200 10800
200.31.15.122 - - [21/Apr/2015:07:47:23 -0500] "GET /galeria/carrusel/Carrusel/jquery.thumbnailScroller.js HTTP/1.1" 200 8157
190.25.70.198 - - [21/Apr/2015:07:47:23 -0500] "POST /forms/lservlet;jsessionid=ac16012b30d614318e96713744e791ea88a8a172d2ab.e3iSbxaKaheRe3eNbhaPbhuQa41ynknvrkLOlQzNp65In0 HTTP/1.1" 200 90
186.29.173.43 - - [21/Apr/2015:07:47:23 -0500] "GET /galeria/galeria/jquery.fancybox.css?v=2.1.5 HTTP/1.1" 200 4895
186.29.173.43 - - [21/Apr/2015:07:47:23 -0500] "GET /BLA/boletinlegal/js/jquery.scrollShow.js HTTP/1.1" 200 4586
186.29.173.43 - - [21/Apr/2015:07:47:24 -0500] "GET /BLA/boletinlegal/js/jquery.scrollTo-min.js HTTP/1.1" 200 1150
186.29.173.43 - - [21/Apr/2015:07:47:24 -0500] "GET /galeria/galeria/jquery.fancybox.js?v=2.1.5 HTTP/1.1" 200 48706
190.84.185.167 - - [21/Apr/2015:07:47:26 -0500] "GET /forest/skins/gdocs-jar/popup/popup.jsp?width=850&height=380&title=Informaci%F3n%20del%20radicado&uri=/forest/system/document.jsp%3FcodDoc%3D2043772&name=undefined&_a=0.6080896710045636&a=0.9078791986685246 HTTP/1.1" 200 1315
190.84.185.167 - - [21/Apr/2015:07:47:26 -0500] "GET /forest/img/jquery/ui-bg_flat_55_fbec88_40x100.png HTTP/1.1" 304 -
190.84.185.167 - - [21/Apr/2015:07:47:27 -0500] "GET /forest/skins/gdocs-jar/img/icons/pdf.gif HTTP/1.1" 304 -
190.84.185.167 - - [21/Apr/2015:07:47:26 -0500] "GET /forest/system/document.jsp?codDoc=2043772 HTTP/1.1" 200 19819
190.84.185.167 - - [21/Apr/2015:07:47:27 -0500] "GET /forest/skins/gdocs-jar/img/alert.gif HTTP/1.1" 304 -
190.25.70.198 - - [21/Apr/2015:07:47:29 -0500] "POST /forms/lservlet;jsessionid=ac16012b30d614318e96713744e791ea88a8a172d2ab.e3iSbxaKaheRe3eNbhaPbhuQa41ynknvrkLOlQzNp65In0 HTTP/1.1" 200 74
66.249.64.82 - - [21/Apr/2015:07:47:33 -0500] "GET /BLA/resoluciones/AUTOS%202011/2614.pdf HTTP/1.1" 304 -
190.25.70.198 - - [21/Apr/2015:07:47:33 -0500] "POST /forms/lservlet;jsessionid=ac16012b30d614318e96713744e791ea88a8a172d2ab.e3iSbxaKaheRe3eNbhaPbhuQa41ynknvrkLOlQzNp65In0 HTTP/1.1" 200 72
190.25.70.198 - - [21/Apr/2015:07:47:34 -0500] "POST /forms/lservlet;jsessionid=ac16012b30d614318e96713744e791ea88a8a172d2ab.e3iSbxaKaheRe3eNbhaPbhuQa41ynknvrkLOlQzNp65In0 HTTP/1.1" 200 174
190.25.70.198 - - [21/Apr/2015:07:47:35 -0500] "POST /forms/lservlet;jsessionid=ac16012b30d614318e96713744e791ea88a8a172d2ab.e3iSbxaKaheRe3eNbhaPbhuQa41ynknvrkLOlQzNp65In0 HTTP/1.1" 200 2
190.248.53.58 - - [21/Apr/2015:07:47:36 -0500] "GET /galeria/galeria/jquery.fancybox.css?v=2.1.5 HTTP/1.1" 304 -
190.248.53.58 - - [21/Apr/2015:07:47:36 -0500] "GET /BLA/boletinlegal/js/jquery.scrollTo-min.js HTTP/1.1" 304 -
190.248.53.58 - - [21/Apr/2015:07:47:36 -0500] "GET /galeria/galeria/jquery.fancybox.js?v=2.1.5 HTTP/1.1" 304 -
190.248.53.58 - - [21/Apr/2015:07:47:36 -0500] "GET /BLA/boletinlegal/js/jquery.scrollShow.js HTTP/1.1" 304 -
190.25.70.198 - - [21/Apr/2015:07:47:36 -0500] "POST /forms/lservlet;jsessionid=ac16012b30d614318e96713744e791ea88a8a172d2ab.e3iSbxaKaheRe3eNbhaPbhuQa41ynknvrkLOlQzNp65In0 HTTP/1.1" 200 266
190.25.70.198 - - [21/Apr/2015:07:47:37 -0500] "POST /forms/lservlet;jsessionid=ac16012b30d614318e96713744e791ea88a8a172d2ab.e3iSbxaKaheRe3eNbhaPbhuQa41ynknvrkLOlQzNp65In0 HTTP/1.1" 200 2
190.25.70.198 - - [21/Apr/2015:07:47:37 -0500] "POST /forms/lservlet;jsessionid=ac16012b30d614318e96713744e791ea88a8a172d2ab.e3iSbxaKaheRe3eNbhaPbhuQa41ynknvrkLOlQzNp65In0 HTTP/1.1" 200 1345
190.25.70.198 - - [21/Apr/2015:07:47:38 -0500] "POST /forms/lservlet;jsessionid=ac16012b30d614318e96713744e791ea88a8a172d2ab.e3iSbxaKaheRe3eNbhaPbhuQa41ynknvrkLOlQzNp65In0 HTTP/1.1" 200 2
190.25.70.198 - - [21/Apr/2015:07:47:39 -0500] "POST /forms/lservlet;jsessionid=ac16012b30d614318e96713744e791ea88a8a172d2ab.e3iSbxaKaheRe3eNbhaPbhuQa41ynknvrkLOlQzNp65In0 HTTP/1.1" 200 134
190.25.70.198 - - [21/Apr/2015:07:47:40 -0500] "POST /forms/lservlet;jsessionid=ac16012b30d614318e96713744e791ea88a8a172d2ab.e3iSbxaKaheRe3eNbhaPbhuQa41ynknvrkLOlQzNp65In0 HTTP/1.1" 200 2
190.25.70.198 - - [21/Apr/2015:07:47:41 -0500] "POST /forms/lservlet;jsessionid=ac16012b30d614318e96713744e791ea88a8a172d2ab.e3iSbxaKaheRe3eNbhaPbhuQa41ynknvrkLOlQzNp65In0 HTTP/1.1" 200 1240
190.84.185.167 - - [21/Apr/2015:07:47:41 -0500] "GET /forest/skins/gdocs-jar/popup/popup.jsp?width=1100&height=500&title=Buscar%20documentos&uri=/forest/buscar.do%3Ftype%3Ddocumentos&name=undefined&_a=0.017083603888750076&a=0.10454554413445294 HTTP/1.1" 200 1300
190.84.185.167 - - [21/Apr/2015:07:47:41 -0500] "GET /forest/buscar.do?type=documentos HTTP/1.1" 200 14695
190.84.185.167 - - [21/Apr/2015:07:47:41 -0500] "GET /forest/buscar.do?type=documentos HTTP/1.1" 200 85134
190.84.185.167 - - [21/Apr/2015:07:47:42 -0500] "GET /forest/json.do?query=usersByDep&coddep=2013 HTTP/1.1" 200 6956
190.84.185.167 - - [21/Apr/2015:07:47:42 -0500] "GET /forest/json.do?query=versionListadas HTTP/1.1" 200 15
190.84.185.167 - - [21/Apr/2015:07:47:42 -0500] "GET /forest/json.do?query=usersByDep&coddep=2013 HTTP/1.1" 200 6956
190.84.185.167 - - [21/Apr/2015:07:47:42 -0500] "GET /forest/json.do?query=procesIniciales HTTP/1.1" 200 10282
190.84.185.167 - - [21/Apr/2015:07:47:42 -0500] "GET /forest/json.do?query=bpmnIniciales HTTP/1.1" 200 775
190.84.185.167 - - [21/Apr/2015:07:47:45 -0500] "POST /forest/buscar.do? HTTP/1.1" 200 7237
66.249.64.86 - - [21/Apr/2015:07:47:47 -0500] "GET /BLA/resoluciones/RESOLUCIONES%202009/6843.pdf HTTP/1.1" 304 -
201.245.192.253 - - [21/Apr/2015:07:47:50 -0500] "GET /forest/session.jsp?a=0.005537411514156321 HTTP/1.1" 200 4
190.25.70.198 - - [21/Apr/2015:07:47:52 -0500] "POST /forms/lservlet;jsessionid=ac16012b30d614318e96713744e791ea88a8a172d2ab.e3iSbxaKaheRe3eNbhaPbhuQa41ynknvrkLOlQzNp65In0 HTTP/1.1" 200 1104
190.25.70.198 - - [21/Apr/2015:07:47:53 -0500] "POST /forms/lservlet;jsessionid=ac16012b30d614318e96713744e791ea88a8a172d2ab.e3iSbxaKaheRe3eNbhaPbhuQa41ynknvrkLOlQzNp65In0 HTTP/1.1" 200 2
190.25.70.198 - - [21/Apr/2015:07:47:53 -0500] "POST /forms/lservlet;jsessionid=ac16012b30d614318e96713744e791ea88a8a172d2ab.e3iSbxaKaheRe3eNbhaPbhuQa41ynknvrkLOlQzNp65In0 HTTP/1.1" 200 833
190.25.70.198 - - [21/Apr/2015:07:47:54 -0500] "POST /forms/lservlet;jsessionid=ac16012b30d614318e96713744e791ea88a8a172d2ab.e3iSbxaKaheRe3eNbhaPbhuQa41ynknvrkLOlQzNp65In0 HTTP/1.1" 200 1496
190.25.70.198 - - [21/Apr/2015:07:47:55 -0500] "POST /forms/lservlet;jsessionid=ac16012b30d614318e96713744e791ea88a8a172d2ab.e3iSbxaKaheRe3eNbhaPbhuQa41ynknvrkLOlQzNp65In0 HTTP/1.1" 200 1051
190.25.70.198 - - [21/Apr/2015:07:47:56 -0500] "POST /forms/lservlet;jsessionid=ac16012b30d614318e96713744e791ea88a8a172d2ab.e3iSbxaKaheRe3eNbhaPbhuQa41ynknvrkLOlQzNp65In0 HTTP/1.1" 200 2
190.25.70.198 - - [21/Apr/2015:07:47:56 -0500] "POST /forms/lservlet;jsessionid=ac16012b30d614318e96713744e791ea88a8a172d2ab.e3iSbxaKaheRe3eNbhaPbhuQa41ynknvrkLOlQzNp65In0 HTTP/1.1" 200 501
190.144.157.1 - - [21/Apr/2015:07:47:56 -0500] "GET /galeria/galeria/jquery.fancybox.js?v=2.1.5 HTTP/1.1" 304 -
190.144.157.1 - - [21/Apr/2015:07:47:56 -0500] "GET /galeria/galeria/jquery.fancybox.css?v=2.1.5 HTTP/1.1" 304 -
190.144.157.1 - - [21/Apr/2015:07:47:57 -0500] "GET /galeria/nivo-slider/demo/demo.html HTTP/1.1" 200 4881
190.25.70.198 - - [21/Apr/2015:07:47:57 -0500] "POST /forms/lservlet;jsessionid=ac16012b30d614318e96713744e791ea88a8a172d2ab.e3iSbxaKaheRe3eNbhaPbhuQa41ynknvrkLOlQzNp65In0 HTTP/1.1" 200 818
190.144.157.1 - - [21/Apr/2015:07:47:57 -0500] "GET /galeria/nivo-slider/demo/images/pedaleando-por-la-tierra.jpg HTTP/1.1" 200 234362
190.144.157.1 - - [21/Apr/2015:07:47:57 -0500] "GET /galeria/nivo-slider/demo/images/ecolectaabril20.jpg HTTP/1.1" 200 72606
190.144.157.1 - - [21/Apr/2015:07:47:57 -0500] "GET /galeria/nivo-slider/demo/images/marcha2015.jpg HTTP/1.1" 200 85177
190.144.157.1 - - [21/Apr/2015:07:47:57 -0500] "GET /galeria/nivo-slider/demo/images/redes_sociales.jpg HTTP/1.1" 304 -
190.25.70.198 - - [21/Apr/2015:07:47:57 -0500] "POST /forms/lservlet;jsessionid=ac16012b30d614318e96713744e791ea88a8a172d2ab.e3iSbxaKaheRe3eNbhaPbhuQa41ynknvrkLOlQzNp65In0 HTTP/1.1" 200 1424
190.25.70.198 - - [21/Apr/2015:07:47:58 -0500] "POST /forms/lservlet;jsessionid=ac16012b30d614318e96713744e791ea88a8a172d2ab.e3iSbxaKaheRe3eNbhaPbhuQa41ynknvrkLOlQzNp65In0 HTTP/1.1" 200 1332
66.249.64.82 - - [21/Apr/2015:07:48:01 -0500] "GET /BLA/resoluciones/RESOLUCIONES%202009/5364.pdf HTTP/1.1" 200 618267
190.25.70.198 - - [21/Apr/2015:07:48:02 -0500] "POST /forms/lservlet;jsessionid=ac16012b30d614318e96713744e791ea88a8a172d2ab.e3iSbxaKaheRe3eNbhaPbhuQa41ynknvrkLOlQzNp65In0 HTTP/1.1" 200 1145
190.144.62.20 - - [21/Apr/2015:07:48:03 -0500] "GET /BLA/boletinlegal/js/jquery.scrollTo-min.js HTTP/1.1" 200 1150
190.144.62.20 - - [21/Apr/2015:07:48:03 -0500] "GET /BLA/boletinlegal/js/jquery.scrollShow.js HTTP/1.1" 200 4586
190.25.70.198 - - [21/Apr/2015:07:48:03 -0500] "POST /forms/lservlet;jsessionid=ac16012b30d614318e96713744e791ea88a8a172d2ab.e3iSbxaKaheRe3eNbhaPbhuQa41ynknvrkLOlQzNp65In0 HTTP/1.1" 200 925
190.25.70.198 - - [21/Apr/2015:07:48:03 -0500] "POST /forms/lservlet;jsessionid=ac16012b30d614318e96713744e791ea88a8a172d2ab.e3iSbxaKaheRe3eNbhaPbhuQa41ynknvrkLOlQzNp65In0 HTTP/1.1" 200 1271
190.144.62.20 - - [21/Apr/2015:07:48:04 -0500] "GET /galeria/galeria/jquery.fancybox.js?v=2.1.5 HTTP/1.1" 200 48706
190.144.62.20 - - [21/Apr/2015:07:48:04 -0500] "GET /galeria/galeria/jquery.fancybox.css?v=2.1.5 HTTP/1.1" 200 4895
190.25.70.198 - - [21/Apr/2015:07:48:04 -0500] "POST /forms/lservlet;jsessionid=ac16012b30d614318e96713744e791ea88a8a172d2ab.e3iSbxaKaheRe3eNbhaPbhuQa41ynknvrkLOlQzNp65In0 HTTP/1.1" 200 1141
190.25.70.198 - - [21/Apr/2015:07:48:05 -0500] "POST /forms/lservlet;jsessionid=ac16012b30d614318e96713744e791ea88a8a172d2ab.e3iSbxaKaheRe3eNbhaPbhuQa41ynknvrkLOlQzNp65In0 HTTP/1.1" 200 864
190.25.70.198 - - [21/Apr/2015:07:48:05 -0500] "POST /forms/lservlet;jsessionid=ac16012b30d614318e96713744e791ea88a8a172d2ab.e3iSbxaKaheRe3eNbhaPbhuQa41ynknvrkLOlQzNp65In0 HTTP/1.1" 200 1202
190.25.70.198 - - [21/Apr/2015:07:48:06 -0500] "POST /forms/lservlet;jsessionid=ac16012b30d614318e96713744e791ea88a8a172d2ab.e3iSbxaKaheRe3eNbhaPbhuQa41ynknvrkLOlQzNp65In0 HTTP/1.1" 200 2
190.25.70.198 - - [21/Apr/2015:07:48:06 -0500] "POST /forms/lservlet;jsessionid=ac16012b30d614318e96713744e791ea88a8a172d2ab.e3iSbxaKaheRe3eNbhaPbhuQa41ynknvrkLOlQzNp65In0 HTTP/1.1" 200 1005
190.25.70.198 - - [21/Apr/2015:07:48:06 -0500] "POST /forms/lservlet;jsessionid=ac16012b30d614318e96713744e791ea88a8a172d2ab.e3iSbxaKaheRe3eNbhaPbhuQa41ynknvrkLOlQzNp65In0 HTTP/1.1" 200 1264
190.25.70.198 - - [21/Apr/2015:07:48:09 -0500] "POST /forms/lservlet;jsessionid=ac16012b30d614318e96713744e791ea88a8a172d2ab.e3iSbxaKaheRe3eNbhaPbhuQa41ynknvrkLOlQzNp65In0 HTTP/1.1" 200 1157
190.25.70.198 - - [21/Apr/2015:07:48:10 -0500] "POST /forms/lservlet;jsessionid=ac16012b30d614318e96713744e791ea88a8a172d2ab.e3iSbxaKaheRe3eNbhaPbhuQa41ynknvrkLOlQzNp65In0 HTTP/1.1" 200 2
190.25.70.198 - - [21/Apr/2015:07:48:10 -0500] "POST /forms/lservlet;jsessionid=ac16012b30d614318e96713744e791ea88a8a172d2ab.e3iSbxaKaheRe3eNbhaPbhuQa41ynknvrkLOlQzNp65In0 HTTP/1.1" 200 936
190.144.62.20 - - [21/Apr/2015:07:48:13 -0500] "GET /galeria/galeria/jquery.fancybox.css?v=2.1.5 HTTP/1.1" 304 -
190.144.62.20 - - [21/Apr/2015:07:48:13 -0500] "GET /galeria/galeria/jquery.fancybox.js?v=2.1.5 HTTP/1.1" 304 -
190.144.62.20 - - [21/Apr/2015:07:48:13 -0500] "GET /BLA/boletinlegal/js/jquery.scrollTo-min.js HTTP/1.1" 304 -
190.144.62.20 - - [21/Apr/2015:07:48:13 -0500] "GET /BLA/boletinlegal/js/jquery.scrollShow.js HTTP/1.1" 304 -
190.25.70.198 - - [21/Apr/2015:07:48:11 -0500] "POST /forms/lservlet;jsessionid=ac16012b30d614318e96713744e791ea88a8a172d2ab.e3iSbxaKaheRe3eNbhaPbhuQa41ynknvrkLOlQzNp65In0 HTTP/1.1" 200 1153
190.25.70.198 - - [21/Apr/2015:07:48:15 -0500] "POST /forms/lservlet;jsessionid=ac16012b30d614318e96713744e791ea88a8a172d2ab.e3iSbxaKaheRe3eNbhaPbhuQa41ynknvrkLOlQzNp65In0 HTTP/1.1" 200 2
190.25.70.198 - - [21/Apr/2015:07:48:15 -0500] "POST /forms/lservlet;jsessionid=ac16012b30d614318e96713744e791ea88a8a172d2ab.e3iSbxaKaheRe3eNbhaPbhuQa41ynknvrkLOlQzNp65In0 HTTP/1.1" 200 861
66.249.64.86 - - [21/Apr/2015:07:48:15 -0500] "GET /BLA/resoluciones/AUTOS%202011/3096.pdf HTTP/1.1" 200 317123
190.25.70.198 - - [21/Apr/2015:07:48:17 -0500] "POST /forms/lservlet;jsessionid=ac16012b30d614318e96713744e791ea88a8a172d2ab.e3iSbxaKaheRe3eNbhaPbhuQa41ynknvrkLOlQzNp65In0 HTTP/1.1" 200 1191
190.25.70.198 - - [21/Apr/2015:07:48:18 -0500] "POST /forms/lservlet;jsessionid=ac16012b30d614318e96713744e791ea88a8a172d2ab.e3iSbxaKaheRe3eNbhaPbhuQa41ynknvrkLOlQzNp65In0 HTTP/1.1" 200 950
190.25.70.198 - - [21/Apr/2015:07:48:18 -0500] "POST /forms/lservlet;jsessionid=ac16012b30d614318e96713744e791ea88a8a172d2ab.e3iSbxaKaheRe3eNbhaPbhuQa41ynknvrkLOlQzNp65In0 HTTP/1.1" 200 1538
201.245.192.253 - - [21/Apr/2015:07:48:21 -0500] "GET /galeria/nivo-slider/demo/images/Banner-decreto1299.jpg HTTP/1.1" 304 -
66.249.64.82 - - [21/Apr/2015:07:48:29 -0500] "GET /BLA/resoluciones/RESOLUCIONES%202012/1871.pdf HTTP/1.1" 304 -
201.245.192.253 - - [21/Apr/2015:07:48:34 -0500] "GET /forest/skins/gdocs-jar/popup/escritorio/subirborrador.jsp?form=ElaborarDocumento&codTpl=&codBorr=579950&a=0.8761805238057705 HTTP/1.1" 200 23292
201.245.192.253 - - [21/Apr/2015:07:48:34 -0500] "GET /forest/json.do?query=borradoresByTpls&codInst=3117602&codTare=1464&firma=0&a=0.7838847828904555 HTTP/1.1" 200 188
201.245.192.253 - - [21/Apr/2015:07:48:34 -0500] "GET /forest/json.do?query=terceroById&numTer=890100577&a=0.8384287247117695 HTTP/1.1" 200 660
201.245.192.253 - - [21/Apr/2015:07:48:34 -0500] "GET /forest/json.do?query=plantillasByTarea&codTare=1464&codInst=3117602&firma=0&a=0.32351801818787684 HTTP/1.1" 200 503
201.245.192.253 - - [21/Apr/2015:07:48:34 -0500] "GET /forest/json.do?query=datosBorradorByCodTraBorr&codTraBorr=1731703&a=0.05238386470593803 HTTP/1.1" 200 180
201.245.192.253 - - [21/Apr/2015:07:48:34 -0500] "GET /forest/json.do?query=adjuntosByBorrador&codTraBorr=1731703&a=0.3749703145356895 HTTP/1.1" 200 2
201.245.192.253 - - [21/Apr/2015:07:48:34 -0500] "GET /forest/json.do?query=ultimoBorradorByTpl&codTpl=2309&codInst=3117602&a=0.15045020272026866 HTTP/1.1" 200 2
201.245.192.253 - - [21/Apr/2015:07:48:34 -0500] "GET /forest/json.do?query=ultimoBorradorByTpl&codTpl=781&codInst=3117602&a=0.11501583563446438 HTTP/1.1" 200 2
201.245.192.253 - - [21/Apr/2015:07:48:34 -0500] "GET /forest/json.do?query=ultimoBorradorByTpl&codTpl=1241&codInst=3117602&a=0.8885770247103167 HTTP/1.1" 200 20
201.245.192.253 - - [21/Apr/2015:07:48:34 -0500] "GET /forest/json.do?query=ultimoBorradorByTpl&codTpl=921&codInst=3117602&a=0.48570677263998463 HTTP/1.1" 200 2
66.249.64.82 - - [21/Apr/2015:07:48:43 -0500] "GET /BLA/resoluciones/RESOLUCIONES%202007/RES%202007%201401%20AL%201500/RESOLUCION%201469%20DE%202007.pdf HTTP/1.1" 200 490901
181.60.144.14 - - [21/Apr/2015:07:48:49 -0500] "GET /galeria/carrusel/Carrusel/jquery.thumbnailScroller.css HTTP/1.1" 200 2066
181.60.144.14 - - [21/Apr/2015:07:48:49 -0500] "GET /galeria/galeria/jquery.fancybox.css?v=2.1.5 HTTP/1.1" 304 -
181.60.144.14 - - [21/Apr/2015:07:48:49 -0500] "GET /galeria/galeria/jquery.fancybox.js?v=2.1.5 HTTP/1.1" 304 -
181.60.144.14 - - [21/Apr/2015:07:48:49 -0500] "GET /galeria/carrusel/Carrusel/jquery-ui-1.8.13.custom.min.js HTTP/1.1" 200 10800
181.60.144.14 - - [21/Apr/2015:07:48:49 -0500] "GET /galeria/carrusel/Carrusel/jquery.thumbnailScroller.js HTTP/1.1" 200 8157
181.60.144.14 - - [21/Apr/2015:07:48:51 -0500] "GET /galeria/nivo-slider/demo/demo.html HTTP/1.1" 200 4881
190.25.70.198 - - [21/Apr/2015:07:48:52 -0500] "POST /forms/lservlet;jsessionid=ac16012b30d614318e96713744e791ea88a8a172d2ab.e3iSbxaKaheRe3eNbhaPbhuQa41ynknvrkLOlQzNp65In0 HTTP/1.1" 200 2
181.60.144.14 - - [21/Apr/2015:07:48:52 -0500] "GET /galeria/nivo-slider/themes/default/default.css HTTP/1.1" 200 1569
181.60.144.14 - - [21/Apr/2015:07:48:53 -0500] "GET /galeria/nivo-slider/themes/pascal/pascal.css HTTP/1.1" 200 2258
181.60.144.14 - - [21/Apr/2015:07:48:53 -0500] "GET /galeria/nivo-slider/themes/orman/orman.css HTTP/1.1" 200 2152
181.60.144.14 - - [21/Apr/2015:07:48:53 -0500] "GET /galeria/nivo-slider/demo/images/pedaleando-por-la-tierra.jpg HTTP/1.1" 200 234362
181.60.144.14 - - [21/Apr/2015:07:48:53 -0500] "GET /galeria/nivo-slider/demo/style.css HTTP/1.1" 200 2222
181.60.144.14 - - [21/Apr/2015:07:48:53 -0500] "GET /galeria/nivo-slider/nivo-slider.css HTTP/1.1" 200 1507
181.60.144.14 - - [21/Apr/2015:07:48:53 -0500] "GET /galeria/nivo-slider/demo/images/marcha2015.jpg HTTP/1.1" 200 85177
181.60.144.14 - - [21/Apr/2015:07:48:53 -0500] "GET /galeria/nivo-slider/demo/images/Convocatoria_recicladores.jpg HTTP/1.1" 200 213976
181.60.144.14 - - [21/Apr/2015:07:48:53 -0500] "GET /galeria/nivo-slider/demo/images/ecolectaabril20.jpg HTTP/1.1" 200 72606
181.60.144.14 - - [21/Apr/2015:07:48:53 -0500] "GET /galeria/nivo-slider/demo/images/no-sea-victima.jpg HTTP/1.1" 200 254155
181.60.144.14 - - [21/Apr/2015:07:48:53 -0500] "GET /galeria/nivo-slider/demo/images/acuerdo_569.jpg HTTP/1.1" 200 62670
181.60.144.14 - - [21/Apr/2015:07:48:53 -0500] "GET /galeria/nivo-slider/demo/images/Licitaciones-proyecto-paramo.jpg HTTP/1.1" 200 221877
181.60.144.14 - - [21/Apr/2015:07:48:53 -0500] "GET /galeria/nivo-slider/demo/scripts/jquery-1.7.1.min.js HTTP/1.1" 200 93868
181.60.144.14 - - [21/Apr/2015:07:48:53 -0500] "GET /galeria/nivo-slider/jquery.nivo.slider.pack.js HTTP/1.1" 200 11561
181.60.144.14 - - [21/Apr/2015:07:48:53 -0500] "GET /galeria/nivo-slider/demo/images/banner-V2.jpg HTTP/1.1" 200 59297
181.60.144.14 - - [21/Apr/2015:07:48:53 -0500] "GET /galeria/nivo-slider/demo/images/Banner-decreto1299.jpg HTTP/1.1" 200 182613
181.60.144.14 - - [21/Apr/2015:07:48:53 -0500] "GET /galeria/nivo-slider/demo/images/Banner-Directorio.jpg HTTP/1.1" 200 182068
181.60.144.14 - - [21/Apr/2015:07:48:53 -0500] "GET /galeria/nivo-slider/demo/images/Ruta-vertimientos-01.jpg HTTP/1.1" 200 130151
181.60.144.14 - - [21/Apr/2015:07:48:53 -0500] "GET /galeria/nivo-slider/demo/images/bolsas-06.jpg HTTP/1.1" 200 90982
181.60.144.14 - - [21/Apr/2015:07:48:53 -0500] "GET /galeria/nivo-slider/demo/images/bolsas-08.jpg HTTP/1.1" 200 85589
74.86.158.107 - - [21/Apr/2015:07:48:53 -0500] "HEAD / HTTP/1.1" 200 -
181.60.144.14 - - [21/Apr/2015:07:48:54 -0500] "GET /galeria/nivo-slider/demo/images/redes_sociales.jpg HTTP/1.1" 200 415652
181.60.144.14 - - [21/Apr/2015:07:48:55 -0500] "GET /galeria/nivo-slider/demo/images/Conoce-los-humedales.jpg HTTP/1.1" 200 294036
181.60.144.14 - - [21/Apr/2015:07:48:55 -0500] "GET /galeria/nivo-slider/demo/images/ecolecta-Dic2014.png HTTP/1.1" 200 288593
181.60.144.14 - - [21/Apr/2015:07:48:55 -0500] "GET /galeria/nivo-slider/demo/images/porloshumedales.jpg HTTP/1.1" 200 351238
181.60.144.14 - - [21/Apr/2015:07:48:55 -0500] "GET /galeria/nivo-slider/demo/images/Tingua-azul.jpg HTTP/1.1" 200 307638
181.60.144.14 - - [21/Apr/2015:07:48:55 -0500] "GET /galeria/nivo-slider/demo/images/banner-llantas2.jpg HTTP/1.1" 200 73153
181.60.144.14 - - [21/Apr/2015:07:48:56 -0500] "GET /galeria/nivo-slider/demo/images/9Signos.jpg HTTP/1.1" 200 81776
181.60.144.14 - - [21/Apr/2015:07:48:56 -0500] "GET /galeria/nivo-slider/demo/images/4Simple_Slider.png HTTP/1.1" 200 11722
181.60.144.14 - - [21/Apr/2015:07:48:56 -0500] "GET /galeria/nivo-slider/themes/default/loading.gif HTTP/1.1" 200 1737
66.249.64.84 - - [21/Apr/2015:07:48:58 -0500] "GET /BLA/resoluciones/AUTOS%202014/1718.pdf HTTP/1.1" 304 -
180.76.5.24 - - [21/Apr/2015:07:49:00 -0500] "GET /BLA/resoluciones/RESOLUCIONES%202007/RES%202007%201501%20AL%201600/RESOLUCION%201569%20DE%202007.pdf HTTP/1.1" 200 1319569
181.60.144.14 - - [21/Apr/2015:07:49:03 -0500] "GET /galeria/nivo-slider/themes/default/arrows.png HTTP/1.1" 200 824
181.60.144.14 - - [21/Apr/2015:07:49:03 -0500] "GET /galeria/nivo-slider/themes/default/bullets.png HTTP/1.1" 200 1281
201.245.192.253 - - [21/Apr/2015:07:49:06 -0500] "POST /forest/usutareas.do?group_system_actual=3 HTTP/1.1" 200 204
201.245.192.253 - - [21/Apr/2015:07:49:07 -0500] "GET /forest/usutareas.do?group_system_actual=3&a=0.5565288977326028 HTTP/1.1" 200 108567
201.245.192.253 - - [21/Apr/2015:07:49:08 -0500] "GET /forest/skins/gdocs-jar/js/formsBase.js?version=1503.161801 HTTP/1.1" 304 -
201.245.192.253 - - [21/Apr/2015:07:49:08 -0500] "GET /forest/img/forestIcon.gif?version=1503.161801 HTTP/1.1" 304 -
201.245.192.253 - - [21/Apr/2015:07:46:12 -0500] "GET /ForestMSG_SDA/channelAsync/template_word_17964266?X-Atmosphere-tracking-id=d4db6940-b7a6-7b9f-8aac-830cd5a8cdd7&X-Atmosphere-Framework=1.0.5&X-Atmosphere-Transport=long-polling&tabid=0.23054120135390654&X-Cache-Date=0&Content-Type=application/xml&_=1429620476616 HTTP/1.1" 200 8193
201.245.192.253 - - [21/Apr/2015:07:49:08 -0500] "GET /forest/session.jsp?a=0.619539271809133 HTTP/1.1" 200 4
201.245.192.253 - - [21/Apr/2015:07:49:08 -0500] "GET /forest/actions/forms.getMappedValues?id=id_Numeracion1&value=1429621082498&codForm=ElaborarDocumento&a=0.7758886673235738 HTTP/1.1" 200 107
201.245.192.253 - - [21/Apr/2015:07:49:09 -0500] "GET /forest/borrador/1731704/Borrador%20juridico%202015-04-21.docx HTTP/1.1" 200 58250
201.245.192.253 - - [21/Apr/2015:07:49:12 -0500] "POST /forms/lservlet;jsessionid=ac16012b30d6423794d3411d49c08f5bc061d328b442.e3iSbxaKaheRe3eNbhaPbhuQa41ynknvrkLOlQzNp65In0 HTTP/1.1" 200 2
66.249.64.82 - - [21/Apr/2015:07:49:12 -0500] "GET /BLA/resoluciones/RESOLUCIONES%202008/1118.pdf HTTP/1.1" 200 149536
66.249.64.24 - - [21/Apr/2015:07:49:26 -0500] "GET /PruebasSTORM/StormSDA_pruebas/userFiles/user_files/formulas/3/274.xml HTTP/1.1" 200 970
181.129.94.109 - - [21/Apr/2015:07:49:34 -0500] "GET /galeria/galeria/jquery.fancybox.css?v=2.1.5 HTTP/1.1" 304 -
181.129.94.109 - - [21/Apr/2015:07:49:34 -0500] "GET /galeria/galeria/jquery.fancybox.js?v=2.1.5 HTTP/1.1" 304 -
201.245.192.253 - - [21/Apr/2015:07:49:34 -0500] "POST /forest/usutareas.do? HTTP/1.1" 200 76
201.245.192.253 - - [21/Apr/2015:07:49:36 -0500] "GET /forest/usutareas.do?group_system_actual=3&a=0.31653460701752045 HTTP/1.1" 200 19549
201.245.192.253 - - [21/Apr/2015:07:49:36 -0500] "GET /forest/img/forestIcon.gif?version=1503.161801 HTTP/1.1" 304 -
201.245.192.253 - - [21/Apr/2015:07:49:36 -0500] "GET /forest/session.jsp?a=0.78027294351104 HTTP/1.1" 200 4
201.245.192.253 - - [21/Apr/2015:07:49:38 -0500] "GET /forest/reportes.do?group_system_actual=5&_a=0.2846784550394249 HTTP/1.1" 302 -
201.245.192.253 - - [21/Apr/2015:07:49:38 -0500] "GET /forest/reportes.do?menu=1&group_system_actual=5 HTTP/1.1" 200 32450
201.245.192.253 - - [21/Apr/2015:07:49:39 -0500] "GET /forest/session.jsp?a=0.630717689710036 HTTP/1.1" 200 4
201.245.192.253 - - [21/Apr/2015:07:49:39 -0500] "GET /forest/parameter?action=listRpts&a=0.6837127747894883 HTTP/1.1" 200 76435
66.249.64.84 - - [21/Apr/2015:07:49:40 -0500] "GET /BLA/resoluciones/RESOLUCIONES%202007/RES%202007%202501%20AL%202600/RESOLUCION%202511%20DE%202007.pdf HTTP/1.1" 304 -
201.245.192.253 - - [21/Apr/2015:07:49:42 -0500] "GET /forest/parameter?action=parametersReportMDX&id_rpt=117&currentTab=tab_presentacion&a=0.23612123819742326 HTTP/1.1" 200 6434
181.129.94.109 - - [21/Apr/2015:07:49:43 -0500] "GET /galeria/nivo-slider/demo/demo.html HTTP/1.1" 304 -
181.129.94.109 - - [21/Apr/2015:07:49:50 -0500] "GET /galeria/nivo-slider/demo/images/pedaleando-por-la-tierra.jpg HTTP/1.1" 304 -
181.129.94.109 - - [21/Apr/2015:07:49:50 -0500] "GET /galeria/nivo-slider/demo/images/ecolectaabril20.jpg HTTP/1.1" 304 -
181.129.94.109 - - [21/Apr/2015:07:49:50 -0500] "GET /galeria/nivo-slider/demo/images/9Signos.jpg HTTP/1.1" 304 -
201.245.192.253 - - [21/Apr/2015:07:49:51 -0500] "POST /forest/frameset? HTTP/1.1" 200 53249
201.245.192.253 - - [21/Apr/2015:07:49:51 -0500] "GET /forestReports/webcontent/birt/pages/common/processing.jsp?__rtl=false HTTP/1.1" 200 719
201.245.192.253 - - [21/Apr/2015:07:49:51 -0500] "POST /forest/frameset?__toolbar=true&__report=forest%2Frpts%2F117.rptdesign&__format=&__app=forest&__sessionId=20150421_075612_594&__dpi=96 HTTP/1.1" 200 14004
201.245.192.253 - - [21/Apr/2015:07:49:52 -0500] "GET /forest/preview?__sessionId=20150421_075612_594&__imageid=file5a70073a14ca563897118451.gif HTTP/1.1" 200 4169
201.245.192.253 - - [21/Apr/2015:07:49:52 -0500] "GET /forest/preview?__sessionId=20150421_075612_594&__imageid=file5a70073a14ca563897118452.gif HTTP/1.1" 200 2367
201.245.127.34 - - [21/Apr/2015:07:49:54 -0500] "GET /BLA/boletinlegal/js/jquery.scrollTo-min.js HTTP/1.1" 200 1150
201.245.127.34 - - [21/Apr/2015:07:49:54 -0500] "GET /BLA/boletinlegal/js/jquery.scrollShow.js HTTP/1.1" 200 4586
201.245.127.34 - - [21/Apr/2015:07:49:54 -0500] "GET /galeria/galeria/jquery.fancybox.js?v=2.1.5 HTTP/1.1" 200 48706
201.245.127.34 - - [21/Apr/2015:07:49:54 -0500] "GET /galeria/galeria/jquery.fancybox.css?v=2.1.5 HTTP/1.1" 200 4895
66.249.64.86 - - [21/Apr/2015:07:49:54 -0500] "GET /BLA/resoluciones/RESOLUCIONES%202007/RES%202007%203901%20AL%204000/RESOLUCION%203945%20DE%202007.pdf HTTP/1.1" 304 -
190.84.185.167 - - [21/Apr/2015:07:49:55 -0500] "GET /forest/usutareas.do?_a=0.8242005594074726&group_system_actual=3 HTTP/1.1" 200 110744
190.84.185.167 - - [21/Apr/2015:07:49:56 -0500] "GET /forest/skins/gdocs-jar/css/forms.css HTTP/1.1" 304 -
190.84.185.167 - - [21/Apr/2015:07:49:56 -0500] "GET /forest/skins/gdocs-jar/js/tareas.js?version=1503.161801 HTTP/1.1" 304 -
190.84.185.167 - - [21/Apr/2015:07:49:56 -0500] "GET /forest/skins/gdocs-jar/js/formsBase.js?version=1503.161801 HTTP/1.1" 304 -
190.84.185.167 - - [21/Apr/2015:07:49:56 -0500] "GET /forest/skins/gdocs-jar/js/swfobject.js?version=1503.161801 HTTP/1.1" 304 -
190.84.185.167 - - [21/Apr/2015:07:49:56 -0500] "GET /forest/skins/gdocs-jar/js/number-functions.js?version=1503.161801 HTTP/1.1" 304 -
190.84.185.167 - - [21/Apr/2015:07:49:56 -0500] "GET /forest/skins/gdocs-jar/js/graphicForm.js?version=1503.161801 HTTP/1.1" 304 -
190.84.185.167 - - [21/Apr/2015:07:49:56 -0500] "GET /forest/skins/gdocs-jar/img/desasociarUser.gif HTTP/1.1" 304 -
190.84.185.167 - - [21/Apr/2015:07:49:56 -0500] "GET /forest/img/asociarUser.gif HTTP/1.1" 304 -
190.84.185.167 - - [21/Apr/2015:07:49:56 -0500] "GET /forest/skins/gdocs-jar/img/asociarUserOtraDependencia.gif HTTP/1.1" 304 -
190.84.185.167 - - [21/Apr/2015:07:49:56 -0500] "GET /forest/skins/gdocs-jar/img/comments.gif HTTP/1.1" 304 -
190.84.185.167 - - [21/Apr/2015:07:49:57 -0500] "GET /forest/skins/gdocs-jar/img/control-double.png HTTP/1.1" 304 -
190.84.185.167 - - [21/Apr/2015:07:49:57 -0500] "GET /forest/skins/gdocs-jar/img/print.gif HTTP/1.1" 304 -
190.84.185.167 - - [21/Apr/2015:07:49:57 -0500] "GET /forest/skins/gdocs-jar/img/vertodossubprocesos.gif HTTP/1.1" 304 -
190.84.185.167 - - [21/Apr/2015:07:49:57 -0500] "GET /forest/skins/gdocs-jar/img/actividad2.gif HTTP/1.1" 304 -
190.84.185.167 - - [21/Apr/2015:07:49:57 -0500] "GET /forest/skins/gdocs-jar/img/disk.png HTTP/1.1" 304 -
190.84.185.167 - - [21/Apr/2015:07:49:57 -0500] "GET /forest/skins/gdocs-jar/img/close.gif HTTP/1.1" 304 -
190.84.185.167 - - [21/Apr/2015:07:49:57 -0500] "GET /forest/skins/gdocs-jar/img/spacer.gif HTTP/1.1" 304 -
190.84.185.167 - - [21/Apr/2015:07:49:57 -0500] "GET /forest/skins/gdocs-jar/img/prev.gif HTTP/1.1" 304 -
190.84.185.167 - - [21/Apr/2015:07:49:57 -0500] "GET /forest/session.jsp?a=0.7497494239360094 HTTP/1.1" 200 4
190.84.185.167 - - [21/Apr/2015:07:49:57 -0500] "GET /forest/skins/gdocs-jar/img/bgPanel.jpg HTTP/1.1" 304 -
190.84.185.167 - - [21/Apr/2015:07:49:57 -0500] "GET /forest/skins/gdocs-jar/img/green.gif HTTP/1.1" 304 -
201.234.180.177 - - [21/Apr/2015:07:49:59 -0500] "GET /galeria/galeria/jquery.fancybox.js?v=2.1.5 HTTP/1.1" 200 48706
201.234.180.177 - - [21/Apr/2015:07:49:59 -0500] "GET /galeria/galeria/jquery.fancybox.css?v=2.1.5 HTTP/1.1" 200 4895
180.76.4.188 - - [21/Apr/2015:07:50:01 -0500] "GET / HTTP/1.1" 200 10190
181.48.181.130 - - [21/Apr/2015:07:50:02 -0500] "GET /galeria/nivo-slider/demo/demo.html HTTP/1.1" 200 4881
181.48.181.130 - - [21/Apr/2015:07:50:02 -0500] "GET /galeria/nivo-slider/demo/images/pedaleando-por-la-tierra.jpg HTTP/1.1" 304 -
181.48.181.130 - - [21/Apr/2015:07:50:02 -0500] "GET /galeria/nivo-slider/demo/images/ecolectaabril20.jpg HTTP/1.1" 304 -
181.48.181.130 - - [21/Apr/2015:07:50:04 -0500] "GET /galeria/nivo-slider/demo/images/9Signos.jpg HTTP/1.1" 304 -
190.84.185.167 - - [21/Apr/2015:07:50:04 -0500] "GET /favicon.ico HTTP/1.1" 200 7782
190.84.185.167 - - [21/Apr/2015:07:50:04 -0500] "GET /forest/documentos/2044315/2015ER51942.pdf HTTP/1.1" 200 291931
201.245.127.34 - - [21/Apr/2015:07:50:08 -0500] "GET /BLA/boletinlegal/js/jquery.scrollTo-min.js HTTP/1.1" 200 1150
201.245.127.34 - - [21/Apr/2015:07:50:08 -0500] "GET /BLA/boletinlegal/js/jquery.scrollShow.js HTTP/1.1" 200 4586
201.245.127.34 - - [21/Apr/2015:07:50:08 -0500] "GET /galeria/galeria/jquery.fancybox.js?v=2.1.5 HTTP/1.1" 200 48706
201.245.127.34 - - [21/Apr/2015:07:50:08 -0500] "GET /galeria/galeria/jquery.fancybox.css?v=2.1.5 HTTP/1.1" 200 4895
66.249.64.86 - - [21/Apr/2015:07:50:09 -0500] "GET /BLA/resoluciones/AUTOS%202013/0567.pdf HTTP/1.1" 304 -
200.75.51.150 - - [21/Apr/2015:07:50:10 -0500] "GET /galeria/galeria/jquery.fancybox.css?v=2.1.5 HTTP/1.1" 200 4895
200.75.51.150 - - [21/Apr/2015:07:50:10 -0500] "GET /BLA/boletinlegal/js/jquery.scrollShow.js HTTP/1.1" 200 4586
200.75.51.150 - - [21/Apr/2015:07:50:10 -0500] "GET /BLA/boletinlegal/js/jquery.scrollTo-min.js HTTP/1.1" 200 1150
200.75.51.150 - - [21/Apr/2015:07:50:10 -0500] "GET /galeria/galeria/jquery.fancybox.js?v=2.1.5 HTTP/1.1" 200 48706
190.144.58.246 - - [21/Apr/2015:07:50:16 -0500] "GET /galeria/galeria/jquery.fancybox.js?v=2.1.5 HTTP/1.1" 304 -
190.144.58.246 - - [21/Apr/2015:07:50:16 -0500] "GET /galeria/galeria/jquery.fancybox.css?v=2.1.5 HTTP/1.1" 304 -
66.249.64.82 - - [21/Apr/2015:07:50:23 -0500] "GET /BLA/resoluciones/AUTOS%202009/2019.pdf HTTP/1.1" 304 -
201.245.192.253 - - [21/Apr/2015:07:50:35 -0500] "GET /forest/skins/gdocs-jar/popup/popup.jsp?width=1100&height=500&title=Buscar%20procesos&uri=/forest/buscar.do%3Ftype%3Dprocesos&name=undefined&_a=0.16005358958490123&a=0.6085832818388721 HTTP/1.1" 200 1296
201.245.192.253 - - [21/Apr/2015:07:50:35 -0500] "GET /forest/buscar.do?type=procesos HTTP/1.1" 200 85102
201.245.192.253 - - [21/Apr/2015:07:50:36 -0500] "GET /forest/js/autocompletar2.js?version=1503.161801 HTTP/1.1" 304 -
201.245.192.253 - - [21/Apr/2015:07:50:36 -0500] "GET /forest/1ibre/jscalendar/lang/calendar-es.js?version=1503.161801 HTTP/1.1" 304 -
201.245.192.253 - - [21/Apr/2015:07:50:36 -0500] "GET /forest/js/xml_utilities.js?version=1503.161801 HTTP/1.1" 304 -
201.245.192.253 - - [21/Apr/2015:07:50:36 -0500] "GET /forest/js/internJS.js?version=1503.161801 HTTP/1.1" 304 -
201.245.192.253 - - [21/Apr/2015:07:50:36 -0500] "GET /forest/1ibre/1ibre.js?version=1503.161801 HTTP/1.1" 200 18089
201.245.192.253 - - [21/Apr/2015:07:50:36 -0500] "GET /forest/json.do?query=versionListadas HTTP/1.1" 200 15
201.245.192.253 - - [21/Apr/2015:07:50:36 -0500] "GET /forest/json.do?query=procesIniciales HTTP/1.1" 200 10282
201.245.192.253 - - [21/Apr/2015:07:50:36 -0500] "GET /forest/json.do?query=bpmnIniciales HTTP/1.1" 200 775
201.245.192.253 - - [21/Apr/2015:07:50:37 -0500] "GET /forest/json.do?query=usersByDep&coddep=20 HTTP/1.1" 200 3699
201.245.192.253 - - [21/Apr/2015:07:50:37 -0500] "GET /forest/json.do?query=usersByDep&coddep=20 HTTP/1.1" 200 3699
66.249.64.86 - - [21/Apr/2015:07:50:37 -0500] "GET /BLA/resoluciones/AUTOS%202011/6510.pdf HTTP/1.1" 200 154163
201.245.192.253 - - [21/Apr/2015:07:50:39 -0500] "POST /forest/buscar.do? HTTP/1.1" 200 5316
201.245.192.253 - - [21/Apr/2015:07:50:41 -0500] "GET /forest/usutareas.do?group_system_actual=3&codAct=879&numPro=3063149&codPro=90&fecTra=2015-04-06%2016:31:43.0&codInst=3103550&codTraEsc=17855231 HTTP/1.1" 200 93236
201.245.192.253 - - [21/Apr/2015:07:50:41 -0500] "GET /forest/img/forestIcon.gif?version=1503.161801 HTTP/1.1" 304 -
201.245.192.253 - - [21/Apr/2015:07:50:41 -0500] "GET /forest/skins/gdocs-jar/js/formsBase.js?version=1503.161801 HTTP/1.1" 304 -
201.245.192.253 - - [21/Apr/2015:07:50:41 -0500] "GET /forest/session.jsp?a=0.9953981909017213 HTTP/1.1" 200 4
201.245.192.253 - - [21/Apr/2015:07:50:41 -0500] "GET /forest/actions/forms.getItemList?codForm=PRESTAMO_EXPEDIENTE&id=Funcionario4&value=CARLA.ZAMORA&a=0.558714162433653 HTTP/1.1" 200 62
201.245.192.253 - - [21/Apr/2015:07:50:42 -0500] "GET /forest/skins/gdocs-jar/popup/escritorio/reasignar.jsp?codTraEsc=17855231&a=0.7439575063264527 HTTP/1.1" 200 3742
66.249.64.82 - - [21/Apr/2015:07:50:51 -0500] "GET /BLA/resoluciones/RESOLUCIONES%202007/RES%202007%203601%20AL%203700/RESOLUCION%203632%20DE%202007.pdf HTTP/1.1" 304 -
190.25.70.198 - - [21/Apr/2015:07:50:52 -0500] "POST /forms/lservlet;jsessionid=ac16012b30d614318e96713744e791ea88a8a172d2ab.e3iSbxaKaheRe3eNbhaPbhuQa41ynknvrkLOlQzNp65In0 HTTP/1.1" 200 2
66.249.64.86 - - [21/Apr/2015:07:50:53 -0500] "GET /manual_funciones/ HTTP/1.1" 404 1018
180.76.5.153 - - [21/Apr/2015:07:50:57 -0500] "GET /BLA/resoluciones/RESOLUCIONES%202008/5143.pdf HTTP/1.1" 200 205164
201.245.192.253 - - [21/Apr/2015:07:50:57 -0500] "GET /galeria/nivo-slider/demo/demo.html HTTP/1.1" 200 4881
201.245.192.253 - - [21/Apr/2015:07:50:58 -0500] "GET /galeria/nivo-slider/demo/images/pedaleando-por-la-tierra.jpg HTTP/1.1" 304 -
201.245.192.253 - - [21/Apr/2015:07:50:58 -0500] "GET /galeria/nivo-slider/demo/images/ecolectaabril20.jpg HTTP/1.1" 304 -
201.245.192.253 - - [21/Apr/2015:07:50:58 -0500] "GET /galeria/nivo-slider/demo/images/Banner-Directorio.jpg HTTP/1.1" 304 -
201.245.192.253 - - [21/Apr/2015:07:50:58 -0500] "GET /galeria/nivo-slider/demo/images/9Signos.jpg HTTP/1.1" 304 -
200.21.21.42 - - [21/Apr/2015:07:51:00 -0500] "GET /BLA/directivas/2009/0.pdf HTTP/1.1" 200 1636862
200.21.21.42 - - [21/Apr/2015:07:51:00 -0500] "GET /favicon.ico HTTP/1.1" 200 7782
200.21.21.42 - - [21/Apr/2015:07:51:00 -0500] "GET /BLA/directivas/2009/0.pdf HTTP/1.1" 206 32768
200.21.21.42 - - [21/Apr/2015:07:51:01 -0500] "GET /BLA/directivas/2009/0.pdf HTTP/1.1" 206 1604094
66.249.64.86 - - [21/Apr/2015:07:51:05 -0500] "GET /BLA/resoluciones/AUTOS%202014/1703.pdf HTTP/1.1" 304 -
190.84.185.167 - - [21/Apr/2015:07:51:10 -0500] "GET /forest/usudocumentos.do?_a=0.8993421592749655&group_system_actual=3 HTTP/1.1" 200 92868
190.84.185.167 - - [21/Apr/2015:07:51:11 -0500] "GET /forest/skins/gdocs-jar/js/grid.js?version=1503.161801 HTTP/1.1" 304 -
190.84.185.167 - - [21/Apr/2015:07:51:12 -0500] "GET /forest/session.jsp?a=0.9121008715592325 HTTP/1.1" 200 4
190.84.185.167 - - [21/Apr/2015:07:51:12 -0500] "GET /forest/skins/gdocs-jar/img/splitter.gif HTTP/1.1" 200 830
190.84.185.167 - - [21/Apr/2015:07:51:12 -0500] "GET /forest/skins/gdocs-jar/img/filtrar.png HTTP/1.1" 200 243
201.245.192.253 - - [21/Apr/2015:07:51:12 -0500] "POST /forms/lservlet;jsessionid=ac16012b30d6423794d3411d49c08f5bc061d328b442.e3iSbxaKaheRe3eNbhaPbhuQa41ynknvrkLOlQzNp65In0 HTTP/1.1" 200 2
190.84.185.167 - - [21/Apr/2015:07:51:13 -0500] "GET /forest/skins/gdocs-jar/popup/escritorio/asociardoc.jsp?numpro=3057983&a=0.1260129534639418 HTTP/1.1" 200 4987
190.84.185.167 - - [21/Apr/2015:07:51:13 -0500] "GET /forest/skins/gdocs-jar/img/search_doc.gif HTTP/1.1" 200 1166
201.245.192.253 - - [21/Apr/2015:07:51:16 -0500] "GET /forest/index2.jsp?a=0.7324795556574155 HTTP/1.1" 200 12815
201.245.192.253 - - [21/Apr/2015:07:51:17 -0500] "GET /forest/img/forestIcon.gif?version=1503.161801 HTTP/1.1" 304 -
201.245.192.253 - - [21/Apr/2015:07:51:17 -0500] "GET /forest/img/inicio/2.gif HTTP/1.1" 304 -
201.245.192.253 - - [21/Apr/2015:07:51:17 -0500] "GET /forest/img/close.gif HTTP/1.1" 304 -
201.245.192.253 - - [21/Apr/2015:07:51:17 -0500] "GET /forest/img/inicio/7.gif HTTP/1.1" 304 -
201.245.192.253 - - [21/Apr/2015:07:51:17 -0500] "GET /forest/img/inicio/3.gif HTTP/1.1" 304 -
201.245.192.253 - - [21/Apr/2015:07:51:17 -0500] "GET /forest/img/base/bsc2_r1_c2.gif HTTP/1.1" 304 -
201.245.192.253 - - [21/Apr/2015:07:51:17 -0500] "GET /forest/1ibre/1ibre.css HTTP/1.1" 304 -
190.84.185.167 - - [21/Apr/2015:07:51:19 -0500] "GET /forest/json.do?query=documento&numrad=2014ER166437&a=0.15858903736807406 HTTP/1.1" 200 1171
66.249.64.84 - - [21/Apr/2015:07:51:20 -0500] "GET /BLA/resoluciones/RESOLUCIONES%202009/6956.pdf HTTP/1.1" 200 2490586
190.84.185.167 - - [21/Apr/2015:07:51:23 -0500] "POST /forest/usudocumentos.do?group_system_actual=3 HTTP/1.1" 200 186
190.84.185.167 - - [21/Apr/2015:07:51:23 -0500] "GET /forest/skins/gdocs-jar/img/ok.gif HTTP/1.1" 304 -
201.245.192.253 - - [21/Apr/2015:07:51:24 -0500] "POST /forest/usutareas.do?group_system_actual=3 HTTP/1.1" 200 153
190.84.185.167 - - [21/Apr/2015:07:51:24 -0500] "GET /forest/skins/gdocs-jar/img/eliminar.gif HTTP/1.1" 200 354
190.84.185.167 - - [21/Apr/2015:07:51:24 -0500] "GET /forest/usudocumentos.do?group_system_actual=3&a=0.31492386921308935 HTTP/1.1" 200 132567
190.84.185.167 - - [21/Apr/2015:07:51:25 -0500] "GET /forest/session.jsp?a=0.6213057253044099 HTTP/1.1" 200 4
201.245.192.253 - - [21/Apr/2015:07:51:25 -0500] "GET /forest/usutareas.do?group_system_actual=3&a=0.5015935449262223 HTTP/1.1" 200 19550
201.245.192.253 - - [21/Apr/2015:07:51:25 -0500] "GET /forest/session.jsp?a=0.5069473086081954 HTTP/1.1" 200 4
201.245.192.253 - - [21/Apr/2015:07:51:26 -0500] "GET /forest/index2.jsp?_a=0.5196669907523356 HTTP/1.1" 200 114090
190.24.148.157 - - [21/Apr/2015:07:51:26 -0500] "GET /BLA/boletinlegal/js/jquery.scrollTo-min.js HTTP/1.1" 304 -
