66.249.64.82 - - [21/Apr/2015:00:14:05 -0500] "GET /BLA/resoluciones/RESOLUCIONES%202007/RES%202007%201301%20AL%201400/RESOLUCION%201327%20DE%202007.pdf HTTP/1.1" 200 233451
186.29.115.230 - - [21/Apr/2015:00:14:16 -0500] "GET /forest/borrador/1731657/Requerimiento%20Tecnico.docx HTTP/1.1" 200 493920
209.222.8.107 - - [21/Apr/2015:00:14:23 -0500] "GET /BLA/resoluciones/index.php?dir=RESOLUCIONES+2007%2FRES+2007+601+AL+700%2F HTTP/1.1" 200 26655
66.249.64.82 - - [21/Apr/2015:00:14:35 -0500] "GET /BLA/resoluciones/RESOLUCIONES%202007/RES%202007%20601%20AL%20700/RESOLUCION%200642%20DE%202007.pdf HTTP/1.1" 200 834473
66.249.64.84 - - [21/Apr/2015:00:14:50 -0500] "GET /BLA/resoluciones/RESOLUCIONES%202008/4595.pdf HTTP/1.1" 200 465959
66.249.64.86 - - [21/Apr/2015:00:15:04 -0500] "GET /BLA/resoluciones/RESOLUCIONES%202008/0411.pdf HTTP/1.1" 304 -
209.222.8.107 - - [21/Apr/2015:00:15:17 -0500] "GET /BLA/resoluciones/index.php?dir=AUTOS+2006%2FAUTOS+2006+2001+-+2100%2F HTTP/1.1" 200 22199
66.249.64.86 - - [21/Apr/2015:00:15:19 -0500] "GET /BLA/resoluciones/RESOLUCIONES%202012/0581.pdf HTTP/1.1" 200 1520873
66.249.64.82 - - [21/Apr/2015:00:15:34 -0500] "GET /BLA/resoluciones/RESOLUCIONES%202008/0409.pdf HTTP/1.1" 304 -
66.249.64.86 - - [21/Apr/2015:00:15:49 -0500] "GET /BLA/resoluciones/AUTOS%202011/0202.pdf HTTP/1.1" 304 -
209.222.8.107 - - [21/Apr/2015:00:15:54 -0500] "GET /BLA/resoluciones/index.php?dir=AUTOS+2006%2FAUTOS+2006+1901+-+2000%2F HTTP/1.1" 200 22186
66.249.64.86 - - [21/Apr/2015:00:16:04 -0500] "GET /BLA/resoluciones/AUTOS%202009/2774.pdf HTTP/1.1" 200 96783
66.249.64.84 - - [21/Apr/2015:00:16:19 -0500] "GET /BLA/resoluciones/AUTOS%202009/1922.pdf HTTP/1.1" 304 -
66.249.64.86 - - [21/Apr/2015:00:16:34 -0500] "GET /BLA/resoluciones/RESOLUCIONES%202013/0745.pdf HTTP/1.1" 304 -
66.249.64.82 - - [21/Apr/2015:00:16:48 -0500] "GET /BLA/resoluciones/AUTOS%202013/1706.pdf HTTP/1.1" 304 -
186.85.156.172 - - [21/Apr/2015:00:17:30 -0500] "GET /BLA/normas/1208.pdf HTTP/1.1" 200 1485145
186.85.156.172 - - [21/Apr/2015:00:17:31 -0500] "GET /BLA/normas/1208.pdf HTTP/1.1" 206 43353
186.85.156.172 - - [21/Apr/2015:00:17:31 -0500] "GET /BLA/normas/1208.pdf HTTP/1.1" 206 65536
186.85.156.172 - - [21/Apr/2015:00:17:31 -0500] "GET /BLA/normas/1208.pdf HTTP/1.1" 206 65536
186.85.156.172 - - [21/Apr/2015:00:17:32 -0500] "GET /BLA/normas/1208.pdf HTTP/1.1" 206 65536
186.85.156.172 - - [21/Apr/2015:00:17:32 -0500] "GET /BLA/normas/1208.pdf HTTP/1.1" 206 65536
186.85.156.172 - - [21/Apr/2015:00:17:32 -0500] "GET /BLA/normas/1208.pdf HTTP/1.1" 206 65536
186.85.156.172 - - [21/Apr/2015:00:17:32 -0500] "GET /BLA/normas/1208.pdf HTTP/1.1" 206 65536
186.85.156.172 - - [21/Apr/2015:00:17:32 -0500] "GET /BLA/normas/1208.pdf HTTP/1.1" 206 65536
186.85.156.172 - - [21/Apr/2015:00:17:32 -0500] "GET /BLA/normas/1208.pdf HTTP/1.1" 206 65536
186.85.156.172 - - [21/Apr/2015:00:17:32 -0500] "GET /BLA/normas/1208.pdf HTTP/1.1" 206 65536
186.85.156.172 - - [21/Apr/2015:00:17:32 -0500] "GET /BLA/normas/1208.pdf HTTP/1.1" 206 65536
186.85.156.172 - - [21/Apr/2015:00:17:32 -0500] "GET /BLA/normas/1208.pdf HTTP/1.1" 206 65536
186.85.156.172 - - [21/Apr/2015:00:17:32 -0500] "GET /BLA/normas/1208.pdf HTTP/1.1" 206 65536
50.63.197.21 - - [21/Apr/2015:00:17:33 -0500] "GET /wp/wp-admin/ HTTP/1.1" 404 1018
66.249.64.86 - - [21/Apr/2015:00:17:03 -0500] "GET /BLA/boletinlegal/ HTTP/1.1" 200 50491
66.249.64.84 - - [21/Apr/2015:00:17:44 -0500] "GET /BLA/resoluciones/AUTOS%202012/0205.pdf HTTP/1.1" 200 324191
66.249.64.84 - - [21/Apr/2015:00:17:45 -0500] "GET / HTTP/1.1" 200 10190
186.29.5.194 - - [21/Apr/2015:00:17:48 -0500] "GET /BLA/boletinlegal/js/jquery.scrollTo-min.js HTTP/1.1" 200 1150
186.29.5.194 - - [21/Apr/2015:00:17:48 -0500] "GET /BLA/boletinlegal/js/jquery.scrollShow.js HTTP/1.1" 200 4586
186.29.5.194 - - [21/Apr/2015:00:17:48 -0500] "GET /galeria/galeria/jquery.fancybox.css?v=2.1.5 HTTP/1.1" 200 4895
186.29.5.194 - - [21/Apr/2015:00:17:48 -0500] "GET /galeria/galeria/jquery.fancybox.js?v=2.1.5 HTTP/1.1" 200 48706
66.249.64.84 - - [21/Apr/2015:00:17:49 -0500] "GET /BLA/resoluciones/RESOLUCIONES%202011/2677.pdf HTTP/1.1" 200 2199788
66.249.64.24 - - [21/Apr/2015:00:17:53 -0500] "GET / HTTP/1.1" 200 10190
74.86.158.107 - - [21/Apr/2015:00:17:55 -0500] "HEAD / HTTP/1.1" 200 -
66.249.64.86 - - [21/Apr/2015:00:18:03 -0500] "GET /BLA/resoluciones/AUTOS%202012/1534.pdf HTTP/1.1" 200 608791
186.29.5.194 - - [21/Apr/2015:00:18:05 -0500] "GET /galeria/galeria/jquery.fancybox.css?v=2.1.5 HTTP/1.1" 304 -
186.29.5.194 - - [21/Apr/2015:00:18:05 -0500] "GET /BLA/boletinlegal/js/jquery.scrollShow.js HTTP/1.1" 304 -
186.29.5.194 - - [21/Apr/2015:00:18:05 -0500] "GET /BLA/boletinlegal/js/jquery.scrollTo-min.js HTTP/1.1" 304 -
186.29.5.194 - - [21/Apr/2015:00:18:05 -0500] "GET /galeria/galeria/jquery.fancybox.js?v=2.1.5 HTTP/1.1" 304 -
66.249.64.82 - - [21/Apr/2015:00:18:18 -0500] "GET /BLA/resoluciones/AUTOS%202014/2506.pdf HTTP/1.1" 200 2875246
66.249.64.82 - - [21/Apr/2015:00:18:32 -0500] "GET /BLA/resoluciones/AUTOS%202008/1661.pdf HTTP/1.1" 200 101678
180.76.6.45 - - [21/Apr/2015:00:18:37 -0500] "GET /BLA/resoluciones/RESOLUCIONES%202012/1446.pdf HTTP/1.1" 200 2309068
209.222.8.107 - - [21/Apr/2015:00:18:44 -0500] "GET /BLA/resoluciones/index.php?dir=RESOLUCIONES+2007%2FRES+2007+3101+AL+3200%2F HTTP/1.1" 200 26880
186.29.115.230 - - [21/Apr/2015:00:18:45 -0500] "GET /forest/session.jsp?a=0.3912308383733034 HTTP/1.1" 200 4
66.249.64.86 - - [21/Apr/2015:00:18:47 -0500] "GET /BLA/resoluciones/RESOLUCIONES%202007/RES%202007%204101%20AL%204200/RESOLUCION%204181%20DE%202007.pdf HTTP/1.1" 200 321820
66.249.64.84 - - [21/Apr/2015:00:18:55 -0500] "GET /BLA/resoluciones/RESOLUCIONES%202005/RES%202005%20%201701-1750/00001704.tif HTTP/1.1" 200 168560
66.249.64.84 - - [21/Apr/2015:00:19:02 -0500] "GET /BLA/resoluciones/RESOLUCIONES%202010/6339.pdf HTTP/1.1" 200 1058133
137.183.232.27 - - [21/Apr/2015:00:19:06 -0500] "GET /galeria/galeria/jquery.fancybox.js?v=2.1.5 HTTP/1.1" 304 -
66.249.64.86 - - [21/Apr/2015:00:19:07 -0500] "GET /BLA/resoluciones/RESOLUCIONES%202006/RES%202006%201251-1300/00001293.tif HTTP/1.1" 200 132118
180.76.6.146 - - [21/Apr/2015:00:19:16 -0500] "GET /BLA/boletinlegal;jsessionid=CB6EA4CEBCE4576A49C3574E95EB2176?/? HTTP/1.1" 404 1018
66.249.64.86 - - [21/Apr/2015:00:19:17 -0500] "GET /autoliquidacion/index.php?dir=Grupo%20Forestal%20-%20Silvicultura/&sort=size&order=desc HTTP/1.1" 200 5776
66.249.64.82 - - [21/Apr/2015:00:19:32 -0500] "GET /BLA/resoluciones/RESOLUCIONES%202011/1748.pdf HTTP/1.1" 200 515540
186.29.115.230 - - [21/Apr/2015:00:13:44 -0500] "GET /ForestMSG_SDA/channelAsync/template_word_17964117?X-Atmosphere-tracking-id=d0853327-de20-3fd2-1558-4d5f3eb16b57&X-Atmosphere-Framework=1.0.5&X-Atmosphere-Transport=long-polling&tabid=0.8520124095957726&X-Cache-Date=0&Content-Type=application/xml&_=1429593400607 HTTP/1.1" 200 8193
66.249.64.82 - - [21/Apr/2015:00:19:47 -0500] "GET /BLA/resoluciones/AUTOS%202011/2916.pdf HTTP/1.1" 200 313435
180.76.6.142 - - [21/Apr/2015:00:19:56 -0500] "GET /BLA/resoluciones/AUTOS%202009/2022.pdf HTTP/1.1" 200 101826
66.249.64.86 - - [21/Apr/2015:00:20:02 -0500] "GET /BLA/resoluciones/AUTOS%202008/0934.pdf HTTP/1.1" 200 175543
186.29.115.230 - - [21/Apr/2015:00:20:12 -0500] "GET /forest/skins/gdocs-jar/popup/escritorio/subirborrador.jsp?form=Soli_Elem_Ext_Vis&codTpl=&codBorr=579942&a=0.7654373003169894 HTTP/1.1" 200 23292
186.29.115.230 - - [21/Apr/2015:00:20:12 -0500] "GET /forest/json.do?query=borradoresByTpls&codInst=2863633&codTare=1322&firma=0&a=0.749870806466788 HTTP/1.1" 200 180
186.29.115.230 - - [21/Apr/2015:00:20:12 -0500] "GET /forest/json.do?query=plantillasByTarea&codTare=1322&codInst=2863633&firma=0&a=0.23453143890947104 HTTP/1.1" 200 131
186.29.115.230 - - [21/Apr/2015:00:20:12 -0500] "GET /forest/json.do?query=terceroById&numTer=52036087&a=0.7387168991845101 HTTP/1.1" 200 647
186.29.115.230 - - [21/Apr/2015:00:20:12 -0500] "GET /forest/json.do?query=datosBorradorByCodTraBorr&codTraBorr=1731657&a=0.9787010785657912 HTTP/1.1" 200 180
186.29.115.230 - - [21/Apr/2015:00:20:12 -0500] "GET /forest/json.do?query=ultimoBorradorByTpl&codTpl=763&codInst=2863633&a=0.3933540165890008 HTTP/1.1" 200 20
186.29.115.230 - - [21/Apr/2015:00:20:12 -0500] "GET /forest/json.do?query=adjuntosByBorrador&codTraBorr=1731657&a=0.1413311930373311 HTTP/1.1" 200 2
66.249.64.84 - - [21/Apr/2015:00:20:17 -0500] "GET /BLA/resoluciones/AUTOS%202007/3566.pdf HTTP/1.1" 200 117002
66.249.64.82 - - [21/Apr/2015:00:20:31 -0500] "GET /BLA/resoluciones/RESOLUCIONES%202012/1544.pdf HTTP/1.1" 200 313428
209.222.8.107 - - [21/Apr/2015:00:20:35 -0500] "GET /BLA/resoluciones/index.php?dir=RESOLUCIONES+2007%2FRES+2007+2601+AL+2700%2F HTTP/1.1" 200 26865
186.29.115.230 - - [21/Apr/2015:00:20:31 -0500] "POST /forest/usutareas.do?group_system_actual=3 HTTP/1.1" 200 197
186.29.115.230 - - [21/Apr/2015:00:19:44 -0500] "GET /ForestMSG_SDA/channelAsync/template_word_17964117?X-Atmosphere-tracking-id=d0853327-de20-3fd2-1558-4d5f3eb16b57&X-Atmosphere-Framework=1.0.5&X-Atmosphere-Transport=long-polling&tabid=0.8520124095957726&X-Cache-Date=0&Content-Type=application/xml&_=1429593760719 HTTP/1.1" 200 8193
186.29.115.230 - - [21/Apr/2015:00:20:42 -0500] "GET /forest/usutareas.do?group_system_actual=3&a=0.9782806138973683 HTTP/1.1" 200 174175
186.29.115.230 - - [21/Apr/2015:00:20:45 -0500] "GET /forest/session.jsp?a=0.3735992966685444 HTTP/1.1" 200 4
186.29.115.230 - - [21/Apr/2015:00:20:46 -0500] "GET /forest/actions/forms.getMappedValues?id=IGS_NoCarasExpo53&value=1&codForm=Soli_Elem_Ext_Vis&a=0.03930621291510761 HTTP/1.1" 200 38
186.29.115.230 - - [21/Apr/2015:00:20:46 -0500] "GET /forest/actions/forms.getMappedValues?id=IGS_UbicacionPubliciad23&value=5&codForm=Soli_Elem_Ext_Vis&a=0.526410813909024 HTTP/1.1" 200 27
186.29.115.230 - - [21/Apr/2015:00:20:46 -0500] "GET /forest/actions/forms.getMappedValues?id=IGS_UbicacionPubliciad23&value=5&codForm=Soli_Elem_Ext_Vis&a=0.961435376200825 HTTP/1.1" 200 27
186.29.115.230 - - [21/Apr/2015:00:20:46 -0500] "GET /forest/actions/forms.getMappedValues?id=IGS_NoCarasExpo53&value=1&codForm=Soli_Elem_Ext_Vis&a=0.6516439081169665 HTTP/1.1" 200 38
66.249.64.84 - - [21/Apr/2015:00:20:47 -0500] "GET /BLA/resoluciones/RESOLUCIONES%202007/RES%202007%201801%20AL%201900/RESOLUCION%201900%20DE%202007.pdf HTTP/1.1" 200 839387
186.81.88.105 - - [21/Apr/2015:00:20:56 -0500] "GET /BLA/boletinlegal/js/jquery.scrollTo-min.js HTTP/1.1" 200 1150
186.81.88.105 - - [21/Apr/2015:00:20:56 -0500] "GET /BLA/boletinlegal/js/jquery.scrollShow.js HTTP/1.1" 200 4586
186.81.88.105 - - [21/Apr/2015:00:20:56 -0500] "GET /galeria/galeria/jquery.fancybox.js?v=2.1.5 HTTP/1.1" 200 48706
186.81.88.105 - - [21/Apr/2015:00:20:56 -0500] "GET /galeria/galeria/jquery.fancybox.css?v=2.1.5 HTTP/1.1" 200 4895
186.29.115.230 - - [21/Apr/2015:00:20:54 -0500] "GET /forest/usudocumentos.do?_a=0.3669764979276806&group_system_actual=3 HTTP/1.1" 200 99001
186.29.115.230 - - [21/Apr/2015:00:20:58 -0500] "GET /forest/session.jsp?a=0.129812718834728 HTTP/1.1" 200 4
66.249.64.84 - - [21/Apr/2015:00:21:01 -0500] "GET /BLA/resoluciones/RESOLUCIONES%202009/0473.pdf HTTP/1.1" 200 530284
186.81.88.105 - - [21/Apr/2015:00:21:04 -0500] "GET /BLA/boletinlegal/js/jquery.scrollShow.js HTTP/1.1" 304 -
186.81.88.105 - - [21/Apr/2015:00:21:04 -0500] "GET /galeria/galeria/jquery.fancybox.js?v=2.1.5 HTTP/1.1" 304 -
186.81.88.105 - - [21/Apr/2015:00:21:04 -0500] "GET /BLA/boletinlegal/js/jquery.scrollTo-min.js HTTP/1.1" 304 -
186.81.88.105 - - [21/Apr/2015:00:21:04 -0500] "GET /galeria/galeria/jquery.fancybox.css?v=2.1.5 HTTP/1.1" 304 -
186.29.115.230 - - [21/Apr/2015:00:20:45 -0500] "GET /ForestMSG_SDA/channelAsync/template_word_17964117?X-Atmosphere-tracking-id=d75d2fbd-6c76-ebd6-f7ca-f5ad22815d05&X-Atmosphere-Framework=1.0.5&X-Atmosphere-Transport=long-polling&tabid=0.7919969430658966&X-Cache-Date=0&Content-Type=application/xml&_=1429593821710 HTTP/1.1" 200 8193
186.29.115.230 - - [21/Apr/2015:00:21:07 -0500] "GET /forest/usutareas.do?_a=0.4980211404617876&group_system_actual=3 HTTP/1.1" 200 174175
186.29.115.230 - - [21/Apr/2015:00:21:10 -0500] "GET /forest/session.jsp?a=0.8348003933206201 HTTP/1.1" 200 4
186.29.115.230 - - [21/Apr/2015:00:21:10 -0500] "GET /forest/actions/forms.getMappedValues?id=IGS_NoCarasExpo53&value=1&codForm=Soli_Elem_Ext_Vis&a=0.50008883792907 HTTP/1.1" 200 38
186.29.115.230 - - [21/Apr/2015:00:21:10 -0500] "GET /forest/actions/forms.getMappedValues?id=IGS_UbicacionPubliciad23&value=5&codForm=Soli_Elem_Ext_Vis&a=0.6052526645362377 HTTP/1.1" 200 27
186.29.115.230 - - [21/Apr/2015:00:21:11 -0500] "GET /forest/actions/forms.getMappedValues?id=IGS_UbicacionPubliciad23&value=5&codForm=Soli_Elem_Ext_Vis&a=0.612404161831364 HTTP/1.1" 200 27
186.29.115.230 - - [21/Apr/2015:00:21:11 -0500] "GET /forest/actions/forms.getMappedValues?id=IGS_NoCarasExpo53&value=1&codForm=Soli_Elem_Ext_Vis&a=0.6707293898798525 HTTP/1.1" 200 38
66.249.64.86 - - [21/Apr/2015:00:21:16 -0500] "GET /BLA/resoluciones/RESOLUCIONES%202010/2717.pdf HTTP/1.1" 200 407942
186.29.115.230 - - [21/Apr/2015:00:21:21 -0500] "POST /forest/usutareas.do? HTTP/1.1" 200 76
186.29.115.230 - - [21/Apr/2015:00:21:26 -0500] "GET /forest/usutareas.do?group_system_actual=3&a=0.16591879026964307 HTTP/1.1" 200 19550
186.29.115.230 - - [21/Apr/2015:00:21:26 -0500] "GET /forest/session.jsp?a=0.7625302607193589 HTTP/1.1" 200 4
186.29.115.230 - - [21/Apr/2015:00:21:27 -0500] "GET /forest/index2.jsp?_a=0.4101090612821281 HTTP/1.1" 200 72436
186.29.115.230 - - [21/Apr/2015:00:21:28 -0500] "GET /forest/session.jsp?a=0.5031188833527267 HTTP/1.1" 200 4
209.222.8.107 - - [21/Apr/2015:00:21:29 -0500] "GET /BLA/resoluciones/RESOLUCIONES%202001/2001%201350-1399.tif HTTP/1.1" 200 3333955
66.249.64.84 - - [21/Apr/2015:00:21:31 -0500] "GET /BLA/resoluciones/RESOLUCIONES%202012/0568.pdf HTTP/1.1" 200 412600
66.249.64.82 - - [21/Apr/2015:00:21:46 -0500] "GET /BLA/resoluciones/index.php?dir=RESOLUCIONES%202002/RES%202002%201751-1800/&sort=name&order=desc HTTP/1.1" 200 12155
186.29.115.230 - - [21/Apr/2015:00:21:57 -0500] "GET /forest/usutareas.do?group_system_actual=3&codTraEsc=15943921&_a=0.2684701550304196 HTTP/1.1" 200 103890
186.29.115.230 - - [21/Apr/2015:00:21:58 -0500] "GET /forest/session.jsp?a=0.5948507934808731 HTTP/1.1" 200 4
66.249.64.84 - - [21/Apr/2015:00:22:01 -0500] "GET /BLA/resoluciones/AUTOS%202010/0622.pdf HTTP/1.1" 200 272983
186.29.115.230 - - [21/Apr/2015:00:22:02 -0500] "GET /forest/actions/forms.getList?codForm=validacion_autoini&id=Funcionario525&text=f HTTP/1.1" 200 1232
186.29.115.230 - - [21/Apr/2015:00:22:02 -0500] "GET /forest/actions/forms.getList?codForm=validacion_autoini&id=Funcionario525&text=fr HTTP/1.1" 200 1317
186.29.115.230 - - [21/Apr/2015:00:22:03 -0500] "GET /forest/actions/forms.getList?codForm=validacion_autoini&id=Funcionario525&text=fra HTTP/1.1" 200 1078
186.29.115.230 - - [21/Apr/2015:00:22:03 -0500] "GET /forest/actions/forms.getList?codForm=validacion_autoini&id=Funcionario525&text=fran HTTP/1.1" 200 1078
186.29.115.230 - - [21/Apr/2015:00:22:03 -0500] "GET /forest/actions/forms.getList?codForm=validacion_autoini&id=Funcionario525&text=franz HTTP/1.1" 200 64
186.29.115.230 - - [21/Apr/2015:00:22:15 -0500] "POST /forest/usutareas.do? HTTP/1.1" 200 76
66.249.64.82 - - [21/Apr/2015:00:22:15 -0500] "GET /BLA/resoluciones/AUTOS%202011/3628.pdf HTTP/1.1" 200 241906
186.29.115.230 - - [21/Apr/2015:00:22:18 -0500] "GET /forest/usutareas.do?group_system_actual=3&a=0.22229298227466643 HTTP/1.1" 200 170116
66.249.64.86 - - [21/Apr/2015:00:22:22 -0500] "GET /BLA/resoluciones/RESOLUCIONES%202009/1011.pdf HTTP/1.1" 200 266985
186.29.115.230 - - [21/Apr/2015:00:22:22 -0500] "GET /forest/session.jsp?a=0.6205391562543809 HTTP/1.1" 200 4
186.28.88.75 - - [21/Apr/2015:00:22:22 -0500] "GET /BLA/boletinlegal/js/jquery.scrollTo-min.js HTTP/1.1" 200 1150
186.28.88.75 - - [21/Apr/2015:00:22:22 -0500] "GET /BLA/boletinlegal/js/jquery.scrollShow.js HTTP/1.1" 200 4586
186.28.88.75 - - [21/Apr/2015:00:22:22 -0500] "GET /galeria/galeria/jquery.fancybox.js?v=2.1.5 HTTP/1.1" 200 48706
186.28.88.75 - - [21/Apr/2015:00:22:22 -0500] "GET /galeria/galeria/jquery.fancybox.css?v=2.1.5 HTTP/1.1" 200 4895
186.29.115.230 - - [21/Apr/2015:00:22:26 -0500] "GET /forest/actions/forms.getList?codForm=Soli_Elem_Ext_Vis&id=Funcionario266&text=Franz%20Stephen%20Gomez%20Rodriguez HTTP/1.1" 200 64
186.28.88.75 - - [21/Apr/2015:00:22:27 -0500] "GET /BLA/boletinlegal/js/jquery.scrollTo-min.js HTTP/1.1" 200 1150
186.28.88.75 - - [21/Apr/2015:00:22:27 -0500] "GET /BLA/boletinlegal/js/jquery.scrollShow.js HTTP/1.1" 200 4586
186.28.88.75 - - [21/Apr/2015:00:22:27 -0500] "GET /galeria/galeria/jquery.fancybox.js?v=2.1.5 HTTP/1.1" 200 48706
186.28.88.75 - - [21/Apr/2015:00:22:27 -0500] "GET /galeria/galeria/jquery.fancybox.css?v=2.1.5 HTTP/1.1" 200 4895
186.29.115.230 - - [21/Apr/2015:00:22:27 -0500] "GET /forest/actions/forms.getList?codForm=Soli_Elem_Ext_Vis&id=Funcionario266&text= HTTP/1.1" 200 1251
186.29.115.230 - - [21/Apr/2015:00:22:27 -0500] "GET /forest/actions/forms.getList?codForm=Soli_Elem_Ext_Vis&id=Funcionario266&text=p HTTP/1.1" 200 1279
186.29.115.230 - - [21/Apr/2015:00:22:28 -0500] "GET /forest/actions/forms.getList?codForm=Soli_Elem_Ext_Vis&id=Funcionario266&text=pe HTTP/1.1" 200 1262
186.29.115.230 - - [21/Apr/2015:00:22:28 -0500] "GET /forest/actions/forms.getList?codForm=Soli_Elem_Ext_Vis&id=Funcionario266&text=ped HTTP/1.1" 200 717
186.29.115.230 - - [21/Apr/2015:00:22:28 -0500] "GET /forest/actions/forms.getList?codForm=Soli_Elem_Ext_Vis&id=Funcionario266&text=pedr HTTP/1.1" 200 380
186.29.115.230 - - [21/Apr/2015:00:22:28 -0500] "GET /forest/actions/forms.getList?codForm=Soli_Elem_Ext_Vis&id=Funcionario266&text=pedro HTTP/1.1" 200 180
66.249.64.84 - - [21/Apr/2015:00:22:30 -0500] "GET /BLA/resoluciones/AUTOS%202013/1267.pdf HTTP/1.1" 200 1461086
66.249.64.82 - - [21/Apr/2015:00:22:45 -0500] "GET /BLA/resoluciones/AUTOS%202012/0263.pdf HTTP/1.1" 200 216000
209.222.8.107 - - [21/Apr/2015:00:22:46 -0500] "GET /BLA/resoluciones/index.php?dir=RESOLUCIONES+2002%2FRES+2002+1151-1200%2F HTTP/1.1" 200 12144
74.86.158.107 - - [21/Apr/2015:00:22:55 -0500] "HEAD / HTTP/1.1" 200 -
66.249.64.84 - - [21/Apr/2015:00:23:00 -0500] "GET /BLA/resoluciones/AUTOS%202008/0047.pdf HTTP/1.1" 200 86207
66.249.64.22 - - [21/Apr/2015:00:23:12 -0500] "GET /publnew/casa/cas3.htm HTTP/1.1" 404 1019
66.249.64.82 - - [21/Apr/2015:00:23:15 -0500] "GET /BLA/resoluciones/RESOLUCIONES%202009/2394.pdf HTTP/1.1" 200 373084
186.29.115.230 - - [21/Apr/2015:00:23:22 -0500] "GET /forest/skins/gdocs-jar/popup/direccion.jsp?callfromform=form_field123&a=0.30514690186828375 HTTP/1.1" 200 12550
200.1.126.10 - - [21/Apr/2015:00:23:26 -0500] "GET /galeria/nivo-slider/demo/images/Banner-Directorio.jpg HTTP/1.1" 304 -
66.249.64.86 - - [21/Apr/2015:00:23:30 -0500] "GET /BLA/resoluciones/AUTOS%202012/0501.pdf HTTP/1.1" 200 257843
66.249.64.86 - - [21/Apr/2015:00:23:45 -0500] "GET /BLA/resoluciones/RESOLUCIONES%202008/0513.pdf HTTP/1.1" 200 213714
66.249.64.86 - - [21/Apr/2015:00:24:00 -0500] "GET /BLA/resoluciones/RESOLUCIONES%202010/6395.pdf HTTP/1.1" 200 42429
180.76.5.149 - - [21/Apr/2015:00:24:11 -0500] "GET /BLA/resoluciones/AUTOS%202009/1799.pdf HTTP/1.1" 200 97670
66.249.64.86 - - [21/Apr/2015:00:24:14 -0500] "GET /BLA/resoluciones/RESOLUCIONES%202008/0268.pdf HTTP/1.1" 200 383198
66.249.64.84 - - [21/Apr/2015:00:24:29 -0500] "GET /BLA/resoluciones/RESOLUCIONES%202009/8587.pdf HTTP/1.1" 200 360117
209.222.8.107 - - [21/Apr/2015:00:24:38 -0500] "GET /galeria/galeria/fotos/Soratama2G.jpg HTTP/1.1" 200 167638
186.29.115.230 - - [21/Apr/2015:00:24:40 -0500] "GET /forest/skins/gdocs-jar/popup/direccion.jsp?callfromform=form_dir_notif_pro_inmueb1767&a=0.939825315726921 HTTP/1.1" 200 12566
66.249.64.84 - - [21/Apr/2015:00:24:44 -0500] "GET /BLA/resoluciones/RESOLUCIONES%202008/3935.pdf HTTP/1.1" 200 629425
180.76.6.47 - - [21/Apr/2015:00:24:51 -0500] "GET /BLA/boletinlegal;jsessionid=A7521AD43D4AC22841ACF6398E26D201?/? HTTP/1.1" 404 1018
66.249.64.82 - - [21/Apr/2015:00:24:59 -0500] "GET /BLA/resoluciones/AUTOS%202010/1282.pdf HTTP/1.1" 200 289359
66.249.64.86 - - [21/Apr/2015:00:25:14 -0500] "GET /BLA/resoluciones/RESOLUCIONES%202009/7265.pdf HTTP/1.1" 200 285125
66.249.64.82 - - [21/Apr/2015:00:25:29 -0500] "GET /BLA/resoluciones/RESOLUCIONES%202009/7738.pdf HTTP/1.1" 200 559256
66.249.64.86 - - [21/Apr/2015:00:25:44 -0500] "GET /BLA/resoluciones/AUTOS%202014/1796.pdf HTTP/1.1" 200 235294
152.61.193.99 - - [21/Apr/2015:00:25:52 -0500] "HEAD / HTTP/1.1" 200 -
152.61.193.99 - - [21/Apr/2015:00:25:52 -0500] "GET /arcgis/services/Calidad_del_Agua_WQI/MapServer/WMSServer?request=GetCapabilities&service=WMS HTTP/1.1" 200 32135
152.61.193.99 - - [21/Apr/2015:00:25:53 -0500] "GET /arcgis/services/Calidad_del_Agua_WQI/MapServer/WMSServer?request=GetCapabilities&service=WMS HTTP/1.1" 200 32135
152.61.193.99 - - [21/Apr/2015:00:25:53 -0500] "GET /arcgis/services/Calidad_del_Agua_WQI/MapServer/WMSServer?request=GetCapabilities&service=WMS HTTP/1.1" 200 32135
186.85.156.172 - - [21/Apr/2015:00:25:54 -0500] "GET /BLA/boletinlegal/consulta.php?menu=vertimientos HTTP/1.1" 200 9639
152.61.193.99 - - [21/Apr/2015:00:25:54 -0500] "GET /arcgis/services/Calidad_del_Agua_WQI/MapServer/WMSServer?request=GetCapabilities&service=WMS HTTP/1.1" 200 32135
152.61.193.99 - - [21/Apr/2015:00:25:55 -0500] "GET /arcgis/services/Calidad_del_Agua_WQI/MapServer/WMSServer?VERSION=1.1.1&REQUEST=GetMap&LAYERS=0&SRS=EPSG:4326&BBOX=-74.473395,3.674381,-73.963300,4.920569&WIDTH=250&HEIGHT=250&FORMAT=image/bmp&STYLES=& HTTP/1.1" 200 188054
66.249.64.86 - - [21/Apr/2015:00:25:58 -0500] "GET /BLA/resoluciones/RESOLUCIONES%202010/2881.pdf HTTP/1.1" 200 300159
66.249.64.82 - - [21/Apr/2015:00:26:13 -0500] "GET /BLA/resoluciones/RESOLUCIONES%202012/1859.pdf HTTP/1.1" 200 595243
186.29.115.230 - - [21/Apr/2015:00:26:18 -0500] "GET /forest/actions/forms.getMappedValues?id=IGS_NoCarasExpo53&value=1&codForm=Soli_Elem_Ext_Vis&a=0.026579233817756176 HTTP/1.1" 200 38
50.63.197.21 - - [21/Apr/2015:00:26:28 -0500] "GET /old/wp-admin/ HTTP/1.1" 404 1018
66.249.64.86 - - [21/Apr/2015:00:26:28 -0500] "GET /BLA/resoluciones/RESOLUCIONES%202009/2928.pdf HTTP/1.1" 200 566161
209.222.8.107 - - [21/Apr/2015:00:26:39 -0500] "GET /BLA/resoluciones/index.php?dir=RESOLUCIONES+2007%2FRES+2007+3401+AL+3500%2F HTTP/1.1" 200 26618
186.29.115.230 - - [21/Apr/2015:00:26:42 -0500] "GET /forest/skins/gdocs-jar/popup/direccion.jsp?callfromform=form_IGS_DireccionPubli115&a=0.23546022246591747 HTTP/1.1" 200 12563
66.249.64.86 - - [21/Apr/2015:00:26:43 -0500] "GET /BLA/resoluciones/RESOLUCIONES%202009/5843.pdf HTTP/1.1" 200 507191
209.222.8.107 - - [21/Apr/2015:00:26:56 -0500] "GET /BLA/resoluciones/index.php?dir=AUTOS+2006%2FAUTOS+2006+1801-+1900%2F HTTP/1.1" 200 22159
66.249.64.84 - - [21/Apr/2015:00:26:58 -0500] "GET /BLA/resoluciones/RESOLUCIONES%202008/3098.pdf HTTP/1.1" 200 469849
186.29.115.230 - - [21/Apr/2015:00:21:10 -0500] "GET /ForestMSG_SDA/channelAsync/template_word_17964117?X-Atmosphere-tracking-id=ebea958d-117d-dadb-f0e9-7653cbf1a81b&X-Atmosphere-Framework=1.0.5&X-Atmosphere-Transport=long-polling&tabid=0.8378281374461949&X-Cache-Date=0&Content-Type=application/xml&_=1429593846680 HTTP/1.1" 200 8193
186.29.115.230 - - [21/Apr/2015:00:27:10 -0500] "GET /forest/actions/forms.getMappedValues?id=IGS_UbicacionPubliciad23&value=5&codForm=Soli_Elem_Ext_Vis&a=0.3218065332621336 HTTP/1.1" 200 27
66.249.64.84 - - [21/Apr/2015:00:27:13 -0500] "GET /BLA/resoluciones/RESOLUCIONES%202008/2538.pdf HTTP/1.1" 200 288902
186.85.156.172 - - [21/Apr/2015:00:27:20 -0500] "GET /BLA/resoluciones/RESOLUCIONES%202010/4328.pdf HTTP/1.1" 200 657779
186.85.156.172 - - [21/Apr/2015:00:27:20 -0500] "GET /BLA/resoluciones/RESOLUCIONES%202010/4328.pdf HTTP/1.1" 206 65536
186.85.156.172 - - [21/Apr/2015:00:27:20 -0500] "GET /BLA/resoluciones/RESOLUCIONES%202010/4328.pdf HTTP/1.1" 206 2419
186.85.156.172 - - [21/Apr/2015:00:27:20 -0500] "GET /BLA/resoluciones/RESOLUCIONES%202010/4328.pdf HTTP/1.1" 206 65536
186.85.156.172 - - [21/Apr/2015:00:27:20 -0500] "GET /BLA/resoluciones/RESOLUCIONES%202010/4328.pdf HTTP/1.1" 206 65536
186.85.156.172 - - [21/Apr/2015:00:27:21 -0500] "GET /BLA/resoluciones/RESOLUCIONES%202010/4328.pdf HTTP/1.1" 206 65536
186.29.115.230 - - [21/Apr/2015:00:27:22 -0500] "GET /forest/session.jsp?a=0.9854038930498064 HTTP/1.1" 200 4
66.249.64.84 - - [21/Apr/2015:00:27:28 -0500] "GET /BLA/resoluciones/AUTOS%202013/2197.pdf HTTP/1.1" 200 2382430
66.249.64.84 - - [21/Apr/2015:00:27:34 -0500] "GET /BLA/resoluciones/AUTOS%202010/2176.pdf HTTP/1.1" 200 202036
66.249.64.84 - - [21/Apr/2015:00:27:43 -0500] "GET /BLA/resoluciones/RESOLUCIONES%202009/4237.pdf HTTP/1.1" 200 593928
74.86.158.107 - - [21/Apr/2015:00:27:55 -0500] "HEAD / HTTP/1.1" 200 -
66.249.64.82 - - [21/Apr/2015:00:27:57 -0500] "GET /BLA/resoluciones/RESOLUCIONES%202008/3742.pdf HTTP/1.1" 200 146441
209.222.8.107 - - [21/Apr/2015:00:28:00 -0500] "GET /BLA/resoluciones/index.php?dir=AUTOS+2005%2F HTTP/1.1" 200 2139
66.249.64.82 - - [21/Apr/2015:00:28:12 -0500] "GET /BLA/resoluciones/RESOLUCIONES%202008/3901.pdf HTTP/1.1" 200 442569
186.29.115.230 - - [21/Apr/2015:00:22:21 -0500] "GET /ForestMSG_SDA/channelAsync/template_word_17964123?X-Atmosphere-tracking-id=7f66cfeb-bc06-a7c7-b53c-75f07efc98ba&X-Atmosphere-Framework=1.0.5&X-Atmosphere-Transport=long-polling&tabid=0.6544346164446324&X-Cache-Date=0&Content-Type=application/xml&_=1429593917647 HTTP/1.1" 200 8193
193.219.177.96 - - [21/Apr/2015:00:28:21 -0500] "GET /BLA/boletinlegal/js/jquery.scrollTo-min.js HTTP/1.1" 200 1150
193.219.177.96 - - [21/Apr/2015:00:28:21 -0500] "GET /galeria/galeria/jquery.fancybox.js?v=2.1.5 HTTP/1.1" 200 48706
193.219.177.96 - - [21/Apr/2015:00:28:21 -0500] "GET /BLA/boletinlegal/js/jquery.scrollShow.js HTTP/1.1" 200 4586
193.219.177.96 - - [21/Apr/2015:00:28:21 -0500] "GET /galeria/galeria/jquery.fancybox.css?v=2.1.5 HTTP/1.1" 200 4895
66.249.64.82 - - [21/Apr/2015:00:28:27 -0500] "GET /BLA/resoluciones/RESOLUCIONES%202009/4392.pdf HTTP/1.1" 200 470328
66.249.64.82 - - [21/Apr/2015:00:28:42 -0500] "GET /BLA/resoluciones/AUTOS%202007/3724.pdf HTTP/1.1" 200 185896
66.249.64.86 - - [21/Apr/2015:00:28:57 -0500] "GET /BLA/resoluciones/AUTOS%202007/2176.pdf HTTP/1.1" 200 83247
66.249.64.82 - - [21/Apr/2015:00:29:12 -0500] "GET /BLA/resoluciones/RESOLUCIONES%202008/0126.pdf HTTP/1.1" 200 437737
66.249.64.82 - - [21/Apr/2015:00:29:27 -0500] "GET /BLA/resoluciones/AUTOS%202010/0366.pdf HTTP/1.1" 200 203499
66.249.64.86 - - [21/Apr/2015:00:29:41 -0500] "GET /BLA/resoluciones/RESOLUCIONES%202009/3043.pdf HTTP/1.1" 200 409388
66.249.64.84 - - [21/Apr/2015:00:29:56 -0500] "GET /BLA/resoluciones/RESOLUCIONES%202007/RES%202007%202501%20AL%202600/RESOLUCION%202555%20DE%202007.pdf HTTP/1.1" 200 680932
66.249.64.86 - - [21/Apr/2015:00:30:11 -0500] "GET /BLA/resoluciones/AUTOS%202013/2172.pdf HTTP/1.1" 200 844680
66.249.64.84 - - [21/Apr/2015:00:30:26 -0500] "GET /BLA/resoluciones/RESOLUCIONES%202011/1877.pdf HTTP/1.1" 200 506683
66.249.64.84 - - [21/Apr/2015:00:30:41 -0500] "GET /BLA/resoluciones/RESOLUCIONES%202012/0719.pdf HTTP/1.1" 200 180213
66.249.64.82 - - [21/Apr/2015:00:30:56 -0500] "GET /BLA/resoluciones/AUTOS%202012/0995.pdf HTTP/1.1" 200 2245363
66.249.64.82 - - [21/Apr/2015:00:31:11 -0500] "GET /BLA/resoluciones/RESOLUCIONES%202007/RES%202007%20501%20AL%20600/RESOLUCION%200569%20DE%202007.pdf HTTP/1.1" 200 487625
199.195.118.53 - - [21/Apr/2015:00:31:15 -0500] "GET / HTTP/1.1" 200 10190
66.249.64.82 - - [21/Apr/2015:00:31:25 -0500] "GET /BLA/resoluciones/AUTOS%202009/1475.pdf HTTP/1.1" 200 195027
66.249.64.82 - - [21/Apr/2015:00:31:40 -0500] "GET /BLA/resoluciones/RESOLUCIONES%202012/1126.pdf HTTP/1.1" 200 758976
66.249.64.84 - - [21/Apr/2015:00:31:55 -0500] "GET /BLA/resoluciones/RESOLUCIONES%202007/RES%202007%204201%20AL%204300/RESOLUCION%204298%20DE%202007.pdf HTTP/1.1" 200 185791
209.222.8.107 - - [21/Apr/2015:00:31:59 -0500] "GET /BLA/resoluciones/index.php?dir=RESOLUCIONES+2002%2FRES+2002+301-350%2F HTTP/1.1" 200 12034
66.249.64.86 - - [21/Apr/2015:00:32:10 -0500] "GET /BLA/resoluciones/RESOLUCIONES%202008/1396.pdf HTTP/1.1" 200 247939
209.222.8.107 - - [21/Apr/2015:00:32:15 -0500] "GET /BLA/resoluciones/index.php?dir=RESOLUCIONES+2002%2FRES+2002+1701-1750%2F HTTP/1.1" 200 12141
186.29.115.230 - - [21/Apr/2015:00:32:23 -0500] "GET /forest/session.jsp?a=0.8025511347223073 HTTP/1.1" 200 4
66.249.64.86 - - [21/Apr/2015:00:32:25 -0500] "GET /BLA/resoluciones/AUTOS%202008/0287.pdf HTTP/1.1" 200 332438
68.180.229.40 - - [21/Apr/2015:00:32:38 -0500] "GET /BLA/boletinlegal/jurisprudencia.php HTTP/1.1" 200 10741
66.249.64.82 - - [21/Apr/2015:00:32:40 -0500] "GET /BLA/resoluciones/RESOLUCIONES%202013/0986.pdf HTTP/1.1" 200 811505
66.249.64.84 - - [21/Apr/2015:00:32:46 -0500] "GET /BLA/resoluciones/RESOLUCIONES%202008/4383.pdf HTTP/1.1" 200 897393
66.249.64.84 - - [21/Apr/2015:00:32:55 -0500] "GET /BLA/resoluciones/RESOLUCIONES%202009/1306.pdf HTTP/1.1" 200 477193
74.86.158.107 - - [21/Apr/2015:00:32:55 -0500] "HEAD / HTTP/1.1" 200 -
180.76.5.150 - - [21/Apr/2015:00:33:06 -0500] "GET /BLA/resoluciones/AUTOS%202009/2204.pdf HTTP/1.1" 200 113025
66.249.64.84 - - [21/Apr/2015:00:33:10 -0500] "GET /BLA/resoluciones/RESOLUCIONES%202008/3568.pdf HTTP/1.1" 200 205147
66.249.64.82 - - [21/Apr/2015:00:33:24 -0500] "GET /BLA/resoluciones/RESOLUCIONES%202007/RES%202007%203201%20AL%203300/RESOLUCION%203276%20DE%202007.pdf HTTP/1.1" 200 727957
209.222.8.107 - - [21/Apr/2015:00:33:32 -0500] "GET /BLA/resoluciones/index.php?dir=RESOLUCIONES+2002%2FRES+2002+1651-1700%2F HTTP/1.1" 200 12155
66.249.64.86 - - [21/Apr/2015:00:33:39 -0500] "GET /BLA/resoluciones/RESOLUCIONES%202008/0277.pdf HTTP/1.1" 200 1116535
180.76.5.57 - - [21/Apr/2015:00:33:45 -0500] "GET /BLA/resoluciones/RESOLUCIONES%202007/RES%202007%203301%20AL%203400/RESOLUCION%203363%20DE%202007.pdf HTTP/1.1" 200 1230937
209.222.8.107 - - [21/Apr/2015:00:33:48 -0500] "GET /BLA/resoluciones/index.php?dir=Notificaciones%2FAUTOS+2014%2F HTTP/1.1" 200 71931
66.249.64.86 - - [21/Apr/2015:00:33:54 -0500] "GET /BLA/resoluciones/RESOLUCIONES%202007/RES%202007%20601%20AL%20700/RESOLUCION%200648%20DE%202007.pdf HTTP/1.1" 200 465530
66.249.64.84 - - [21/Apr/2015:00:34:09 -0500] "GET /BLA/resoluciones/AUTOS%202009/0244.pdf HTTP/1.1" 200 115222
186.29.115.230 - - [21/Apr/2015:00:28:21 -0500] "GET /ForestMSG_SDA/channelAsync/template_word_17964123?X-Atmosphere-tracking-id=7f66cfeb-bc06-a7c7-b53c-75f07efc98ba&X-Atmosphere-Framework=1.0.5&X-Atmosphere-Transport=long-polling&tabid=0.6544346164446324&X-Cache-Date=0&Content-Type=application/xml&_=1429594277941 HTTP/1.1" 200 8193
66.249.64.86 - - [21/Apr/2015:00:34:24 -0500] "GET /BLA/resoluciones/RESOLUCIONES%202008/4446.pdf HTTP/1.1" 200 441460
66.249.64.84 - - [21/Apr/2015:00:34:39 -0500] "GET /BLA/resoluciones/RESOLUCIONES%202009/2848.pdf HTTP/1.1" 200 251199
209.222.8.107 - - [21/Apr/2015:00:34:40 -0500] "GET /BLA/resoluciones/index.php?dir=RESOLUCIONES+2007%2FRES+2007+3901+AL+4000%2F HTTP/1.1" 200 26851
66.249.64.84 - - [21/Apr/2015:00:34:54 -0500] "GET /BLA/resoluciones/AUTOS%202011/7223.pdf HTTP/1.1" 200 140688
186.29.115.230 - - [21/Apr/2015:00:35:05 -0500] "POST /forest/usutareas.do? HTTP/1.1" 200 76
66.249.64.84 - - [21/Apr/2015:00:35:08 -0500] "GET /BLA/resoluciones/RESOLUCIONES%202010/2358.pdf HTTP/1.1" 200 1579304
186.29.115.230 - - [21/Apr/2015:00:34:21 -0500] "GET /ForestMSG_SDA/channelAsync/template_word_17964123?X-Atmosphere-tracking-id=7f66cfeb-bc06-a7c7-b53c-75f07efc98ba&X-Atmosphere-Framework=1.0.5&X-Atmosphere-Transport=long-polling&tabid=0.6544346164446324&X-Cache-Date=0&Content-Type=application/xml&_=1429594638017 HTTP/1.1" 200 8193
186.29.115.230 - - [21/Apr/2015:00:35:07 -0500] "GET /forest/usutareas.do?group_system_actual=3&a=0.9953708974644542 HTTP/1.1" 200 174359
186.29.115.230 - - [21/Apr/2015:00:35:10 -0500] "GET /forest/session.jsp?a=0.9886677833274007 HTTP/1.1" 200 4
186.29.115.230 - - [21/Apr/2015:00:35:10 -0500] "GET /forest/actions/forms.getMappedValues?id=IGS_NoCarasExpo53&value=1&codForm=Soli_Elem_Ext_Vis&a=0.7110963459126651 HTTP/1.1" 200 38
186.29.115.230 - - [21/Apr/2015:00:35:10 -0500] "GET /forest/actions/forms.getMappedValues?id=IGS_UbicacionPubliciad23&value=5&codForm=Soli_Elem_Ext_Vis&a=0.22627449641004205 HTTP/1.1" 200 27
186.29.115.230 - - [21/Apr/2015:00:35:10 -0500] "GET /forest/actions/forms.getMappedValues?id=IGS_UbicacionPubliciad23&value=5&codForm=Soli_Elem_Ext_Vis&a=0.8903049165382981 HTTP/1.1" 200 27
186.29.115.230 - - [21/Apr/2015:00:35:11 -0500] "GET /forest/actions/forms.getMappedValues?id=IGS_NoCarasExpo53&value=1&codForm=Soli_Elem_Ext_Vis&a=0.25356654077768326 HTTP/1.1" 200 38
186.29.115.230 - - [21/Apr/2015:00:35:13 -0500] "GET /forest/borrador/1731660/Requerimiento%20Tecnico.docx HTTP/1.1" 200 493897
66.249.64.82 - - [21/Apr/2015:00:35:23 -0500] "GET /BLA/resoluciones/RESOLUCIONES%202008/0344.pdf HTTP/1.1" 200 352332
66.249.64.86 - - [21/Apr/2015:00:35:38 -0500] "GET /BLA/resoluciones/RESOLUCIONES%202009/6900.pdf HTTP/1.1" 200 341067
186.145.39.254 - - [21/Apr/2015:00:35:49 -0500] "GET /BLA/boletinlegal/js/jquery.scrollTo-min.js HTTP/1.1" 200 1150
186.145.39.254 - - [21/Apr/2015:00:35:49 -0500] "GET /galeria/galeria/jquery.fancybox.js?v=2.1.5 HTTP/1.1" 200 48706
186.145.39.254 - - [21/Apr/2015:00:35:49 -0500] "GET /BLA/boletinlegal/js/jquery.scrollShow.js HTTP/1.1" 200 4586
186.145.39.254 - - [21/Apr/2015:00:35:49 -0500] "GET /galeria/galeria/jquery.fancybox.css?v=2.1.5 HTTP/1.1" 200 4895
180.76.6.52 - - [21/Apr/2015:00:35:52 -0500] "GET /BLA/boletinlegal;jsessionid=26961010404944F9E2DFC2FA1602BA12?/? HTTP/1.1" 404 1018
66.249.64.82 - - [21/Apr/2015:00:35:53 -0500] "GET /BLA/resoluciones/RESOLUCIONES%202007/RES%202007%201301%20AL%201400/RESOLUCION%201390%20DE%202007.pdf HTTP/1.1" 200 264204
209.222.8.107 - - [21/Apr/2015:00:36:03 -0500] "GET /BLA/resoluciones/index.php?dir=AUTOS+2007%2F HTTP/1.1" 200 628096
66.249.64.84 - - [21/Apr/2015:00:36:08 -0500] "GET /BLA/resoluciones/RESOLUCIONES%202010/4077.pdf HTTP/1.1" 200 551465
186.145.39.254 - - [21/Apr/2015:00:36:09 -0500] "GET /BLA/boletinlegal/js/jquery.scrollShow.js HTTP/1.1" 200 4586
186.145.39.254 - - [21/Apr/2015:00:36:09 -0500] "GET /galeria/galeria/jquery.fancybox.css?v=2.1.5 HTTP/1.1" 200 4895
186.145.39.254 - - [21/Apr/2015:00:36:09 -0500] "GET /BLA/boletinlegal/js/jquery.scrollTo-min.js HTTP/1.1" 200 1150
186.145.39.254 - - [21/Apr/2015:00:36:09 -0500] "GET /galeria/galeria/jquery.fancybox.js?v=2.1.5 HTTP/1.1" 200 48706
180.76.6.28 - - [21/Apr/2015:00:36:17 -0500] "GET /BLA/boletinlegal/Circulares/2011/Circular%20No.%202%20del%2026%20de%20Mayo%20de%202011.pdf HTTP/1.1" 200 644194
66.249.64.82 - - [21/Apr/2015:00:36:23 -0500] "GET /BLA/resoluciones/RESOLUCIONES%202010/0295.pdf HTTP/1.1" 200 389746
66.249.64.86 - - [21/Apr/2015:00:36:38 -0500] "GET /BLA/resoluciones/RESOLUCIONES%202008/4085.pdf HTTP/1.1" 200 583260
209.222.8.107 - - [21/Apr/2015:00:36:52 -0500] "GET /BLA/resoluciones/index.php?dir=AUTOS+2006%2FAUTOS+2006+1001-1100%2F HTTP/1.1" 200 21966
66.249.64.84 - - [21/Apr/2015:00:36:53 -0500] "GET /BLA/resoluciones/AUTOS%202007/2274.pdf HTTP/1.1" 200 353439
66.249.64.86 - - [21/Apr/2015:00:37:07 -0500] "GET /BLA/resoluciones/RESOLUCIONES%202008/1691.pdf HTTP/1.1" 200 226215
66.249.64.86 - - [21/Apr/2015:00:37:22 -0500] "GET /BLA/resoluciones/RESOLUCIONES%202010/1149.pdf HTTP/1.1" 200 93727
66.249.64.82 - - [21/Apr/2015:00:37:37 -0500] "GET /BLA/resoluciones/RESOLUCIONES%202010/1843.pdf HTTP/1.1" 200 413580
186.80.163.26 - - [21/Apr/2015:00:37:47 -0500] "GET /galeria/galeria/jquery.fancybox.css?v=2.1.5 HTTP/1.1" 200 4895
186.80.163.26 - - [21/Apr/2015:00:37:47 -0500] "GET /BLA/boletinlegal/js/jquery.scrollTo-min.js HTTP/1.1" 200 1150
186.80.163.26 - - [21/Apr/2015:00:37:47 -0500] "GET /BLA/boletinlegal/js/jquery.scrollShow.js HTTP/1.1" 200 4586
186.80.163.26 - - [21/Apr/2015:00:37:47 -0500] "GET /galeria/galeria/jquery.fancybox.js?v=2.1.5 HTTP/1.1" 200 48706
66.249.64.84 - - [21/Apr/2015:00:37:52 -0500] "GET /BLA/resoluciones/RESOLUCIONES%202010/2793.pdf HTTP/1.1" 200 120984
74.86.158.107 - - [21/Apr/2015:00:37:55 -0500] "HEAD / HTTP/1.1" 200 -
66.249.64.82 - - [21/Apr/2015:00:37:59 -0500] "GET /BLA/resoluciones/RESOLUCIONES%202007/RES%202007%204001%20AL%204100/RESOLUCION%204030%20DE%202007.pdf HTTP/1.1" 200 131183
186.80.163.26 - - [21/Apr/2015:00:38:01 -0500] "GET /galeria/galeria/jquery.fancybox.css?v=2.1.5 HTTP/1.1" 304 -
186.80.163.26 - - [21/Apr/2015:00:38:01 -0500] "GET /galeria/galeria/jquery.fancybox.js?v=2.1.5 HTTP/1.1" 304 -
186.80.163.26 - - [21/Apr/2015:00:38:01 -0500] "GET /BLA/boletinlegal/js/jquery.scrollTo-min.js HTTP/1.1" 304 -
186.80.163.26 - - [21/Apr/2015:00:38:01 -0500] "GET /BLA/boletinlegal/js/jquery.scrollShow.js HTTP/1.1" 304 -
66.249.64.86 - - [21/Apr/2015:00:38:07 -0500] "GET /BLA/resoluciones/RESOLUCIONES%202008/3619.pdf HTTP/1.1" 200 303862
152.61.193.99 - - [21/Apr/2015:00:38:09 -0500] "HEAD / HTTP/1.1" 200 -
152.61.193.99 - - [21/Apr/2015:00:38:09 -0500] "GET /arcgis/services/Calidad_del_Agua_WQI/MapServer/WMSServer?SERVICE=WMS&REQUEST=GetCapabilities HTTP/1.1" 200 32135
152.61.193.99 - - [21/Apr/2015:00:38:10 -0500] "GET /arcgis/services/Calidad_del_Agua_WQI/MapServer/WMSServer?SERVICE=WMS&REQUEST=GetCapabilities HTTP/1.1" 200 32135
152.61.193.99 - - [21/Apr/2015:00:38:11 -0500] "GET /arcgis/services/Calidad_del_Agua_WQI/MapServer/WMSServer?SERVICE=WMS&REQUEST=GetCapabilities HTTP/1.1" 200 32135
152.61.193.99 - - [21/Apr/2015:00:38:11 -0500] "GET /arcgis/services/Calidad_del_Agua_WQI/MapServer/WMSServer?SERVICE=WMS&REQUEST=GetCapabilities HTTP/1.1" 200 32135
152.61.193.99 - - [21/Apr/2015:00:38:12 -0500] "GET /arcgis/services/Calidad_del_Agua_WQI/MapServer/WMSServer?VERSION=1.1.1&REQUEST=GetMap&LAYERS=0&SRS=EPSG:4326&BBOX=-74.473395,3.674381,-73.963300,4.920569&WIDTH=250&HEIGHT=250&FORMAT=image/bmp&STYLES=& HTTP/1.1" 200 188054
66.249.64.84 - - [21/Apr/2015:00:38:22 -0500] "GET /BLA/resoluciones/RESOLUCIONES%202008/4086.pdf HTTP/1.1" 200 340175
209.222.8.107 - - [21/Apr/2015:00:38:24 -0500] "GET /BLA/resoluciones/index.php?dir=RESOLUCIONES+2007%2FRES+2007+1501+AL+1600%2F HTTP/1.1" 200 26868
66.249.64.84 - - [21/Apr/2015:00:38:37 -0500] "GET /BLA/resoluciones/RESOLUCIONES%202008/5675.pdf HTTP/1.1" 200 121063
66.249.64.84 - - [21/Apr/2015:00:38:51 -0500] "GET /BLA/resoluciones/AUTOS%202009/2861.pdf HTTP/1.1" 200 103071
66.249.64.84 - - [21/Apr/2015:00:39:06 -0500] "GET /BLA/resoluciones/RESOLUCIONES%202007/RES%202007%203301%20AL%203400/RESOLUCION%203377%20DE%202007.pdf HTTP/1.1" 200 1077046
180.76.6.154 - - [21/Apr/2015:00:39:11 -0500] "GET /BLA/boletinlegal;jsessionid=2B5D14C2C27BB1CBFB6263643AF376DD?/? HTTP/1.1" 404 1018
66.249.64.82 - - [21/Apr/2015:00:39:21 -0500] "GET /BLA/resoluciones/Notificaciones/AUTOS%202014/3221.doc HTTP/1.1" 304 -
66.249.64.82 - - [21/Apr/2015:00:39:36 -0500] "GET /BLA/resoluciones/RESOLUCIONES%202011/0124.pdf HTTP/1.1" 200 515931
209.222.8.107 - - [21/Apr/2015:00:39:40 -0500] "GET /BLA/resoluciones/index.php?dir=RESOLUCIONES+2007%2FRES+2007+2401+AL+2500%2F HTTP/1.1" 200 26869
180.76.6.132 - - [21/Apr/2015:00:39:50 -0500] "GET /BLA/boletinlegal;jsessionid=5CA89450010E7248F4339520887EA044?/? HTTP/1.1" 404 1018
66.249.64.86 - - [21/Apr/2015:00:39:51 -0500] "GET /BLA/resoluciones/AUTOS%202010/0870.pdf HTTP/1.1" 304 -
209.222.8.107 - - [21/Apr/2015:00:40:05 -0500] "GET /BLA/resoluciones/index.php?dir=AUTOS+2010%2F HTTP/1.1" 200 239543
66.249.64.84 - - [21/Apr/2015:00:40:06 -0500] "GET /BLA/resoluciones/RESOLUCIONES%202010/0343.pdf HTTP/1.1" 304 -
186.29.115.230 - - [21/Apr/2015:00:40:11 -0500] "GET /forest/session.jsp?a=0.8469601240940392 HTTP/1.1" 200 4
66.249.64.86 - - [21/Apr/2015:00:40:21 -0500] "GET /BLA/resoluciones/RESOLUCIONES%202007/RES%202007%202101%20AL%202200/RESOLUCION%202138%20DE%202007.pdf HTTP/1.1" 304 -
209.222.8.107 - - [21/Apr/2015:00:40:25 -0500] "GET /BLA/resoluciones/index.php?dir=RESOLUCIONES+2002%2FRES+2002+51-100%2F HTTP/1.1" 200 12120
209.222.8.107 - - [21/Apr/2015:00:40:25 -0500] "GET /BLA/resoluciones/index.php?dir=AUTOS+2006%2FAUTOS+2006+501-600%2F HTTP/1.1" 200 21780
180.76.5.18 - - [21/Apr/2015:00:40:30 -0500] "GET /BLA/resoluciones/RESOLUCIONES%202008/0771.pdf HTTP/1.1" 200 47308
66.249.64.86 - - [21/Apr/2015:00:40:36 -0500] "GET /BLA/resoluciones/RESOLUCIONES%202013/1342.pdf HTTP/1.1" 200 588821
201.160.75.134 - - [21/Apr/2015:00:40:37 -0500] "GET /galeria/galeria/jquery.fancybox.css?v=2.1.5 HTTP/1.1" 200 4895
201.160.75.134 - - [21/Apr/2015:00:40:37 -0500] "GET /BLA/boletinlegal/js/jquery.scrollTo-min.js HTTP/1.1" 200 1150
201.160.75.134 - - [21/Apr/2015:00:40:37 -0500] "GET /BLA/boletinlegal/js/jquery.scrollShow.js HTTP/1.1" 200 4586
201.160.75.134 - - [21/Apr/2015:00:40:37 -0500] "GET /galeria/galeria/jquery.fancybox.js?v=2.1.5 HTTP/1.1" 200 48706
66.249.64.86 - - [21/Apr/2015:00:40:50 -0500] "GET /BLA/resoluciones/AUTOS%202014/0444.pdf HTTP/1.1" 200 415222
66.249.64.82 - - [21/Apr/2015:00:41:05 -0500] "GET /silvicultura/6.pdf HTTP/1.1" 404 1018
186.29.115.230 - - [21/Apr/2015:00:35:10 -0500] "GET /ForestMSG_SDA/channelAsync/template_word_17964123?X-Atmosphere-tracking-id=5964ff57-99f9-853d-1892-9f64dbba71c5&X-Atmosphere-Framework=1.0.5&X-Atmosphere-Transport=long-polling&tabid=0.8856020357925445&X-Cache-Date=0&Content-Type=application/xml&_=1429594686584 HTTP/1.1" 200 8193
201.160.75.134 - - [21/Apr/2015:00:41:10 -0500] "GET /galeria/galeria/jquery.fancybox.css?v=2.1.5 HTTP/1.1" 304 -
201.160.75.134 - - [21/Apr/2015:00:41:10 -0500] "GET /BLA/boletinlegal/js/jquery.scrollShow.js HTTP/1.1" 304 -
201.160.75.134 - - [21/Apr/2015:00:41:10 -0500] "GET /BLA/boletinlegal/js/jquery.scrollTo-min.js HTTP/1.1" 304 -
201.160.75.134 - - [21/Apr/2015:00:41:10 -0500] "GET /galeria/galeria/jquery.fancybox.js?v=2.1.5 HTTP/1.1" 304 -
66.249.64.86 - - [21/Apr/2015:00:41:20 -0500] "GET /BLA/resoluciones/AUTOS%202012/0483.pdf HTTP/1.1" 304 -
186.29.115.230 - - [21/Apr/2015:00:41:29 -0500] "GET /forest/skins/gdocs-jar/popup/escritorio/subirborrador.jsp?form=Soli_Elem_Ext_Vis&codTpl=&codBorr=579944&a=0.656605581054464 HTTP/1.1" 200 23292
186.29.115.230 - - [21/Apr/2015:00:41:29 -0500] "GET /forest/json.do?query=borradoresByTpls&codInst=2871166&codTare=1322&firma=0&a=0.7481709124986082 HTTP/1.1" 200 180
186.29.115.230 - - [21/Apr/2015:00:41:29 -0500] "GET /forest/json.do?query=plantillasByTarea&codTare=1322&codInst=2871166&firma=0&a=0.6667216550558805 HTTP/1.1" 200 131
186.29.115.230 - - [21/Apr/2015:00:41:29 -0500] "GET /forest/json.do?query=terceroById&numTer=52353806&a=0.1228937259875238 HTTP/1.1" 200 645
186.29.115.230 - - [21/Apr/2015:00:41:29 -0500] "GET /forest/json.do?query=adjuntosByBorrador&codTraBorr=1731660&a=0.3203287464566529 HTTP/1.1" 200 2
186.29.115.230 - - [21/Apr/2015:00:41:29 -0500] "GET /forest/json.do?query=datosBorradorByCodTraBorr&codTraBorr=1731660&a=0.6923166851047426 HTTP/1.1" 200 180
186.29.115.230 - - [21/Apr/2015:00:41:29 -0500] "GET /forest/json.do?query=ultimoBorradorByTpl&codTpl=763&codInst=2871166&a=0.6999557078815997 HTTP/1.1" 200 20
66.249.64.82 - - [21/Apr/2015:00:41:35 -0500] "GET /BLA/resoluciones/RESOLUCIONES%202007/RES%202007%201001%20AL%201100/RESOLUCION%201003%20DE%202007.pdf HTTP/1.1" 304 -
66.249.64.82 - - [21/Apr/2015:00:41:49 -0500] "GET /BLA/resoluciones/RESOLUCIONES%202010/7019.pdf HTTP/1.1" 200 998830
66.249.64.82 - - [21/Apr/2015:00:41:52 -0500] "GET /BLA/resoluciones/AUTOS%202008/0876.pdf HTTP/1.1" 304 -
186.29.115.230 - - [21/Apr/2015:00:41:50 -0500] "POST /forest/usutareas.do?group_system_actual=3 HTTP/1.1" 200 197
186.29.115.230 - - [21/Apr/2015:00:41:10 -0500] "GET /ForestMSG_SDA/channelAsync/template_word_17964123?X-Atmosphere-tracking-id=5964ff57-99f9-853d-1892-9f64dbba71c5&X-Atmosphere-Framework=1.0.5&X-Atmosphere-Transport=long-polling&tabid=0.8856020357925445&X-Cache-Date=0&Content-Type=application/xml&_=1429595046718 HTTP/1.1" 200 8193
186.29.115.230 - - [21/Apr/2015:00:42:01 -0500] "GET /forest/usutareas.do?group_system_actual=3&a=0.20776176522485912 HTTP/1.1" 200 174365
186.29.115.230 - - [21/Apr/2015:00:42:05 -0500] "GET /forest/session.jsp?a=0.4754478638060391 HTTP/1.1" 200 4
66.249.64.86 - - [21/Apr/2015:00:42:05 -0500] "GET /BLA/resoluciones/AUTOS%202013/1638.pdf HTTP/1.1" 200 935521
186.29.115.230 - - [21/Apr/2015:00:42:05 -0500] "GET /forest/actions/forms.getMappedValues?id=IGS_NoCarasExpo53&value=1&codForm=Soli_Elem_Ext_Vis&a=0.14871633937582374 HTTP/1.1" 200 38
186.29.115.230 - - [21/Apr/2015:00:42:05 -0500] "GET /forest/actions/forms.getMappedValues?id=IGS_UbicacionPubliciad23&value=5&codForm=Soli_Elem_Ext_Vis&a=0.4110211699735373 HTTP/1.1" 200 27
186.29.115.230 - - [21/Apr/2015:00:42:05 -0500] "GET /forest/actions/forms.getMappedValues?id=IGS_UbicacionPubliciad23&value=5&codForm=Soli_Elem_Ext_Vis&a=0.5645995878148824 HTTP/1.1" 200 27
186.29.115.230 - - [21/Apr/2015:00:42:05 -0500] "GET /forest/actions/forms.getMappedValues?id=IGS_NoCarasExpo53&value=1&codForm=Soli_Elem_Ext_Vis&a=0.6789634649176151 HTTP/1.1" 200 38
66.249.64.86 - - [21/Apr/2015:00:42:20 -0500] "GET /BLA/resoluciones/RESOLUCIONES%202009/9810.pdf HTTP/1.1" 200 399415
66.249.64.86 - - [21/Apr/2015:00:42:34 -0500] "GET /BLA/resoluciones/RESOLUCIONES%202009/8959.pdf HTTP/1.1" 304 -
209.222.8.107 - - [21/Apr/2015:00:42:36 -0500] "GET /BLA/resoluciones/index.php?dir=RESOLUCIONES+2002%2FRES+2002+101-150%2F HTTP/1.1" 200 12339
186.29.115.230 - - [21/Apr/2015:00:42:45 -0500] "POST /forest/usutareas.do? HTTP/1.1" 200 76
186.29.115.230 - - [21/Apr/2015:00:42:49 -0500] "GET /forest/usutareas.do?group_system_actual=3&a=0.7153909611515701 HTTP/1.1" 200 19550
186.29.115.230 - - [21/Apr/2015:00:42:49 -0500] "GET /forest/session.jsp?a=0.5712071866728365 HTTP/1.1" 200 4
66.249.64.82 - - [21/Apr/2015:00:42:49 -0500] "GET /BLA/resoluciones/AUTOS%202011/2425.pdf HTTP/1.1" 304 -
186.29.115.230 - - [21/Apr/2015:00:42:51 -0500] "GET /forest/index2.jsp?_a=0.8712404454126954 HTTP/1.1" 200 70598
186.29.115.230 - - [21/Apr/2015:00:42:51 -0500] "GET /forest/session.jsp?a=0.9868580084294081 HTTP/1.1" 200 4
74.86.158.107 - - [21/Apr/2015:00:42:55 -0500] "HEAD / HTTP/1.1" 200 -
66.249.64.82 - - [21/Apr/2015:00:43:04 -0500] "GET /BLA/resoluciones/RESOLUCIONES%202010/6497.pdf HTTP/1.1" 304 -
186.29.115.230 - - [21/Apr/2015:00:43:08 -0500] "GET /forest/logout-redirect.jsp HTTP/1.1" 302 -
186.29.115.230 - - [21/Apr/2015:00:43:08 -0500] "GET /forest/login.do HTTP/1.1" 200 12815
66.249.64.84 - - [21/Apr/2015:00:43:11 -0500] "GET /BLA/resoluciones/RESOLUCIONES%202011/0490.pdf HTTP/1.1" 200 94999
66.249.64.86 - - [21/Apr/2015:00:43:19 -0500] "GET /BLA/resoluciones/RESOLUCIONES%202011/4848.pdf HTTP/1.1" 304 -
66.249.64.86 - - [21/Apr/2015:00:43:34 -0500] "GET /BLA/resoluciones/RESOLUCIONES%202010/0925.pdf HTTP/1.1" 304 -
66.249.64.82 - - [21/Apr/2015:00:43:49 -0500] "GET /BLA/resoluciones/AUTOS%202013/3508.pdf HTTP/1.1" 304 -
66.249.64.84 - - [21/Apr/2015:00:44:04 -0500] "GET /BLA/resoluciones/RESOLUCIONES%202010/2001.pdf HTTP/1.1" 200 473709
66.249.64.86 - - [21/Apr/2015:00:44:18 -0500] "GET /BLA/resoluciones/index.php?dir=RESOLUCIONES%202010/&sort=size&order=desc HTTP/1.1" 200 1289007
66.249.64.84 - - [21/Apr/2015:00:44:33 -0500] "GET /BLA/resoluciones/AUTOS%202012/1743.pdf HTTP/1.1" 200 696456
66.249.64.86 - - [21/Apr/2015:00:44:48 -0500] "GET /BLA/resoluciones/AUTOS%202013/0539.pdf HTTP/1.1" 304 -
209.222.8.107 - - [21/Apr/2015:00:45:00 -0500] "GET /BLA/resoluciones/index.php?dir=RESOLUCIONES+2002%2FRES+2002+1951-1971%2F HTTP/1.1" 200 6225
66.249.64.86 - - [21/Apr/2015:00:45:03 -0500] "GET /BLA/resoluciones/AUTOS%202013/2767.pdf HTTP/1.1" 200 1898361
66.249.64.84 - - [21/Apr/2015:00:45:18 -0500] "GET /BLA/resoluciones/AUTOS%202014/5688.pdf HTTP/1.1" 304 -
209.222.8.107 - - [21/Apr/2015:00:45:19 -0500] "GET /BLA/resoluciones/index.php?dir=RESOLUCIONES+2007%2FRES+2007+3601+AL+3700%2F HTTP/1.1" 200 26855
66.249.64.86 - - [21/Apr/2015:00:45:33 -0500] "GET /BLA/resoluciones/RESOLUCIONES%202010/5757.pdf HTTP/1.1" 304 -
66.249.64.86 - - [21/Apr/2015:00:45:48 -0500] "GET /BLA/resoluciones/RESOLUCIONES%202013/1279.pdf HTTP/1.1" 304 -
66.249.64.82 - - [21/Apr/2015:00:46:03 -0500] "GET /BLA/resoluciones/RESOLUCIONES%202010/6690.pdf HTTP/1.1" 304 -
66.249.64.82 - - [21/Apr/2015:00:46:14 -0500] "GET /BLA/resoluciones/RESOLUCIONES%202006/RES%202006%20%202801-2850/00002848.tif HTTP/1.1" 200 1446504
190.156.138.246 - - [21/Apr/2015:00:46:16 -0500] "GET /galeria/galeria/jquery.fancybox.js?v=2.1.5 HTTP/1.1" 200 48706
190.156.138.246 - - [21/Apr/2015:00:46:16 -0500] "GET /BLA/boletinlegal/js/jquery.scrollTo-min.js HTTP/1.1" 200 1150
190.156.138.246 - - [21/Apr/2015:00:46:16 -0500] "GET /galeria/galeria/jquery.fancybox.css?v=2.1.5 HTTP/1.1" 200 4895
190.156.138.246 - - [21/Apr/2015:00:46:16 -0500] "GET /BLA/boletinlegal/js/jquery.scrollShow.js HTTP/1.1" 200 4586
66.249.64.82 - - [21/Apr/2015:00:46:17 -0500] "GET /BLA/resoluciones/RESOLUCIONES%202013/1002.pdf HTTP/1.1" 304 -
66.249.64.86 - - [21/Apr/2015:00:46:32 -0500] "GET /BLA/resoluciones/RESOLUCIONES%202007/RES%202007%201001%20AL%201100/RESOLUCION%201043%20DE%202007.pdf HTTP/1.1" 304 -
190.156.138.246 - - [21/Apr/2015:00:46:38 -0500] "GET /BLA/boletinlegal/js/jquery.scrollShow.js HTTP/1.1" 304 -
190.156.138.246 - - [21/Apr/2015:00:46:38 -0500] "GET /galeria/galeria/jquery.fancybox.css?v=2.1.5 HTTP/1.1" 304 -
190.156.138.246 - - [21/Apr/2015:00:46:38 -0500] "GET /BLA/boletinlegal/js/jquery.scrollTo-min.js HTTP/1.1" 304 -
190.156.138.246 - - [21/Apr/2015:00:46:38 -0500] "GET /galeria/galeria/jquery.fancybox.js?v=2.1.5 HTTP/1.1" 304 -
