190.216.140.66 - - [21/Apr/2015:08:16:03 -0500] "GET /galeria/galeria/jquery.fancybox.js?v=2.1.5 HTTP/1.1" 304 -
190.216.140.66 - - [21/Apr/2015:08:16:03 -0500] "GET /galeria/galeria/jquery.fancybox.css?v=2.1.5 HTTP/1.1" 304 -
190.84.185.167 - - [21/Apr/2015:08:12:23 -0500] "GET /ForestMSG_SDA/channelAsync/template_word_17964325?X-Atmosphere-tracking-id=47d0be92-e27d-b423-3759-4fcd67505a54&X-Atmosphere-Framework=1.0.5&X-Atmosphere-Transport=long-polling&tabid=0.045380992349237204&X-Cache-Date=0&Content-Type=application/xml&_=1429622008411 HTTP/1.1" 200 8193
190.84.185.167 - - [21/Apr/2015:08:16:04 -0500] "GET /forest/session.jsp?a=0.8881354234181345 HTTP/1.1" 200 4
190.84.185.167 - - [21/Apr/2015:08:16:04 -0500] "GET /forest/actions/forms.getMappedValues?id=id_EnlaceConcejo17&value=1429622052263&codForm=DPC_ElaborarBorradorConsolidador&a=0.08529846114106476 HTTP/1.1" 200 26
190.25.70.198 - - [21/Apr/2015:08:16:05 -0500] "POST /forms/lservlet;jsessionid=ac16012b30d614318e96713744e791ea88a8a172d2ab.e3iSbxaKaheRe3eNbhaPbhuQa41ynknvrkLOlQzNp65In0 HTTP/1.1" 200 8
190.25.70.198 - - [21/Apr/2015:08:16:05 -0500] "POST /forms/lservlet;jsessionid=ac16012b30d614318e96713744e791ea88a8a172d2ab.e3iSbxaKaheRe3eNbhaPbhuQa41ynknvrkLOlQzNp65In0 HTTP/1.1" 200 8
190.25.70.198 - - [21/Apr/2015:08:16:05 -0500] "POST /forms/lservlet;jsessionid=ac16012b30d614318e96713744e791ea88a8a172d2ab.e3iSbxaKaheRe3eNbhaPbhuQa41ynknvrkLOlQzNp65In0 HTTP/1.1" 200 2
190.84.185.167 - - [21/Apr/2015:08:16:07 -0500] "POST /forest/usutareas.do? HTTP/1.1" 200 76
190.84.185.167 - - [21/Apr/2015:08:16:08 -0500] "GET /forest/usutareas.do?group_system_actual=3&a=0.14260685397312045 HTTP/1.1" 200 19597
190.84.185.167 - - [21/Apr/2015:08:16:08 -0500] "GET /forest/session.jsp?a=0.04674890101887286 HTTP/1.1" 200 4
66.249.64.82 - - [21/Apr/2015:08:16:10 -0500] "GET /BLA/resoluciones/RESOLUCIONES%202013/1209.pdf HTTP/1.1" 200 313577
190.25.70.198 - - [21/Apr/2015:08:16:10 -0500] "POST /forms/lservlet;jsessionid=ac16012b30d614318e96713744e791ea88a8a172d2ab.e3iSbxaKaheRe3eNbhaPbhuQa41ynknvrkLOlQzNp65In0 HTTP/1.1" 200 18
190.25.70.198 - - [21/Apr/2015:08:16:10 -0500] "POST /forms/lservlet;jsessionid=ac16012b30d614318e96713744e791ea88a8a172d2ab.e3iSbxaKaheRe3eNbhaPbhuQa41ynknvrkLOlQzNp65In0 HTTP/1.1" 200 8
190.25.70.198 - - [21/Apr/2015:08:16:11 -0500] "POST /forms/lservlet;jsessionid=ac16012b30d614318e96713744e791ea88a8a172d2ab.e3iSbxaKaheRe3eNbhaPbhuQa41ynknvrkLOlQzNp65In0 HTTP/1.1" 200 2
190.84.185.167 - - [21/Apr/2015:08:16:10 -0500] "GET /forest/index2.jsp?_a=0.8220958372112364 HTTP/1.1" 200 121519
190.84.185.167 - - [21/Apr/2015:08:16:12 -0500] "GET /forest/session.jsp?a=0.6774036551360041 HTTP/1.1" 200 4
190.25.70.198 - - [21/Apr/2015:08:16:13 -0500] "POST /forms/lservlet;jsessionid=ac16012b30d614318e96713744e791ea88a8a172d2ab.e3iSbxaKaheRe3eNbhaPbhuQa41ynknvrkLOlQzNp65In0 HTTP/1.1" 200 55
172.22.2.1 - - [21/Apr/2015:08:16:13 -0500] "GET /galeria/galeria/jquery.fancybox.js?v=2.1.5 HTTP/1.1" 304 -
172.22.2.1 - - [21/Apr/2015:08:16:13 -0500] "GET /galeria/galeria/jquery.fancybox.css?v=2.1.5 HTTP/1.1" 304 -
172.22.2.1 - - [21/Apr/2015:08:16:18 -0500] "GET /galeria/nivo-slider/demo/demo.html HTTP/1.1" 200 4881
190.25.70.198 - - [21/Apr/2015:08:16:19 -0500] "POST /forms/lservlet;jsessionid=ac16012b30d614318e96713744e791ea88a8a172d2ab.e3iSbxaKaheRe3eNbhaPbhuQa41ynknvrkLOlQzNp65In0 HTTP/1.1" 200 66
172.22.2.1 - - [21/Apr/2015:08:16:20 -0500] "GET /galeria/nivo-slider/themes/default/default.css HTTP/1.1" 304 -
172.22.2.1 - - [21/Apr/2015:08:16:21 -0500] "GET /galeria/nivo-slider/demo/images/pedaleando-por-la-tierra.jpg HTTP/1.1" 304 -
172.22.2.1 - - [21/Apr/2015:08:16:21 -0500] "GET /galeria/nivo-slider/demo/images/ecolectaabril20.jpg HTTP/1.1" 304 -
172.22.2.1 - - [21/Apr/2015:08:16:21 -0500] "GET /galeria/nivo-slider/demo/images/no-sea-victima.jpg HTTP/1.1" 304 -
172.22.2.1 - - [21/Apr/2015:08:16:21 -0500] "GET /galeria/nivo-slider/demo/images/Banner-decreto1299.jpg HTTP/1.1" 304 -
172.22.2.1 - - [21/Apr/2015:08:16:21 -0500] "GET /galeria/nivo-slider/demo/images/9Signos.jpg HTTP/1.1" 304 -
186.155.231.105 - - [21/Apr/2015:08:16:22 -0500] "GET /portalsiaccapacitaciones/list.php? HTTP/1.1" 200 5055
190.9.203.211 - - [21/Apr/2015:08:16:23 -0500] "GET /galeria/galeria/jquery.fancybox.js?v=2.1.5 HTTP/1.1" 304 -
190.9.203.211 - - [21/Apr/2015:08:16:23 -0500] "GET /galeria/galeria/jquery.fancybox.css?v=2.1.5 HTTP/1.1" 304 -
190.25.70.198 - - [21/Apr/2015:08:16:23 -0500] "POST /forms/lservlet;jsessionid=ac16012b30d614318e96713744e791ea88a8a172d2ab.e3iSbxaKaheRe3eNbhaPbhuQa41ynknvrkLOlQzNp65In0 HTTP/1.1" 200 31
190.25.70.198 - - [21/Apr/2015:08:16:23 -0500] "POST /forms/lservlet;jsessionid=ac16012b30d614318e96713744e791ea88a8a172d2ab.e3iSbxaKaheRe3eNbhaPbhuQa41ynknvrkLOlQzNp65In0 HTTP/1.1" 200 8
190.25.70.198 - - [21/Apr/2015:08:16:23 -0500] "POST /forms/lservlet;jsessionid=ac16012b30d614318e96713744e791ea88a8a172d2ab.e3iSbxaKaheRe3eNbhaPbhuQa41ynknvrkLOlQzNp65In0 HTTP/1.1" 200 2
190.25.70.198 - - [21/Apr/2015:08:16:24 -0500] "POST /forms/lservlet;jsessionid=ac16012b30d614318e96713744e791ea88a8a172d2ab.e3iSbxaKaheRe3eNbhaPbhuQa41ynknvrkLOlQzNp65In0 HTTP/1.1" 200 2
190.25.70.198 - - [21/Apr/2015:08:16:24 -0500] "POST /forms/lservlet;jsessionid=ac16012b30d614318e96713744e791ea88a8a172d2ab.e3iSbxaKaheRe3eNbhaPbhuQa41ynknvrkLOlQzNp65In0 HTTP/1.1" 200 239
190.25.70.198 - - [21/Apr/2015:08:16:24 -0500] "POST /forms/lservlet;jsessionid=ac16012b30d614318e96713744e791ea88a8a172d2ab.e3iSbxaKaheRe3eNbhaPbhuQa41ynknvrkLOlQzNp65In0 HTTP/1.1" 200 46
66.249.64.86 - - [21/Apr/2015:08:16:24 -0500] "GET /BLA/resoluciones/RESOLUCIONES%202011/1670.pdf HTTP/1.1" 200 80349
190.25.70.198 - - [21/Apr/2015:08:16:24 -0500] "POST /forms/lservlet;jsessionid=ac16012b30d614318e96713744e791ea88a8a172d2ab.e3iSbxaKaheRe3eNbhaPbhuQa41ynknvrkLOlQzNp65In0 HTTP/1.1" 200 15
190.9.203.211 - - [21/Apr/2015:08:16:25 -0500] "GET /galeria/nivo-slider/demo/demo.html HTTP/1.1" 200 4881
190.25.70.198 - - [21/Apr/2015:08:16:25 -0500] "POST /forms/lservlet;jsessionid=ac16012b30d614318e96713744e791ea88a8a172d2ab.e3iSbxaKaheRe3eNbhaPbhuQa41ynknvrkLOlQzNp65In0 HTTP/1.1" 200 2
190.9.203.211 - - [21/Apr/2015:08:16:25 -0500] "GET /galeria/nivo-slider/demo/images/pedaleando-por-la-tierra.jpg HTTP/1.1" 304 -
190.9.203.211 - - [21/Apr/2015:08:16:25 -0500] "GET /galeria/nivo-slider/demo/images/ecolectaabril20.jpg HTTP/1.1" 304 -
190.9.203.211 - - [21/Apr/2015:08:16:25 -0500] "GET /galeria/nivo-slider/demo/images/acuerdo_569.jpg HTTP/1.1" 304 -
190.9.203.211 - - [21/Apr/2015:08:16:25 -0500] "GET /galeria/nivo-slider/demo/images/Banner-Directorio.jpg HTTP/1.1" 304 -
190.9.203.211 - - [21/Apr/2015:08:16:25 -0500] "GET /galeria/nivo-slider/demo/images/banner-V2.jpg HTTP/1.1" 304 -
190.9.203.211 - - [21/Apr/2015:08:16:26 -0500] "GET /galeria/nivo-slider/demo/images/9Signos.jpg HTTP/1.1" 304 -
190.25.70.198 - - [21/Apr/2015:08:16:28 -0500] "POST /forms/lservlet;jsessionid=ac16012b30d614318e96713744e791ea88a8a172d2ab.e3iSbxaKaheRe3eNbhaPbhuQa41ynknvrkLOlQzNp65In0 HTTP/1.1" 200 70
190.25.70.198 - - [21/Apr/2015:08:16:28 -0500] "POST /forms/lservlet;jsessionid=ac16012b30d614318e96713744e791ea88a8a172d2ab.e3iSbxaKaheRe3eNbhaPbhuQa41ynknvrkLOlQzNp65In0 HTTP/1.1" 200 30
190.25.70.198 - - [21/Apr/2015:08:16:29 -0500] "POST /forms/lservlet;jsessionid=ac16012b30d614318e96713744e791ea88a8a172d2ab.e3iSbxaKaheRe3eNbhaPbhuQa41ynknvrkLOlQzNp65In0 HTTP/1.1" 200 67
190.14.255.169 - - [21/Apr/2015:08:16:32 -0500] "GET /BLA/boletinlegal/js/jquery.scrollShow.js HTTP/1.1" 200 4586
190.14.255.169 - - [21/Apr/2015:08:16:32 -0500] "GET /galeria/galeria/jquery.fancybox.js?v=2.1.5 HTTP/1.1" 200 48706
190.14.255.169 - - [21/Apr/2015:08:16:32 -0500] "GET /BLA/boletinlegal/js/jquery.scrollTo-min.js HTTP/1.1" 200 1150
190.14.255.169 - - [21/Apr/2015:08:16:32 -0500] "GET /galeria/galeria/jquery.fancybox.css?v=2.1.5 HTTP/1.1" 200 4895
190.25.70.198 - - [21/Apr/2015:08:16:32 -0500] "POST /forms/lservlet;jsessionid=ac16012b30d614318e96713744e791ea88a8a172d2ab.e3iSbxaKaheRe3eNbhaPbhuQa41ynknvrkLOlQzNp65In0 HTTP/1.1" 200 2
190.25.70.198 - - [21/Apr/2015:08:16:32 -0500] "POST /forms/lservlet;jsessionid=ac16012b30d614318e96713744e791ea88a8a172d2ab.e3iSbxaKaheRe3eNbhaPbhuQa41ynknvrkLOlQzNp65In0 HTTP/1.1" 200 588
190.25.70.198 - - [21/Apr/2015:08:16:32 -0500] "POST /forms/lservlet;jsessionid=ac16012b30d614318e96713744e791ea88a8a172d2ab.e3iSbxaKaheRe3eNbhaPbhuQa41ynknvrkLOlQzNp65In0 HTTP/1.1" 200 20
190.14.255.169 - - [21/Apr/2015:08:16:36 -0500] "GET /hidrico/aguas%20subterraneas/ HTTP/1.1" 404 1296
201.245.192.253 - - [21/Apr/2015:08:16:37 -0500] "GET /galeria/galeria/jquery.fancybox.js?v=2.1.5 HTTP/1.1" 304 -
201.245.192.253 - - [21/Apr/2015:08:16:37 -0500] "GET /galeria/galeria/jquery.fancybox.css?v=2.1.5 HTTP/1.1" 304 -
201.245.192.253 - - [21/Apr/2015:08:16:38 -0500] "GET /galeria/nivo-slider/demo/demo.html HTTP/1.1" 304 -
190.26.206.66 - - [21/Apr/2015:08:16:38 -0500] "GET /videos/galeria-fotografica/index21.html? HTTP/1.1" 200 1967
190.26.206.66 - - [21/Apr/2015:08:16:38 -0500] "GET /videos/galeria-fotografica/js/jquery-flickr-gallery/jquery-flickr.css HTTP/1.1" 200 711
190.26.206.66 - - [21/Apr/2015:08:16:38 -0500] "GET /videos/galeria-fotografica/js/jquery-flickr-gallery/jquery-flickr-gallery.js HTTP/1.1" 200 9050
66.249.64.82 - - [21/Apr/2015:08:16:38 -0500] "GET /BLA/resoluciones/RESOLUCIONES%202013/1090.pdf HTTP/1.1" 200 766122
190.26.206.66 - - [21/Apr/2015:08:16:38 -0500] "GET /videos/galeria-fotografica/js/jquery-flickr-gallery/loader.gif HTTP/1.1" 200 2129
190.26.206.66 - - [21/Apr/2015:08:16:38 -0500] "GET /videos/DIASINCARROSITP.flv HTTP/1.1" 200 2337807
201.245.192.253 - - [21/Apr/2015:08:16:38 -0500] "POST /forms/lservlet;jsessionid=ac16012b30d6423794d3411d49c08f5bc061d328b442.e3iSbxaKaheRe3eNbhaPbhuQa41ynknvrkLOlQzNp65In0 HTTP/1.1" 200 78
190.25.70.198 - - [21/Apr/2015:08:16:39 -0500] "POST /forms/lservlet;jsessionid=ac16012b30d614318e96713744e791ea88a8a172d2ab.e3iSbxaKaheRe3eNbhaPbhuQa41ynknvrkLOlQzNp65In0 HTTP/1.1" 200 2
190.25.70.198 - - [21/Apr/2015:08:16:39 -0500] "POST /forms/lservlet;jsessionid=ac16012b30d614318e96713744e791ea88a8a172d2ab.e3iSbxaKaheRe3eNbhaPbhuQa41ynknvrkLOlQzNp65In0 HTTP/1.1" 200 474
201.245.192.253 - - [21/Apr/2015:08:16:39 -0500] "GET /galeria/nivo-slider/demo/images/pedaleando-por-la-tierra.jpg HTTP/1.1" 304 -
190.25.70.198 - - [21/Apr/2015:08:16:39 -0500] "POST /forms/lservlet;jsessionid=ac16012b30d614318e96713744e791ea88a8a172d2ab.e3iSbxaKaheRe3eNbhaPbhuQa41ynknvrkLOlQzNp65In0 HTTP/1.1" 200 11
201.245.192.253 - - [21/Apr/2015:08:16:39 -0500] "GET /galeria/nivo-slider/demo/images/ecolectaabril20.jpg HTTP/1.1" 304 -
201.245.192.253 - - [21/Apr/2015:08:16:39 -0500] "GET /galeria/nivo-slider/demo/images/no-sea-victima.jpg HTTP/1.1" 304 -
201.245.192.253 - - [21/Apr/2015:08:16:39 -0500] "GET /galeria/nivo-slider/demo/images/Banner-decreto1299.jpg HTTP/1.1" 304 -
201.245.192.253 - - [21/Apr/2015:08:16:39 -0500] "GET /galeria/nivo-slider/demo/images/Licitaciones-proyecto-paramo.jpg HTTP/1.1" 304 -
201.245.192.253 - - [21/Apr/2015:08:16:39 -0500] "GET /galeria/nivo-slider/demo/images/Banner-Directorio.jpg HTTP/1.1" 304 -
201.245.192.253 - - [21/Apr/2015:08:16:39 -0500] "GET /galeria/nivo-slider/demo/images/Ruta-vertimientos-01.jpg HTTP/1.1" 304 -
201.245.192.253 - - [21/Apr/2015:08:16:39 -0500] "GET /galeria/nivo-slider/demo/images/bolsas-06.jpg HTTP/1.1" 304 -
201.245.192.253 - - [21/Apr/2015:08:16:39 -0500] "GET /galeria/nivo-slider/demo/images/bolsas-08.jpg HTTP/1.1" 304 -
201.245.192.253 - - [21/Apr/2015:08:16:39 -0500] "GET /galeria/nivo-slider/demo/images/redes_sociales.jpg HTTP/1.1" 304 -
201.245.192.253 - - [21/Apr/2015:08:16:39 -0500] "GET /galeria/nivo-slider/demo/images/Conoce-los-humedales.jpg HTTP/1.1" 304 -
201.245.192.253 - - [21/Apr/2015:08:16:39 -0500] "POST /forms/lservlet;jsessionid=ac16012b30d6423794d3411d49c08f5bc061d328b442.e3iSbxaKaheRe3eNbhaPbhuQa41ynknvrkLOlQzNp65In0 HTTP/1.1" 200 2
201.245.192.253 - - [21/Apr/2015:08:16:39 -0500] "POST /forms/lservlet;jsessionid=ac16012b30d6423794d3411d49c08f5bc061d328b442.e3iSbxaKaheRe3eNbhaPbhuQa41ynknvrkLOlQzNp65In0 HTTP/1.1" 200 2347
201.245.192.253 - - [21/Apr/2015:08:16:40 -0500] "POST /forms/lservlet;jsessionid=ac16012b30d6423794d3411d49c08f5bc061d328b442.e3iSbxaKaheRe3eNbhaPbhuQa41ynknvrkLOlQzNp65In0 HTTP/1.1" 200 10
191.147.161.229 - - [21/Apr/2015:08:16:44 -0500] "GET /portalsiaccapacitaciones/list.php? HTTP/1.1" 200 5055
190.25.70.198 - - [21/Apr/2015:08:16:47 -0500] "POST /forms/lservlet;jsessionid=ac16012b30d614318e96713744e791ea88a8a172d2ab.e3iSbxaKaheRe3eNbhaPbhuQa41ynknvrkLOlQzNp65In0 HTTP/1.1" 200 43
190.25.70.198 - - [21/Apr/2015:08:16:47 -0500] "POST /forms/lservlet;jsessionid=ac16012b30d614318e96713744e791ea88a8a172d2ab.e3iSbxaKaheRe3eNbhaPbhuQa41ynknvrkLOlQzNp65In0 HTTP/1.1" 200 8
190.25.70.198 - - [21/Apr/2015:08:16:47 -0500] "POST /forms/lservlet;jsessionid=ac16012b30d614318e96713744e791ea88a8a172d2ab.e3iSbxaKaheRe3eNbhaPbhuQa41ynknvrkLOlQzNp65In0 HTTP/1.1" 200 2
186.80.241.24 - - [21/Apr/2015:08:16:47 -0500] "GET /galeria/galeria/jquery.fancybox.css?v=2.1.5 HTTP/1.1" 304 -
186.80.241.24 - - [21/Apr/2015:08:16:47 -0500] "GET /BLA/boletinlegal/js/jquery.scrollTo-min.js HTTP/1.1" 304 -
186.80.241.24 - - [21/Apr/2015:08:16:47 -0500] "GET /BLA/boletinlegal/js/jquery.scrollShow.js HTTP/1.1" 304 -
186.80.241.24 - - [21/Apr/2015:08:16:48 -0500] "GET /galeria/galeria/jquery.fancybox.js?v=2.1.5 HTTP/1.1" 304 -
201.245.192.253 - - [21/Apr/2015:08:16:48 -0500] "POST /forms/lservlet;jsessionid=ac16012b30d6423794d3411d49c08f5bc061d328b442.e3iSbxaKaheRe3eNbhaPbhuQa41ynknvrkLOlQzNp65In0 HTTP/1.1" 200 24
201.245.192.253 - - [21/Apr/2015:08:16:48 -0500] "POST /forms/lservlet;jsessionid=ac16012b30d6423794d3411d49c08f5bc061d328b442.e3iSbxaKaheRe3eNbhaPbhuQa41ynknvrkLOlQzNp65In0 HTTP/1.1" 200 4233
201.245.192.253 - - [21/Apr/2015:08:16:49 -0500] "POST /forms/lservlet;jsessionid=ac16012b30d6423794d3411d49c08f5bc061d328b442.e3iSbxaKaheRe3eNbhaPbhuQa41ynknvrkLOlQzNp65In0 HTTP/1.1" 200 2
190.14.255.169 - - [21/Apr/2015:08:16:49 -0500] "GET /hidrico/aguas%20subterraneas/ HTTP/1.1" 404 1296
201.245.192.253 - - [21/Apr/2015:08:16:49 -0500] "POST /forms/lservlet;jsessionid=ac16012b30d6423794d3411d49c08f5bc061d328b442.e3iSbxaKaheRe3eNbhaPbhuQa41ynknvrkLOlQzNp65In0 HTTP/1.1" 200 99
201.245.192.253 - - [21/Apr/2015:08:16:50 -0500] "GET /autoliquidacion/ HTTP/1.1" 200 6375
190.25.70.198 - - [21/Apr/2015:08:16:52 -0500] "POST /forms/lservlet;jsessionid=ac16012b30d614318e96713744e791ea88a8a172d2ab.e3iSbxaKaheRe3eNbhaPbhuQa41ynknvrkLOlQzNp65In0 HTTP/1.1" 200 26
66.249.64.86 - - [21/Apr/2015:08:16:52 -0500] "GET /BLA/resoluciones/RESOLUCIONES%202009/9363.pdf HTTP/1.1" 200 535989
190.25.70.198 - - [21/Apr/2015:08:16:52 -0500] "POST /forms/lservlet;jsessionid=ac16012b30d614318e96713744e791ea88a8a172d2ab.e3iSbxaKaheRe3eNbhaPbhuQa41ynknvrkLOlQzNp65In0 HTTP/1.1" 200 31
201.245.192.253 - - [21/Apr/2015:08:16:53 -0500] "GET /autoliquidacion/index.php?dir=Solicitudes+relacionadas+con+calidad+del+aire+auditiva+y+visual%2F HTTP/1.1" 200 5748
201.245.192.253 - - [21/Apr/2015:08:16:54 -0500] "GET /forest/session.jsp?a=0.10034421249709524 HTTP/1.1" 200 4
190.14.255.169 - - [21/Apr/2015:08:16:56 -0500] "GET /BLA/boletinlegal/js/jquery.scrollTo-min.js HTTP/1.1" 200 1150
190.14.255.169 - - [21/Apr/2015:08:16:56 -0500] "GET /BLA/boletinlegal/js/jquery.scrollShow.js HTTP/1.1" 200 4586
190.14.255.169 - - [21/Apr/2015:08:16:56 -0500] "GET /galeria/galeria/jquery.fancybox.js?v=2.1.5 HTTP/1.1" 200 48706
190.14.255.169 - - [21/Apr/2015:08:16:56 -0500] "GET /galeria/galeria/jquery.fancybox.css?v=2.1.5 HTTP/1.1" 200 4895
201.245.192.253 - - [21/Apr/2015:08:16:56 -0500] "GET /galeria/galeria/jquery.fancybox.js?v=2.1.5 HTTP/1.1" 304 -
201.245.192.253 - - [21/Apr/2015:08:16:56 -0500] "GET /galeria/galeria/jquery.fancybox.css?v=2.1.5 HTTP/1.1" 304 -
190.25.70.198 - - [21/Apr/2015:08:16:57 -0500] "POST /forms/lservlet;jsessionid=ac16012b30d614318e96713744e791ea88a8a172d2ab.e3iSbxaKaheRe3eNbhaPbhuQa41ynknvrkLOlQzNp65In0 HTTP/1.1" 200 26
190.14.255.169 - - [21/Apr/2015:08:16:57 -0500] "GET /hidrico/aguas%20subterraneas/ HTTP/1.1" 404 1296
190.25.70.198 - - [21/Apr/2015:08:16:57 -0500] "POST /forms/lservlet;jsessionid=ac16012b30d614318e96713744e791ea88a8a172d2ab.e3iSbxaKaheRe3eNbhaPbhuQa41ynknvrkLOlQzNp65In0 HTTP/1.1" 200 4191
201.245.192.253 - - [21/Apr/2015:08:16:58 -0500] "GET /forest/session.jsp?a=0.5697311712945125 HTTP/1.1" 200 4
190.25.70.198 - - [21/Apr/2015:08:16:58 -0500] "POST /forms/lservlet;jsessionid=ac16012b30d614318e96713744e791ea88a8a172d2ab.e3iSbxaKaheRe3eNbhaPbhuQa41ynknvrkLOlQzNp65In0 HTTP/1.1" 200 10
186.154.253.106 - - [21/Apr/2015:08:16:58 -0500] "GET /forest/session.jsp?a=0.12243099743500352 HTTP/1.1" 200 4
201.245.192.253 - - [21/Apr/2015:08:16:58 -0500] "GET /galeria/nivo-slider/demo/demo.html HTTP/1.1" 304 -
201.245.192.253 - - [21/Apr/2015:08:16:59 -0500] "GET /autoliquidacion/index.php?dir=Solicitudes+relacionadas+con+calidad+del+aire+auditiva+y+visual%2FEvaluaci%F3n+de+permisos+de+emisi%F3n+para+fuentes+fijas%2F HTTP/1.1" 200 3894
201.245.192.253 - - [21/Apr/2015:08:17:00 -0500] "GET /galeria/nivo-slider/demo/images/Licitaciones-proyecto-paramo.jpg HTTP/1.1" 304 -
201.245.192.253 - - [21/Apr/2015:08:17:00 -0500] "GET /galeria/nivo-slider/demo/images/pedaleando-por-la-tierra.jpg HTTP/1.1" 304 -
201.245.192.253 - - [21/Apr/2015:08:17:00 -0500] "GET /galeria/nivo-slider/demo/images/ecolectaabril20.jpg HTTP/1.1" 304 -
201.245.192.253 - - [21/Apr/2015:08:17:00 -0500] "GET /galeria/nivo-slider/demo/images/no-sea-victima.jpg HTTP/1.1" 304 -
201.245.192.253 - - [21/Apr/2015:08:17:00 -0500] "GET /galeria/nivo-slider/demo/images/Banner-decreto1299.jpg HTTP/1.1" 304 -
201.245.192.253 - - [21/Apr/2015:08:17:00 -0500] "GET /galeria/nivo-slider/demo/images/Conoce-los-humedales.jpg HTTP/1.1" 304 -
201.245.192.253 - - [21/Apr/2015:08:17:01 -0500] "GET /autoliquidacion/Solicitudes%20relacionadas%20con%20calidad%20del%20aire%20auditiva%20y%20visual/Evaluaci%C3%B3n%20de%20permisos%20de%20emisi%C3%B3n%20para%20fuentes%20fijas/Aplicativo%20Permiso%20de%20Emisiones%202015%20Evaluaci%C3%B3n%20y%20Seguimiento%20SCAAV%20DEF.xlsx HTTP/1.1" 304 -
190.131.201.234 - - [21/Apr/2015:08:17:02 -0500] "GET /galeria/galeria/jquery.fancybox.css?v=2.1.5 HTTP/1.1" 304 -
190.131.201.234 - - [21/Apr/2015:08:17:02 -0500] "GET /galeria/galeria/jquery.fancybox.js?v=2.1.5 HTTP/1.1" 304 -
201.245.192.253 - - [21/Apr/2015:08:17:04 -0500] "GET /forest/index2.jsp?a=0.02112640075300698 HTTP/1.1" 200 12815
201.245.192.253 - - [21/Apr/2015:08:17:04 -0500] "GET /forest/img/inicio/3.gif HTTP/1.1" 304 -
201.245.192.253 - - [21/Apr/2015:08:17:04 -0500] "GET /forest/img/inicio/2.gif HTTP/1.1" 304 -
201.245.192.253 - - [21/Apr/2015:08:17:04 -0500] "GET /forest/img/close.gif HTTP/1.1" 304 -
201.245.192.253 - - [21/Apr/2015:08:17:04 -0500] "GET /forest/img/inicio/7.gif HTTP/1.1" 304 -
201.245.192.253 - - [21/Apr/2015:08:17:04 -0500] "GET /forest/img/base/bsc2_r1_c2.gif HTTP/1.1" 304 -
201.245.192.253 - - [21/Apr/2015:08:17:04 -0500] "GET /forest/1ibre/1ibre.css HTTP/1.1" 304 -
66.249.64.82 - - [21/Apr/2015:08:17:06 -0500] "GET /BLA/resoluciones/AUTOS%202009/3148.pdf HTTP/1.1" 200 130037
190.25.70.198 - - [21/Apr/2015:08:17:09 -0500] "POST /forms/lservlet;jsessionid=ac16012b30d614318e96713744e791ea88a8a172d2ab.e3iSbxaKaheRe3eNbhaPbhuQa41ynknvrkLOlQzNp65In0 HTTP/1.1" 200 117
66.102.6.250 - - [21/Apr/2015:08:17:12 -0500] "GET / HTTP/1.1" 200 10190
66.102.6.134 - - [21/Apr/2015:08:17:12 -0500] "GET /favicon.ico HTTP/1.1" 200 7782
201.245.192.253 - - [21/Apr/2015:08:17:13 -0500] "POST /forms/lservlet;jsessionid=ac16012b30d6423794d3411d49c08f5bc061d328b442.e3iSbxaKaheRe3eNbhaPbhuQa41ynknvrkLOlQzNp65In0 HTTP/1.1" 200 2
190.25.70.198 - - [21/Apr/2015:08:17:14 -0500] "POST /forms/lservlet;jsessionid=ac16012b30d614318e96713744e791ea88a8a172d2ab.e3iSbxaKaheRe3eNbhaPbhuQa41ynknvrkLOlQzNp65In0 HTTP/1.1" 200 2
190.25.70.198 - - [21/Apr/2015:08:17:14 -0500] "POST /forms/lservlet;jsessionid=ac16012b30d614318e96713744e791ea88a8a172d2ab.e3iSbxaKaheRe3eNbhaPbhuQa41ynknvrkLOlQzNp65In0 HTTP/1.1" 200 14
201.245.192.253 - - [21/Apr/2015:08:17:15 -0500] "POST /forest/login.do HTTP/1.1" 302 -
190.25.70.198 - - [21/Apr/2015:08:17:15 -0500] "POST /forms/lservlet;jsessionid=ac16012b30d614318e96713744e791ea88a8a172d2ab.e3iSbxaKaheRe3eNbhaPbhuQa41ynknvrkLOlQzNp65In0 HTTP/1.1" 200 114
201.245.192.253 - - [21/Apr/2015:08:17:16 -0500] "GET /forest/index2.jsp?a=0.9510159036161728 HTTP/1.1" 200 37745
190.25.70.198 - - [21/Apr/2015:08:17:16 -0500] "POST /forms/lservlet;jsessionid=ac16012b30d614318e96713744e791ea88a8a172d2ab.e3iSbxaKaheRe3eNbhaPbhuQa41ynknvrkLOlQzNp65In0 HTTP/1.1" 200 11
201.245.192.253 - - [21/Apr/2015:08:17:16 -0500] "GET /forest/img/users/7.gif HTTP/1.1" 304 -
201.245.192.253 - - [21/Apr/2015:08:17:16 -0500] "GET /forest/img/buscar.jpg HTTP/1.1" 304 -
201.245.192.253 - - [21/Apr/2015:08:17:16 -0500] "GET /forest/img/download_large.gif HTTP/1.1" 304 -
201.245.192.253 - - [21/Apr/2015:08:17:16 -0500] "GET /forest/skins/gdocs-jar/css/autocomplete.css HTTP/1.1" 304 -
201.245.192.253 - - [21/Apr/2015:08:17:16 -0500] "GET /forest/img/pantalla.gif HTTP/1.1" 304 -
201.245.192.253 - - [21/Apr/2015:08:17:16 -0500] "GET /forest/img/buscar_procesos.gif HTTP/1.1" 304 -
201.245.192.253 - - [21/Apr/2015:08:17:16 -0500] "GET /forest/img/panel/menu/hoy.png HTTP/1.1" 304 -
201.245.192.253 - - [21/Apr/2015:08:17:16 -0500] "GET /forest/img/panel/menu/folder.png HTTP/1.1" 304 -
201.245.192.253 - - [21/Apr/2015:08:17:16 -0500] "GET /forest/img/instanciar.gif HTTP/1.1" 304 -
201.245.192.253 - - [21/Apr/2015:08:17:16 -0500] "GET /forest/img/misdocumentos.gif HTTP/1.1" 304 -
201.245.192.253 - - [21/Apr/2015:08:17:16 -0500] "GET /forest/img/fondo-barra.gif HTTP/1.1" 304 -
201.245.192.253 - - [21/Apr/2015:08:17:16 -0500] "GET /forest/img/panel/menu/danger2.png HTTP/1.1" 304 -
201.245.192.253 - - [21/Apr/2015:08:17:16 -0500] "GET /forest/img/misactividades.gif HTTP/1.1" 304 -
201.245.192.253 - - [21/Apr/2015:08:17:16 -0500] "GET /forest/session.jsp?a=0.07724050269462168 HTTP/1.1" 200 4
190.25.70.198 - - [21/Apr/2015:08:17:16 -0500] "GET /reports/rwservlet/getjobid347682?server=rep_srvapsda HTTP/1.1" 200 889119
66.249.64.84 - - [21/Apr/2015:08:17:21 -0500] "GET /BLA/resoluciones/RESOLUCIONES%202010/2776.pdf HTTP/1.1" 200 1701728
190.144.91.19 - - [21/Apr/2015:08:17:26 -0500] "GET /galeria/galeria/jquery.fancybox.css?v=2.1.5 HTTP/1.1" 200 4895
190.144.91.19 - - [21/Apr/2015:08:17:26 -0500] "GET /galeria/galeria/jquery.fancybox.js?v=2.1.5 HTTP/1.1" 200 48706
190.144.91.19 - - [21/Apr/2015:08:17:26 -0500] "GET /galeria/carrusel/Carrusel/jquery.thumbnailScroller.css HTTP/1.1" 200 2066
190.144.91.19 - - [21/Apr/2015:08:17:26 -0500] "GET /galeria/carrusel/Carrusel/jquery-ui-1.8.13.custom.min.js HTTP/1.1" 200 10800
190.144.91.19 - - [21/Apr/2015:08:17:26 -0500] "GET /BLA/boletinlegal/js/jquery.scrollShow.js HTTP/1.1" 200 4586
190.144.91.19 - - [21/Apr/2015:08:17:26 -0500] "GET /BLA/boletinlegal/js/jquery.scrollTo-min.js HTTP/1.1" 200 1150
190.144.91.19 - - [21/Apr/2015:08:17:26 -0500] "GET /galeria/carrusel/Carrusel/jquery.thumbnailScroller.js HTTP/1.1" 200 8157
190.144.91.19 - - [21/Apr/2015:08:17:27 -0500] "GET /galeria/nivo-slider/demo/demo.html HTTP/1.1" 200 4881
190.144.91.19 - - [21/Apr/2015:08:17:27 -0500] "GET /galeria/nivo-slider/demo/style.css HTTP/1.1" 200 2222
190.144.91.19 - - [21/Apr/2015:08:17:27 -0500] "GET /galeria/nivo-slider/themes/default/default.css HTTP/1.1" 200 1569
190.144.91.19 - - [21/Apr/2015:08:17:27 -0500] "GET /galeria/nivo-slider/themes/pascal/pascal.css HTTP/1.1" 200 2258
190.144.91.19 - - [21/Apr/2015:08:17:27 -0500] "GET /galeria/nivo-slider/nivo-slider.css HTTP/1.1" 200 1507
190.144.91.19 - - [21/Apr/2015:08:17:27 -0500] "GET /galeria/nivo-slider/themes/orman/orman.css HTTP/1.1" 200 2152
190.144.91.19 - - [21/Apr/2015:08:17:27 -0500] "GET /galeria/nivo-slider/demo/images/pedaleando-por-la-tierra.jpg HTTP/1.1" 200 234362
190.144.91.19 - - [21/Apr/2015:08:17:27 -0500] "GET /galeria/nivo-slider/demo/scripts/jquery-1.7.1.min.js HTTP/1.1" 200 93868
190.144.91.19 - - [21/Apr/2015:08:17:27 -0500] "GET /galeria/nivo-slider/jquery.nivo.slider.pack.js HTTP/1.1" 200 11561
190.144.91.19 - - [21/Apr/2015:08:17:27 -0500] "GET /galeria/nivo-slider/demo/images/ecolectaabril20.jpg HTTP/1.1" 200 72606
190.144.91.19 - - [21/Apr/2015:08:17:27 -0500] "GET /galeria/nivo-slider/demo/images/marcha2015.jpg HTTP/1.1" 200 85177
190.144.91.19 - - [21/Apr/2015:08:17:27 -0500] "GET /galeria/nivo-slider/demo/images/no-sea-victima.jpg HTTP/1.1" 200 254155
190.144.91.19 - - [21/Apr/2015:08:17:27 -0500] "GET /galeria/nivo-slider/demo/images/Convocatoria_recicladores.jpg HTTP/1.1" 200 213976
190.144.91.19 - - [21/Apr/2015:08:17:27 -0500] "GET /galeria/nivo-slider/demo/images/acuerdo_569.jpg HTTP/1.1" 200 62670
190.144.91.19 - - [21/Apr/2015:08:17:27 -0500] "GET /galeria/nivo-slider/demo/images/Licitaciones-proyecto-paramo.jpg HTTP/1.1" 200 221877
190.144.91.19 - - [21/Apr/2015:08:17:28 -0500] "GET /galeria/nivo-slider/demo/images/4Simple_Slider.png HTTP/1.1" 200 11722
190.144.91.19 - - [21/Apr/2015:08:17:28 -0500] "GET /galeria/nivo-slider/themes/default/loading.gif HTTP/1.1" 200 1737
190.144.91.19 - - [21/Apr/2015:08:17:28 -0500] "GET /galeria/nivo-slider/demo/images/Banner-decreto1299.jpg HTTP/1.1" 200 182613
190.144.91.19 - - [21/Apr/2015:08:17:28 -0500] "GET /galeria/nivo-slider/demo/images/Banner-Directorio.jpg HTTP/1.1" 200 182068
190.144.91.19 - - [21/Apr/2015:08:17:28 -0500] "GET /galeria/nivo-slider/demo/images/banner-V2.jpg HTTP/1.1" 200 59297
190.144.91.19 - - [21/Apr/2015:08:17:28 -0500] "GET /galeria/nivo-slider/demo/images/Ruta-vertimientos-01.jpg HTTP/1.1" 200 130151
190.144.91.19 - - [21/Apr/2015:08:17:28 -0500] "GET /galeria/nivo-slider/demo/images/bolsas-06.jpg HTTP/1.1" 200 90982
190.144.91.19 - - [21/Apr/2015:08:17:28 -0500] "GET /galeria/nivo-slider/demo/images/bolsas-08.jpg HTTP/1.1" 200 85589
190.144.91.19 - - [21/Apr/2015:08:17:28 -0500] "GET /galeria/nivo-slider/demo/images/redes_sociales.jpg HTTP/1.1" 200 415652
190.144.91.19 - - [21/Apr/2015:08:17:28 -0500] "GET /galeria/nivo-slider/demo/images/Conoce-los-humedales.jpg HTTP/1.1" 200 294036
190.144.91.19 - - [21/Apr/2015:08:17:28 -0500] "GET /galeria/nivo-slider/demo/images/ecolecta-Dic2014.png HTTP/1.1" 200 288593
190.144.91.19 - - [21/Apr/2015:08:17:29 -0500] "GET /galeria/nivo-slider/demo/images/porloshumedales.jpg HTTP/1.1" 200 351238
190.144.91.19 - - [21/Apr/2015:08:17:29 -0500] "GET /galeria/nivo-slider/demo/images/Tingua-azul.jpg HTTP/1.1" 200 307638
190.144.91.19 - - [21/Apr/2015:08:17:29 -0500] "GET /galeria/nivo-slider/demo/images/banner-llantas2.jpg HTTP/1.1" 200 73153
190.144.91.19 - - [21/Apr/2015:08:17:29 -0500] "GET /galeria/nivo-slider/demo/images/9Signos.jpg HTTP/1.1" 200 81776
186.155.231.105 - - [21/Apr/2015:08:17:30 -0500] "GET /portalsiaccapacitaciones/Soportes%20Capacitaciones%202015 HTTP/1.1" 301 352
186.155.231.105 - - [21/Apr/2015:08:17:30 -0500] "GET /portalsiaccapacitaciones/Soportes%20Capacitaciones%202015/ HTTP/1.1" 200 3732
190.144.91.19 - - [21/Apr/2015:08:17:31 -0500] "GET /galeria/nivo-slider/themes/default/arrows.png HTTP/1.1" 200 824
190.144.91.19 - - [21/Apr/2015:08:17:31 -0500] "GET /galeria/nivo-slider/themes/default/bullets.png HTTP/1.1" 200 1281
190.144.91.19 - - [21/Apr/2015:08:17:31 -0500] "GET /videos/DiadelatierraHD_1min.flv HTTP/1.1" 200 7316200
186.155.231.105 - - [21/Apr/2015:08:17:35 -0500] "GET /portalsiaccapacitaciones/Soportes%20Capacitaciones%202015/0002.%20Taller%20HC%20Corporativa%20SDA%2006-04-2015.pdf HTTP/1.1" 200 12264646
66.249.64.86 - - [21/Apr/2015:08:17:35 -0500] "GET /BLA/resoluciones/RESOLUCIONES%202014/3058.pdf HTTP/1.1" 200 418242
186.154.237.243 - - [21/Apr/2015:08:17:37 -0500] "GET /BLA/resoluciones/RESOLUCIONES%202007/RES%202007%203701%20AL%203800/RESOLUCION%203715%20DE%202007.pdf HTTP/1.1" 200 550008
186.155.231.105 - - [21/Apr/2015:08:17:37 -0500] "GET /portalsiaccapacitaciones/Soportes%20Capacitaciones%202015/0002.%20Taller%20HC%20Corporativa%20SDA%2006-04-2015.pdf HTTP/1.1" 206 32768
186.155.231.105 - - [21/Apr/2015:08:17:37 -0500] "GET /portalsiaccapacitaciones/Soportes%20Capacitaciones%202015/0002.%20Taller%20HC%20Corporativa%20SDA%2006-04-2015.pdf HTTP/1.1" 206 12231878
186.154.237.243 - - [21/Apr/2015:08:17:38 -0500] "GET /favicon.ico HTTP/1.1" 200 7782
190.248.32.99 - - [21/Apr/2015:08:17:43 -0500] "GET /galeria/galeria/jquery.fancybox.css?v=2.1.5 HTTP/1.1" 304 -
190.248.32.99 - - [21/Apr/2015:08:17:43 -0500] "GET /galeria/galeria/jquery.fancybox.js?v=2.1.5 HTTP/1.1" 304 -
180.76.6.61 - - [21/Apr/2015:08:17:44 -0500] "GET /BLA/resoluciones/RESOLUCIONES%202007/RES%202007%202201%20AL%202300/RESOLUCION%202263%20DE%202007.pdf HTTP/1.1" 200 429511
201.245.192.253 - - [21/Apr/2015:08:17:45 -0500] "GET /galeria/galeria/jquery.fancybox.js?v=2.1.5 HTTP/1.1" 304 -
201.245.192.253 - - [21/Apr/2015:08:17:45 -0500] "GET /galeria/galeria/jquery.fancybox.css?v=2.1.5 HTTP/1.1" 304 -
201.245.192.253 - - [21/Apr/2015:08:17:45 -0500] "GET /galeria/nivo-slider/demo/demo.html HTTP/1.1" 304 -
201.245.192.253 - - [21/Apr/2015:08:17:46 -0500] "GET /galeria/nivo-slider/demo/images/pedaleando-por-la-tierra.jpg HTTP/1.1" 304 -
201.245.192.253 - - [21/Apr/2015:08:17:46 -0500] "GET /galeria/nivo-slider/demo/images/ecolectaabril20.jpg HTTP/1.1" 304 -
201.245.192.253 - - [21/Apr/2015:08:17:46 -0500] "GET /galeria/nivo-slider/demo/images/no-sea-victima.jpg HTTP/1.1" 304 -
201.245.192.253 - - [21/Apr/2015:08:17:46 -0500] "GET /galeria/nivo-slider/demo/images/Banner-Directorio.jpg HTTP/1.1" 304 -
201.245.192.253 - - [21/Apr/2015:08:17:46 -0500] "GET /galeria/nivo-slider/demo/images/Banner-decreto1299.jpg HTTP/1.1" 304 -
201.245.192.253 - - [21/Apr/2015:08:17:46 -0500] "GET /galeria/nivo-slider/demo/images/bolsas-06.jpg HTTP/1.1" 304 -
201.245.192.253 - - [21/Apr/2015:08:17:46 -0500] "GET /galeria/nivo-slider/demo/images/bolsas-08.jpg HTTP/1.1" 304 -
201.245.192.253 - - [21/Apr/2015:08:17:46 -0500] "GET /galeria/nivo-slider/demo/images/redes_sociales.jpg HTTP/1.1" 304 -
201.245.192.253 - - [21/Apr/2015:08:17:46 -0500] "GET /galeria/nivo-slider/demo/images/ecolecta-Dic2014.png HTTP/1.1" 304 -
201.245.192.253 - - [21/Apr/2015:08:17:46 -0500] "GET /galeria/nivo-slider/demo/images/porloshumedales.jpg HTTP/1.1" 304 -
201.245.192.253 - - [21/Apr/2015:08:17:46 -0500] "GET /galeria/nivo-slider/demo/images/Conoce-los-humedales.jpg HTTP/1.1" 304 -
201.245.192.253 - - [21/Apr/2015:08:17:46 -0500] "GET /galeria/nivo-slider/demo/images/Licitaciones-proyecto-paramo.jpg HTTP/1.1" 304 -
201.245.192.253 - - [21/Apr/2015:08:17:46 -0500] "GET /galeria/nivo-slider/demo/images/Ruta-vertimientos-01.jpg HTTP/1.1" 304 -
201.245.192.253 - - [21/Apr/2015:08:17:46 -0500] "GET /galeria/nivo-slider/demo/images/Tingua-azul.jpg HTTP/1.1" 304 -
201.245.192.253 - - [21/Apr/2015:08:17:46 -0500] "GET /galeria/nivo-slider/demo/images/banner-llantas2.jpg HTTP/1.1" 304 -
201.245.192.253 - - [21/Apr/2015:08:17:46 -0500] "GET /galeria/nivo-slider/demo/images/4Simple_Slider.png HTTP/1.1" 304 -
201.245.192.253 - - [21/Apr/2015:08:17:49 -0500] "GET /galeria/nivo-slider/themes/default/arrows.png HTTP/1.1" 304 -
201.245.192.253 - - [21/Apr/2015:08:17:49 -0500] "GET /galeria/nivo-slider/themes/default/bullets.png HTTP/1.1" 304 -
66.249.64.86 - - [21/Apr/2015:08:17:49 -0500] "GET /BLA/resoluciones/RESOLUCIONES%202014/2709.pdf HTTP/1.1" 200 295200
66.249.64.86 - - [21/Apr/2015:08:18:03 -0500] "GET /BLA/resoluciones/AUTOS%202013/0761.pdf HTTP/1.1" 200 1680685
190.146.92.231 - - [21/Apr/2015:08:18:09 -0500] "GET /galeria/galeria/jquery.fancybox.css?v=2.1.5 HTTP/1.1" 200 4895
190.146.92.231 - - [21/Apr/2015:08:18:09 -0500] "GET /BLA/boletinlegal/js/jquery.scrollTo-min.js HTTP/1.1" 200 1150
190.146.92.231 - - [21/Apr/2015:08:18:09 -0500] "GET /BLA/boletinlegal/js/jquery.scrollShow.js HTTP/1.1" 200 4586
190.146.92.231 - - [21/Apr/2015:08:18:09 -0500] "GET /galeria/galeria/jquery.fancybox.js?v=2.1.5 HTTP/1.1" 200 48706
200.75.42.106 - - [21/Apr/2015:08:18:10 -0500] "GET /galeria/galeria/jquery.fancybox.js?v=2.1.5 HTTP/1.1" 304 -
200.75.42.106 - - [21/Apr/2015:08:18:10 -0500] "GET /galeria/galeria/jquery.fancybox.css?v=2.1.5 HTTP/1.1" 304 -
200.75.42.106 - - [21/Apr/2015:08:18:10 -0500] "GET /galeria/carrusel/Carrusel/jquery.thumbnailScroller.css HTTP/1.1" 304 -
200.75.42.106 - - [21/Apr/2015:08:18:10 -0500] "GET /galeria/carrusel/Carrusel/jquery-ui-1.8.13.custom.min.js HTTP/1.1" 200 10800
200.75.42.106 - - [21/Apr/2015:08:18:10 -0500] "GET /galeria/carrusel/Carrusel/jquery.thumbnailScroller.js HTTP/1.1" 200 8157
186.30.88.193 - - [21/Apr/2015:08:18:11 -0500] "GET /galeria/carrusel/Carrusel/jquery.thumbnailScroller.css HTTP/1.1" 200 2066
186.30.88.193 - - [21/Apr/2015:08:18:11 -0500] "GET /BLA/boletinlegal/js/jquery.scrollShow.js HTTP/1.1" 200 4586
186.30.88.193 - - [21/Apr/2015:08:18:11 -0500] "GET /galeria/galeria/jquery.fancybox.css?v=2.1.5 HTTP/1.1" 200 4895
186.30.88.193 - - [21/Apr/2015:08:18:11 -0500] "GET /galeria/carrusel/Carrusel/jquery-ui-1.8.13.custom.min.js HTTP/1.1" 200 10800
186.30.88.193 - - [21/Apr/2015:08:18:11 -0500] "GET /BLA/boletinlegal/js/jquery.scrollTo-min.js HTTP/1.1" 200 1150
186.30.88.193 - - [21/Apr/2015:08:18:11 -0500] "GET /galeria/galeria/jquery.fancybox.js?v=2.1.5 HTTP/1.1" 200 48706
186.30.88.193 - - [21/Apr/2015:08:18:11 -0500] "GET /galeria/carrusel/Carrusel/jquery.thumbnailScroller.js HTTP/1.1" 200 8157
201.245.192.253 - - [21/Apr/2015:08:18:12 -0500] "POST /forms/lservlet;jsessionid=ac16012b30d6423794d3411d49c08f5bc061d328b442.e3iSbxaKaheRe3eNbhaPbhuQa41ynknvrkLOlQzNp65In0 HTTP/1.1" 200 151
186.29.178.43 - - [21/Apr/2015:08:18:13 -0500] "GET /galeria/galeria/jquery.fancybox.css?v=2.1.5 HTTP/1.1" 200 4895
186.29.178.43 - - [21/Apr/2015:08:18:13 -0500] "GET /BLA/boletinlegal/js/jquery.scrollTo-min.js HTTP/1.1" 200 1150
186.29.178.43 - - [21/Apr/2015:08:18:13 -0500] "GET /BLA/boletinlegal/js/jquery.scrollShow.js HTTP/1.1" 200 4586
186.29.178.43 - - [21/Apr/2015:08:18:13 -0500] "GET /galeria/galeria/jquery.fancybox.js?v=2.1.5 HTTP/1.1" 200 48706
181.49.28.206 - - [21/Apr/2015:08:18:14 -0500] "GET /BLA/boletinlegal/js/jquery.scrollShow.js HTTP/1.1" 200 4586
181.49.28.206 - - [21/Apr/2015:08:18:14 -0500] "GET /BLA/boletinlegal/js/jquery.scrollTo-min.js HTTP/1.1" 200 1150
181.49.28.206 - - [21/Apr/2015:08:18:14 -0500] "GET /galeria/galeria/jquery.fancybox.js?v=2.1.5 HTTP/1.1" 200 48706
181.49.28.206 - - [21/Apr/2015:08:18:14 -0500] "GET /galeria/galeria/jquery.fancybox.css?v=2.1.5 HTTP/1.1" 200 4895
186.30.88.193 - - [21/Apr/2015:08:18:15 -0500] "GET /galeria/nivo-slider/demo/demo.html HTTP/1.1" 200 4881
200.75.42.106 - - [21/Apr/2015:08:18:16 -0500] "GET /galeria/nivo-slider/demo/demo.html HTTP/1.1" 200 4881
200.75.42.106 - - [21/Apr/2015:08:18:16 -0500] "GET /galeria/nivo-slider/themes/default/default.css HTTP/1.1" 304 -
200.75.42.106 - - [21/Apr/2015:08:18:17 -0500] "GET /galeria/nivo-slider/themes/pascal/pascal.css HTTP/1.1" 304 -
200.75.42.106 - - [21/Apr/2015:08:18:17 -0500] "GET /galeria/nivo-slider/themes/orman/orman.css HTTP/1.1" 304 -
200.75.42.106 - - [21/Apr/2015:08:18:17 -0500] "GET /galeria/nivo-slider/nivo-slider.css HTTP/1.1" 304 -
200.75.42.106 - - [21/Apr/2015:08:18:17 -0500] "GET /galeria/nivo-slider/demo/scripts/jquery-1.7.1.min.js HTTP/1.1" 200 93868
200.75.42.106 - - [21/Apr/2015:08:18:17 -0500] "GET /galeria/nivo-slider/demo/style.css HTTP/1.1" 304 -
200.75.42.106 - - [21/Apr/2015:08:18:17 -0500] "GET /galeria/nivo-slider/jquery.nivo.slider.pack.js HTTP/1.1" 200 11561
200.75.42.106 - - [21/Apr/2015:08:18:17 -0500] "GET /galeria/nivo-slider/demo/images/ecolectaabril20.jpg HTTP/1.1" 200 72606
200.75.42.106 - - [21/Apr/2015:08:18:17 -0500] "GET /galeria/nivo-slider/demo/images/pedaleando-por-la-tierra.jpg HTTP/1.1" 200 234362
66.249.64.86 - - [21/Apr/2015:08:18:17 -0500] "GET /BLA/resoluciones/RESOLUCIONES%202007/RES%202007%20101%20AL%20200/RESOLUCION%200194%20DE%202007.pdf HTTP/1.1" 200 70622
200.75.42.106 - - [21/Apr/2015:08:18:18 -0500] "GET /galeria/nivo-slider/themes/default/loading.gif HTTP/1.1" 304 -
200.75.42.106 - - [21/Apr/2015:08:18:19 -0500] "GET /galeria/nivo-slider/demo/images/marcha2015.jpg HTTP/1.1" 200 85177
190.144.89.178 - - [21/Apr/2015:08:18:19 -0500] "GET /videos/galeria-fotografica/index21.html? HTTP/1.1" 200 1967
190.144.89.178 - - [21/Apr/2015:08:18:19 -0500] "GET /videos/galeria-fotografica/js/jquery-flickr-gallery/jquery-flickr.css HTTP/1.1" 200 711
190.144.89.178 - - [21/Apr/2015:08:18:19 -0500] "GET /videos/galeria-fotografica/js/jquery-flickr-gallery/jquery-flickr-gallery.js HTTP/1.1" 200 9050
190.146.92.231 - - [21/Apr/2015:08:18:20 -0500] "GET /galeria/galeria/jquery.fancybox.css?v=2.1.5 HTTP/1.1" 304 -
190.146.92.231 - - [21/Apr/2015:08:18:20 -0500] "GET /BLA/boletinlegal/js/jquery.scrollTo-min.js HTTP/1.1" 304 -
190.146.92.231 - - [21/Apr/2015:08:18:20 -0500] "GET /BLA/boletinlegal/js/jquery.scrollShow.js HTTP/1.1" 304 -
190.146.92.231 - - [21/Apr/2015:08:18:20 -0500] "GET /galeria/galeria/jquery.fancybox.js?v=2.1.5 HTTP/1.1" 304 -
200.75.42.106 - - [21/Apr/2015:08:18:20 -0500] "GET /galeria/nivo-slider/demo/images/no-sea-victima.jpg HTTP/1.1" 200 254155
200.75.42.106 - - [21/Apr/2015:08:18:20 -0500] "GET /galeria/nivo-slider/demo/images/4Simple_Slider.png HTTP/1.1" 200 11722
200.75.42.106 - - [21/Apr/2015:08:18:21 -0500] "GET /galeria/nivo-slider/demo/images/Convocatoria_recicladores.jpg HTTP/1.1" 200 213976
200.75.42.106 - - [21/Apr/2015:08:18:23 -0500] "GET /galeria/nivo-slider/demo/images/acuerdo_569.jpg HTTP/1.1" 200 62670
201.245.192.253 - - [21/Apr/2015:08:18:24 -0500] "GET /forest/session.jsp?a=0.35214394540525973 HTTP/1.1" 200 4
190.144.89.178 - - [21/Apr/2015:08:18:24 -0500] "GET /videos/galeria-fotografica/js/jquery-flickr-gallery/loader.gif HTTP/1.1" 200 2129
200.75.42.106 - - [21/Apr/2015:08:18:25 -0500] "GET /galeria/nivo-slider/demo/images/Licitaciones-proyecto-paramo.jpg HTTP/1.1" 200 221877
186.155.251.38 - - [21/Apr/2015:08:18:26 -0500] "GET /galeria/nivo-slider/demo/demo.html HTTP/1.1" 200 4881
200.75.42.106 - - [21/Apr/2015:08:18:27 -0500] "GET /galeria/nivo-slider/demo/images/Banner-Directorio.jpg HTTP/1.1" 200 182068
186.155.251.38 - - [21/Apr/2015:08:18:28 -0500] "GET /galeria/nivo-slider/demo/images/pedaleando-por-la-tierra.jpg HTTP/1.1" 304 -
186.155.251.38 - - [21/Apr/2015:08:18:28 -0500] "GET /galeria/nivo-slider/demo/images/ecolectaabril20.jpg HTTP/1.1" 304 -
200.75.42.106 - - [21/Apr/2015:08:18:29 -0500] "GET /galeria/nivo-slider/demo/images/banner-V2.jpg HTTP/1.1" 200 59297
200.75.42.106 - - [21/Apr/2015:08:18:29 -0500] "GET /galeria/nivo-slider/demo/images/Banner-decreto1299.jpg HTTP/1.1" 200 182613
186.30.88.193 - - [21/Apr/2015:08:18:29 -0500] "GET /galeria/nivo-slider/themes/orman/orman.css HTTP/1.1" 200 2152
186.30.88.193 - - [21/Apr/2015:08:18:29 -0500] "GET /galeria/nivo-slider/themes/default/default.css HTTP/1.1" 200 1569
186.30.88.193 - - [21/Apr/2015:08:18:29 -0500] "GET /galeria/nivo-slider/themes/pascal/pascal.css HTTP/1.1" 200 2258
186.30.88.193 - - [21/Apr/2015:08:18:29 -0500] "GET /galeria/nivo-slider/nivo-slider.css HTTP/1.1" 200 1507
186.30.88.193 - - [21/Apr/2015:08:18:29 -0500] "GET /galeria/nivo-slider/demo/style.css HTTP/1.1" 200 2222
181.49.28.206 - - [21/Apr/2015:08:18:29 -0500] "GET /galeria/galeria/jquery.fancybox.js?v=2.1.5 HTTP/1.1" 304 -
181.49.28.206 - - [21/Apr/2015:08:18:29 -0500] "GET /BLA/boletinlegal/js/jquery.scrollTo-min.js HTTP/1.1" 304 -
181.49.28.206 - - [21/Apr/2015:08:18:29 -0500] "GET /galeria/galeria/jquery.fancybox.css?v=2.1.5 HTTP/1.1" 304 -
181.49.28.206 - - [21/Apr/2015:08:18:29 -0500] "GET /BLA/boletinlegal/js/jquery.scrollShow.js HTTP/1.1" 304 -
186.30.88.193 - - [21/Apr/2015:08:18:30 -0500] "GET /galeria/nivo-slider/demo/images/4Simple_Slider.png HTTP/1.1" 200 11722
186.30.88.193 - - [21/Apr/2015:08:18:30 -0500] "GET /galeria/nivo-slider/themes/default/loading.gif HTTP/1.1" 200 1737
186.30.88.193 - - [21/Apr/2015:08:18:30 -0500] "GET /galeria/nivo-slider/demo/scripts/jquery-1.7.1.min.js HTTP/1.1" 200 93868
186.30.88.193 - - [21/Apr/2015:08:18:30 -0500] "GET /galeria/nivo-slider/jquery.nivo.slider.pack.js HTTP/1.1" 200 11561
200.75.42.106 - - [21/Apr/2015:08:18:30 -0500] "GET /videos/DiadelatierraHD_1min.flv HTTP/1.1" 200 7316200
66.249.64.86 - - [21/Apr/2015:08:18:32 -0500] "GET /BLA/resoluciones/RESOLUCIONES%202010/3192.pdf HTTP/1.1" 200 379104
186.154.205.242 - - [21/Apr/2015:08:18:32 -0500] "GET /BLA/boletinlegal/consulta_actos.php?tipo=autos&no=0293&usuario=simplicol&sector=VERTIMIENTOS&fecha=2013&resuelve= HTTP/1.1" 200 623
186.30.88.193 - - [21/Apr/2015:08:18:32 -0500] "GET /galeria/nivo-slider/demo/images/pedaleando-por-la-tierra.jpg HTTP/1.1" 200 234362
186.30.88.193 - - [21/Apr/2015:08:18:32 -0500] "GET /galeria/nivo-slider/demo/images/ecolectaabril20.jpg HTTP/1.1" 200 72606
200.75.42.106 - - [21/Apr/2015:08:18:32 -0500] "GET /galeria/nivo-slider/demo/images/Ruta-vertimientos-01.jpg HTTP/1.1" 200 130151
200.75.42.106 - - [21/Apr/2015:08:18:32 -0500] "GET /galeria/nivo-slider/demo/images/bolsas-06.jpg HTTP/1.1" 200 90982
186.30.88.193 - - [21/Apr/2015:08:18:33 -0500] "GET /galeria/nivo-slider/demo/images/marcha2015.jpg HTTP/1.1" 200 85177
190.144.89.178 - - [21/Apr/2015:08:18:33 -0500] "GET /videos/DIASINCARROSITP.flv HTTP/1.1" 200 2337807
200.75.42.106 - - [21/Apr/2015:08:18:35 -0500] "GET /galeria/nivo-slider/demo/images/bolsas-08.jpg HTTP/1.1" 200 85589
201.203.107.76 - - [21/Apr/2015:08:18:36 -0500] "GET /BLA/boletinlegal/js/jquery.scrollTo-min.js HTTP/1.1" 200 1150
201.203.107.76 - - [21/Apr/2015:08:18:36 -0500] "GET /BLA/boletinlegal/js/jquery.scrollShow.js HTTP/1.1" 200 4586
201.203.107.76 - - [21/Apr/2015:08:18:36 -0500] "GET /galeria/galeria/jquery.fancybox.js?v=2.1.5 HTTP/1.1" 200 48706
201.203.107.76 - - [21/Apr/2015:08:18:36 -0500] "GET /galeria/galeria/jquery.fancybox.css?v=2.1.5 HTTP/1.1" 200 4895
200.75.42.106 - - [21/Apr/2015:08:18:39 -0500] "GET /galeria/nivo-slider/demo/images/redes_sociales.jpg HTTP/1.1" 200 415652
200.75.42.106 - - [21/Apr/2015:08:18:41 -0500] "GET /galeria/nivo-slider/demo/images/Conoce-los-humedales.jpg HTTP/1.1" 200 294036
186.30.88.193 - - [21/Apr/2015:08:18:41 -0500] "GET /galeria/nivo-slider/demo/images/Convocatoria_recicladores.jpg HTTP/1.1" 200 213976
186.30.88.193 - - [21/Apr/2015:08:18:41 -0500] "GET /galeria/nivo-slider/demo/images/no-sea-victima.jpg HTTP/1.1" 200 254155
186.30.88.193 - - [21/Apr/2015:08:18:41 -0500] "GET /galeria/nivo-slider/demo/images/acuerdo_569.jpg HTTP/1.1" 200 62670
200.75.42.106 - - [21/Apr/2015:08:18:41 -0500] "GET /galeria/nivo-slider/demo/images/ecolecta-Dic2014.png HTTP/1.1" 200 288593
200.75.42.106 - - [21/Apr/2015:08:18:42 -0500] "GET /galeria/nivo-slider/demo/images/porloshumedales.jpg HTTP/1.1" 200 351238
200.75.42.106 - - [21/Apr/2015:08:18:44 -0500] "GET /galeria/nivo-slider/demo/images/Tingua-azul.jpg HTTP/1.1" 200 307638
201.245.192.253 - - [21/Apr/2015:08:18:45 -0500] "POST /forms/lservlet;jsessionid=ac16012b30d6423794d3411d49c08f5bc061d328b442.e3iSbxaKaheRe3eNbhaPbhuQa41ynknvrkLOlQzNp65In0 HTTP/1.1" 200 73
186.30.88.193 - - [21/Apr/2015:08:18:45 -0500] "GET /galeria/nivo-slider/demo/images/Licitaciones-proyecto-paramo.jpg HTTP/1.1" 200 221877
186.30.88.193 - - [21/Apr/2015:08:18:45 -0500] "GET /galeria/nivo-slider/demo/images/Banner-decreto1299.jpg HTTP/1.1" 200 182613
201.245.192.253 - - [21/Apr/2015:08:18:46 -0500] "POST /forms/lservlet;jsessionid=ac16012b30d6423794d3411d49c08f5bc061d328b442.e3iSbxaKaheRe3eNbhaPbhuQa41ynknvrkLOlQzNp65In0 HTTP/1.1" 200 2
201.245.192.253 - - [21/Apr/2015:08:18:46 -0500] "POST /forms/lservlet;jsessionid=ac16012b30d6423794d3411d49c08f5bc061d328b442.e3iSbxaKaheRe3eNbhaPbhuQa41ynknvrkLOlQzNp65In0 HTTP/1.1" 200 2356
201.245.192.253 - - [21/Apr/2015:08:18:46 -0500] "POST /forms/lservlet;jsessionid=ac16012b30d6423794d3411d49c08f5bc061d328b442.e3iSbxaKaheRe3eNbhaPbhuQa41ynknvrkLOlQzNp65In0 HTTP/1.1" 200 10
66.249.64.86 - - [21/Apr/2015:08:18:46 -0500] "GET /BLA/resoluciones/RESOLUCIONES%202007/RES%202007%201%20AL%20100/RESOLUCION%200076%20DE%202007.pdf HTTP/1.1" 200 1438617
201.245.192.253 - - [21/Apr/2015:08:18:47 -0500] "POST /forms/lservlet;jsessionid=ac16012b30d6423794d3411d49c08f5bc061d328b442.e3iSbxaKaheRe3eNbhaPbhuQa41ynknvrkLOlQzNp65In0 HTTP/1.1" 200 24
186.30.88.193 - - [21/Apr/2015:08:18:47 -0500] "GET /galeria/nivo-slider/demo/images/banner-V2.jpg HTTP/1.1" 200 59297
186.30.88.193 - - [21/Apr/2015:08:18:47 -0500] "GET /galeria/nivo-slider/demo/images/Banner-Directorio.jpg HTTP/1.1" 200 182068
201.245.192.253 - - [21/Apr/2015:08:18:47 -0500] "POST /forms/lservlet;jsessionid=ac16012b30d6423794d3411d49c08f5bc061d328b442.e3iSbxaKaheRe3eNbhaPbhuQa41ynknvrkLOlQzNp65In0 HTTP/1.1" 200 4071
201.245.192.253 - - [21/Apr/2015:08:18:47 -0500] "POST /forms/lservlet;jsessionid=ac16012b30d6423794d3411d49c08f5bc061d328b442.e3iSbxaKaheRe3eNbhaPbhuQa41ynknvrkLOlQzNp65In0 HTTP/1.1" 200 2
186.154.205.242 - - [21/Apr/2015:08:18:48 -0500] "GET /BLA/boletinlegal/consulta_actos.php?tipo=autos&no=0293&usuario=simplicol&sector=VERTIMIENTOS&fecha=2013&resuelve= HTTP/1.1" 200 623
201.245.192.253 - - [21/Apr/2015:08:18:48 -0500] "POST /forms/lservlet;jsessionid=ac16012b30d6423794d3411d49c08f5bc061d328b442.e3iSbxaKaheRe3eNbhaPbhuQa41ynknvrkLOlQzNp65In0 HTTP/1.1" 200 80
200.75.42.106 - - [21/Apr/2015:08:18:52 -0500] "GET /galeria/galeria/jquery.fancybox.js?v=2.1.5 HTTP/1.1" 200 48706
201.203.107.76 - - [21/Apr/2015:08:18:52 -0500] "GET /BLA/boletinlegal/js/jquery.scrollTo-min.js HTTP/1.1" 200 1150
201.203.107.76 - - [21/Apr/2015:08:18:52 -0500] "GET /BLA/boletinlegal/js/jquery.scrollShow.js HTTP/1.1" 200 4586
201.203.107.76 - - [21/Apr/2015:08:18:52 -0500] "GET /galeria/galeria/jquery.fancybox.js?v=2.1.5 HTTP/1.1" 200 48706
201.203.107.76 - - [21/Apr/2015:08:18:52 -0500] "GET /galeria/galeria/jquery.fancybox.css?v=2.1.5 HTTP/1.1" 200 4895
190.25.70.198 - - [21/Apr/2015:08:18:52 -0500] "POST /forms/lservlet;jsessionid=ac16012b30d614318e96713744e791ea88a8a172d2ab.e3iSbxaKaheRe3eNbhaPbhuQa41ynknvrkLOlQzNp65In0 HTTP/1.1" 200 2
200.75.42.106 - - [21/Apr/2015:08:18:52 -0500] "GET /galeria/nivo-slider/demo/demo.html HTTP/1.1" 304 -
74.86.158.107 - - [21/Apr/2015:08:18:53 -0500] "HEAD / HTTP/1.1" 200 -
201.245.192.253 - - [21/Apr/2015:08:18:53 -0500] "GET /isolucionsda/FrameSetArticulo.asp?Pagina=/isolucionsda/bancoconocimiento/D/Decreto-2693del21deDiciembrede2012/Decreto-2693del21deDiciembrede2012.asp?IdArticulo=6419 HTTP/1.1" 200 205
201.245.192.253 - - [21/Apr/2015:08:18:54 -0500] "GET /isolucionsda/FrameSetArticulo.asp?Pagina=/isolucionsda/bancoconocimiento/D/Decreto-2693del21deDiciembrede2012/Decreto-2693del21deDiciembrede2012.asp?IdArticulo=6419 HTTP/1.1" 200 205
190.27.231.17 - - [21/Apr/2015:08:18:55 -0500] "GET /galeria/galeria/jquery.fancybox.css?v=2.1.5 HTTP/1.1" 200 4895
190.27.231.17 - - [21/Apr/2015:08:18:56 -0500] "GET /BLA/boletinlegal/js/jquery.scrollTo-min.js HTTP/1.1" 200 1150
190.27.231.17 - - [21/Apr/2015:08:18:56 -0500] "GET /BLA/boletinlegal/js/jquery.scrollShow.js HTTP/1.1" 200 4586
190.27.231.17 - - [21/Apr/2015:08:18:56 -0500] "GET /galeria/galeria/jquery.fancybox.js?v=2.1.5 HTTP/1.1" 200 48706
200.75.42.106 - - [21/Apr/2015:08:18:56 -0500] "GET /galeria/nivo-slider/demo/images/banner-llantas2.jpg HTTP/1.1" 200 73153
200.75.42.106 - - [21/Apr/2015:08:18:56 -0500] "GET /galeria/nivo-slider/demo/images/9Signos.jpg HTTP/1.1" 200 81776
200.75.42.106 - - [21/Apr/2015:08:18:56 -0500] "GET /galeria/nivo-slider/demo/images/redes_sociales.jpg HTTP/1.1" 200 415652
200.75.42.106 - - [21/Apr/2015:08:18:56 -0500] "GET /galeria/nivo-slider/demo/images/porloshumedales.jpg HTTP/1.1" 200 351238
200.75.42.106 - - [21/Apr/2015:08:18:56 -0500] "GET /galeria/nivo-slider/demo/images/Conoce-los-humedales.jpg HTTP/1.1" 200 294036
200.75.42.106 - - [21/Apr/2015:08:18:56 -0500] "GET /galeria/nivo-slider/demo/images/Tingua-azul.jpg HTTP/1.1" 200 307638
200.75.42.106 - - [21/Apr/2015:08:18:58 -0500] "GET /videos/DiadelatierraHD_1min.flv HTTP/1.1" 200 7316200
190.25.70.198 - - [21/Apr/2015:08:18:58 -0500] "POST /forms/lservlet;jsessionid=ac16012b30d614318e96713744e791ea88a8a172d2ab.e3iSbxaKaheRe3eNbhaPbhuQa41ynknvrkLOlQzNp65In0 HTTP/1.1" 200 66
66.249.64.82 - - [21/Apr/2015:08:19:00 -0500] "GET /BLA/resoluciones/RESOLUCIONES%202008/5158.pdf HTTP/1.1" 200 208165
190.25.70.198 - - [21/Apr/2015:08:19:02 -0500] "POST /forms/lservlet;jsessionid=ac16012b30d614318e96713744e791ea88a8a172d2ab.e3iSbxaKaheRe3eNbhaPbhuQa41ynknvrkLOlQzNp65In0 HTTP/1.1" 200 93
186.154.205.242 - - [21/Apr/2015:08:19:02 -0500] "GET /BLA/boletinlegal/consulta_actos.php?tipo=autos&no=2931&usuario=simplicol&sector=VERTIMIENTOS&fecha=2013&resuelve= HTTP/1.1" 200 1022
180.76.6.47 - - [21/Apr/2015:08:19:03 -0500] "GET /BLA/resoluciones/AUTOS%202010/1887.pdf HTTP/1.1" 200 78840
190.25.70.198 - - [21/Apr/2015:08:19:05 -0500] "POST /forms/lservlet;jsessionid=ac16012b30d614318e96713744e791ea88a8a172d2ab.e3iSbxaKaheRe3eNbhaPbhuQa41ynknvrkLOlQzNp65In0 HTTP/1.1" 200 98
190.131.196.77 - - [21/Apr/2015:08:19:05 -0500] "GET /BLA/boletinlegal/js/jquery.scrollShow.js HTTP/1.1" 200 4586
190.131.196.77 - - [21/Apr/2015:08:19:05 -0500] "GET /galeria/galeria/jquery.fancybox.css?v=2.1.5 HTTP/1.1" 200 4895
190.131.196.77 - - [21/Apr/2015:08:19:05 -0500] "GET /BLA/boletinlegal/js/jquery.scrollTo-min.js HTTP/1.1" 200 1150
190.131.196.77 - - [21/Apr/2015:08:19:05 -0500] "GET /galeria/galeria/jquery.fancybox.js?v=2.1.5 HTTP/1.1" 200 48706
190.25.70.198 - - [21/Apr/2015:08:19:05 -0500] "POST /forms/lservlet;jsessionid=ac16012b30d614318e96713744e791ea88a8a172d2ab.e3iSbxaKaheRe3eNbhaPbhuQa41ynknvrkLOlQzNp65In0 HTTP/1.1" 200 8
