190.25.70.198 - - [21/Apr/2015:07:55:36 -0500] "POST /forms/lservlet;jsessionid=ac16012b30d614318e96713744e791ea88a8a172d2ab.e3iSbxaKaheRe3eNbhaPbhuQa41ynknvrkLOlQzNp65In0 HTTP/1.1" 200 906
201.245.192.253 - - [21/Apr/2015:07:55:38 -0500] "GET /forest/usutareas.do?group_system_actual=3&codTraEsc=17964285&_a=0.8585255022208726 HTTP/1.1" 200 114864
201.245.192.253 - - [21/Apr/2015:07:55:39 -0500] "GET /forest/img/forestIcon.gif?version=1503.161801 HTTP/1.1" 304 -
201.245.192.253 - - [21/Apr/2015:07:55:39 -0500] "GET /forest/skins/gdocs-jar/js/formsBase.js?version=1503.161801 HTTP/1.1" 304 -
201.245.192.253 - - [21/Apr/2015:07:55:39 -0500] "GET /forest/session.jsp?a=0.9861959128085783 HTTP/1.1" 200 4
201.245.192.253 - - [21/Apr/2015:07:55:39 -0500] "GET /forest/actions/forms.getMappedValues?id=id_Numeracion1&value=1429621769857&codForm=ClasificarSolicitud&a=0.25151624086241153 HTTP/1.1" 200 120
190.24.138.58 - - [21/Apr/2015:07:55:41 -0500] "GET /galeria/nivo-slider/demo/demo.html HTTP/1.1" 200 4881
190.25.70.198 - - [21/Apr/2015:07:55:41 -0500] "POST /forms/lservlet;jsessionid=ac16012b30d614318e96713744e791ea88a8a172d2ab.e3iSbxaKaheRe3eNbhaPbhuQa41ynknvrkLOlQzNp65In0 HTTP/1.1" 200 1352
190.25.70.198 - - [21/Apr/2015:07:55:43 -0500] "POST /forms/lservlet;jsessionid=ac16012b30d614318e96713744e791ea88a8a172d2ab.e3iSbxaKaheRe3eNbhaPbhuQa41ynknvrkLOlQzNp65In0 HTTP/1.1" 200 1280
109.203.99.4 - - [21/Apr/2015:07:55:43 -0500] "GET /blog/wp-admin/ HTTP/1.1" 404 1018
190.25.70.198 - - [21/Apr/2015:07:55:44 -0500] "POST /forms/lservlet;jsessionid=ac16012b30d614318e96713744e791ea88a8a172d2ab.e3iSbxaKaheRe3eNbhaPbhuQa41ynknvrkLOlQzNp65In0 HTTP/1.1" 200 1156
190.25.70.198 - - [21/Apr/2015:07:55:45 -0500] "POST /forms/lservlet;jsessionid=ac16012b30d614318e96713744e791ea88a8a172d2ab.e3iSbxaKaheRe3eNbhaPbhuQa41ynknvrkLOlQzNp65In0 HTTP/1.1" 200 2
181.141.29.61 - - [21/Apr/2015:07:55:45 -0500] "GET /galeria/carrusel/Carrusel/jquery.thumbnailScroller.css HTTP/1.1" 200 2066
181.141.29.61 - - [21/Apr/2015:07:55:45 -0500] "GET /galeria/carrusel/Carrusel/jquery.thumbnailScroller.js HTTP/1.1" 200 8157
181.141.29.61 - - [21/Apr/2015:07:55:45 -0500] "GET /galeria/carrusel/Carrusel/jquery-ui-1.8.13.custom.min.js HTTP/1.1" 200 10800
190.25.70.198 - - [21/Apr/2015:07:55:45 -0500] "POST /forms/lservlet;jsessionid=ac16012b30d614318e96713744e791ea88a8a172d2ab.e3iSbxaKaheRe3eNbhaPbhuQa41ynknvrkLOlQzNp65In0 HTTP/1.1" 200 795
181.141.29.61 - - [21/Apr/2015:07:55:46 -0500] "GET /galeria/nivo-slider/demo/demo.html HTTP/1.1" 200 4881
190.25.70.198 - - [21/Apr/2015:07:55:46 -0500] "POST /forms/lservlet;jsessionid=ac16012b30d614318e96713744e791ea88a8a172d2ab.e3iSbxaKaheRe3eNbhaPbhuQa41ynknvrkLOlQzNp65In0 HTTP/1.1" 200 1083
190.25.70.198 - - [21/Apr/2015:07:55:47 -0500] "POST /forms/lservlet;jsessionid=ac16012b30d614318e96713744e791ea88a8a172d2ab.e3iSbxaKaheRe3eNbhaPbhuQa41ynknvrkLOlQzNp65In0 HTTP/1.1" 200 2
190.25.70.198 - - [21/Apr/2015:07:55:47 -0500] "POST /forms/lservlet;jsessionid=ac16012b30d614318e96713744e791ea88a8a172d2ab.e3iSbxaKaheRe3eNbhaPbhuQa41ynknvrkLOlQzNp65In0 HTTP/1.1" 200 883
181.141.29.61 - - [21/Apr/2015:07:55:47 -0500] "GET /galeria/nivo-slider/themes/default/default.css HTTP/1.1" 200 1569
181.141.29.61 - - [21/Apr/2015:07:55:47 -0500] "GET /galeria/nivo-slider/themes/pascal/pascal.css HTTP/1.1" 200 2258
181.141.29.61 - - [21/Apr/2015:07:55:47 -0500] "GET /galeria/nivo-slider/themes/orman/orman.css HTTP/1.1" 200 2152
181.141.29.61 - - [21/Apr/2015:07:55:47 -0500] "GET /galeria/nivo-slider/nivo-slider.css HTTP/1.1" 200 1507
181.141.29.61 - - [21/Apr/2015:07:55:47 -0500] "GET /galeria/nivo-slider/demo/style.css HTTP/1.1" 200 2222
181.141.29.61 - - [21/Apr/2015:07:55:47 -0500] "GET /galeria/nivo-slider/demo/scripts/jquery-1.7.1.min.js HTTP/1.1" 200 93868
181.141.29.61 - - [21/Apr/2015:07:55:48 -0500] "GET /galeria/nivo-slider/demo/images/pedaleando-por-la-tierra.jpg HTTP/1.1" 200 234362
190.25.70.198 - - [21/Apr/2015:07:55:47 -0500] "POST /forms/lservlet;jsessionid=ac16012b30d614318e96713744e791ea88a8a172d2ab.e3iSbxaKaheRe3eNbhaPbhuQa41ynknvrkLOlQzNp65In0 HTTP/1.1" 200 1359
181.141.29.61 - - [21/Apr/2015:07:55:48 -0500] "GET /galeria/nivo-slider/demo/images/ecolectaabril20.jpg HTTP/1.1" 200 72606
181.141.29.61 - - [21/Apr/2015:07:55:48 -0500] "GET /galeria/nivo-slider/jquery.nivo.slider.pack.js HTTP/1.1" 200 11561
181.141.29.61 - - [21/Apr/2015:07:55:48 -0500] "GET /galeria/nivo-slider/demo/images/4Simple_Slider.png HTTP/1.1" 200 11722
181.141.29.61 - - [21/Apr/2015:07:55:48 -0500] "GET /galeria/nivo-slider/themes/default/loading.gif HTTP/1.1" 200 1737
181.141.29.61 - - [21/Apr/2015:07:55:49 -0500] "GET /galeria/nivo-slider/demo/images/marcha2015.jpg HTTP/1.1" 200 85177
181.141.29.61 - - [21/Apr/2015:07:55:49 -0500] "GET /galeria/nivo-slider/demo/images/no-sea-victima.jpg HTTP/1.1" 200 254155
181.141.29.61 - - [21/Apr/2015:07:55:49 -0500] "GET /galeria/nivo-slider/demo/images/Convocatoria_recicladores.jpg HTTP/1.1" 200 213976
181.141.29.61 - - [21/Apr/2015:07:55:49 -0500] "GET /galeria/nivo-slider/demo/images/acuerdo_569.jpg HTTP/1.1" 200 62670
66.249.64.84 - - [21/Apr/2015:07:55:49 -0500] "GET /BLA/resoluciones/AUTOS%202013/0382.pdf HTTP/1.1" 304 -
201.245.192.253 - - [21/Apr/2015:07:55:49 -0500] "POST /forest/usutareas.do? HTTP/1.1" 200 76
190.24.138.58 - - [21/Apr/2015:07:55:50 -0500] "GET /galeria/nivo-slider/demo/images/pedaleando-por-la-tierra.jpg HTTP/1.1" 304 -
190.24.138.58 - - [21/Apr/2015:07:55:50 -0500] "GET /galeria/nivo-slider/demo/images/ecolectaabril20.jpg HTTP/1.1" 304 -
181.141.29.61 - - [21/Apr/2015:07:55:51 -0500] "GET /galeria/nivo-slider/demo/images/Licitaciones-proyecto-paramo.jpg HTTP/1.1" 200 221877
181.141.29.61 - - [21/Apr/2015:07:55:51 -0500] "GET /galeria/nivo-slider/demo/images/Banner-decreto1299.jpg HTTP/1.1" 200 182613
181.141.29.61 - - [21/Apr/2015:07:55:51 -0500] "GET /galeria/nivo-slider/demo/images/Banner-Directorio.jpg HTTP/1.1" 200 182068
181.141.29.61 - - [21/Apr/2015:07:55:51 -0500] "GET /galeria/nivo-slider/demo/images/banner-V2.jpg HTTP/1.1" 200 59297
181.141.29.61 - - [21/Apr/2015:07:55:51 -0500] "GET /galeria/nivo-slider/demo/images/Ruta-vertimientos-01.jpg HTTP/1.1" 200 130151
181.141.29.61 - - [21/Apr/2015:07:55:51 -0500] "GET /galeria/nivo-slider/demo/images/bolsas-06.jpg HTTP/1.1" 200 90982
201.245.192.253 - - [21/Apr/2015:07:55:51 -0500] "GET /forest/usutareas.do?group_system_actual=3&a=0.6412760480876817 HTTP/1.1" 200 106289
201.245.192.253 - - [21/Apr/2015:07:55:52 -0500] "GET /forest/session.jsp?a=0.8634581777412053 HTTP/1.1" 200 4
201.245.192.253 - - [21/Apr/2015:07:55:52 -0500] "GET /forest/actions/forms.getMappedValues?id=id_Numeracion1&value=1429621769857&codForm=ElaborarDocumento&a=0.414889685115032 HTTP/1.1" 200 107
181.141.29.61 - - [21/Apr/2015:07:55:52 -0500] "GET /galeria/nivo-slider/demo/images/bolsas-08.jpg HTTP/1.1" 200 85589
181.141.29.61 - - [21/Apr/2015:07:55:52 -0500] "GET /galeria/nivo-slider/demo/images/redes_sociales.jpg HTTP/1.1" 200 415652
181.141.29.61 - - [21/Apr/2015:07:55:52 -0500] "GET /galeria/nivo-slider/demo/images/Conoce-los-humedales.jpg HTTP/1.1" 200 294036
181.141.29.61 - - [21/Apr/2015:07:55:52 -0500] "GET /videos/DiadelatierraHD_1min.flv HTTP/1.1" 200 7316200
181.141.29.61 - - [21/Apr/2015:07:55:53 -0500] "GET /galeria/nivo-slider/demo/images/porloshumedales.jpg HTTP/1.1" 200 351238
181.141.29.61 - - [21/Apr/2015:07:55:53 -0500] "GET /galeria/nivo-slider/demo/images/ecolecta-Dic2014.png HTTP/1.1" 200 288593
190.24.138.58 - - [21/Apr/2015:07:55:53 -0500] "GET /galeria/nivo-slider/demo/images/redes_sociales.jpg HTTP/1.1" 304 -
181.141.29.61 - - [21/Apr/2015:07:55:53 -0500] "GET /galeria/nivo-slider/demo/images/Tingua-azul.jpg HTTP/1.1" 200 307638
201.245.192.253 - - [21/Apr/2015:07:55:54 -0500] "GET /forest/actions/forms.getList?codForm=ElaborarDocumento&id=Fun_Destino17&text=o HTTP/1.1" 200 1244
201.245.192.253 - - [21/Apr/2015:07:55:54 -0500] "GET /forest/actions/forms.getList?codForm=ElaborarDocumento&id=Fun_Destino17&text=ol HTTP/1.1" 200 1263
190.24.138.58 - - [21/Apr/2015:07:55:55 -0500] "GET /galeria/nivo-slider/demo/images/9Signos.jpg HTTP/1.1" 304 -
201.245.192.253 - - [21/Apr/2015:07:55:55 -0500] "GET /forest/actions/forms.getList?codForm=ElaborarDocumento&id=Fun_Destino17&text=olg HTTP/1.1" 200 432
201.245.192.253 - - [21/Apr/2015:07:55:55 -0500] "GET /forest/actions/forms.getList?codForm=ElaborarDocumento&id=Fun_Destino17&text=olga HTTP/1.1" 200 432
181.141.29.61 - - [21/Apr/2015:07:55:55 -0500] "GET /galeria/nivo-slider/demo/images/banner-llantas2.jpg HTTP/1.1" 200 73153
181.141.29.61 - - [21/Apr/2015:07:55:56 -0500] "GET /galeria/nivo-slider/demo/images/9Signos.jpg HTTP/1.1" 200 81776
201.245.192.253 - - [21/Apr/2015:07:55:56 -0500] "POST /forest/usutareas.do? HTTP/1.1" 200 76
201.245.192.253 - - [21/Apr/2015:07:55:57 -0500] "GET /forest/usutareas.do?group_system_actual=3&a=0.8179119786355497 HTTP/1.1" 200 109050
201.245.192.253 - - [21/Apr/2015:07:55:58 -0500] "GET /forest/img/forestIcon.gif?version=1503.161801 HTTP/1.1" 304 -
201.245.192.253 - - [21/Apr/2015:07:55:58 -0500] "GET /forest/skins/gdocs-jar/js/formsBase.js?version=1503.161801 HTTP/1.1" 304 -
201.245.192.253 - - [21/Apr/2015:07:55:52 -0500] "GET /ForestMSG_SDA/channelAsync/template_word_17964302?X-Atmosphere-tracking-id=51c41a15-8344-087c-5eb0-b9e5249d6a32&X-Atmosphere-Framework=1.0.5&X-Atmosphere-Transport=long-polling&tabid=0.6159872813803317&X-Cache-Date=0&Content-Type=application/xml&_=1429621056714 HTTP/1.1" 200 8193
201.245.192.253 - - [21/Apr/2015:07:55:58 -0500] "GET /forest/session.jsp?a=0.808941732418757 HTTP/1.1" 200 4
201.245.192.253 - - [21/Apr/2015:07:55:58 -0500] "GET /forest/actions/forms.getMappedValues?id=id_Numeracion1&value=1429621769857&codForm=ElaborarDocumento&a=0.6211522722431374 HTTP/1.1" 200 107
201.245.192.253 - - [21/Apr/2015:07:56:01 -0500] "GET /forest/borrador/1731713/Borrador%20juridico%202015-04-21.docx HTTP/1.1" 200 50332
66.249.64.82 - - [21/Apr/2015:07:56:03 -0500] "GET /BLA/resoluciones/RESOLUCIONES%202012/0283.pdf HTTP/1.1" 200 332266
181.59.44.228 - - [21/Apr/2015:07:56:17 -0500] "GET /galeria/galeria/jquery.fancybox.css?v=2.1.5 HTTP/1.1" 200 4895
181.59.44.228 - - [21/Apr/2015:07:56:17 -0500] "GET /BLA/boletinlegal/js/jquery.scrollTo-min.js HTTP/1.1" 200 1150
181.59.44.228 - - [21/Apr/2015:07:56:17 -0500] "GET /galeria/galeria/jquery.fancybox.js?v=2.1.5 HTTP/1.1" 200 48706
181.59.44.228 - - [21/Apr/2015:07:56:17 -0500] "GET /BLA/boletinlegal/js/jquery.scrollShow.js HTTP/1.1" 200 4586
66.249.64.86 - - [21/Apr/2015:07:56:18 -0500] "GET /BLA/resoluciones/AUTOS%202012/0042.pdf HTTP/1.1" 200 170115
181.59.44.228 - - [21/Apr/2015:07:56:24 -0500] "GET /galeria/galeria/jquery.fancybox.css?v=2.1.5 HTTP/1.1" 304 -
181.59.44.228 - - [21/Apr/2015:07:56:24 -0500] "GET /BLA/boletinlegal/js/jquery.scrollTo-min.js HTTP/1.1" 304 -
181.59.44.228 - - [21/Apr/2015:07:56:24 -0500] "GET /galeria/galeria/jquery.fancybox.js?v=2.1.5 HTTP/1.1" 304 -
181.59.44.228 - - [21/Apr/2015:07:56:24 -0500] "GET /BLA/boletinlegal/js/jquery.scrollShow.js HTTP/1.1" 304 -
66.249.64.84 - - [21/Apr/2015:07:56:32 -0500] "GET /BLA/resoluciones/RESOLUCIONES%202013/0120.pdf HTTP/1.1" 304 -
181.141.29.61 - - [21/Apr/2015:07:56:39 -0500] "GET /galeria/galeria/jquery.fancybox.css?v=2.1.5 HTTP/1.1" 304 -
181.141.29.61 - - [21/Apr/2015:07:56:39 -0500] "GET /BLA/boletinlegal/js/jquery.scrollTo-min.js HTTP/1.1" 304 -
181.141.29.61 - - [21/Apr/2015:07:56:39 -0500] "GET /BLA/boletinlegal/js/jquery.scrollShow.js HTTP/1.1" 304 -
181.141.29.61 - - [21/Apr/2015:07:56:39 -0500] "GET /galeria/galeria/jquery.fancybox.js?v=2.1.5 HTTP/1.1" 304 -
201.221.128.162 - - [21/Apr/2015:07:56:40 -0500] "GET /BLA/boletinlegal/js/jquery.scrollShow.js HTTP/1.1" 200 4586
201.221.128.162 - - [21/Apr/2015:07:56:40 -0500] "GET /BLA/boletinlegal/js/jquery.scrollTo-min.js HTTP/1.1" 200 1150
201.221.128.162 - - [21/Apr/2015:07:56:40 -0500] "GET /galeria/galeria/jquery.fancybox.js?v=2.1.5 HTTP/1.1" 200 48706
201.221.128.162 - - [21/Apr/2015:07:56:40 -0500] "GET /galeria/carrusel/Carrusel/jquery.thumbnailScroller.css HTTP/1.1" 200 2066
201.221.128.162 - - [21/Apr/2015:07:56:40 -0500] "GET /galeria/galeria/jquery.fancybox.css?v=2.1.5 HTTP/1.1" 200 4895
201.221.128.162 - - [21/Apr/2015:07:56:41 -0500] "GET /galeria/carrusel/Carrusel/jquery-ui-1.8.13.custom.min.js HTTP/1.1" 200 10800
201.221.128.162 - - [21/Apr/2015:07:56:41 -0500] "GET /galeria/carrusel/Carrusel/jquery.thumbnailScroller.js HTTP/1.1" 200 8157
186.30.65.60 - - [21/Apr/2015:07:56:46 -0500] "GET /autoliquidacion HTTP/1.1" 301 310
66.249.64.84 - - [21/Apr/2015:07:56:46 -0500] "GET /BLA/resoluciones/RESOLUCIONES%202007/RES%202007%202901%20AL%203000/RESOLUCION%202936%20DE%202007.pdf HTTP/1.1" 200 786325
186.30.65.60 - - [21/Apr/2015:07:56:46 -0500] "GET /autoliquidacion/ HTTP/1.1" 200 6375
186.30.65.60 - - [21/Apr/2015:07:56:46 -0500] "GET /autoliquidacion/dlf/styles.css HTTP/1.1" 200 3045
186.30.65.60 - - [21/Apr/2015:07:56:46 -0500] "GET /autoliquidacion/dlf/folder.png HTTP/1.1" 200 410
186.30.65.60 - - [21/Apr/2015:07:56:46 -0500] "GET /autoliquidacion/dlf/bg.gif HTTP/1.1" 200 54
190.146.146.110 - - [21/Apr/2015:07:56:47 -0500] "GET /galeria/galeria/jquery.fancybox.js?v=2.1.5 HTTP/1.1" 200 48706
190.146.146.110 - - [21/Apr/2015:07:56:47 -0500] "GET /galeria/galeria/jquery.fancybox.css?v=2.1.5 HTTP/1.1" 200 4895
190.146.146.110 - - [21/Apr/2015:07:56:47 -0500] "GET /BLA/boletinlegal/js/jquery.scrollShow.js HTTP/1.1" 200 4586
190.146.146.110 - - [21/Apr/2015:07:56:47 -0500] "GET /BLA/boletinlegal/js/jquery.scrollTo-min.js HTTP/1.1" 200 1150
190.25.70.198 - - [21/Apr/2015:07:56:52 -0500] "POST /forms/lservlet;jsessionid=ac16012b30d614318e96713744e791ea88a8a172d2ab.e3iSbxaKaheRe3eNbhaPbhuQa41ynknvrkLOlQzNp65In0 HTTP/1.1" 200 2
201.221.128.162 - - [21/Apr/2015:07:56:55 -0500] "GET /galeria/nivo-slider/demo/demo.html HTTP/1.1" 200 4881
201.221.128.162 - - [21/Apr/2015:07:56:55 -0500] "GET /galeria/nivo-slider/themes/default/default.css HTTP/1.1" 200 1569
201.221.128.162 - - [21/Apr/2015:07:56:55 -0500] "GET /galeria/nivo-slider/themes/pascal/pascal.css HTTP/1.1" 200 2258
201.221.128.162 - - [21/Apr/2015:07:56:55 -0500] "GET /galeria/nivo-slider/nivo-slider.css HTTP/1.1" 200 1507
201.221.128.162 - - [21/Apr/2015:07:56:55 -0500] "GET /galeria/nivo-slider/themes/orman/orman.css HTTP/1.1" 200 2152
201.221.128.162 - - [21/Apr/2015:07:56:55 -0500] "GET /galeria/nivo-slider/demo/style.css HTTP/1.1" 200 2222
201.221.128.162 - - [21/Apr/2015:07:56:55 -0500] "GET /galeria/nivo-slider/demo/scripts/jquery-1.7.1.min.js HTTP/1.1" 200 93868
201.221.128.162 - - [21/Apr/2015:07:56:55 -0500] "GET /galeria/nivo-slider/jquery.nivo.slider.pack.js HTTP/1.1" 200 11561
186.154.253.106 - - [21/Apr/2015:07:56:56 -0500] "GET /forest/session.jsp?a=0.20445694355294108 HTTP/1.1" 200 4
201.221.128.162 - - [21/Apr/2015:07:56:56 -0500] "GET /galeria/nivo-slider/demo/images/pedaleando-por-la-tierra.jpg HTTP/1.1" 200 234362
201.221.128.162 - - [21/Apr/2015:07:56:57 -0500] "GET /galeria/nivo-slider/themes/default/loading.gif HTTP/1.1" 200 1737
190.146.146.110 - - [21/Apr/2015:07:56:57 -0500] "GET /galeria/galeria/jquery.fancybox.css?v=2.1.5 HTTP/1.1" 304 -
190.146.146.110 - - [21/Apr/2015:07:56:57 -0500] "GET /BLA/boletinlegal/js/jquery.scrollShow.js HTTP/1.1" 304 -
190.146.146.110 - - [21/Apr/2015:07:56:57 -0500] "GET /BLA/boletinlegal/js/jquery.scrollTo-min.js HTTP/1.1" 304 -
190.146.146.110 - - [21/Apr/2015:07:56:57 -0500] "GET /galeria/galeria/jquery.fancybox.js?v=2.1.5 HTTP/1.1" 304 -
201.221.128.162 - - [21/Apr/2015:07:56:58 -0500] "GET /galeria/nivo-slider/demo/images/4Simple_Slider.png HTTP/1.1" 200 11722
201.221.128.162 - - [21/Apr/2015:07:56:58 -0500] "GET /galeria/nivo-slider/demo/images/ecolectaabril20.jpg HTTP/1.1" 200 72606
201.221.128.162 - - [21/Apr/2015:07:56:58 -0500] "GET /galeria/nivo-slider/demo/images/marcha2015.jpg HTTP/1.1" 200 85177
201.221.128.162 - - [21/Apr/2015:07:56:59 -0500] "GET /galeria/nivo-slider/demo/images/no-sea-victima.jpg HTTP/1.1" 200 254155
201.221.128.162 - - [21/Apr/2015:07:56:59 -0500] "GET /galeria/nivo-slider/demo/images/Convocatoria_recicladores.jpg HTTP/1.1" 200 213976
201.221.128.162 - - [21/Apr/2015:07:57:00 -0500] "GET /galeria/nivo-slider/demo/images/acuerdo_569.jpg HTTP/1.1" 200 62670
66.249.64.86 - - [21/Apr/2015:07:57:00 -0500] "GET /BLA/resoluciones/AUTOS%202010/0502.pdf HTTP/1.1" 304 -
201.221.128.162 - - [21/Apr/2015:07:57:01 -0500] "GET /galeria/nivo-slider/demo/images/Licitaciones-proyecto-paramo.jpg HTTP/1.1" 200 221877
201.221.128.162 - - [21/Apr/2015:07:57:01 -0500] "GET /galeria/nivo-slider/demo/images/Banner-decreto1299.jpg HTTP/1.1" 200 182613
201.221.128.162 - - [21/Apr/2015:07:57:01 -0500] "GET /galeria/nivo-slider/demo/images/Banner-Directorio.jpg HTTP/1.1" 200 182068
201.221.128.162 - - [21/Apr/2015:07:57:02 -0500] "GET /galeria/nivo-slider/demo/images/banner-V2.jpg HTTP/1.1" 200 59297
201.221.128.162 - - [21/Apr/2015:07:57:03 -0500] "GET /galeria/nivo-slider/demo/images/Ruta-vertimientos-01.jpg HTTP/1.1" 200 130151
201.221.128.162 - - [21/Apr/2015:07:57:03 -0500] "GET /galeria/nivo-slider/demo/images/bolsas-06.jpg HTTP/1.1" 200 90982
201.221.128.162 - - [21/Apr/2015:07:57:03 -0500] "GET /galeria/nivo-slider/demo/images/bolsas-08.jpg HTTP/1.1" 200 85589
201.221.128.162 - - [21/Apr/2015:07:57:04 -0500] "GET /galeria/nivo-slider/demo/images/redes_sociales.jpg HTTP/1.1" 200 415652
201.221.128.162 - - [21/Apr/2015:07:57:04 -0500] "GET /galeria/nivo-slider/demo/images/Conoce-los-humedales.jpg HTTP/1.1" 200 294036
201.221.128.162 - - [21/Apr/2015:07:57:04 -0500] "GET /galeria/nivo-slider/demo/images/ecolecta-Dic2014.png HTTP/1.1" 200 288593
201.221.128.162 - - [21/Apr/2015:07:57:05 -0500] "GET /galeria/nivo-slider/demo/images/porloshumedales.jpg HTTP/1.1" 200 351238
201.221.128.162 - - [21/Apr/2015:07:57:06 -0500] "GET /galeria/nivo-slider/demo/images/Tingua-azul.jpg HTTP/1.1" 200 307638
201.221.128.162 - - [21/Apr/2015:07:57:06 -0500] "GET /videos/DiadelatierraHD_1min.flv HTTP/1.1" 200 7316200
190.60.228.230 - - [21/Apr/2015:07:57:07 -0500] "GET /galeria/galeria/jquery.fancybox.css?v=2.1.5 HTTP/1.1" 200 4895
190.60.228.230 - - [21/Apr/2015:07:57:07 -0500] "GET /BLA/boletinlegal/js/jquery.scrollTo-min.js HTTP/1.1" 200 1150
190.60.228.230 - - [21/Apr/2015:07:57:07 -0500] "GET /BLA/boletinlegal/js/jquery.scrollShow.js HTTP/1.1" 200 4586
190.60.228.230 - - [21/Apr/2015:07:57:07 -0500] "GET /galeria/galeria/jquery.fancybox.js?v=2.1.5 HTTP/1.1" 200 48706
186.30.65.60 - - [21/Apr/2015:07:57:08 -0500] "GET /autoliquidacion/index.php?dir=Grupo+Forestal+-+Silvicultura%2F HTTP/1.1" 200 5777
201.221.128.162 - - [21/Apr/2015:07:57:09 -0500] "GET /galeria/nivo-slider/demo/images/banner-llantas2.jpg HTTP/1.1" 200 73153
201.221.128.162 - - [21/Apr/2015:07:57:12 -0500] "GET /galeria/nivo-slider/demo/images/9Signos.jpg HTTP/1.1" 200 81776
201.245.192.253 - - [21/Apr/2015:07:57:12 -0500] "POST /forms/lservlet;jsessionid=ac16012b30d6423794d3411d49c08f5bc061d328b442.e3iSbxaKaheRe3eNbhaPbhuQa41ynknvrkLOlQzNp65In0 HTTP/1.1" 200 2
201.245.192.253 - - [21/Apr/2015:07:57:12 -0500] "GET /galeria/nivo-slider/demo/demo.html HTTP/1.1" 304 -
201.245.192.253 - - [21/Apr/2015:07:57:12 -0500] "GET /galeria/nivo-slider/demo/images/ecolectaabril20.jpg HTTP/1.1" 304 -
201.245.192.253 - - [21/Apr/2015:07:57:12 -0500] "GET /galeria/nivo-slider/demo/images/pedaleando-por-la-tierra.jpg HTTP/1.1" 304 -
201.245.192.253 - - [21/Apr/2015:07:57:12 -0500] "GET /galeria/nivo-slider/demo/images/Banner-decreto1299.jpg HTTP/1.1" 304 -
201.245.192.253 - - [21/Apr/2015:07:57:12 -0500] "GET /galeria/nivo-slider/demo/images/no-sea-victima.jpg HTTP/1.1" 304 -
201.245.192.253 - - [21/Apr/2015:07:57:12 -0500] "GET /galeria/nivo-slider/demo/images/Licitaciones-proyecto-paramo.jpg HTTP/1.1" 304 -
201.245.192.253 - - [21/Apr/2015:07:57:12 -0500] "GET /galeria/nivo-slider/demo/images/Banner-Directorio.jpg HTTP/1.1" 304 -
201.245.192.253 - - [21/Apr/2015:07:57:12 -0500] "GET /galeria/nivo-slider/demo/images/bolsas-06.jpg HTTP/1.1" 304 -
201.245.192.253 - - [21/Apr/2015:07:57:12 -0500] "GET /galeria/nivo-slider/demo/images/bolsas-08.jpg HTTP/1.1" 304 -
201.245.192.253 - - [21/Apr/2015:07:57:12 -0500] "GET /galeria/nivo-slider/demo/images/porloshumedales.jpg HTTP/1.1" 304 -
201.245.192.253 - - [21/Apr/2015:07:57:12 -0500] "GET /galeria/nivo-slider/demo/images/Conoce-los-humedales.jpg HTTP/1.1" 304 -
201.245.192.253 - - [21/Apr/2015:07:57:12 -0500] "GET /galeria/nivo-slider/demo/images/redes_sociales.jpg HTTP/1.1" 304 -
201.245.192.253 - - [21/Apr/2015:07:57:12 -0500] "GET /galeria/nivo-slider/demo/images/Tingua-azul.jpg HTTP/1.1" 304 -
201.245.192.253 - - [21/Apr/2015:07:57:12 -0500] "GET /galeria/nivo-slider/demo/images/Ruta-vertimientos-01.jpg HTTP/1.1" 304 -
201.245.192.253 - - [21/Apr/2015:07:57:12 -0500] "GET /galeria/nivo-slider/demo/images/banner-llantas2.jpg HTTP/1.1" 304 -
201.245.192.253 - - [21/Apr/2015:07:57:12 -0500] "GET /galeria/nivo-slider/demo/images/ecolecta-Dic2014.png HTTP/1.1" 304 -
201.245.192.253 - - [21/Apr/2015:07:57:12 -0500] "GET /galeria/nivo-slider/demo/images/4Simple_Slider.png HTTP/1.1" 304 -
201.245.192.253 - - [21/Apr/2015:07:57:13 -0500] "GET /galeria/nivo-slider/themes/default/bullets.png HTTP/1.1" 304 -
201.245.192.253 - - [21/Apr/2015:07:57:13 -0500] "GET /galeria/nivo-slider/themes/default/arrows.png HTTP/1.1" 304 -
66.249.64.86 - - [21/Apr/2015:07:57:14 -0500] "GET /BLA/resoluciones/AUTOS%202010/1497.pdf HTTP/1.1" 200 1478500
190.25.70.198 - - [21/Apr/2015:07:57:15 -0500] "POST /forms/lservlet;jsessionid=ac16012b30d614318e96713744e791ea88a8a172d2ab.e3iSbxaKaheRe3eNbhaPbhuQa41ynknvrkLOlQzNp65In0 HTTP/1.1" 200 1277
201.221.128.162 - - [21/Apr/2015:07:57:16 -0500] "GET /galeria/nivo-slider/themes/default/arrows.png HTTP/1.1" 200 824
201.221.128.162 - - [21/Apr/2015:07:57:16 -0500] "GET /galeria/nivo-slider/themes/default/bullets.png HTTP/1.1" 200 1281
190.25.70.198 - - [21/Apr/2015:07:57:16 -0500] "POST /forms/lservlet;jsessionid=ac16012b30d614318e96713744e791ea88a8a172d2ab.e3iSbxaKaheRe3eNbhaPbhuQa41ynknvrkLOlQzNp65In0 HTTP/1.1" 200 1439
190.25.70.198 - - [21/Apr/2015:07:57:19 -0500] "POST /forms/lservlet;jsessionid=ac16012b30d614318e96713744e791ea88a8a172d2ab.e3iSbxaKaheRe3eNbhaPbhuQa41ynknvrkLOlQzNp65In0 HTTP/1.1" 200 64000
190.25.70.198 - - [21/Apr/2015:07:57:19 -0500] "POST /forms/lservlet;jsessionid=ac16012b30d614318e96713744e791ea88a8a172d2ab.e3iSbxaKaheRe3eNbhaPbhuQa41ynknvrkLOlQzNp65In0 HTTP/1.1" 200 646
190.235.108.9 - - [21/Apr/2015:07:57:20 -0500] "GET /galeria/nivo-slider/demo/images/pedaleando-por-la-tierra.jpg HTTP/1.1" 200 234362
190.25.70.198 - - [21/Apr/2015:07:57:21 -0500] "POST /forms/lservlet;jsessionid=ac16012b30d614318e96713744e791ea88a8a172d2ab.e3iSbxaKaheRe3eNbhaPbhuQa41ynknvrkLOlQzNp65In0 HTTP/1.1" 200 109
190.25.70.198 - - [21/Apr/2015:07:57:24 -0500] "POST /forms/lservlet;jsessionid=ac16012b30d614318e96713744e791ea88a8a172d2ab.e3iSbxaKaheRe3eNbhaPbhuQa41ynknvrkLOlQzNp65In0 HTTP/1.1" 200 90
190.25.70.198 - - [21/Apr/2015:07:57:28 -0500] "POST /forms/lservlet;jsessionid=ac16012b30d614318e96713744e791ea88a8a172d2ab.e3iSbxaKaheRe3eNbhaPbhuQa41ynknvrkLOlQzNp65In0 HTTP/1.1" 200 74
66.249.64.82 - - [21/Apr/2015:07:57:29 -0500] "GET /BLA/resoluciones/RESOLUCIONES%202009/1965.pdf HTTP/1.1" 304 -
186.30.65.60 - - [21/Apr/2015:07:57:32 -0500] "GET /autoliquidacion/Grupo%20Forestal%20-%20Silvicultura/Aplicativo%20Liquidador%20Permiso%20de%20Aprovechamiento%20forestal%202015%20DEF.xlsx HTTP/1.1" 206 1
186.30.65.60 - - [21/Apr/2015:07:57:32 -0500] "GET /autoliquidacion/Grupo%20Forestal%20-%20Silvicultura/Aplicativo%20Liquidador%20Permiso%20de%20Aprovechamiento%20forestal%202015%20DEF.xlsx HTTP/1.1" 206 91036
190.25.70.198 - - [21/Apr/2015:07:57:33 -0500] "POST /forms/lservlet;jsessionid=ac16012b30d614318e96713744e791ea88a8a172d2ab.e3iSbxaKaheRe3eNbhaPbhuQa41ynknvrkLOlQzNp65In0 HTTP/1.1" 200 72
190.25.70.198 - - [21/Apr/2015:07:57:34 -0500] "POST /forms/lservlet;jsessionid=ac16012b30d614318e96713744e791ea88a8a172d2ab.e3iSbxaKaheRe3eNbhaPbhuQa41ynknvrkLOlQzNp65In0 HTTP/1.1" 200 117
190.60.228.230 - - [21/Apr/2015:07:57:35 -0500] "GET /galeria/galeria/jquery.fancybox.css?v=2.1.5 HTTP/1.1" 304 -
190.60.228.230 - - [21/Apr/2015:07:57:35 -0500] "GET /BLA/boletinlegal/js/jquery.scrollTo-min.js HTTP/1.1" 304 -
190.60.228.230 - - [21/Apr/2015:07:57:35 -0500] "GET /BLA/boletinlegal/js/jquery.scrollShow.js HTTP/1.1" 304 -
190.60.228.230 - - [21/Apr/2015:07:57:35 -0500] "GET /galeria/galeria/jquery.fancybox.js?v=2.1.5 HTTP/1.1" 304 -
190.25.70.198 - - [21/Apr/2015:07:57:35 -0500] "POST /forms/lservlet;jsessionid=ac16012b30d614318e96713744e791ea88a8a172d2ab.e3iSbxaKaheRe3eNbhaPbhuQa41ynknvrkLOlQzNp65In0 HTTP/1.1" 200 2
190.25.70.198 - - [21/Apr/2015:07:57:36 -0500] "POST /forms/lservlet;jsessionid=ac16012b30d614318e96713744e791ea88a8a172d2ab.e3iSbxaKaheRe3eNbhaPbhuQa41ynknvrkLOlQzNp65In0 HTTP/1.1" 200 266
190.25.70.198 - - [21/Apr/2015:07:57:37 -0500] "POST /forms/lservlet;jsessionid=ac16012b30d614318e96713744e791ea88a8a172d2ab.e3iSbxaKaheRe3eNbhaPbhuQa41ynknvrkLOlQzNp65In0 HTTP/1.1" 200 1519
190.25.70.198 - - [21/Apr/2015:07:57:41 -0500] "POST /forms/lservlet;jsessionid=ac16012b30d614318e96713744e791ea88a8a172d2ab.e3iSbxaKaheRe3eNbhaPbhuQa41ynknvrkLOlQzNp65In0 HTTP/1.1" 200 1208
190.25.70.198 - - [21/Apr/2015:07:57:42 -0500] "POST /forms/lservlet;jsessionid=ac16012b30d614318e96713744e791ea88a8a172d2ab.e3iSbxaKaheRe3eNbhaPbhuQa41ynknvrkLOlQzNp65In0 HTTP/1.1" 200 2
190.25.70.198 - - [21/Apr/2015:07:57:42 -0500] "POST /forms/lservlet;jsessionid=ac16012b30d614318e96713744e791ea88a8a172d2ab.e3iSbxaKaheRe3eNbhaPbhuQa41ynknvrkLOlQzNp65In0 HTTP/1.1" 200 896
66.249.64.82 - - [21/Apr/2015:07:57:43 -0500] "GET /BLA/resoluciones/RESOLUCIONES%202010/1029.pdf HTTP/1.1" 304 -
190.25.70.198 - - [21/Apr/2015:07:57:43 -0500] "POST /forms/lservlet;jsessionid=ac16012b30d614318e96713744e791ea88a8a172d2ab.e3iSbxaKaheRe3eNbhaPbhuQa41ynknvrkLOlQzNp65In0 HTTP/1.1" 200 1179
190.25.70.198 - - [21/Apr/2015:07:57:44 -0500] "POST /forms/lservlet;jsessionid=ac16012b30d614318e96713744e791ea88a8a172d2ab.e3iSbxaKaheRe3eNbhaPbhuQa41ynknvrkLOlQzNp65In0 HTTP/1.1" 200 865
190.25.70.198 - - [21/Apr/2015:07:57:45 -0500] "POST /forms/lservlet;jsessionid=ac16012b30d614318e96713744e791ea88a8a172d2ab.e3iSbxaKaheRe3eNbhaPbhuQa41ynknvrkLOlQzNp65In0 HTTP/1.1" 200 1137
190.25.70.198 - - [21/Apr/2015:07:57:46 -0500] "POST /forms/lservlet;jsessionid=ac16012b30d614318e96713744e791ea88a8a172d2ab.e3iSbxaKaheRe3eNbhaPbhuQa41ynknvrkLOlQzNp65In0 HTTP/1.1" 200 2
190.25.70.198 - - [21/Apr/2015:07:57:46 -0500] "POST /forms/lservlet;jsessionid=ac16012b30d614318e96713744e791ea88a8a172d2ab.e3iSbxaKaheRe3eNbhaPbhuQa41ynknvrkLOlQzNp65In0 HTTP/1.1" 200 944
190.25.70.198 - - [21/Apr/2015:07:57:46 -0500] "POST /forms/lservlet;jsessionid=ac16012b30d614318e96713744e791ea88a8a172d2ab.e3iSbxaKaheRe3eNbhaPbhuQa41ynknvrkLOlQzNp65In0 HTTP/1.1" 200 1200
66.249.93.249 - - [21/Apr/2015:07:57:47 -0500] "GET /galeria/carrusel/Carrusel/jquery.thumbnailScroller.css HTTP/1.1" 200 2066
66.249.93.132 - - [21/Apr/2015:07:57:47 -0500] "GET /galeria/carrusel/Carrusel/jquery-ui-1.8.13.custom.min.js HTTP/1.1" 200 10800
66.249.93.249 - - [21/Apr/2015:07:57:47 -0500] "GET /galeria/carrusel/Carrusel/jquery.thumbnailScroller.js HTTP/1.1" 200 8157
190.25.70.198 - - [21/Apr/2015:07:57:47 -0500] "POST /forms/lservlet;jsessionid=ac16012b30d614318e96713744e791ea88a8a172d2ab.e3iSbxaKaheRe3eNbhaPbhuQa41ynknvrkLOlQzNp65In0 HTTP/1.1" 200 829
190.25.70.198 - - [21/Apr/2015:07:57:48 -0500] "POST /forms/lservlet;jsessionid=ac16012b30d614318e96713744e791ea88a8a172d2ab.e3iSbxaKaheRe3eNbhaPbhuQa41ynknvrkLOlQzNp65In0 HTTP/1.1" 200 1094
66.249.93.249 - - [21/Apr/2015:07:57:49 -0500] "GET /galeria/nivo-slider/demo/demo.html HTTP/1.1" 200 4881
190.25.70.198 - - [21/Apr/2015:07:57:49 -0500] "POST /forms/lservlet;jsessionid=ac16012b30d614318e96713744e791ea88a8a172d2ab.e3iSbxaKaheRe3eNbhaPbhuQa41ynknvrkLOlQzNp65In0 HTTP/1.1" 200 884
66.249.93.132 - - [21/Apr/2015:07:57:49 -0500] "GET /galeria/nivo-slider/themes/orman/orman.css HTTP/1.1" 200 2152
66.249.93.249 - - [21/Apr/2015:07:57:49 -0500] "GET /galeria/nivo-slider/nivo-slider.css HTTP/1.1" 200 1507
66.249.93.249 - - [21/Apr/2015:07:57:49 -0500] "GET /galeria/nivo-slider/demo/images/ecolectaabril20.jpg HTTP/1.1" 200 72606
190.25.70.198 - - [21/Apr/2015:07:57:49 -0500] "POST /forms/lservlet;jsessionid=ac16012b30d614318e96713744e791ea88a8a172d2ab.e3iSbxaKaheRe3eNbhaPbhuQa41ynknvrkLOlQzNp65In0 HTTP/1.1" 200 1059
66.249.93.132 - - [21/Apr/2015:07:57:49 -0500] "GET /galeria/nivo-slider/demo/style.css HTTP/1.1" 200 2222
66.249.93.132 - - [21/Apr/2015:07:57:49 -0500] "GET /galeria/nivo-slider/themes/pascal/pascal.css HTTP/1.1" 200 2258
66.249.93.249 - - [21/Apr/2015:07:57:49 -0500] "GET /galeria/nivo-slider/demo/images/Banner-decreto1299.jpg HTTP/1.1" 200 182613
66.249.93.132 - - [21/Apr/2015:07:57:49 -0500] "GET /galeria/nivo-slider/jquery.nivo.slider.pack.js HTTP/1.1" 200 11561
66.249.93.249 - - [21/Apr/2015:07:57:49 -0500] "GET /galeria/nivo-slider/demo/images/bolsas-08.jpg HTTP/1.1" 200 85589
66.249.93.252 - - [21/Apr/2015:07:57:49 -0500] "GET /galeria/nivo-slider/demo/images/pedaleando-por-la-tierra.jpg HTTP/1.1" 200 234362
66.249.93.249 - - [21/Apr/2015:07:57:49 -0500] "GET /galeria/nivo-slider/demo/images/bolsas-06.jpg HTTP/1.1" 200 90982
66.249.93.249 - - [21/Apr/2015:07:57:49 -0500] "GET /galeria/nivo-slider/demo/images/Ruta-vertimientos-01.jpg HTTP/1.1" 200 130151
66.249.93.252 - - [21/Apr/2015:07:57:49 -0500] "GET /galeria/nivo-slider/demo/images/Banner-Directorio.jpg HTTP/1.1" 200 182068
66.249.93.252 - - [21/Apr/2015:07:57:49 -0500] "GET /galeria/nivo-slider/demo/images/banner-V2.jpg HTTP/1.1" 200 59297
66.249.93.249 - - [21/Apr/2015:07:57:49 -0500] "GET /galeria/nivo-slider/demo/images/acuerdo_569.jpg HTTP/1.1" 200 62670
66.249.93.252 - - [21/Apr/2015:07:57:49 -0500] "GET /galeria/nivo-slider/demo/images/Licitaciones-proyecto-paramo.jpg HTTP/1.1" 200 221877
66.249.93.132 - - [21/Apr/2015:07:57:49 -0500] "GET /galeria/nivo-slider/demo/images/Convocatoria_recicladores.jpg HTTP/1.1" 200 213976
66.249.93.132 - - [21/Apr/2015:07:57:49 -0500] "GET /galeria/nivo-slider/themes/default/default.css HTTP/1.1" 200 1569
66.249.93.132 - - [21/Apr/2015:07:57:49 -0500] "GET /galeria/nivo-slider/demo/images/marcha2015.jpg HTTP/1.1" 200 85177
66.249.93.252 - - [21/Apr/2015:07:57:49 -0500] "GET /galeria/nivo-slider/demo/images/no-sea-victima.jpg HTTP/1.1" 200 254155
66.249.93.252 - - [21/Apr/2015:07:57:49 -0500] "GET /galeria/nivo-slider/demo/scripts/jquery-1.7.1.min.js HTTP/1.1" 200 93868
66.249.93.132 - - [21/Apr/2015:07:57:49 -0500] "GET /galeria/nivo-slider/demo/images/Conoce-los-humedales.jpg HTTP/1.1" 200 294036
66.249.93.249 - - [21/Apr/2015:07:57:49 -0500] "GET /galeria/nivo-slider/demo/images/redes_sociales.jpg HTTP/1.1" 200 415652
66.249.93.132 - - [21/Apr/2015:07:57:49 -0500] "GET /galeria/nivo-slider/demo/images/porloshumedales.jpg HTTP/1.1" 200 351238
66.249.93.132 - - [21/Apr/2015:07:57:49 -0500] "GET /galeria/nivo-slider/demo/images/ecolecta-Dic2014.png HTTP/1.1" 200 288593
66.249.93.252 - - [21/Apr/2015:07:57:49 -0500] "GET /galeria/nivo-slider/demo/images/Tingua-azul.jpg HTTP/1.1" 200 307638
66.249.93.252 - - [21/Apr/2015:07:57:50 -0500] "GET /galeria/nivo-slider/demo/images/banner-llantas2.jpg HTTP/1.1" 200 73153
66.249.93.252 - - [21/Apr/2015:07:57:50 -0500] "GET /galeria/nivo-slider/demo/images/9Signos.jpg HTTP/1.1" 200 81776
190.25.70.198 - - [21/Apr/2015:07:57:50 -0500] "POST /forms/lservlet;jsessionid=ac16012b30d614318e96713744e791ea88a8a172d2ab.e3iSbxaKaheRe3eNbhaPbhuQa41ynknvrkLOlQzNp65In0 HTTP/1.1" 200 948
190.25.70.198 - - [21/Apr/2015:07:57:50 -0500] "POST /forms/lservlet;jsessionid=ac16012b30d614318e96713744e791ea88a8a172d2ab.e3iSbxaKaheRe3eNbhaPbhuQa41ynknvrkLOlQzNp65In0 HTTP/1.1" 200 1545
66.249.93.249 - - [21/Apr/2015:07:57:51 -0500] "GET /galeria/nivo-slider/demo/images/4Simple_Slider.png HTTP/1.1" 200 11722
190.84.185.167 - - [21/Apr/2015:07:57:51 -0500] "GET /forest/session.jsp?a=0.4119101467076689 HTTP/1.1" 200 4
66.249.93.252 - - [21/Apr/2015:07:57:51 -0500] "GET /galeria/nivo-slider/themes/default/loading.gif HTTP/1.1" 200 1737
66.249.93.252 - - [21/Apr/2015:07:57:54 -0500] "GET /galeria/nivo-slider/themes/default/bullets.png HTTP/1.1" 200 1281
66.249.93.132 - - [21/Apr/2015:07:57:54 -0500] "GET /galeria/nivo-slider/themes/default/arrows.png HTTP/1.1" 200 824
190.25.70.198 - - [21/Apr/2015:07:57:55 -0500] "POST /forms/lservlet;jsessionid=ac16012b30d614318e96713744e791ea88a8a172d2ab.e3iSbxaKaheRe3eNbhaPbhuQa41ynknvrkLOlQzNp65In0 HTTP/1.1" 200 51071
66.249.64.86 - - [21/Apr/2015:07:57:57 -0500] "GET /BLA/resoluciones/RESOLUCIONES%202013/1229.pdf HTTP/1.1" 304 -
190.25.70.198 - - [21/Apr/2015:07:57:57 -0500] "POST /forms/lservlet;jsessionid=ac16012b30d614318e96713744e791ea88a8a172d2ab.e3iSbxaKaheRe3eNbhaPbhuQa41ynknvrkLOlQzNp65In0 HTTP/1.1" 200 109
201.245.192.253 - - [21/Apr/2015:07:57:58 -0500] "GET /forest/session.jsp?a=0.6396623387740636 HTTP/1.1" 200 4
190.25.70.198 - - [21/Apr/2015:07:58:01 -0500] "POST /forms/lservlet;jsessionid=ac16012b30d614318e96713744e791ea88a8a172d2ab.e3iSbxaKaheRe3eNbhaPbhuQa41ynknvrkLOlQzNp65In0 HTTP/1.1" 200 90
190.25.70.198 - - [21/Apr/2015:07:58:06 -0500] "POST /forms/lservlet;jsessionid=ac16012b30d614318e96713744e791ea88a8a172d2ab.e3iSbxaKaheRe3eNbhaPbhuQa41ynknvrkLOlQzNp65In0 HTTP/1.1" 200 74
190.25.70.198 - - [21/Apr/2015:07:58:11 -0500] "POST /forms/lservlet;jsessionid=ac16012b30d614318e96713744e791ea88a8a172d2ab.e3iSbxaKaheRe3eNbhaPbhuQa41ynknvrkLOlQzNp65In0 HTTP/1.1" 200 72
190.25.70.198 - - [21/Apr/2015:07:58:13 -0500] "POST /forms/lservlet;jsessionid=ac16012b30d614318e96713744e791ea88a8a172d2ab.e3iSbxaKaheRe3eNbhaPbhuQa41ynknvrkLOlQzNp65In0 HTTP/1.1" 200 117
190.25.70.198 - - [21/Apr/2015:07:58:14 -0500] "POST /forms/lservlet;jsessionid=ac16012b30d614318e96713744e791ea88a8a172d2ab.e3iSbxaKaheRe3eNbhaPbhuQa41ynknvrkLOlQzNp65In0 HTTP/1.1" 200 2
190.25.70.198 - - [21/Apr/2015:07:58:15 -0500] "POST /forms/lservlet;jsessionid=ac16012b30d614318e96713744e791ea88a8a172d2ab.e3iSbxaKaheRe3eNbhaPbhuQa41ynknvrkLOlQzNp65In0 HTTP/1.1" 200 266
66.249.64.20 - - [21/Apr/2015:07:58:11 -0500] "GET /POT-2013/expediente/EXPEDIENTE%20DISTRITAL%20VIGENCIA%202011octubre%20final.pdf HTTP/1.1" 200 36716932
190.25.70.198 - - [21/Apr/2015:07:58:16 -0500] "POST /forms/lservlet;jsessionid=ac16012b30d614318e96713744e791ea88a8a172d2ab.e3iSbxaKaheRe3eNbhaPbhuQa41ynknvrkLOlQzNp65In0 HTTP/1.1" 200 1497
181.55.250.251 - - [21/Apr/2015:07:58:17 -0500] "GET /videos/galeria-fotografica/index21.html? HTTP/1.1" 200 1967
181.55.250.251 - - [21/Apr/2015:07:58:17 -0500] "GET /videos/galeria-fotografica/js/jquery-flickr-gallery/jquery-flickr.css HTTP/1.1" 200 711
181.55.250.251 - - [21/Apr/2015:07:58:17 -0500] "GET /videos/galeria-fotografica/js/jquery-flickr-gallery/jquery-flickr-gallery.js HTTP/1.1" 200 9050
190.25.70.198 - - [21/Apr/2015:07:58:20 -0500] "POST /forms/lservlet;jsessionid=ac16012b30d614318e96713744e791ea88a8a172d2ab.e3iSbxaKaheRe3eNbhaPbhuQa41ynknvrkLOlQzNp65In0 HTTP/1.1" 200 64000
190.25.70.198 - - [21/Apr/2015:07:58:20 -0500] "POST /forms/lservlet;jsessionid=ac16012b30d614318e96713744e791ea88a8a172d2ab.e3iSbxaKaheRe3eNbhaPbhuQa41ynknvrkLOlQzNp65In0 HTTP/1.1" 200 9083
190.25.70.198 - - [21/Apr/2015:07:58:22 -0500] "POST /forms/lservlet;jsessionid=ac16012b30d614318e96713744e791ea88a8a172d2ab.e3iSbxaKaheRe3eNbhaPbhuQa41ynknvrkLOlQzNp65In0 HTTP/1.1" 200 109
201.245.192.253 - - [21/Apr/2015:07:58:23 -0500] "GET /forest/skins/gdocs-jar/popup/escritorio/subirborrador.jsp?form=ElaborarDocumento&codTpl=&codBorr=579952&a=0.9752286354533731 HTTP/1.1" 200 23292
201.245.192.253 - - [21/Apr/2015:07:58:23 -0500] "GET /forest/json.do?query=borradoresByTpls&codInst=3117603&codTare=1464&firma=0&a=0.6716187126479919 HTTP/1.1" 200 188
201.245.192.253 - - [21/Apr/2015:07:58:23 -0500] "GET /forest/json.do?query=plantillasByTarea&codTare=1464&codInst=3117603&firma=0&a=0.0905942316094176 HTTP/1.1" 200 503
201.245.192.253 - - [21/Apr/2015:07:58:23 -0500] "GET /forest/json.do?query=terceroById&numTer=860010783&a=0.08433297573110854 HTTP/1.1" 200 678
201.245.192.253 - - [21/Apr/2015:07:58:23 -0500] "GET /forest/json.do?query=ultimoBorradorByTpl&codTpl=2309&codInst=3117603&a=0.7027129572027623 HTTP/1.1" 200 2
201.245.192.253 - - [21/Apr/2015:07:58:23 -0500] "GET /forest/json.do?query=datosBorradorByCodTraBorr&codTraBorr=1731713&a=0.5109001115400352 HTTP/1.1" 200 180
201.245.192.253 - - [21/Apr/2015:07:58:23 -0500] "GET /forest/json.do?query=adjuntosByBorrador&codTraBorr=1731713&a=0.2819158236018714 HTTP/1.1" 200 2
201.245.192.253 - - [21/Apr/2015:07:58:24 -0500] "GET /forest/json.do?query=ultimoBorradorByTpl&codTpl=781&codInst=3117603&a=0.42436802565425225 HTTP/1.1" 200 2
201.245.192.253 - - [21/Apr/2015:07:58:24 -0500] "GET /forest/json.do?query=ultimoBorradorByTpl&codTpl=1241&codInst=3117603&a=0.06720559582446761 HTTP/1.1" 200 20
201.245.192.253 - - [21/Apr/2015:07:58:24 -0500] "GET /forest/json.do?query=ultimoBorradorByTpl&codTpl=921&codInst=3117603&a=0.09580356878057361 HTTP/1.1" 200 2
190.25.70.198 - - [21/Apr/2015:07:58:26 -0500] "POST /forms/lservlet;jsessionid=ac16012b30d614318e96713744e791ea88a8a172d2ab.e3iSbxaKaheRe3eNbhaPbhuQa41ynknvrkLOlQzNp65In0 HTTP/1.1" 200 69
190.25.70.198 - - [21/Apr/2015:07:58:30 -0500] "POST /forms/lservlet;jsessionid=ac16012b30d614318e96713744e791ea88a8a172d2ab.e3iSbxaKaheRe3eNbhaPbhuQa41ynknvrkLOlQzNp65In0 HTTP/1.1" 200 74
201.245.192.253 - - [21/Apr/2015:07:58:39 -0500] "GET /galeria/galeria/jquery.fancybox.css?v=2.1.5 HTTP/1.1" 200 4895
201.245.192.253 - - [21/Apr/2015:07:58:39 -0500] "GET /galeria/carrusel/Carrusel/jquery.thumbnailScroller.css HTTP/1.1" 200 2066
201.245.192.253 - - [21/Apr/2015:07:58:39 -0500] "GET /BLA/boletinlegal/js/jquery.scrollShow.js HTTP/1.1" 200 4586
201.245.192.253 - - [21/Apr/2015:07:58:39 -0500] "GET /BLA/boletinlegal/js/jquery.scrollTo-min.js HTTP/1.1" 200 1150
201.245.192.253 - - [21/Apr/2015:07:58:39 -0500] "GET /galeria/carrusel/Carrusel/jquery-ui-1.8.13.custom.min.js HTTP/1.1" 200 10800
201.245.192.253 - - [21/Apr/2015:07:58:39 -0500] "GET /galeria/galeria/jquery.fancybox.js?v=2.1.5 HTTP/1.1" 200 48706
201.245.192.253 - - [21/Apr/2015:07:58:39 -0500] "GET /galeria/carrusel/Carrusel/jquery.thumbnailScroller.js HTTP/1.1" 200 8157
201.245.192.253 - - [21/Apr/2015:07:58:49 -0500] "GET /galeria/nivo-slider/demo/demo.html HTTP/1.1" 200 4881
201.245.192.253 - - [21/Apr/2015:07:58:49 -0500] "POST /forest/usutareas.do?group_system_actual=3 HTTP/1.1" 200 204
201.245.192.253 - - [21/Apr/2015:07:58:51 -0500] "GET /forest/usutareas.do?group_system_actual=3&a=0.05851175159554667 HTTP/1.1" 200 109056
201.245.192.253 - - [21/Apr/2015:07:58:52 -0500] "GET /forest/skins/gdocs-jar/js/formsBase.js?version=1503.161801 HTTP/1.1" 304 -
201.245.192.253 - - [21/Apr/2015:07:58:52 -0500] "GET /forest/img/forestIcon.gif?version=1503.161801 HTTP/1.1" 304 -
201.245.192.253 - - [21/Apr/2015:07:55:58 -0500] "GET /ForestMSG_SDA/channelAsync/template_word_17964302?X-Atmosphere-tracking-id=aad1517a-b1ec-a872-5fa5-b509e8f382e5&X-Atmosphere-Framework=1.0.5&X-Atmosphere-Transport=long-polling&tabid=0.5845312268204294&X-Cache-Date=0&Content-Type=application/xml&_=1429621063320 HTTP/1.1" 200 8193
190.25.70.198 - - [21/Apr/2015:07:58:52 -0500] "POST /forms/lservlet;jsessionid=ac16012b30d614318e96713744e791ea88a8a172d2ab.e3iSbxaKaheRe3eNbhaPbhuQa41ynknvrkLOlQzNp65In0 HTTP/1.1" 200 2
201.245.192.253 - - [21/Apr/2015:07:58:52 -0500] "GET /forest/session.jsp?a=0.4022435066161605 HTTP/1.1" 200 4
201.245.192.253 - - [21/Apr/2015:07:58:52 -0500] "GET /forest/actions/forms.getMappedValues?id=id_Numeracion1&value=1429621769857&codForm=ElaborarDocumento&a=0.572605237977583 HTTP/1.1" 200 107
74.86.158.107 - - [21/Apr/2015:07:58:53 -0500] "HEAD / HTTP/1.1" 200 -
201.245.192.253 - - [21/Apr/2015:07:58:53 -0500] "GET /forest/borrador/1731716/Borrador%20juridico%202015-04-21.docx HTTP/1.1" 200 58482
66.249.64.82 - - [21/Apr/2015:07:59:02 -0500] "GET /BLA/resoluciones/RESOLUCIONES%202006/RES%202006%20%202801-2850/00002843.tif HTTP/1.1" 200 274382
66.249.64.84 - - [21/Apr/2015:07:59:03 -0500] "GET /BLA/resoluciones/AUTOS%202012/1847.pdf HTTP/1.1" 200 285519
190.25.70.198 - - [21/Apr/2015:07:59:03 -0500] "POST /forms/lservlet;jsessionid=ac16012b30d614318e96713744e791ea88a8a172d2ab.e3iSbxaKaheRe3eNbhaPbhuQa41ynknvrkLOlQzNp65In0 HTTP/1.1" 200 2
190.25.70.198 - - [21/Apr/2015:07:59:04 -0500] "POST /forms/lservlet;jsessionid=ac16012b30d614318e96713744e791ea88a8a172d2ab.e3iSbxaKaheRe3eNbhaPbhuQa41ynknvrkLOlQzNp65In0 HTTP/1.1" 200 110
66.249.64.86 - - [21/Apr/2015:07:59:04 -0500] "GET /BLA/resoluciones/RESOLUCIONES%202012/0480.pdf HTTP/1.1" 200 286166
190.25.70.198 - - [21/Apr/2015:07:59:04 -0500] "POST /forms/lservlet;jsessionid=ac16012b30d614318e96713744e791ea88a8a172d2ab.e3iSbxaKaheRe3eNbhaPbhuQa41ynknvrkLOlQzNp65In0 HTTP/1.1" 200 2
66.249.64.84 - - [21/Apr/2015:07:59:05 -0500] "GET /BLA/resoluciones/AUTOS%202012/0200.pdf HTTP/1.1" 304 -
190.25.70.198 - - [21/Apr/2015:07:59:05 -0500] "POST /forms/lservlet;jsessionid=ac16012b30d614318e96713744e791ea88a8a172d2ab.e3iSbxaKaheRe3eNbhaPbhuQa41ynknvrkLOlQzNp65In0 HTTP/1.1" 200 2
190.25.70.198 - - [21/Apr/2015:07:59:05 -0500] "POST /forms/lservlet;jsessionid=ac16012b30d614318e96713744e791ea88a8a172d2ab.e3iSbxaKaheRe3eNbhaPbhuQa41ynknvrkLOlQzNp65In0 HTTP/1.1" 200 283
190.25.70.198 - - [21/Apr/2015:07:59:07 -0500] "POST /forms/lservlet;jsessionid=ac16012b30d614318e96713744e791ea88a8a172d2ab.e3iSbxaKaheRe3eNbhaPbhuQa41ynknvrkLOlQzNp65In0 HTTP/1.1" 200 72
66.249.64.84 - - [21/Apr/2015:07:59:08 -0500] "GET /BLA/resoluciones/AUTOS%202013/0038.pdf HTTP/1.1" 304 -
190.25.70.198 - - [21/Apr/2015:07:59:08 -0500] "POST /forms/lservlet;jsessionid=ac16012b30d614318e96713744e791ea88a8a172d2ab.e3iSbxaKaheRe3eNbhaPbhuQa41ynknvrkLOlQzNp65In0 HTTP/1.1" 200 1623
186.28.7.10 - - [21/Apr/2015:07:59:10 -0500] "GET /galeria/galeria/jquery.fancybox.css?v=2.1.5 HTTP/1.1" 200 4895
186.28.7.10 - - [21/Apr/2015:07:59:10 -0500] "GET /BLA/boletinlegal/js/jquery.scrollTo-min.js HTTP/1.1" 200 1150
186.28.7.10 - - [21/Apr/2015:07:59:10 -0500] "GET /BLA/boletinlegal/js/jquery.scrollShow.js HTTP/1.1" 200 4586
186.28.7.10 - - [21/Apr/2015:07:59:10 -0500] "GET /galeria/galeria/jquery.fancybox.js?v=2.1.5 HTTP/1.1" 200 48706
201.245.192.253 - - [21/Apr/2015:07:59:10 -0500] "POST /forest/usutareas.do? HTTP/1.1" 200 76
201.245.192.253 - - [21/Apr/2015:07:59:11 -0500] "GET /forest/usutareas.do?group_system_actual=3&a=0.6244940025742125 HTTP/1.1" 200 19549
201.245.192.253 - - [21/Apr/2015:07:59:12 -0500] "GET /forest/img/forestIcon.gif?version=1503.161801 HTTP/1.1" 304 -
201.245.192.253 - - [21/Apr/2015:07:59:12 -0500] "GET /forest/session.jsp?a=0.667973881012694 HTTP/1.1" 200 4
201.245.192.253 - - [21/Apr/2015:07:59:12 -0500] "POST /forms/lservlet;jsessionid=ac16012b30d6423794d3411d49c08f5bc061d328b442.e3iSbxaKaheRe3eNbhaPbhuQa41ynknvrkLOlQzNp65In0 HTTP/1.1" 200 2
190.25.70.198 - - [21/Apr/2015:07:59:13 -0500] "POST /forms/lservlet;jsessionid=ac16012b30d614318e96713744e791ea88a8a172d2ab.e3iSbxaKaheRe3eNbhaPbhuQa41ynknvrkLOlQzNp65In0 HTTP/1.1" 200 64
201.245.192.253 - - [21/Apr/2015:07:59:14 -0500] "GET /forest/reportes.do?group_system_actual=5&_a=0.2420264372394686 HTTP/1.1" 302 -
201.245.192.253 - - [21/Apr/2015:07:59:14 -0500] "GET /forest/reportes.do?menu=1&group_system_actual=5 HTTP/1.1" 200 32450
201.245.192.253 - - [21/Apr/2015:07:59:14 -0500] "GET /forest/session.jsp?a=0.09337293028906535 HTTP/1.1" 200 4
201.245.192.253 - - [21/Apr/2015:07:59:14 -0500] "GET /forest/parameter?action=listRpts&a=0.5744504483084355 HTTP/1.1" 200 76435
190.25.70.198 - - [21/Apr/2015:07:59:17 -0500] "POST /forms/lservlet;jsessionid=ac16012b30d614318e96713744e791ea88a8a172d2ab.e3iSbxaKaheRe3eNbhaPbhuQa41ynknvrkLOlQzNp65In0 HTTP/1.1" 200 64
201.245.192.253 - - [21/Apr/2015:07:59:17 -0500] "GET /forest/parameter?action=parametersReportMDX&id_rpt=117&currentTab=tab_presentacion&a=0.5796782469170331 HTTP/1.1" 200 6434
190.66.17.195 - - [21/Apr/2015:07:59:18 -0500] "GET /galeria/galeria/jquery.fancybox.css?v=2.1.5 HTTP/1.1" 200 4895
190.66.17.195 - - [21/Apr/2015:07:59:18 -0500] "GET /galeria/galeria/jquery.fancybox.js?v=2.1.5 HTTP/1.1" 200 48706
190.66.17.195 - - [21/Apr/2015:07:59:18 -0500] "GET /BLA/boletinlegal/js/jquery.scrollTo-min.js HTTP/1.1" 304 -
190.66.17.195 - - [21/Apr/2015:07:59:18 -0500] "GET /BLA/boletinlegal/js/jquery.scrollShow.js HTTP/1.1" 304 -
186.28.7.10 - - [21/Apr/2015:07:59:18 -0500] "GET /galeria/galeria/jquery.fancybox.css?v=2.1.5 HTTP/1.1" 304 -
186.28.7.10 - - [21/Apr/2015:07:59:18 -0500] "GET /BLA/boletinlegal/js/jquery.scrollTo-min.js HTTP/1.1" 304 -
186.28.7.10 - - [21/Apr/2015:07:59:18 -0500] "GET /BLA/boletinlegal/js/jquery.scrollShow.js HTTP/1.1" 304 -
190.25.70.198 - - [21/Apr/2015:07:59:18 -0500] "POST /forms/lservlet;jsessionid=ac16012b30d614318e96713744e791ea88a8a172d2ab.e3iSbxaKaheRe3eNbhaPbhuQa41ynknvrkLOlQzNp65In0 HTTP/1.1" 200 950
186.28.7.10 - - [21/Apr/2015:07:59:18 -0500] "GET /galeria/galeria/jquery.fancybox.js?v=2.1.5 HTTP/1.1" 304 -
190.25.70.198 - - [21/Apr/2015:07:59:19 -0500] "POST /forms/lservlet;jsessionid=ac16012b30d614318e96713744e791ea88a8a172d2ab.e3iSbxaKaheRe3eNbhaPbhuQa41ynknvrkLOlQzNp65In0 HTTP/1.1" 200 1334
190.25.96.125 - - [21/Apr/2015:07:59:20 -0500] "GET /galeria/galeria/jquery.fancybox.css?v=2.1.5 HTTP/1.1" 200 4895
190.25.96.125 - - [21/Apr/2015:07:59:20 -0500] "GET /BLA/boletinlegal/js/jquery.scrollTo-min.js HTTP/1.1" 200 1150
190.25.96.125 - - [21/Apr/2015:07:59:20 -0500] "GET /BLA/boletinlegal/js/jquery.scrollShow.js HTTP/1.1" 200 4586
190.25.96.125 - - [21/Apr/2015:07:59:20 -0500] "GET /galeria/carrusel/Carrusel/jquery-ui-1.8.13.custom.min.js HTTP/1.1" 200 10800
190.25.96.125 - - [21/Apr/2015:07:59:20 -0500] "GET /galeria/carrusel/Carrusel/jquery.thumbnailScroller.css HTTP/1.1" 200 2066
190.25.96.125 - - [21/Apr/2015:07:59:20 -0500] "GET /galeria/galeria/jquery.fancybox.js?v=2.1.5 HTTP/1.1" 200 48706
190.25.96.125 - - [21/Apr/2015:07:59:20 -0500] "GET /galeria/carrusel/Carrusel/jquery.thumbnailScroller.js HTTP/1.1" 200 8157
190.25.96.125 - - [21/Apr/2015:07:59:22 -0500] "GET /galeria/nivo-slider/demo/demo.html HTTP/1.1" 200 4881
66.249.64.84 - - [21/Apr/2015:07:59:22 -0500] "GET /BLA/resoluciones/RESOLUCIONES%202012/0641.pdf HTTP/1.1" 200 638556
190.84.185.167 - - [21/Apr/2015:07:59:22 -0500] "POST /forest/usutareas.do? HTTP/1.1" 200 76
190.25.70.198 - - [21/Apr/2015:07:59:24 -0500] "POST /forms/lservlet;jsessionid=ac16012b30d614318e96713744e791ea88a8a172d2ab.e3iSbxaKaheRe3eNbhaPbhuQa41ynknvrkLOlQzNp65In0 HTTP/1.1" 200 918
190.84.185.167 - - [21/Apr/2015:07:59:24 -0500] "GET /forest/usutareas.do?group_system_actual=3&a=0.5030829592142254 HTTP/1.1" 200 115974
190.84.185.167 - - [21/Apr/2015:07:59:24 -0500] "GET /forest/skins/gdocs-jar/img/plus.gif HTTP/1.1" 304 -
190.84.185.167 - - [21/Apr/2015:07:59:24 -0500] "GET /forest/skins/gdocs-jar/img/pencil.png HTTP/1.1" 304 -
190.84.185.167 - - [21/Apr/2015:07:59:24 -0500] "GET /forest/skins/gdocs-jar/img/minus.png HTTP/1.1" 304 -
190.84.185.167 - - [21/Apr/2015:07:59:24 -0500] "GET /forest/session.jsp?a=0.6783005993347615 HTTP/1.1" 200 4
190.84.185.167 - - [21/Apr/2015:07:59:24 -0500] "GET /forest/actions/forms.getMappedValues?id=id_EnlaceConcejo173&value=1429622052263&codForm=DPC_RepartoConsolidador&a=0.8251159957144409 HTTP/1.1" 200 24
190.25.70.198 - - [21/Apr/2015:07:59:25 -0500] "POST /forms/lservlet;jsessionid=ac16012b30d614318e96713744e791ea88a8a172d2ab.e3iSbxaKaheRe3eNbhaPbhuQa41ynknvrkLOlQzNp65In0 HTTP/1.1" 200 884
190.25.70.198 - - [21/Apr/2015:07:59:25 -0500] "POST /forms/lservlet;jsessionid=ac16012b30d614318e96713744e791ea88a8a172d2ab.e3iSbxaKaheRe3eNbhaPbhuQa41ynknvrkLOlQzNp65In0 HTTP/1.1" 200 897
201.245.192.253 - - [21/Apr/2015:07:59:26 -0500] "POST /forest/frameset? HTTP/1.1" 200 53249
190.25.70.198 - - [21/Apr/2015:07:59:26 -0500] "POST /forms/lservlet;jsessionid=ac16012b30d614318e96713744e791ea88a8a172d2ab.e3iSbxaKaheRe3eNbhaPbhuQa41ynknvrkLOlQzNp65In0 HTTP/1.1" 200 1253
201.245.192.253 - - [21/Apr/2015:07:59:26 -0500] "GET /forestReports/webcontent/birt/pages/common/processing.jsp?__rtl=false HTTP/1.1" 200 719
190.84.185.167 - - [21/Apr/2015:07:59:27 -0500] "GET /forest/actions/forms.getList?codForm=DPC_RepartoConsolidador&id=funcionarioasignado&text=J HTTP/1.1" 200 1262
190.84.185.167 - - [21/Apr/2015:07:59:27 -0500] "GET /forest/actions/forms.getList?codForm=DPC_RepartoConsolidador&id=funcionarioasignado&text=JO HTTP/1.1" 200 1257
190.25.96.125 - - [21/Apr/2015:07:59:27 -0500] "GET /galeria/nivo-slider/themes/default/default.css HTTP/1.1" 200 1569
190.25.96.125 - - [21/Apr/2015:07:59:27 -0500] "GET /galeria/nivo-slider/themes/pascal/pascal.css HTTP/1.1" 200 2258
190.25.96.125 - - [21/Apr/2015:07:59:27 -0500] "GET /galeria/nivo-slider/themes/orman/orman.css HTTP/1.1" 200 2152
190.25.96.125 - - [21/Apr/2015:07:59:27 -0500] "GET /galeria/nivo-slider/nivo-slider.css HTTP/1.1" 200 1507
190.25.96.125 - - [21/Apr/2015:07:59:27 -0500] "GET /galeria/nivo-slider/demo/style.css HTTP/1.1" 200 2222
190.84.185.167 - - [21/Apr/2015:07:59:27 -0500] "GET /forest/actions/forms.getList?codForm=DPC_RepartoConsolidador&id=funcionarioasignado&text=JOS HTTP/1.1" 200 1219
190.25.96.125 - - [21/Apr/2015:07:59:27 -0500] "GET /galeria/nivo-slider/demo/scripts/jquery-1.7.1.min.js HTTP/1.1" 200 93868
201.245.192.253 - - [21/Apr/2015:07:59:26 -0500] "POST /forest/frameset?__toolbar=true&__report=forest%2Frpts%2F117.rptdesign&__app=forest&__format=&__sessionId=20150421_080547_626&__dpi=96 HTTP/1.1" 200 14082
190.25.96.125 - - [21/Apr/2015:07:59:27 -0500] "GET /galeria/nivo-slider/jquery.nivo.slider.pack.js HTTP/1.1" 200 11561
