201.245.192.253 - - [21/Apr/2015:07:51:26 -0500] "GET /forest/session.jsp?a=0.3609002359964577 HTTP/1.1" 200 4
190.24.148.157 - - [21/Apr/2015:07:51:26 -0500] "GET /BLA/boletinlegal/js/jquery.scrollShow.js HTTP/1.1" 304 -
190.24.148.157 - - [21/Apr/2015:07:51:26 -0500] "GET /galeria/galeria/jquery.fancybox.css?v=2.1.5 HTTP/1.1" 200 4895
190.24.148.157 - - [21/Apr/2015:07:51:26 -0500] "GET /galeria/carrusel/Carrusel/jquery.thumbnailScroller.js HTTP/1.1" 304 -
190.24.148.157 - - [21/Apr/2015:07:51:26 -0500] "GET /galeria/carrusel/Carrusel/jquery.thumbnailScroller.css HTTP/1.1" 304 -
190.24.148.157 - - [21/Apr/2015:07:51:26 -0500] "GET /galeria/carrusel/Carrusel/jquery-ui-1.8.13.custom.min.js HTTP/1.1" 304 -
190.24.148.157 - - [21/Apr/2015:07:51:26 -0500] "GET /galeria/galeria/jquery.fancybox.js?v=2.1.5 HTTP/1.1" 200 48706
190.24.148.157 - - [21/Apr/2015:07:51:28 -0500] "GET /galeria/nivo-slider/demo/demo.html HTTP/1.1" 200 4881
190.24.148.157 - - [21/Apr/2015:07:51:28 -0500] "GET /galeria/nivo-slider/themes/orman/orman.css HTTP/1.1" 304 -
190.24.148.157 - - [21/Apr/2015:07:51:28 -0500] "GET /galeria/nivo-slider/themes/pascal/pascal.css HTTP/1.1" 304 -
190.24.148.157 - - [21/Apr/2015:07:51:28 -0500] "GET /galeria/nivo-slider/themes/default/default.css HTTP/1.1" 304 -
190.24.148.157 - - [21/Apr/2015:07:51:28 -0500] "GET /galeria/nivo-slider/nivo-slider.css HTTP/1.1" 304 -
190.24.148.157 - - [21/Apr/2015:07:51:28 -0500] "GET /galeria/nivo-slider/demo/scripts/jquery-1.7.1.min.js HTTP/1.1" 304 -
190.24.148.157 - - [21/Apr/2015:07:51:28 -0500] "GET /galeria/nivo-slider/jquery.nivo.slider.pack.js HTTP/1.1" 304 -
190.24.148.157 - - [21/Apr/2015:07:51:28 -0500] "GET /galeria/nivo-slider/demo/style.css HTTP/1.1" 304 -
190.24.148.157 - - [21/Apr/2015:07:51:28 -0500] "GET /galeria/nivo-slider/demo/images/ecolectaabril20.jpg HTTP/1.1" 304 -
190.24.148.157 - - [21/Apr/2015:07:51:28 -0500] "GET /galeria/nivo-slider/demo/images/marcha2015.jpg HTTP/1.1" 304 -
190.24.148.157 - - [21/Apr/2015:07:51:28 -0500] "GET /galeria/nivo-slider/demo/images/pedaleando-por-la-tierra.jpg HTTP/1.1" 304 -
190.24.148.157 - - [21/Apr/2015:07:51:28 -0500] "GET /galeria/nivo-slider/demo/images/no-sea-victima.jpg HTTP/1.1" 304 -
190.24.148.157 - - [21/Apr/2015:07:51:28 -0500] "GET /galeria/nivo-slider/demo/images/Convocatoria_recicladores.jpg HTTP/1.1" 304 -
190.24.148.157 - - [21/Apr/2015:07:51:28 -0500] "GET /galeria/nivo-slider/demo/images/acuerdo_569.jpg HTTP/1.1" 304 -
190.24.148.157 - - [21/Apr/2015:07:51:28 -0500] "GET /galeria/nivo-slider/demo/images/Licitaciones-proyecto-paramo.jpg HTTP/1.1" 304 -
190.24.148.157 - - [21/Apr/2015:07:51:28 -0500] "GET /galeria/nivo-slider/demo/images/Banner-decreto1299.jpg HTTP/1.1" 304 -
190.24.148.157 - - [21/Apr/2015:07:51:28 -0500] "GET /galeria/nivo-slider/demo/images/Banner-Directorio.jpg HTTP/1.1" 200 182068
190.24.148.157 - - [21/Apr/2015:07:51:28 -0500] "GET /galeria/nivo-slider/demo/images/banner-V2.jpg HTTP/1.1" 304 -
190.24.148.157 - - [21/Apr/2015:07:51:28 -0500] "GET /galeria/nivo-slider/demo/images/Ruta-vertimientos-01.jpg HTTP/1.1" 200 130151
190.24.148.157 - - [21/Apr/2015:07:51:28 -0500] "GET /galeria/nivo-slider/demo/images/bolsas-06.jpg HTTP/1.1" 304 -
190.24.148.157 - - [21/Apr/2015:07:51:28 -0500] "GET /galeria/nivo-slider/demo/images/bolsas-08.jpg HTTP/1.1" 304 -
190.24.148.157 - - [21/Apr/2015:07:51:28 -0500] "GET /galeria/nivo-slider/demo/images/redes_sociales.jpg HTTP/1.1" 304 -
190.24.148.157 - - [21/Apr/2015:07:51:28 -0500] "GET /galeria/nivo-slider/demo/images/Conoce-los-humedales.jpg HTTP/1.1" 200 294036
190.24.148.157 - - [21/Apr/2015:07:51:28 -0500] "GET /galeria/nivo-slider/demo/images/Tingua-azul.jpg HTTP/1.1" 200 307638
190.24.148.157 - - [21/Apr/2015:07:51:28 -0500] "GET /galeria/nivo-slider/demo/images/ecolecta-Dic2014.png HTTP/1.1" 200 288593
190.24.148.157 - - [21/Apr/2015:07:51:28 -0500] "GET /galeria/nivo-slider/demo/images/porloshumedales.jpg HTTP/1.1" 200 351238
190.24.148.157 - - [21/Apr/2015:07:51:28 -0500] "GET /galeria/nivo-slider/demo/images/banner-llantas2.jpg HTTP/1.1" 200 73153
190.24.148.157 - - [21/Apr/2015:07:51:28 -0500] "GET /galeria/nivo-slider/demo/images/9Signos.jpg HTTP/1.1" 200 81776
190.24.148.157 - - [21/Apr/2015:07:51:28 -0500] "GET /galeria/nivo-slider/demo/images/4Simple_Slider.png HTTP/1.1" 304 -
190.24.148.157 - - [21/Apr/2015:07:51:28 -0500] "GET /galeria/nivo-slider/themes/default/loading.gif HTTP/1.1" 304 -
190.24.148.157 - - [21/Apr/2015:07:51:29 -0500] "GET /videos/DiadelatierraHD_1min.flv HTTP/1.1" 200 7316200
66.249.64.86 - - [21/Apr/2015:07:51:34 -0500] "GET /BLA/resoluciones/RESOLUCIONES%202007/RES%202007%201301%20AL%201400/RESOLUCION%201373%20DE%202007.pdf HTTP/1.1" 200 330053
190.84.185.167 - - [21/Apr/2015:07:51:37 -0500] "GET /forest/skins/gdocs-jar/popup/popup.jsp?width=1100&height=500&title=Buscar%20documentos&uri=/forest/buscar.do%3Ftype%3Ddocumentos&name=undefined&_a=0.06273333332501352&a=0.17267719469964504 HTTP/1.1" 200 1300
190.84.185.167 - - [21/Apr/2015:07:51:37 -0500] "GET /forest/buscar.do?type=documentos HTTP/1.1" 200 14695
190.84.185.167 - - [21/Apr/2015:07:51:37 -0500] "GET /forest/buscar.do?type=documentos HTTP/1.1" 200 85134
190.84.185.167 - - [21/Apr/2015:07:51:37 -0500] "GET /forest/json.do?query=usersByDep&coddep=2013 HTTP/1.1" 200 6956
190.84.185.167 - - [21/Apr/2015:07:51:37 -0500] "GET /forest/json.do?query=versionListadas HTTP/1.1" 200 15
190.84.185.167 - - [21/Apr/2015:07:51:37 -0500] "GET /forest/json.do?query=usersByDep&coddep=2013 HTTP/1.1" 200 6956
190.84.185.167 - - [21/Apr/2015:07:51:38 -0500] "GET /forest/json.do?query=procesIniciales HTTP/1.1" 200 10282
190.84.185.167 - - [21/Apr/2015:07:51:38 -0500] "GET /forest/json.do?query=bpmnIniciales HTTP/1.1" 200 775
190.84.185.167 - - [21/Apr/2015:07:51:41 -0500] "POST /forest/buscar.do? HTTP/1.1" 200 9902
190.26.64.48 - - [21/Apr/2015:07:51:43 -0500] "GET /galeria/galeria/jquery.fancybox.js?v=2.1.5 HTTP/1.1" 304 -
190.26.64.48 - - [21/Apr/2015:07:51:43 -0500] "GET /galeria/galeria/jquery.fancybox.css?v=2.1.5 HTTP/1.1" 304 -
186.154.196.202 - - [21/Apr/2015:07:51:44 -0500] "GET /BLA/boletinlegal/js/jquery.scrollShow.js HTTP/1.0" 200 4586
186.154.196.202 - - [21/Apr/2015:07:51:44 -0500] "GET /BLA/boletinlegal/js/jquery.scrollTo-min.js HTTP/1.0" 304 -
186.154.196.202 - - [21/Apr/2015:07:51:44 -0500] "GET /galeria/galeria/jquery.fancybox.css?v=2.1.5 HTTP/1.0" 200 4895
186.154.196.202 - - [21/Apr/2015:07:51:44 -0500] "GET /galeria/galeria/jquery.fancybox.js?v=2.1.5 HTTP/1.0" 200 48706
186.154.196.202 - - [21/Apr/2015:07:51:48 -0500] "GET /BLA/boletinlegal/js/jquery.scrollShow.js HTTP/1.0" 304 -
186.154.196.202 - - [21/Apr/2015:07:51:48 -0500] "GET /galeria/galeria/jquery.fancybox.js?v=2.1.5 HTTP/1.0" 304 -
186.154.196.202 - - [21/Apr/2015:07:51:48 -0500] "GET /BLA/boletinlegal/js/jquery.scrollTo-min.js HTTP/1.0" 304 -
186.154.196.202 - - [21/Apr/2015:07:51:48 -0500] "GET /galeria/galeria/jquery.fancybox.css?v=2.1.5 HTTP/1.0" 304 -
66.249.64.86 - - [21/Apr/2015:07:51:48 -0500] "GET /BLA/resoluciones/AUTOS%202010/5384.pdf HTTP/1.1" 304 -
186.154.253.106 - - [21/Apr/2015:07:51:55 -0500] "GET /forest/session.jsp?a=0.5022661718539894 HTTP/1.1" 200 4
201.245.192.253 - - [21/Apr/2015:07:52:01 -0500] "GET /galeria/nivo-slider/demo/demo.html HTTP/1.1" 304 -
201.245.192.253 - - [21/Apr/2015:07:52:02 -0500] "GET /galeria/nivo-slider/demo/images/pedaleando-por-la-tierra.jpg HTTP/1.1" 304 -
201.245.192.253 - - [21/Apr/2015:07:52:02 -0500] "GET /galeria/nivo-slider/demo/images/ecolectaabril20.jpg HTTP/1.1" 304 -
66.249.64.84 - - [21/Apr/2015:07:52:02 -0500] "GET /BLA/resoluciones/RESOLUCIONES%202009/3057.pdf HTTP/1.1" 200 517149
191.95.248.246 - - [21/Apr/2015:07:52:04 -0500] "GET /videos/galeria-fotografica/index21.html? HTTP/1.1" 200 1967
191.95.248.246 - - [21/Apr/2015:07:52:04 -0500] "GET /videos/galeria-fotografica/js/jquery-flickr-gallery/jquery-flickr.css HTTP/1.1" 200 711
191.95.248.246 - - [21/Apr/2015:07:52:04 -0500] "GET /videos/galeria-fotografica/js/jquery-flickr-gallery/jquery-flickr-gallery.js HTTP/1.1" 200 9050
191.95.248.246 - - [21/Apr/2015:07:52:06 -0500] "GET /videos/galeria-fotografica/js/jquery-flickr-gallery/loader.gif HTTP/1.1" 200 2129
66.249.64.82 - - [21/Apr/2015:07:52:16 -0500] "GET /BLA/resoluciones/RESOLUCIONES%202008/1548.pdf HTTP/1.1" 200 325607
190.25.70.198 - - [21/Apr/2015:07:52:16 -0500] "POST /forms/lservlet;jsessionid=ac16012b30d614318e96713744e791ea88a8a172d2ab.e3iSbxaKaheRe3eNbhaPbhuQa41ynknvrkLOlQzNp65In0 HTTP/1.1" 200 64000
190.25.70.198 - - [21/Apr/2015:07:52:17 -0500] "POST /forms/lservlet;jsessionid=ac16012b30d614318e96713744e791ea88a8a172d2ab.e3iSbxaKaheRe3eNbhaPbhuQa41ynknvrkLOlQzNp65In0 HTTP/1.1" 200 24964
190.25.70.198 - - [21/Apr/2015:07:52:17 -0500] "POST /forms/lservlet;jsessionid=ac16012b30d614318e96713744e791ea88a8a172d2ab.e3iSbxaKaheRe3eNbhaPbhuQa41ynknvrkLOlQzNp65In0 HTTP/1.1" 200 8
190.25.70.198 - - [21/Apr/2015:07:52:17 -0500] "POST /forms/lservlet;jsessionid=ac16012b30d614318e96713744e791ea88a8a172d2ab.e3iSbxaKaheRe3eNbhaPbhuQa41ynknvrkLOlQzNp65In0 HTTP/1.1" 200 2
190.25.70.198 - - [21/Apr/2015:07:52:23 -0500] "POST /forms/lservlet;jsessionid=ac16012b30d614318e96713744e791ea88a8a172d2ab.e3iSbxaKaheRe3eNbhaPbhuQa41ynknvrkLOlQzNp65In0 HTTP/1.1" 200 62
181.236.249.24 - - [21/Apr/2015:07:52:24 -0500] "GET /galeria/galeria/jquery.fancybox.css?v=2.1.5 HTTP/1.1" 200 4895
181.236.249.24 - - [21/Apr/2015:07:52:24 -0500] "GET /BLA/boletinlegal/js/jquery.scrollShow.js HTTP/1.1" 200 4586
181.236.249.24 - - [21/Apr/2015:07:52:24 -0500] "GET /BLA/boletinlegal/js/jquery.scrollTo-min.js HTTP/1.1" 200 1150
181.236.249.24 - - [21/Apr/2015:07:52:24 -0500] "GET /galeria/galeria/jquery.fancybox.js?v=2.1.5 HTTP/1.1" 200 48706
190.25.70.198 - - [21/Apr/2015:07:52:25 -0500] "POST /forms/lservlet;jsessionid=ac16012b30d614318e96713744e791ea88a8a172d2ab.e3iSbxaKaheRe3eNbhaPbhuQa41ynknvrkLOlQzNp65In0 HTTP/1.1" 200 109
66.249.64.82 - - [21/Apr/2015:07:52:31 -0500] "GET /BLA/resoluciones/RESOLUCIONES%202009/5866.pdf HTTP/1.1" 304 -
201.245.192.253 - - [21/Apr/2015:07:52:34 -0500] "GET /galeria/carrusel/Carrusel/jquery.thumbnailScroller.css HTTP/1.1" 304 -
201.245.192.253 - - [21/Apr/2015:07:52:34 -0500] "GET /galeria/carrusel/Carrusel/jquery-ui-1.8.13.custom.min.js HTTP/1.1" 304 -
201.245.192.253 - - [21/Apr/2015:07:52:34 -0500] "GET /galeria/carrusel/Carrusel/jquery.thumbnailScroller.js HTTP/1.1" 304 -
190.25.70.198 - - [21/Apr/2015:07:52:34 -0500] "POST /forms/lservlet;jsessionid=ac16012b30d614318e96713744e791ea88a8a172d2ab.e3iSbxaKaheRe3eNbhaPbhuQa41ynknvrkLOlQzNp65In0 HTTP/1.1" 200 90
201.245.192.253 - - [21/Apr/2015:07:52:35 -0500] "GET /galeria/nivo-slider/demo/demo.html HTTP/1.1" 304 -
201.245.192.253 - - [21/Apr/2015:07:52:35 -0500] "GET /galeria/nivo-slider/themes/default/default.css HTTP/1.1" 304 -
201.245.192.253 - - [21/Apr/2015:07:52:35 -0500] "GET /galeria/nivo-slider/demo/images/ecolectaabril20.jpg HTTP/1.1" 304 -
201.245.192.253 - - [21/Apr/2015:07:52:35 -0500] "GET /galeria/nivo-slider/demo/images/pedaleando-por-la-tierra.jpg HTTP/1.1" 304 -
201.245.192.253 - - [21/Apr/2015:07:52:35 -0500] "GET /galeria/nivo-slider/demo/images/Banner-decreto1299.jpg HTTP/1.1" 304 -
201.245.192.253 - - [21/Apr/2015:07:52:35 -0500] "GET /galeria/nivo-slider/demo/images/Ruta-vertimientos-01.jpg HTTP/1.1" 304 -
201.245.192.253 - - [21/Apr/2015:07:52:35 -0500] "GET /galeria/nivo-slider/demo/images/bolsas-06.jpg HTTP/1.1" 304 -
201.245.192.253 - - [21/Apr/2015:07:52:35 -0500] "GET /galeria/nivo-slider/demo/images/bolsas-08.jpg HTTP/1.1" 304 -
201.245.192.253 - - [21/Apr/2015:07:52:35 -0500] "GET /galeria/nivo-slider/demo/images/redes_sociales.jpg HTTP/1.1" 304 -
201.245.192.253 - - [21/Apr/2015:07:52:35 -0500] "GET /galeria/nivo-slider/demo/images/ecolecta-Dic2014.png HTTP/1.1" 304 -
201.245.192.253 - - [21/Apr/2015:07:52:35 -0500] "GET /galeria/nivo-slider/demo/images/porloshumedales.jpg HTTP/1.1" 304 -
201.245.192.253 - - [21/Apr/2015:07:52:35 -0500] "GET /galeria/nivo-slider/demo/images/Tingua-azul.jpg HTTP/1.1" 304 -
201.245.192.253 - - [21/Apr/2015:07:52:35 -0500] "GET /galeria/nivo-slider/demo/images/banner-llantas2.jpg HTTP/1.1" 304 -
201.245.192.253 - - [21/Apr/2015:07:52:36 -0500] "GET /galeria/nivo-slider/themes/default/bullets.png HTTP/1.1" 304 -
201.245.192.253 - - [21/Apr/2015:07:52:36 -0500] "GET /galeria/nivo-slider/themes/default/arrows.png HTTP/1.1" 304 -
190.158.151.183 - - [21/Apr/2015:07:52:37 -0500] "GET /BLA/resoluciones/AUTOS%202012/1995.pdf HTTP/1.1" 200 1636459
190.25.70.198 - - [21/Apr/2015:07:52:38 -0500] "POST /forms/lservlet;jsessionid=ac16012b30d614318e96713744e791ea88a8a172d2ab.e3iSbxaKaheRe3eNbhaPbhuQa41ynknvrkLOlQzNp65In0 HTTP/1.1" 200 74
66.249.64.84 - - [21/Apr/2015:07:52:45 -0500] "GET /BLA/resoluciones/AUTOS%202013/2399.pdf HTTP/1.1" 200 1866820
200.118.210.117 - - [21/Apr/2015:07:52:50 -0500] "GET /galeria/galeria/jquery.fancybox.css?v=2.1.5 HTTP/1.1" 200 4895
200.118.210.117 - - [21/Apr/2015:07:52:50 -0500] "GET /galeria/carrusel/Carrusel/jquery.thumbnailScroller.css HTTP/1.1" 200 2066
200.118.210.117 - - [21/Apr/2015:07:52:50 -0500] "GET /BLA/boletinlegal/js/jquery.scrollShow.js HTTP/1.1" 200 4586
200.118.210.117 - - [21/Apr/2015:07:52:50 -0500] "GET /BLA/boletinlegal/js/jquery.scrollTo-min.js HTTP/1.1" 200 1150
190.84.185.167 - - [21/Apr/2015:07:52:50 -0500] "GET /forest/usutareas.do?_a=0.22955003217794&group_system_actual=3 HTTP/1.1" 200 113454
200.118.210.117 - - [21/Apr/2015:07:52:50 -0500] "GET /galeria/galeria/jquery.fancybox.js?v=2.1.5 HTTP/1.1" 200 48706
200.118.210.117 - - [21/Apr/2015:07:52:50 -0500] "GET /galeria/carrusel/Carrusel/jquery-ui-1.8.13.custom.min.js HTTP/1.1" 200 10800
190.84.185.167 - - [21/Apr/2015:07:52:50 -0500] "GET /forest/session.jsp?a=0.0824395555537194 HTTP/1.1" 200 4
200.118.210.117 - - [21/Apr/2015:07:52:51 -0500] "GET /galeria/carrusel/Carrusel/jquery.thumbnailScroller.js HTTP/1.1" 200 8157
190.25.70.198 - - [21/Apr/2015:07:52:52 -0500] "POST /forms/lservlet;jsessionid=ac16012b30d614318e96713744e791ea88a8a172d2ab.e3iSbxaKaheRe3eNbhaPbhuQa41ynknvrkLOlQzNp65In0 HTTP/1.1" 200 2
200.118.210.117 - - [21/Apr/2015:07:52:53 -0500] "GET /galeria/nivo-slider/demo/demo.html HTTP/1.1" 200 4881
201.245.192.253 - - [21/Apr/2015:07:52:55 -0500] "GET /forest/index2.jsp?_a=0.35431082642879885 HTTP/1.1" 200 114082
201.245.192.253 - - [21/Apr/2015:07:52:55 -0500] "GET /forest/img/forestIcon.gif?version=1503.161801 HTTP/1.1" 304 -
201.245.192.253 - - [21/Apr/2015:07:52:55 -0500] "GET /forest/session.jsp?a=0.4967597065697288 HTTP/1.1" 200 4
200.118.210.117 - - [21/Apr/2015:07:52:56 -0500] "GET /galeria/nivo-slider/themes/default/default.css HTTP/1.1" 200 1569
200.118.210.117 - - [21/Apr/2015:07:52:56 -0500] "GET /galeria/nivo-slider/themes/pascal/pascal.css HTTP/1.1" 200 2258
200.118.210.117 - - [21/Apr/2015:07:52:56 -0500] "GET /galeria/nivo-slider/themes/orman/orman.css HTTP/1.1" 200 2152
200.118.210.117 - - [21/Apr/2015:07:52:56 -0500] "GET /galeria/nivo-slider/nivo-slider.css HTTP/1.1" 200 1507
200.118.210.117 - - [21/Apr/2015:07:52:56 -0500] "GET /galeria/nivo-slider/demo/style.css HTTP/1.1" 200 2222
200.118.210.117 - - [21/Apr/2015:07:52:56 -0500] "GET /galeria/nivo-slider/demo/scripts/jquery-1.7.1.min.js HTTP/1.1" 200 93868
200.118.210.117 - - [21/Apr/2015:07:52:56 -0500] "GET /galeria/nivo-slider/jquery.nivo.slider.pack.js HTTP/1.1" 200 11561
200.118.210.117 - - [21/Apr/2015:07:52:56 -0500] "GET /galeria/nivo-slider/demo/images/ecolectaabril20.jpg HTTP/1.1" 200 72606
200.118.210.117 - - [21/Apr/2015:07:52:56 -0500] "GET /galeria/nivo-slider/demo/images/pedaleando-por-la-tierra.jpg HTTP/1.1" 200 234362
200.118.210.117 - - [21/Apr/2015:07:52:56 -0500] "GET /galeria/nivo-slider/demo/images/marcha2015.jpg HTTP/1.1" 200 85177
200.118.210.117 - - [21/Apr/2015:07:52:56 -0500] "GET /galeria/nivo-slider/demo/images/no-sea-victima.jpg HTTP/1.1" 200 254155
200.118.210.117 - - [21/Apr/2015:07:52:57 -0500] "GET /galeria/nivo-slider/demo/images/4Simple_Slider.png HTTP/1.1" 200 11722
200.118.210.117 - - [21/Apr/2015:07:52:57 -0500] "GET /galeria/nivo-slider/themes/default/loading.gif HTTP/1.1" 200 1737
200.118.210.117 - - [21/Apr/2015:07:52:58 -0500] "GET /galeria/nivo-slider/demo/images/Convocatoria_recicladores.jpg HTTP/1.1" 200 213976
200.118.210.117 - - [21/Apr/2015:07:52:58 -0500] "GET /galeria/nivo-slider/demo/images/acuerdo_569.jpg HTTP/1.1" 200 62670
201.245.192.253 - - [21/Apr/2015:07:52:58 -0500] "GET /forest/usutareas.do?group_system_actual=3&codTraEsc=15498777&_a=0.8748634535214114 HTTP/1.1" 200 104494
200.118.210.117 - - [21/Apr/2015:07:52:58 -0500] "GET /galeria/nivo-slider/demo/images/Licitaciones-proyecto-paramo.jpg HTTP/1.1" 200 221877
201.245.192.253 - - [21/Apr/2015:07:52:58 -0500] "GET /forest/skins/gdocs-jar/js/formsBase.js?version=1503.161801 HTTP/1.1" 304 -
201.245.192.253 - - [21/Apr/2015:07:52:58 -0500] "GET /forest/session.jsp?a=0.21407652712426428 HTTP/1.1" 200 4
200.118.210.117 - - [21/Apr/2015:07:52:59 -0500] "GET /galeria/nivo-slider/demo/images/Banner-decreto1299.jpg HTTP/1.1" 200 182613
66.249.64.84 - - [21/Apr/2015:07:52:59 -0500] "GET /BLA/resoluciones/RESOLUCIONES%202009/2030.pdf HTTP/1.1" 200 1022589
200.118.210.117 - - [21/Apr/2015:07:52:59 -0500] "GET /galeria/nivo-slider/demo/images/Banner-Directorio.jpg HTTP/1.1" 200 182068
200.118.210.117 - - [21/Apr/2015:07:53:00 -0500] "GET /galeria/nivo-slider/demo/images/banner-V2.jpg HTTP/1.1" 200 59297
200.118.210.117 - - [21/Apr/2015:07:53:01 -0500] "GET /galeria/nivo-slider/demo/images/Ruta-vertimientos-01.jpg HTTP/1.1" 200 130151
200.118.210.117 - - [21/Apr/2015:07:53:01 -0500] "GET /galeria/nivo-slider/demo/images/bolsas-06.jpg HTTP/1.1" 200 90982
200.118.210.117 - - [21/Apr/2015:07:53:01 -0500] "GET /galeria/nivo-slider/demo/images/bolsas-08.jpg HTTP/1.1" 200 85589
200.118.210.117 - - [21/Apr/2015:07:53:01 -0500] "GET /videos/DiadelatierraHD_1min.flv HTTP/1.1" 200 7316200
200.118.210.117 - - [21/Apr/2015:07:53:01 -0500] "GET /galeria/nivo-slider/demo/images/redes_sociales.jpg HTTP/1.1" 200 415652
201.245.192.253 - - [21/Apr/2015:07:53:02 -0500] "POST /forms/lservlet;jsessionid=ac16012b30d6423794d3411d49c08f5bc061d328b442.e3iSbxaKaheRe3eNbhaPbhuQa41ynknvrkLOlQzNp65In0 HTTP/1.1" 200 118
200.118.210.117 - - [21/Apr/2015:07:53:02 -0500] "GET /galeria/nivo-slider/demo/images/Conoce-los-humedales.jpg HTTP/1.1" 200 294036
200.118.210.117 - - [21/Apr/2015:07:53:02 -0500] "GET /galeria/nivo-slider/demo/images/ecolecta-Dic2014.png HTTP/1.1" 200 288593
181.49.27.65 - - [21/Apr/2015:07:53:03 -0500] "GET /galeria/galeria/jquery.fancybox.css?v=2.1.5 HTTP/1.1" 200 4895
181.49.27.65 - - [21/Apr/2015:07:53:03 -0500] "GET /BLA/boletinlegal/js/jquery.scrollTo-min.js HTTP/1.1" 200 1150
181.49.27.65 - - [21/Apr/2015:07:53:03 -0500] "GET /BLA/boletinlegal/js/jquery.scrollShow.js HTTP/1.1" 200 4586
181.49.27.65 - - [21/Apr/2015:07:53:03 -0500] "GET /galeria/galeria/jquery.fancybox.js?v=2.1.5 HTTP/1.1" 200 48706
201.245.192.253 - - [21/Apr/2015:07:53:03 -0500] "POST /forms/lservlet;jsessionid=ac16012b30d6423794d3411d49c08f5bc061d328b442.e3iSbxaKaheRe3eNbhaPbhuQa41ynknvrkLOlQzNp65In0 HTTP/1.1" 200 2
201.245.192.253 - - [21/Apr/2015:07:53:03 -0500] "POST /forms/lservlet;jsessionid=ac16012b30d6423794d3411d49c08f5bc061d328b442.e3iSbxaKaheRe3eNbhaPbhuQa41ynknvrkLOlQzNp65In0 HTTP/1.1" 200 2662
201.245.192.253 - - [21/Apr/2015:07:53:03 -0500] "POST /forms/lservlet;jsessionid=ac16012b30d6423794d3411d49c08f5bc061d328b442.e3iSbxaKaheRe3eNbhaPbhuQa41ynknvrkLOlQzNp65In0 HTTP/1.1" 200 10
200.118.210.117 - - [21/Apr/2015:07:53:04 -0500] "GET /galeria/nivo-slider/demo/images/porloshumedales.jpg HTTP/1.1" 200 351238
200.118.210.117 - - [21/Apr/2015:07:53:04 -0500] "GET /galeria/nivo-slider/demo/images/Tingua-azul.jpg HTTP/1.1" 200 307638
200.118.210.117 - - [21/Apr/2015:07:53:06 -0500] "GET /galeria/nivo-slider/demo/images/banner-llantas2.jpg HTTP/1.1" 200 73153
200.118.210.117 - - [21/Apr/2015:07:53:06 -0500] "GET /galeria/nivo-slider/demo/images/9Signos.jpg HTTP/1.1" 200 81776
201.228.41.22 - - [21/Apr/2015:07:53:08 -0500] "GET /galeria/galeria/jquery.fancybox.css?v=2.1.5 HTTP/1.1" 200 4895
201.228.41.22 - - [21/Apr/2015:07:53:08 -0500] "GET /BLA/boletinlegal/js/jquery.scrollTo-min.js HTTP/1.1" 200 1150
201.228.41.22 - - [21/Apr/2015:07:53:08 -0500] "GET /galeria/galeria/jquery.fancybox.js?v=2.1.5 HTTP/1.1" 200 48706
201.228.41.22 - - [21/Apr/2015:07:53:08 -0500] "GET /BLA/boletinlegal/js/jquery.scrollShow.js HTTP/1.1" 200 4586
201.245.192.253 - - [21/Apr/2015:07:53:11 -0500] "GET /forest/forms/showform.jsp?codPro=134&codForm=IncioNumeracion&a=0.8781191105658948 HTTP/1.1" 200 17109
201.245.192.253 - - [21/Apr/2015:07:53:12 -0500] "POST /forms/lservlet;jsessionid=ac16012b30d6423794d3411d49c08f5bc061d328b442.e3iSbxaKaheRe3eNbhaPbhuQa41ynknvrkLOlQzNp65In0 HTTP/1.1" 200 21
66.249.64.82 - - [21/Apr/2015:07:53:13 -0500] "GET /BLA/resoluciones/RESOLUCIONES%202007/RES%202007%202801%20AL%202900/RESOLUCION%202887%20DE%202007.pdf HTTP/1.1" 200 433564
201.245.192.253 - - [21/Apr/2015:07:53:13 -0500] "GET /forest/actions/forms.getList?codForm=IncioNumeracion&id=Tercero165&text=c HTTP/1.1" 200 1414
201.245.192.253 - - [21/Apr/2015:07:53:14 -0500] "GET /forest/actions/forms.getList?codForm=IncioNumeracion&id=Tercero165&text=co HTTP/1.1" 200 1363
201.245.192.253 - - [21/Apr/2015:07:53:14 -0500] "POST /forms/lservlet;jsessionid=ac16012b30d6423794d3411d49c08f5bc061d328b442.e3iSbxaKaheRe3eNbhaPbhuQa41ynknvrkLOlQzNp65In0 HTTP/1.1" 200 2
201.245.192.253 - - [21/Apr/2015:07:53:14 -0500] "GET /forest/actions/forms.getList?codForm=IncioNumeracion&id=Tercero165&text=con HTTP/1.1" 200 1352
201.245.192.253 - - [21/Apr/2015:07:53:14 -0500] "POST /forms/lservlet;jsessionid=ac16012b30d6423794d3411d49c08f5bc061d328b442.e3iSbxaKaheRe3eNbhaPbhuQa41ynknvrkLOlQzNp65In0 HTTP/1.1" 200 5122
201.245.192.253 - - [21/Apr/2015:07:53:14 -0500] "POST /forms/lservlet;jsessionid=ac16012b30d6423794d3411d49c08f5bc061d328b442.e3iSbxaKaheRe3eNbhaPbhuQa41ynknvrkLOlQzNp65In0 HTTP/1.1" 200 2
201.245.192.253 - - [21/Apr/2015:07:53:14 -0500] "GET /forest/actions/forms.getList?codForm=IncioNumeracion&id=Tercero165&text=cong HTTP/1.1" 200 1277
201.245.192.253 - - [21/Apr/2015:07:53:14 -0500] "GET /forest/actions/forms.getList?codForm=IncioNumeracion&id=Tercero165&text=congr HTTP/1.1" 200 1700
201.245.192.253 - - [21/Apr/2015:07:53:14 -0500] "GET /forest/actions/forms.getList?codForm=IncioNumeracion&id=Tercero165&text=congre HTTP/1.1" 200 1713
201.245.192.253 - - [21/Apr/2015:07:53:15 -0500] "POST /forms/lservlet;jsessionid=ac16012b30d6423794d3411d49c08f5bc061d328b442.e3iSbxaKaheRe3eNbhaPbhuQa41ynknvrkLOlQzNp65In0 HTTP/1.1" 200 137
201.245.192.253 - - [21/Apr/2015:07:53:15 -0500] "GET /forest/actions/forms.getList?codForm=IncioNumeracion&id=Tercero165&text=congreg HTTP/1.1" 200 1708
201.245.192.253 - - [21/Apr/2015:07:53:15 -0500] "GET /forest/actions/forms.getList?codForm=IncioNumeracion&id=Tercero165&text=congrega HTTP/1.1" 200 1708
201.245.192.253 - - [21/Apr/2015:07:53:15 -0500] "GET /forest/actions/forms.getList?codForm=IncioNumeracion&id=Tercero165&text=congregac HTTP/1.1" 200 1708
201.245.192.253 - - [21/Apr/2015:07:53:16 -0500] "GET /forest/actions/forms.getList?codForm=IncioNumeracion&id=Tercero165&text=congregaci HTTP/1.1" 200 1708
201.245.192.253 - - [21/Apr/2015:07:53:16 -0500] "GET /forest/actions/forms.getList?codForm=IncioNumeracion&id=Tercero165&text=congregacio HTTP/1.1" 200 1708
201.245.192.253 - - [21/Apr/2015:07:53:16 -0500] "GET /forest/actions/forms.getList?codForm=IncioNumeracion&id=Tercero165&text=congregacion HTTP/1.1" 200 1708
201.245.192.253 - - [21/Apr/2015:07:53:16 -0500] "GET /forest/actions/forms.getList?codForm=IncioNumeracion&id=Tercero165&text=congregacion%20 HTTP/1.1" 200 1700
190.25.70.198 - - [21/Apr/2015:07:53:18 -0500] "POST /forms/lservlet;jsessionid=ac16012b30d614318e96713744e791ea88a8a172d2ab.e3iSbxaKaheRe3eNbhaPbhuQa41ynknvrkLOlQzNp65In0 HTTP/1.1" 200 72
201.245.192.253 - - [21/Apr/2015:07:53:16 -0500] "GET /forest/actions/forms.getList?codForm=IncioNumeracion&id=Tercero165&text=congregacion%20d HTTP/1.1" 200 1292
201.245.192.253 - - [21/Apr/2015:07:53:17 -0500] "GET /forest/actions/forms.getList?codForm=IncioNumeracion&id=Tercero165&text=congregacion%20de HTTP/1.1" 200 1121
201.245.192.253 - - [21/Apr/2015:07:53:17 -0500] "GET /forest/actions/forms.getList?codForm=IncioNumeracion&id=Tercero165&text=congregacion%20de%20 HTTP/1.1" 200 1056
201.245.192.253 - - [21/Apr/2015:07:53:17 -0500] "GET /forest/actions/forms.getList?codForm=IncioNumeracion&id=Tercero165&text=congregacion%20de%20d HTTP/1.1" 200 175
201.245.192.253 - - [21/Apr/2015:07:53:17 -0500] "GET /forest/actions/forms.getList?codForm=IncioNumeracion&id=Tercero165&text=congregacion%20de%20do HTTP/1.1" 200 175
201.245.192.253 - - [21/Apr/2015:07:53:17 -0500] "GET /forest/actions/forms.getList?codForm=IncioNumeracion&id=Tercero165&text=congregacion%20de%20dom HTTP/1.1" 200 175
201.245.192.253 - - [21/Apr/2015:07:53:17 -0500] "GET /forest/actions/forms.getList?codForm=IncioNumeracion&id=Tercero165&text=congregacion%20de%20dom%20 HTTP/1.1" 200 2
190.25.70.198 - - [21/Apr/2015:07:53:20 -0500] "POST /forms/lservlet;jsessionid=ac16012b30d614318e96713744e791ea88a8a172d2ab.e3iSbxaKaheRe3eNbhaPbhuQa41ynknvrkLOlQzNp65In0 HTTP/1.1" 200 174
200.118.210.117 - - [21/Apr/2015:07:53:20 -0500] "GET /galeria/nivo-slider/themes/default/arrows.png HTTP/1.1" 200 824
200.118.210.117 - - [21/Apr/2015:07:53:20 -0500] "GET /galeria/nivo-slider/themes/default/bullets.png HTTP/1.1" 200 1281
190.25.70.198 - - [21/Apr/2015:07:53:21 -0500] "POST /forms/lservlet;jsessionid=ac16012b30d614318e96713744e791ea88a8a172d2ab.e3iSbxaKaheRe3eNbhaPbhuQa41ynknvrkLOlQzNp65In0 HTTP/1.1" 200 2
201.245.192.253 - - [21/Apr/2015:07:53:19 -0500] "GET /forest/actions/forms.getList?codForm=IncioNumeracion&id=Tercero165&text=congregacion%20de%20domi HTTP/1.1" 200 175
201.245.192.253 - - [21/Apr/2015:07:53:19 -0500] "GET /forest/actions/forms.getList?codForm=IncioNumeracion&id=Tercero165&text=congregacion%20de%20domin HTTP/1.1" 200 175
201.245.192.253 - - [21/Apr/2015:07:53:19 -0500] "GET /forest/actions/forms.getList?codForm=IncioNumeracion&id=Tercero165&text=congregacion%20de%20domini HTTP/1.1" 200 175
190.25.70.198 - - [21/Apr/2015:07:53:21 -0500] "POST /forms/lservlet;jsessionid=ac16012b30d614318e96713744e791ea88a8a172d2ab.e3iSbxaKaheRe3eNbhaPbhuQa41ynknvrkLOlQzNp65In0 HTTP/1.1" 200 250
201.245.192.253 - - [21/Apr/2015:07:53:19 -0500] "GET /forest/actions/forms.getList?codForm=IncioNumeracion&id=Tercero165&text=congregacion%20de%20dominica HTTP/1.1" 200 175
201.245.192.253 - - [21/Apr/2015:07:53:19 -0500] "GET /forest/actions/forms.getList?codForm=IncioNumeracion&id=Tercero165&text=congregacion%20de%20dominic HTTP/1.1" 200 175
201.245.192.253 - - [21/Apr/2015:07:53:19 -0500] "GET /forest/actions/forms.getList?codForm=IncioNumeracion&id=Tercero165&text=congregacion%20de%20dom HTTP/1.1" 200 175
201.245.192.253 - - [21/Apr/2015:07:53:19 -0500] "GET /forest/actions/forms.getList?codForm=IncioNumeracion&id=Tercero165&text=congregacion%20de%20dominicas HTTP/1.1" 200 84
190.242.131.66 - - [21/Apr/2015:07:53:22 -0500] "GET /galeria/galeria/jquery.fancybox.js?v=2.1.5 HTTP/1.1" 304 -
190.242.131.66 - - [21/Apr/2015:07:53:22 -0500] "GET /galeria/galeria/jquery.fancybox.css?v=2.1.5 HTTP/1.1" 304 -
190.25.70.198 - - [21/Apr/2015:07:53:22 -0500] "POST /forms/lservlet;jsessionid=ac16012b30d614318e96713744e791ea88a8a172d2ab.e3iSbxaKaheRe3eNbhaPbhuQa41ynknvrkLOlQzNp65In0 HTTP/1.1" 200 2
190.242.131.66 - - [21/Apr/2015:07:53:23 -0500] "GET /galeria/nivo-slider/demo/demo.html HTTP/1.1" 200 4881
190.25.70.198 - - [21/Apr/2015:07:53:23 -0500] "POST /forms/lservlet;jsessionid=ac16012b30d614318e96713744e791ea88a8a172d2ab.e3iSbxaKaheRe3eNbhaPbhuQa41ynknvrkLOlQzNp65In0 HTTP/1.1" 200 1309
201.245.192.253 - - [21/Apr/2015:07:53:21 -0500] "GET /forest/actions/forms.getList?codForm=IncioNumeracion&id=Tercero165&text=congregacion%20de%20dominicas%20 HTTP/1.1" 200 84
190.242.131.66 - - [21/Apr/2015:07:53:23 -0500] "GET /galeria/nivo-slider/demo/images/pedaleando-por-la-tierra.jpg HTTP/1.1" 200 234362
190.242.131.66 - - [21/Apr/2015:07:53:23 -0500] "GET /galeria/nivo-slider/demo/images/ecolectaabril20.jpg HTTP/1.1" 200 72606
190.242.131.66 - - [21/Apr/2015:07:53:23 -0500] "GET /galeria/nivo-slider/demo/images/no-sea-victima.jpg HTTP/1.1" 304 -
190.242.131.66 - - [21/Apr/2015:07:53:23 -0500] "GET /galeria/nivo-slider/demo/images/Convocatoria_recicladores.jpg HTTP/1.1" 304 -
190.242.131.66 - - [21/Apr/2015:07:53:23 -0500] "GET /galeria/nivo-slider/demo/images/acuerdo_569.jpg HTTP/1.1" 304 -
190.242.131.66 - - [21/Apr/2015:07:53:23 -0500] "GET /galeria/nivo-slider/demo/images/Licitaciones-proyecto-paramo.jpg HTTP/1.1" 304 -
190.242.131.66 - - [21/Apr/2015:07:53:23 -0500] "GET /galeria/nivo-slider/demo/images/Banner-Directorio.jpg HTTP/1.1" 304 -
190.242.131.66 - - [21/Apr/2015:07:53:23 -0500] "GET /galeria/nivo-slider/demo/images/Banner-decreto1299.jpg HTTP/1.1" 304 -
201.245.192.253 - - [21/Apr/2015:07:53:23 -0500] "POST /forms/lservlet;jsessionid=ac16012b30d6423794d3411d49c08f5bc061d328b442.e3iSbxaKaheRe3eNbhaPbhuQa41ynknvrkLOlQzNp65In0 HTTP/1.1" 200 2
190.242.131.66 - - [21/Apr/2015:07:53:23 -0500] "GET /galeria/nivo-slider/demo/images/banner-V2.jpg HTTP/1.1" 304 -
190.242.131.66 - - [21/Apr/2015:07:53:23 -0500] "GET /galeria/nivo-slider/demo/images/Ruta-vertimientos-01.jpg HTTP/1.1" 304 -
190.242.131.66 - - [21/Apr/2015:07:53:23 -0500] "GET /galeria/nivo-slider/demo/images/bolsas-06.jpg HTTP/1.1" 304 -
190.242.131.66 - - [21/Apr/2015:07:53:23 -0500] "GET /galeria/nivo-slider/demo/images/bolsas-08.jpg HTTP/1.1" 304 -
190.242.131.66 - - [21/Apr/2015:07:53:23 -0500] "GET /galeria/nivo-slider/demo/images/redes_sociales.jpg HTTP/1.1" 304 -
190.242.131.66 - - [21/Apr/2015:07:53:23 -0500] "GET /galeria/nivo-slider/demo/images/Conoce-los-humedales.jpg HTTP/1.1" 304 -
190.242.131.66 - - [21/Apr/2015:07:53:24 -0500] "GET /galeria/nivo-slider/demo/images/banner-llantas2.jpg HTTP/1.1" 304 -
190.242.131.66 - - [21/Apr/2015:07:53:24 -0500] "GET /galeria/nivo-slider/demo/images/9Signos.jpg HTTP/1.1" 200 81776
190.25.70.198 - - [21/Apr/2015:07:53:24 -0500] "POST /forms/lservlet;jsessionid=ac16012b30d614318e96713744e791ea88a8a172d2ab.e3iSbxaKaheRe3eNbhaPbhuQa41ynknvrkLOlQzNp65In0 HTTP/1.1" 200 134
201.245.192.253 - - [21/Apr/2015:07:53:23 -0500] "POST /forms/lservlet;jsessionid=ac16012b30d6423794d3411d49c08f5bc061d328b442.e3iSbxaKaheRe3eNbhaPbhuQa41ynknvrkLOlQzNp65In0 HTTP/1.1" 200 14
190.25.70.198 - - [21/Apr/2015:07:53:25 -0500] "POST /forms/lservlet;jsessionid=ac16012b30d614318e96713744e791ea88a8a172d2ab.e3iSbxaKaheRe3eNbhaPbhuQa41ynknvrkLOlQzNp65In0 HTTP/1.1" 200 2
201.245.192.253 - - [21/Apr/2015:07:53:25 -0500] "POST /forms/lservlet;jsessionid=ac16012b30d6423794d3411d49c08f5bc061d328b442.e3iSbxaKaheRe3eNbhaPbhuQa41ynknvrkLOlQzNp65In0 HTTP/1.1" 200 112
201.245.192.253 - - [21/Apr/2015:07:53:25 -0500] "POST /forms/lservlet;jsessionid=ac16012b30d6423794d3411d49c08f5bc061d328b442.e3iSbxaKaheRe3eNbhaPbhuQa41ynknvrkLOlQzNp65In0 HTTP/1.1" 200 11
190.25.70.198 - - [21/Apr/2015:07:53:25 -0500] "POST /forms/lservlet;jsessionid=ac16012b30d614318e96713744e791ea88a8a172d2ab.e3iSbxaKaheRe3eNbhaPbhuQa41ynknvrkLOlQzNp65In0 HTTP/1.1" 200 949
201.245.192.253 - - [21/Apr/2015:07:53:25 -0500] "GET /reports/rwservlet/getjobid347681?server=rep_srvapsda HTTP/1.1" 200 47798
190.25.70.198 - - [21/Apr/2015:07:53:26 -0500] "POST /forms/lservlet;jsessionid=ac16012b30d614318e96713744e791ea88a8a172d2ab.e3iSbxaKaheRe3eNbhaPbhuQa41ynknvrkLOlQzNp65In0 HTTP/1.1" 200 1151
190.242.131.66 - - [21/Apr/2015:07:53:26 -0500] "GET /galeria/nivo-slider/demo/images/marcha2015.jpg HTTP/1.1" 304 -
190.25.70.198 - - [21/Apr/2015:07:53:27 -0500] "POST /forms/lservlet;jsessionid=ac16012b30d614318e96713744e791ea88a8a172d2ab.e3iSbxaKaheRe3eNbhaPbhuQa41ynknvrkLOlQzNp65In0 HTTP/1.1" 200 842
66.249.64.84 - - [21/Apr/2015:07:53:27 -0500] "GET /BLA/resoluciones/RESOLUCIONES%202014/0940.pdf HTTP/1.1" 200 422591
190.25.70.198 - - [21/Apr/2015:07:53:27 -0500] "POST /forms/lservlet;jsessionid=ac16012b30d614318e96713744e791ea88a8a172d2ab.e3iSbxaKaheRe3eNbhaPbhuQa41ynknvrkLOlQzNp65In0 HTTP/1.1" 200 1151
190.25.70.198 - - [21/Apr/2015:07:53:28 -0500] "POST /forms/lservlet;jsessionid=ac16012b30d614318e96713744e791ea88a8a172d2ab.e3iSbxaKaheRe3eNbhaPbhuQa41ynknvrkLOlQzNp65In0 HTTP/1.1" 200 807
190.25.70.198 - - [21/Apr/2015:07:53:29 -0500] "POST /forms/lservlet;jsessionid=ac16012b30d614318e96713744e791ea88a8a172d2ab.e3iSbxaKaheRe3eNbhaPbhuQa41ynknvrkLOlQzNp65In0 HTTP/1.1" 200 1080
190.25.70.198 - - [21/Apr/2015:07:53:30 -0500] "POST /forms/lservlet;jsessionid=ac16012b30d614318e96713744e791ea88a8a172d2ab.e3iSbxaKaheRe3eNbhaPbhuQa41ynknvrkLOlQzNp65In0 HTTP/1.1" 200 887
190.25.70.198 - - [21/Apr/2015:07:53:30 -0500] "POST /forms/lservlet;jsessionid=ac16012b30d614318e96713744e791ea88a8a172d2ab.e3iSbxaKaheRe3eNbhaPbhuQa41ynknvrkLOlQzNp65In0 HTTP/1.1" 200 1104
190.25.70.198 - - [21/Apr/2015:07:53:30 -0500] "POST /forms/lservlet;jsessionid=ac16012b30d614318e96713744e791ea88a8a172d2ab.e3iSbxaKaheRe3eNbhaPbhuQa41ynknvrkLOlQzNp65In0 HTTP/1.1" 200 836
190.25.70.198 - - [21/Apr/2015:07:53:32 -0500] "POST /forms/lservlet;jsessionid=ac16012b30d614318e96713744e791ea88a8a172d2ab.e3iSbxaKaheRe3eNbhaPbhuQa41ynknvrkLOlQzNp65In0 HTTP/1.1" 200 1400
180.76.6.133 - - [21/Apr/2015:07:53:33 -0500] "GET /BLA/resoluciones/RESOLUCIONES%202011/0662.pdf HTTP/1.1" 200 368519
190.25.70.198 - - [21/Apr/2015:07:53:33 -0500] "POST /forms/lservlet;jsessionid=ac16012b30d614318e96713744e791ea88a8a172d2ab.e3iSbxaKaheRe3eNbhaPbhuQa41ynknvrkLOlQzNp65In0 HTTP/1.1" 200 1124
190.25.70.198 - - [21/Apr/2015:07:53:34 -0500] "POST /forms/lservlet;jsessionid=ac16012b30d614318e96713744e791ea88a8a172d2ab.e3iSbxaKaheRe3eNbhaPbhuQa41ynknvrkLOlQzNp65In0 HTTP/1.1" 200 909
190.25.70.198 - - [21/Apr/2015:07:53:34 -0500] "POST /forms/lservlet;jsessionid=ac16012b30d614318e96713744e791ea88a8a172d2ab.e3iSbxaKaheRe3eNbhaPbhuQa41ynknvrkLOlQzNp65In0 HTTP/1.1" 200 1214
190.25.70.198 - - [21/Apr/2015:07:53:35 -0500] "POST /forms/lservlet;jsessionid=ac16012b30d614318e96713744e791ea88a8a172d2ab.e3iSbxaKaheRe3eNbhaPbhuQa41ynknvrkLOlQzNp65In0 HTTP/1.1" 200 927
190.25.70.198 - - [21/Apr/2015:07:53:35 -0500] "POST /forms/lservlet;jsessionid=ac16012b30d614318e96713744e791ea88a8a172d2ab.e3iSbxaKaheRe3eNbhaPbhuQa41ynknvrkLOlQzNp65In0 HTTP/1.1" 200 1111
190.25.70.198 - - [21/Apr/2015:07:53:37 -0500] "POST /forms/lservlet;jsessionid=ac16012b30d614318e96713744e791ea88a8a172d2ab.e3iSbxaKaheRe3eNbhaPbhuQa41ynknvrkLOlQzNp65In0 HTTP/1.1" 200 782
190.25.70.198 - - [21/Apr/2015:07:53:37 -0500] "POST /forms/lservlet;jsessionid=ac16012b30d614318e96713744e791ea88a8a172d2ab.e3iSbxaKaheRe3eNbhaPbhuQa41ynknvrkLOlQzNp65In0 HTTP/1.1" 200 1413
190.25.70.198 - - [21/Apr/2015:07:53:39 -0500] "POST /forms/lservlet;jsessionid=ac16012b30d614318e96713744e791ea88a8a172d2ab.e3iSbxaKaheRe3eNbhaPbhuQa41ynknvrkLOlQzNp65In0 HTTP/1.1" 200 64000
190.25.70.198 - - [21/Apr/2015:07:53:40 -0500] "POST /forms/lservlet;jsessionid=ac16012b30d614318e96713744e791ea88a8a172d2ab.e3iSbxaKaheRe3eNbhaPbhuQa41ynknvrkLOlQzNp65In0 HTTP/1.1" 200 13558
66.249.64.86 - - [21/Apr/2015:07:53:42 -0500] "GET /BLA/resoluciones/RESOLUCIONES%202007/RES%202007%203001%20AL%203100/RESOLUCION%203030%20DE%202007.pdf HTTP/1.1" 200 1279313
190.25.70.198 - - [21/Apr/2015:07:53:42 -0500] "POST /forms/lservlet;jsessionid=ac16012b30d614318e96713744e791ea88a8a172d2ab.e3iSbxaKaheRe3eNbhaPbhuQa41ynknvrkLOlQzNp65In0 HTTP/1.1" 200 109
201.245.192.253 - - [21/Apr/2015:07:53:25 -0500] "GET /forest/actions/forms.getList?codForm=IncioNumeracion&id=Radicaciones10&text=2014ER060524 HTTP/1.1" 200 41
201.228.41.22 - - [21/Apr/2015:07:53:46 -0500] "GET /galeria/galeria/jquery.fancybox.css?v=2.1.5 HTTP/1.1" 304 -
201.228.41.22 - - [21/Apr/2015:07:53:46 -0500] "GET /BLA/boletinlegal/js/jquery.scrollTo-min.js HTTP/1.1" 304 -
201.228.41.22 - - [21/Apr/2015:07:53:46 -0500] "GET /BLA/boletinlegal/js/jquery.scrollShow.js HTTP/1.1" 304 -
201.228.41.22 - - [21/Apr/2015:07:53:46 -0500] "GET /galeria/galeria/jquery.fancybox.js?v=2.1.5 HTTP/1.1" 304 -
190.25.70.198 - - [21/Apr/2015:07:53:47 -0500] "POST /forms/lservlet;jsessionid=ac16012b30d614318e96713744e791ea88a8a172d2ab.e3iSbxaKaheRe3eNbhaPbhuQa41ynknvrkLOlQzNp65In0 HTTP/1.1" 200 90
181.236.249.24 - - [21/Apr/2015:07:53:50 -0500] "GET /galeria/galeria/jquery.fancybox.css?v=2.1.5 HTTP/1.1" 304 -
181.236.249.24 - - [21/Apr/2015:07:53:50 -0500] "GET /BLA/boletinlegal/js/jquery.scrollShow.js HTTP/1.1" 304 -
181.236.249.24 - - [21/Apr/2015:07:53:50 -0500] "GET /galeria/galeria/jquery.fancybox.js?v=2.1.5 HTTP/1.1" 304 -
181.236.249.24 - - [21/Apr/2015:07:53:50 -0500] "GET /BLA/boletinlegal/js/jquery.scrollTo-min.js HTTP/1.1" 304 -
190.25.70.198 - - [21/Apr/2015:07:53:52 -0500] "POST /forms/lservlet;jsessionid=ac16012b30d614318e96713744e791ea88a8a172d2ab.e3iSbxaKaheRe3eNbhaPbhuQa41ynknvrkLOlQzNp65In0 HTTP/1.1" 200 74
74.86.158.107 - - [21/Apr/2015:07:53:53 -0500] "HEAD / HTTP/1.1" 200 -
66.249.64.86 - - [21/Apr/2015:07:53:56 -0500] "GET /BLA/resoluciones/AUTOS%202009/0025.pdf HTTP/1.1" 304 -
190.25.70.198 - - [21/Apr/2015:07:53:56 -0500] "POST /forms/lservlet;jsessionid=ac16012b30d614318e96713744e791ea88a8a172d2ab.e3iSbxaKaheRe3eNbhaPbhuQa41ynknvrkLOlQzNp65In0 HTTP/1.1" 200 72
186.154.221.66 - - [21/Apr/2015:07:53:58 -0500] "GET /BLA/boletinlegal/js/jquery.scrollShow.js HTTP/1.1" 200 4586
186.154.221.66 - - [21/Apr/2015:07:53:58 -0500] "GET /BLA/boletinlegal/js/jquery.scrollTo-min.js HTTP/1.1" 200 1150
186.154.221.66 - - [21/Apr/2015:07:53:58 -0500] "GET /galeria/galeria/jquery.fancybox.js?v=2.1.5 HTTP/1.1" 200 48706
186.154.221.66 - - [21/Apr/2015:07:53:58 -0500] "GET /galeria/galeria/jquery.fancybox.css?v=2.1.5 HTTP/1.1" 200 4895
190.144.247.18 - - [21/Apr/2015:07:53:59 -0500] "GET /BLA/resoluciones/RESOLUCIONES%202013/2765.pdf HTTP/1.1" 200 521268
186.154.221.66 - - [21/Apr/2015:07:54:01 -0500] "GET /BLA/boletinlegal/js/jquery.scrollShow.js HTTP/1.1" 304 -
186.154.221.66 - - [21/Apr/2015:07:54:01 -0500] "GET /BLA/boletinlegal/js/jquery.scrollTo-min.js HTTP/1.1" 304 -
186.154.221.66 - - [21/Apr/2015:07:54:01 -0500] "GET /galeria/galeria/jquery.fancybox.js?v=2.1.5 HTTP/1.1" 304 -
186.154.221.66 - - [21/Apr/2015:07:54:01 -0500] "GET /galeria/galeria/jquery.fancybox.css?v=2.1.5 HTTP/1.1" 304 -
190.144.247.18 - - [21/Apr/2015:07:54:01 -0500] "GET /favicon.ico HTTP/1.1" 200 7782
190.25.70.198 - - [21/Apr/2015:07:54:01 -0500] "POST /forms/lservlet;jsessionid=ac16012b30d614318e96713744e791ea88a8a172d2ab.e3iSbxaKaheRe3eNbhaPbhuQa41ynknvrkLOlQzNp65In0 HTTP/1.1" 200 174
190.25.70.198 - - [21/Apr/2015:07:54:03 -0500] "POST /forms/lservlet;jsessionid=ac16012b30d614318e96713744e791ea88a8a172d2ab.e3iSbxaKaheRe3eNbhaPbhuQa41ynknvrkLOlQzNp65In0 HTTP/1.1" 200 2
190.25.70.198 - - [21/Apr/2015:07:54:03 -0500] "POST /forms/lservlet;jsessionid=ac16012b30d614318e96713744e791ea88a8a172d2ab.e3iSbxaKaheRe3eNbhaPbhuQa41ynknvrkLOlQzNp65In0 HTTP/1.1" 200 270
190.25.70.198 - - [21/Apr/2015:07:54:04 -0500] "POST /forms/lservlet;jsessionid=ac16012b30d614318e96713744e791ea88a8a172d2ab.e3iSbxaKaheRe3eNbhaPbhuQa41ynknvrkLOlQzNp65In0 HTTP/1.1" 200 2
190.25.70.198 - - [21/Apr/2015:07:54:04 -0500] "POST /forms/lservlet;jsessionid=ac16012b30d614318e96713744e791ea88a8a172d2ab.e3iSbxaKaheRe3eNbhaPbhuQa41ynknvrkLOlQzNp65In0 HTTP/1.1" 200 1423
190.25.70.198 - - [21/Apr/2015:07:54:06 -0500] "POST /forms/lservlet;jsessionid=ac16012b30d614318e96713744e791ea88a8a172d2ab.e3iSbxaKaheRe3eNbhaPbhuQa41ynknvrkLOlQzNp65In0 HTTP/1.1" 200 1160
190.25.70.198 - - [21/Apr/2015:07:54:08 -0500] "POST /forms/lservlet;jsessionid=ac16012b30d614318e96713744e791ea88a8a172d2ab.e3iSbxaKaheRe3eNbhaPbhuQa41ynknvrkLOlQzNp65In0 HTTP/1.1" 200 1328
66.249.64.86 - - [21/Apr/2015:07:54:10 -0500] "GET /BLA/resoluciones/RESOLUCIONES%202011/4644.pdf HTTP/1.1" 200 585046
190.25.70.198 - - [21/Apr/2015:07:54:10 -0500] "POST /forms/lservlet;jsessionid=ac16012b30d614318e96713744e791ea88a8a172d2ab.e3iSbxaKaheRe3eNbhaPbhuQa41ynknvrkLOlQzNp65In0 HTTP/1.1" 200 60190
190.25.70.198 - - [21/Apr/2015:07:54:12 -0500] "POST /forms/lservlet;jsessionid=ac16012b30d614318e96713744e791ea88a8a172d2ab.e3iSbxaKaheRe3eNbhaPbhuQa41ynknvrkLOlQzNp65In0 HTTP/1.1" 200 109
190.25.70.198 - - [21/Apr/2015:07:54:17 -0500] "POST /forms/lservlet;jsessionid=ac16012b30d614318e96713744e791ea88a8a172d2ab.e3iSbxaKaheRe3eNbhaPbhuQa41ynknvrkLOlQzNp65In0 HTTP/1.1" 200 69
190.25.70.198 - - [21/Apr/2015:07:54:22 -0500] "POST /forms/lservlet;jsessionid=ac16012b30d614318e96713744e791ea88a8a172d2ab.e3iSbxaKaheRe3eNbhaPbhuQa41ynknvrkLOlQzNp65In0 HTTP/1.1" 200 74
201.245.192.253 - - [21/Apr/2015:07:54:24 -0500] "GET /forest/actions/forms.getMappedValues?id=Radicaciones10&value=1830890&codForm=IncioNumeracion&a=0.2541737512692811 HTTP/1.1" 200 24
201.245.192.253 - - [21/Apr/2015:07:54:24 -0500] "GET /forest/actions/forms.getItemList?codForm=IncioNumeracion&id=NUMTER31&value=860010783&a=0.8012527679886865 HTTP/1.1" 200 82
66.249.64.82 - - [21/Apr/2015:07:54:24 -0500] "GET /BLA/resoluciones/RESOLUCIONES%202010/2823.pdf HTTP/1.1" 200 485651
186.30.65.60 - - [21/Apr/2015:07:54:25 -0500] "GET /galeria/galeria/jquery.fancybox.js?v=2.1.5 HTTP/1.1" 304 -
186.30.65.60 - - [21/Apr/2015:07:54:25 -0500] "GET /galeria/galeria/jquery.fancybox.css?v=2.1.5 HTTP/1.1" 304 -
186.30.65.60 - - [21/Apr/2015:07:54:27 -0500] "GET /galeria/carrusel/Carrusel/jquery.thumbnailScroller.js HTTP/1.1" 200 8157
181.250.126.89 - - [21/Apr/2015:07:54:29 -0500] "GET /BLA/boletinlegal/js/jquery.scrollTo-min.js HTTP/1.1" 200 1150
181.250.126.89 - - [21/Apr/2015:07:54:29 -0500] "GET /galeria/galeria/jquery.fancybox.css?v=2.1.5 HTTP/1.1" 200 4895
181.250.126.89 - - [21/Apr/2015:07:54:29 -0500] "GET /BLA/boletinlegal/js/jquery.scrollShow.js HTTP/1.1" 200 4586
181.250.126.89 - - [21/Apr/2015:07:54:29 -0500] "GET /galeria/galeria/jquery.fancybox.js?v=2.1.5 HTTP/1.1" 200 48706
186.30.65.60 - - [21/Apr/2015:07:54:30 -0500] "GET /galeria/nivo-slider/demo/demo.html HTTP/1.1" 200 4881
186.30.65.60 - - [21/Apr/2015:07:54:32 -0500] "GET /galeria/nivo-slider/demo/images/pedaleando-por-la-tierra.jpg HTTP/1.1" 200 234362
186.30.65.60 - - [21/Apr/2015:07:54:32 -0500] "GET /galeria/nivo-slider/demo/images/ecolectaabril20.jpg HTTP/1.1" 200 72606
186.30.65.60 - - [21/Apr/2015:07:54:32 -0500] "GET /galeria/nivo-slider/demo/images/marcha2015.jpg HTTP/1.1" 304 -
186.30.65.60 - - [21/Apr/2015:07:54:32 -0500] "GET /galeria/nivo-slider/demo/images/no-sea-victima.jpg HTTP/1.1" 304 -
186.30.65.60 - - [21/Apr/2015:07:54:32 -0500] "GET /galeria/nivo-slider/demo/images/Convocatoria_recicladores.jpg HTTP/1.1" 304 -
186.30.65.60 - - [21/Apr/2015:07:54:32 -0500] "GET /galeria/nivo-slider/demo/images/acuerdo_569.jpg HTTP/1.1" 304 -
186.30.65.60 - - [21/Apr/2015:07:54:32 -0500] "GET /galeria/nivo-slider/demo/images/Licitaciones-proyecto-paramo.jpg HTTP/1.1" 304 -
186.30.65.60 - - [21/Apr/2015:07:54:33 -0500] "GET /galeria/nivo-slider/demo/images/Banner-decreto1299.jpg HTTP/1.1" 304 -
186.30.65.60 - - [21/Apr/2015:07:54:33 -0500] "GET /galeria/nivo-slider/demo/images/Banner-Directorio.jpg HTTP/1.1" 304 -
186.30.65.60 - - [21/Apr/2015:07:54:33 -0500] "GET /galeria/nivo-slider/demo/images/banner-V2.jpg HTTP/1.1" 304 -
186.30.65.60 - - [21/Apr/2015:07:54:34 -0500] "GET /galeria/nivo-slider/demo/images/redes_sociales.jpg HTTP/1.1" 304 -
186.30.65.60 - - [21/Apr/2015:07:54:34 -0500] "GET /galeria/nivo-slider/demo/images/Conoce-los-humedales.jpg HTTP/1.1" 304 -
186.30.65.60 - - [21/Apr/2015:07:54:34 -0500] "GET /galeria/nivo-slider/demo/images/porloshumedales.jpg HTTP/1.1" 304 -
186.30.65.60 - - [21/Apr/2015:07:54:34 -0500] "GET /galeria/nivo-slider/demo/images/Tingua-azul.jpg HTTP/1.1" 304 -
181.250.126.89 - - [21/Apr/2015:07:54:36 -0500] "GET /galeria/galeria/jquery.fancybox.css?v=2.1.5 HTTP/1.1" 304 -
181.250.126.89 - - [21/Apr/2015:07:54:36 -0500] "GET /BLA/boletinlegal/js/jquery.scrollTo-min.js HTTP/1.1" 304 -
181.250.126.89 - - [21/Apr/2015:07:54:36 -0500] "GET /BLA/boletinlegal/js/jquery.scrollShow.js HTTP/1.1" 304 -
181.250.126.89 - - [21/Apr/2015:07:54:36 -0500] "GET /galeria/galeria/jquery.fancybox.js?v=2.1.5 HTTP/1.1" 304 -
66.249.64.86 - - [21/Apr/2015:07:54:38 -0500] "GET /BLA/resoluciones/RESOLUCIONES%202013/0498.pdf HTTP/1.1" 304 -
201.245.192.253 - - [21/Apr/2015:07:54:39 -0500] "POST /forest/actions/forms.saveForm?codPro=134 HTTP/1.1" 200 165
201.245.192.253 - - [21/Apr/2015:07:54:23 -0500] "GET /forest/actions/forms.getList?codForm=IncioNumeracion&id=Radicaciones10&text=2014ER060524 HTTP/1.1" 200 41
186.145.187.179 - - [21/Apr/2015:07:54:46 -0500] "GET /BLA/boletinlegal/js/jquery.scrollTo-min.js HTTP/1.1" 200 1150
186.145.187.179 - - [21/Apr/2015:07:54:46 -0500] "GET /BLA/boletinlegal/js/jquery.scrollShow.js HTTP/1.1" 200 4586
186.145.187.179 - - [21/Apr/2015:07:54:46 -0500] "GET /galeria/galeria/jquery.fancybox.js?v=2.1.5 HTTP/1.1" 200 48706
186.145.187.179 - - [21/Apr/2015:07:54:46 -0500] "GET /galeria/galeria/jquery.fancybox.css?v=2.1.5 HTTP/1.1" 200 4895
190.25.70.198 - - [21/Apr/2015:07:54:52 -0500] "POST /forms/lservlet;jsessionid=ac16012b30d614318e96713744e791ea88a8a172d2ab.e3iSbxaKaheRe3eNbhaPbhuQa41ynknvrkLOlQzNp65In0 HTTP/1.1" 200 2
66.249.64.86 - - [21/Apr/2015:07:54:52 -0500] "GET /BLA/resoluciones/AUTOS%202008/0835.pdf HTTP/1.1" 304 -
186.145.187.179 - - [21/Apr/2015:07:54:59 -0500] "GET /BLA/boletinlegal/js/jquery.scrollTo-min.js HTTP/1.1" 304 -
186.145.187.179 - - [21/Apr/2015:07:54:59 -0500] "GET /BLA/boletinlegal/js/jquery.scrollShow.js HTTP/1.1" 304 -
186.145.187.179 - - [21/Apr/2015:07:54:59 -0500] "GET /galeria/galeria/jquery.fancybox.js?v=2.1.5 HTTP/1.1" 304 -
186.145.187.179 - - [21/Apr/2015:07:54:59 -0500] "GET /galeria/galeria/jquery.fancybox.css?v=2.1.5 HTTP/1.1" 304 -
201.245.192.253 - - [21/Apr/2015:07:54:59 -0500] "GET /forest/index2.jsp?group_system_actual=3&a=0.27104876111537 HTTP/1.1" 200 114365
201.245.192.253 - - [21/Apr/2015:07:55:00 -0500] "GET /forest/img/forestIcon.gif?version=1503.161801 HTTP/1.1" 304 -
201.245.192.253 - - [21/Apr/2015:07:55:00 -0500] "GET /forest/session.jsp?a=0.2840225304138231 HTTP/1.1" 200 4
66.249.64.84 - - [21/Apr/2015:07:55:07 -0500] "GET /BLA/resoluciones/AUTOS%202013/0129.pdf HTTP/1.1" 304 -
201.245.192.253 - - [21/Apr/2015:07:55:08 -0500] "GET /isolucionsda/Logout.aspx HTTP/1.1" 200 648
201.245.192.253 - - [21/Apr/2015:07:55:08 -0500] "GET /isolucionsda/Logout.asp HTTP/1.1" 200 6054
201.245.192.253 - - [21/Apr/2015:07:55:08 -0500] "GET /isolucionsda/ControlDeInicio.asp HTTP/1.1" 200 739
201.245.192.253 - - [21/Apr/2015:07:49:08 -0500] "GET /ForestMSG_SDA/channelAsync/template_word_17964266?X-Atmosphere-tracking-id=05dbee73-93da-adc2-2f36-c0e424987b8f&X-Atmosphere-Framework=1.0.5&X-Atmosphere-Transport=long-polling&tabid=0.365787217116716&X-Cache-Date=0&Content-Type=application/xml&_=1429620653050 HTTP/1.1" 200 8193
201.245.192.253 - - [21/Apr/2015:07:55:12 -0500] "POST /forms/lservlet;jsessionid=ac16012b30d6423794d3411d49c08f5bc061d328b442.e3iSbxaKaheRe3eNbhaPbhuQa41ynknvrkLOlQzNp65In0 HTTP/1.1" 200 2
201.244.199.140 - - [21/Apr/2015:07:55:14 -0500] "GET /BLA/resoluciones/RESOLUCIONES%202013/0752.pdf HTTP/1.1" 200 1558947
201.244.199.140 - - [21/Apr/2015:07:55:14 -0500] "GET /favicon.ico HTTP/1.1" 200 7782
201.244.199.140 - - [21/Apr/2015:07:55:15 -0500] "GET /BLA/resoluciones/RESOLUCIONES%202013/0752.pdf HTTP/1.1" 206 32768
201.244.199.140 - - [21/Apr/2015:07:55:15 -0500] "GET /BLA/resoluciones/RESOLUCIONES%202013/0752.pdf HTTP/1.1" 206 1526179
66.249.64.82 - - [21/Apr/2015:07:55:21 -0500] "GET /BLA/resoluciones/AUTOS%202011/2615.pdf HTTP/1.1" 304 -
190.25.70.198 - - [21/Apr/2015:07:55:26 -0500] "POST /forms/lservlet;jsessionid=ac16012b30d614318e96713744e791ea88a8a172d2ab.e3iSbxaKaheRe3eNbhaPbhuQa41ynknvrkLOlQzNp65In0 HTTP/1.1" 200 2
190.25.70.198 - - [21/Apr/2015:07:55:26 -0500] "POST /forms/lservlet;jsessionid=ac16012b30d614318e96713744e791ea88a8a172d2ab.e3iSbxaKaheRe3eNbhaPbhuQa41ynknvrkLOlQzNp65In0 HTTP/1.1" 200 110
190.25.70.198 - - [21/Apr/2015:07:55:26 -0500] "POST /forms/lservlet;jsessionid=ac16012b30d614318e96713744e791ea88a8a172d2ab.e3iSbxaKaheRe3eNbhaPbhuQa41ynknvrkLOlQzNp65In0 HTTP/1.1" 200 2
190.25.70.198 - - [21/Apr/2015:07:55:27 -0500] "POST /forms/lservlet;jsessionid=ac16012b30d614318e96713744e791ea88a8a172d2ab.e3iSbxaKaheRe3eNbhaPbhuQa41ynknvrkLOlQzNp65In0 HTTP/1.1" 200 2
190.25.70.198 - - [21/Apr/2015:07:55:27 -0500] "POST /forms/lservlet;jsessionid=ac16012b30d614318e96713744e791ea88a8a172d2ab.e3iSbxaKaheRe3eNbhaPbhuQa41ynknvrkLOlQzNp65In0 HTTP/1.1" 200 283
201.245.192.253 - - [21/Apr/2015:07:55:27 -0500] "GET /galeria/nivo-slider/demo/demo.html HTTP/1.1" 304 -
201.245.192.253 - - [21/Apr/2015:07:55:29 -0500] "GET /galeria/nivo-slider/demo/images/pedaleando-por-la-tierra.jpg HTTP/1.1" 304 -
201.245.192.253 - - [21/Apr/2015:07:55:29 -0500] "GET /galeria/nivo-slider/demo/images/ecolectaabril20.jpg HTTP/1.1" 304 -
201.245.192.253 - - [21/Apr/2015:07:55:29 -0500] "GET /galeria/nivo-slider/demo/images/no-sea-victima.jpg HTTP/1.1" 304 -
190.25.70.198 - - [21/Apr/2015:07:55:29 -0500] "POST /forms/lservlet;jsessionid=ac16012b30d614318e96713744e791ea88a8a172d2ab.e3iSbxaKaheRe3eNbhaPbhuQa41ynknvrkLOlQzNp65In0 HTTP/1.1" 200 72
190.25.70.198 - - [21/Apr/2015:07:55:34 -0500] "POST /forms/lservlet;jsessionid=ac16012b30d614318e96713744e791ea88a8a172d2ab.e3iSbxaKaheRe3eNbhaPbhuQa41ynknvrkLOlQzNp65In0 HTTP/1.1" 200 1253
190.25.70.198 - - [21/Apr/2015:07:55:35 -0500] "POST /forms/lservlet;jsessionid=ac16012b30d614318e96713744e791ea88a8a172d2ab.e3iSbxaKaheRe3eNbhaPbhuQa41ynknvrkLOlQzNp65In0 HTTP/1.1" 200 2
66.249.64.82 - - [21/Apr/2015:07:55:35 -0500] "GET /BLA/resoluciones/AUTOS%202013/1766.pdf HTTP/1.1" 304 -
