!C99Shell v. 1.0 pre-release build #13!

Software: Apache. PHP/5.5.15 

uname -a: Windows NT SVR-DMZ 6.1 build 7600 (Windows Server 2008 R2 Enterprise Edition) i586 

SYSTEM 

Safe-mode: OFF (not secure)

E:\nuevo\apache\logs\   drwxrwxrwx
Free 9.41 GB of 239.26 GB (3.93%)
Detected drives: [ a ] [ c ] [ d ] [ e ] [ f ]
Home    Back    Forward    UPDIR    Refresh    Search    Buffer    Encoder    Tools    Proc.    FTP brute    Sec.    SQL    PHP-code    Update    Feedback    Self remove    Logout    


Viewing file:     access.2015.04.21.log (16.26 MB)      -rw-rw-rw-
Select action/file-type:
(+) | (+) | (+) | Code (+) | Session (+) | (+) | SDB (+) | (+) | (+) | (+) | (+) | (+) |
180.76.6.136 - - [21/Apr/2015:00:00:07 -0500] "GET /BLA/resoluciones/AUTOS%202013/2208.pdf HTTP/1.1" 200 455506
209.222.8.107 - - [21/Apr/2015:00:00:08 -0500] "GET /BLA/resoluciones/index.php?dir=AUTOS+2006%2FAUTOS+2006+2101+-+2200%2F HTTP/1.1" 200 22204
66.249.64.82 - - [21/Apr/2015:00:00:12 -0500] "GET /BLA/resoluciones/AUTOS%202011/2440.pdf HTTP/1.1" 200 155415
66.249.64.82 - - [21/Apr/2015:00:00:27 -0500] "GET /BLA/resoluciones/RESOLUCIONES%202009/6146.pdf HTTP/1.1" 200 663100
186.29.115.230 - - [21/Apr/2015:00:00:29 -0500] "POST /forest/usutareas.do? HTTP/1.1" 200 76
186.29.115.230 - - [20/Apr/2015:23:59:38 -0500] "GET /ForestMSG_SDA/channelAsync/template_word_17964107?X-Atmosphere-tracking-id=741d082b-646c-b0a7-ad62-7cb54379364d&X-Atmosphere-Framework=1.0.5&X-Atmosphere-Transport=long-polling&tabid=0.762575417291373&X-Cache-Date=0&Content-Type=application/xml&_=1429592555261 HTTP/1.1" 200 8193
186.29.115.230 - - [21/Apr/2015:00:00:32 -0500] "GET /forest/usutareas.do?group_system_actual=3&a=0.8463672695215791 HTTP/1.1" 200 174527
186.29.115.230 - - [21/Apr/2015:00:00:36 -0500] "GET /forest/session.jsp?a=0.703496377915144 HTTP/1.1" 200 4
186.29.115.230 - - [21/Apr/2015:00:00:36 -0500] "GET /forest/actions/forms.getMappedValues?id=IGS_NoCarasExpo53&value=1&codForm=Soli_Elem_Ext_Vis&a=0.9496754014398903 HTTP/1.1" 200 38
186.29.115.230 - - [21/Apr/2015:00:00:36 -0500] "GET /forest/actions/forms.getMappedValues?id=IGS_UbicacionPubliciad23&value=5&codForm=Soli_Elem_Ext_Vis&a=0.5859600056428462 HTTP/1.1" 200 27
186.29.115.230 - - [21/Apr/2015:00:00:36 -0500] "GET /forest/actions/forms.getMappedValues?id=IGS_UbicacionPubliciad23&value=5&codForm=Soli_Elem_Ext_Vis&a=0.9895050523336977 HTTP/1.1" 200 27
186.29.115.230 - - [21/Apr/2015:00:00:36 -0500] "GET /forest/actions/forms.getMappedValues?id=IGS_NoCarasExpo53&value=1&codForm=Soli_Elem_Ext_Vis&a=0.8814091787207872 HTTP/1.1" 200 38
66.249.64.86 - - [21/Apr/2015:00:00:42 -0500] "GET /BLA/resoluciones/AUTOS%202009/2696.pdf HTTP/1.1" 200 95355
209.222.8.107 - - [21/Apr/2015:00:00:46 -0500] "GET /BLA/resoluciones/index.php?dir=RESOLUCIONES+2007%2FRES+2007+2201+AL+2300%2F HTTP/1.1" 200 27114
66.249.64.82 - - [21/Apr/2015:00:00:57 -0500] "GET /BLA/resoluciones/AUTOS%202010/5609.pdf HTTP/1.1" 200 181837
189.243.57.58 - - [21/Apr/2015:00:01:10 -0500] "GET /BLA/boletinlegal/js/jquery.scrollTo-min.js HTTP/1.1" 200 1150
189.243.57.58 - - [21/Apr/2015:00:01:10 -0500] "GET /BLA/boletinlegal/js/jquery.scrollShow.js HTTP/1.1" 200 4586
66.249.64.84 - - [21/Apr/2015:00:01:12 -0500] "GET /BLA/resoluciones/RESOLUCIONES%202008/4111.pdf HTTP/1.1" 200 351669
186.29.115.230 - - [21/Apr/2015:00:01:12 -0500] "GET /forest/skins/gdocs-jar/popup/escritorio/subirborrador.jsp?form=Soli_Elem_Ext_Vis&codTpl=&codBorr=579941&a=0.07093475991860032 HTTP/1.1" 200 23292
186.29.115.230 - - [21/Apr/2015:00:01:13 -0500] "GET /forest/json.do?query=borradoresByTpls&codInst=2860369&codTare=1322&firma=0&a=0.9815153158269823 HTTP/1.1" 200 180
186.29.115.230 - - [21/Apr/2015:00:01:13 -0500] "GET /forest/json.do?query=plantillasByTarea&codTare=1322&codInst=2860369&firma=0&a=0.5789570270571858 HTTP/1.1" 200 131
186.29.115.230 - - [21/Apr/2015:00:01:13 -0500] "GET /forest/json.do?query=terceroById&numTer=53088691&a=0.720044024521485 HTTP/1.1" 200 667
186.29.115.230 - - [21/Apr/2015:00:01:13 -0500] "GET /forest/json.do?query=datosBorradorByCodTraBorr&codTraBorr=1731653&a=0.33151863468810916 HTTP/1.1" 200 180
186.29.115.230 - - [21/Apr/2015:00:01:13 -0500] "GET /forest/json.do?query=ultimoBorradorByTpl&codTpl=763&codInst=2860369&a=0.6348481927998364 HTTP/1.1" 200 20
186.29.115.230 - - [21/Apr/2015:00:01:13 -0500] "GET /forest/json.do?query=adjuntosByBorrador&codTraBorr=1731653&a=0.3675976519007236 HTTP/1.1" 200 2
189.243.57.58 - - [21/Apr/2015:00:01:16 -0500] "GET /galeria/galeria/jquery.fancybox.js?v=2.1.5 HTTP/1.1" 200 48706
189.243.57.58 - - [21/Apr/2015:00:01:16 -0500] "GET /galeria/galeria/jquery.fancybox.css?v=2.1.5 HTTP/1.1" 200 4895
66.249.64.84 - - [21/Apr/2015:00:01:27 -0500] "GET /BLA/resoluciones/RESOLUCIONES%202010/6551.pdf HTTP/1.1" 200 278776
66.249.64.84 - - [21/Apr/2015:00:01:34 -0500] "GET /BLA/resoluciones/RESOLUCIONES%202007/RES%202007%20601%20AL%20700/RESOLUCION%200683%20DE%202007.pdf HTTP/1.1" 200 1029956
88.198.233.69 - - [21/Apr/2015:00:01:39 -0500] "GET / HTTP/1.1" 200 10190
66.249.64.84 - - [21/Apr/2015:00:01:42 -0500] "GET /BLA/resoluciones/RESOLUCIONES%202010/0021.pdf HTTP/1.1" 200 421811
186.29.115.230 - - [21/Apr/2015:00:01:42 -0500] "POST /forest/usutareas.do?group_system_actual=3 HTTP/1.1" 200 197
186.29.115.230 - - [21/Apr/2015:00:00:35 -0500] "GET /ForestMSG_SDA/channelAsync/template_word_17964107?X-Atmosphere-tracking-id=5c30f851-f22a-ce5c-1627-6788b28802eb&X-Atmosphere-Framework=1.0.5&X-Atmosphere-Transport=long-polling&tabid=0.8475541472434998&X-Cache-Date=0&Content-Type=application/xml&_=1429592611782 HTTP/1.1" 200 8193
186.29.115.230 - - [21/Apr/2015:00:01:52 -0500] "GET /forest/usutareas.do?group_system_actual=3&a=0.3009306853637099 HTTP/1.1" 200 174533
186.29.115.230 - - [21/Apr/2015:00:01:56 -0500] "GET /forest/session.jsp?a=0.28447352163493633 HTTP/1.1" 200 4
186.29.115.230 - - [21/Apr/2015:00:01:56 -0500] "GET /forest/actions/forms.getMappedValues?id=IGS_NoCarasExpo53&value=1&codForm=Soli_Elem_Ext_Vis&a=0.24270561547018588 HTTP/1.1" 200 38
186.29.115.230 - - [21/Apr/2015:00:01:56 -0500] "GET /forest/actions/forms.getMappedValues?id=IGS_UbicacionPubliciad23&value=5&codForm=Soli_Elem_Ext_Vis&a=0.7977219379972667 HTTP/1.1" 200 27
186.29.115.230 - - [21/Apr/2015:00:01:56 -0500] "GET /forest/actions/forms.getMappedValues?id=IGS_UbicacionPubliciad23&value=5&codForm=Soli_Elem_Ext_Vis&a=0.8543890966102481 HTTP/1.1" 200 27
186.29.115.230 - - [21/Apr/2015:00:01:56 -0500] "GET /forest/actions/forms.getMappedValues?id=IGS_NoCarasExpo53&value=1&codForm=Soli_Elem_Ext_Vis&a=0.7877904900815338 HTTP/1.1" 200 38
66.249.64.82 - - [21/Apr/2015:00:01:57 -0500] "GET /BLA/resoluciones/RESOLUCIONES%202007/RES%202007%202201%20AL%202300/RESOLUCION%202296%20DE%202007.pdf HTTP/1.1" 200 356136
66.249.64.86 - - [21/Apr/2015:00:02:11 -0500] "GET /BLA/resoluciones/RESOLUCIONES%202009/7145.pdf HTTP/1.1" 200 97563
186.29.115.230 - - [21/Apr/2015:00:02:22 -0500] "POST /forest/usutareas.do? HTTP/1.1" 200 76
66.249.64.84 - - [21/Apr/2015:00:02:26 -0500] "GET /BLA/resoluciones/RESOLUCIONES%202011/5181.pdf HTTP/1.1" 200 482861
186.29.115.230 - - [21/Apr/2015:00:02:27 -0500] "GET /forest/usutareas.do?group_system_actual=3&a=0.9221804600674659 HTTP/1.1" 200 19550
190.24.129.149 - - [21/Apr/2015:00:02:27 -0500] "GET /galeria/nivo-slider/demo/images/9Signos.jpg HTTP/1.1" 304 -
186.29.115.230 - - [21/Apr/2015:00:02:27 -0500] "GET /forest/session.jsp?a=0.5978864612989128 HTTP/1.1" 200 4
186.29.115.230 - - [21/Apr/2015:00:02:29 -0500] "GET /forest/index2.jsp?_a=0.045486916322261095 HTTP/1.1" 200 72877
186.29.115.230 - - [21/Apr/2015:00:02:30 -0500] "GET /forest/session.jsp?a=0.7138244044035673 HTTP/1.1" 200 4
66.249.64.84 - - [21/Apr/2015:00:02:41 -0500] "GET /BLA/resoluciones/RESOLUCIONES%202009/9630.pdf HTTP/1.1" 200 454849
186.113.10.143 - - [21/Apr/2015:00:02:54 -0500] "GET /galeria/nivo-slider/demo/images/Banner-Ecourbanismo.jpg HTTP/1.1" 304 -
74.86.158.107 - - [21/Apr/2015:00:02:55 -0500] "HEAD / HTTP/1.1" 200 -
66.249.64.86 - - [21/Apr/2015:00:02:56 -0500] "GET /BLA/resoluciones/RESOLUCIONES%202011/3607.pdf HTTP/1.1" 200 343671
157.55.39.187 - - [21/Apr/2015:00:02:59 -0500] "GET /BLA/boletinlegal/js/jquery.scrollShow.js HTTP/1.1" 200 4586
186.29.115.230 - - [21/Apr/2015:00:03:05 -0500] "GET /forest/misactividades.do?group_system_actual=3&codPro=127&_a=0.753722076442502 HTTP/1.1" 200 38222
186.29.115.230 - - [21/Apr/2015:00:03:05 -0500] "GET /forest/skins/gdocs-jar/jsp/cookie.jsp?name=grid_numpro&del HTTP/1.1" 200 -
186.29.115.230 - - [21/Apr/2015:00:03:05 -0500] "GET /forest/session.jsp?a=0.6347126103937626 HTTP/1.1" 200 4
186.29.115.230 - - [21/Apr/2015:00:03:06 -0500] "POST /forest/misactividades.do?ajax=true&a=0.45837257360108197 HTTP/1.1" 200 5149
66.249.64.84 - - [21/Apr/2015:00:03:11 -0500] "GET /BLA/resoluciones/RESOLUCIONES%202007/RES%202007%204001%20AL%204100/RESOLUCION%204027%20DE%202007.pdf HTTP/1.1" 304 -
180.76.5.191 - - [21/Apr/2015:00:03:23 -0500] "GET /BLA/resoluciones/RESOLUCIONES%202011/3887.pdf HTTP/1.1" 200 553946
66.249.64.20 - - [21/Apr/2015:00:03:26 -0500] "GET /portalsiaccapacitaciones/Listas%20de%20Asistencia%202013/ HTTP/1.1" 200 11643
186.29.115.230 - - [21/Apr/2015:00:03:29 -0500] "GET /forest/usutareas.do?_a=0.4269483608659357&group_system_actual=3 HTTP/1.1" 200 103618
186.29.115.230 - - [21/Apr/2015:00:03:29 -0500] "GET /forest/session.jsp?a=0.8567966553382576 HTTP/1.1" 200 4
186.29.115.230 - - [21/Apr/2015:00:03:35 -0500] "GET /forest/actions/forms.getList?codForm=validacion_autoini&id=Funcionario525&text=f HTTP/1.1" 200 1232
186.29.115.230 - - [21/Apr/2015:00:03:35 -0500] "GET /forest/actions/forms.getList?codForm=validacion_autoini&id=Funcionario525&text=fr HTTP/1.1" 200 1317
186.29.115.230 - - [21/Apr/2015:00:03:35 -0500] "GET /forest/actions/forms.getList?codForm=validacion_autoini&id=Funcionario525&text=fra HTTP/1.1" 200 1078
186.29.115.230 - - [21/Apr/2015:00:03:35 -0500] "GET /forest/actions/forms.getList?codForm=validacion_autoini&id=Funcionario525&text=fran HTTP/1.1" 200 1078
186.29.115.230 - - [21/Apr/2015:00:03:35 -0500] "GET /forest/actions/forms.getList?codForm=validacion_autoini&id=Funcionario525&text=franz HTTP/1.1" 200 64
66.249.64.84 - - [21/Apr/2015:00:03:41 -0500] "GET /BLA/resoluciones/RESOLUCIONES%202011/4486.pdf HTTP/1.1" 200 467524
186.29.115.230 - - [21/Apr/2015:00:03:50 -0500] "POST /forest/usutareas.do? HTTP/1.1" 200 76
66.249.64.86 - - [21/Apr/2015:00:03:55 -0500] "GET /BLA/resoluciones/RESOLUCIONES%202011/5737.pdf HTTP/1.1" 304 -
186.29.115.230 - - [21/Apr/2015:00:03:52 -0500] "GET /forest/usutareas.do?group_system_actual=3&a=0.09075671387836337 HTTP/1.1" 200 169913
186.29.115.230 - - [21/Apr/2015:00:03:56 -0500] "GET /forest/session.jsp?a=0.6487040256615728 HTTP/1.1" 200 4
180.76.6.16 - - [21/Apr/2015:00:04:03 -0500] "GET /BLA/boletinlegal;jsessionid=F28DB89F6958098AACB069EFFE4ACF8D?/? HTTP/1.1" 404 1018
66.249.64.86 - - [21/Apr/2015:00:04:10 -0500] "GET /BLA/resoluciones/AUTOS%202010/6458.pdf HTTP/1.1" 200 166749
66.249.64.24 - - [21/Apr/2015:00:04:19 -0500] "GET /ial/presentaciones/pte1/1.pdf HTTP/1.1" 404 1019
66.249.64.86 - - [21/Apr/2015:00:04:25 -0500] "GET /BLA/resoluciones/RESOLUCIONES%202011/6269.pdf HTTP/1.1" 200 424545
209.222.8.107 - - [21/Apr/2015:00:04:37 -0500] "GET /BLA/resoluciones/index.php?dir=AUTOS%202004/&sort=name&order=desc HTTP/1.1" 200 2299
66.249.64.86 - - [21/Apr/2015:00:04:40 -0500] "GET /BLA/resoluciones/RESOLUCIONES%202011/6053.pdf HTTP/1.1" 200 1126466
190.66.100.140 - - [21/Apr/2015:00:04:41 -0500] "GET /galeria/carrusel/Carrusel/jquery.thumbnailScroller.css HTTP/1.1" 200 2066
190.66.100.140 - - [21/Apr/2015:00:04:41 -0500] "GET /BLA/boletinlegal/js/jquery.scrollTo-min.js HTTP/1.1" 200 1150
190.66.100.140 - - [21/Apr/2015:00:04:41 -0500] "GET /galeria/galeria/jquery.fancybox.css?v=2.1.5 HTTP/1.1" 200 4895
190.66.100.140 - - [21/Apr/2015:00:04:41 -0500] "GET /galeria/galeria/jquery.fancybox.js?v=2.1.5 HTTP/1.1" 200 48706
190.66.100.140 - - [21/Apr/2015:00:04:41 -0500] "GET /BLA/boletinlegal/js/jquery.scrollShow.js HTTP/1.1" 200 4586
190.66.100.140 - - [21/Apr/2015:00:04:41 -0500] "GET /galeria/carrusel/Carrusel/jquery-ui-1.8.13.custom.min.js HTTP/1.1" 200 10800
190.66.100.140 - - [21/Apr/2015:00:04:41 -0500] "GET /galeria/carrusel/Carrusel/jquery.thumbnailScroller.js HTTP/1.1" 200 8157
190.66.100.140 - - [21/Apr/2015:00:04:51 -0500] "GET /galeria/nivo-slider/demo/demo.html HTTP/1.1" 200 4881
190.66.100.140 - - [21/Apr/2015:00:04:51 -0500] "GET /galeria/nivo-slider/themes/default/default.css HTTP/1.1" 200 1569
190.66.100.140 - - [21/Apr/2015:00:04:51 -0500] "GET /galeria/nivo-slider/themes/pascal/pascal.css HTTP/1.1" 200 2258
190.66.100.140 - - [21/Apr/2015:00:04:51 -0500] "GET /galeria/nivo-slider/themes/orman/orman.css HTTP/1.1" 200 2152
190.66.100.140 - - [21/Apr/2015:00:04:51 -0500] "GET /galeria/nivo-slider/nivo-slider.css HTTP/1.1" 200 1507
190.66.100.140 - - [21/Apr/2015:00:04:51 -0500] "GET /galeria/nivo-slider/demo/style.css HTTP/1.1" 200 2222
190.66.100.140 - - [21/Apr/2015:00:04:52 -0500] "GET /galeria/nivo-slider/jquery.nivo.slider.pack.js HTTP/1.1" 200 11561
190.66.100.140 - - [21/Apr/2015:00:04:52 -0500] "GET /galeria/nivo-slider/demo/images/pedaleando-por-la-tierra.jpg HTTP/1.1" 200 234362
190.66.100.140 - - [21/Apr/2015:00:04:52 -0500] "GET /galeria/nivo-slider/demo/images/marcha2015.jpg HTTP/1.1" 200 85177
190.66.100.140 - - [21/Apr/2015:00:04:52 -0500] "GET /galeria/nivo-slider/demo/images/no-sea-victima.jpg HTTP/1.1" 200 254155
190.66.100.140 - - [21/Apr/2015:00:04:52 -0500] "GET /galeria/nivo-slider/demo/scripts/jquery-1.7.1.min.js HTTP/1.1" 200 93868
190.66.100.140 - - [21/Apr/2015:00:04:52 -0500] "GET /galeria/nivo-slider/demo/images/ecolectaabril20.jpg HTTP/1.1" 200 72606
190.66.100.140 - - [21/Apr/2015:00:04:53 -0500] "GET /galeria/nivo-slider/demo/images/Convocatoria_recicladores.jpg HTTP/1.1" 200 213976
190.66.100.140 - - [21/Apr/2015:00:04:53 -0500] "GET /galeria/nivo-slider/demo/images/acuerdo_569.jpg HTTP/1.1" 200 62670
190.66.100.140 - - [21/Apr/2015:00:04:53 -0500] "GET /galeria/nivo-slider/demo/images/Licitaciones-proyecto-paramo.jpg HTTP/1.1" 200 221877
190.66.100.140 - - [21/Apr/2015:00:04:54 -0500] "GET /galeria/nivo-slider/demo/images/Banner-decreto1299.jpg HTTP/1.1" 200 182613
190.66.100.140 - - [21/Apr/2015:00:04:54 -0500] "GET /galeria/nivo-slider/demo/images/Banner-Directorio.jpg HTTP/1.1" 200 182068
190.66.100.140 - - [21/Apr/2015:00:04:54 -0500] "GET /galeria/nivo-slider/demo/images/banner-V2.jpg HTTP/1.1" 200 59297
190.66.100.140 - - [21/Apr/2015:00:04:54 -0500] "GET /galeria/nivo-slider/demo/images/Ruta-vertimientos-01.jpg HTTP/1.1" 200 130151
190.66.100.140 - - [21/Apr/2015:00:04:54 -0500] "GET /galeria/nivo-slider/demo/images/bolsas-06.jpg HTTP/1.1" 200 90982
190.66.100.140 - - [21/Apr/2015:00:04:54 -0500] "GET /galeria/nivo-slider/demo/images/bolsas-08.jpg HTTP/1.1" 200 85589
186.29.115.230 - - [21/Apr/2015:00:04:54 -0500] "GET /forest/skins/gdocs-jar/popup/direccion.jsp?callfromform=form_field123&a=0.00722931232303381 HTTP/1.1" 200 12550
190.66.100.140 - - [21/Apr/2015:00:04:55 -0500] "GET /galeria/nivo-slider/demo/images/redes_sociales.jpg HTTP/1.1" 200 415652
66.249.64.86 - - [21/Apr/2015:00:04:55 -0500] "GET /BLA/resoluciones/RESOLUCIONES%202011/2392.pdf HTTP/1.1" 304 -
190.66.100.140 - - [21/Apr/2015:00:04:55 -0500] "GET /galeria/nivo-slider/demo/images/4Simple_Slider.png HTTP/1.1" 200 11722
190.66.100.140 - - [21/Apr/2015:00:04:55 -0500] "GET /galeria/nivo-slider/themes/default/loading.gif HTTP/1.1" 200 1737
190.66.100.140 - - [21/Apr/2015:00:04:55 -0500] "GET /galeria/nivo-slider/demo/images/Conoce-los-humedales.jpg HTTP/1.1" 200 294036
190.66.100.140 - - [21/Apr/2015:00:04:56 -0500] "GET /galeria/nivo-slider/demo/images/ecolecta-Dic2014.png HTTP/1.1" 200 288593
190.66.100.140 - - [21/Apr/2015:00:04:56 -0500] "GET /galeria/nivo-slider/demo/images/porloshumedales.jpg HTTP/1.1" 200 351238
190.66.100.140 - - [21/Apr/2015:00:04:56 -0500] "GET /galeria/nivo-slider/demo/images/Tingua-azul.jpg HTTP/1.1" 200 307638
190.66.100.140 - - [21/Apr/2015:00:04:57 -0500] "GET /galeria/nivo-slider/demo/images/banner-llantas2.jpg HTTP/1.1" 200 73153
190.66.100.140 - - [21/Apr/2015:00:04:57 -0500] "GET /galeria/nivo-slider/demo/images/9Signos.jpg HTTP/1.1" 200 81776
190.66.100.140 - - [21/Apr/2015:00:04:59 -0500] "GET /galeria/nivo-slider/themes/default/bullets.png HTTP/1.1" 200 1281
190.66.100.140 - - [21/Apr/2015:00:04:59 -0500] "GET /videos/DiadelatierraHD_1min.flv HTTP/1.1" 200 7316200
190.66.100.140 - - [21/Apr/2015:00:04:59 -0500] "GET /galeria/nivo-slider/themes/default/arrows.png HTTP/1.1" 200 824
66.249.64.86 - - [21/Apr/2015:00:05:10 -0500] "GET /BLA/resoluciones/RESOLUCIONES%202007/RES%202007%202501%20AL%202600/RESOLUCION%202520%20DE%202007.pdf HTTP/1.1" 304 -
209.222.8.107 - - [21/Apr/2015:00:05:24 -0500] "GET /galeria/galeria/fotos/Soratama4G.jpg HTTP/1.1" 200 167128
190.66.100.140 - - [21/Apr/2015:00:05:24 -0500] "GET /BLA/boletinlegal/js/jquery.scrollTo-min.js HTTP/1.1" 304 -
190.66.100.140 - - [21/Apr/2015:00:05:24 -0500] "GET /galeria/galeria/jquery.fancybox.css?v=2.1.5 HTTP/1.1" 304 -
190.66.100.140 - - [21/Apr/2015:00:05:24 -0500] "GET /BLA/boletinlegal/js/jquery.scrollShow.js HTTP/1.1" 304 -
190.66.100.140 - - [21/Apr/2015:00:05:24 -0500] "GET /galeria/galeria/jquery.fancybox.js?v=2.1.5 HTTP/1.1" 304 -
66.249.64.86 - - [21/Apr/2015:00:05:25 -0500] "GET /BLA/resoluciones/RESOLUCIONES%202009/2041.pdf HTTP/1.1" 304 -
152.61.128.66 - - [21/Apr/2015:00:05:25 -0500] "HEAD / HTTP/1.1" 200 -
152.61.128.66 - - [21/Apr/2015:00:05:26 -0500] "GET /arcgis/services/Calidad_del_Agua_WQI/MapServer/WMSServer?request=GetCapabilities&service=WMS HTTP/1.1" 200 32135
152.61.128.66 - - [21/Apr/2015:00:05:26 -0500] "GET /arcgis/services/Calidad_del_Agua_WQI/MapServer/WMSServer?request=GetCapabilities&service=WMS HTTP/1.0" 200 32135
152.61.128.66 - - [21/Apr/2015:00:05:27 -0500] "GET /arcgis/services/Calidad_del_Agua_WQI/MapServer/WMSServer?request=GetCapabilities&service=WMS HTTP/1.0" 200 32135
152.61.128.66 - - [21/Apr/2015:00:05:28 -0500] "GET /arcgis/services/Calidad_del_Agua_WQI/MapServer/WMSServer?request=GetCapabilities&service=WMS HTTP/1.0" 200 32135
152.61.128.66 - - [21/Apr/2015:00:05:29 -0500] "GET /arcgis/services/Calidad_del_Agua_WQI/MapServer/WMSServer?VERSION=1.1.1&REQUEST=GetMap&LAYERS=0&SRS=EPSG:4326&BBOX=-74.473395,3.674381,-73.963300,4.920569&WIDTH=250&HEIGHT=250&FORMAT=image/bmp&STYLES=& HTTP/1.1" 200 188054
186.29.115.230 - - [21/Apr/2015:00:05:47 -0500] "GET /forest/skins/gdocs-jar/popup/direccion.jsp?callfromform=form_dir_notif_pro_inmueb1767&a=0.3083333701360971 HTTP/1.1" 200 12566
66.249.64.82 - - [21/Apr/2015:00:05:54 -0500] "GET /BLA/resoluciones/AUTOS%202010/5390.pdf HTTP/1.1" 304 -
181.136.251.6 - - [21/Apr/2015:00:06:02 -0500] "GET /autoliquidacion HTTP/1.1" 301 310
181.136.251.6 - - [21/Apr/2015:00:06:03 -0500] "GET /autoliquidacion/ HTTP/1.1" 200 6375
66.249.64.86 - - [21/Apr/2015:00:06:09 -0500] "GET /BLA/resoluciones/RESOLUCIONES%202009/8966.pdf HTTP/1.1" 304 -
181.136.251.6 - - [21/Apr/2015:00:06:11 -0500] "GET /galeria/carrusel/Carrusel/jquery.thumbnailScroller.css HTTP/1.1" 200 2066
181.136.251.6 - - [21/Apr/2015:00:06:11 -0500] "GET /galeria/carrusel/Carrusel/jquery.thumbnailScroller.js HTTP/1.1" 200 8157
181.136.251.6 - - [21/Apr/2015:00:06:11 -0500] "GET /galeria/carrusel/Carrusel/jquery-ui-1.8.13.custom.min.js HTTP/1.1" 200 10800
181.136.251.6 - - [21/Apr/2015:00:06:11 -0500] "GET /galeria/nivo-slider/demo/demo.html HTTP/1.1" 200 4881
181.136.251.6 - - [21/Apr/2015:00:06:12 -0500] "GET /galeria/nivo-slider/themes/default/default.css HTTP/1.1" 200 1569
181.136.251.6 - - [21/Apr/2015:00:06:12 -0500] "GET /galeria/nivo-slider/themes/orman/orman.css HTTP/1.1" 200 2152
181.136.251.6 - - [21/Apr/2015:00:06:12 -0500] "GET /galeria/nivo-slider/themes/pascal/pascal.css HTTP/1.1" 200 2258
181.136.251.6 - - [21/Apr/2015:00:06:12 -0500] "GET /galeria/nivo-slider/nivo-slider.css HTTP/1.1" 200 1507
181.136.251.6 - - [21/Apr/2015:00:06:12 -0500] "GET /galeria/nivo-slider/demo/style.css HTTP/1.1" 200 2222
181.136.251.6 - - [21/Apr/2015:00:06:12 -0500] "GET /galeria/nivo-slider/demo/scripts/jquery-1.7.1.min.js HTTP/1.1" 200 93868
181.136.251.6 - - [21/Apr/2015:00:06:12 -0500] "GET /galeria/nivo-slider/jquery.nivo.slider.pack.js HTTP/1.1" 200 11561
181.136.251.6 - - [21/Apr/2015:00:06:12 -0500] "GET /galeria/nivo-slider/demo/images/pedaleando-por-la-tierra.jpg HTTP/1.1" 200 234362
181.136.251.6 - - [21/Apr/2015:00:06:13 -0500] "GET /galeria/nivo-slider/demo/images/ecolectaabril20.jpg HTTP/1.1" 200 72606
181.136.251.6 - - [21/Apr/2015:00:06:13 -0500] "GET /galeria/nivo-slider/demo/images/marcha2015.jpg HTTP/1.1" 200 85177
181.136.251.6 - - [21/Apr/2015:00:06:13 -0500] "GET /galeria/nivo-slider/demo/images/no-sea-victima.jpg HTTP/1.1" 200 254155
186.29.115.230 - - [21/Apr/2015:00:06:16 -0500] "GET /forest/actions/forms.getList?codForm=Soli_Elem_Ext_Vis&id=Funcionario266&text=Franz%20Stephen%20Gomez%20Rodriguez HTTP/1.1" 200 64
186.29.115.230 - - [21/Apr/2015:00:06:16 -0500] "GET /forest/actions/forms.getList?codForm=Soli_Elem_Ext_Vis&id=Funcionario266&text= HTTP/1.1" 200 1251
186.29.115.230 - - [21/Apr/2015:00:06:17 -0500] "GET /forest/actions/forms.getList?codForm=Soli_Elem_Ext_Vis&id=Funcionario266&text=P HTTP/1.1" 200 1279
186.29.115.230 - - [21/Apr/2015:00:06:17 -0500] "GET /forest/actions/forms.getList?codForm=Soli_Elem_Ext_Vis&id=Funcionario266&text=PE HTTP/1.1" 200 1262
186.29.115.230 - - [21/Apr/2015:00:06:17 -0500] "GET /forest/actions/forms.getList?codForm=Soli_Elem_Ext_Vis&id=Funcionario266&text=PED HTTP/1.1" 200 717
186.29.115.230 - - [21/Apr/2015:00:06:17 -0500] "GET /forest/actions/forms.getList?codForm=Soli_Elem_Ext_Vis&id=Funcionario266&text=PEDR HTTP/1.1" 200 380
186.29.115.230 - - [21/Apr/2015:00:06:17 -0500] "GET /forest/actions/forms.getList?codForm=Soli_Elem_Ext_Vis&id=Funcionario266&text=PEDRO HTTP/1.1" 200 180
181.136.251.6 - - [21/Apr/2015:00:06:17 -0500] "GET /galeria/nivo-slider/demo/images/Convocatoria_recicladores.jpg HTTP/1.1" 200 213976
181.136.251.6 - - [21/Apr/2015:00:06:18 -0500] "GET /galeria/nivo-slider/demo/images/acuerdo_569.jpg HTTP/1.1" 200 62670
181.136.251.6 - - [21/Apr/2015:00:06:18 -0500] "GET /galeria/nivo-slider/demo/images/Licitaciones-proyecto-paramo.jpg HTTP/1.1" 200 221877
66.249.64.84 - - [21/Apr/2015:00:06:24 -0500] "GET /BLA/resoluciones/RESOLUCIONES%202009/9239.pdf HTTP/1.1" 304 -
186.155.101.170 - - [21/Apr/2015:00:06:26 -0500] "GET /galeria/galeria/jquery.fancybox.css?v=2.1.5 HTTP/1.1" 200 4895
186.155.101.170 - - [21/Apr/2015:00:06:26 -0500] "GET /BLA/boletinlegal/js/jquery.scrollTo-min.js HTTP/1.1" 200 1150
186.155.101.170 - - [21/Apr/2015:00:06:26 -0500] "GET /BLA/boletinlegal/js/jquery.scrollShow.js HTTP/1.1" 200 4586
186.155.101.170 - - [21/Apr/2015:00:06:26 -0500] "GET /galeria/galeria/jquery.fancybox.js?v=2.1.5 HTTP/1.1" 200 48706
209.222.8.107 - - [21/Apr/2015:00:06:31 -0500] "GET /BLA/resoluciones/index.php?dir=RESOLUCIONES+2007%2FRES+2007+2801+AL+2900%2F HTTP/1.1" 200 26859
186.28.147.226 - - [21/Apr/2015:00:06:38 -0500] "GET /isolucionsda/Session.asp HTTP/1.1" 200 146
66.249.64.84 - - [21/Apr/2015:00:06:39 -0500] "GET /BLA/resoluciones/AUTOS%202013/0333.pdf HTTP/1.1" 200 1629452
186.155.101.170 - - [21/Apr/2015:00:06:46 -0500] "GET /galeria/galeria/jquery.fancybox.css?v=2.1.5 HTTP/1.1" 304 -
186.155.101.170 - - [21/Apr/2015:00:06:46 -0500] "GET /BLA/boletinlegal/js/jquery.scrollTo-min.js HTTP/1.1" 304 -
186.155.101.170 - - [21/Apr/2015:00:06:46 -0500] "GET /BLA/boletinlegal/js/jquery.scrollShow.js HTTP/1.1" 304 -
186.155.101.170 - - [21/Apr/2015:00:06:46 -0500] "GET /galeria/galeria/jquery.fancybox.js?v=2.1.5 HTTP/1.1" 304 -
66.249.64.84 - - [21/Apr/2015:00:06:48 -0500] "GET /BLA/resoluciones/AUTOS%202011/0320.pdf HTTP/1.1" 200 192275
191.95.244.227 - - [21/Apr/2015:00:06:49 -0500] "GET /galeria/galeria/fotos/1humedal-Burro1G.jpg HTTP/1.1" 200 132804
66.249.64.82 - - [21/Apr/2015:00:06:54 -0500] "GET /BLA/resoluciones/AUTOS%202013/3446.pdf HTTP/1.1" 200 363192
66.249.64.86 - - [21/Apr/2015:00:07:09 -0500] "GET /BLA/resoluciones/AUTOS%202014/0867.pdf HTTP/1.1" 304 -
180.76.6.158 - - [21/Apr/2015:00:07:10 -0500] "GET /BLA/resoluciones/RESOLUCIONES%202007/RES%202007%202801%20AL%202900/RESOLUCION%202816%20DE%202007.pdf HTTP/1.1" 200 580325
186.29.115.230 - - [21/Apr/2015:00:07:23 -0500] "GET /forest/skins/gdocs-jar/popup/direccion.jsp?callfromform=form_IGS_DireccionPubli115&a=0.9952088296413422 HTTP/1.1" 200 12563
66.249.64.84 - - [21/Apr/2015:00:07:24 -0500] "GET /BLA/resoluciones/RESOLUCIONES%202009/8364.pdf HTTP/1.1" 304 -
209.222.8.107 - - [21/Apr/2015:00:07:26 -0500] "GET /BLA/resoluciones/index.php?dir=RESOLUCIONES+2007%2FRES+2007+1901+AL+2000%2F HTTP/1.1" 200 26856
181.128.248.250 - - [21/Apr/2015:00:07:31 -0500] "GET /galeria/galeria/jquery.fancybox.css?v=2.1.5 HTTP/1.1" 200 4895
181.128.248.250 - - [21/Apr/2015:00:07:31 -0500] "GET /galeria/carrusel/Carrusel/jquery.thumbnailScroller.css HTTP/1.1" 200 2066
181.128.248.250 - - [21/Apr/2015:00:07:31 -0500] "GET /BLA/boletinlegal/js/jquery.scrollTo-min.js HTTP/1.1" 200 1150
181.128.248.250 - - [21/Apr/2015:00:07:31 -0500] "GET /BLA/boletinlegal/js/jquery.scrollShow.js HTTP/1.1" 200 4586
181.128.248.250 - - [21/Apr/2015:00:07:31 -0500] "GET /galeria/galeria/jquery.fancybox.js?v=2.1.5 HTTP/1.1" 200 48706
181.128.248.250 - - [21/Apr/2015:00:07:31 -0500] "GET /galeria/carrusel/Carrusel/jquery-ui-1.8.13.custom.min.js HTTP/1.1" 200 10800
181.128.248.250 - - [21/Apr/2015:00:07:31 -0500] "GET /galeria/carrusel/Carrusel/jquery.thumbnailScroller.js HTTP/1.1" 200 8157
181.128.248.250 - - [21/Apr/2015:00:07:32 -0500] "GET /galeria/nivo-slider/demo/demo.html HTTP/1.1" 200 4881
181.128.248.250 - - [21/Apr/2015:00:07:33 -0500] "GET /galeria/nivo-slider/themes/default/default.css HTTP/1.1" 200 1569
181.128.248.250 - - [21/Apr/2015:00:07:33 -0500] "GET /galeria/nivo-slider/themes/pascal/pascal.css HTTP/1.1" 200 2258
181.128.248.250 - - [21/Apr/2015:00:07:33 -0500] "GET /galeria/nivo-slider/themes/orman/orman.css HTTP/1.1" 200 2152
181.128.248.250 - - [21/Apr/2015:00:07:33 -0500] "GET /galeria/nivo-slider/demo/style.css HTTP/1.1" 200 2222
181.128.248.250 - - [21/Apr/2015:00:07:33 -0500] "GET /galeria/nivo-slider/nivo-slider.css HTTP/1.1" 200 1507
181.128.248.250 - - [21/Apr/2015:00:07:33 -0500] "GET /galeria/nivo-slider/demo/images/pedaleando-por-la-tierra.jpg HTTP/1.1" 200 234362
181.128.248.250 - - [21/Apr/2015:00:07:33 -0500] "GET /galeria/nivo-slider/demo/scripts/jquery-1.7.1.min.js HTTP/1.1" 200 93868
181.128.248.250 - - [21/Apr/2015:00:07:33 -0500] "GET /galeria/nivo-slider/jquery.nivo.slider.pack.js HTTP/1.1" 200 11561
181.128.248.250 - - [21/Apr/2015:00:07:33 -0500] "GET /galeria/nivo-slider/demo/images/ecolectaabril20.jpg HTTP/1.1" 200 72606
181.128.248.250 - - [21/Apr/2015:00:07:33 -0500] "GET /galeria/nivo-slider/demo/images/marcha2015.jpg HTTP/1.1" 200 85177
181.128.248.250 - - [21/Apr/2015:00:07:34 -0500] "GET /galeria/nivo-slider/demo/images/no-sea-victima.jpg HTTP/1.1" 200 254155
181.128.248.250 - - [21/Apr/2015:00:07:34 -0500] "GET /galeria/nivo-slider/demo/images/Convocatoria_recicladores.jpg HTTP/1.1" 200 213976
181.128.248.250 - - [21/Apr/2015:00:07:34 -0500] "GET /galeria/nivo-slider/demo/images/acuerdo_569.jpg HTTP/1.1" 200 62670
181.128.248.250 - - [21/Apr/2015:00:07:34 -0500] "GET /galeria/nivo-slider/demo/images/Licitaciones-proyecto-paramo.jpg HTTP/1.1" 200 221877
181.128.248.250 - - [21/Apr/2015:00:07:34 -0500] "GET /galeria/nivo-slider/demo/images/Banner-decreto1299.jpg HTTP/1.1" 200 182613
181.128.248.250 - - [21/Apr/2015:00:07:35 -0500] "GET /galeria/nivo-slider/demo/images/Banner-Directorio.jpg HTTP/1.1" 200 182068
181.128.248.250 - - [21/Apr/2015:00:07:35 -0500] "GET /galeria/nivo-slider/demo/images/banner-V2.jpg HTTP/1.1" 200 59297
181.128.248.250 - - [21/Apr/2015:00:07:36 -0500] "GET /galeria/nivo-slider/demo/images/Ruta-vertimientos-01.jpg HTTP/1.1" 200 130151
181.128.248.250 - - [21/Apr/2015:00:07:36 -0500] "GET /galeria/nivo-slider/demo/images/4Simple_Slider.png HTTP/1.1" 200 11722
181.128.248.250 - - [21/Apr/2015:00:07:36 -0500] "GET /galeria/nivo-slider/themes/default/loading.gif HTTP/1.1" 200 1737
181.128.248.250 - - [21/Apr/2015:00:07:36 -0500] "GET /galeria/nivo-slider/demo/images/bolsas-06.jpg HTTP/1.1" 200 90982
181.128.248.250 - - [21/Apr/2015:00:07:36 -0500] "GET /galeria/nivo-slider/demo/images/bolsas-08.jpg HTTP/1.1" 200 85589
181.128.248.250 - - [21/Apr/2015:00:07:36 -0500] "GET /galeria/nivo-slider/demo/images/redes_sociales.jpg HTTP/1.1" 200 415652
181.128.248.250 - - [21/Apr/2015:00:07:37 -0500] "GET /galeria/nivo-slider/demo/images/Conoce-los-humedales.jpg HTTP/1.1" 200 294036
181.128.248.250 - - [21/Apr/2015:00:07:37 -0500] "GET /galeria/nivo-slider/demo/images/ecolecta-Dic2014.png HTTP/1.1" 200 288593
181.128.248.250 - - [21/Apr/2015:00:07:37 -0500] "GET /galeria/nivo-slider/demo/images/porloshumedales.jpg HTTP/1.1" 200 351238
181.128.248.250 - - [21/Apr/2015:00:07:37 -0500] "GET /galeria/nivo-slider/demo/images/Tingua-azul.jpg HTTP/1.1" 200 307638
181.128.248.250 - - [21/Apr/2015:00:07:38 -0500] "GET /galeria/nivo-slider/demo/images/banner-llantas2.jpg HTTP/1.1" 200 73153
66.249.64.86 - - [21/Apr/2015:00:07:38 -0500] "GET /BLA/resoluciones/RESOLUCIONES%202010/4954.pdf HTTP/1.1" 304 -
181.128.248.250 - - [21/Apr/2015:00:07:39 -0500] "GET /galeria/nivo-slider/demo/images/9Signos.jpg HTTP/1.1" 200 81776
181.128.248.250 - - [21/Apr/2015:00:07:41 -0500] "GET /galeria/nivo-slider/themes/default/arrows.png HTTP/1.1" 200 824
181.128.248.250 - - [21/Apr/2015:00:07:41 -0500] "GET /galeria/nivo-slider/themes/default/bullets.png HTTP/1.1" 200 1281
181.128.248.250 - - [21/Apr/2015:00:07:42 -0500] "GET /videos/DiadelatierraHD_1min.flv HTTP/1.1" 200 7316200
50.63.197.21 - - [21/Apr/2015:00:07:51 -0500] "GET /blog/wp-admin/ HTTP/1.1" 404 1018
66.249.64.82 - - [21/Apr/2015:00:07:53 -0500] "GET /BLA/resoluciones/AUTOS%202007/3770.pdf HTTP/1.1" 200 130534
74.86.158.107 - - [21/Apr/2015:00:07:55 -0500] "HEAD / HTTP/1.1" 200 -
186.29.115.230 - - [21/Apr/2015:00:01:55 -0500] "GET /ForestMSG_SDA/channelAsync/template_word_17964107?X-Atmosphere-tracking-id=3a296aef-5cb2-9de7-1cc2-92cd29ffedf5&X-Atmosphere-Framework=1.0.5&X-Atmosphere-Transport=long-polling&tabid=0.7854197497945279&X-Cache-Date=0&Content-Type=application/xml&_=1429592692024 HTTP/1.1" 200 8193
66.249.64.86 - - [21/Apr/2015:00:08:08 -0500] "GET /BLA/resoluciones/AUTOS%202013/0964.pdf HTTP/1.1" 304 -
66.249.64.86 - - [21/Apr/2015:00:08:23 -0500] "GET /BLA/resoluciones/RESOLUCIONES%202007/RES%202007%203901%20AL%204000/RESOLUCION%203981%20DE%202007.pdf HTTP/1.1" 304 -
186.28.147.226 - - [21/Apr/2015:00:08:29 -0500] "OPTIONS / HTTP/1.1" 200 -
186.28.147.226 - - [21/Apr/2015:00:08:29 -0500] "PROPFIND / HTTP/1.1" 405 943
186.28.147.226 - - [21/Apr/2015:00:08:29 -0500] "PROPFIND / HTTP/1.1" 405 943
186.28.147.226 - - [21/Apr/2015:00:08:29 -0500] "PROPFIND /isolucionsda/bancoconocimiento/F/FlujogramaPlandeMejoramientoporProceso_v7 HTTP/1.1" 405 5722
186.28.147.226 - - [21/Apr/2015:00:08:30 -0500] "PROPFIND /isolucionsda/bancoconocimiento/F HTTP/1.1" 405 5638
186.28.147.226 - - [21/Apr/2015:00:08:30 -0500] "PROPFIND / HTTP/1.1" 405 943
186.28.147.226 - - [21/Apr/2015:00:08:30 -0500] "PROPFIND / HTTP/1.1" 405 943
66.249.64.86 - - [21/Apr/2015:00:08:38 -0500] "GET /BLA/resoluciones/RESOLUCIONES%202009/4471.pdf HTTP/1.1" 304 -
209.222.8.107 - - [21/Apr/2015:00:08:49 -0500] "GET /BLA/resoluciones/index.php?dir=RESOLUCIONES+2002%2FRES+2002+551-600%2F HTTP/1.1" 200 12228
66.249.64.84 - - [21/Apr/2015:00:08:53 -0500] "GET /BLA/resoluciones/RESOLUCIONES%202007/RES%202007%202301%20AL%202400/RESOLUCION%202312%20DE%202007.pdf HTTP/1.1" 304 -
186.29.115.230 - - [21/Apr/2015:00:08:57 -0500] "GET /forest/session.jsp?a=0.6983969588764012 HTTP/1.1" 200 4
209.222.8.107 - - [21/Apr/2015:00:08:58 -0500] "GET /BLA/resoluciones/RESOLUCIONES%202001/2001%201150-1199.tif HTTP/1.1" 200 4090636
66.249.64.84 - - [21/Apr/2015:00:09:08 -0500] "GET /BLA/resoluciones/AUTOS%202013/0737.pdf HTTP/1.1" 200 993999
66.249.64.82 - - [21/Apr/2015:00:09:22 -0500] "GET /BLA/resoluciones/RESOLUCIONES%202010/7754.pdf HTTP/1.1" 200 561517
186.29.115.230 - - [21/Apr/2015:00:09:34 -0500] "GET /forest/actions/forms.getMappedValues?id=IGS_UbicacionPubliciad23&value=3&codForm=Soli_Elem_Ext_Vis&a=0.331591087160632 HTTP/1.1" 200 39
66.249.64.82 - - [21/Apr/2015:00:09:37 -0500] "GET /BLA/resoluciones/RESOLUCIONES%202010/6886.pdf HTTP/1.1" 304 -
66.249.64.86 - - [21/Apr/2015:00:09:52 -0500] "GET /BLA/resoluciones/RESOLUCIONES%202010/1028.pdf HTTP/1.1" 200 98251
186.29.115.230 - - [21/Apr/2015:00:03:55 -0500] "GET /ForestMSG_SDA/channelAsync/template_word_17964117?X-Atmosphere-tracking-id=4e906659-65db-c242-a061-a51f997101fb&X-Atmosphere-Framework=1.0.5&X-Atmosphere-Transport=long-polling&tabid=0.9722326954361051&X-Cache-Date=0&Content-Type=application/xml&_=1429592812215 HTTP/1.1" 200 8193
186.29.115.230 - - [21/Apr/2015:00:10:00 -0500] "GET /forest/actions/forms.getMappedValues?id=IGS_UbicacionPubliciad23&value=5&codForm=Soli_Elem_Ext_Vis&a=0.7372190013993531 HTTP/1.1" 200 27
66.249.64.86 - - [21/Apr/2015:00:10:07 -0500] "GET /BLA/resoluciones/RESOLUCIONES%202012/1369.pdf HTTP/1.1" 200 6649147
66.249.64.84 - - [21/Apr/2015:00:10:22 -0500] "GET /BLA/resoluciones/RESOLUCIONES%202007/RES%202007%201101%20AL%201200/RESOLUCION%201104%20DE%202007.pdf HTTP/1.1" 304 -
66.249.64.86 - - [21/Apr/2015:00:10:37 -0500] "GET /BLA/resoluciones/RESOLUCIONES%202010/4287.pdf HTTP/1.1" 304 -
66.249.64.84 - - [21/Apr/2015:00:10:52 -0500] "GET /BLA/resoluciones/RESOLUCIONES%202013/0083.pdf HTTP/1.1" 200 403760
190.65.207.86 - - [21/Apr/2015:00:10:53 -0500] "GET /galeria/carrusel/Carrusel/jquery.thumbnailScroller.css HTTP/1.1" 200 2066
190.65.207.86 - - [21/Apr/2015:00:10:53 -0500] "GET /galeria/carrusel/Carrusel/jquery-ui-1.8.13.custom.min.js HTTP/1.1" 200 10800
190.65.207.86 - - [21/Apr/2015:00:10:53 -0500] "GET /galeria/carrusel/Carrusel/jquery.thumbnailScroller.js HTTP/1.1" 200 8157
186.29.115.230 - - [21/Apr/2015:00:10:53 -0500] "GET /forest/actions/forms.getMappedValues?id=IGS_NoCarasExpo53&value=1&codForm=Soli_Elem_Ext_Vis&a=0.04404859966598451 HTTP/1.1" 200 38
190.65.207.86 - - [21/Apr/2015:00:10:53 -0500] "GET /galeria/nivo-slider/demo/demo.html HTTP/1.1" 200 4881
190.65.207.86 - - [21/Apr/2015:00:10:55 -0500] "GET /galeria/nivo-slider/themes/default/default.css HTTP/1.1" 200 1569
190.65.207.86 - - [21/Apr/2015:00:10:55 -0500] "GET /galeria/nivo-slider/themes/pascal/pascal.css HTTP/1.1" 200 2258
190.65.207.86 - - [21/Apr/2015:00:10:55 -0500] "GET /galeria/nivo-slider/themes/orman/orman.css HTTP/1.1" 200 2152
190.65.207.86 - - [21/Apr/2015:00:10:56 -0500] "GET /galeria/nivo-slider/nivo-slider.css HTTP/1.1" 200 1507
190.65.207.86 - - [21/Apr/2015:00:10:56 -0500] "GET /galeria/nivo-slider/demo/style.css HTTP/1.1" 200 2222
190.65.207.86 - - [21/Apr/2015:00:10:56 -0500] "GET /galeria/nivo-slider/jquery.nivo.slider.pack.js HTTP/1.1" 200 11561
190.65.207.86 - - [21/Apr/2015:00:10:56 -0500] "GET /galeria/nivo-slider/demo/images/pedaleando-por-la-tierra.jpg HTTP/1.1" 200 234362
190.65.207.86 - - [21/Apr/2015:00:10:56 -0500] "GET /galeria/nivo-slider/demo/images/ecolectaabril20.jpg HTTP/1.1" 200 72606
190.65.207.86 - - [21/Apr/2015:00:10:56 -0500] "GET /galeria/nivo-slider/demo/images/marcha2015.jpg HTTP/1.1" 200 85177
190.65.207.86 - - [21/Apr/2015:00:10:56 -0500] "GET /galeria/nivo-slider/demo/scripts/jquery-1.7.1.min.js HTTP/1.1" 200 93868
190.65.207.86 - - [21/Apr/2015:00:10:56 -0500] "GET /galeria/nivo-slider/demo/images/4Simple_Slider.png HTTP/1.1" 200 11722
190.65.207.86 - - [21/Apr/2015:00:10:57 -0500] "GET /galeria/nivo-slider/themes/default/loading.gif HTTP/1.1" 200 1737
190.65.207.86 - - [21/Apr/2015:00:10:57 -0500] "GET /galeria/nivo-slider/demo/images/no-sea-victima.jpg HTTP/1.1" 200 254155
190.65.207.86 - - [21/Apr/2015:00:10:57 -0500] "GET /galeria/nivo-slider/demo/images/Convocatoria_recicladores.jpg HTTP/1.1" 200 213976
190.65.207.86 - - [21/Apr/2015:00:10:57 -0500] "GET /galeria/nivo-slider/demo/images/acuerdo_569.jpg HTTP/1.1" 200 62670
190.65.207.86 - - [21/Apr/2015:00:10:57 -0500] "GET /galeria/nivo-slider/demo/images/Licitaciones-proyecto-paramo.jpg HTTP/1.1" 200 221877
190.65.207.86 - - [21/Apr/2015:00:10:57 -0500] "GET /galeria/nivo-slider/demo/images/Banner-decreto1299.jpg HTTP/1.1" 200 182613
190.65.207.86 - - [21/Apr/2015:00:10:58 -0500] "GET /galeria/nivo-slider/demo/images/Banner-Directorio.jpg HTTP/1.1" 200 182068
190.65.207.86 - - [21/Apr/2015:00:10:58 -0500] "GET /videos/DiadelatierraHD_1min.flv HTTP/1.1" 200 7316200
190.65.207.86 - - [21/Apr/2015:00:10:59 -0500] "GET /galeria/nivo-slider/demo/images/banner-V2.jpg HTTP/1.1" 200 59297
190.65.207.86 - - [21/Apr/2015:00:10:59 -0500] "GET /galeria/nivo-slider/demo/images/Ruta-vertimientos-01.jpg HTTP/1.1" 200 130151
190.65.207.86 - - [21/Apr/2015:00:10:59 -0500] "GET /galeria/nivo-slider/demo/images/bolsas-06.jpg HTTP/1.1" 200 90982
190.65.207.86 - - [21/Apr/2015:00:11:00 -0500] "GET /galeria/nivo-slider/demo/images/bolsas-08.jpg HTTP/1.1" 200 85589
190.65.207.86 - - [21/Apr/2015:00:11:00 -0500] "GET /galeria/nivo-slider/demo/images/redes_sociales.jpg HTTP/1.1" 200 415652
190.65.207.86 - - [21/Apr/2015:00:11:01 -0500] "GET /galeria/nivo-slider/demo/images/Conoce-los-humedales.jpg HTTP/1.1" 200 294036
190.65.207.86 - - [21/Apr/2015:00:11:02 -0500] "GET /galeria/nivo-slider/demo/images/ecolecta-Dic2014.png HTTP/1.1" 200 288593
190.65.207.86 - - [21/Apr/2015:00:11:02 -0500] "GET /galeria/nivo-slider/demo/images/porloshumedales.jpg HTTP/1.1" 200 351238
190.65.207.86 - - [21/Apr/2015:00:11:03 -0500] "GET /galeria/nivo-slider/demo/images/Tingua-azul.jpg HTTP/1.1" 200 307638
190.65.207.86 - - [21/Apr/2015:00:11:05 -0500] "GET /galeria/nivo-slider/demo/images/banner-llantas2.jpg HTTP/1.1" 200 73153
190.65.207.86 - - [21/Apr/2015:00:11:06 -0500] "GET /galeria/nivo-slider/demo/images/9Signos.jpg HTTP/1.1" 200 81776
66.249.64.84 - - [21/Apr/2015:00:11:07 -0500] "GET /BLA/resoluciones/RESOLUCIONES%202007/RES%202007%202501%20AL%202600/RESOLUCION%202518%20DE%202007.pdf HTTP/1.1" 200 710384
190.65.207.86 - - [21/Apr/2015:00:11:07 -0500] "GET /galeria/nivo-slider/themes/default/arrows.png HTTP/1.1" 200 824
190.65.207.86 - - [21/Apr/2015:00:11:07 -0500] "GET /galeria/nivo-slider/themes/default/bullets.png HTTP/1.1" 200 1281
66.249.64.84 - - [21/Apr/2015:00:11:21 -0500] "GET /BLA/resoluciones/AUTOS%202013/1646.pdf HTTP/1.1" 200 1649672
180.76.5.23 - - [21/Apr/2015:00:11:25 -0500] "GET /BLA/boletinlegal;jsessionid=2991F64961733BE131AB74AB4621AB89?/? HTTP/1.1" 404 1018
190.240.121.22 - - [21/Apr/2015:00:11:36 -0500] "GET /galeria/galeria/jquery.fancybox.css?v=2.1.5 HTTP/1.1" 200 4895
190.240.121.22 - - [21/Apr/2015:00:11:36 -0500] "GET /BLA/boletinlegal/js/jquery.scrollTo-min.js HTTP/1.1" 200 1150
190.240.121.22 - - [21/Apr/2015:00:11:36 -0500] "GET /BLA/boletinlegal/js/jquery.scrollShow.js HTTP/1.1" 200 4586
190.240.121.22 - - [21/Apr/2015:00:11:36 -0500] "GET /galeria/galeria/jquery.fancybox.js?v=2.1.5 HTTP/1.1" 200 48706
66.249.64.82 - - [21/Apr/2015:00:11:36 -0500] "GET /BLA/resoluciones/RESOLUCIONES%202009/3792.pdf HTTP/1.1" 304 -
190.240.121.22 - - [21/Apr/2015:00:11:50 -0500] "GET /BLA/boletinlegal/js/jquery.scrollTo-min.js HTTP/1.1" 304 -
190.240.121.22 - - [21/Apr/2015:00:11:50 -0500] "GET /galeria/galeria/jquery.fancybox.css?v=2.1.5 HTTP/1.1" 304 -
190.240.121.22 - - [21/Apr/2015:00:11:50 -0500] "GET /BLA/boletinlegal/js/jquery.scrollShow.js HTTP/1.1" 304 -
190.240.121.22 - - [21/Apr/2015:00:11:50 -0500] "GET /galeria/galeria/jquery.fancybox.js?v=2.1.5 HTTP/1.1" 304 -
66.249.64.86 - - [21/Apr/2015:00:11:51 -0500] "GET /BLA/resoluciones/AUTOS%202010/5323.pdf HTTP/1.1" 200 1892591
66.249.64.86 - - [21/Apr/2015:00:11:57 -0500] "GET /BLA/resoluciones/RESOLUCIONES%202014/1104.pdf HTTP/1.1" 200 3081032
66.249.64.84 - - [21/Apr/2015:00:12:06 -0500] "GET /BLA/resoluciones/RESOLUCIONES%202010/3938.pdf HTTP/1.1" 304 -
207.46.13.147 - - [21/Apr/2015:00:12:10 -0500] "GET /BLA/boletinlegal/js/jquery.js HTTP/1.1" 200 57254
207.46.13.147 - - [21/Apr/2015:00:12:11 -0500] "GET /BLA/boletinlegal/js/jquery.scrollShow.js HTTP/1.1" 200 4586
207.46.13.147 - - [21/Apr/2015:00:12:11 -0500] "GET /BLA/boletinlegal/js/jquery.scrollTo-min.js HTTP/1.1" 200 1150
209.222.8.107 - - [21/Apr/2015:00:12:13 -0500] "GET /BLA/resoluciones/index.php?dir=Notificaciones%2FAUTOS+2012%2F HTTP/1.1" 200 2555
66.249.64.84 - - [21/Apr/2015:00:12:21 -0500] "GET /BLA/resoluciones/RESOLUCIONES%202009/6708.pdf HTTP/1.1" 304 -
66.249.64.84 - - [21/Apr/2015:00:12:36 -0500] "GET /BLA/resoluciones/AUTOS%202014/1936.pdf HTTP/1.1" 200 2185742
66.249.64.84 - - [21/Apr/2015:00:12:51 -0500] "GET /BLA/resoluciones/AUTOS%202011/1864.pdf HTTP/1.1" 304 -
74.86.158.107 - - [21/Apr/2015:00:12:55 -0500] "HEAD / HTTP/1.1" 200 -
209.222.8.107 - - [21/Apr/2015:00:13:03 -0500] "GET /BLA/resoluciones/index.php?dir=RESOLUCIONES%202001/&sort=name&order=desc HTTP/1.1" 200 8130
66.249.64.86 - - [21/Apr/2015:00:13:05 -0500] "GET /BLA/resoluciones/AUTOS%202014/4339.pdf HTTP/1.1" 304 -
209.222.8.107 - - [21/Apr/2015:00:13:09 -0500] "GET /BLA/resoluciones/index.php?dir=RESOLUCIONES+2007%2FRES+2007+3501+AL+3600%2F HTTP/1.1" 200 26836
190.84.36.81 - - [21/Apr/2015:00:13:17 -0500] "GET /galeria/galeria/jquery.fancybox.css?v=2.1.5 HTTP/1.1" 200 4895
190.84.36.81 - - [21/Apr/2015:00:13:17 -0500] "GET /BLA/boletinlegal/js/jquery.scrollShow.js HTTP/1.1" 200 4586
190.84.36.81 - - [21/Apr/2015:00:13:17 -0500] "GET /BLA/boletinlegal/js/jquery.scrollTo-min.js HTTP/1.1" 200 1150
190.84.36.81 - - [21/Apr/2015:00:13:17 -0500] "GET /galeria/galeria/jquery.fancybox.js?v=2.1.5 HTTP/1.1" 200 48706
190.84.36.81 - - [21/Apr/2015:00:13:17 -0500] "GET /galeria/carrusel/Carrusel/jquery.thumbnailScroller.css HTTP/1.1" 200 2066
190.84.36.81 - - [21/Apr/2015:00:13:17 -0500] "GET /galeria/carrusel/Carrusel/jquery-ui-1.8.13.custom.min.js HTTP/1.1" 200 10800
190.84.36.81 - - [21/Apr/2015:00:13:18 -0500] "GET /galeria/carrusel/Carrusel/jquery.thumbnailScroller.js HTTP/1.1" 200 8157
190.84.36.81 - - [21/Apr/2015:00:13:18 -0500] "GET /galeria/nivo-slider/demo/demo.html HTTP/1.1" 200 4881
66.249.64.82 - - [21/Apr/2015:00:13:20 -0500] "GET /BLA/resoluciones/RESOLUCIONES%202007/RES%202007%202501%20AL%202600/RESOLUCION%202542%20DE%202007.pdf HTTP/1.1" 304 -
190.84.36.81 - - [21/Apr/2015:00:13:21 -0500] "GET /galeria/nivo-slider/themes/default/default.css HTTP/1.1" 200 1569
190.84.36.81 - - [21/Apr/2015:00:13:21 -0500] "GET /galeria/nivo-slider/themes/orman/orman.css HTTP/1.1" 200 2152
190.84.36.81 - - [21/Apr/2015:00:13:21 -0500] "GET /galeria/nivo-slider/demo/images/pedaleando-por-la-tierra.jpg HTTP/1.1" 200 234362
190.84.36.81 - - [21/Apr/2015:00:13:21 -0500] "GET /galeria/nivo-slider/nivo-slider.css HTTP/1.1" 200 1507
190.84.36.81 - - [21/Apr/2015:00:13:21 -0500] "GET /galeria/nivo-slider/demo/style.css HTTP/1.1" 200 2222
190.84.36.81 - - [21/Apr/2015:00:13:21 -0500] "GET /galeria/nivo-slider/themes/pascal/pascal.css HTTP/1.1" 200 2258
190.84.36.81 - - [21/Apr/2015:00:13:21 -0500] "GET /galeria/nivo-slider/demo/scripts/jquery-1.7.1.min.js HTTP/1.1" 200 93868
190.84.36.81 - - [21/Apr/2015:00:13:21 -0500] "GET /galeria/nivo-slider/jquery.nivo.slider.pack.js HTTP/1.1" 200 11561
190.84.36.81 - - [21/Apr/2015:00:13:21 -0500] "GET /galeria/nivo-slider/demo/images/ecolectaabril20.jpg HTTP/1.1" 200 72606
190.84.36.81 - - [21/Apr/2015:00:13:21 -0500] "GET /galeria/nivo-slider/demo/images/marcha2015.jpg HTTP/1.1" 200 85177
190.84.36.81 - - [21/Apr/2015:00:13:21 -0500] "GET /galeria/nivo-slider/demo/images/no-sea-victima.jpg HTTP/1.1" 200 254155
190.84.36.81 - - [21/Apr/2015:00:13:21 -0500] "GET /galeria/nivo-slider/demo/images/Convocatoria_recicladores.jpg HTTP/1.1" 200 213976
190.84.36.81 - - [21/Apr/2015:00:13:22 -0500] "GET /galeria/nivo-slider/demo/images/4Simple_Slider.png HTTP/1.1" 200 11722
190.84.36.81 - - [21/Apr/2015:00:13:22 -0500] "GET /galeria/nivo-slider/themes/default/loading.gif HTTP/1.1" 200 1737
190.84.36.81 - - [21/Apr/2015:00:13:23 -0500] "GET /galeria/nivo-slider/demo/images/acuerdo_569.jpg HTTP/1.1" 200 62670
190.84.36.81 - - [21/Apr/2015:00:13:23 -0500] "GET /galeria/nivo-slider/demo/images/Licitaciones-proyecto-paramo.jpg HTTP/1.1" 200 221877
190.84.36.81 - - [21/Apr/2015:00:13:23 -0500] "GET /galeria/nivo-slider/demo/images/Banner-Directorio.jpg HTTP/1.1" 200 182068
190.84.36.81 - - [21/Apr/2015:00:13:23 -0500] "GET /galeria/nivo-slider/demo/images/Banner-decreto1299.jpg HTTP/1.1" 200 182613
190.84.36.81 - - [21/Apr/2015:00:13:24 -0500] "GET /galeria/nivo-slider/demo/images/banner-V2.jpg HTTP/1.1" 200 59297
190.84.36.81 - - [21/Apr/2015:00:13:24 -0500] "GET /galeria/nivo-slider/demo/images/Ruta-vertimientos-01.jpg HTTP/1.1" 200 130151
190.84.36.81 - - [21/Apr/2015:00:13:24 -0500] "GET /galeria/nivo-slider/demo/images/bolsas-06.jpg HTTP/1.1" 200 90982
190.84.36.81 - - [21/Apr/2015:00:13:24 -0500] "GET /galeria/nivo-slider/demo/images/bolsas-08.jpg HTTP/1.1" 200 85589
190.84.36.81 - - [21/Apr/2015:00:13:25 -0500] "GET /galeria/nivo-slider/demo/images/redes_sociales.jpg HTTP/1.1" 200 415652
190.84.36.81 - - [21/Apr/2015:00:13:25 -0500] "GET /galeria/nivo-slider/demo/images/Conoce-los-humedales.jpg HTTP/1.1" 200 294036
190.84.36.81 - - [21/Apr/2015:00:13:25 -0500] "GET /galeria/nivo-slider/demo/images/ecolecta-Dic2014.png HTTP/1.1" 200 288593
190.84.36.81 - - [21/Apr/2015:00:13:25 -0500] "GET /galeria/nivo-slider/demo/images/porloshumedales.jpg HTTP/1.1" 200 351238
190.84.36.81 - - [21/Apr/2015:00:13:25 -0500] "GET /galeria/nivo-slider/demo/images/Tingua-azul.jpg HTTP/1.1" 200 307638
190.84.36.81 - - [21/Apr/2015:00:13:27 -0500] "GET /galeria/nivo-slider/demo/images/banner-llantas2.jpg HTTP/1.1" 200 73153
190.84.36.81 - - [21/Apr/2015:00:13:27 -0500] "GET /galeria/nivo-slider/demo/images/9Signos.jpg HTTP/1.1" 200 81776
190.84.36.81 - - [21/Apr/2015:00:13:28 -0500] "GET /videos/DiadelatierraHD_1min.flv HTTP/1.1" 200 7316200
152.61.128.66 - - [21/Apr/2015:00:13:28 -0500] "HEAD / HTTP/1.1" 200 -
152.61.128.66 - - [21/Apr/2015:00:13:29 -0500] "GET /arcgis/services/Calidad_del_Agua_WQI/MapServer/WMSServer?SERVICE=WMS&REQUEST=GetCapabilities HTTP/1.1" 200 32135
190.84.36.81 - - [21/Apr/2015:00:13:29 -0500] "GET /galeria/nivo-slider/themes/default/bullets.png HTTP/1.1" 200 1281
190.84.36.81 - - [21/Apr/2015:00:13:29 -0500] "GET /galeria/nivo-slider/themes/default/arrows.png HTTP/1.1" 200 824
152.61.128.66 - - [21/Apr/2015:00:13:29 -0500] "GET /arcgis/services/Calidad_del_Agua_WQI/MapServer/WMSServer?SERVICE=WMS&REQUEST=GetCapabilities HTTP/1.0" 200 32135
152.61.128.66 - - [21/Apr/2015:00:13:30 -0500] "GET /arcgis/services/Calidad_del_Agua_WQI/MapServer/WMSServer?SERVICE=WMS&REQUEST=GetCapabilities HTTP/1.0" 200 32135
152.61.128.66 - - [21/Apr/2015:00:13:31 -0500] "GET /arcgis/services/Calidad_del_Agua_WQI/MapServer/WMSServer?SERVICE=WMS&REQUEST=GetCapabilities HTTP/1.0" 200 32135
152.61.128.66 - - [21/Apr/2015:00:13:32 -0500] "GET /arcgis/services/Calidad_del_Agua_WQI/MapServer/WMSServer?VERSION=1.1.1&REQUEST=GetMap&LAYERS=0&SRS=EPSG:4326&BBOX=-74.473395,3.674381,-73.963300,4.920569&WIDTH=250&HEIGHT=250&FORMAT=image/bmp&STYLES=& HTTP/1.1" 200 188054
66.249.64.86 - - [21/Apr/2015:00:13:35 -0500] "GET /BLA/resoluciones/RESOLUCIONES%202013/0169.pdf HTTP/1.1" 200 2658087
186.29.115.230 - - [21/Apr/2015:00:13:38 -0500] "POST /forest/usutareas.do? HTTP/1.1" 200 76
190.84.36.81 - - [21/Apr/2015:00:13:40 -0500] "GET /galeria/galeria/jquery.fancybox.css?v=2.1.5 HTTP/1.1" 304 -
190.84.36.81 - - [21/Apr/2015:00:13:40 -0500] "GET /BLA/boletinlegal/js/jquery.scrollTo-min.js HTTP/1.1" 304 -
190.84.36.81 - - [21/Apr/2015:00:13:40 -0500] "GET /BLA/boletinlegal/js/jquery.scrollShow.js HTTP/1.1" 304 -
190.84.36.81 - - [21/Apr/2015:00:13:40 -0500] "GET /galeria/galeria/jquery.fancybox.js?v=2.1.5 HTTP/1.1" 304 -
186.29.115.230 - - [21/Apr/2015:00:09:55 -0500] "GET /ForestMSG_SDA/channelAsync/template_word_17964117?X-Atmosphere-tracking-id=4e906659-65db-c242-a061-a51f997101fb&X-Atmosphere-Framework=1.0.5&X-Atmosphere-Transport=long-polling&tabid=0.9722326954361051&X-Cache-Date=0&Content-Type=application/xml&_=1429593172325 HTTP/1.1" 200 8193
186.29.115.230 - - [21/Apr/2015:00:13:41 -0500] "GET /forest/usutareas.do?group_system_actual=3&a=0.1875061383470893 HTTP/1.1" 200 174168
186.29.115.230 - - [21/Apr/2015:00:13:44 -0500] "GET /forest/session.jsp?a=0.9790235450491309 HTTP/1.1" 200 4
186.29.115.230 - - [21/Apr/2015:00:13:45 -0500] "GET /forest/actions/forms.getMappedValues?id=IGS_NoCarasExpo53&value=1&codForm=Soli_Elem_Ext_Vis&a=0.8308909763582051 HTTP/1.1" 200 38
186.29.115.230 - - [21/Apr/2015:00:13:45 -0500] "GET /forest/actions/forms.getMappedValues?id=IGS_UbicacionPubliciad23&value=5&codForm=Soli_Elem_Ext_Vis&a=0.15908423950895667 HTTP/1.1" 200 27
186.29.115.230 - - [21/Apr/2015:00:13:45 -0500] "GET /forest/actions/forms.getMappedValues?id=IGS_UbicacionPubliciad23&value=5&codForm=Soli_Elem_Ext_Vis&a=0.31255681649781764 HTTP/1.1" 200 27
186.29.115.230 - - [21/Apr/2015:00:13:45 -0500] "GET /forest/actions/forms.getMappedValues?id=IGS_NoCarasExpo53&value=1&codForm=Soli_Elem_Ext_Vis&a=0.24411701690405607 HTTP/1.1" 200 38
66.249.64.84 - - [21/Apr/2015:00:13:44 -0500] "GET /BLA/resoluciones/index.php?dir=RESOLUCIONES%202008/&sort=size&order=asc HTTP/1.1" 200 976102
66.249.64.82 - - [21/Apr/2015:00:13:50 -0500] "GET /BLA/resoluciones/RESOLUCIONES%202010/0523.pdf HTTP/1.1" 200 264751
209.222.8.107 - - [21/Apr/2015:00:13:57 -0500] "GET /BLA/resoluciones/index.php?dir=RESOLUCIONES+2002%2FRES+2002+501-550%2F HTTP/1.1" 200 12029
