186.29.249.159 - - [01/May/2015:11:29:35 -0500] "GET /images/SDQS.jpg HTTP/1.1" 200 47976
186.29.249.159 - - [01/May/2015:11:29:36 -0500] "GET /images/CORREO.jpg HTTP/1.1" 200 39337
186.29.249.159 - - [01/May/2015:11:29:36 -0500] "GET /images/FORMATOS.jpg HTTP/1.1" 200 41585
186.29.249.159 - - [01/May/2015:11:29:36 -0500] "GET /images/CATALOGO.jpg HTTP/1.1" 200 35661
190.127.234.62 - - [01/May/2015:11:29:36 -0500] "GET /galeria/nivo-slider/themes/default/arrows.png HTTP/1.1" 200 824
190.127.234.62 - - [01/May/2015:11:29:36 -0500] "GET /galeria/nivo-slider/themes/default/bullets.png HTTP/1.1" 200 1281
186.87.183.41 - - [01/May/2015:11:29:36 -0500] "GET /galeria/nivo-slider/demo/images/porloshumedales.jpg HTTP/1.1" 200 351238
186.29.249.159 - - [01/May/2015:11:29:37 -0500] "GET /favicon.ico HTTP/1.1" 200 7782
190.24.98.131 - - [01/May/2015:11:29:43 -0500] "POST /forest/usutareas.do? HTTP/1.1" 200 76
190.24.98.131 - - [01/May/2015:11:29:44 -0500] "GET /forest/skins/gdocs-jar/img/ok.gif HTTP/1.1" 304 -
190.24.98.131 - - [01/May/2015:11:29:45 -0500] "GET /forest/usutareas.do?group_system_actual=3&a=0.8900057703722268 HTTP/1.1" 200 113118
190.24.98.131 - - [01/May/2015:11:29:46 -0500] "GET /forest/skins/gdocs-jar/img/plus.gif HTTP/1.1" 304 -
190.24.98.131 - - [01/May/2015:11:29:46 -0500] "GET /forest/skins/gdocs-jar/img/pencil.png HTTP/1.1" 304 -
190.24.98.131 - - [01/May/2015:11:29:46 -0500] "GET /forest/skins/gdocs-jar/img/minus.png HTTP/1.1" 304 -
190.24.98.131 - - [01/May/2015:11:29:46 -0500] "GET /forest/session.jsp?a=0.7112504984252155 HTTP/1.1" 200 4
190.24.98.131 - - [01/May/2015:11:29:46 -0500] "GET /forest/actions/forms.getMappedValues?id=id_EnlaceConcejo173&value=1430498659010&codForm=DPC_RepartoConsolidador&a=0.8833040578756481 HTTP/1.1" 200 24
161.10.39.72 - - [01/May/2015:11:29:48 -0500] "GET /BLA/boletinlegal/js/jquery.scrollTo-min.js HTTP/1.1" 304 -
161.10.39.72 - - [01/May/2015:11:29:48 -0500] "GET /BLA/boletinlegal/js/jquery.scrollShow.js HTTP/1.1" 304 -
161.10.39.72 - - [01/May/2015:11:29:48 -0500] "GET /galeria/galeria/jquery.fancybox.css?v=2.1.5 HTTP/1.1" 304 -
161.10.39.72 - - [01/May/2015:11:29:48 -0500] "GET /galeria/galeria/jquery.fancybox.js?v=2.1.5 HTTP/1.1" 304 -
190.24.98.131 - - [01/May/2015:11:29:48 -0500] "GET /forest/actions/forms.getList?codForm=DPC_RepartoConsolidador&id=funcionarioasignado&text=s HTTP/1.1" 200 1255
190.24.98.131 - - [01/May/2015:11:29:48 -0500] "GET /forest/actions/forms.getList?codForm=DPC_RepartoConsolidador&id=funcionarioasignado&text=so HTTP/1.1" 200 1223
190.24.98.131 - - [01/May/2015:11:29:49 -0500] "GET /forest/actions/forms.getList?codForm=DPC_RepartoConsolidador&id=funcionarioasignado&text=son HTTP/1.1" 200 1281
190.24.98.131 - - [01/May/2015:11:29:49 -0500] "GET /forest/actions/forms.getList?codForm=DPC_RepartoConsolidador&id=funcionarioasignado&text=soni HTTP/1.1" 200 502
190.24.98.131 - - [01/May/2015:11:29:49 -0500] "GET /forest/actions/forms.getList?codForm=DPC_RepartoConsolidador&id=funcionarioasignado&text=sonia HTTP/1.1" 200 502
190.24.98.131 - - [01/May/2015:11:29:49 -0500] "GET /forest/actions/forms.getList?codForm=DPC_RepartoConsolidador&id=funcionarioasignado&text=sonia%20 HTTP/1.1" 200 502
190.24.98.131 - - [01/May/2015:11:29:49 -0500] "GET /forest/actions/forms.getList?codForm=DPC_RepartoConsolidador&id=funcionarioasignado&text=sonia%20j HTTP/1.1" 200 60
190.24.98.131 - - [01/May/2015:11:29:49 -0500] "GET /forest/actions/forms.getList?codForm=DPC_RepartoConsolidador&id=funcionarioasignado&text=sonia%20ju HTTP/1.1" 200 60
190.24.98.131 - - [01/May/2015:11:29:50 -0500] "GET /forest/actions/forms.getList?codForm=DPC_RepartoConsolidador&id=funcionarioasignado&text=sonia%20jul HTTP/1.1" 200 60
190.24.98.131 - - [01/May/2015:11:29:50 -0500] "GET /forest/actions/forms.getList?codForm=DPC_RepartoConsolidador&id=funcionarioasignado&text=sonia%20juli HTTP/1.1" 200 60
186.29.249.159 - - [01/May/2015:11:29:51 -0500] "GET /galeria/galeria/jquery.fancybox.css?v=2.1.5 HTTP/1.1" 200 4895
186.29.249.159 - - [01/May/2015:11:29:51 -0500] "GET /galeria/carrusel/Carrusel/jquery.thumbnailScroller.css HTTP/1.1" 200 2066
186.29.249.159 - - [01/May/2015:11:29:51 -0500] "GET /BLA/boletinlegal/js/jquery.scrollTo-min.js HTTP/1.1" 200 1150
186.29.249.159 - - [01/May/2015:11:29:51 -0500] "GET /BLA/boletinlegal/js/jquery.scrollShow.js HTTP/1.1" 200 4586
186.29.249.159 - - [01/May/2015:11:29:51 -0500] "GET /galeria/galeria/jquery.fancybox.js?v=2.1.5 HTTP/1.1" 200 48706
186.29.249.159 - - [01/May/2015:11:29:51 -0500] "GET /galeria/carrusel/Carrusel/jquery-ui-1.8.13.custom.min.js HTTP/1.1" 200 10800
186.29.249.159 - - [01/May/2015:11:29:51 -0500] "GET /galeria/carrusel/Carrusel/jquery.thumbnailScroller.js HTTP/1.1" 200 8157
186.29.249.159 - - [01/May/2015:11:29:52 -0500] "GET /galeria/nivo-slider/demo/demo.html HTTP/1.1" 200 4065
186.29.249.159 - - [01/May/2015:11:29:52 -0500] "GET /galeria/nivo-slider/themes/default/default.css HTTP/1.1" 200 1569
186.29.249.159 - - [01/May/2015:11:29:52 -0500] "GET /galeria/nivo-slider/themes/pascal/pascal.css HTTP/1.1" 200 2258
186.29.249.159 - - [01/May/2015:11:29:52 -0500] "GET /galeria/nivo-slider/themes/orman/orman.css HTTP/1.1" 200 2152
186.29.249.159 - - [01/May/2015:11:29:52 -0500] "GET /galeria/nivo-slider/nivo-slider.css HTTP/1.1" 200 1507
186.29.249.159 - - [01/May/2015:11:29:52 -0500] "GET /galeria/nivo-slider/demo/style.css HTTP/1.1" 200 2222
186.29.249.159 - - [01/May/2015:11:29:52 -0500] "GET /galeria/nivo-slider/demo/scripts/jquery-1.7.1.min.js HTTP/1.1" 200 93868
186.29.249.159 - - [01/May/2015:11:29:52 -0500] "GET /galeria/nivo-slider/jquery.nivo.slider.pack.js HTTP/1.1" 200 11561
186.29.249.159 - - [01/May/2015:11:29:52 -0500] "GET /galeria/nivo-slider/demo/images/4Simple_Slider.png HTTP/1.1" 200 11722
186.29.249.159 - - [01/May/2015:11:29:52 -0500] "GET /galeria/nivo-slider/themes/default/loading.gif HTTP/1.1" 200 1737
190.24.98.131 - - [01/May/2015:11:29:52 -0500] "POST /forest/usutareas.do? HTTP/1.1" 200 76
186.29.249.159 - - [01/May/2015:11:29:52 -0500] "GET /galeria/nivo-slider/demo/images/9Signos.jpg HTTP/1.1" 200 81776
186.29.249.159 - - [01/May/2015:11:29:52 -0500] "GET /galeria/nivo-slider/demo/images/slider-cruz-de-mayo2015.jpg HTTP/1.1" 200 62104
186.29.249.159 - - [01/May/2015:11:29:52 -0500] "GET /galeria/nivo-slider/demo/images/acuerdo_569.jpg HTTP/1.1" 200 62670
186.29.249.159 - - [01/May/2015:11:29:52 -0500] "GET /galeria/nivo-slider/demo/images/convocatoriaConsejoConsultivo.jpg HTTP/1.1" 200 147494
186.29.249.159 - - [01/May/2015:11:29:53 -0500] "GET /galeria/nivo-slider/demo/images/Licitaciones-proyecto-paramo.jpg HTTP/1.1" 200 221877
186.29.249.159 - - [01/May/2015:11:29:53 -0500] "GET /galeria/nivo-slider/demo/images/Banner-decreto1299.jpg HTTP/1.1" 200 182613
186.29.249.159 - - [01/May/2015:11:29:53 -0500] "GET /galeria/nivo-slider/demo/images/Banner-Directorio.jpg HTTP/1.1" 200 182068
186.29.249.159 - - [01/May/2015:11:29:53 -0500] "GET /galeria/nivo-slider/demo/images/Ruta-vertimientos-01.jpg HTTP/1.1" 200 130151
186.29.249.159 - - [01/May/2015:11:29:54 -0500] "GET /galeria/nivo-slider/demo/images/bolsas-06.jpg HTTP/1.1" 200 90982
186.29.249.159 - - [01/May/2015:11:29:54 -0500] "GET /galeria/nivo-slider/demo/images/bolsas-08.jpg HTTP/1.1" 200 85589
190.24.98.131 - - [01/May/2015:11:29:54 -0500] "GET /forest/usutareas.do?group_system_actual=3&a=0.10876310849562287 HTTP/1.1" 200 19599
190.24.98.131 - - [01/May/2015:11:29:54 -0500] "GET /forest/session.jsp?a=0.5962283576373011 HTTP/1.1" 200 4
186.29.249.159 - - [01/May/2015:11:29:55 -0500] "GET /galeria/nivo-slider/demo/images/redes_sociales.jpg HTTP/1.1" 200 415652
186.29.249.159 - - [01/May/2015:11:29:55 -0500] "GET /galeria/nivo-slider/demo/images/Conoce-los-humedales.jpg HTTP/1.1" 200 294036
186.29.249.159 - - [01/May/2015:11:29:55 -0500] "GET /galeria/nivo-slider/demo/images/ecolecta-Dic2014.png HTTP/1.1" 200 288593
186.29.249.159 - - [01/May/2015:11:29:55 -0500] "GET /galeria/nivo-slider/demo/images/porloshumedales.jpg HTTP/1.1" 200 351238
186.29.249.159 - - [01/May/2015:11:29:57 -0500] "GET /galeria/nivo-slider/demo/images/Tingua-azul.jpg HTTP/1.1" 200 307638
186.29.249.159 - - [01/May/2015:11:29:57 -0500] "GET /galeria/nivo-slider/demo/images/banner-llantas2.jpg HTTP/1.1" 200 73153
190.25.212.99 - - [01/May/2015:11:29:58 -0500] "GET /PORTAL_SIAC/swf/Residuos/curtiembres/files/search/searchtext.xml HTTP/1.1" 200 240047
186.29.249.159 - - [01/May/2015:11:29:58 -0500] "GET /galeria/nivo-slider/themes/default/arrows.png HTTP/1.1" 200 824
186.29.249.159 - - [01/May/2015:11:29:58 -0500] "GET /galeria/nivo-slider/themes/default/bullets.png HTTP/1.1" 200 1281
186.154.49.170 - - [01/May/2015:11:30:00 -0500] "POST /forms/lservlet;jsessionid=ac16012b30d66a8df0b8693b42fc870ac9b8f17d7ffa.e3iSbxaKaheRe3eNbhaPbhuQa41ynknvrkLOlQzNp65In0 HTTP/1.1" 200 2
186.154.49.170 - - [01/May/2015:11:30:00 -0500] "POST /forms/lservlet;jsessionid=ac16012b30d66a8df0b8693b42fc870ac9b8f17d7ffa.e3iSbxaKaheRe3eNbhaPbhuQa41ynknvrkLOlQzNp65In0 HTTP/1.1" 200 2357
190.24.98.131 - - [01/May/2015:11:30:00 -0500] "GET /forest/misactividades.do?_a=0.9133903284091502&group_system_actual=3 HTTP/1.1" 200 37617
186.154.49.170 - - [01/May/2015:11:30:00 -0500] "POST /forms/lservlet;jsessionid=ac16012b30d66a8df0b8693b42fc870ac9b8f17d7ffa.e3iSbxaKaheRe3eNbhaPbhuQa41ynknvrkLOlQzNp65In0 HTTP/1.1" 200 10
190.24.98.131 - - [01/May/2015:11:30:00 -0500] "GET /forest/session.jsp?a=0.16224666987545788 HTTP/1.1" 200 4
190.24.98.131 - - [01/May/2015:11:30:00 -0500] "POST /forest/misactividades.do?ajax=true&a=0.1580198819283396 HTTP/1.1" 200 4559
190.25.212.99 - - [01/May/2015:11:30:01 -0500] "GET /favicon.ico HTTP/1.1" 200 7782
186.154.49.170 - - [01/May/2015:11:30:02 -0500] "POST /forms/lservlet;jsessionid=ac16012b30d66a8df0b8693b42fc870ac9b8f17d7ffa.e3iSbxaKaheRe3eNbhaPbhuQa41ynknvrkLOlQzNp65In0 HTTP/1.1" 200 24
186.154.49.170 - - [01/May/2015:11:30:02 -0500] "POST /forms/lservlet;jsessionid=ac16012b30d66a8df0b8693b42fc870ac9b8f17d7ffa.e3iSbxaKaheRe3eNbhaPbhuQa41ynknvrkLOlQzNp65In0 HTTP/1.1" 200 3843
186.154.49.170 - - [01/May/2015:11:30:03 -0500] "POST /forms/lservlet;jsessionid=ac16012b30d66a8df0b8693b42fc870ac9b8f17d7ffa.e3iSbxaKaheRe3eNbhaPbhuQa41ynknvrkLOlQzNp65In0 HTTP/1.1" 200 2
190.24.98.131 - - [01/May/2015:11:30:06 -0500] "GET /forest/img/jquery/ui-icons_217bc0_256x240.png HTTP/1.1" 304 -
186.154.49.170 - - [01/May/2015:11:30:07 -0500] "POST /forms/lservlet;jsessionid=ac16012b30d66a8df0b8693b42fc870ac9b8f17d7ffa.e3iSbxaKaheRe3eNbhaPbhuQa41ynknvrkLOlQzNp65In0 HTTP/1.1" 200 2
186.118.39.146 - - [01/May/2015:11:30:07 -0500] "GET /galeria/galeria/jquery.fancybox.css?v=2.1.5 HTTP/1.1" 200 4895
186.118.39.146 - - [01/May/2015:11:30:07 -0500] "GET /galeria/galeria/jquery.fancybox.js?v=2.1.5 HTTP/1.1" 200 48706
190.24.98.131 - - [01/May/2015:11:30:07 -0500] "POST /forest/misactividades.do?loadList=1&name=nompro&a=0.8742948323488235 HTTP/1.1" 200 276
190.24.98.131 - - [01/May/2015:11:30:07 -0500] "GET /forest/img/jquery/ui-icons_f9bd01_256x240.png HTTP/1.1" 404 185
186.154.49.170 - - [01/May/2015:11:30:07 -0500] "POST /forms/lservlet;jsessionid=ac16012b30d66a8df0b8693b42fc870ac9b8f17d7ffa.e3iSbxaKaheRe3eNbhaPbhuQa41ynknvrkLOlQzNp65In0 HTTP/1.1" 200 14
190.24.98.131 - - [01/May/2015:11:30:08 -0500] "GET /forest/skins/gdocs-jar/jsp/cookie.jsp?name=grid_nompro&del HTTP/1.1" 200 -
190.24.98.131 - - [01/May/2015:11:30:08 -0500] "POST /forest/misactividades.do?ajax=true&a=0.32012893445789814 HTTP/1.1" 200 13613
180.76.6.158 - - [01/May/2015:11:30:09 -0500] "GET /BLA/resoluciones/RESOLUCIONES%202009/1114.pdf HTTP/1.1" 200 333436
186.154.49.170 - - [01/May/2015:11:30:08 -0500] "POST /forms/lservlet;jsessionid=ac16012b30d66a8df0b8693b42fc870ac9b8f17d7ffa.e3iSbxaKaheRe3eNbhaPbhuQa41ynknvrkLOlQzNp65In0 HTTP/1.1" 200 14
186.154.49.170 - - [01/May/2015:11:30:09 -0500] "POST /forms/lservlet;jsessionid=ac16012b30d66a8df0b8693b42fc870ac9b8f17d7ffa.e3iSbxaKaheRe3eNbhaPbhuQa41ynknvrkLOlQzNp65In0 HTTP/1.1" 200 112
186.154.49.170 - - [01/May/2015:11:30:10 -0500] "POST /forms/lservlet;jsessionid=ac16012b30d66a8df0b8693b42fc870ac9b8f17d7ffa.e3iSbxaKaheRe3eNbhaPbhuQa41ynknvrkLOlQzNp65In0 HTTP/1.1" 200 2
186.118.39.146 - - [01/May/2015:11:30:10 -0500] "GET /BLA/boletinlegal/js/jquery.scrollShow.js HTTP/1.1" 200 4586
186.118.39.146 - - [01/May/2015:11:30:10 -0500] "GET /BLA/boletinlegal/js/jquery.scrollTo-min.js HTTP/1.1" 200 1150
186.154.49.170 - - [01/May/2015:11:30:10 -0500] "GET /reports/rwservlet/getjobid348860?server=rep_srvapsda HTTP/1.1" 200 47772
186.154.49.170 - - [01/May/2015:11:30:13 -0500] "POST /forms/lservlet;jsessionid=ac16012b30d66a8df0b8693b42fc870ac9b8f17d7ffa.e3iSbxaKaheRe3eNbhaPbhuQa41ynknvrkLOlQzNp65In0 HTTP/1.1" 200 2
190.24.98.131 - - [01/May/2015:11:30:17 -0500] "POST /forest/misactividades.do?ajax=true&a=0.7264798395335674 HTTP/1.1" 200 1279
190.24.98.131 - - [01/May/2015:11:30:21 -0500] "GET /forest/usutareas.do?_a=0.35924892080947757&group_system_actual=3 HTTP/1.1" 200 101918
190.24.98.131 - - [01/May/2015:11:30:22 -0500] "GET /forest/skins/gdocs-jar/img/icons/doc.gif HTTP/1.1" 304 -
190.24.98.131 - - [01/May/2015:11:30:22 -0500] "GET /forest/session.jsp?a=0.26018462469801307 HTTP/1.1" 200 4
190.24.98.131 - - [01/May/2015:11:30:22 -0500] "GET /forest/actions/forms.getList?codForm=primerasactividades&id=tipo_solicitud591 HTTP/1.1" 200 79
186.118.39.146 - - [01/May/2015:11:30:22 -0500] "GET /BLA/boletinlegal/js/jquery.scrollTo-min.js HTTP/1.1" 304 -
186.118.39.146 - - [01/May/2015:11:30:22 -0500] "GET /BLA/boletinlegal/js/jquery.scrollShow.js HTTP/1.1" 304 -
186.118.39.146 - - [01/May/2015:11:30:22 -0500] "GET /galeria/galeria/jquery.fancybox.js?v=2.1.5 HTTP/1.1" 304 -
186.118.39.146 - - [01/May/2015:11:30:22 -0500] "GET /galeria/galeria/jquery.fancybox.css?v=2.1.5 HTTP/1.1" 304 -
186.29.249.159 - - [01/May/2015:11:30:24 -0500] "GET /galeria/galeria/jquery.fancybox.css?v=2.1.5 HTTP/1.1" 304 -
186.29.249.159 - - [01/May/2015:11:30:24 -0500] "GET /BLA/boletinlegal/js/jquery.scrollTo-min.js HTTP/1.1" 304 -
186.29.249.159 - - [01/May/2015:11:30:24 -0500] "GET /BLA/boletinlegal/js/jquery.scrollShow.js HTTP/1.1" 304 -
186.29.249.159 - - [01/May/2015:11:30:24 -0500] "GET /galeria/galeria/jquery.fancybox.js?v=2.1.5 HTTP/1.1" 304 -
186.154.49.170 - - [01/May/2015:11:30:43 -0500] "POST /forms/lservlet;jsessionid=ac16012b30d66a8df0b8693b42fc870ac9b8f17d7ffa.e3iSbxaKaheRe3eNbhaPbhuQa41ynknvrkLOlQzNp65In0 HTTP/1.1" 200 2
186.154.49.170 - - [01/May/2015:11:30:44 -0500] "POST /forms/lservlet;jsessionid=ac16012b30d66a8df0b8693b42fc870ac9b8f17d7ffa.e3iSbxaKaheRe3eNbhaPbhuQa41ynknvrkLOlQzNp65In0 HTTP/1.1" 200 2339
186.154.49.170 - - [01/May/2015:11:30:44 -0500] "POST /forms/lservlet;jsessionid=ac16012b30d66a8df0b8693b42fc870ac9b8f17d7ffa.e3iSbxaKaheRe3eNbhaPbhuQa41ynknvrkLOlQzNp65In0 HTTP/1.1" 200 10
190.65.207.31 - - [01/May/2015:11:30:45 -0500] "GET /galeria/carrusel/Carrusel/jquery.thumbnailScroller.css HTTP/1.1" 200 2066
190.65.207.31 - - [01/May/2015:11:30:45 -0500] "GET /galeria/carrusel/Carrusel/jquery-ui-1.8.13.custom.min.js HTTP/1.1" 200 10800
190.65.207.31 - - [01/May/2015:11:30:45 -0500] "GET /galeria/carrusel/Carrusel/jquery.thumbnailScroller.js HTTP/1.1" 200 8157
186.154.49.170 - - [01/May/2015:11:30:46 -0500] "POST /forms/lservlet;jsessionid=ac16012b30d66a8df0b8693b42fc870ac9b8f17d7ffa.e3iSbxaKaheRe3eNbhaPbhuQa41ynknvrkLOlQzNp65In0 HTTP/1.1" 200 24
66.249.67.104 - - [01/May/2015:11:30:46 -0500] "GET /images/INTRANET.jpg HTTP/1.1" 304 -
186.154.49.170 - - [01/May/2015:11:30:47 -0500] "POST /forms/lservlet;jsessionid=ac16012b30d66a8df0b8693b42fc870ac9b8f17d7ffa.e3iSbxaKaheRe3eNbhaPbhuQa41ynknvrkLOlQzNp65In0 HTTP/1.1" 200 3796
190.65.207.31 - - [01/May/2015:11:30:47 -0500] "GET /galeria/nivo-slider/demo/demo.html HTTP/1.1" 200 4065
190.65.207.31 - - [01/May/2015:11:30:48 -0500] "GET /galeria/nivo-slider/themes/default/default.css HTTP/1.1" 200 1569
190.65.207.31 - - [01/May/2015:11:30:48 -0500] "GET /galeria/nivo-slider/themes/pascal/pascal.css HTTP/1.1" 200 2258
190.65.207.31 - - [01/May/2015:11:30:48 -0500] "GET /galeria/nivo-slider/themes/orman/orman.css HTTP/1.1" 200 2152
190.65.207.31 - - [01/May/2015:11:30:48 -0500] "GET /galeria/nivo-slider/nivo-slider.css HTTP/1.1" 200 1507
190.65.207.31 - - [01/May/2015:11:30:48 -0500] "GET /galeria/nivo-slider/demo/style.css HTTP/1.1" 200 2222
190.65.207.31 - - [01/May/2015:11:30:48 -0500] "GET /galeria/nivo-slider/demo/scripts/jquery-1.7.1.min.js HTTP/1.1" 200 93868
190.65.207.31 - - [01/May/2015:11:30:48 -0500] "GET /galeria/nivo-slider/jquery.nivo.slider.pack.js HTTP/1.1" 200 11561
190.65.207.31 - - [01/May/2015:11:30:48 -0500] "GET /galeria/nivo-slider/demo/images/9Signos.jpg HTTP/1.1" 200 81776
190.65.207.31 - - [01/May/2015:11:30:48 -0500] "GET /galeria/nivo-slider/demo/images/slider-cruz-de-mayo2015.jpg HTTP/1.1" 200 62104
190.65.207.31 - - [01/May/2015:11:30:48 -0500] "GET /galeria/nivo-slider/demo/images/acuerdo_569.jpg HTTP/1.1" 200 62670
190.65.207.31 - - [01/May/2015:11:30:48 -0500] "GET /galeria/nivo-slider/demo/images/convocatoriaConsejoConsultivo.jpg HTTP/1.1" 200 147494
190.65.207.31 - - [01/May/2015:11:30:48 -0500] "GET /galeria/nivo-slider/demo/images/Licitaciones-proyecto-paramo.jpg HTTP/1.1" 200 221877
186.154.49.170 - - [01/May/2015:11:30:48 -0500] "POST /forms/lservlet;jsessionid=ac16012b30d66a8df0b8693b42fc870ac9b8f17d7ffa.e3iSbxaKaheRe3eNbhaPbhuQa41ynknvrkLOlQzNp65In0 HTTP/1.1" 200 2
190.65.207.31 - - [01/May/2015:11:30:49 -0500] "GET /galeria/nivo-slider/demo/images/Banner-decreto1299.jpg HTTP/1.1" 200 182613
190.65.207.31 - - [01/May/2015:11:30:49 -0500] "GET /galeria/nivo-slider/demo/images/Banner-Directorio.jpg HTTP/1.1" 200 182068
190.65.207.31 - - [01/May/2015:11:30:49 -0500] "GET /galeria/nivo-slider/demo/images/Ruta-vertimientos-01.jpg HTTP/1.1" 200 130151
186.154.49.170 - - [01/May/2015:11:30:49 -0500] "POST /forms/lservlet;jsessionid=ac16012b30d66a8df0b8693b42fc870ac9b8f17d7ffa.e3iSbxaKaheRe3eNbhaPbhuQa41ynknvrkLOlQzNp65In0 HTTP/1.1" 200 2
190.65.207.31 - - [01/May/2015:11:30:50 -0500] "GET /galeria/nivo-slider/demo/images/bolsas-06.jpg HTTP/1.1" 200 90982
190.65.207.31 - - [01/May/2015:11:30:50 -0500] "GET /galeria/nivo-slider/demo/images/bolsas-08.jpg HTTP/1.1" 200 85589
190.65.207.31 - - [01/May/2015:11:30:50 -0500] "GET /galeria/nivo-slider/demo/images/redes_sociales.jpg HTTP/1.1" 200 415652
190.65.207.31 - - [01/May/2015:11:30:50 -0500] "GET /galeria/nivo-slider/demo/images/Conoce-los-humedales.jpg HTTP/1.1" 200 294036
186.154.49.170 - - [01/May/2015:11:30:50 -0500] "POST /forms/lservlet;jsessionid=ac16012b30d66a8df0b8693b42fc870ac9b8f17d7ffa.e3iSbxaKaheRe3eNbhaPbhuQa41ynknvrkLOlQzNp65In0 HTTP/1.1" 200 14
190.65.207.31 - - [01/May/2015:11:30:51 -0500] "GET /galeria/nivo-slider/demo/images/ecolecta-Dic2014.png HTTP/1.1" 200 288593
190.65.207.31 - - [01/May/2015:11:30:51 -0500] "GET /galeria/nivo-slider/demo/images/porloshumedales.jpg HTTP/1.1" 200 351238
190.65.207.31 - - [01/May/2015:11:30:51 -0500] "GET /galeria/nivo-slider/demo/images/Tingua-azul.jpg HTTP/1.1" 200 307638
186.154.49.170 - - [01/May/2015:11:30:51 -0500] "POST /forms/lservlet;jsessionid=ac16012b30d66a8df0b8693b42fc870ac9b8f17d7ffa.e3iSbxaKaheRe3eNbhaPbhuQa41ynknvrkLOlQzNp65In0 HTTP/1.1" 200 14
190.65.207.31 - - [01/May/2015:11:30:53 -0500] "GET /galeria/nivo-slider/demo/images/banner-llantas2.jpg HTTP/1.1" 200 73153
186.154.49.170 - - [01/May/2015:11:30:54 -0500] "POST /forms/lservlet;jsessionid=ac16012b30d66a8df0b8693b42fc870ac9b8f17d7ffa.e3iSbxaKaheRe3eNbhaPbhuQa41ynknvrkLOlQzNp65In0 HTTP/1.1" 200 112
186.154.49.170 - - [01/May/2015:11:30:55 -0500] "POST /forms/lservlet;jsessionid=ac16012b30d66a8df0b8693b42fc870ac9b8f17d7ffa.e3iSbxaKaheRe3eNbhaPbhuQa41ynknvrkLOlQzNp65In0 HTTP/1.1" 200 2
186.154.49.170 - - [01/May/2015:11:30:56 -0500] "GET /reports/rwservlet/getjobid348861?server=rep_srvapsda HTTP/1.1" 200 47755
66.249.67.76 - - [01/May/2015:11:31:02 -0500] "GET /BLA/resoluciones/AUTOS%202013/1759.pdf HTTP/1.1" 200 220928
188.165.15.138 - - [01/May/2015:11:31:03 -0500] "GET /BLA/resoluciones/RESOLUCIONES%202002/RES%202002%201401-1450/20021413.tif HTTP/1.1" 200 270420
186.154.49.170 - - [01/May/2015:11:31:22 -0500] "POST /forms/lservlet;jsessionid=ac16012b30d66a8df0b8693b42fc870ac9b8f17d7ffa.e3iSbxaKaheRe3eNbhaPbhuQa41ynknvrkLOlQzNp65In0 HTTP/1.1" 200 2
186.154.49.170 - - [01/May/2015:11:31:23 -0500] "POST /forms/lservlet;jsessionid=ac16012b30d66a8df0b8693b42fc870ac9b8f17d7ffa.e3iSbxaKaheRe3eNbhaPbhuQa41ynknvrkLOlQzNp65In0 HTTP/1.1" 200 2349
186.154.49.170 - - [01/May/2015:11:31:23 -0500] "POST /forms/lservlet;jsessionid=ac16012b30d66a8df0b8693b42fc870ac9b8f17d7ffa.e3iSbxaKaheRe3eNbhaPbhuQa41ynknvrkLOlQzNp65In0 HTTP/1.1" 200 10
186.154.49.170 - - [01/May/2015:11:31:24 -0500] "POST /forms/lservlet;jsessionid=ac16012b30d66a8df0b8693b42fc870ac9b8f17d7ffa.e3iSbxaKaheRe3eNbhaPbhuQa41ynknvrkLOlQzNp65In0 HTTP/1.1" 200 24
190.24.98.131 - - [01/May/2015:11:31:24 -0500] "GET /forest/actions/forms.getList?codForm=primerasactividades&id=funcionariodest27&text=s HTTP/1.1" 200 1146
190.24.98.131 - - [01/May/2015:11:31:25 -0500] "GET /forest/actions/forms.getList?codForm=primerasactividades&id=funcionariodest27&text=so HTTP/1.1" 200 1102
186.154.49.170 - - [01/May/2015:11:31:25 -0500] "POST /forms/lservlet;jsessionid=ac16012b30d66a8df0b8693b42fc870ac9b8f17d7ffa.e3iSbxaKaheRe3eNbhaPbhuQa41ynknvrkLOlQzNp65In0 HTTP/1.1" 200 4034
186.154.49.170 - - [01/May/2015:11:31:25 -0500] "POST /forms/lservlet;jsessionid=ac16012b30d66a8df0b8693b42fc870ac9b8f17d7ffa.e3iSbxaKaheRe3eNbhaPbhuQa41ynknvrkLOlQzNp65In0 HTTP/1.1" 200 2
190.24.98.131 - - [01/May/2015:11:31:25 -0500] "GET /forest/actions/forms.getList?codForm=primerasactividades&id=funcionariodest27&text=son HTTP/1.1" 200 1046
190.24.98.131 - - [01/May/2015:11:31:25 -0500] "GET /forest/actions/forms.getList?codForm=primerasactividades&id=funcionariodest27&text=soni HTTP/1.1" 200 1065
190.24.98.131 - - [01/May/2015:11:31:25 -0500] "GET /forest/actions/forms.getList?codForm=primerasactividades&id=funcionariodest27&text=sonia HTTP/1.1" 200 1068
190.24.98.131 - - [01/May/2015:11:31:26 -0500] "GET /forest/actions/forms.getList?codForm=primerasactividades&id=funcionariodest27&text=sonia%20 HTTP/1.1" 200 1134
190.24.98.131 - - [01/May/2015:11:31:26 -0500] "GET /forest/actions/forms.getList?codForm=primerasactividades&id=funcionariodest27&text=sonia%20j HTTP/1.1" 200 60
190.24.98.131 - - [01/May/2015:11:31:26 -0500] "GET /forest/actions/forms.getList?codForm=primerasactividades&id=funcionariodest27&text=sonia%20ju HTTP/1.1" 200 60
190.24.98.131 - - [01/May/2015:11:31:26 -0500] "GET /forest/actions/forms.getList?codForm=primerasactividades&id=funcionariodest27&text=sonia%20jul HTTP/1.1" 200 60
186.154.49.170 - - [01/May/2015:11:31:28 -0500] "POST /forms/lservlet;jsessionid=ac16012b30d66a8df0b8693b42fc870ac9b8f17d7ffa.e3iSbxaKaheRe3eNbhaPbhuQa41ynknvrkLOlQzNp65In0 HTTP/1.1" 200 2
190.24.98.131 - - [01/May/2015:11:31:29 -0500] "POST /forest/usutareas.do? HTTP/1.1" 200 76
186.154.49.170 - - [01/May/2015:11:31:28 -0500] "POST /forms/lservlet;jsessionid=ac16012b30d66a8df0b8693b42fc870ac9b8f17d7ffa.e3iSbxaKaheRe3eNbhaPbhuQa41ynknvrkLOlQzNp65In0 HTTP/1.1" 200 14
186.154.49.170 - - [01/May/2015:11:31:29 -0500] "POST /forms/lservlet;jsessionid=ac16012b30d66a8df0b8693b42fc870ac9b8f17d7ffa.e3iSbxaKaheRe3eNbhaPbhuQa41ynknvrkLOlQzNp65In0 HTTP/1.1" 200 14
186.154.49.170 - - [01/May/2015:11:31:30 -0500] "POST /forms/lservlet;jsessionid=ac16012b30d66a8df0b8693b42fc870ac9b8f17d7ffa.e3iSbxaKaheRe3eNbhaPbhuQa41ynknvrkLOlQzNp65In0 HTTP/1.1" 200 112
186.154.49.170 - - [01/May/2015:11:31:31 -0500] "POST /forms/lservlet;jsessionid=ac16012b30d66a8df0b8693b42fc870ac9b8f17d7ffa.e3iSbxaKaheRe3eNbhaPbhuQa41ynknvrkLOlQzNp65In0 HTTP/1.1" 200 2
190.24.98.131 - - [01/May/2015:11:31:31 -0500] "GET /forest/usutareas.do?group_system_actual=3&a=0.22964112530462444 HTTP/1.1" 200 19598
190.24.98.131 - - [01/May/2015:11:31:31 -0500] "GET /forest/session.jsp?a=0.7634793678298593 HTTP/1.1" 200 4
186.154.49.170 - - [01/May/2015:11:31:31 -0500] "GET /reports/rwservlet/getjobid348862?server=rep_srvapsda HTTP/1.1" 200 47750
188.165.15.138 - - [01/May/2015:11:31:33 -0500] "GET /BLA/resoluciones/RESOLUCIONES%202004/RES%202004%20851-900/00000853.tif HTTP/1.1" 200 254974
190.24.98.131 - - [01/May/2015:11:31:34 -0500] "GET /forest/misactividades.do?_a=0.5348629266954958&group_system_actual=3 HTTP/1.1" 200 37617
190.24.98.131 - - [01/May/2015:11:31:34 -0500] "GET /forest/session.jsp?a=0.1035279962234199 HTTP/1.1" 200 4
190.24.98.131 - - [01/May/2015:11:31:34 -0500] "POST /forest/misactividades.do?ajax=true&a=0.6714228608179837 HTTP/1.1" 200 56
190.24.98.131 - - [01/May/2015:11:31:45 -0500] "POST /forest/misactividades.do?ajax=true&a=0.7882579998113215 HTTP/1.1" 200 1183
190.24.98.131 - - [01/May/2015:11:31:47 -0500] "GET /forest/usutareas.do?_a=0.4004492473322898&group_system_actual=3 HTTP/1.1" 200 127483
190.24.98.131 - - [01/May/2015:11:31:48 -0500] "GET /forest/skins/gdocs-jar/img/icons/pdf.gif HTTP/1.1" 304 -
190.24.98.131 - - [01/May/2015:11:31:48 -0500] "GET /forest/session.jsp?a=0.32729305792599916 HTTP/1.1" 200 4
190.24.98.131 - - [01/May/2015:11:31:55 -0500] "GET /forest/actions/forms.getList?codForm=Revision_reparto_Correspondencias&id=funcionarioasignado&text=s HTTP/1.1" 200 1255
199.195.118.53 - - [01/May/2015:11:31:55 -0500] "GET / HTTP/1.1" 200 10190
190.24.98.131 - - [01/May/2015:11:31:55 -0500] "GET /forest/actions/forms.getList?codForm=Revision_reparto_Correspondencias&id=funcionarioasignado&text=so HTTP/1.1" 200 1221
190.24.98.131 - - [01/May/2015:11:31:55 -0500] "GET /forest/actions/forms.getList?codForm=Revision_reparto_Correspondencias&id=funcionarioasignado&text=son HTTP/1.1" 200 1281
190.24.98.131 - - [01/May/2015:11:31:55 -0500] "GET /forest/actions/forms.getList?codForm=Revision_reparto_Correspondencias&id=funcionarioasignado&text=soni HTTP/1.1" 200 444
190.24.98.131 - - [01/May/2015:11:31:56 -0500] "GET /forest/actions/forms.getList?codForm=Revision_reparto_Correspondencias&id=funcionarioasignado&text=sonia HTTP/1.1" 200 444
180.76.5.27 - - [01/May/2015:11:31:56 -0500] "GET /BLA/boletinlegal;jsessionid=206A0477CE55D1BBECE07C75F89402CB?/? HTTP/1.1" 404 1018
190.24.98.131 - - [01/May/2015:11:31:57 -0500] "GET /forest/actions/forms.getList?codForm=Revision_reparto_Correspondencias&id=funcionarioasignado&text=sonia%20 HTTP/1.1" 200 444
186.154.49.170 - - [01/May/2015:11:31:57 -0500] "POST /forms/lservlet;jsessionid=ac16012b30d66a8df0b8693b42fc870ac9b8f17d7ffa.e3iSbxaKaheRe3eNbhaPbhuQa41ynknvrkLOlQzNp65In0 HTTP/1.1" 200 2
190.24.98.131 - - [01/May/2015:11:31:57 -0500] "GET /forest/actions/forms.getList?codForm=Revision_reparto_Correspondencias&id=funcionarioasignado&text=sonia%20j HTTP/1.1" 200 60
186.154.49.170 - - [01/May/2015:11:31:57 -0500] "POST /forms/lservlet;jsessionid=ac16012b30d66a8df0b8693b42fc870ac9b8f17d7ffa.e3iSbxaKaheRe3eNbhaPbhuQa41ynknvrkLOlQzNp65In0 HTTP/1.1" 200 2367
190.24.98.131 - - [01/May/2015:11:31:57 -0500] "GET /forest/actions/forms.getList?codForm=Revision_reparto_Correspondencias&id=funcionarioasignado&text=sonia%20ju HTTP/1.1" 200 60
186.154.49.170 - - [01/May/2015:11:31:57 -0500] "POST /forms/lservlet;jsessionid=ac16012b30d66a8df0b8693b42fc870ac9b8f17d7ffa.e3iSbxaKaheRe3eNbhaPbhuQa41ynknvrkLOlQzNp65In0 HTTP/1.1" 200 10
66.249.67.84 - - [01/May/2015:11:31:59 -0500] "GET /BLA/resoluciones/AUTOS%202008/2602.pdf HTTP/1.1" 200 85770
186.154.49.170 - - [01/May/2015:11:32:00 -0500] "POST /forms/lservlet;jsessionid=ac16012b30d66a8df0b8693b42fc870ac9b8f17d7ffa.e3iSbxaKaheRe3eNbhaPbhuQa41ynknvrkLOlQzNp65In0 HTTP/1.1" 200 24
186.154.49.170 - - [01/May/2015:11:32:00 -0500] "POST /forms/lservlet;jsessionid=ac16012b30d66a8df0b8693b42fc870ac9b8f17d7ffa.e3iSbxaKaheRe3eNbhaPbhuQa41ynknvrkLOlQzNp65In0 HTTP/1.1" 200 3961
186.85.75.34 - - [01/May/2015:11:32:00 -0500] "GET /galeria/carrusel/Carrusel/jquery.thumbnailScroller.js HTTP/1.1" 200 8157
186.85.75.34 - - [01/May/2015:11:32:00 -0500] "GET /galeria/carrusel/Carrusel/jquery-ui-1.8.13.custom.min.js HTTP/1.1" 200 10800
186.85.75.34 - - [01/May/2015:11:32:00 -0500] "GET /BLA/boletinlegal/js/jquery.scrollShow.js HTTP/1.1" 200 4586
186.85.75.34 - - [01/May/2015:11:32:00 -0500] "GET /galeria/galeria/jquery.fancybox.js?v=2.1.5 HTTP/1.1" 200 48706
186.85.75.34 - - [01/May/2015:11:32:00 -0500] "GET /BLA/boletinlegal/js/jquery.scrollTo-min.js HTTP/1.1" 200 1150
186.154.49.170 - - [01/May/2015:11:32:00 -0500] "POST /forms/lservlet;jsessionid=ac16012b30d66a8df0b8693b42fc870ac9b8f17d7ffa.e3iSbxaKaheRe3eNbhaPbhuQa41ynknvrkLOlQzNp65In0 HTTP/1.1" 200 2
186.85.75.34 - - [01/May/2015:11:32:00 -0500] "GET /galeria/galeria/jquery.fancybox.css?v=2.1.5 HTTP/1.1" 200 4895
186.85.75.34 - - [01/May/2015:11:32:01 -0500] "GET /galeria/carrusel/Carrusel/jquery.thumbnailScroller.css HTTP/1.1" 200 2066
181.49.16.226 - - [01/May/2015:11:32:01 -0500] "GET /BLA/resoluciones/AUTOS%202009/2758.pdf HTTP/1.1" 200 133163
190.24.98.131 - - [01/May/2015:11:32:01 -0500] "GET /forest/actions/forms.getList?codForm=Revision_reparto_Correspondencias&id=codigoFuncionario&text=m HTTP/1.1" 200 1273
181.49.16.226 - - [01/May/2015:11:32:02 -0500] "GET /favicon.ico HTTP/1.1" 200 7782
186.154.49.170 - - [01/May/2015:11:32:02 -0500] "POST /forms/lservlet;jsessionid=ac16012b30d66a8df0b8693b42fc870ac9b8f17d7ffa.e3iSbxaKaheRe3eNbhaPbhuQa41ynknvrkLOlQzNp65In0 HTTP/1.1" 200 2
190.24.98.131 - - [01/May/2015:11:32:02 -0500] "GET /forest/actions/forms.getList?codForm=Revision_reparto_Correspondencias&id=codigoFuncionario&text=ma HTTP/1.1" 200 1259
190.24.98.131 - - [01/May/2015:11:32:02 -0500] "GET /forest/actions/forms.getList?codForm=Revision_reparto_Correspondencias&id=codigoFuncionario&text=mar HTTP/1.1" 200 1228
190.24.98.131 - - [01/May/2015:11:32:02 -0500] "GET /forest/actions/forms.getList?codForm=Revision_reparto_Correspondencias&id=codigoFuncionario&text=mari HTTP/1.1" 200 1217
190.24.98.131 - - [01/May/2015:11:32:02 -0500] "GET /forest/actions/forms.getList?codForm=Revision_reparto_Correspondencias&id=codigoFuncionario&text=maria HTTP/1.1" 200 1222
190.24.98.131 - - [01/May/2015:11:32:02 -0500] "GET /forest/actions/forms.getList?codForm=Revision_reparto_Correspondencias&id=codigoFuncionario&text=maria%20 HTTP/1.1" 200 1222
190.24.98.131 - - [01/May/2015:11:32:02 -0500] "GET /forest/actions/forms.getList?codForm=Revision_reparto_Correspondencias&id=codigoFuncionario&text=maria%20c HTTP/1.1" 200 865
190.24.98.131 - - [01/May/2015:11:32:02 -0500] "GET /forest/actions/forms.getList?codForm=Revision_reparto_Correspondencias&id=codigoFuncionario&text=maria%20cl HTTP/1.1" 200 196
190.24.98.131 - - [01/May/2015:11:32:02 -0500] "GET /forest/actions/forms.getList?codForm=Revision_reparto_Correspondencias&id=codigoFuncionario&text=maria%20cla HTTP/1.1" 200 196
190.24.98.131 - - [01/May/2015:11:32:03 -0500] "GET /forest/actions/forms.getList?codForm=Revision_reparto_Correspondencias&id=codigoFuncionario&text=maria%20clau HTTP/1.1" 200 128
186.154.49.170 - - [01/May/2015:11:32:03 -0500] "POST /forms/lservlet;jsessionid=ac16012b30d66a8df0b8693b42fc870ac9b8f17d7ffa.e3iSbxaKaheRe3eNbhaPbhuQa41ynknvrkLOlQzNp65In0 HTTP/1.1" 200 14
186.154.49.170 - - [01/May/2015:11:32:04 -0500] "POST /forms/lservlet;jsessionid=ac16012b30d66a8df0b8693b42fc870ac9b8f17d7ffa.e3iSbxaKaheRe3eNbhaPbhuQa41ynknvrkLOlQzNp65In0 HTTP/1.1" 200 14
186.85.75.34 - - [01/May/2015:11:32:05 -0500] "GET /galeria/nivo-slider/demo/demo.html HTTP/1.1" 200 4065
186.154.49.170 - - [01/May/2015:11:32:05 -0500] "POST /forms/lservlet;jsessionid=ac16012b30d66a8df0b8693b42fc870ac9b8f17d7ffa.e3iSbxaKaheRe3eNbhaPbhuQa41ynknvrkLOlQzNp65In0 HTTP/1.1" 200 112
186.154.49.170 - - [01/May/2015:11:32:05 -0500] "POST /forms/lservlet;jsessionid=ac16012b30d66a8df0b8693b42fc870ac9b8f17d7ffa.e3iSbxaKaheRe3eNbhaPbhuQa41ynknvrkLOlQzNp65In0 HTTP/1.1" 200 2
186.154.49.170 - - [01/May/2015:11:32:06 -0500] "GET /reports/rwservlet/getjobid348863?server=rep_srvapsda HTTP/1.1" 200 47730
190.24.98.131 - - [01/May/2015:11:32:11 -0500] "POST /forest/usutareas.do? HTTP/1.1" 200 76
180.76.5.18 - - [01/May/2015:11:32:13 -0500] "GET /BLA/resoluciones/RESOLUCIONES%202011/4815.pdf HTTP/1.1" 200 651048
186.154.49.170 - - [01/May/2015:11:32:14 -0500] "POST /forms/lservlet;jsessionid=ac16012b30d66a8df0b8693b42fc870ac9b8f17d7ffa.e3iSbxaKaheRe3eNbhaPbhuQa41ynknvrkLOlQzNp65In0 HTTP/1.1" 200 2
190.24.98.131 - - [01/May/2015:11:32:13 -0500] "GET /forest/usutareas.do?group_system_actual=3&a=0.016568683553487062 HTTP/1.1" 200 19599
190.24.98.131 - - [01/May/2015:11:32:14 -0500] "GET /forest/session.jsp?a=0.8221876756288111 HTTP/1.1" 200 4
186.85.75.34 - - [01/May/2015:11:32:14 -0500] "GET /galeria/nivo-slider/demo/style.css HTTP/1.1" 200 2222
186.85.75.34 - - [01/May/2015:11:32:14 -0500] "GET /galeria/nivo-slider/themes/default/default.css HTTP/1.1" 200 1569
186.85.75.34 - - [01/May/2015:11:32:14 -0500] "GET /galeria/nivo-slider/demo/images/9Signos.jpg HTTP/1.1" 200 81776
186.85.75.34 - - [01/May/2015:11:32:14 -0500] "GET /galeria/nivo-slider/themes/orman/orman.css HTTP/1.1" 200 2152
186.85.75.34 - - [01/May/2015:11:32:14 -0500] "GET /galeria/nivo-slider/nivo-slider.css HTTP/1.1" 200 1507
186.85.75.34 - - [01/May/2015:11:32:14 -0500] "GET /galeria/nivo-slider/themes/pascal/pascal.css HTTP/1.1" 200 2258
186.85.75.34 - - [01/May/2015:11:32:14 -0500] "GET /galeria/nivo-slider/jquery.nivo.slider.pack.js HTTP/1.1" 200 11561
186.85.75.34 - - [01/May/2015:11:32:14 -0500] "GET /galeria/nivo-slider/demo/scripts/jquery-1.7.1.min.js HTTP/1.1" 200 93868
186.85.75.34 - - [01/May/2015:11:32:14 -0500] "GET /galeria/nivo-slider/demo/images/slider-cruz-de-mayo2015.jpg HTTP/1.1" 200 62104
186.85.75.34 - - [01/May/2015:11:32:15 -0500] "GET /galeria/nivo-slider/demo/images/acuerdo_569.jpg HTTP/1.1" 200 62670
186.85.75.34 - - [01/May/2015:11:32:15 -0500] "GET /galeria/nivo-slider/demo/images/convocatoriaConsejoConsultivo.jpg HTTP/1.1" 200 147494
186.85.75.34 - - [01/May/2015:11:32:15 -0500] "GET /galeria/nivo-slider/demo/images/Banner-Directorio.jpg HTTP/1.1" 200 182068
186.85.75.34 - - [01/May/2015:11:32:15 -0500] "GET /galeria/nivo-slider/demo/images/Licitaciones-proyecto-paramo.jpg HTTP/1.1" 200 221877
186.85.75.34 - - [01/May/2015:11:32:15 -0500] "GET /galeria/nivo-slider/demo/images/Ruta-vertimientos-01.jpg HTTP/1.1" 200 130151
186.85.75.34 - - [01/May/2015:11:32:15 -0500] "GET /galeria/nivo-slider/demo/images/bolsas-06.jpg HTTP/1.1" 200 90982
186.85.75.34 - - [01/May/2015:11:32:15 -0500] "GET /galeria/nivo-slider/demo/images/bolsas-08.jpg HTTP/1.1" 200 85589
186.85.75.34 - - [01/May/2015:11:32:15 -0500] "GET /galeria/nivo-slider/demo/images/Banner-decreto1299.jpg HTTP/1.1" 200 182613
186.85.75.34 - - [01/May/2015:11:32:16 -0500] "GET /galeria/nivo-slider/demo/images/redes_sociales.jpg HTTP/1.1" 200 415652
186.85.75.34 - - [01/May/2015:11:32:16 -0500] "GET /galeria/nivo-slider/themes/default/loading.gif HTTP/1.1" 200 1737
186.85.75.34 - - [01/May/2015:11:32:16 -0500] "GET /galeria/nivo-slider/demo/images/4Simple_Slider.png HTTP/1.1" 200 11722
186.85.75.34 - - [01/May/2015:11:32:17 -0500] "GET /galeria/nivo-slider/demo/images/Conoce-los-humedales.jpg HTTP/1.1" 200 294036
186.85.75.34 - - [01/May/2015:11:32:17 -0500] "GET /galeria/nivo-slider/demo/images/ecolecta-Dic2014.png HTTP/1.1" 200 288593
190.24.98.131 - - [01/May/2015:11:32:17 -0500] "GET /forest/misactividades.do?tab=usutareas.do HTTP/1.1" 200 37617
186.85.75.34 - - [01/May/2015:11:32:17 -0500] "GET /galeria/nivo-slider/demo/images/porloshumedales.jpg HTTP/1.1" 200 351238
190.24.98.131 - - [01/May/2015:11:32:17 -0500] "GET /forest/session.jsp?a=0.5477680237963796 HTTP/1.1" 200 4
190.24.98.131 - - [01/May/2015:11:32:17 -0500] "POST /forest/misactividades.do?ajax=true&a=0.5888706946279854 HTTP/1.1" 200 56
186.85.75.34 - - [01/May/2015:11:32:18 -0500] "GET /galeria/nivo-slider/demo/images/Tingua-azul.jpg HTTP/1.1" 200 307638
186.85.75.34 - - [01/May/2015:11:32:19 -0500] "GET /galeria/nivo-slider/demo/images/banner-llantas2.jpg HTTP/1.1" 200 73153
190.24.98.131 - - [01/May/2015:11:32:20 -0500] "POST /forest/misactividades.do?ajax=true&a=0.3437409072648734 HTTP/1.1" 200 56
186.85.75.34 - - [01/May/2015:11:32:23 -0500] "GET /galeria/nivo-slider/themes/default/arrows.png HTTP/1.1" 200 824
186.85.75.34 - - [01/May/2015:11:32:23 -0500] "GET /galeria/nivo-slider/themes/default/bullets.png HTTP/1.1" 200 1281
66.249.67.84 - - [01/May/2015:11:32:32 -0500] "GET /BLA/resoluciones/RESOLUCIONES%202013/1835.pdf HTTP/1.1" 200 1544125
186.154.49.170 - - [01/May/2015:11:32:33 -0500] "POST /forms/lservlet;jsessionid=ac16012b30d66a8df0b8693b42fc870ac9b8f17d7ffa.e3iSbxaKaheRe3eNbhaPbhuQa41ynknvrkLOlQzNp65In0 HTTP/1.1" 200 2
186.154.49.170 - - [01/May/2015:11:32:33 -0500] "POST /forms/lservlet;jsessionid=ac16012b30d66a8df0b8693b42fc870ac9b8f17d7ffa.e3iSbxaKaheRe3eNbhaPbhuQa41ynknvrkLOlQzNp65In0 HTTP/1.1" 200 2333
186.154.49.170 - - [01/May/2015:11:32:34 -0500] "POST /forms/lservlet;jsessionid=ac16012b30d66a8df0b8693b42fc870ac9b8f17d7ffa.e3iSbxaKaheRe3eNbhaPbhuQa41ynknvrkLOlQzNp65In0 HTTP/1.1" 200 10
186.154.49.170 - - [01/May/2015:11:32:35 -0500] "POST /forms/lservlet;jsessionid=ac16012b30d66a8df0b8693b42fc870ac9b8f17d7ffa.e3iSbxaKaheRe3eNbhaPbhuQa41ynknvrkLOlQzNp65In0 HTTP/1.1" 200 24
186.154.49.170 - - [01/May/2015:11:32:36 -0500] "POST /forms/lservlet;jsessionid=ac16012b30d66a8df0b8693b42fc870ac9b8f17d7ffa.e3iSbxaKaheRe3eNbhaPbhuQa41ynknvrkLOlQzNp65In0 HTTP/1.1" 200 3981
186.154.49.170 - - [01/May/2015:11:32:36 -0500] "POST /forms/lservlet;jsessionid=ac16012b30d66a8df0b8693b42fc870ac9b8f17d7ffa.e3iSbxaKaheRe3eNbhaPbhuQa41ynknvrkLOlQzNp65In0 HTTP/1.1" 200 2
186.154.49.170 - - [01/May/2015:11:32:37 -0500] "POST /forms/lservlet;jsessionid=ac16012b30d66a8df0b8693b42fc870ac9b8f17d7ffa.e3iSbxaKaheRe3eNbhaPbhuQa41ynknvrkLOlQzNp65In0 HTTP/1.1" 200 2
186.154.49.170 - - [01/May/2015:11:32:38 -0500] "POST /forms/lservlet;jsessionid=ac16012b30d66a8df0b8693b42fc870ac9b8f17d7ffa.e3iSbxaKaheRe3eNbhaPbhuQa41ynknvrkLOlQzNp65In0 HTTP/1.1" 200 14
186.154.49.170 - - [01/May/2015:11:32:39 -0500] "POST /forms/lservlet;jsessionid=ac16012b30d66a8df0b8693b42fc870ac9b8f17d7ffa.e3iSbxaKaheRe3eNbhaPbhuQa41ynknvrkLOlQzNp65In0 HTTP/1.1" 200 14
186.154.49.170 - - [01/May/2015:11:32:40 -0500] "POST /forms/lservlet;jsessionid=ac16012b30d66a8df0b8693b42fc870ac9b8f17d7ffa.e3iSbxaKaheRe3eNbhaPbhuQa41ynknvrkLOlQzNp65In0 HTTP/1.1" 200 112
186.154.49.170 - - [01/May/2015:11:32:40 -0500] "POST /forms/lservlet;jsessionid=ac16012b30d66a8df0b8693b42fc870ac9b8f17d7ffa.e3iSbxaKaheRe3eNbhaPbhuQa41ynknvrkLOlQzNp65In0 HTTP/1.1" 200 2
186.154.49.170 - - [01/May/2015:11:32:40 -0500] "GET /reports/rwservlet/getjobid348864?server=rep_srvapsda HTTP/1.1" 200 47807
181.61.94.239 - - [01/May/2015:11:32:47 -0500] "GET /BLA/boletinlegal/js/jquery.scrollTo-min.js HTTP/1.1" 200 1150
181.61.94.239 - - [01/May/2015:11:32:47 -0500] "GET /BLA/boletinlegal/js/jquery.scrollShow.js HTTP/1.1" 200 4586
181.61.94.239 - - [01/May/2015:11:32:48 -0500] "GET /galeria/galeria/jquery.fancybox.css?v=2.1.5 HTTP/1.1" 200 4895
180.76.6.159 - - [01/May/2015:11:32:48 -0500] "GET /BLA/resoluciones/RESOLUCIONES%202011/0993.pdf HTTP/1.1" 200 77535
181.61.94.239 - - [01/May/2015:11:32:48 -0500] "GET /galeria/galeria/jquery.fancybox.js?v=2.1.5 HTTP/1.1" 200 48706
49.212.144.52 - - [01/May/2015:11:32:49 -0500] "GET / HTTP/1.1" 200 10190
186.154.49.170 - - [01/May/2015:11:33:04 -0500] "POST /forms/lservlet;jsessionid=ac16012b30d66a8df0b8693b42fc870ac9b8f17d7ffa.e3iSbxaKaheRe3eNbhaPbhuQa41ynknvrkLOlQzNp65In0 HTTP/1.1" 200 2
186.154.49.170 - - [01/May/2015:11:33:04 -0500] "POST /forms/lservlet;jsessionid=ac16012b30d66a8df0b8693b42fc870ac9b8f17d7ffa.e3iSbxaKaheRe3eNbhaPbhuQa41ynknvrkLOlQzNp65In0 HTTP/1.1" 200 2398
186.154.49.170 - - [01/May/2015:11:33:05 -0500] "POST /forms/lservlet;jsessionid=ac16012b30d66a8df0b8693b42fc870ac9b8f17d7ffa.e3iSbxaKaheRe3eNbhaPbhuQa41ynknvrkLOlQzNp65In0 HTTP/1.1" 200 10
74.86.158.107 - - [01/May/2015:11:33:05 -0500] "HEAD / HTTP/1.1" 200 -
180.76.5.175 - - [01/May/2015:11:33:05 -0500] "GET /BLA/resoluciones/RESOLUCIONES%202007/RES%202007%204201%20AL%204300/RESOLUCION%204232%20DE%202007.pdf HTTP/1.1" 200 4667333
186.154.49.170 - - [01/May/2015:11:33:06 -0500] "POST /forms/lservlet;jsessionid=ac16012b30d66a8df0b8693b42fc870ac9b8f17d7ffa.e3iSbxaKaheRe3eNbhaPbhuQa41ynknvrkLOlQzNp65In0 HTTP/1.1" 200 24
186.154.49.170 - - [01/May/2015:11:33:06 -0500] "POST /forms/lservlet;jsessionid=ac16012b30d66a8df0b8693b42fc870ac9b8f17d7ffa.e3iSbxaKaheRe3eNbhaPbhuQa41ynknvrkLOlQzNp65In0 HTTP/1.1" 200 3943
186.154.49.170 - - [01/May/2015:11:33:07 -0500] "POST /forms/lservlet;jsessionid=ac16012b30d66a8df0b8693b42fc870ac9b8f17d7ffa.e3iSbxaKaheRe3eNbhaPbhuQa41ynknvrkLOlQzNp65In0 HTTP/1.1" 200 2
186.154.49.170 - - [01/May/2015:11:33:12 -0500] "POST /forms/lservlet;jsessionid=ac16012b30d66a8df0b8693b42fc870ac9b8f17d7ffa.e3iSbxaKaheRe3eNbhaPbhuQa41ynknvrkLOlQzNp65In0 HTTP/1.1" 200 2
186.154.49.170 - - [01/May/2015:11:33:12 -0500] "POST /forms/lservlet;jsessionid=ac16012b30d66a8df0b8693b42fc870ac9b8f17d7ffa.e3iSbxaKaheRe3eNbhaPbhuQa41ynknvrkLOlQzNp65In0 HTTP/1.1" 200 14
186.154.49.170 - - [01/May/2015:11:33:13 -0500] "POST /forms/lservlet;jsessionid=ac16012b30d66a8df0b8693b42fc870ac9b8f17d7ffa.e3iSbxaKaheRe3eNbhaPbhuQa41ynknvrkLOlQzNp65In0 HTTP/1.1" 200 14
186.154.49.170 - - [01/May/2015:11:33:15 -0500] "POST /forms/lservlet;jsessionid=ac16012b30d66a8df0b8693b42fc870ac9b8f17d7ffa.e3iSbxaKaheRe3eNbhaPbhuQa41ynknvrkLOlQzNp65In0 HTTP/1.1" 200 112
186.154.49.170 - - [01/May/2015:11:33:15 -0500] "POST /forms/lservlet;jsessionid=ac16012b30d66a8df0b8693b42fc870ac9b8f17d7ffa.e3iSbxaKaheRe3eNbhaPbhuQa41ynknvrkLOlQzNp65In0 HTTP/1.1" 200 2
186.154.49.170 - - [01/May/2015:11:33:16 -0500] "GET /reports/rwservlet/getjobid348865?server=rep_srvapsda HTTP/1.1" 200 47869
66.249.67.104 - - [01/May/2015:11:33:20 -0500] "GET /PORTAL_SIAC/swf/Residuos/impresion/files/guia_impresion-lit.pdf HTTP/1.1" 200 12573981
181.61.94.239 - - [01/May/2015:11:33:22 -0500] "GET /galeria/galeria/jquery.fancybox.css?v=2.1.5 HTTP/1.1" 304 -
181.61.94.239 - - [01/May/2015:11:33:22 -0500] "GET /BLA/boletinlegal/js/jquery.scrollTo-min.js HTTP/1.1" 304 -
181.61.94.239 - - [01/May/2015:11:33:22 -0500] "GET /BLA/boletinlegal/js/jquery.scrollShow.js HTTP/1.1" 304 -
180.76.6.61 - - [01/May/2015:11:33:22 -0500] "GET /BLA/resoluciones/RESOLUCIONES%202011/4396.pdf HTTP/1.1" 200 534339
181.61.94.239 - - [01/May/2015:11:33:23 -0500] "GET /galeria/galeria/jquery.fancybox.js?v=2.1.5 HTTP/1.1" 304 -
201.245.192.253 - - [01/May/2015:11:33:28 -0500] "GET /galeria/nivo-slider/demo/demo.html HTTP/1.1" 304 -
201.245.192.253 - - [01/May/2015:11:33:28 -0500] "GET /galeria/nivo-slider/demo/images/9Signos.jpg HTTP/1.1" 304 -
201.245.192.253 - - [01/May/2015:11:33:28 -0500] "GET /galeria/nivo-slider/demo/images/slider-cruz-de-mayo2015.jpg HTTP/1.1" 304 -
201.245.192.253 - - [01/May/2015:11:33:29 -0500] "GET /galeria/nivo-slider/demo/images/acuerdo_569.jpg HTTP/1.1" 304 -
201.245.192.253 - - [01/May/2015:11:33:29 -0500] "GET /galeria/nivo-slider/demo/images/convocatoriaConsejoConsultivo.jpg HTTP/1.1" 304 -
186.154.49.170 - - [01/May/2015:11:33:39 -0500] "POST /forms/lservlet;jsessionid=ac16012b30d66a8df0b8693b42fc870ac9b8f17d7ffa.e3iSbxaKaheRe3eNbhaPbhuQa41ynknvrkLOlQzNp65In0 HTTP/1.1" 200 2
186.154.49.170 - - [01/May/2015:11:33:40 -0500] "POST /forms/lservlet;jsessionid=ac16012b30d66a8df0b8693b42fc870ac9b8f17d7ffa.e3iSbxaKaheRe3eNbhaPbhuQa41ynknvrkLOlQzNp65In0 HTTP/1.1" 200 2375
180.76.5.155 - - [01/May/2015:11:33:40 -0500] "GET /BLA/resoluciones/AUTOS%202013/2997.pdf HTTP/1.1" 200 188306
186.154.49.170 - - [01/May/2015:11:33:40 -0500] "POST /forms/lservlet;jsessionid=ac16012b30d66a8df0b8693b42fc870ac9b8f17d7ffa.e3iSbxaKaheRe3eNbhaPbhuQa41ynknvrkLOlQzNp65In0 HTTP/1.1" 200 10
186.154.49.170 - - [01/May/2015:11:33:41 -0500] "POST /forms/lservlet;jsessionid=ac16012b30d66a8df0b8693b42fc870ac9b8f17d7ffa.e3iSbxaKaheRe3eNbhaPbhuQa41ynknvrkLOlQzNp65In0 HTTP/1.1" 200 24
186.154.49.170 - - [01/May/2015:11:33:41 -0500] "POST /forms/lservlet;jsessionid=ac16012b30d66a8df0b8693b42fc870ac9b8f17d7ffa.e3iSbxaKaheRe3eNbhaPbhuQa41ynknvrkLOlQzNp65In0 HTTP/1.1" 200 3856
186.154.49.170 - - [01/May/2015:11:33:42 -0500] "POST /forms/lservlet;jsessionid=ac16012b30d66a8df0b8693b42fc870ac9b8f17d7ffa.e3iSbxaKaheRe3eNbhaPbhuQa41ynknvrkLOlQzNp65In0 HTTP/1.1" 200 2
190.242.79.251 - - [01/May/2015:11:33:43 -0500] "GET /BLA/boletinlegal/js/jquery.scrollShow.js HTTP/1.1" 200 4586
190.242.79.251 - - [01/May/2015:11:33:43 -0500] "GET /galeria/galeria/jquery.fancybox.js?v=2.1.5 HTTP/1.1" 200 48706
190.242.79.251 - - [01/May/2015:11:33:43 -0500] "GET /galeria/carrusel/Carrusel/jquery.thumbnailScroller.css HTTP/1.1" 200 2066
190.242.79.251 - - [01/May/2015:11:33:43 -0500] "GET /galeria/galeria/jquery.fancybox.css?v=2.1.5 HTTP/1.1" 200 4895
186.154.49.170 - - [01/May/2015:11:33:44 -0500] "POST /forms/lservlet;jsessionid=ac16012b30d66a8df0b8693b42fc870ac9b8f17d7ffa.e3iSbxaKaheRe3eNbhaPbhuQa41ynknvrkLOlQzNp65In0 HTTP/1.1" 200 2
186.154.49.170 - - [01/May/2015:11:33:44 -0500] "POST /forms/lservlet;jsessionid=ac16012b30d66a8df0b8693b42fc870ac9b8f17d7ffa.e3iSbxaKaheRe3eNbhaPbhuQa41ynknvrkLOlQzNp65In0 HTTP/1.1" 200 14
186.154.49.170 - - [01/May/2015:11:33:45 -0500] "POST /forms/lservlet;jsessionid=ac16012b30d66a8df0b8693b42fc870ac9b8f17d7ffa.e3iSbxaKaheRe3eNbhaPbhuQa41ynknvrkLOlQzNp65In0 HTTP/1.1" 200 112
186.154.49.170 - - [01/May/2015:11:33:46 -0500] "POST /forms/lservlet;jsessionid=ac16012b30d66a8df0b8693b42fc870ac9b8f17d7ffa.e3iSbxaKaheRe3eNbhaPbhuQa41ynknvrkLOlQzNp65In0 HTTP/1.1" 200 2
186.154.49.170 - - [01/May/2015:11:33:46 -0500] "GET /reports/rwservlet/getjobid348866?server=rep_srvapsda HTTP/1.1" 200 47966
180.76.6.66 - - [01/May/2015:11:33:57 -0500] "GET /BLA/resoluciones/RESOLUCIONES%202010/0548.pdf HTTP/1.1" 200 526925
66.249.67.68 - - [01/May/2015:11:34:12 -0500] "GET /BLA/resoluciones/AUTOS%202011/2788.pdf HTTP/1.1" 200 265875
186.154.49.170 - - [01/May/2015:11:34:14 -0500] "POST /forms/lservlet;jsessionid=ac16012b30d66a8df0b8693b42fc870ac9b8f17d7ffa.e3iSbxaKaheRe3eNbhaPbhuQa41ynknvrkLOlQzNp65In0 HTTP/1.1" 200 2
180.76.5.177 - - [01/May/2015:11:34:14 -0500] "GET /BLA/resoluciones/RESOLUCIONES%202010/0561.pdf HTTP/1.1" 200 94823
186.154.49.170 - - [01/May/2015:11:34:18 -0500] "POST /forms/lservlet;jsessionid=ac16012b30d66a8df0b8693b42fc870ac9b8f17d7ffa.e3iSbxaKaheRe3eNbhaPbhuQa41ynknvrkLOlQzNp65In0 HTTP/1.1" 200 2
186.154.49.170 - - [01/May/2015:11:34:18 -0500] "POST /forms/lservlet;jsessionid=ac16012b30d66a8df0b8693b42fc870ac9b8f17d7ffa.e3iSbxaKaheRe3eNbhaPbhuQa41ynknvrkLOlQzNp65In0 HTTP/1.1" 200 2375
186.154.49.170 - - [01/May/2015:11:34:18 -0500] "POST /forms/lservlet;jsessionid=ac16012b30d66a8df0b8693b42fc870ac9b8f17d7ffa.e3iSbxaKaheRe3eNbhaPbhuQa41ynknvrkLOlQzNp65In0 HTTP/1.1" 200 10
186.154.49.170 - - [01/May/2015:11:34:20 -0500] "POST /forms/lservlet;jsessionid=ac16012b30d66a8df0b8693b42fc870ac9b8f17d7ffa.e3iSbxaKaheRe3eNbhaPbhuQa41ynknvrkLOlQzNp65In0 HTTP/1.1" 200 24
186.154.49.170 - - [01/May/2015:11:34:20 -0500] "POST /forms/lservlet;jsessionid=ac16012b30d66a8df0b8693b42fc870ac9b8f17d7ffa.e3iSbxaKaheRe3eNbhaPbhuQa41ynknvrkLOlQzNp65In0 HTTP/1.1" 200 4613
186.154.49.170 - - [01/May/2015:11:34:21 -0500] "POST /forms/lservlet;jsessionid=ac16012b30d66a8df0b8693b42fc870ac9b8f17d7ffa.e3iSbxaKaheRe3eNbhaPbhuQa41ynknvrkLOlQzNp65In0 HTTP/1.1" 200 2
186.154.49.170 - - [01/May/2015:11:34:22 -0500] "POST /forms/lservlet;jsessionid=ac16012b30d66a8df0b8693b42fc870ac9b8f17d7ffa.e3iSbxaKaheRe3eNbhaPbhuQa41ynknvrkLOlQzNp65In0 HTTP/1.1" 200 2
186.154.49.170 - - [01/May/2015:11:34:22 -0500] "POST /forms/lservlet;jsessionid=ac16012b30d66a8df0b8693b42fc870ac9b8f17d7ffa.e3iSbxaKaheRe3eNbhaPbhuQa41ynknvrkLOlQzNp65In0 HTTP/1.1" 200 14
186.154.49.170 - - [01/May/2015:11:34:23 -0500] "POST /forms/lservlet;jsessionid=ac16012b30d66a8df0b8693b42fc870ac9b8f17d7ffa.e3iSbxaKaheRe3eNbhaPbhuQa41ynknvrkLOlQzNp65In0 HTTP/1.1" 200 14
186.154.49.170 - - [01/May/2015:11:34:25 -0500] "POST /forms/lservlet;jsessionid=ac16012b30d66a8df0b8693b42fc870ac9b8f17d7ffa.e3iSbxaKaheRe3eNbhaPbhuQa41ynknvrkLOlQzNp65In0 HTTP/1.1" 200 112
186.154.49.170 - - [01/May/2015:11:34:25 -0500] "POST /forms/lservlet;jsessionid=ac16012b30d66a8df0b8693b42fc870ac9b8f17d7ffa.e3iSbxaKaheRe3eNbhaPbhuQa41ynknvrkLOlQzNp65In0 HTTP/1.1" 200 2
186.154.49.170 - - [01/May/2015:11:34:26 -0500] "GET /reports/rwservlet/getjobid348867?server=rep_srvapsda HTTP/1.1" 200 48187
186.43.97.144 - - [01/May/2015:11:34:32 -0500] "GET /BLA/resoluciones/RESOLUCIONES%202007/RES%202007%202301%20AL%202400/RESOLUCION%202348%20DE%202007.pdf HTTP/1.1" 200 541855
186.43.97.144 - - [01/May/2015:11:34:34 -0500] "GET /favicon.ico HTTP/1.1" 200 7782
186.43.97.144 - - [01/May/2015:11:34:36 -0500] "GET /BLA/resoluciones/RESOLUCIONES%202007/RES%202007%202301%20AL%202400/RESOLUCION%202348%20DE%202007.pdf HTTP/1.1" 206 32768
186.43.97.144 - - [01/May/2015:11:34:36 -0500] "GET /BLA/resoluciones/RESOLUCIONES%202007/RES%202007%202301%20AL%202400/RESOLUCION%202348%20DE%202007.pdf HTTP/1.1" 206 509087
66.249.67.68 - - [01/May/2015:11:34:38 -0500] "GET /BLA/resoluciones/RESOLUCIONES%202013/0247.pdf HTTP/1.1" 200 4812238
190.242.79.251 - - [01/May/2015:11:34:44 -0500] "GET /BLA/boletinlegal/js/jquery.scrollTo-min.js HTTP/1.1" 200 1150
190.242.79.251 - - [01/May/2015:11:34:44 -0500] "GET /galeria/carrusel/Carrusel/jquery-ui-1.8.13.custom.min.js HTTP/1.1" 200 10800
190.24.98.131 - - [01/May/2015:11:34:45 -0500] "GET /forest/skins/gdocs-jar/jsp/cookie.jsp?name=grid_numrad&del HTTP/1.1" 200 -
190.242.79.251 - - [01/May/2015:11:34:46 -0500] "GET /galeria/carrusel/Carrusel/jquery.thumbnailScroller.js HTTP/1.1" 200 8157
190.242.79.251 - - [01/May/2015:11:34:46 -0500] "GET /galeria/nivo-slider/demo/demo.html HTTP/1.1" 200 4065
