!C99Shell v. 1.0 pre-release build #13!

Software: Apache. PHP/5.5.15 

uname -a: Windows NT SVR-DMZ 6.1 build 7600 (Windows Server 2008 R2 Enterprise Edition) i586 

SYSTEM 

Safe-mode: OFF (not secure)

E:\nuevo\apache\logs\   drwxrwxrwx
Free 9.41 GB of 239.26 GB (3.93%)
Detected drives: [ a ] [ c ] [ d ] [ e ] [ f ]
Home    Back    Forward    UPDIR    Refresh    Search    Buffer    Encoder    Tools    Proc.    FTP brute    Sec.    SQL    PHP-code    Update    Feedback    Self remove    Logout    


Viewing file:     access.2015.05.02.log (3.71 MB)      -rw-rw-rw-
Select action/file-type:
(+) | (+) | (+) | Code (+) | Session (+) | (+) | SDB (+) | (+) | (+) | (+) | (+) | (+) |
181.53.172.178 - - [02/May/2015:00:00:05 -0500] "GET /galeria/carrusel/Carrusel/jquery.thumbnailScroller.css HTTP/1.1" 200 2066
181.53.172.178 - - [02/May/2015:00:00:05 -0500] "GET /galeria/carrusel/Carrusel/jquery-ui-1.8.13.custom.min.js HTTP/1.1" 200 10800
181.53.172.178 - - [02/May/2015:00:00:05 -0500] "GET /galeria/carrusel/Carrusel/jquery.thumbnailScroller.js HTTP/1.1" 200 8157
181.53.172.178 - - [02/May/2015:00:00:07 -0500] "GET /galeria/nivo-slider/demo/demo.html HTTP/1.1" 200 4065
181.53.172.178 - - [02/May/2015:00:00:17 -0500] "GET /galeria/nivo-slider/themes/pascal/pascal.css HTTP/1.1" 200 2258
181.53.172.178 - - [02/May/2015:00:00:17 -0500] "GET /galeria/nivo-slider/themes/orman/orman.css HTTP/1.1" 200 2152
181.53.172.178 - - [02/May/2015:00:00:17 -0500] "GET /galeria/nivo-slider/demo/style.css HTTP/1.1" 200 2222
181.53.172.178 - - [02/May/2015:00:00:17 -0500] "GET /galeria/nivo-slider/nivo-slider.css HTTP/1.1" 200 1507
181.53.172.178 - - [02/May/2015:00:00:17 -0500] "GET /galeria/nivo-slider/themes/default/default.css HTTP/1.1" 200 1569
181.53.172.178 - - [02/May/2015:00:00:17 -0500] "GET /galeria/nivo-slider/demo/scripts/jquery-1.7.1.min.js HTTP/1.1" 200 93868
181.53.172.178 - - [02/May/2015:00:00:20 -0500] "GET /galeria/nivo-slider/jquery.nivo.slider.pack.js HTTP/1.1" 200 11561
181.53.172.178 - - [02/May/2015:00:00:20 -0500] "GET /galeria/nivo-slider/demo/images/9Signos.jpg HTTP/1.1" 200 81776
181.53.172.178 - - [02/May/2015:00:00:21 -0500] "GET /galeria/nivo-slider/demo/images/slider-cruz-de-mayo2015.jpg HTTP/1.1" 200 62104
181.53.172.178 - - [02/May/2015:00:00:21 -0500] "GET /galeria/nivo-slider/demo/images/acuerdo_569.jpg HTTP/1.1" 200 62670
181.53.172.178 - - [02/May/2015:00:00:21 -0500] "GET /galeria/nivo-slider/demo/images/convocatoriaConsejoConsultivo.jpg HTTP/1.1" 200 147494
181.53.172.178 - - [02/May/2015:00:00:22 -0500] "GET /galeria/nivo-slider/demo/images/4Simple_Slider.png HTTP/1.1" 200 11722
181.53.172.178 - - [02/May/2015:00:00:22 -0500] "GET /galeria/nivo-slider/themes/default/loading.gif HTTP/1.1" 200 1737
181.53.172.178 - - [02/May/2015:00:00:23 -0500] "GET /galeria/nivo-slider/demo/images/Licitaciones-proyecto-paramo.jpg HTTP/1.1" 200 221877
181.53.172.178 - - [02/May/2015:00:00:24 -0500] "GET /galeria/nivo-slider/demo/images/Banner-decreto1299.jpg HTTP/1.1" 200 182613
181.53.172.178 - - [02/May/2015:00:00:24 -0500] "GET /galeria/nivo-slider/demo/images/Banner-Directorio.jpg HTTP/1.1" 200 182068
181.53.172.178 - - [02/May/2015:00:00:24 -0500] "GET /galeria/nivo-slider/demo/images/Ruta-vertimientos-01.jpg HTTP/1.1" 200 130151
181.53.172.178 - - [02/May/2015:00:00:25 -0500] "GET /galeria/nivo-slider/demo/images/bolsas-06.jpg HTTP/1.1" 200 90982
181.53.172.178 - - [02/May/2015:00:00:25 -0500] "GET /galeria/nivo-slider/demo/images/bolsas-08.jpg HTTP/1.1" 200 85589
181.53.172.178 - - [02/May/2015:00:00:30 -0500] "GET /galeria/nivo-slider/demo/images/redes_sociales.jpg HTTP/1.1" 200 415652
181.53.172.178 - - [02/May/2015:00:00:35 -0500] "GET /galeria/nivo-slider/demo/images/Conoce-los-humedales.jpg HTTP/1.1" 200 294036
181.53.172.178 - - [02/May/2015:00:00:35 -0500] "GET /galeria/nivo-slider/demo/images/ecolecta-Dic2014.png HTTP/1.1" 200 288593
181.53.172.178 - - [02/May/2015:00:00:35 -0500] "GET /galeria/nivo-slider/demo/images/porloshumedales.jpg HTTP/1.1" 200 351238
181.53.172.178 - - [02/May/2015:00:00:36 -0500] "GET /galeria/nivo-slider/demo/images/Tingua-azul.jpg HTTP/1.1" 200 307638
181.53.172.178 - - [02/May/2015:00:00:37 -0500] "GET /galeria/nivo-slider/demo/images/banner-llantas2.jpg HTTP/1.1" 200 73153
181.53.172.178 - - [02/May/2015:00:00:40 -0500] "GET /galeria/nivo-slider/themes/default/bullets.png HTTP/1.1" 200 1281
181.53.172.178 - - [02/May/2015:00:00:40 -0500] "GET /galeria/nivo-slider/themes/default/arrows.png HTTP/1.1" 200 824
180.76.5.170 - - [02/May/2015:00:00:42 -0500] "GET /BLA/resoluciones/RESOLUCIONES%202007/RES%202007%20101%20AL%20200/RESOLUCION%200151%20DE%202007.pdf HTTP/1.1" 200 156390
180.76.5.65 - - [02/May/2015:00:00:59 -0500] "GET /BLA/resoluciones/AUTOS%202012/2845.pdf HTTP/1.1" 200 394843
180.76.5.195 - - [02/May/2015:00:01:17 -0500] "GET /BLA/resoluciones/AUTOS%202010/1432.pdf HTTP/1.1" 200 237499
180.76.5.94 - - [02/May/2015:00:01:34 -0500] "GET /BLA/boletinlegal;jsessionid=7C72514A7B024F0AC4A4E9B2B1467C9B?/? HTTP/1.1" 404 1018
190.9.202.87 - - [02/May/2015:00:01:46 -0500] "GET /BLA/resoluciones/RESOLUCIONES%202007/RES%202007%201301%20AL%201400/RESOLUCION%201400%20DE%202007.pdf HTTP/1.1" 200 222492
190.9.202.87 - - [02/May/2015:00:01:47 -0500] "GET /favicon.ico HTTP/1.1" 200 7782
180.76.6.64 - - [02/May/2015:00:01:51 -0500] "GET /BLA/resoluciones/RESOLUCIONES%202009/2244.pdf HTTP/1.1" 200 323718
180.76.6.66 - - [02/May/2015:00:02:09 -0500] "GET /BLA/boletinlegal;jsessionid=D1769DED217F35AE904D97DFC644208C?/? HTTP/1.1" 404 1018
74.86.158.107 - - [02/May/2015:00:02:12 -0500] "HEAD / HTTP/1.1" 200 -
88.198.233.69 - - [02/May/2015:00:02:12 -0500] "GET / HTTP/1.1" 200 10190
180.76.5.28 - - [02/May/2015:00:02:26 -0500] "GET /BLA/boletinlegal;jsessionid=3B5496CB93FFDA495357A0D9407040DE?/? HTTP/1.1" 404 1018
180.76.5.145 - - [02/May/2015:00:02:43 -0500] "GET /BLA/resoluciones/AUTOS%202012/2973.pdf HTTP/1.1" 200 323228
189.38.90.131 - - [02/May/2015:00:02:47 -0500] "GET /wp-admin/ HTTP/1.1" 404 1018
66.249.67.68 - - [02/May/2015:00:02:48 -0500] "GET /BLA/resoluciones/RESOLUCIONES%202011/4259.pdf HTTP/1.1" 200 614582
180.76.6.148 - - [02/May/2015:00:03:00 -0500] "GET /BLA/resoluciones/RESOLUCIONES%202007/RES%202007%202301%20AL%202400/RESOLUCION%202303%20DE%202007.pdf HTTP/1.1" 200 770779
180.76.6.29 - - [02/May/2015:00:03:18 -0500] "GET /BLA/boletinlegal;jsessionid=4106518131B93BA4BE497901F5FD3F0E?/? HTTP/1.1" 404 1018
188.165.15.138 - - [02/May/2015:00:03:42 -0500] "GET /BLA/resoluciones/RESOLUCIONES%202002/RES%202002%201001-1050/2002RES1032.tif HTTP/1.1" 200 377596
66.249.67.68 - - [02/May/2015:00:03:43 -0500] "GET /BLA/resoluciones/RESOLUCIONES%202013/2538.pdf HTTP/1.1" 200 668249
180.76.6.146 - - [02/May/2015:00:04:03 -0500] "GET /BLA/resoluciones/RESOLUCIONES%202010/2247.pdf HTTP/1.1" 200 356336
207.46.13.35 - - [02/May/2015:00:04:04 -0500] "GET /home/Thumbs.db HTTP/1.1" 404 1019
66.249.67.76 - - [02/May/2015:00:04:07 -0500] "GET /BLA/resoluciones/AUTOS%202013/1610.pdf HTTP/1.1" 200 139348
181.53.172.178 - - [02/May/2015:00:05:23 -0500] "GET /galeria/galeria/jquery.fancybox.css?v=2.1.5 HTTP/1.1" 304 -
181.53.172.178 - - [02/May/2015:00:05:23 -0500] "GET /BLA/boletinlegal/js/jquery.scrollShow.js HTTP/1.1" 304 -
181.53.172.178 - - [02/May/2015:00:05:23 -0500] "GET /BLA/boletinlegal/js/jquery.scrollTo-min.js HTTP/1.1" 304 -
181.53.172.178 - - [02/May/2015:00:05:23 -0500] "GET /galeria/galeria/jquery.fancybox.js?v=2.1.5 HTTP/1.1" 304 -
123.125.71.94 - - [02/May/2015:00:05:23 -0500] "GET / HTTP/1.1" 200 10190
181.53.172.178 - - [02/May/2015:00:05:24 -0500] "GET /galeria/galeria/jquery.fancybox.js?v=2.1.5 HTTP/1.1" 304 -
180.76.5.64 - - [02/May/2015:00:05:33 -0500] "GET /BLA/resoluciones/AUTOS%202009/1394.pdf HTTP/1.1" 200 116344
180.76.6.153 - - [02/May/2015:00:05:50 -0500] "GET /BLA/resoluciones/AUTOS%202012/1927.pdf HTTP/1.1" 200 820851
66.249.67.84 - - [02/May/2015:00:05:55 -0500] "GET /BLA/resoluciones/RESOLUCIONES%202005/RES%202005%2051-100/00000078.tif HTTP/1.1" 304 -
180.76.6.29 - - [02/May/2015:00:06:08 -0500] "GET /BLA/boletinlegal;jsessionid=EB11D3121098BD9C3CB7123D6DBC7D0C?/? HTTP/1.1" 404 1018
157.55.39.49 - - [02/May/2015:00:06:52 -0500] "GET /cyber/pml/pml12.htm HTTP/1.1" 404 1019
180.76.6.150 - - [02/May/2015:00:06:59 -0500] "GET /BLA/boletinlegal;jsessionid=C29DC6D587EB353F27746B505CC22E5D?/? HTTP/1.1" 404 1018
74.86.158.107 - - [02/May/2015:00:07:12 -0500] "HEAD / HTTP/1.1" 200 -
195.154.217.154 - - [02/May/2015:00:07:18 -0500] "GET /galeria/galeria/jquery.fancybox.css?v=2.1.5 HTTP/1.1" 200 4895
195.154.217.154 - - [02/May/2015:00:07:25 -0500] "GET /galeria/galeria/jquery.fancybox.css?v=2.1.5 HTTP/1.1" 200 4895
207.46.13.117 - - [02/May/2015:00:07:52 -0500] "GET /normnew/dcpre1.htm HTTP/1.1" 404 1019
180.76.5.194 - - [02/May/2015:00:08:26 -0500] "GET /BLA/resoluciones/RESOLUCIONES%202007/RES%202007%20801%20AL%20900/RESOLUCION%200847%20DE%202007.pdf HTTP/1.1" 200 648285
152.61.128.66 - - [02/May/2015:00:08:46 -0500] "HEAD / HTTP/1.1" 200 -
152.61.128.66 - - [02/May/2015:00:08:46 -0500] "GET /arcgis/services/Calidad_del_Agua_WQI/MapServer/WMSServer?request=GetCapabilities&service=WMS HTTP/1.1" 200 32135
152.61.128.66 - - [02/May/2015:00:08:47 -0500] "GET /arcgis/services/Calidad_del_Agua_WQI/MapServer/WMSServer?request=GetCapabilities&service=WMS HTTP/1.0" 200 32135
152.61.128.66 - - [02/May/2015:00:08:48 -0500] "GET /arcgis/services/Calidad_del_Agua_WQI/MapServer/WMSServer?request=GetCapabilities&service=WMS HTTP/1.0" 200 32135
152.61.128.66 - - [02/May/2015:00:08:49 -0500] "GET /arcgis/services/Calidad_del_Agua_WQI/MapServer/WMSServer?request=GetCapabilities&service=WMS HTTP/1.0" 200 32135
188.165.15.138 - - [02/May/2015:00:08:50 -0500] "GET /BLA/resoluciones/RESOLUCIONES%202002/RES%202002%20851-900/00000856.tif HTTP/1.1" 200 78920
152.61.128.66 - - [02/May/2015:00:08:50 -0500] "GET /arcgis/services/Calidad_del_Agua_WQI/MapServer/WMSServer?VERSION=1.1.1&REQUEST=GetMap&LAYERS=0&SRS=EPSG:4326&BBOX=-74.473395,3.674381,-73.963300,4.920569&WIDTH=250&HEIGHT=250&FORMAT=image/bmp&STYLES=& HTTP/1.1" 200 188054
66.249.67.112 - - [02/May/2015:00:09:10 -0500] "GET /dama/libreria/php/decide.php?patron=03.1305020113&numm=36 HTTP/1.1" 404 1019
66.249.67.68 - - [02/May/2015:00:09:14 -0500] "GET /BLA/resoluciones/RESOLUCIONES%202014/0433.pdf HTTP/1.1" 200 826794
180.76.6.225 - - [02/May/2015:00:09:22 -0500] "GET /BLA/resoluciones/AUTOS%202011/1712.pdf HTTP/1.1" 200 177639
188.165.15.138 - - [02/May/2015:00:09:27 -0500] "GET /BLA/resoluciones/RESOLUCIONES%202003/RES%202003%20001-050/2003RES14.tif HTTP/1.1" 200 71600
66.249.67.68 - - [02/May/2015:00:09:33 -0500] "GET /BLA/resoluciones/RESOLUCIONES%202014/0187.pdf HTTP/1.1" 200 665041
66.249.67.112 - - [02/May/2015:00:09:35 -0500] "GET / HTTP/1.1" 200 10190
180.76.6.137 - - [02/May/2015:00:09:42 -0500] "GET /BLA/resoluciones/AUTOS%202012/0008.pdf HTTP/1.1" 200 245760
181.60.41.43 - - [02/May/2015:00:09:51 -0500] "GET /galeria/galeria/jquery.fancybox.css?v=2.1.5 HTTP/1.1" 200 4895
181.60.41.43 - - [02/May/2015:00:09:51 -0500] "GET /BLA/boletinlegal/js/jquery.scrollTo-min.js HTTP/1.1" 200 1150
181.60.41.43 - - [02/May/2015:00:09:51 -0500] "GET /BLA/boletinlegal/js/jquery.scrollShow.js HTTP/1.1" 200 4586
181.60.41.43 - - [02/May/2015:00:09:51 -0500] "GET /galeria/galeria/jquery.fancybox.js?v=2.1.5 HTTP/1.1" 200 48706
180.76.5.21 - - [02/May/2015:00:09:55 -0500] "GET /BLA/boletinlegal;jsessionid=68BA51CC7140CD17ADCD533062E85243?/? HTTP/1.1" 404 1018
180.76.5.27 - - [02/May/2015:00:10:13 -0500] "GET /BLA/boletinlegal;jsessionid=B2F3FB364C1C7E93321C3F0B97BFA3BC?/? HTTP/1.1" 404 1018
180.76.5.59 - - [02/May/2015:00:10:29 -0500] "GET /BLA/resoluciones/AUTOS%202012/0329.pdf HTTP/1.1" 200 304442
207.46.13.66 - - [02/May/2015:00:10:34 -0500] "GET /StormSDA/lib/ HTTP/1.1" 200 6379
188.165.15.138 - - [02/May/2015:00:10:34 -0500] "GET /BLA/resoluciones/RESOLUCIONES%202006/RES%202006%20351-400/00000370.tif HTTP/1.1" 200 150768
180.76.6.44 - - [02/May/2015:00:10:47 -0500] "GET /BLA/boletinlegal;jsessionid=7B6B1F2AA840FC9094FCDB19C6CEAAE6?/? HTTP/1.1" 404 1018
180.76.6.233 - - [02/May/2015:00:11:03 -0500] "GET /BLA/boletinlegal;jsessionid=EA469CE4C4177C194BC350AD272B07DC?/? HTTP/1.1" 404 1018
189.38.90.131 - - [02/May/2015:00:11:05 -0500] "GET /test/wp-admin/ HTTP/1.1" 404 1018
180.76.6.145 - - [02/May/2015:00:11:21 -0500] "GET /BLA/resoluciones/AUTOS%202009/0094.pdf HTTP/1.1" 200 80763
190.157.230.80 - - [02/May/2015:00:11:27 -0500] "GET /BLA/boletinlegal/js/jquery.scrollTo-min.js HTTP/1.1" 200 1150
190.157.230.80 - - [02/May/2015:00:11:27 -0500] "GET /BLA/boletinlegal/js/jquery.scrollShow.js HTTP/1.1" 200 4586
190.157.230.80 - - [02/May/2015:00:11:27 -0500] "GET /galeria/galeria/jquery.fancybox.js?v=2.1.5 HTTP/1.1" 200 48706
190.157.230.80 - - [02/May/2015:00:11:27 -0500] "GET /galeria/galeria/jquery.fancybox.css?v=2.1.5 HTTP/1.1" 200 4895
180.76.6.148 - - [02/May/2015:00:11:39 -0500] "GET /BLA/boletinlegal;jsessionid=B67E0CBE6E30A0A9F62691D96A9B67AF?/? HTTP/1.1" 404 1018
190.157.230.80 - - [02/May/2015:00:11:40 -0500] "GET /BLA/boletinlegal/js/jquery.scrollTo-min.js HTTP/1.1" 304 -
190.157.230.80 - - [02/May/2015:00:11:40 -0500] "GET /BLA/boletinlegal/js/jquery.scrollShow.js HTTP/1.1" 304 -
190.157.230.80 - - [02/May/2015:00:11:40 -0500] "GET /galeria/galeria/jquery.fancybox.js?v=2.1.5 HTTP/1.1" 304 -
190.157.230.80 - - [02/May/2015:00:11:40 -0500] "GET /galeria/galeria/jquery.fancybox.css?v=2.1.5 HTTP/1.1" 304 -
180.76.6.61 - - [02/May/2015:00:11:55 -0500] "GET /BLA/resoluciones/AUTOS%202009/0593.pdf HTTP/1.1" 200 121428
74.86.158.107 - - [02/May/2015:00:12:12 -0500] "HEAD / HTTP/1.1" 200 -
180.76.5.17 - - [02/May/2015:00:12:13 -0500] "GET /BLA/resoluciones/RESOLUCIONES%202008/0248.pdf HTTP/1.1" 200 278062
186.113.10.143 - - [02/May/2015:00:12:15 -0500] "GET /galeria/nivo-slider/demo/images/acuerdo_569.jpg HTTP/1.1" 304 -
180.76.6.145 - - [02/May/2015:00:12:47 -0500] "GET /BLA/boletinlegal;jsessionid=02E1777635BDF318ADD70953D4493A81?/? HTTP/1.1" 404 1018
180.76.6.134 - - [02/May/2015:00:13:05 -0500] "GET /BLA/resoluciones/AUTOS%202009/0437.pdf HTTP/1.1" 200 299136
207.46.13.66 - - [02/May/2015:00:13:17 -0500] "GET /robots.txt HTTP/1.1" 404 1019
207.46.13.66 - - [02/May/2015:00:13:20 -0500] "GET /formasII/ver1.pdf HTTP/1.1" 404 1019
202.46.50.182 - - [02/May/2015:00:13:39 -0500] "GET /BLA/resoluciones/RESOLUCIONES%202007/RES%202007%20801%20AL%20900/RESOLUCION%200847%20DE%202007.pdf HTTP/1.1" 200 648285
66.249.67.104 - - [02/May/2015:00:13:43 -0500] "GET /galeria/nivo-slider/demo/images/mico2.jpg HTTP/1.1" 200 76204
180.76.5.197 - - [02/May/2015:00:13:56 -0500] "GET /BLA/resoluciones/AUTOS%202009/0982.pdf HTTP/1.1" 200 179660
167.58.13.221 - - [02/May/2015:00:13:57 -0500] "GET /BLA/boletinlegal/js/jquery.scrollTo-min.js HTTP/1.1" 200 1150
167.58.13.221 - - [02/May/2015:00:13:57 -0500] "GET /BLA/boletinlegal/js/jquery.scrollShow.js HTTP/1.1" 200 4586
167.58.13.221 - - [02/May/2015:00:13:57 -0500] "GET /galeria/galeria/jquery.fancybox.js?v=2.1.5 HTTP/1.1" 200 48706
167.58.13.221 - - [02/May/2015:00:13:58 -0500] "GET /galeria/galeria/jquery.fancybox.css?v=2.1.5 HTTP/1.1" 200 4895
167.58.13.221 - - [02/May/2015:00:14:15 -0500] "GET /BLA/boletinlegal/js/jquery.scrollTo-min.js HTTP/1.1" 304 -
167.58.13.221 - - [02/May/2015:00:14:15 -0500] "GET /BLA/boletinlegal/js/jquery.scrollShow.js HTTP/1.1" 304 -
167.58.13.221 - - [02/May/2015:00:14:15 -0500] "GET /galeria/galeria/jquery.fancybox.js?v=2.1.5 HTTP/1.1" 304 -
167.58.13.221 - - [02/May/2015:00:14:15 -0500] "GET /galeria/galeria/jquery.fancybox.css?v=2.1.5 HTTP/1.1" 304 -
66.249.67.76 - - [02/May/2015:00:14:21 -0500] "GET /BLA/resoluciones/RESOLUCIONES%202010/4902.pdf HTTP/1.1" 200 755475
180.76.5.57 - - [02/May/2015:00:14:32 -0500] "GET /BLA/resoluciones/AUTOS%202011/0854.pdf HTTP/1.1" 200 162207
220.181.108.161 - - [02/May/2015:00:14:35 -0500] "GET / HTTP/1.1" 200 10190
180.76.6.51 - - [02/May/2015:00:14:48 -0500] "GET /BLA/resoluciones/RESOLUCIONES%202007/RES%202007%20701%20AL%20800/RESOLUCION%200771%20DE%202007.pdf HTTP/1.1" 200 178922
188.165.15.138 - - [02/May/2015:00:14:57 -0500] "GET /BLA/resoluciones/RESOLUCIONES%202002/RES%202002%201351-1400/20021358.tif HTTP/1.1" 200 116162
180.76.6.148 - - [02/May/2015:00:15:05 -0500] "GET /BLA/boletinlegal;jsessionid=9D72762EF91BCAB6B2C18FF52B4549BA?/? HTTP/1.1" 404 1018
180.76.6.225 - - [02/May/2015:00:15:23 -0500] "GET /BLA/resoluciones/AUTOS%202010/1909.pdf HTTP/1.1" 200 148169
66.249.67.68 - - [02/May/2015:00:15:28 -0500] "GET /BLA/resoluciones/AUTOS%202008/0559.pdf HTTP/1.1" 200 294289
180.76.6.147 - - [02/May/2015:00:15:41 -0500] "GET /BLA/boletinlegal;jsessionid=180FA03DA67859915B73B172E62C59BF?/? HTTP/1.1" 404 1018
180.76.6.151 - - [02/May/2015:00:15:57 -0500] "GET /BLA/boletinlegal;jsessionid=2D37AE1C778E55CF1CE2765D3405E986?/? HTTP/1.1" 404 1018
66.249.67.68 - - [02/May/2015:00:16:25 -0500] "GET /BLA/resoluciones/AUTOS%202008/0051.pdf HTTP/1.1" 200 86237
152.61.128.66 - - [02/May/2015:00:16:26 -0500] "HEAD / HTTP/1.1" 200 -
152.61.128.66 - - [02/May/2015:00:16:26 -0500] "GET /arcgis/services/Calidad_del_Agua_WQI/MapServer/WMSServer?SERVICE=WMS&REQUEST=GetCapabilities HTTP/1.1" 200 32135
152.61.128.66 - - [02/May/2015:00:16:27 -0500] "GET /arcgis/services/Calidad_del_Agua_WQI/MapServer/WMSServer?SERVICE=WMS&REQUEST=GetCapabilities HTTP/1.0" 200 32135
152.61.128.66 - - [02/May/2015:00:16:28 -0500] "GET /arcgis/services/Calidad_del_Agua_WQI/MapServer/WMSServer?SERVICE=WMS&REQUEST=GetCapabilities HTTP/1.0" 200 32135
152.61.128.66 - - [02/May/2015:00:16:29 -0500] "GET /arcgis/services/Calidad_del_Agua_WQI/MapServer/WMSServer?SERVICE=WMS&REQUEST=GetCapabilities HTTP/1.0" 200 32135
152.61.128.66 - - [02/May/2015:00:16:30 -0500] "GET /arcgis/services/Calidad_del_Agua_WQI/MapServer/WMSServer?VERSION=1.1.1&REQUEST=GetMap&LAYERS=0&SRS=EPSG:4326&BBOX=-74.473395,3.674381,-73.963300,4.920569&WIDTH=250&HEIGHT=250&FORMAT=image/bmp&STYLES=& HTTP/1.1" 200 188054
180.76.6.138 - - [02/May/2015:00:17:01 -0500] "GET /BLA/boletinlegal;jsessionid=A951B13ADC44202843ECCD6F46C3E07C?/? HTTP/1.1" 404 1018
74.86.158.107 - - [02/May/2015:00:17:12 -0500] "HEAD / HTTP/1.1" 200 -
66.249.67.84 - - [02/May/2015:00:17:18 -0500] "GET /BLA/resoluciones/RESOLUCIONES%202005/RES%202005%2051-100/00000062.tif HTTP/1.1" 304 -
180.76.5.223 - - [02/May/2015:00:18:16 -0500] "GET /BLA/resoluciones/AUTOS%202011/1638.pdf HTTP/1.1" 200 215420
180.76.5.146 - - [02/May/2015:00:18:31 -0500] "GET /BLA/resoluciones/RESOLUCIONES%202007/RES%202007%202301%20AL%202400/RESOLUCION%202338%20DE%202007.pdf HTTP/1.1" 200 325645
190.159.179.103 - - [02/May/2015:00:18:40 -0500] "GET /BLA/boletinlegal/js/jquery.scrollTo-min.js HTTP/1.1" 200 1150
190.159.179.103 - - [02/May/2015:00:18:40 -0500] "GET /BLA/boletinlegal/js/jquery.scrollShow.js HTTP/1.1" 200 4586
190.159.179.103 - - [02/May/2015:00:18:40 -0500] "GET /galeria/galeria/jquery.fancybox.css?v=2.1.5 HTTP/1.1" 200 4895
190.159.179.103 - - [02/May/2015:00:18:40 -0500] "GET /galeria/galeria/jquery.fancybox.js?v=2.1.5 HTTP/1.1" 200 48706
190.159.179.103 - - [02/May/2015:00:18:46 -0500] "GET /BLA/boletinlegal/js/jquery.scrollTo-min.js HTTP/1.1" 304 -
190.159.179.103 - - [02/May/2015:00:18:46 -0500] "GET /galeria/galeria/jquery.fancybox.css?v=2.1.5 HTTP/1.1" 304 -
190.159.179.103 - - [02/May/2015:00:18:46 -0500] "GET /galeria/galeria/jquery.fancybox.js?v=2.1.5 HTTP/1.1" 304 -
190.159.179.103 - - [02/May/2015:00:18:46 -0500] "GET /BLA/boletinlegal/js/jquery.scrollShow.js HTTP/1.1" 304 -
180.76.5.152 - - [02/May/2015:00:19:05 -0500] "GET /BLA/resoluciones/RESOLUCIONES%202010/2168.pdf HTTP/1.1" 200 489537
189.38.90.131 - - [02/May/2015:00:19:06 -0500] "GET /wordpress/wp-admin/ HTTP/1.1" 404 1018
180.76.5.153 - - [02/May/2015:00:19:23 -0500] "GET /BLA/resoluciones/AUTOS%202009/1640.pdf HTTP/1.1" 200 85032
66.249.67.76 - - [02/May/2015:00:19:28 -0500] "GET /BLA/resoluciones/RESOLUCIONES%202009/6226.pdf HTTP/1.1" 200 1152059
66.249.67.76 - - [02/May/2015:00:19:37 -0500] "GET /BLA/resoluciones/AUTOS%202007/0635.pdf HTTP/1.1" 200 67657
180.76.6.230 - - [02/May/2015:00:19:40 -0500] "GET /BLA/resoluciones/RESOLUCIONES%202007/RES%202007%201001%20AL%201100/RESOLUCION%201037%20DE%202007.pdf HTTP/1.1" 200 246024
190.157.184.181 - - [02/May/2015:00:19:44 -0500] "GET /BLA/boletinlegal/js/jquery.scrollShow.js HTTP/1.1" 200 4586
190.157.184.181 - - [02/May/2015:00:19:44 -0500] "GET /galeria/galeria/jquery.fancybox.css?v=2.1.5 HTTP/1.1" 200 4895
190.157.184.181 - - [02/May/2015:00:19:44 -0500] "GET /galeria/galeria/jquery.fancybox.js?v=2.1.5 HTTP/1.1" 200 48706
190.157.184.181 - - [02/May/2015:00:19:44 -0500] "GET /BLA/boletinlegal/js/jquery.scrollTo-min.js HTTP/1.1" 200 1150
190.157.184.181 - - [02/May/2015:00:19:46 -0500] "GET /huelladecarbono/index.html HTTP/1.1" 200 5211
190.157.184.181 - - [02/May/2015:00:19:47 -0500] "GET /huelladecarbono/Imagenes/btn_gris.png HTTP/1.1" 200 3006
190.157.184.181 - - [02/May/2015:00:19:47 -0500] "GET /huelladecarbono/estilos.css HTTP/1.1" 200 4034
190.157.184.181 - - [02/May/2015:00:19:47 -0500] "GET /huelladecarbono/Imagenes/btn_gris3.png HTTP/1.1" 200 4357
190.157.184.181 - - [02/May/2015:00:19:47 -0500] "GET /huelladecarbono/Imagenes/btn_gris2.png HTTP/1.1" 200 4298
190.157.184.181 - - [02/May/2015:00:19:47 -0500] "GET /huelladecarbono/Imagenes/btn_gris4.png HTTP/1.1" 200 2999
190.157.184.181 - - [02/May/2015:00:19:47 -0500] "GET /huelladecarbono/Imagenes/btn_gris5.png HTTP/1.1" 200 4459
190.157.184.181 - - [02/May/2015:00:19:47 -0500] "GET /huelladecarbono/Imagenes/campana_title.jpg HTTP/1.1" 200 5453
190.157.184.181 - - [02/May/2015:00:19:47 -0500] "GET /huelladecarbono/Imagenes/fondo_header.jpg HTTP/1.1" 200 28877
66.249.67.84 - - [02/May/2015:00:19:53 -0500] "GET /BLA/resoluciones/RESOLUCIONES%202010/0549.pdf HTTP/1.1" 200 494635
180.76.6.57 - - [02/May/2015:00:19:57 -0500] "GET /BLA/boletinlegal;jsessionid=7471887434088CBE5006FA9F258CC549?/? HTTP/1.1" 404 1018
201.232.192.85 - - [02/May/2015:00:20:03 -0500] "GET /BLA/resoluciones/RESOLUCIONES%202010/4721.pdf HTTP/1.1" 200 284225
201.232.192.85 - - [02/May/2015:00:20:03 -0500] "GET /favicon.ico HTTP/1.1" 200 7782
180.76.5.19 - - [02/May/2015:00:20:14 -0500] "GET /BLA/resoluciones/RESOLUCIONES%202008/0754.pdf HTTP/1.1" 200 49673
157.55.39.49 - - [02/May/2015:00:20:17 -0500] "GET /pga/pga6.htm HTTP/1.1" 404 1019
180.76.6.155 - - [02/May/2015:00:20:32 -0500] "GET /BLA/boletinlegal;jsessionid=721D6C6AB4A8E23562EEFA8B0B394565?/? HTTP/1.1" 404 1018
180.76.5.153 - - [02/May/2015:00:20:49 -0500] "GET /BLA/resoluciones/AUTOS%202012/1177.pdf HTTP/1.1" 200 152274
180.76.5.192 - - [02/May/2015:00:21:06 -0500] "GET /BLA/boletinlegal;jsessionid=DA9118C97A8701A4D965547831A016E2?/? HTTP/1.1" 404 1018
190.84.177.182 - - [02/May/2015:00:21:13 -0500] "GET /galeria/mapa/3MapaBogot%C3%A1.jpg HTTP/1.1" 200 688183
180.76.6.37 - - [02/May/2015:00:21:24 -0500] "GET /BLA/boletinlegal;jsessionid=F2CF087674573DF06282CC1689685B50?/? HTTP/1.1" 404 1018
180.76.5.74 - - [02/May/2015:00:21:41 -0500] "GET /BLA/resoluciones/AUTOS%202011/0178.pdf HTTP/1.1" 200 384352
74.86.158.107 - - [02/May/2015:00:22:12 -0500] "HEAD / HTTP/1.1" 200 -
180.76.6.159 - - [02/May/2015:00:22:19 -0500] "GET /BLA/resoluciones/RESOLUCIONES%202008/2105.pdf HTTP/1.1" 200 145624
180.76.6.52 - - [02/May/2015:00:22:33 -0500] "GET /BLA/boletinlegal;jsessionid=49150DC771B83FABFE20C25AD1310D1D?/? HTTP/1.1" 404 1018
180.76.5.24 - - [02/May/2015:00:22:54 -0500] "GET /BLA/resoluciones/AUTOS%202009/2123.pdf HTTP/1.1" 200 94272
207.46.13.117 - - [02/May/2015:00:23:05 -0500] "GET /dama/libreria/php/decide.php?patron=03.1305020113&numm=24 HTTP/1.1" 404 1019
180.76.5.168 - - [02/May/2015:00:23:07 -0500] "GET /BLA/resoluciones/AUTOS%202011/1514.pdf HTTP/1.1" 200 156782
207.46.13.66 - - [02/May/2015:00:23:10 -0500] "GET /formasII/flo.pdf HTTP/1.1" 404 1019
180.76.5.194 - - [02/May/2015:00:23:28 -0500] "GET /BLA/resoluciones/AUTOS%202009/2058.pdf HTTP/1.1" 200 101185
66.249.67.84 - - [02/May/2015:00:23:35 -0500] "GET /BLA/resoluciones/RESOLUCIONES%202011/0703.pdf HTTP/1.1" 200 707040
180.76.5.223 - - [02/May/2015:00:23:42 -0500] "GET /BLA/resoluciones/AUTOS%202013/0764.pdf HTTP/1.1" 200 1684076
188.165.15.138 - - [02/May/2015:00:23:59 -0500] "GET /BLA/resoluciones/RESOLUCIONES%202004/RES%202004%202101-2150/00002140.tif HTTP/1.1" 200 153428
180.76.6.139 - - [02/May/2015:00:24:26 -0500] "GET /BLA/resoluciones/RESOLUCIONES%202010/2363.pdf HTTP/1.1" 200 463758
66.249.67.76 - - [02/May/2015:00:24:36 -0500] "GET /BLA/resoluciones/RESOLUCIONES%202010/4073.pdf HTTP/1.1" 200 637168
66.249.67.76 - - [02/May/2015:00:24:39 -0500] "GET /BLA/resoluciones/RESOLUCIONES%202013/0121.pdf HTTP/1.1" 200 586231
180.76.5.78 - - [02/May/2015:00:24:42 -0500] "GET /BLA/boletinlegal;jsessionid=AFB380804C3A7A69359BCDD6A9B947B7?/? HTTP/1.1" 404 1018
162.210.196.97 - - [02/May/2015:00:24:45 -0500] "GET /robots.txt HTTP/1.0" 404 1019
162.210.196.97 - - [02/May/2015:00:24:46 -0500] "GET / HTTP/1.0" 200 10190
152.61.193.99 - - [02/May/2015:00:25:08 -0500] "HEAD / HTTP/1.1" 200 -
152.61.193.99 - - [02/May/2015:00:25:08 -0500] "GET /arcgis/services/Calidad_del_Agua_WQI/MapServer/WMSServer?request=GetCapabilities&service=WMS HTTP/1.1" 200 32135
152.61.193.99 - - [02/May/2015:00:25:08 -0500] "GET /arcgis/services/Calidad_del_Agua_WQI/MapServer/WMSServer?request=GetCapabilities&service=WMS HTTP/1.1" 200 32135
152.61.193.99 - - [02/May/2015:00:25:09 -0500] "GET /arcgis/services/Calidad_del_Agua_WQI/MapServer/WMSServer?request=GetCapabilities&service=WMS HTTP/1.1" 200 32135
152.61.193.99 - - [02/May/2015:00:25:10 -0500] "GET /arcgis/services/Calidad_del_Agua_WQI/MapServer/WMSServer?request=GetCapabilities&service=WMS HTTP/1.1" 200 32135
152.61.193.99 - - [02/May/2015:00:25:10 -0500] "GET /arcgis/services/Calidad_del_Agua_WQI/MapServer/WMSServer?VERSION=1.1.1&REQUEST=GetMap&LAYERS=0&SRS=EPSG:4326&BBOX=-74.473395,3.674381,-73.963300,4.920569&WIDTH=250&HEIGHT=250&FORMAT=image/bmp&STYLES=& HTTP/1.1" 200 188054
207.46.13.35 - - [02/May/2015:00:25:16 -0500] "GET /ince/crono.htm HTTP/1.1" 404 1019
180.76.6.65 - - [02/May/2015:00:25:18 -0500] "GET /BLA/resoluciones/RESOLUCIONES%202007/RES%202007%202301%20AL%202400/RESOLUCION%202321%20DE%202007.pdf HTTP/1.1" 200 598947
180.76.5.62 - - [02/May/2015:00:25:52 -0500] "GET /BLA/resoluciones/AUTOS%202011/1296.pdf HTTP/1.1" 200 127020
180.76.6.157 - - [02/May/2015:00:26:10 -0500] "GET /BLA/resoluciones/AUTOS%202014/5828.pdf HTTP/1.1" 200 121744
180.76.6.139 - - [02/May/2015:00:26:26 -0500] "GET /BLA/boletinlegal;jsessionid=C8C41E83F44EB53D73358600A8DA1F03?/? HTTP/1.1" 404 1018
180.76.5.167 - - [02/May/2015:00:26:44 -0500] "GET /BLA/resoluciones/AUTOS%202012/0875.pdf HTTP/1.1" 200 451021
180.76.5.61 - - [02/May/2015:00:27:02 -0500] "GET /BLA/boletinlegal;jsessionid=D2DE8B219A13C34A2167BA125A9EBC66?/? HTTP/1.1" 404 1018
74.86.158.107 - - [02/May/2015:00:27:12 -0500] "HEAD / HTTP/1.1" 200 -
180.76.6.149 - - [02/May/2015:00:27:17 -0500] "GET /BLA/boletinlegal;jsessionid=7F5685006DE32AC193F84D5FF15A8A7C?/? HTTP/1.1" 404 1018
189.38.90.131 - - [02/May/2015:00:27:34 -0500] "GET /blog/wp-admin/ HTTP/1.1" 404 1018
180.76.6.135 - - [02/May/2015:00:27:35 -0500] "GET /BLA/boletinlegal;jsessionid=64F43A7F42A8765FACA6DDCCA052A373?/? HTTP/1.1" 404 1018
207.46.13.117 - - [02/May/2015:00:27:46 -0500] "GET /dama/libreria/php/decide.php?patron=03.131507 HTTP/1.1" 404 1019
180.76.6.14 - - [02/May/2015:00:27:52 -0500] "GET /BLA/resoluciones/AUTOS%202012/1717.pdf HTTP/1.1" 200 305586
66.249.67.68 - - [02/May/2015:00:28:05 -0500] "GET /BLA/resoluciones/RESOLUCIONES%202010/1340.pdf HTTP/1.1" 200 549364
180.76.6.225 - - [02/May/2015:00:28:09 -0500] "GET /BLA/resoluciones/AUTOS%202012/2414.pdf HTTP/1.1" 200 154421
66.249.67.84 - - [02/May/2015:00:28:19 -0500] "GET /BLA/resoluciones/RESOLUCIONES%202010/0618.pdf HTTP/1.1" 200 526180
66.249.67.68 - - [02/May/2015:00:28:26 -0500] "GET /BLA/resoluciones/RESOLUCIONES%202005/RES%202005%2051-100/00000064.tif HTTP/1.1" 304 -
180.76.6.43 - - [02/May/2015:00:28:26 -0500] "GET /BLA/resoluciones/RESOLUCIONES%202007/RES%202007%201201%20AL%201300/RESOLUCION%201282%20DE%202007.pdf HTTP/1.1" 200 837034
107.219.241.124 - - [02/May/2015:00:28:43 -0500] "GET /galeria/galeria/fotos/Humedal-la-conejera2G.jpg HTTP/1.1" 200 298801
180.76.6.159 - - [02/May/2015:00:29:01 -0500] "GET /BLA/resoluciones/RESOLUCIONES%202009/1822.pdf HTTP/1.1" 200 517609
180.76.6.134 - - [02/May/2015:00:29:19 -0500] "GET /BLA/resoluciones/RESOLUCIONES%202008/1166.pdf HTTP/1.1" 200 210314
66.249.67.84 - - [02/May/2015:00:29:20 -0500] "GET /BLA/resoluciones/RESOLUCIONES%202009/2075.pdf HTTP/1.1" 200 664005
66.249.67.68 - - [02/May/2015:00:29:42 -0500] "GET /BLA/resoluciones/RESOLUCIONES%202009/2838.pdf HTTP/1.1" 200 478762
207.46.13.35 - - [02/May/2015:00:29:56 -0500] "GET /BLA/boletinlegal/Circulares/2012/Circular%20No.%209%20del%2021%20de%20Agosto%20de%202012.pdf HTTP/1.1" 200 1402289
180.76.6.144 - - [02/May/2015:00:30:15 -0500] "GET /BLA/resoluciones/AUTOS%202011/0668.pdf HTTP/1.1" 200 98071
180.76.5.21 - - [02/May/2015:00:30:31 -0500] "GET /BLA/resoluciones/AUTOS%202012/0530.pdf HTTP/1.1" 200 345456
188.165.15.138 - - [02/May/2015:00:30:40 -0500] "GET /BLA/resoluciones/RESOLUCIONES%202004/RES%202004%2051-100/00000063.tif HTTP/1.1" 200 407838
207.46.13.117 - - [02/May/2015:00:30:45 -0500] "GET /dama/libreria/php/decide.php?patron=03.1801 HTTP/1.1" 404 1019
180.76.5.176 - - [02/May/2015:00:30:49 -0500] "GET /BLA/resoluciones/RESOLUCIONES%202009/7039.pdf HTTP/1.1" 200 723223
188.165.15.138 - - [02/May/2015:00:31:03 -0500] "GET /BLA/resoluciones/RESOLUCIONES%202004/RES%202004%20501-550/00000540.tif HTTP/1.1" 200 114802
180.76.5.18 - - [02/May/2015:00:31:07 -0500] "GET /BLA/resoluciones/RESOLUCIONES%202007/RES%202007%204301%20AL%204352/RESOLUCION%204312%20DE%202007.pdf HTTP/1.1" 200 501010
180.76.5.187 - - [02/May/2015:00:31:26 -0500] "GET /BLA/boletinlegal;jsessionid=8B2E951CB3CF18E89AEB0886584FC78B?/? HTTP/1.1" 404 1018
199.195.118.53 - - [02/May/2015:00:31:39 -0500] "GET / HTTP/1.1" 200 10190
180.76.5.17 - - [02/May/2015:00:31:59 -0500] "GET /BLA/resoluciones/AUTOS%202012/2139.pdf HTTP/1.1" 200 776738
157.55.39.49 - - [02/May/2015:00:32:10 -0500] "GET /inc/extensions.php?mode=extensions&ext=mysqlnd HTTP/1.1" 404 1019
74.86.158.107 - - [02/May/2015:00:32:12 -0500] "HEAD / HTTP/1.1" 200 -
180.76.5.71 - - [02/May/2015:00:32:15 -0500] "GET /BLA/boletinlegal;jsessionid=8BC34220AF5DB0022511ED572FA3C4D1?/? HTTP/1.1" 404 1018
180.76.6.133 - - [02/May/2015:00:33:31 -0500] "GET /BLA/boletinlegal;jsessionid=FAAE6BC54F7E8613D44791B2D9A16994?/? HTTP/1.1" 404 1018
180.76.5.25 - - [02/May/2015:00:33:48 -0500] "GET /BLA/resoluciones/RESOLUCIONES%202009/1293.pdf HTTP/1.1" 200 535707
66.249.67.76 - - [02/May/2015:00:34:05 -0500] "GET /BLA/resoluciones/AUTOS%202014/1809.pdf HTTP/1.1" 304 -
180.76.5.196 - - [02/May/2015:00:34:26 -0500] "GET /BLA/resoluciones/AUTOS%202010/0701.pdf HTTP/1.1" 200 184527
188.165.15.138 - - [02/May/2015:00:34:33 -0500] "GET /BLA/resoluciones/RESOLUCIONES%202006/RES%202006%202151-2200/00002179.tif HTTP/1.1" 200 210080
66.249.67.76 - - [02/May/2015:00:34:50 -0500] "GET /BLA/resoluciones/AUTOS%202010/1707.pdf HTTP/1.1" 200 1446514
190.25.113.109 - - [02/May/2015:00:35:12 -0500] "GET /BLA/resoluciones/RESOLUCIONES%202011/3849.pdf HTTP/1.1" 200 294271
190.25.113.109 - - [02/May/2015:00:35:12 -0500] "GET /favicon.ico HTTP/1.1" 200 7782
190.25.113.109 - - [02/May/2015:00:35:13 -0500] "GET /BLA/resoluciones/RESOLUCIONES%202011/3849.pdf HTTP/1.1" 206 32768
190.25.113.109 - - [02/May/2015:00:35:13 -0500] "GET /BLA/resoluciones/RESOLUCIONES%202011/3849.pdf HTTP/1.1" 206 261503
180.76.5.176 - - [02/May/2015:00:35:34 -0500] "GET /BLA/resoluciones/RESOLUCIONES%202007/RES%202007%203501%20AL%203600/RESOLUCION%203530%20DE%202007.pdf HTTP/1.1" 200 449488
188.165.15.138 - - [02/May/2015:00:35:36 -0500] "GET /BLA/resoluciones/RESOLUCIONES%202004/RES%202004%20801-850/00000847.tif HTTP/1.1" 200 237166
189.38.90.131 - - [02/May/2015:00:35:51 -0500] "GET /wp/wp-admin/ HTTP/1.1" 404 1018
180.76.5.192 - - [02/May/2015:00:35:52 -0500] "GET /BLA/resoluciones/RESOLUCIONES%202008/4778.pdf HTTP/1.1" 200 173894
190.165.249.39 - - [02/May/2015:00:35:58 -0500] "GET /BLA/boletinlegal/jurisprudencia/analisis/Analisis%20jurisprudencial%20Sentencia%20C-366-11.doc HTTP/1.1" 200 59392
180.76.5.146 - - [02/May/2015:00:36:09 -0500] "GET /BLA/resoluciones/AUTOS%202010/5454.pdf HTTP/1.1" 200 150347
180.76.6.233 - - [02/May/2015:00:36:26 -0500] "GET /BLA/resoluciones/RESOLUCIONES%202007/RES%202007%202501%20AL%202600/RESOLUCION%202593%20DE%202007.pdf HTTP/1.1" 200 216727
180.76.5.65 - - [02/May/2015:00:36:43 -0500] "GET /BLA/boletinlegal;jsessionid=4E014424F29F06BC9497BFB7D6E5DFC8?/? HTTP/1.1" 404 1018
66.249.67.68 - - [02/May/2015:00:36:46 -0500] "GET /galeria/nivo-slider/demo/images/Zorro02.jpg HTTP/1.1" 200 99275
188.165.15.138 - - [02/May/2015:00:36:55 -0500] "GET /BLA/resoluciones/index.php?dir=RESOLUCIONES%202002/RES%202002%20351-400/&sort=name&order=desc HTTP/1.1" 200 12208
180.76.5.77 - - [02/May/2015:00:37:01 -0500] "GET /BLA/resoluciones/RESOLUCIONES%202007/RES%202007%204001%20AL%204100/RESOLUCION%204071%20DE%202007.pdf HTTP/1.1" 200 176634
74.86.158.107 - - [02/May/2015:00:37:12 -0500] "HEAD / HTTP/1.1" 200 -
180.76.5.176 - - [02/May/2015:00:37:18 -0500] "GET /BLA/resoluciones/AUTOS%202014/5607.pdf HTTP/1.1" 200 283364
180.76.6.54 - - [02/May/2015:00:37:35 -0500] "GET /BLA/resoluciones/AUTOS%202009/0516.pdf HTTP/1.1" 200 458161
180.76.5.149 - - [02/May/2015:00:37:53 -0500] "GET /BLA/boletinlegal;jsessionid=A4D075AD37D1D1923F1EE9CB024BEA18?/? HTTP/1.1" 404 1018
188.165.15.138 - - [02/May/2015:00:37:54 -0500] "GET /BLA/resoluciones/RESOLUCIONES%202004/RES%202004%20951-1000/00000955.tif HTTP/1.1" 200 50400
186.113.10.143 - - [02/May/2015:00:37:55 -0500] "GET /galeria/nivo-slider/demo/images/redes_sociales.jpg HTTP/1.1" 304 -
180.76.6.44 - - [02/May/2015:00:38:10 -0500] "GET /BLA/boletinlegal;jsessionid=2776782AD81253DE5413174A4A01CD2C?/? HTTP/1.1" 404 1018
180.76.5.80 - - [02/May/2015:00:38:27 -0500] "GET /BLA/resoluciones/AUTOS%202009/0405.pdf HTTP/1.1" 200 79535
100.43.90.13 - - [02/May/2015:00:38:42 -0500] "GET /portalsiaccapacitaciones/Listas%20de%20Asistencia%202014/Lista%20de%20Asisetncia%20Sesi%F3n%2016.%20Compras%20Verdes%2010-12-15.pdf HTTP/1.1" 403 1007
180.76.6.49 - - [02/May/2015:00:38:44 -0500] "GET /BLA/boletinlegal;jsessionid=C50C77FD8880E62802E30EB34A5BEF85?/? HTTP/1.1" 404 1018
66.249.67.76 - - [02/May/2015:00:38:56 -0500] "GET /BLA/resoluciones/RESOLUCIONES%202007/RES%202007%202401%20AL%202500/RESOLUCION%202436%20DE%202007.pdf HTTP/1.1" 304 -
180.76.5.194 - - [02/May/2015:00:39:02 -0500] "GET /BLA/boletinlegal;jsessionid=CB5F656E88934EE7573852AD0DE05F7B?/? HTTP/1.1" 404 1018
180.76.6.48 - - [02/May/2015:00:39:19 -0500] "GET /BLA/resoluciones/AUTOS%202014/6252.pdf HTTP/1.1" 200 421413
180.76.6.147 - - [02/May/2015:00:39:36 -0500] "GET /BLA/boletinlegal;jsessionid=DA0653E393445A08FEF667E2DE30EBF5?/? HTTP/1.1" 404 1018
66.249.67.84 - - [02/May/2015:00:39:46 -0500] "GET /BLA/resoluciones/RESOLUCIONES%202005/RES%202005%2051-100/00000056.tif HTTP/1.1" 304 -
180.76.6.29 - - [02/May/2015:00:39:54 -0500] "GET /BLA/boletinlegal;jsessionid=F2B9FFFFBC7604F9FD9BFA9BE80F4736?/? HTTP/1.1" 404 1018
66.249.67.84 - - [02/May/2015:00:39:56 -0500] "GET /BLA/resoluciones/RESOLUCIONES%202010/6306.pdf HTTP/1.1" 200 8721922
188.165.15.138 - - [02/May/2015:00:40:05 -0500] "GET /BLA/resoluciones/RESOLUCIONES%202003/RES%202003%201951-2000/00001994.tif HTTP/1.1" 200 121624
180.76.6.52 - - [02/May/2015:00:40:28 -0500] "GET /BLA/boletinlegal;jsessionid=D32610188BD28128C617D970C9292CE1?/? HTTP/1.1" 404 1018
188.165.15.138 - - [02/May/2015:00:40:33 -0500] "GET /BLA/resoluciones/RESOLUCIONES%202003/RES%202003%20951-1000/977.tif HTTP/1.1" 200 109460
180.76.5.172 - - [02/May/2015:00:40:45 -0500] "GET /BLA/boletinlegal;jsessionid=EFF78508296024AA1EF4A49469E69FAF?/? HTTP/1.1" 404 1018
180.76.6.144 - - [02/May/2015:00:41:03 -0500] "GET /BLA/boletinlegal;jsessionid=AC694EC6BCB9411B515558FE14215B51?/? HTTP/1.1" 404 1018
180.76.6.148 - - [02/May/2015:00:41:20 -0500] "GET /BLA/boletinlegal;jsessionid=B93FD06943C127092BD833FF1CC0E503?/? HTTP/1.1" 404 1018
180.76.5.78 - - [02/May/2015:00:41:37 -0500] "GET /BLA/boletinlegal;jsessionid=EA981988C86FDC0195E661C00E45D48A?/? HTTP/1.1" 404 1018
66.249.67.68 - - [02/May/2015:00:41:44 -0500] "GET /BLA/resoluciones/RESOLUCIONES%202011/3950.pdf HTTP/1.1" 200 793603
185.10.104.194 - - [02/May/2015:00:41:55 -0500] "GET /BLA/boletinlegal;jsessionid=8C2323B1B0FFC5CC8013914F6274EDAE?/? HTTP/1.1" 404 1018
66.249.67.76 - - [02/May/2015:00:41:58 -0500] "GET /BLA/resoluciones/RESOLUCIONES%202011/3919.pdf HTTP/1.1" 200 518158
74.86.158.107 - - [02/May/2015:00:42:12 -0500] "HEAD / HTTP/1.1" 200 -
180.76.6.29 - - [02/May/2015:00:42:12 -0500] "GET /BLA/boletinlegal;jsessionid=538AD70A26EE635DDF98E2E1B75F273A?/? HTTP/1.1" 404 1018
157.55.39.49 - - [02/May/2015:00:42:13 -0500] "GET /formas/frlr.doc HTTP/1.1" 404 1019
152.61.193.99 - - [02/May/2015:00:42:28 -0500] "HEAD / HTTP/1.1" 200 -
152.61.193.99 - - [02/May/2015:00:42:28 -0500] "GET /arcgis/services/Calidad_del_Agua_WQI/MapServer/WMSServer?SERVICE=WMS&REQUEST=GetCapabilities HTTP/1.1" 200 32135
180.76.6.40 - - [02/May/2015:00:42:29 -0500] "GET /BLA/boletinlegal;jsessionid=85230D554A5215E1AF23EEE05762D996?/? HTTP/1.1" 404 1018
152.61.193.99 - - [02/May/2015:00:42:29 -0500] "GET /arcgis/services/Calidad_del_Agua_WQI/MapServer/WMSServer?SERVICE=WMS&REQUEST=GetCapabilities HTTP/1.1" 200 32135
152.61.193.99 - - [02/May/2015:00:42:29 -0500] "GET /arcgis/services/Calidad_del_Agua_WQI/MapServer/WMSServer?SERVICE=WMS&REQUEST=GetCapabilities HTTP/1.1" 200 32135
152.61.193.99 - - [02/May/2015:00:42:30 -0500] "GET /arcgis/services/Calidad_del_Agua_WQI/MapServer/WMSServer?SERVICE=WMS&REQUEST=GetCapabilities HTTP/1.1" 200 32135
152.61.193.99 - - [02/May/2015:00:42:31 -0500] "GET /arcgis/services/Calidad_del_Agua_WQI/MapServer/WMSServer?VERSION=1.1.1&REQUEST=GetMap&LAYERS=0&SRS=EPSG:4326&BBOX=-74.473395,3.674381,-73.963300,4.920569&WIDTH=250&HEIGHT=250&FORMAT=image/bmp&STYLES=& HTTP/1.1" 200 188054
180.76.5.150 - - [02/May/2015:00:42:46 -0500] "GET /BLA/boletinlegal;jsessionid=BD4A56695388C9C4C5B027AAB95A8419?/? HTTP/1.1" 404 1018
180.76.6.133 - - [02/May/2015:00:43:04 -0500] "GET /BLA/boletinlegal;jsessionid=C46BD35DA4C80FBE0F1B221956B57D55?/? HTTP/1.1" 404 1018
180.76.6.36 - - [02/May/2015:00:43:21 -0500] "GET /BLA/resoluciones/RESOLUCIONES%202008/2310.pdf HTTP/1.1" 200 358104
180.76.5.176 - - [02/May/2015:00:43:38 -0500] "GET /BLA/resoluciones/RESOLUCIONES%202010/1309.pdf HTTP/1.1" 200 114662
189.38.90.131 - - [02/May/2015:00:43:44 -0500] "GET /old/wp-admin/ HTTP/1.1" 404 1018
66.249.67.84 - - [02/May/2015:00:43:55 -0500] "GET /BLA/resoluciones/RESOLUCIONES%202007/RES%202007%203701%20AL%203800/RESOLUCION%203701%20DE%202007.pdf HTTP/1.1" 200 585358
180.76.6.232 - - [02/May/2015:00:43:56 -0500] "GET /BLA/resoluciones/AUTOS%202013/0694.pdf HTTP/1.1" 200 973244
186.84.17.22 - - [02/May/2015:00:44:11 -0500] "GET /galeria/galeria/jquery.fancybox.css?v=2.1.5 HTTP/1.1" 200 4895
186.84.17.22 - - [02/May/2015:00:44:11 -0500] "GET /BLA/boletinlegal/js/jquery.scrollShow.js HTTP/1.1" 200 4586
186.84.17.22 - - [02/May/2015:00:44:11 -0500] "GET /BLA/boletinlegal/js/jquery.scrollTo-min.js HTTP/1.1" 200 1150
186.84.17.22 - - [02/May/2015:00:44:11 -0500] "GET /galeria/galeria/jquery.fancybox.js?v=2.1.5 HTTP/1.1" 200 48706
180.76.5.188 - - [02/May/2015:00:44:16 -0500] "GET /BLA/boletinlegal;jsessionid=56A8D0AFB6FF539A969FADAFDDF3E9F7?/? HTTP/1.1" 404 1018
180.76.6.41 - - [02/May/2015:00:44:30 -0500] "GET /BLA/boletinlegal;jsessionid=A24C012BA0E5A19746BA876DB75F3872?/? HTTP/1.1" 404 1018
180.76.5.60 - - [02/May/2015:00:44:47 -0500] "GET /BLA/boletinlegal;jsessionid=058F6AC8224AA77A830669049F7F59D4?/? HTTP/1.1" 404 1018
207.46.13.117 - - [02/May/2015:00:44:53 -0500] "GET /dama/libreria/php/frame_detalle.php?h_id=783 HTTP/1.1" 404 1019
66.249.67.84 - - [02/May/2015:00:45:04 -0500] "GET /BLA/resoluciones/AUTOS%202007/1536.pdf HTTP/1.1" 200 182603
180.76.6.149 - - [02/May/2015:00:45:05 -0500] "GET /BLA/resoluciones/RESOLUCIONES%202007/RES%202007%201901%20AL%202000/RESOLUCION%201990%20DE%202007.pdf HTTP/1.1" 200 142110
180.76.5.195 - - [02/May/2015:00:45:22 -0500] "GET /BLA/resoluciones/RESOLUCIONES%202010/2347.pdf HTTP/1.1" 200 351220
178.137.19.143 - - [02/May/2015:00:45:38 -0500] "GET / HTTP/1.1" 200 10190
188.165.15.138 - - [02/May/2015:00:46:01 -0500] "GET /BLA/resoluciones/RESOLUCIONES%202005/RES%202005%20901-950/00000947.tif HTTP/1.1" 200 166970
180.76.5.95 - - [02/May/2015:00:46:23 -0500] "GET /BLA/boletinlegal;jsessionid=9FBC5ABD45EBFB037C6B351FAA4E9404?/? HTTP/1.1" 404 1018
188.165.15.138 - - [02/May/2015:00:46:23 -0500] "GET /BLA/resoluciones/RESOLUCIONES%202004/RES%202004%20701-750/00000746.tif HTTP/1.1" 200 719188
180.76.5.18 - - [02/May/2015:00:46:40 -0500] "GET /BLA/boletinlegal;jsessionid=FACA195C8FAE28A88DBF2D65E4EB34B0?/? HTTP/1.1" 404 1018
191.111.112.191 - - [02/May/2015:00:46:44 -0500] "GET /BLA/resoluciones/RESOLUCIONES%202010/7460.pdf HTTP/1.1" 200 327546
180.76.6.40 - - [02/May/2015:00:46:58 -0500] "GET /BLA/resoluciones/AUTOS%202011/1821.pdf HTTP/1.1" 200 232027
188.165.15.138 - - [02/May/2015:00:47:12 -0500] "GET /BLA/resoluciones/AUTOS%202006/AUTOS%202006%201501%20-%201600/00001581.tif HTTP/1.1" 200 53080
180.76.5.61 - - [02/May/2015:00:47:15 -0500] "GET /BLA/resoluciones/AUTOS%202010/4424.pdf HTTP/1.1" 200 142755
207.46.13.35 - - [02/May/2015:00:47:26 -0500] "GET /sinmi1/Thumbs.db HTTP/1.1" 404 1019
180.76.5.173 - - [02/May/2015:00:47:32 -0500] "GET /BLA/resoluciones/AUTOS%202009/0039.pdf HTTP/1.1" 200 102626
180.76.6.28 - - [02/May/2015:00:47:49 -0500] "GET /BLA/boletinlegal;jsessionid=B1D9AA7FF7A75939F3495EC5A70E438C?/? HTTP/1.1" 404 1018
188.165.15.138 - - [02/May/2015:00:47:52 -0500] "GET /BLA/resoluciones/RESOLUCIONES%202006/RES%202006%20151-200/00000157.tif HTTP/1.1" 200 180770
190.24.31.194 - - [02/May/2015:00:48:05 -0500] "GET /BLA/boletinlegal/js/jquery.scrollTo-min.js HTTP/1.1" 200 1150
190.24.31.194 - - [02/May/2015:00:48:05 -0500] "GET /BLA/boletinlegal/js/jquery.scrollShow.js HTTP/1.1" 200 4586
190.24.31.194 - - [02/May/2015:00:48:05 -0500] "GET /galeria/galeria/jquery.fancybox.js?v=2.1.5 HTTP/1.1" 200 48706
190.24.31.194 - - [02/May/2015:00:48:05 -0500] "GET /galeria/galeria/jquery.fancybox.css?v=2.1.5 HTTP/1.1" 200 4895
180.76.6.36 - - [02/May/2015:00:48:07 -0500] "GET /BLA/boletinlegal;jsessionid=1A8AE139AC264C144AB652D5C70A7FF8?/? HTTP/1.1" 404 1018
190.24.31.194 - - [02/May/2015:00:48:11 -0500] "GET /BLA/boletinlegal/js/jquery.scrollTo-min.js HTTP/1.1" 200 1150
190.24.31.194 - - [02/May/2015:00:48:11 -0500] "GET /BLA/boletinlegal/js/jquery.scrollShow.js HTTP/1.1" 200 4586
190.24.31.194 - - [02/May/2015:00:48:11 -0500] "GET /galeria/galeria/jquery.fancybox.js?v=2.1.5 HTTP/1.1" 200 48706
190.24.31.194 - - [02/May/2015:00:48:11 -0500] "GET /galeria/galeria/jquery.fancybox.css?v=2.1.5 HTTP/1.1" 200 4895
180.76.6.135 - - [02/May/2015:00:48:24 -0500] "GET /BLA/boletinlegal;jsessionid=2953FC84C67BF00B019301DA2CD8FA55?/? HTTP/1.1" 404 1018
180.76.5.192 - - [02/May/2015:00:48:42 -0500] "GET /BLA/boletinlegal;jsessionid=82592A8E0A7CE7C58960085872EDDEFC?/? HTTP/1.1" 404 1018
207.46.13.117 - - [02/May/2015:00:48:43 -0500] "GET /formas/arbol.pdf HTTP/1.1" 404 1019
180.76.5.65 - - [02/May/2015:00:48:59 -0500] "GET /BLA/resoluciones/RESOLUCIONES%202009/8392.pdf HTTP/1.1" 200 371512
207.46.13.35 - - [02/May/2015:00:49:23 -0500] "GET /dama/libreria/xls/tramites/12.xls HTTP/1.1" 404 1019
207.46.13.35 - - [02/May/2015:00:49:24 -0500] "GET /dama/libreria/php/decide.php?patron=03.1305020113&numm=13 HTTP/1.1" 404 1019
180.76.5.196 - - [02/May/2015:00:49:25 -0500] "GET /BLA/resoluciones/AUTOS%202009/3261.pdf HTTP/1.1" 200 221938
180.76.6.36 - - [02/May/2015:00:49:34 -0500] "GET /BLA/resoluciones/AUTOS%202009/2069.pdf HTTP/1.1" 200 100325
180.76.6.150 - - [02/May/2015:00:49:55 -0500] "GET /BLA/resoluciones/AUTOS%202010/5410.pdf HTTP/1.1" 200 1738294
66.249.67.68 - - [02/May/2015:00:50:11 -0500] "GET /BLA/resoluciones/AUTOS%202011/3223.pdf HTTP/1.1" 200 295785
201.245.192.253 - - [02/May/2015:00:50:23 -0500] "GET /BLA/boletinlegal/js/jquery.scrollTo-min.js HTTP/1.1" 200 1150
201.245.192.253 - - [02/May/2015:00:50:23 -0500] "GET /galeria/galeria/jquery.fancybox.js?v=2.1.5 HTTP/1.1" 200 48706
201.245.192.253 - - [02/May/2015:00:50:23 -0500] "GET /BLA/boletinlegal/js/jquery.scrollShow.js HTTP/1.1" 200 4586
201.245.192.253 - - [02/May/2015:00:50:23 -0500] "GET /galeria/galeria/jquery.fancybox.css?v=2.1.5 HTTP/1.1" 200 4895
201.245.192.253 - - [02/May/2015:00:50:23 -0500] "GET /galeria/carrusel/Carrusel/jquery.thumbnailScroller.css HTTP/1.1" 200 2066
201.245.192.253 - - [02/May/2015:00:50:23 -0500] "GET /galeria/carrusel/Carrusel/jquery-ui-1.8.13.custom.min.js HTTP/1.1" 200 10800
201.245.192.253 - - [02/May/2015:00:50:23 -0500] "GET /galeria/carrusel/Carrusel/jquery.thumbnailScroller.js HTTP/1.1" 200 8157
201.245.192.253 - - [02/May/2015:00:50:26 -0500] "GET /galeria/nivo-slider/demo/demo.html HTTP/1.1" 200 4065
201.245.192.253 - - [02/May/2015:00:50:27 -0500] "GET /galeria/nivo-slider/themes/pascal/pascal.css HTTP/1.1" 200 2258
201.245.192.253 - - [02/May/2015:00:50:27 -0500] "GET /galeria/nivo-slider/themes/default/default.css HTTP/1.1" 200 1569
201.245.192.253 - - [02/May/2015:00:50:27 -0500] "GET /galeria/nivo-slider/nivo-slider.css HTTP/1.1" 200 1507
201.245.192.253 - - [02/May/2015:00:50:27 -0500] "GET /galeria/nivo-slider/themes/orman/orman.css HTTP/1.1" 200 2152
201.245.192.253 - - [02/May/2015:00:50:27 -0500] "GET /galeria/nivo-slider/demo/style.css HTTP/1.1" 200 2222
201.245.192.253 - - [02/May/2015:00:50:27 -0500] "GET /galeria/nivo-slider/demo/scripts/jquery-1.7.1.min.js HTTP/1.1" 200 93868
201.245.192.253 - - [02/May/2015:00:50:27 -0500] "GET /galeria/nivo-slider/jquery.nivo.slider.pack.js HTTP/1.1" 200 11561
201.245.192.253 - - [02/May/2015:00:50:27 -0500] "GET /galeria/nivo-slider/demo/images/9Signos.jpg HTTP/1.1" 200 81776
201.245.192.253 - - [02/May/2015:00:50:27 -0500] "GET /galeria/nivo-slider/demo/images/slider-cruz-de-mayo2015.jpg HTTP/1.1" 200 62104
201.245.192.253 - - [02/May/2015:00:50:27 -0500] "GET /galeria/nivo-slider/demo/images/acuerdo_569.jpg HTTP/1.1" 200 62670
201.245.192.253 - - [02/May/2015:00:50:27 -0500] "GET /galeria/nivo-slider/demo/images/convocatoriaConsejoConsultivo.jpg HTTP/1.1" 200 147494
201.245.192.253 - - [02/May/2015:00:50:28 -0500] "GET /galeria/nivo-slider/demo/images/Licitaciones-proyecto-paramo.jpg HTTP/1.1" 200 221877
201.245.192.253 - - [02/May/2015:00:50:29 -0500] "GET /galeria/nivo-slider/demo/images/Banner-decreto1299.jpg HTTP/1.1" 200 182613
201.245.192.253 - - [02/May/2015:00:50:31 -0500] "GET /galeria/nivo-slider/demo/images/Banner-Directorio.jpg HTTP/1.1" 200 182068
201.245.192.253 - - [02/May/2015:00:50:35 -0500] "GET /galeria/nivo-slider/demo/images/Ruta-vertimientos-01.jpg HTTP/1.1" 200 130151
201.245.192.253 - - [02/May/2015:00:50:36 -0500] "GET /galeria/nivo-slider/demo/images/bolsas-06.jpg HTTP/1.1" 200 90982
201.245.192.253 - - [02/May/2015:00:50:37 -0500] "GET /galeria/nivo-slider/demo/images/redes_sociales.jpg HTTP/1.1" 200 415652
201.245.192.253 - - [02/May/2015:00:50:38 -0500] "GET /galeria/nivo-slider/demo/images/Conoce-los-humedales.jpg HTTP/1.1" 200 294036
201.245.192.253 - - [02/May/2015:00:50:40 -0500] "GET /galeria/nivo-slider/demo/images/ecolecta-Dic2014.png HTTP/1.1" 200 288593
201.245.192.253 - - [02/May/2015:00:50:40 -0500] "GET /galeria/nivo-slider/demo/images/porloshumedales.jpg HTTP/1.1" 200 351238
201.245.192.253 - - [02/May/2015:00:50:42 -0500] "GET /galeria/nivo-slider/demo/images/banner-llantas2.jpg HTTP/1.1" 200 73153
201.245.192.253 - - [02/May/2015:00:50:43 -0500] "GET /galeria/nivo-slider/demo/images/4Simple_Slider.png HTTP/1.1" 200 11722
201.245.192.253 - - [02/May/2015:00:50:43 -0500] "GET /galeria/nivo-slider/themes/default/loading.gif HTTP/1.1" 200 1737
201.245.192.253 - - [02/May/2015:00:50:44 -0500] "GET /galeria/nivo-slider/demo/images/bolsas-08.jpg HTTP/1.1" 200 85589
201.245.192.253 - - [02/May/2015:00:50:50 -0500] "GET /galeria/nivo-slider/demo/images/Tingua-azul.jpg HTTP/1.1" 200 307638
199.21.99.202 - - [02/May/2015:00:50:53 -0500] "GET /portalsiaccapacitaciones/Listas%20de%20Asistencia%202014/Lista%20de%20Asistencia%20Sesi%F3n%209.%20Residuos%20Especiales%2030-09-14.pdf HTTP/1.1" 403 1007
201.245.192.253 - - [02/May/2015:00:50:59 -0500] "GET /galeria/nivo-slider/themes/default/arrows.png HTTP/1.1" 200 824
201.245.192.253 - - [02/May/2015:00:50:59 -0500] "GET /galeria/nivo-slider/themes/default/bullets.png HTTP/1.1" 200 1281
180.76.6.54 - - [02/May/2015:00:51:02 -0500] "GET /BLA/resoluciones/RESOLUCIONES%202008/1090.pdf HTTP/1.1" 200 186906
66.249.67.76 - - [02/May/2015:00:51:02 -0500] "GET /BLA/resoluciones/RESOLUCIONES%202005/RES%202005%2051-100/00000071.tif HTTP/1.1" 304 -
180.76.5.76 - - [02/May/2015:00:51:18 -0500] "GET /BLA/resoluciones/AUTOS%202011/1423.pdf HTTP/1.1" 200 155567
188.165.15.138 - - [02/May/2015:00:51:25 -0500] "GET /BLA/resoluciones/RESOLUCIONES%202002/RES%202002%201701-1750/20021750.tif HTTP/1.1" 200 42578
180.76.5.149 - - [02/May/2015:00:51:36 -0500] "GET /BLA/resoluciones/AUTOS%202013/2008.pdf HTTP/1.1" 200 315535
190.160.222.49 - - [02/May/2015:00:51:40 -0500] "GET /galeria/galeria/jquery.fancybox.css?v=2.1.5 HTTP/1.1" 200 4895
190.160.222.49 - - [02/May/2015:00:51:40 -0500] "GET /galeria/carrusel/Carrusel/jquery.thumbnailScroller.css HTTP/1.1" 200 2066
190.160.222.49 - - [02/May/2015:00:51:40 -0500] "GET /BLA/boletinlegal/js/jquery.scrollShow.js HTTP/1.1" 200 4586
