186.155.113.50 - - [04/May/2015:05:32:49 -0500] "GET /BLA/resoluciones/RESOLUCIONES%202007/RES%202007%202801%20AL%202900/RESOLUCION%202817%20DE%202007.pdf HTTP/1.1" 200 484373
186.155.113.50 - - [04/May/2015:05:32:49 -0500] "GET /favicon.ico HTTP/1.1" 200 7782
186.155.113.50 - - [04/May/2015:05:32:50 -0500] "GET /BLA/resoluciones/RESOLUCIONES%202007/RES%202007%202801%20AL%202900/RESOLUCION%202817%20DE%202007.pdf HTTP/1.1" 206 32768
186.155.113.50 - - [04/May/2015:05:32:51 -0500] "GET /BLA/resoluciones/RESOLUCIONES%202007/RES%202007%202801%20AL%202900/RESOLUCION%202817%20DE%202007.pdf HTTP/1.1" 206 451605
180.76.5.59 - - [04/May/2015:05:32:55 -0500] "GET /BLA/boletinlegal/;jsessionid=DEB0DD6EFBF0B7A1F8E6D9567E69E6AF? HTTP/1.1" 404 1018
180.76.5.177 - - [04/May/2015:05:33:12 -0500] "GET /BLA/boletinlegal;jsessionid=A2D9701B3D771BD4FB31AC8362F7FD82?/? HTTP/1.1" 404 1018
180.76.5.154 - - [04/May/2015:05:33:29 -0500] "GET /BLA/boletinlegal;jsessionid=115D5A645D651CF9D4D7D1D307091EFD?/? HTTP/1.1" 404 1018
188.165.15.138 - - [04/May/2015:05:33:44 -0500] "GET /BLA/resoluciones/RESOLUCIONES%202004/RES%202004%20801-850/00000843.tif HTTP/1.1" 200 9222
180.76.5.146 - - [04/May/2015:05:33:47 -0500] "GET /BLA/boletinlegal;jsessionid=646767C5A15A15E8BC88B6E81DC5C187?/? HTTP/1.1" 404 1018
66.249.67.76 - - [04/May/2015:05:33:55 -0500] "GET /Residuos/vehiculos/files/search/search24.xml HTTP/1.1" 404 1018
180.76.6.154 - - [04/May/2015:05:34:04 -0500] "GET /BLA/boletinlegal;jsessionid=67CA3DDF5E2A65F562ED18B63E845870?/? HTTP/1.1" 404 1018
180.76.5.95 - - [04/May/2015:05:34:21 -0500] "GET /BLA/boletinlegal;jsessionid=0A934AF01DCB7B7E63C92FC84D5A9032?/? HTTP/1.1" 404 1018
207.46.13.66 - - [04/May/2015:05:34:28 -0500] "GET /formas/as6.doc HTTP/1.1" 404 1019
180.76.5.71 - - [04/May/2015:05:34:38 -0500] "GET /BLA/boletinlegal;jsessionid=0CF599FF71AB432E2A4DDB94239AD10C?/? HTTP/1.1" 404 1018
67.192.46.12 - - [04/May/2015:05:34:55 -0500] "GET /wordpress/wp-admin/ HTTP/1.1" 404 1018
180.76.6.136 - - [04/May/2015:05:34:56 -0500] "GET /BLA/boletinlegal;jsessionid=2829580458D3DBBF88A791FC9296FDF7?/? HTTP/1.1" 404 1018
74.86.158.107 - - [04/May/2015:05:35:13 -0500] "HEAD / HTTP/1.1" 200 -
180.76.5.64 - - [04/May/2015:05:35:13 -0500] "GET /BLA/boletinlegal;jsessionid=463E9BDE62625A8D7F38199863A31784?/? HTTP/1.1" 404 1018
180.76.6.61 - - [04/May/2015:05:35:30 -0500] "GET /BLA/boletinlegal;jsessionid=6F05BD6C2EF98EC70E70A3C531BC04DF?/? HTTP/1.1" 404 1018
66.249.67.84 - - [04/May/2015:05:35:33 -0500] "GET /BLA/resoluciones/AUTOS%202007/2197.pdf HTTP/1.1" 304 -
188.165.15.138 - - [04/May/2015:05:35:46 -0500] "GET /BLA/resoluciones/index.php?dir=RESOLUCIONES%202006/RES%202006%201251-1300/&sort=size&order=desc HTTP/1.1" 200 12367
180.76.5.77 - - [04/May/2015:05:35:48 -0500] "GET /BLA/boletinlegal;jsessionid=30945AB04F8207234C33E6DD37E86207?/? HTTP/1.1" 404 1018
180.76.6.144 - - [04/May/2015:05:36:05 -0500] "GET /BLA/resoluciones/AUTOS%202012/1788.pdf HTTP/1.1" 200 1087610
188.165.15.138 - - [04/May/2015:05:36:21 -0500] "GET /BLA/resoluciones/index.php?dir=RESOLUCIONES%202003/RES%202003%201701-1750/&sort=name&order=desc HTTP/1.1" 200 12146
180.76.5.197 - - [04/May/2015:05:36:22 -0500] "GET /BLA/boletinlegal;jsessionid=ACE3B8C49F5B5257F6F65907B877CF8D?/? HTTP/1.1" 404 1018
207.46.13.17 - - [04/May/2015:05:36:37 -0500] "GET /Metadatos_final_2014/?C=N;O=D HTTP/1.1" 200 3490
180.76.6.143 - - [04/May/2015:05:36:39 -0500] "GET /BLA/boletinlegal;jsessionid=34C5F0F590C207CD2CD1189D3F6A6E11?/? HTTP/1.1" 404 1018
180.76.6.40 - - [04/May/2015:05:36:57 -0500] "GET /BLA/boletinlegal;jsessionid=4B1DB2EE864103317BB4DF2B4E790FC1?/? HTTP/1.1" 404 1018
64.76.213.197 - - [04/May/2015:05:37:05 -0500] "GET /galeria/nivo-slider/demo/images/Banner-semana-santa.jpg HTTP/1.1" 304 -
180.76.5.175 - - [04/May/2015:05:37:14 -0500] "GET /BLA/boletinlegal;jsessionid=CF84F0C99A14C93209B2F1F2054666F3?/? HTTP/1.1" 404 1018
188.165.15.138 - - [04/May/2015:05:37:24 -0500] "GET /BLA/resoluciones/RESOLUCIONES%202006/RES%202006%201101-1150/00001150.tif HTTP/1.1" 200 218262
180.76.5.168 - - [04/May/2015:05:37:31 -0500] "GET /BLA/boletinlegal;jsessionid=394EF2CEB054B851E87C52244A0DB014?/? HTTP/1.1" 404 1018
180.76.6.213 - - [04/May/2015:05:37:49 -0500] "GET /BLA/boletinlegal;jsessionid=3C698A44289F559BA5785FC81BD5D7B8?/? HTTP/1.1" 404 1018
188.165.15.138 - - [04/May/2015:05:37:53 -0500] "GET /BLA/resoluciones/RESOLUCIONES%202005/RES%202005%20851-900/00000866.tif HTTP/1.1" 200 134184
180.76.5.176 - - [04/May/2015:05:38:06 -0500] "GET /BLA/boletinlegal;jsessionid=81D09E12298D81048B2BF5F3E6E7027E?/? HTTP/1.1" 404 1018
180.76.6.133 - - [04/May/2015:05:38:23 -0500] "GET /BLA/boletinlegal;jsessionid=F2D97752CF1074AB36655EE8A2E85FF9?/? HTTP/1.1" 404 1018
66.249.67.76 - - [04/May/2015:05:38:40 -0500] "GET /BLA/resoluciones/RESOLUCIONES%202013/0936.pdf HTTP/1.1" 304 -
180.76.5.176 - - [04/May/2015:05:38:40 -0500] "GET /BLA/boletinlegal;jsessionid=83B958D6BD243440B26D3AF227F17110?/? HTTP/1.1" 404 1018
66.249.67.84 - - [04/May/2015:05:38:42 -0500] "GET /BLA/resoluciones/RESOLUCIONES%202005/RES%202005%201301-1350/00001342.tif HTTP/1.1" 304 -
186.30.97.9 - - [04/May/2015:05:38:55 -0500] "GET /BLA/boletinlegal/js/jquery.scrollTo-min.js HTTP/1.1" 200 1150
186.30.97.9 - - [04/May/2015:05:38:55 -0500] "GET /BLA/boletinlegal/js/jquery.scrollShow.js HTTP/1.1" 200 4586
186.30.97.9 - - [04/May/2015:05:38:56 -0500] "GET /galeria/galeria/jquery.fancybox.css?v=2.1.5 HTTP/1.1" 200 4895
186.30.97.9 - - [04/May/2015:05:38:56 -0500] "GET /galeria/galeria/jquery.fancybox.js?v=2.1.5 HTTP/1.1" 200 48706
180.76.5.71 - - [04/May/2015:05:38:58 -0500] "GET /BLA/boletinlegal;jsessionid=1250D6886E377E60F9EAF734D23987F9?/? HTTP/1.1" 404 1018
186.30.97.9 - - [04/May/2015:05:39:03 -0500] "GET /BLA/boletinlegal/js/jquery.scrollShow.js HTTP/1.1" 200 4586
186.30.97.9 - - [04/May/2015:05:39:03 -0500] "GET /BLA/boletinlegal/js/jquery.scrollTo-min.js HTTP/1.1" 200 1150
186.30.97.9 - - [04/May/2015:05:39:03 -0500] "GET /galeria/galeria/jquery.fancybox.css?v=2.1.5 HTTP/1.1" 200 4895
186.30.97.9 - - [04/May/2015:05:39:03 -0500] "GET /galeria/galeria/jquery.fancybox.js?v=2.1.5 HTTP/1.1" 200 48706
180.76.6.144 - - [04/May/2015:05:39:15 -0500] "GET /BLA/resoluciones/AUTOS%202012/2648.pdf HTTP/1.1" 200 219322
180.76.6.14 - - [04/May/2015:05:39:32 -0500] "GET /BLA/boletinlegal;jsessionid=F96BA2A0D891F22E8D14E03434D65A31?/? HTTP/1.1" 404 1018
180.76.5.195 - - [04/May/2015:05:39:50 -0500] "GET /BLA/boletinlegal;jsessionid=84B793B8A3F13F5E0903E6AA54D0ED5B?/? HTTP/1.1" 404 1018
207.46.13.117 - - [04/May/2015:05:40:00 -0500] "GET /BLA/boletinlegal/Circulares/2010/Circular%2002%20de%2025%20de%20febrero%20de%202010.pdf HTTP/1.1" 200 233254
180.76.6.58 - - [04/May/2015:05:40:07 -0500] "GET /BLA/boletinlegal;jsessionid=5FD77955F89F4D9A163B6A2268A11049?/? HTTP/1.1" 404 1018
74.86.158.107 - - [04/May/2015:05:40:13 -0500] "HEAD / HTTP/1.1" 200 -
180.76.6.46 - - [04/May/2015:05:40:24 -0500] "GET /BLA/resoluciones/AUTOS%202009/3215.pdf HTTP/1.1" 200 190289
180.76.5.81 - - [04/May/2015:05:40:41 -0500] "GET /BLA/boletinlegal;jsessionid=57EF1E46CE84EC7B0F297EED0468ACA0?/? HTTP/1.1" 404 1018
180.76.6.147 - - [04/May/2015:05:40:59 -0500] "GET /BLA/boletinlegal;jsessionid=5F4DEA0814B7EF49CC60717B894FDF31?/? HTTP/1.1" 404 1018
180.76.6.64 - - [04/May/2015:05:41:16 -0500] "GET /BLA/boletinlegal;jsessionid=4356726B533F302DDB673EBD316A3738?/? HTTP/1.1" 404 1018
188.165.15.138 - - [04/May/2015:05:41:16 -0500] "GET /BLA/resoluciones/RESOLUCIONES%202006/RES%202006%201001-1050/00001048.tif HTTP/1.1" 200 160916
66.249.67.112 - - [04/May/2015:05:41:27 -0500] "GET /BLA/boletinlegal/jurisprudencia/analisis/Analisis%20Sentencia%20T-1077,%202%20corregida.doc HTTP/1.1" 200 47616
180.76.5.18 - - [04/May/2015:05:41:33 -0500] "GET /BLA/boletinlegal;jsessionid=D8BFF287E1C43194B8BDF9932ADB3D43?/? HTTP/1.1" 404 1018
66.249.67.76 - - [04/May/2015:05:41:46 -0500] "GET /BLA/resoluciones/RESOLUCIONES%202009/9774.pdf HTTP/1.1" 200 389694
180.76.5.197 - - [04/May/2015:05:41:50 -0500] "GET /BLA/resoluciones/AUTOS%202012/1518.pdf HTTP/1.1" 200 606173
67.192.46.9 - - [04/May/2015:05:42:03 -0500] "GET /blog/wp-admin/ HTTP/1.1" 404 1018
180.76.5.173 - - [04/May/2015:05:42:08 -0500] "GET /BLA/boletinlegal;jsessionid=4BE399553DD584F3A60AD83301052DDF?/? HTTP/1.1" 404 1018
180.76.5.145 - - [04/May/2015:05:42:25 -0500] "GET /BLA/boletinlegal;jsessionid=9296BB5E070ABE85D635AC60F17D6FA6?/? HTTP/1.1" 404 1018
180.76.6.157 - - [04/May/2015:05:42:42 -0500] "GET /BLA/boletinlegal;jsessionid=2A192263B128836CFDC3F42CCF4BF911?/? HTTP/1.1" 404 1018
180.76.5.189 - - [04/May/2015:05:43:00 -0500] "GET /BLA/boletinlegal;jsessionid=689D446AB2387CEF77CA9942E75C9145?/? HTTP/1.1" 404 1018
180.76.6.37 - - [04/May/2015:05:43:17 -0500] "GET /BLA/boletinlegal;jsessionid=A99F5B04BA8A22582A480A06BBE6DD03?/? HTTP/1.1" 404 1018
176.227.202.166 - - [04/May/2015:05:43:20 -0500] "GET /webdav/x32.php?act=phptools&host=92.222.227.2&port=80&time=500 HTTP/1.1" 404 1018
180.76.6.40 - - [04/May/2015:05:43:34 -0500] "GET /BLA/boletinlegal;jsessionid=6E8584B5FBABAC296EAB5CDE44E00CB9?/? HTTP/1.1" 404 1018
180.76.5.26 - - [04/May/2015:05:43:51 -0500] "GET /BLA/boletinlegal;jsessionid=84CAB844839ED15F057CC485D8B11C29?/? HTTP/1.1" 404 1018
180.76.6.135 - - [04/May/2015:05:44:09 -0500] "GET /BLA/boletinlegal;jsessionid=1ED8E1341558613D43486C23AACDE822?/? HTTP/1.1" 404 1018
180.76.5.144 - - [04/May/2015:05:44:26 -0500] "GET /BLA/boletinlegal;jsessionid=0AB0879AAB911D5D1DD624C48D1A45F5?/? HTTP/1.1" 404 1018
180.76.6.37 - - [04/May/2015:05:44:43 -0500] "GET /BLA/boletinlegal;jsessionid=3AC66DDEAD7F1C68259E3D24E8A8ACED?/? HTTP/1.1" 404 1018
66.249.67.112 - - [04/May/2015:05:44:57 -0500] "GET /portalsiaccapacitaciones/Soportes%20Capacitaciones%20A%C3%B1o%202014/0094.%20Reciclat%C3%B3n%20%2010-09-14.pdf HTTP/1.1" 404 1019
180.76.6.143 - - [04/May/2015:05:45:01 -0500] "GET /BLA/boletinlegal;jsessionid=3055C37846371708B369EB611FC7E190?/? HTTP/1.1" 404 1018
74.86.158.107 - - [04/May/2015:05:45:13 -0500] "HEAD / HTTP/1.1" 200 -
180.76.6.231 - - [04/May/2015:05:45:18 -0500] "GET /BLA/boletinlegal;jsessionid=94D80BADB58CACF0CB8B4250CBD20C57?/? HTTP/1.1" 404 1018
207.46.13.66 - - [04/May/2015:05:45:28 -0500] "GET /dama/libreria/php/decide.php?patron=03.130804 HTTP/1.1" 404 1019
180.76.5.177 - - [04/May/2015:05:45:35 -0500] "GET /BLA/boletinlegal;jsessionid=1966DE71CBA92ED9D35636584B721BF1?/? HTTP/1.1" 404 1018
207.46.13.66 - - [04/May/2015:05:45:39 -0500] "GET /phpold/jaimedg/ HTTP/1.1" 404 1019
201.244.163.181 - - [04/May/2015:05:45:49 -0500] "GET /BLA/boletinlegal/js/jquery.scrollTo-min.js HTTP/1.1" 200 1150
201.244.163.181 - - [04/May/2015:05:45:49 -0500] "GET /BLA/boletinlegal/js/jquery.scrollShow.js HTTP/1.1" 200 4586
201.244.163.181 - - [04/May/2015:05:45:49 -0500] "GET /galeria/galeria/jquery.fancybox.js?v=2.1.5 HTTP/1.1" 200 48706
201.244.163.181 - - [04/May/2015:05:45:49 -0500] "GET /galeria/galeria/jquery.fancybox.css?v=2.1.5 HTTP/1.1" 200 4895
201.244.163.181 - - [04/May/2015:05:45:49 -0500] "GET /galeria/carrusel/Carrusel/jquery.thumbnailScroller.css HTTP/1.1" 200 2066
201.244.163.181 - - [04/May/2015:05:45:49 -0500] "GET /galeria/carrusel/Carrusel/jquery.thumbnailScroller.js HTTP/1.1" 200 8157
201.244.163.181 - - [04/May/2015:05:45:50 -0500] "GET /galeria/carrusel/Carrusel/jquery-ui-1.8.13.custom.min.js HTTP/1.1" 200 10800
201.244.163.181 - - [04/May/2015:05:45:51 -0500] "GET /galeria/nivo-slider/demo/demo.html HTTP/1.1" 200 4065
201.244.163.181 - - [04/May/2015:05:45:51 -0500] "GET /galeria/nivo-slider/themes/default/default.css HTTP/1.1" 200 1569
201.244.163.181 - - [04/May/2015:05:45:51 -0500] "GET /galeria/nivo-slider/themes/pascal/pascal.css HTTP/1.1" 200 2258
201.244.163.181 - - [04/May/2015:05:45:51 -0500] "GET /galeria/nivo-slider/themes/orman/orman.css HTTP/1.1" 200 2152
201.244.163.181 - - [04/May/2015:05:45:51 -0500] "GET /galeria/nivo-slider/nivo-slider.css HTTP/1.1" 200 1507
201.244.163.181 - - [04/May/2015:05:45:51 -0500] "GET /galeria/nivo-slider/demo/style.css HTTP/1.1" 200 2222
201.244.163.181 - - [04/May/2015:05:45:51 -0500] "GET /galeria/nivo-slider/demo/scripts/jquery-1.7.1.min.js HTTP/1.1" 200 93868
201.244.163.181 - - [04/May/2015:05:45:51 -0500] "GET /galeria/nivo-slider/jquery.nivo.slider.pack.js HTTP/1.1" 200 11561
201.244.163.181 - - [04/May/2015:05:45:51 -0500] "GET /galeria/nivo-slider/demo/images/9Signos.jpg HTTP/1.1" 200 81776
201.244.163.181 - - [04/May/2015:05:45:51 -0500] "GET /galeria/nivo-slider/demo/images/slider-cruz-de-mayo2015.jpg HTTP/1.1" 200 62104
201.244.163.181 - - [04/May/2015:05:45:51 -0500] "GET /galeria/nivo-slider/demo/images/acuerdo_569.jpg HTTP/1.1" 200 62670
201.244.163.181 - - [04/May/2015:05:45:51 -0500] "GET /galeria/nivo-slider/demo/images/convocatoriaConsejoConsultivo.jpg HTTP/1.1" 200 147494
201.244.163.181 - - [04/May/2015:05:45:52 -0500] "GET /galeria/nivo-slider/demo/images/Licitaciones-proyecto-paramo.jpg HTTP/1.1" 200 221877
180.76.6.42 - - [04/May/2015:05:45:52 -0500] "GET /BLA/boletinlegal;jsessionid=CD4DAFEA61535FB12DEE289E4204703D?/? HTTP/1.1" 404 1018
201.244.163.181 - - [04/May/2015:05:45:53 -0500] "GET /galeria/nivo-slider/demo/images/Banner-decreto1299.jpg HTTP/1.1" 200 182613
201.244.163.181 - - [04/May/2015:05:45:53 -0500] "GET /galeria/nivo-slider/demo/images/Banner-Directorio.jpg HTTP/1.1" 200 182068
201.244.163.181 - - [04/May/2015:05:45:54 -0500] "GET /galeria/nivo-slider/demo/images/Ruta-vertimientos-01.jpg HTTP/1.1" 200 130151
201.244.163.181 - - [04/May/2015:05:45:56 -0500] "GET /galeria/nivo-slider/demo/images/bolsas-06.jpg HTTP/1.1" 200 90982
201.244.163.181 - - [04/May/2015:05:45:56 -0500] "GET /galeria/nivo-slider/demo/images/bolsas-08.jpg HTTP/1.1" 200 85589
201.244.163.181 - - [04/May/2015:05:45:57 -0500] "GET /galeria/nivo-slider/demo/images/redes_sociales.jpg HTTP/1.1" 200 415652
201.244.163.181 - - [04/May/2015:05:45:58 -0500] "GET /galeria/nivo-slider/demo/images/Conoce-los-humedales.jpg HTTP/1.1" 200 294036
201.244.163.181 - - [04/May/2015:05:45:58 -0500] "GET /galeria/nivo-slider/demo/images/ecolecta-Dic2014.png HTTP/1.1" 200 288593
201.244.163.181 - - [04/May/2015:05:45:58 -0500] "GET /galeria/nivo-slider/demo/images/porloshumedales.jpg HTTP/1.1" 200 351238
201.244.163.181 - - [04/May/2015:05:45:59 -0500] "GET /galeria/nivo-slider/demo/images/banner-llantas2.jpg HTTP/1.1" 200 73153
201.244.163.181 - - [04/May/2015:05:45:59 -0500] "GET /galeria/nivo-slider/demo/images/4Simple_Slider.png HTTP/1.1" 200 11722
201.244.163.181 - - [04/May/2015:05:45:59 -0500] "GET /galeria/nivo-slider/themes/default/loading.gif HTTP/1.1" 200 1737
201.244.163.181 - - [04/May/2015:05:45:59 -0500] "GET /galeria/nivo-slider/demo/images/Tingua-azul.jpg HTTP/1.1" 200 307638
201.244.163.181 - - [04/May/2015:05:46:09 -0500] "GET /galeria/nivo-slider/themes/default/arrows.png HTTP/1.1" 200 824
201.244.163.181 - - [04/May/2015:05:46:09 -0500] "GET /galeria/nivo-slider/themes/default/bullets.png HTTP/1.1" 200 1281
180.76.5.150 - - [04/May/2015:05:46:10 -0500] "GET /BLA/resoluciones/AUTOS%202011/0958.pdf HTTP/1.1" 200 154963
190.165.167.252 - - [04/May/2015:05:46:23 -0500] "GET /BLA/boletinlegal/js/jquery.scrollTo-min.js HTTP/1.1" 200 1150
190.165.167.252 - - [04/May/2015:05:46:23 -0500] "GET /BLA/boletinlegal/js/jquery.scrollShow.js HTTP/1.1" 200 4586
190.165.167.252 - - [04/May/2015:05:46:23 -0500] "GET /galeria/galeria/jquery.fancybox.js?v=2.1.5 HTTP/1.1" 200 48706
190.165.167.252 - - [04/May/2015:05:46:23 -0500] "GET /galeria/galeria/jquery.fancybox.css?v=2.1.5 HTTP/1.1" 200 4895
180.76.6.133 - - [04/May/2015:05:46:27 -0500] "GET /BLA/boletinlegal;jsessionid=02A67CD0D021254EF8F75EAD6AE66FD2?/? HTTP/1.1" 404 1018
190.165.167.252 - - [04/May/2015:05:46:32 -0500] "GET /BLA/boletinlegal/js/jquery.scrollTo-min.js HTTP/1.1" 304 -
190.165.167.252 - - [04/May/2015:05:46:32 -0500] "GET /BLA/boletinlegal/js/jquery.scrollShow.js HTTP/1.1" 304 -
190.165.167.252 - - [04/May/2015:05:46:32 -0500] "GET /galeria/galeria/jquery.fancybox.js?v=2.1.5 HTTP/1.1" 304 -
190.165.167.252 - - [04/May/2015:05:46:33 -0500] "GET /galeria/galeria/jquery.fancybox.css?v=2.1.5 HTTP/1.1" 304 -
190.165.167.252 - - [04/May/2015:05:46:34 -0500] "GET /galeria/galeria/jquery.fancybox.js?v=2.1.5 HTTP/1.1" 304 -
180.76.5.192 - - [04/May/2015:05:46:44 -0500] "GET /BLA/boletinlegal;jsessionid=27C973E578DE251735A07ECD5463DD72?/? HTTP/1.1" 404 1018
180.76.5.21 - - [04/May/2015:05:47:02 -0500] "GET /BLA/boletinlegal;jsessionid=110DDBE11297810B530FF12E46EAB0FC?/? HTTP/1.1" 404 1018
180.76.6.45 - - [04/May/2015:05:47:19 -0500] "GET /BLA/boletinlegal;jsessionid=8628C6BCBB65F05EE33774F4EA2F165D?/? HTTP/1.1" 404 1018
207.46.13.117 - - [04/May/2015:05:47:23 -0500] "GET /phpold/reqcdp1.php HTTP/1.1" 404 1019
180.76.6.143 - - [04/May/2015:05:47:36 -0500] "GET /BLA/boletinlegal;jsessionid=5DF4C5F8009EA01B5A20CC8D4FCAAB88?/? HTTP/1.1" 404 1018
66.249.67.76 - - [04/May/2015:05:47:46 -0500] "GET /BLA/boletinlegal/js/jquery.scrollShow.js HTTP/1.1" 200 4586
66.249.67.76 - - [04/May/2015:05:47:46 -0500] "GET /BLA/boletinlegal/js/jquery.js HTTP/1.1" 200 57254
66.249.67.68 - - [04/May/2015:05:47:47 -0500] "GET /BLA/boletinlegal/js/jquery.scrollTo-min.js HTTP/1.1" 200 1150
180.76.6.142 - - [04/May/2015:05:47:54 -0500] "GET /BLA/boletinlegal/;jsessionid=5A0B1EAE867002FE9B4B766C2F4D6FD5? HTTP/1.1" 404 1018
66.249.67.76 - - [04/May/2015:05:48:08 -0500] "GET /portel_dama/libreria/pdf/pdf_entrenubes/a5.pdf HTTP/1.1" 404 1018
180.76.6.61 - - [04/May/2015:05:48:11 -0500] "GET /BLA/boletinlegal;jsessionid=9C02FC941C4A1A9BD71DC9FE61371A59?/? HTTP/1.1" 404 1018
186.87.204.34 - - [04/May/2015:05:48:11 -0500] "GET /BLA/boletinlegal/js/jquery.scrollTo-min.js HTTP/1.1" 200 1150
186.87.204.34 - - [04/May/2015:05:48:11 -0500] "GET /BLA/boletinlegal/js/jquery.scrollShow.js HTTP/1.1" 200 4586
186.87.204.34 - - [04/May/2015:05:48:11 -0500] "GET /galeria/galeria/jquery.fancybox.css?v=2.1.5 HTTP/1.1" 200 4895
186.87.204.34 - - [04/May/2015:05:48:11 -0500] "GET /galeria/galeria/jquery.fancybox.js?v=2.1.5 HTTP/1.1" 200 48706
188.165.15.138 - - [04/May/2015:05:48:14 -0500] "GET /BLA/resoluciones/RESOLUCIONES%202006/RES%202006%202551-2600/00002561.tif HTTP/1.1" 200 130186
186.87.204.34 - - [04/May/2015:05:48:22 -0500] "GET /BLA/boletinlegal/js/jquery.scrollTo-min.js HTTP/1.1" 304 -
186.87.204.34 - - [04/May/2015:05:48:22 -0500] "GET /galeria/galeria/jquery.fancybox.css?v=2.1.5 HTTP/1.1" 304 -
186.87.204.34 - - [04/May/2015:05:48:22 -0500] "GET /BLA/boletinlegal/js/jquery.scrollShow.js HTTP/1.1" 304 -
186.87.204.34 - - [04/May/2015:05:48:22 -0500] "GET /galeria/galeria/jquery.fancybox.js?v=2.1.5 HTTP/1.1" 304 -
180.76.5.169 - - [04/May/2015:05:48:28 -0500] "GET /BLA/boletinlegal;jsessionid=1A99AE7216AE52589468E3FA90C4B6C6?/? HTTP/1.1" 404 1018
190.66.108.23 - - [04/May/2015:05:48:33 -0500] "GET /BLA/boletinlegal/js/jquery.scrollTo-min.js HTTP/1.1" 200 1150
190.66.108.23 - - [04/May/2015:05:48:33 -0500] "GET /BLA/boletinlegal/js/jquery.scrollShow.js HTTP/1.1" 200 4586
190.66.108.23 - - [04/May/2015:05:48:33 -0500] "GET /galeria/galeria/jquery.fancybox.js?v=2.1.5 HTTP/1.1" 200 48706
190.66.108.23 - - [04/May/2015:05:48:33 -0500] "GET /galeria/galeria/jquery.fancybox.css?v=2.1.5 HTTP/1.1" 200 4895
190.66.108.23 - - [04/May/2015:05:48:34 -0500] "GET /galeria/carrusel/Carrusel/jquery.thumbnailScroller.css HTTP/1.1" 200 2066
190.66.108.23 - - [04/May/2015:05:48:34 -0500] "GET /galeria/carrusel/Carrusel/jquery-ui-1.8.13.custom.min.js HTTP/1.1" 200 10800
190.66.108.23 - - [04/May/2015:05:48:34 -0500] "GET /galeria/carrusel/Carrusel/jquery.thumbnailScroller.js HTTP/1.1" 200 8157
66.249.67.76 - - [04/May/2015:05:48:39 -0500] "GET /galeria/galeria/jquery.fancybox.css?v=2.1.5 HTTP/1.1" 200 4895
66.249.67.84 - - [04/May/2015:05:48:39 -0500] "GET /galeria/galeria/jquery.fancybox.js?v=2.1.5 HTTP/1.1" 200 48706
190.66.108.23 - - [04/May/2015:05:48:41 -0500] "GET /galeria/nivo-slider/demo/demo.html HTTP/1.1" 200 4065
190.66.108.23 - - [04/May/2015:05:48:42 -0500] "GET /galeria/nivo-slider/themes/default/default.css HTTP/1.1" 200 1569
190.66.108.23 - - [04/May/2015:05:48:42 -0500] "GET /galeria/nivo-slider/themes/pascal/pascal.css HTTP/1.1" 200 2258
190.66.108.23 - - [04/May/2015:05:48:42 -0500] "GET /galeria/nivo-slider/themes/orman/orman.css HTTP/1.1" 200 2152
190.66.108.23 - - [04/May/2015:05:48:42 -0500] "GET /galeria/nivo-slider/nivo-slider.css HTTP/1.1" 200 1507
190.66.108.23 - - [04/May/2015:05:48:42 -0500] "GET /galeria/nivo-slider/demo/style.css HTTP/1.1" 200 2222
190.66.108.23 - - [04/May/2015:05:48:42 -0500] "GET /galeria/nivo-slider/demo/images/9Signos.jpg HTTP/1.1" 200 81776
190.66.108.23 - - [04/May/2015:05:48:42 -0500] "GET /galeria/nivo-slider/demo/images/slider-cruz-de-mayo2015.jpg HTTP/1.1" 200 62104
190.66.108.23 - - [04/May/2015:05:48:43 -0500] "GET /galeria/nivo-slider/demo/images/acuerdo_569.jpg HTTP/1.1" 200 62670
190.66.108.23 - - [04/May/2015:05:48:43 -0500] "GET /galeria/nivo-slider/demo/images/convocatoriaConsejoConsultivo.jpg HTTP/1.1" 200 147494
190.66.108.23 - - [04/May/2015:05:48:43 -0500] "GET /galeria/nivo-slider/demo/images/Licitaciones-proyecto-paramo.jpg HTTP/1.1" 200 221877
190.66.108.23 - - [04/May/2015:05:48:43 -0500] "GET /galeria/nivo-slider/demo/images/Banner-decreto1299.jpg HTTP/1.1" 200 182613
190.66.108.23 - - [04/May/2015:05:48:44 -0500] "GET /galeria/nivo-slider/demo/images/Banner-Directorio.jpg HTTP/1.1" 200 182068
190.66.108.23 - - [04/May/2015:05:48:44 -0500] "GET /galeria/nivo-slider/demo/images/Ruta-vertimientos-01.jpg HTTP/1.1" 200 130151
190.66.108.23 - - [04/May/2015:05:48:45 -0500] "GET /galeria/nivo-slider/demo/images/bolsas-06.jpg HTTP/1.1" 200 90982
180.76.5.176 - - [04/May/2015:05:48:45 -0500] "GET /BLA/boletinlegal;jsessionid=6B19466AAE80002EE8DB42D407F511C3?/? HTTP/1.1" 404 1018
190.66.108.23 - - [04/May/2015:05:48:47 -0500] "GET /galeria/nivo-slider/demo/images/bolsas-08.jpg HTTP/1.1" 200 85589
190.66.108.23 - - [04/May/2015:05:48:48 -0500] "GET /galeria/nivo-slider/demo/images/redes_sociales.jpg HTTP/1.1" 200 415652
190.66.108.23 - - [04/May/2015:05:48:48 -0500] "GET /galeria/nivo-slider/demo/images/Conoce-los-humedales.jpg HTTP/1.1" 200 294036
190.66.108.23 - - [04/May/2015:05:48:48 -0500] "GET /galeria/nivo-slider/demo/images/ecolecta-Dic2014.png HTTP/1.1" 200 288593
190.66.108.23 - - [04/May/2015:05:48:49 -0500] "GET /galeria/nivo-slider/demo/images/porloshumedales.jpg HTTP/1.1" 200 351238
190.66.108.23 - - [04/May/2015:05:48:49 -0500] "GET /galeria/nivo-slider/demo/images/Tingua-azul.jpg HTTP/1.1" 200 307638
190.66.108.23 - - [04/May/2015:05:48:50 -0500] "GET /galeria/nivo-slider/demo/images/banner-llantas2.jpg HTTP/1.1" 200 73153
190.66.108.23 - - [04/May/2015:05:48:53 -0500] "GET /galeria/nivo-slider/demo/scripts/jquery-1.7.1.min.js HTTP/1.1" 200 93868
188.165.15.138 - - [04/May/2015:05:48:55 -0500] "GET /BLA/resoluciones/RESOLUCIONES%202005/RES%202005%201151-1200/00001172.tif HTTP/1.1" 200 190632
190.66.108.23 - - [04/May/2015:05:48:55 -0500] "GET /galeria/nivo-slider/jquery.nivo.slider.pack.js HTTP/1.1" 200 11561
190.66.108.23 - - [04/May/2015:05:48:56 -0500] "GET /galeria/nivo-slider/demo/images/4Simple_Slider.png HTTP/1.1" 200 11722
190.66.108.23 - - [04/May/2015:05:48:57 -0500] "GET /galeria/nivo-slider/themes/default/loading.gif HTTP/1.1" 200 1737
181.134.214.44 - - [04/May/2015:05:48:58 -0500] "GET /BLA/resoluciones/RESOLUCIONES%202013/0350.pdf HTTP/1.1" 200 3657267
190.66.108.23 - - [04/May/2015:05:48:58 -0500] "GET /galeria/nivo-slider/themes/default/arrows.png HTTP/1.1" 200 824
190.66.108.23 - - [04/May/2015:05:48:58 -0500] "GET /galeria/nivo-slider/themes/default/bullets.png HTTP/1.1" 200 1281
181.134.214.44 - - [04/May/2015:05:48:58 -0500] "GET /favicon.ico HTTP/1.1" 200 7782
180.76.5.194 - - [04/May/2015:05:49:03 -0500] "GET /BLA/boletinlegal;jsessionid=16D8E3D84BF85BF7F8663E32109404CC?/? HTTP/1.1" 404 1018
181.134.214.44 - - [04/May/2015:05:49:05 -0500] "GET /BLA/resoluciones/RESOLUCIONES%202013/0350.pdf HTTP/1.1" 206 32768
181.134.214.44 - - [04/May/2015:05:49:05 -0500] "GET /BLA/resoluciones/RESOLUCIONES%202013/0350.pdf HTTP/1.1" 206 3624499
188.165.15.138 - - [04/May/2015:05:49:10 -0500] "GET /BLA/resoluciones/RESOLUCIONES%202005/RES%202005%202601-2650/00002644.tif HTTP/1.1" 200 212984
180.76.5.81 - - [04/May/2015:05:49:20 -0500] "GET /BLA/boletinlegal;jsessionid=2FDACC0380ECFD06EE1054CA1CBC19E4?/? HTTP/1.1" 404 1018
67.192.46.14 - - [04/May/2015:05:49:32 -0500] "GET /wp/wp-admin/ HTTP/1.1" 404 1018
180.76.5.63 - - [04/May/2015:05:49:37 -0500] "GET /BLA/boletinlegal;jsessionid=74FC3EA10F0C25C7F7526AFD635F1223?/? HTTP/1.1" 404 1018
180.76.5.166 - - [04/May/2015:05:49:55 -0500] "GET /BLA/boletinlegal;jsessionid=AEF6397D27050A8CC2A66AD1E0D982BE?/? HTTP/1.1" 404 1018
180.76.5.145 - - [04/May/2015:05:50:12 -0500] "GET /BLA/boletinlegal;jsessionid=81EA7CFABEE7D5F96BBFCD1CCFA59225?/? HTTP/1.1" 404 1018
74.86.158.107 - - [04/May/2015:05:50:13 -0500] "HEAD / HTTP/1.1" 200 -
180.76.6.130 - - [04/May/2015:05:50:29 -0500] "GET /BLA/boletinlegal;jsessionid=E1E13AE4273E1DA3B7ACC74709E5CE07?/? HTTP/1.1" 404 1018
66.249.67.68 - - [04/May/2015:05:50:35 -0500] "GET /Residuos/metalmecanica/images/page40.swf HTTP/1.1" 404 1018
186.147.49.247 - - [04/May/2015:05:50:43 -0500] "GET /videos/ArchivoSDA.flv HTTP/1.1" 206 1
186.147.49.247 - - [04/May/2015:05:50:43 -0500] "GET /videos/ArchivoSDA.flv HTTP/1.1" 206 30399639
180.76.6.40 - - [04/May/2015:05:50:47 -0500] "GET /BLA/boletinlegal;jsessionid=7E6C0D3CADB1A1BE436DEDD998FEBD08?/? HTTP/1.1" 404 1018
180.76.5.58 - - [04/May/2015:05:51:04 -0500] "GET /BLA/boletinlegal;jsessionid=459A362384170788ED6856E08C37F04E?/? HTTP/1.1" 404 1018
176.227.202.166 - - [04/May/2015:05:51:06 -0500] "GET /webdav/x32.php?act=phptools&host=92.222.227.2&port=80&time=1000 HTTP/1.1" 404 1018
180.76.5.173 - - [04/May/2015:05:51:21 -0500] "GET /BLA/boletinlegal;jsessionid=7F5EE60EFE31C4523436F42851711B0E?/? HTTP/1.1" 404 1018
157.55.39.74 - - [04/May/2015:05:51:35 -0500] "GET / HTTP/1.1" 200 10190
188.165.15.138 - - [04/May/2015:05:51:38 -0500] "GET /BLA/resoluciones/RESOLUCIONES%202006/RES%202006%201451-1500/00001475.tif HTTP/1.1" 200 221120
180.76.5.21 - - [04/May/2015:05:51:38 -0500] "GET /BLA/boletinlegal;jsessionid=CC4F4FF4E1EF2C258CE04D9775F1EFAD?/? HTTP/1.1" 404 1018
66.249.67.104 - - [04/May/2015:05:51:53 -0500] "GET /BLA/boletinlegal/jurisprudencia/analisis/Analisis%20jurisprudencial%20Sentencia%20C-366-11.doc HTTP/1.1" 200 59392
180.76.6.142 - - [04/May/2015:05:51:56 -0500] "GET /BLA/boletinlegal;jsessionid=99AD268A6EDE0353615166167FC1B03E?/? HTTP/1.1" 404 1018
66.249.67.68 - - [04/May/2015:05:52:09 -0500] "GET /BLA/resoluciones/RESOLUCIONES%202005/RES%202005%201301-1350/00001330.tif HTTP/1.1" 304 -
180.76.5.17 - - [04/May/2015:05:52:13 -0500] "GET /BLA/boletinlegal/;jsessionid=CACAFE427BC1EDED9186F417AD830968? HTTP/1.1" 404 1018
66.249.67.104 - - [04/May/2015:05:52:15 -0500] "GET /galeria/nivo-slider/demo/images/Pev%202.jpg HTTP/1.1" 200 704313
180.76.5.71 - - [04/May/2015:05:52:30 -0500] "GET /BLA/boletinlegal;jsessionid=0C5BFF392A85519FF2F824702A87A6D1?/? HTTP/1.1" 404 1018
180.76.5.148 - - [04/May/2015:05:52:47 -0500] "GET /BLA/boletinlegal;jsessionid=40704EAF4B5C8E38CB709B27DD70FB47?/? HTTP/1.1" 404 1018
180.76.6.151 - - [04/May/2015:05:53:05 -0500] "GET /BLA/boletinlegal;jsessionid=434177CBDE1CDF9135EB017D0C31ED81?/? HTTP/1.1" 404 1018
176.227.202.166 - - [04/May/2015:05:53:06 -0500] "GET /webdav/x32.php?act=phptools&host=92.222.227.2&port=80&time=500 HTTP/1.1" 404 1018
180.76.6.150 - - [04/May/2015:05:53:22 -0500] "GET /BLA/boletinlegal;jsessionid=D2FEFA78EC8CE2B33D262DFBF80B70F3?/? HTTP/1.1" 404 1018
180.76.6.45 - - [04/May/2015:05:53:39 -0500] "GET /BLA/boletinlegal;jsessionid=1A3A5407D8795CA5932EF69FA6ED24D1?/? HTTP/1.1" 404 1018
180.76.6.144 - - [04/May/2015:05:53:57 -0500] "GET /BLA/boletinlegal;jsessionid=696B0D5774CF4ECE90CFF8CA2A3CC233?/? HTTP/1.1" 404 1018
188.165.15.138 - - [04/May/2015:05:54:08 -0500] "GET /BLA/resoluciones/RESOLUCIONES%202005/RES%202005%20751-800/00000776.tif HTTP/1.1" 200 385472
180.76.5.67 - - [04/May/2015:05:54:14 -0500] "GET /BLA/boletinlegal;jsessionid=2BAF2A5CDABE592352F441C6633585FA?/? HTTP/1.1" 404 1018
180.76.5.149 - - [04/May/2015:05:54:31 -0500] "GET /BLA/boletinlegal;jsessionid=990C8BEE346A43755E278FC27A786076?/? HTTP/1.1" 404 1018
66.249.67.120 - - [04/May/2015:05:54:37 -0500] "GET /portalsiaccapacitaciones/Soportes%20Capacitaciones%20A%C3%B1o%202014/0073.%20EcoConducci%C3%B3n%20-%20Plan%20Decenal%20de%20Descontaminaci%C3%B3n%2005-05-14.pdf HTTP/1.1" 404 1019
180.76.6.149 - - [04/May/2015:05:54:48 -0500] "GET /BLA/boletinlegal;jsessionid=3F28B9E1411B2336000D63EF468E9C54?/? HTTP/1.1" 404 1018
123.125.71.54 - - [04/May/2015:05:55:03 -0500] "GET / HTTP/1.1" 200 10190
181.135.142.190 - - [04/May/2015:05:55:04 -0500] "GET /galeria/nivo-slider/demo/demo.html HTTP/1.1" 200 4065
181.135.142.190 - - [04/May/2015:05:55:05 -0500] "GET /galeria/nivo-slider/demo/images/9Signos.jpg HTTP/1.1" 200 81776
181.135.142.190 - - [04/May/2015:05:55:05 -0500] "GET /galeria/nivo-slider/demo/images/slider-cruz-de-mayo2015.jpg HTTP/1.1" 200 62104
181.135.142.190 - - [04/May/2015:05:55:05 -0500] "GET /galeria/nivo-slider/demo/images/acuerdo_569.jpg HTTP/1.1" 304 -
181.135.142.190 - - [04/May/2015:05:55:05 -0500] "GET /galeria/nivo-slider/demo/images/convocatoriaConsejoConsultivo.jpg HTTP/1.1" 200 147494
181.135.142.190 - - [04/May/2015:05:55:05 -0500] "GET /galeria/nivo-slider/demo/images/Licitaciones-proyecto-paramo.jpg HTTP/1.1" 304 -
181.135.142.190 - - [04/May/2015:05:55:05 -0500] "GET /galeria/nivo-slider/demo/images/Banner-decreto1299.jpg HTTP/1.1" 304 -
181.135.142.190 - - [04/May/2015:05:55:05 -0500] "GET /galeria/nivo-slider/demo/images/redes_sociales.jpg HTTP/1.1" 206 1
181.135.142.190 - - [04/May/2015:05:55:05 -0500] "GET /galeria/nivo-slider/demo/images/Conoce-los-humedales.jpg HTTP/1.1" 206 1
181.135.142.190 - - [04/May/2015:05:55:05 -0500] "GET /galeria/nivo-slider/demo/images/ecolecta-Dic2014.png HTTP/1.1" 206 1
181.135.142.190 - - [04/May/2015:05:55:05 -0500] "GET /galeria/nivo-slider/demo/images/porloshumedales.jpg HTTP/1.1" 200 351238
181.135.142.190 - - [04/May/2015:05:55:05 -0500] "GET /galeria/nivo-slider/demo/images/redes_sociales.jpg HTTP/1.1" 206 364256
181.135.142.190 - - [04/May/2015:05:55:05 -0500] "GET /galeria/nivo-slider/demo/images/Conoce-los-humedales.jpg HTTP/1.1" 206 250440
181.135.142.190 - - [04/May/2015:05:55:05 -0500] "GET /galeria/nivo-slider/demo/images/ecolecta-Dic2014.png HTTP/1.1" 206 222567
181.135.142.190 - - [04/May/2015:05:55:05 -0500] "GET /galeria/nivo-slider/demo/images/Tingua-azul.jpg HTTP/1.1" 200 307638
180.76.6.64 - - [04/May/2015:05:55:06 -0500] "GET /BLA/boletinlegal;jsessionid=403B32A2D0C686DF12D7346104B41871?/? HTTP/1.1" 404 1018
181.135.142.190 - - [04/May/2015:05:55:08 -0500] "GET /galeria/nivo-slider/demo/images/banner-llantas2.jpg HTTP/1.1" 200 73153
181.135.142.190 - - [04/May/2015:05:55:11 -0500] "GET /galeria/nivo-slider/themes/default/arrows.png HTTP/1.1" 200 824
181.135.142.190 - - [04/May/2015:05:55:11 -0500] "GET /galeria/nivo-slider/themes/default/bullets.png HTTP/1.1" 200 1281
74.86.158.107 - - [04/May/2015:05:55:13 -0500] "HEAD / HTTP/1.1" 200 -
180.76.6.60 - - [04/May/2015:05:55:23 -0500] "GET /BLA/boletinlegal;jsessionid=2787A691024529B1BDAA671C83F36907?/? HTTP/1.1" 404 1018
188.165.15.138 - - [04/May/2015:05:55:28 -0500] "GET /BLA/resoluciones/RESOLUCIONES%202004/RES%202004%20501-550/00000513.tif HTTP/1.1" 200 104606
180.76.6.41 - - [04/May/2015:05:55:40 -0500] "GET /BLA/boletinlegal;jsessionid=008A36499CF45A32DB5624298A6B97A1?/? HTTP/1.1" 404 1018
180.76.5.20 - - [04/May/2015:05:55:58 -0500] "GET /BLA/boletinlegal;jsessionid=3B9CCC8756EC0822C49D2F91250CD616?/? HTTP/1.1" 404 1018
180.76.6.51 - - [04/May/2015:05:56:15 -0500] "GET /BLA/resoluciones/AUTOS%202009/2917.pdf HTTP/1.1" 200 89206
180.76.6.147 - - [04/May/2015:05:56:32 -0500] "GET /BLA/boletinlegal;jsessionid=36EA8CEF427F3B90D17367D9CE97022F?/? HTTP/1.1" 404 1018
188.165.15.138 - - [04/May/2015:05:56:43 -0500] "GET /BLA/resoluciones/RESOLUCIONES%202005/RES%202005%20%201651-1700/00001684.tif HTTP/1.1" 200 259802
67.192.46.8 - - [04/May/2015:05:56:45 -0500] "GET /old/wp-admin/ HTTP/1.1" 404 1018
207.46.13.66 - - [04/May/2015:05:56:46 -0500] "GET /phpold/correos/ HTTP/1.1" 404 1019
180.76.6.63 - - [04/May/2015:05:56:49 -0500] "GET /BLA/boletinlegal;jsessionid=3DCF135EF0C8DA0510D4DCB94C91E901?/? HTTP/1.1" 404 1018
176.227.202.166 - - [04/May/2015:05:56:50 -0500] "GET /webdav/x32.php?act=phptools&host=92.222.227.2&port=80&time=1000 HTTP/1.1" 404 1018
180.76.5.150 - - [04/May/2015:05:57:07 -0500] "GET /Autoliquidacion/Solicitudes%20relacionadas%20con%20calidad%20del%20aire%20auditiva%20y%20visual/Evaluaci%C3%B3n%20para%20Certificaci%C3%B3n%20en%20materia%20de%20Revisi%C3%B3n%20de%20Gases/ HTTP/1.1" 200 2005
180.76.5.148 - - [04/May/2015:05:57:24 -0500] "GET /BLA/boletinlegal;jsessionid=2C37E802745EDB6189CF40118C154D3E?/? HTTP/1.1" 404 1018
180.76.5.192 - - [04/May/2015:05:57:41 -0500] "GET /BLA/boletinlegal;jsessionid=4E15B0AEFBADD2B21EF9EF170C982AAB?/? HTTP/1.1" 404 1018
200.118.175.102 - - [04/May/2015:05:57:52 -0500] "GET /galeria/galeria/jquery.fancybox.js?v=2.1.5 HTTP/1.1" 200 48706
200.118.175.102 - - [04/May/2015:05:57:52 -0500] "GET /BLA/boletinlegal/js/jquery.scrollShow.js HTTP/1.1" 200 4586
200.118.175.102 - - [04/May/2015:05:57:52 -0500] "GET /BLA/boletinlegal/js/jquery.scrollTo-min.js HTTP/1.1" 200 1150
200.118.175.102 - - [04/May/2015:05:57:52 -0500] "GET /galeria/galeria/jquery.fancybox.css?v=2.1.5 HTTP/1.1" 200 4895
66.249.67.112 - - [04/May/2015:05:57:55 -0500] "GET /portalsiaccapacitaciones/Soportes%20Capacitaciones%20A%C3%B1o%202014/0116.%20Presentaci%C3%B3n%20Manejo%20Silvicultural%2011-11-14.pdf HTTP/1.1" 404 1019
200.118.175.102 - - [04/May/2015:05:57:56 -0500] "GET /BLA/boletinlegal/js/jquery.scrollTo-min.js HTTP/1.1" 304 -
200.118.175.102 - - [04/May/2015:05:57:56 -0500] "GET /BLA/boletinlegal/js/jquery.scrollShow.js HTTP/1.1" 304 -
200.118.175.102 - - [04/May/2015:05:57:56 -0500] "GET /galeria/galeria/jquery.fancybox.js?v=2.1.5 HTTP/1.1" 304 -
200.118.175.102 - - [04/May/2015:05:57:56 -0500] "GET /galeria/galeria/jquery.fancybox.css?v=2.1.5 HTTP/1.1" 304 -
180.76.5.147 - - [04/May/2015:05:57:59 -0500] "GET /BLA/boletinlegal;jsessionid=5B7C684C21443FB200BBCD6A306DF905?/? HTTP/1.1" 404 1018
152.61.128.66 - - [04/May/2015:05:58:09 -0500] "HEAD / HTTP/1.1" 200 -
152.61.128.66 - - [04/May/2015:05:58:09 -0500] "GET /arcgis/services/Calidad_del_Agua_WQI/MapServer/WMSServer?request=GetCapabilities&service=WMS HTTP/1.1" 200 32135
152.61.128.66 - - [04/May/2015:05:58:10 -0500] "GET /arcgis/services/Calidad_del_Agua_WQI/MapServer/WMSServer?request=GetCapabilities&service=WMS HTTP/1.0" 200 32135
152.61.128.66 - - [04/May/2015:05:58:11 -0500] "GET /arcgis/services/Calidad_del_Agua_WQI/MapServer/WMSServer?request=GetCapabilities&service=WMS HTTP/1.0" 200 32135
152.61.128.66 - - [04/May/2015:05:58:12 -0500] "GET /arcgis/services/Calidad_del_Agua_WQI/MapServer/WMSServer?request=GetCapabilities&service=WMS HTTP/1.0" 200 32135
152.61.128.66 - - [04/May/2015:05:58:13 -0500] "GET /arcgis/services/Calidad_del_Agua_WQI/MapServer/WMSServer?VERSION=1.1.1&REQUEST=GetMap&LAYERS=0&SRS=EPSG:4326&BBOX=-74.473395,3.674381,-73.963300,4.920569&WIDTH=250&HEIGHT=250&FORMAT=image/bmp&STYLES=& HTTP/1.1" 200 188054
180.76.6.230 - - [04/May/2015:05:58:16 -0500] "GET /BLA/boletinlegal;jsessionid=7C6E572C82A18B425F7527D7C324986E?/? HTTP/1.1" 404 1018
176.227.202.166 - - [04/May/2015:05:58:26 -0500] "GET /webdav/x32.php?act=phptools&host=92.222.227.2&port=80&time=500 HTTP/1.1" 404 1018
180.76.5.72 - - [04/May/2015:05:58:33 -0500] "GET /BLA/boletinlegal;jsessionid=610E47875C13B84F23B8B8EE32065903?/? HTTP/1.1" 404 1018
185.10.104.131 - - [04/May/2015:05:58:50 -0500] "GET /BLA/boletinlegal;jsessionid=57CE405BCD1126AAE9F3593B5F0D56F2?/? HTTP/1.1" 404 1018
180.76.6.49 - - [04/May/2015:05:59:11 -0500] "GET /BLA/boletinlegal;jsessionid=81AEF0991CD4730BE8CAF649FA1EA83E?/? HTTP/1.1" 404 1018
180.76.5.64 - - [04/May/2015:05:59:25 -0500] "GET /BLA/boletinlegal;jsessionid=070BC6887E5DFAFAD612AF97959089AA?/? HTTP/1.1" 404 1018
176.227.202.166 - - [04/May/2015:05:59:28 -0500] "GET /webdav/x32.php?act=phptools&host=92.222.227.2&port=80&time=1000 HTTP/1.1" 404 1018
207.46.13.35 - - [04/May/2015:05:59:36 -0500] "GET /BLA/boletinlegal/Circulares/2013/Circular%20No.%204%20del%2005%20de%20junio%20de%202013.pdf HTTP/1.1" 200 130461
180.76.6.131 - - [04/May/2015:05:59:42 -0500] "GET /BLA/boletinlegal;jsessionid=5BB43B062080AB59B0A6846AA8DB12AC?/? HTTP/1.1" 404 1018
207.46.13.35 - - [04/May/2015:05:59:52 -0500] "GET /ix/Rl041598.htm HTTP/1.1" 404 1019
176.227.202.166 - - [04/May/2015:05:59:58 -0500] "GET /webdav/x32.php?act=phptools&host=92.222.227.2&port=80&time=1000 HTTP/1.1" 404 1018
180.76.6.142 - - [04/May/2015:05:59:59 -0500] "GET /BLA/boletinlegal;jsessionid=0554636D5E2140C4C67208CF3B8D4DFF?/? HTTP/1.1" 404 1018
207.46.13.66 - - [04/May/2015:06:00:11 -0500] "GET /re/Talleres/organicos/ HTTP/1.1" 404 1019
74.86.158.107 - - [04/May/2015:06:00:13 -0500] "HEAD / HTTP/1.1" 200 -
180.76.6.14 - - [04/May/2015:06:00:17 -0500] "GET /BLA/boletinlegal;jsessionid=10A090001F49A11D5C8D41F265E7E895?/? HTTP/1.1" 404 1018
207.46.13.117 - - [04/May/2015:06:00:24 -0500] "GET /re/Entrada/ HTTP/1.1" 404 1019
180.76.6.45 - - [04/May/2015:06:00:34 -0500] "GET /BLA/boletinlegal;jsessionid=D3AA343FD883F19B7C42CC9FD847E781?/? HTTP/1.1" 404 1018
176.227.202.166 - - [04/May/2015:06:00:40 -0500] "GET /webdav/x32.php?act=phptools&host=92.222.227.2&port=80&time=1000 HTTP/1.1" 404 1018
188.165.15.138 - - [04/May/2015:06:00:42 -0500] "GET /BLA/resoluciones/RESOLUCIONES%202003/RES%202003%201701-1750/20031723.tif HTTP/1.1" 200 79634
180.76.6.144 - - [04/May/2015:06:00:51 -0500] "GET /BLA/boletinlegal;jsessionid=0523E30B3A1789CD632D73CF9686DC57?/? HTTP/1.1" 404 1018
66.249.67.68 - - [04/May/2015:06:00:59 -0500] "GET /portalsiaccapacitaciones/Soportes%20Capacitaciones%20A%C3%B1o%202013/0032.%20PRESENTACI%C3%93N%20FUENTES%20FIJAS%20-%2015%20de%20Agosto.pdf HTTP/1.1" 404 1018
180.76.6.14 - - [04/May/2015:06:01:09 -0500] "GET /BLA/boletinlegal;jsessionid=6CF7EA504C84003AC7B96D124F315B48?/? HTTP/1.1" 404 1018
66.249.67.84 - - [04/May/2015:06:01:13 -0500] "GET /BLA/resoluciones/RESOLUCIONES%202010/4492.pdf HTTP/1.1" 200 402550
66.249.67.84 - - [04/May/2015:06:01:13 -0500] "GET /portalsiaccapacitaciones/Soportes%20Capacitaciones%20A%C3%B1o%202014/0110.%20Presentaci%C3%B3%20Educaci%C3%B3n%20Ambiental%20-%20PIGA%2021-10-14.pdf HTTP/1.1" 404 1018
180.76.5.167 - - [04/May/2015:06:01:26 -0500] "GET /BLA/boletinlegal/;jsessionid=3BB698F2A2670583D27037772AEDC87C? HTTP/1.1" 404 1018
176.227.202.166 - - [04/May/2015:06:01:30 -0500] "GET /webdav/x32.php?act=phptools&host=92.222.227.2&port=80&time=1000 HTTP/1.1" 404 1018
180.76.5.176 - - [04/May/2015:06:01:43 -0500] "GET /BLA/resoluciones/AUTOS%202010/5700.pdf HTTP/1.1" 200 204421
220.181.108.156 - - [04/May/2015:06:02:00 -0500] "GET / HTTP/1.1" 200 10190
180.76.5.21 - - [04/May/2015:06:02:01 -0500] "GET /BLA/boletinlegal;jsessionid=4CAD4AD05FC2197308D74424EAD2CDC0?/? HTTP/1.1" 404 1018
88.198.233.69 - - [04/May/2015:06:02:06 -0500] "GET / HTTP/1.1" 200 10190
176.227.202.166 - - [04/May/2015:06:02:17 -0500] "GET /webdav/x32.php?act=phptools&host=92.222.227.2&port=80&time=500 HTTP/1.1" 404 1018
180.76.6.64 - - [04/May/2015:06:02:18 -0500] "GET /BLA/boletinlegal;jsessionid=0980770CB6D2D06F996810C89865119D?/? HTTP/1.1" 404 1018
188.165.15.138 - - [04/May/2015:06:02:29 -0500] "GET /BLA/resoluciones/RESOLUCIONES%202003/RES%202003%20551-600/590.tif HTTP/1.1" 200 133068
180.76.6.146 - - [04/May/2015:06:02:35 -0500] "GET /BLA/boletinlegal;jsessionid=5D2FF8148877F1C596DC3CB760BBC757?/? HTTP/1.1" 404 1018
180.76.6.157 - - [04/May/2015:06:02:52 -0500] "GET /BLA/boletinlegal;jsessionid=7203C61559FFC01D326B96B7A86492F2?/? HTTP/1.1" 404 1018
176.227.202.166 - - [04/May/2015:06:02:54 -0500] "GET /webdav/x32.php?act=phptools&host=92.222.227.2&port=80&time=1000 HTTP/1.1" 404 1018
188.165.15.138 - - [04/May/2015:06:02:59 -0500] "GET /BLA/resoluciones/RESOLUCIONES%202002/RES%202002%201001-1050/2002RES1036.tif HTTP/1.1" 200 61526
180.76.6.59 - - [04/May/2015:06:03:10 -0500] "GET /BLA/boletinlegal;jsessionid=0D609A2775812AE58D499D3F27BA9855?/? HTTP/1.1" 404 1018
207.46.13.17 - - [04/May/2015:06:03:11 -0500] "GET /pga/resumen.pdf HTTP/1.1" 404 1019
180.76.5.17 - - [04/May/2015:06:03:27 -0500] "GET /BLA/boletinlegal;jsessionid=07F1FB4F99265E62BB61DF78C2FE1C6A?/? HTTP/1.1" 404 1018
180.76.6.52 - - [04/May/2015:06:03:44 -0500] "GET /BLA/resoluciones/AUTOS%202009/1695.pdf HTTP/1.1" 200 123718
180.76.5.176 - - [04/May/2015:06:04:01 -0500] "GET /BLA/boletinlegal;jsessionid=A3A8E4F0E93677BF567CBFB7808C8527?/? HTTP/1.1" 404 1018
180.76.5.17 - - [04/May/2015:06:04:19 -0500] "GET /BLA/boletinlegal;jsessionid=01B336C17BBB0E831AF6D584C17FFC95?/? HTTP/1.1" 404 1018
176.227.202.166 - - [04/May/2015:06:04:24 -0500] "GET /webdav/x32.php?act=phptools&host=92.222.227.2&port=80&time=500 HTTP/1.1" 404 1018
180.76.5.150 - - [04/May/2015:06:04:36 -0500] "GET /BLA/boletinlegal;jsessionid=B0C66507A7D8FDE2ADEF36CE12D018CA?/? HTTP/1.1" 404 1018
176.227.202.166 - - [04/May/2015:06:04:40 -0500] "GET /webdav/x32.php?act=phptools&host=92.222.227.2&port=80&time=1000 HTTP/1.1" 404 1018
66.249.67.76 - - [04/May/2015:06:04:40 -0500] "GET /reports/rwservlet/getjobid224556?server=rep_srvapsda HTTP/1.1" 200 6554
180.76.6.150 - - [04/May/2015:06:04:53 -0500] "GET /BLA/boletinlegal;jsessionid=11F028EBE6A509A9D1BE7583EA49FCC3?/? HTTP/1.1" 404 1018
180.76.6.147 - - [04/May/2015:06:05:11 -0500] "GET /BLA/boletinlegal;jsessionid=1DBE42C5C2A491C704F45023B1CD52A3?/? HTTP/1.1" 404 1018
74.86.158.107 - - [04/May/2015:06:05:13 -0500] "HEAD / HTTP/1.1" 200 -
188.165.15.138 - - [04/May/2015:06:05:15 -0500] "GET /BLA/resoluciones/RESOLUCIONES%202003/RES%202003%20901-950/920.tif HTTP/1.1" 200 119792
180.76.6.140 - - [04/May/2015:06:05:28 -0500] "GET /BLA/boletinlegal/;jsessionid=D3165AB8BADB086C9A6CDDF90204BF16? HTTP/1.1" 404 1018
207.46.13.66 - - [04/May/2015:06:05:45 -0500] "GET /links.htm HTTP/1.1" 404 1019
180.76.5.24 - - [04/May/2015:06:05:45 -0500] "GET /BLA/boletinlegal;jsessionid=D0A0EDF9141FF55DCD886BAD6B15FE3E?/? HTTP/1.1" 404 1018
66.249.67.76 - - [04/May/2015:06:05:48 -0500] "GET /BLA/resoluciones/RESOLUCIONES%202005/RES%202005%201301-1350/00001306.tif HTTP/1.1" 304 -
180.76.5.74 - - [04/May/2015:06:06:03 -0500] "GET /BLA/boletinlegal;jsessionid=5246F7EFD0B587F67FCC71ACD3710F8D?/? HTTP/1.1" 404 1018
176.227.202.166 - - [04/May/2015:06:06:04 -0500] "GET /webdav/x32.php?act=phptools&host=92.222.227.2&port=80&time=500 HTTP/1.1" 404 1018
176.227.202.166 - - [04/May/2015:06:06:09 -0500] "GET /webdav/x32.php?act=phptools&host=92.222.227.2&port=80&time=1000 HTTP/1.1" 404 1018
180.76.6.148 - - [04/May/2015:06:06:20 -0500] "GET /BLA/boletinlegal;jsessionid=6A228D30080F811986CDCEF3919FAF5C?/? HTTP/1.1" 404 1018
180.76.5.173 - - [04/May/2015:06:06:37 -0500] "GET /BLA/boletinlegal;jsessionid=4E3AA301C11CA19EA4D0DFA3B4BDAA1B?/? HTTP/1.1" 404 1018
180.76.6.158 - - [04/May/2015:06:06:54 -0500] "GET /BLA/boletinlegal;jsessionid=59BAE7B7C86E6F7DBAD222F00F4B8E80?/? HTTP/1.1" 404 1018
181.135.142.190 - - [04/May/2015:06:07:03 -0500] "GET /videos/ArchivoSDA.flv HTTP/1.1" 206 1
181.135.142.190 - - [04/May/2015:06:07:03 -0500] "GET /videos/ArchivoSDA.flv HTTP/1.1" 206 31057359
176.227.202.166 - - [04/May/2015:06:07:03 -0500] "GET /webdav/x32.php?act=phptools&host=92.222.227.2&port=80&time=1000 HTTP/1.1" 404 1018
181.50.68.93 - - [04/May/2015:06:07:07 -0500] "GET /galeria/carrusel/Carrusel/jquery-ui-1.8.13.custom.min.js HTTP/1.1" 200 10800
181.50.68.93 - - [04/May/2015:06:07:07 -0500] "GET /galeria/galeria/jquery.fancybox.js?v=2.1.5 HTTP/1.1" 200 48706
181.50.68.93 - - [04/May/2015:06:07:07 -0500] "GET /BLA/boletinlegal/js/jquery.scrollShow.js HTTP/1.1" 200 4586
181.50.68.93 - - [04/May/2015:06:07:07 -0500] "GET /BLA/boletinlegal/js/jquery.scrollTo-min.js HTTP/1.1" 200 1150
181.50.68.93 - - [04/May/2015:06:07:07 -0500] "GET /galeria/carrusel/Carrusel/jquery.thumbnailScroller.css HTTP/1.1" 200 2066
181.50.68.93 - - [04/May/2015:06:07:07 -0500] "GET /galeria/galeria/jquery.fancybox.css?v=2.1.5 HTTP/1.1" 200 4895
181.50.68.93 - - [04/May/2015:06:07:07 -0500] "GET /galeria/carrusel/Carrusel/jquery.thumbnailScroller.js HTTP/1.1" 200 8157
181.50.68.93 - - [04/May/2015:06:07:09 -0500] "GET /galeria/nivo-slider/demo/demo.html HTTP/1.1" 200 4065
181.50.68.93 - - [04/May/2015:06:07:09 -0500] "GET /galeria/nivo-slider/themes/orman/orman.css HTTP/1.1" 200 2152
181.50.68.93 - - [04/May/2015:06:07:09 -0500] "GET /galeria/nivo-slider/themes/default/default.css HTTP/1.1" 200 1569
181.50.68.93 - - [04/May/2015:06:07:09 -0500] "GET /galeria/nivo-slider/demo/style.css HTTP/1.1" 200 2222
181.50.68.93 - - [04/May/2015:06:07:09 -0500] "GET /galeria/nivo-slider/themes/pascal/pascal.css HTTP/1.1" 200 2258
181.50.68.93 - - [04/May/2015:06:07:09 -0500] "GET /galeria/nivo-slider/nivo-slider.css HTTP/1.1" 200 1507
181.50.68.93 - - [04/May/2015:06:07:09 -0500] "GET /galeria/nivo-slider/demo/images/9Signos.jpg HTTP/1.1" 200 81776
181.50.68.93 - - [04/May/2015:06:07:09 -0500] "GET /galeria/nivo-slider/demo/images/slider-cruz-de-mayo2015.jpg HTTP/1.1" 200 62104
181.50.68.93 - - [04/May/2015:06:07:09 -0500] "GET /galeria/nivo-slider/demo/images/acuerdo_569.jpg HTTP/1.1" 200 62670
181.50.68.93 - - [04/May/2015:06:07:09 -0500] "GET /galeria/nivo-slider/demo/images/convocatoriaConsejoConsultivo.jpg HTTP/1.1" 200 147494
181.50.68.93 - - [04/May/2015:06:07:09 -0500] "GET /galeria/nivo-slider/demo/images/Licitaciones-proyecto-paramo.jpg HTTP/1.1" 200 221877
181.50.68.93 - - [04/May/2015:06:07:09 -0500] "GET /galeria/nivo-slider/demo/images/Banner-decreto1299.jpg HTTP/1.1" 200 182613
181.50.68.93 - - [04/May/2015:06:07:10 -0500] "GET /galeria/nivo-slider/demo/images/Banner-Directorio.jpg HTTP/1.1" 200 182068
181.50.68.93 - - [04/May/2015:06:07:10 -0500] "GET /galeria/nivo-slider/demo/images/Ruta-vertimientos-01.jpg HTTP/1.1" 200 130151
181.50.68.93 - - [04/May/2015:06:07:10 -0500] "GET /galeria/nivo-slider/demo/images/bolsas-06.jpg HTTP/1.1" 200 90982
181.50.68.93 - - [04/May/2015:06:07:10 -0500] "GET /galeria/nivo-slider/demo/images/bolsas-08.jpg HTTP/1.1" 200 85589
181.50.68.93 - - [04/May/2015:06:07:10 -0500] "GET /galeria/nivo-slider/demo/images/redes_sociales.jpg HTTP/1.1" 200 415652
181.50.68.93 - - [04/May/2015:06:07:11 -0500] "GET /galeria/nivo-slider/demo/images/Conoce-los-humedales.jpg HTTP/1.1" 200 294036
181.50.68.93 - - [04/May/2015:06:07:11 -0500] "GET /galeria/nivo-slider/demo/images/ecolecta-Dic2014.png HTTP/1.1" 200 288593
181.50.68.93 - - [04/May/2015:06:07:11 -0500] "GET /galeria/nivo-slider/demo/images/porloshumedales.jpg HTTP/1.1" 200 351238
181.50.68.93 - - [04/May/2015:06:07:11 -0500] "GET /galeria/nivo-slider/demo/scripts/jquery-1.7.1.min.js HTTP/1.1" 200 93868
181.50.68.93 - - [04/May/2015:06:07:11 -0500] "GET /galeria/nivo-slider/demo/images/Tingua-azul.jpg HTTP/1.1" 200 307638
181.50.68.93 - - [04/May/2015:06:07:11 -0500] "GET /galeria/nivo-slider/jquery.nivo.slider.pack.js HTTP/1.1" 200 11561
180.76.5.78 - - [04/May/2015:06:07:12 -0500] "GET /BLA/boletinlegal;jsessionid=46028105A21083AF3CE36E9FAD8A705A?/? HTTP/1.1" 404 1018
181.50.68.93 - - [04/May/2015:06:07:13 -0500] "GET /galeria/nivo-slider/demo/images/4Simple_Slider.png HTTP/1.1" 200 11722
181.50.68.93 - - [04/May/2015:06:07:13 -0500] "GET /galeria/nivo-slider/themes/default/loading.gif HTTP/1.1" 200 1737
181.50.68.93 - - [04/May/2015:06:07:14 -0500] "GET /galeria/nivo-slider/demo/images/banner-llantas2.jpg HTTP/1.1" 200 73153
181.50.68.93 - - [04/May/2015:06:07:15 -0500] "GET /galeria/nivo-slider/themes/default/bullets.png HTTP/1.1" 200 1281
181.50.68.93 - - [04/May/2015:06:07:15 -0500] "GET /galeria/nivo-slider/themes/default/arrows.png HTTP/1.1" 200 824
188.165.15.138 - - [04/May/2015:06:07:17 -0500] "GET /BLA/resoluciones/RESOLUCIONES%202003/RES%202003%201201-1250/2003RES1226.tif HTTP/1.1" 200 146472
180.76.5.149 - - [04/May/2015:06:07:29 -0500] "GET /BLA/boletinlegal;jsessionid=3B4C8362AB75A84C7F0FD07D68BCAAF6?/? HTTP/1.1" 404 1018
180.76.5.176 - - [04/May/2015:06:07:46 -0500] "GET /BLA/boletinlegal;jsessionid=487D2D4BB76E3DE363F3DEF0AFBC7B79?/? HTTP/1.1" 404 1018
180.76.6.58 - - [04/May/2015:06:08:04 -0500] "GET /BLA/boletinlegal;jsessionid=28FA4573A58AD6058CAE38C54D5E7F48?/? HTTP/1.1" 404 1018
66.249.67.68 - - [04/May/2015:06:08:07 -0500] "GET /BLA/resoluciones/RESOLUCIONES%202010/5937.pdf HTTP/1.1" 200 553911
180.76.5.17 - - [04/May/2015:06:08:21 -0500] "GET /BLA/boletinlegal;jsessionid=54D24F251751B18234865099B708BD5D?/? HTTP/1.1" 404 1018
181.50.68.93 - - [04/May/2015:06:08:32 -0500] "GET /BLA/boletinlegal/js/jquery.scrollTo-min.js HTTP/1.1" 200 1150
181.50.68.93 - - [04/May/2015:06:08:32 -0500] "GET /BLA/boletinlegal/js/jquery.scrollShow.js HTTP/1.1" 200 4586
181.50.68.93 - - [04/May/2015:06:08:32 -0500] "GET /galeria/galeria/jquery.fancybox.js?v=2.1.5 HTTP/1.1" 200 48706
181.50.68.93 - - [04/May/2015:06:08:32 -0500] "GET /galeria/galeria/jquery.fancybox.css?v=2.1.5 HTTP/1.1" 200 4895
180.76.5.27 - - [04/May/2015:06:08:41 -0500] "GET /BLA/boletinlegal;jsessionid=51590545978B520C17DCAEF269DED757?/? HTTP/1.1" 404 1018
180.76.5.192 - - [04/May/2015:06:08:55 -0500] "GET /BLA/resoluciones/AUTOS%202009/0023.pdf HTTP/1.1" 200 126245
180.76.5.167 - - [04/May/2015:06:09:13 -0500] "GET /BLA/boletinlegal;jsessionid=18333F60DF0EDB5D3F48F72AB1929AB4?/? HTTP/1.1" 404 1018
180.76.6.233 - - [04/May/2015:06:09:30 -0500] "GET /BLA/boletinlegal;jsessionid=28F5674C6354D83E1FA5055CBA3EB781?/? HTTP/1.1" 404 1018
