190.12.138.120 - - [07/May/2015:01:14:37 -0500] "GET /galeria/nivo-slider/demo/images/9Signos.jpg HTTP/1.1" 200 81776
190.12.138.120 - - [07/May/2015:01:14:37 -0500] "GET /galeria/nivo-slider/demo/images/Libertad-Prensa.jpg HTTP/1.1" 200 244417
190.12.138.120 - - [07/May/2015:01:14:38 -0500] "GET /galeria/nivo-slider/demo/images/Banner-salud.jpg HTTP/1.1" 200 181685
190.12.138.120 - - [07/May/2015:01:14:38 -0500] "GET /galeria/nivo-slider/demo/images/mailling-acercar-xpress.jpg HTTP/1.1" 200 63683
190.12.138.120 - - [07/May/2015:01:14:39 -0500] "GET /galeria/nivo-slider/demo/images/acuerdo_569.jpg HTTP/1.1" 200 62670
186.84.189.100 - - [07/May/2015:01:15:13 -0500] "POST /forms/lservlet;jsessionid=ac16012b30d62fc683c6dc814526bc5fee44f701a3c3.e3iSbxaKaheRe3eNbhaPbhuQa41ynknvrkLOlQzNp65In0 HTTP/1.1" 200 2
186.84.189.100 - - [07/May/2015:01:15:13 -0500] "POST /forms/lservlet;jsessionid=ac16012b30d62fc683c6dc814526bc5fee44f701a3c3.e3iSbxaKaheRe3eNbhaPbhuQa41ynknvrkLOlQzNp65In0 HTTP/1.1" 200 688
186.84.189.100 - - [07/May/2015:01:15:13 -0500] "GET /imagenes/Srch_frw.gif HTTP/1.1" 200 925
186.84.189.100 - - [07/May/2015:01:15:13 -0500] "POST /forms/lservlet;jsessionid=ac16012b30d62fc683c6dc814526bc5fee44f701a3c3.e3iSbxaKaheRe3eNbhaPbhuQa41ynknvrkLOlQzNp65In0 HTTP/1.1" 200 10
186.84.189.100 - - [07/May/2015:01:15:14 -0500] "POST /forms/lservlet;jsessionid=ac16012b30d62fc683c6dc814526bc5fee44f701a3c3.e3iSbxaKaheRe3eNbhaPbhuQa41ynknvrkLOlQzNp65In0 HTTP/1.1" 200 66
190.12.138.120 - - [07/May/2015:01:15:15 -0500] "GET /galeria/nivo-slider/demo/images/convocatoriaConsejoConsultivo.jpg HTTP/1.1" 200 147494
190.12.138.120 - - [07/May/2015:01:15:15 -0500] "GET /galeria/nivo-slider/demo/images/Licitaciones-proyecto-paramo.jpg HTTP/1.1" 200 221877
190.12.138.120 - - [07/May/2015:01:15:16 -0500] "GET /galeria/nivo-slider/demo/images/Banner-decreto1299.jpg HTTP/1.1" 200 182613
190.12.138.120 - - [07/May/2015:01:15:16 -0500] "GET /galeria/nivo-slider/demo/images/Banner-Directorio.jpg HTTP/1.1" 200 182068
190.12.138.120 - - [07/May/2015:01:15:16 -0500] "GET /galeria/nivo-slider/demo/images/Ruta-vertimientos-01.jpg HTTP/1.1" 200 130151
190.12.138.120 - - [07/May/2015:01:15:16 -0500] "GET /galeria/nivo-slider/demo/images/bolsas-06.jpg HTTP/1.1" 200 90982
190.12.138.120 - - [07/May/2015:01:15:16 -0500] "GET /galeria/nivo-slider/demo/images/bolsas-08.jpg HTTP/1.1" 200 85589
190.12.138.120 - - [07/May/2015:01:15:16 -0500] "GET /galeria/nivo-slider/demo/images/Conoce-los-humedales.jpg HTTP/1.1" 200 294036
190.12.138.120 - - [07/May/2015:01:15:17 -0500] "GET /galeria/nivo-slider/demo/images/ecolecta-Dic2014.png HTTP/1.1" 200 288593
66.249.67.133 - - [07/May/2015:01:15:18 -0500] "GET /BLA/resoluciones/AUTOS%202008/0390.pdf HTTP/1.1" 200 239222
190.12.138.120 - - [07/May/2015:01:15:18 -0500] "GET /galeria/nivo-slider/demo/images/porloshumedales.jpg HTTP/1.1" 200 351238
190.12.138.120 - - [07/May/2015:01:15:20 -0500] "GET /galeria/nivo-slider/demo/images/Tingua-azul.jpg HTTP/1.1" 200 307638
190.12.138.120 - - [07/May/2015:01:15:20 -0500] "GET /galeria/nivo-slider/demo/images/banner-llantas2.jpg HTTP/1.1" 200 73153
190.12.138.120 - - [07/May/2015:01:15:20 -0500] "GET /galeria/nivo-slider/demo/images/4Simple_Slider.png HTTP/1.1" 200 11722
190.12.138.120 - - [07/May/2015:01:15:20 -0500] "GET /galeria/nivo-slider/themes/default/loading.gif HTTP/1.1" 200 1737
190.12.138.120 - - [07/May/2015:01:15:20 -0500] "GET /galeria/nivo-slider/demo/images/9Signos.jpg HTTP/1.1" 200 81776
186.84.189.100 - - [07/May/2015:01:15:23 -0500] "POST /forms/lservlet;jsessionid=ac16012b30d62fc683c6dc814526bc5fee44f701a3c3.e3iSbxaKaheRe3eNbhaPbhuQa41ynknvrkLOlQzNp65In0 HTTP/1.1" 200 24
186.84.189.100 - - [07/May/2015:01:15:23 -0500] "POST /forms/lservlet;jsessionid=ac16012b30d62fc683c6dc814526bc5fee44f701a3c3.e3iSbxaKaheRe3eNbhaPbhuQa41ynknvrkLOlQzNp65In0 HTTP/1.1" 200 592
186.84.189.100 - - [07/May/2015:01:15:24 -0500] "POST /forms/lservlet;jsessionid=ac16012b30d62fc683c6dc814526bc5fee44f701a3c3.e3iSbxaKaheRe3eNbhaPbhuQa41ynknvrkLOlQzNp65In0 HTTP/1.1" 200 20
180.76.6.29 - - [07/May/2015:01:15:33 -0500] "GET /BLA/boletinlegal;jsessionid=98E70453144F13A0605EC27B95FF4F6D?/? HTTP/1.1" 404 1018
186.84.189.100 - - [07/May/2015:01:15:43 -0500] "POST /forms/lservlet;jsessionid=ac16012b30d62fc683c6dc814526bc5fee44f701a3c3.e3iSbxaKaheRe3eNbhaPbhuQa41ynknvrkLOlQzNp65In0 HTTP/1.1" 200 2
180.76.5.71 - - [07/May/2015:01:15:50 -0500] "GET /BLA/resoluciones/RESOLUCIONES%202007/RES%202007%20201%20AL%20300/RESOLUCION%200224%20DE%202007.pdf HTTP/1.1" 200 280837
180.76.5.143 - - [07/May/2015:01:16:07 -0500] "GET /BLA/resoluciones/RESOLUCIONES%202008/0971.pdf HTTP/1.1" 200 197709
180.76.6.155 - - [07/May/2015:01:16:24 -0500] "GET /BLA/resoluciones/AUTOS%202009/3587.pdf HTTP/1.1" 200 211000
180.76.5.65 - - [07/May/2015:01:16:42 -0500] "GET /BLA/resoluciones/AUTOS%202012/2329.pdf HTTP/1.1" 200 1037609
180.76.6.153 - - [07/May/2015:01:16:59 -0500] "GET /BLA/resoluciones/RESOLUCIONES%202007/RES%202007%202801%20AL%202900/RESOLUCION%202895%20DE%202007.pdf HTTP/1.1" 200 255197
66.249.67.107 - - [07/May/2015:01:17:04 -0500] "GET /residuos/curtiembres/files/guia_curtiembres.pdf HTTP/1.1" 404 1018
66.249.67.133 - - [07/May/2015:01:17:11 -0500] "GET /BLA/resoluciones/AUTOS%202008/2715.pdf HTTP/1.1" 200 100889
74.86.158.107 - - [07/May/2015:01:17:13 -0500] "HEAD / HTTP/1.1" 200 -
180.76.5.168 - - [07/May/2015:01:17:34 -0500] "GET /BLA/resoluciones/AUTOS%202012/1423.pdf HTTP/1.1" 200 399051
186.84.189.100 - - [07/May/2015:01:17:43 -0500] "POST /forms/lservlet;jsessionid=ac16012b30d62fc683c6dc814526bc5fee44f701a3c3.e3iSbxaKaheRe3eNbhaPbhuQa41ynknvrkLOlQzNp65In0 HTTP/1.1" 200 2
201.245.192.253 - - [07/May/2015:01:17:46 -0500] "GET /forest/session.jsp?a=0.9635707941683405 HTTP/1.1" 200 4
180.76.5.64 - - [07/May/2015:01:17:51 -0500] "GET /BLA/resoluciones/AUTOS%202011/0943.pdf HTTP/1.1" 200 154881
201.245.192.253 - - [07/May/2015:01:17:58 -0500] "GET /forest/session.jsp?a=0.1816521924401998 HTTP/1.1" 200 4
180.76.5.80 - - [07/May/2015:01:18:08 -0500] "GET /BLA/resoluciones/AUTOS%202010/2607.pdf HTTP/1.1" 200 160815
180.76.6.60 - - [07/May/2015:01:19:08 -0500] "GET /BLA/resoluciones/RESOLUCIONES%202008/2839.pdf HTTP/1.1" 200 256772
180.76.5.195 - - [07/May/2015:01:19:26 -0500] "GET /BLA/resoluciones/AUTOS%202009/3017.pdf HTTP/1.1" 200 185639
66.249.67.133 - - [07/May/2015:01:19:37 -0500] "GET /BLA/resoluciones/AUTOS%202012/0348.pdf HTTP/1.1" 304 -
186.84.189.100 - - [07/May/2015:01:19:43 -0500] "POST /forms/lservlet;jsessionid=ac16012b30d62fc683c6dc814526bc5fee44f701a3c3.e3iSbxaKaheRe3eNbhaPbhuQa41ynknvrkLOlQzNp65In0 HTTP/1.1" 200 2
180.76.6.135 - - [07/May/2015:01:20:00 -0500] "GET /BLA/resoluciones/AUTOS%202011/0298.pdf HTTP/1.1" 200 481092
66.249.67.120 - - [07/May/2015:01:20:04 -0500] "GET /BLA/resoluciones/AUTOS%202014/2160.pdf HTTP/1.1" 200 806722
180.76.6.43 - - [07/May/2015:01:20:17 -0500] "GET /BLA/resoluciones/AUTOS%202012/1912.pdf HTTP/1.1" 200 265532
180.76.5.78 - - [07/May/2015:01:20:35 -0500] "GET /BLA/resoluciones/RESOLUCIONES%202007/RES%202007%203801%20AL%203900/RESOLUCION%203862%20DE%202007.pdf HTTP/1.1" 200 1080389
66.249.67.164 - - [07/May/2015:01:20:50 -0500] "GET /css/bootstrap.min.css HTTP/1.1" 200 105939
66.249.67.190 - - [07/May/2015:01:20:50 -0500] "GET /css/style.css HTTP/1.1" 200 3610
180.76.5.176 - - [07/May/2015:01:20:52 -0500] "GET /BLA/resoluciones/RESOLUCIONES%202008/4162.pdf HTTP/1.1" 200 642988
66.249.67.120 - - [07/May/2015:01:21:05 -0500] "GET /BLA/resoluciones/AUTOS%202010/6291.pdf HTTP/1.1" 200 389502
180.76.5.143 - - [07/May/2015:01:21:09 -0500] "GET /BLA/resoluciones/AUTOS%202009/2234.pdf HTTP/1.1" 200 121784
186.145.246.51 - - [07/May/2015:01:21:24 -0500] "GET /BLA/resoluciones/RESOLUCIONES%202007/RES%202007%203101%20AL%203200/RESOLUCION%203183%20%20DE%202007.pdf HTTP/1.1" 200 883329
186.145.246.51 - - [07/May/2015:01:21:24 -0500] "GET /favicon.ico HTTP/1.1" 200 7782
186.145.246.51 - - [07/May/2015:01:21:24 -0500] "GET /BLA/resoluciones/RESOLUCIONES%202007/RES%202007%203101%20AL%203200/RESOLUCION%203183%20%20DE%202007.pdf HTTP/1.1" 206 32768
186.145.246.51 - - [07/May/2015:01:21:24 -0500] "GET /BLA/resoluciones/RESOLUCIONES%202007/RES%202007%203101%20AL%203200/RESOLUCION%203183%20%20DE%202007.pdf HTTP/1.1" 206 850561
66.249.67.107 - - [07/May/2015:01:21:25 -0500] "GET /BLA/resoluciones/RESOLUCIONES%202011/1854.pdf HTTP/1.1" 200 1083677
180.76.5.192 - - [07/May/2015:01:21:27 -0500] "GET /BLA/resoluciones/RESOLUCIONES%202007/RES%202007%201901%20AL%202000/RESOLUCION%201933%20DE%202007.pdf HTTP/1.1" 200 519016
186.84.189.100 - - [07/May/2015:01:21:43 -0500] "POST /forms/lservlet;jsessionid=ac16012b30d62fc683c6dc814526bc5fee44f701a3c3.e3iSbxaKaheRe3eNbhaPbhuQa41ynknvrkLOlQzNp65In0 HTTP/1.1" 200 2
180.76.6.50 - - [07/May/2015:01:21:44 -0500] "GET /BLA/resoluciones/AUTOS%202013/2256.pdf HTTP/1.1" 200 778295
180.76.5.168 - - [07/May/2015:01:22:01 -0500] "GET /BLA/boletinlegal;jsessionid=F70A6CBF801693694FADC6F427950973?/? HTTP/1.1" 404 1018
123.125.71.27 - - [07/May/2015:01:22:06 -0500] "GET /BLA/resoluciones/AUTOS%202007/0921.pdf HTTP/1.1" 200 479739
74.86.158.107 - - [07/May/2015:01:22:13 -0500] "HEAD / HTTP/1.1" 200 -
66.249.67.164 - - [07/May/2015:01:22:13 -0500] "GET /portalsiaccapacitaciones/Soportes%20Capacitaciones%20A%C3%B1o%202013/0038.%20Presentaci%C3%B3n%20Construcci%C3%B3n%20Sostenible.pdf HTTP/1.1" 404 1019
66.249.67.107 - - [07/May/2015:01:22:16 -0500] "GET /resoluciones/RESOLUCIONES%202007/RES%202007%202301%20AL%202400/RESOLUCION%202370%20DE%202007.pdf HTTP/1.1" 404 1018
180.76.5.195 - - [07/May/2015:01:22:18 -0500] "GET /BLA/resoluciones/RESOLUCIONES%202007/RES%202007%20401%20AL%20500/RESOLUCION%200449%20DE%202007.pdf HTTP/1.1" 200 1478525
66.249.67.107 - - [07/May/2015:01:22:19 -0500] "GET /BLA/resoluciones/AUTOS%202008/0884.pdf HTTP/1.1" 200 128496
66.249.67.133 - - [07/May/2015:01:22:31 -0500] "GET /BLA/resoluciones/AUTOS%202008/3157.pdf HTTP/1.1" 200 126446
66.249.67.107 - - [07/May/2015:01:22:32 -0500] "GET /BLA/resoluciones/RESOLUCIONES%202010/1628.pdf HTTP/1.1" 200 440313
66.249.67.120 - - [07/May/2015:01:22:34 -0500] "GET /BLA/resoluciones/AUTOS%202008/0329.pdf HTTP/1.1" 200 79641
180.76.6.53 - - [07/May/2015:01:22:36 -0500] "GET /BLA/resoluciones/AUTOS%202010/6153.pdf HTTP/1.1" 200 291519
201.245.192.253 - - [07/May/2015:01:22:46 -0500] "GET /forest/session.jsp?a=0.023600280428535236 HTTP/1.1" 200 4
180.76.5.176 - - [07/May/2015:01:22:53 -0500] "GET /BLA/resoluciones/RESOLUCIONES%202007/RES%202007%202001%20AL%202100/RESOLUCION%202100%20DE%202007.pdf HTTP/1.1" 200 450880
201.245.192.253 - - [07/May/2015:01:22:58 -0500] "GET /forest/session.jsp?a=0.9680237766076458 HTTP/1.1" 200 4
180.76.6.57 - - [07/May/2015:01:23:10 -0500] "GET /BLA/resoluciones/RESOLUCIONES%202007/RES%202007%20701%20AL%20800/RESOLUCION%200760%20DE%202007.pdf HTTP/1.1" 200 272294
180.76.6.213 - - [07/May/2015:01:23:28 -0500] "GET /BLA/resoluciones/AUTOS%202013/0271.pdf HTTP/1.1" 200 4588177
186.84.189.100 - - [07/May/2015:01:23:43 -0500] "POST /forms/lservlet;jsessionid=ac16012b30d62fc683c6dc814526bc5fee44f701a3c3.e3iSbxaKaheRe3eNbhaPbhuQa41ynknvrkLOlQzNp65In0 HTTP/1.1" 200 2
180.76.6.159 - - [07/May/2015:01:23:45 -0500] "GET /BLA/resoluciones/RESOLUCIONES%202008/3236.pdf HTTP/1.1" 200 238298
66.249.67.133 - - [07/May/2015:01:23:51 -0500] "GET /BLA/resoluciones/AUTOS%202008/3123.pdf HTTP/1.1" 200 55467
66.249.67.190 - - [07/May/2015:01:23:58 -0500] "GET /SIG/ECS/126PM04-PR22.pdf HTTP/1.1" 200 2341767
180.76.6.56 - - [07/May/2015:01:24:02 -0500] "GET /BLA/resoluciones/AUTOS%202013/0183.pdf HTTP/1.1" 200 3886074
180.76.5.152 - - [07/May/2015:01:24:19 -0500] "GET /BLA/resoluciones/AUTOS%202011/0130.pdf HTTP/1.1" 200 162702
180.76.6.157 - - [07/May/2015:01:24:37 -0500] "GET /BLA/resoluciones/AUTOS%202013/0963.pdf HTTP/1.1" 200 1592805
66.249.67.177 - - [07/May/2015:01:24:50 -0500] "GET /BLA/boletinlegal/jurisprudencia/analisis/CUADRO%20SENTENCIA%20C-222%20DE%202011.doc HTTP/1.1" 304 -
180.76.6.158 - - [07/May/2015:01:24:54 -0500] "GET /BLA/resoluciones/AUTOS%202014/5547.pdf HTTP/1.1" 200 220038
180.76.5.28 - - [07/May/2015:01:25:11 -0500] "GET /BLA/resoluciones/RESOLUCIONES%202007/RES%202007%201201%20AL%201300/RESOLUCION%201274%20DE%202007.pdf HTTP/1.1" 200 887193
180.76.5.61 - - [07/May/2015:01:25:28 -0500] "GET /BLA/resoluciones/RESOLUCIONES%202007/RES%202007%202401%20AL%202500/RESOLUCION%202482%20DE%202007.pdf HTTP/1.1" 200 489991
186.84.189.100 - - [07/May/2015:01:25:43 -0500] "POST /forms/lservlet;jsessionid=ac16012b30d62fc683c6dc814526bc5fee44f701a3c3.e3iSbxaKaheRe3eNbhaPbhuQa41ynknvrkLOlQzNp65In0 HTTP/1.1" 200 2
180.76.6.144 - - [07/May/2015:01:25:46 -0500] "GET /BLA/resoluciones/AUTOS%202013/2773.pdf HTTP/1.1" 200 1847063
180.76.5.81 - - [07/May/2015:01:26:03 -0500] "GET /BLA/resoluciones/RESOLUCIONES%202008/0989.pdf HTTP/1.1" 200 207936
66.249.67.120 - - [07/May/2015:01:26:12 -0500] "GET /BLA/resoluciones/AUTOS%202008/0185.pdf HTTP/1.1" 200 173193
66.249.67.120 - - [07/May/2015:01:26:18 -0500] "GET /BLA/resoluciones/AUTOS%202008/3428.pdf HTTP/1.1" 200 88736
180.76.6.134 - - [07/May/2015:01:26:20 -0500] "GET /BLA/boletinlegal;jsessionid=79D33E1F1F90EC8A4BD473C4B8037B47?/? HTTP/1.1" 404 1018
188.165.15.5 - - [07/May/2015:01:26:28 -0500] "GET /BLA/resoluciones/RESOLUCIONES%202006/RES%202006%2051-100/00000089.tif HTTP/1.1" 200 203032
180.76.6.159 - - [07/May/2015:01:26:38 -0500] "GET /BLA/resoluciones/RESOLUCIONES%202007/RES%202007%201401%20AL%201500/RESOLUCION%201466%20DE%202007.pdf HTTP/1.1" 200 270551
66.249.67.120 - - [07/May/2015:01:26:53 -0500] "GET /BLA/resoluciones/AUTOS%202008/2920.pdf HTTP/1.1" 200 68209
180.76.5.152 - - [07/May/2015:01:26:55 -0500] "GET /BLA/resoluciones/RESOLUCIONES%202007/RES%202007%202201%20AL%202300/RESOLUCION%202282%20DE%202007.pdf HTTP/1.1" 200 490944
186.84.189.100 - - [07/May/2015:01:27:07 -0500] "POST /forms/lservlet;jsessionid=ac16012b30d62fc683c6dc814526bc5fee44f701a3c3.e3iSbxaKaheRe3eNbhaPbhuQa41ynknvrkLOlQzNp65In0 HTTP/1.1" 200 414
66.249.67.133 - - [07/May/2015:01:27:10 -0500] "GET /BLA/resoluciones/AUTOS%202008/1437.pdf HTTP/1.1" 200 373858
186.84.189.100 - - [07/May/2015:01:27:11 -0500] "POST /forms/lservlet;jsessionid=ac16012b30d62fc683c6dc814526bc5fee44f701a3c3.e3iSbxaKaheRe3eNbhaPbhuQa41ynknvrkLOlQzNp65In0 HTTP/1.1" 200 78
186.84.189.100 - - [07/May/2015:01:27:11 -0500] "POST /forms/lservlet;jsessionid=ac16012b30d62fc683c6dc814526bc5fee44f701a3c3.e3iSbxaKaheRe3eNbhaPbhuQa41ynknvrkLOlQzNp65In0 HTTP/1.1" 200 -
180.76.6.49 - - [07/May/2015:01:27:12 -0500] "GET /BLA/resoluciones/RESOLUCIONES%202011/3242.pdf HTTP/1.1" 200 520783
74.86.158.107 - - [07/May/2015:01:27:13 -0500] "HEAD / HTTP/1.1" 200 -
66.249.67.107 - - [07/May/2015:01:27:23 -0500] "GET /BLA/resoluciones/AUTOS%202008/0184.pdf HTTP/1.1" 200 170171
180.76.6.157 - - [07/May/2015:01:27:29 -0500] "GET /BLA/resoluciones/AUTOS%202013/2650.pdf HTTP/1.1" 200 600915
66.249.67.120 - - [07/May/2015:01:27:30 -0500] "GET /autoliquidacion/Plan%20de%20manejo%20ambiental%20para%20sitios%20de%20aprovechamiento%20y%20o%20disposicion%20final%20de%20escombros/Aplicativo%20SCASP%20Actualizado%202014+.xlsx HTTP/1.1" 404 1018
66.249.67.107 - - [07/May/2015:01:27:44 -0500] "GET /BLA/resoluciones/AUTOS%202008/3274.pdf HTTP/1.1" 200 60258
201.245.192.253 - - [07/May/2015:01:27:46 -0500] "GET /forest/session.jsp?a=0.5782516563933974 HTTP/1.1" 200 4
180.76.6.20 - - [07/May/2015:01:27:47 -0500] "GET /BLA/boletinlegal;jsessionid=CA863706C2B14C410E3825EEBABD0C63?/? HTTP/1.1" 404 1018
201.245.192.253 - - [07/May/2015:01:27:58 -0500] "GET /forest/session.jsp?a=0.6808348325807987 HTTP/1.1" 200 4
180.76.5.28 - - [07/May/2015:01:28:04 -0500] "GET /BLA/resoluciones/RESOLUCIONES%202008/4618.pdf HTTP/1.1" 200 249940
66.249.67.120 - - [07/May/2015:01:28:12 -0500] "GET /BLA/resoluciones/AUTOS%202008/2150.pdf HTTP/1.1" 200 76992
66.249.67.120 - - [07/May/2015:01:28:16 -0500] "GET /BLA/resoluciones/AUTOS%202008/1090.pdf HTTP/1.1" 200 97369
180.76.6.135 - - [07/May/2015:01:28:21 -0500] "GET /BLA/resoluciones/RESOLUCIONES%202008/2835.pdf HTTP/1.1" 200 258717
188.165.15.5 - - [07/May/2015:01:28:29 -0500] "GET /BLA/resoluciones/RESOLUCIONES%202004/RES%202004%201151-1200/00001182.tif HTTP/1.1" 200 192214
66.249.67.120 - - [07/May/2015:01:28:36 -0500] "GET /BLA/resoluciones/AUTOS%202008/2320.pdf HTTP/1.1" 200 139301
180.76.5.151 - - [07/May/2015:01:28:39 -0500] "GET /BLA/resoluciones/AUTOS%202012/3085.pdf HTTP/1.1" 200 220913
180.76.5.77 - - [07/May/2015:01:28:56 -0500] "GET /BLA/resoluciones/AUTOS%202010/0777.pdf HTTP/1.1" 200 190185
180.76.6.14 - - [07/May/2015:01:29:13 -0500] "GET /BLA/resoluciones/RESOLUCIONES%202007/RES%202007%203801%20AL%203900/RESOLUCION%203826%20DE%202007.pdf HTTP/1.1" 200 72942
180.76.6.130 - - [07/May/2015:01:29:30 -0500] "GET /BLA/resoluciones/RESOLUCIONES%202008/3540.pdf HTTP/1.1" 200 194335
66.249.67.133 - - [07/May/2015:01:29:39 -0500] "GET /galeria/nivo-slider/demo/images/Apagon104.jpg HTTP/1.1" 200 84108
180.76.6.47 - - [07/May/2015:01:29:48 -0500] "GET /BLA/boletinlegal;jsessionid=BE452693E987FB4FDDCFB586510AEF8C?/? HTTP/1.1" 404 1018
66.249.67.107 - - [07/May/2015:01:29:58 -0500] "GET /BLA/resoluciones/AUTOS%202008/0820.pdf HTTP/1.1" 200 126813
66.249.67.133 - - [07/May/2015:01:30:10 -0500] "GET /resoluciones/RESOLUCIONES%202009/7898.pdf HTTP/1.1" 404 1018
180.76.6.16 - - [07/May/2015:01:30:22 -0500] "GET /BLA/resoluciones/AUTOS%202009/1934.pdf HTTP/1.1" 200 153960
180.76.5.94 - - [07/May/2015:01:30:40 -0500] "GET /BLA/resoluciones/RESOLUCIONES%202009/8982.pdf HTTP/1.1" 200 587422
66.249.80.34 - - [07/May/2015:01:31:08 -0500] "GET /BLA/boletinlegal/js/jquery.scrollShow.js HTTP/1.1" 200 4586
66.249.80.52 - - [07/May/2015:01:31:08 -0500] "GET /galeria/galeria/jquery.fancybox.css?v=2.1.5 HTTP/1.1" 200 4895
66.249.80.52 - - [07/May/2015:01:31:08 -0500] "GET /galeria/galeria/jquery.fancybox.js?v=2.1.5 HTTP/1.1" 200 48706
66.249.80.34 - - [07/May/2015:01:31:08 -0500] "GET /BLA/boletinlegal/js/jquery.scrollTo-min.js HTTP/1.1" 200 1150
66.249.67.120 - - [07/May/2015:01:31:12 -0500] "GET /BLA/resoluciones/AUTOS%202008/2337.pdf HTTP/1.1" 200 101039
180.76.5.73 - - [07/May/2015:01:31:14 -0500] "GET /BLA/resoluciones/AUTOS%202010/5444.pdf HTTP/1.1" 200 199381
66.249.80.43 - - [07/May/2015:01:31:18 -0500] "GET /BLA/boletinlegal/js/jquery.scrollTo-min.js HTTP/1.1" 304 -
66.249.80.43 - - [07/May/2015:01:31:18 -0500] "GET /galeria/galeria/jquery.fancybox.css?v=2.1.5 HTTP/1.1" 304 -
66.249.80.43 - - [07/May/2015:01:31:18 -0500] "GET /galeria/galeria/jquery.fancybox.js?v=2.1.5 HTTP/1.1" 304 -
66.249.80.52 - - [07/May/2015:01:31:18 -0500] "GET /BLA/boletinlegal/js/jquery.scrollShow.js HTTP/1.1" 304 -
66.249.67.107 - - [07/May/2015:01:31:19 -0500] "GET /BLA/resoluciones/AUTOS%202008/0961.pdf HTTP/1.1" 200 85477
199.195.118.53 - - [07/May/2015:01:31:22 -0500] "GET / HTTP/1.1" 200 10190
207.46.13.66 - - [07/May/2015:01:31:29 -0500] "GET /dama/libreria/php/decide.php?patron=03.1305020113&numm=4 HTTP/1.1" 404 1019
194.187.168.21 - - [07/May/2015:01:31:42 -0500] "GET /robots.txt HTTP/1.0" 404 1018
194.187.168.21 - - [07/May/2015:01:31:42 -0500] "GET /galeria/nivo-slider/demo/demo.html HTTP/1.0" 200 4711
180.76.5.26 - - [07/May/2015:01:32:12 -0500] "GET /BLA/resoluciones/RESOLUCIONES%202007/RES%202007%201001%20AL%201100/RESOLUCION%201057%20DE%202007.pdf HTTP/1.1" 200 55837
74.86.158.107 - - [07/May/2015:01:32:12 -0500] "HEAD / HTTP/1.1" 200 -
188.165.15.5 - - [07/May/2015:01:32:23 -0500] "GET /BLA/resoluciones/RESOLUCIONES%202006/RES%202006%201651-1700/00001690.tif HTTP/1.1" 200 226246
180.76.5.170 - - [07/May/2015:01:32:29 -0500] "GET /BLA/boletinlegal;jsessionid=781DA2173903EAD66D141476CC9C49F5?/? HTTP/1.1" 404 1018
201.245.192.253 - - [07/May/2015:01:32:46 -0500] "GET /forest/session.jsp?a=0.1010307648468256 HTTP/1.1" 200 4
66.249.67.133 - - [07/May/2015:01:32:52 -0500] "GET /resoluciones/RESOLUCIONES%202009/2437.pdf HTTP/1.1" 404 1018
201.245.192.253 - - [07/May/2015:01:32:58 -0500] "GET /forest/session.jsp?a=0.14261183325907056 HTTP/1.1" 200 4
200.118.63.90 - - [07/May/2015:01:33:08 -0500] "GET /BLA/boletinlegal/js/jquery.scrollTo-min.js HTTP/1.1" 200 1150
200.118.63.90 - - [07/May/2015:01:33:08 -0500] "GET /galeria/galeria/jquery.fancybox.css?v=2.1.5 HTTP/1.1" 200 4895
200.118.63.90 - - [07/May/2015:01:33:08 -0500] "GET /BLA/boletinlegal/js/jquery.scrollShow.js HTTP/1.1" 200 4586
200.118.63.90 - - [07/May/2015:01:33:08 -0500] "GET /galeria/galeria/jquery.fancybox.js?v=2.1.5 HTTP/1.1" 200 48706
200.118.63.90 - - [07/May/2015:01:33:12 -0500] "GET /BLA/boletinlegal/js/jquery.scrollTo-min.js HTTP/1.1" 304 -
200.118.63.90 - - [07/May/2015:01:33:12 -0500] "GET /galeria/galeria/jquery.fancybox.css?v=2.1.5 HTTP/1.1" 304 -
200.118.63.90 - - [07/May/2015:01:33:12 -0500] "GET /BLA/boletinlegal/js/jquery.scrollShow.js HTTP/1.1" 304 -
200.118.63.90 - - [07/May/2015:01:33:12 -0500] "GET /galeria/galeria/jquery.fancybox.js?v=2.1.5 HTTP/1.1" 304 -
66.249.67.107 - - [07/May/2015:01:33:25 -0500] "GET /BLA/resoluciones/AUTOS%202011/4403.pdf HTTP/1.1" 200 205884
66.249.67.107 - - [07/May/2015:01:33:34 -0500] "GET /BLA/resoluciones/AUTOS%202008/0650.pdf HTTP/1.1" 200 201992
180.76.5.58 - - [07/May/2015:01:34:10 -0500] "GET /BLA/resoluciones/AUTOS%202009/0763.pdf HTTP/1.1" 200 268350
180.76.6.44 - - [07/May/2015:01:34:27 -0500] "GET /BLA/boletinlegal;jsessionid=F6F0DF98906853DE8A6BBBE0CFAE6571?/? HTTP/1.1" 404 1018
180.76.5.175 - - [07/May/2015:01:35:02 -0500] "GET /BLA/resoluciones/AUTOS%202009/3247.pdf HTTP/1.1" 200 193069
95.108.158.240 - - [07/May/2015:01:35:03 -0500] "GET /galeria/juegos/objects/?C=N;O=D HTTP/1.1" 200 782
66.249.67.133 - - [07/May/2015:01:35:10 -0500] "GET /BLA/resoluciones/RESOLUCIONES%202009/9237.pdf HTTP/1.1" 200 517093
189.231.6.96 - - [07/May/2015:01:35:20 -0500] "GET /BLA/boletinlegal/js/jquery.scrollShow.js HTTP/1.1" 200 4586
189.231.6.96 - - [07/May/2015:01:35:20 -0500] "GET /BLA/boletinlegal/js/jquery.scrollTo-min.js HTTP/1.1" 200 1150
189.231.6.96 - - [07/May/2015:01:35:20 -0500] "GET /galeria/galeria/jquery.fancybox.css?v=2.1.5 HTTP/1.1" 200 4895
189.231.6.96 - - [07/May/2015:01:35:20 -0500] "GET /galeria/galeria/jquery.fancybox.js?v=2.1.5 HTTP/1.1" 200 48706
66.249.67.133 - - [07/May/2015:01:35:34 -0500] "GET /BLA/resoluciones/AUTOS%202011/0170.pdf HTTP/1.1" 200 163603
189.231.6.96 - - [07/May/2015:01:35:39 -0500] "GET /BLA/boletinlegal/js/jquery.scrollShow.js HTTP/1.1" 304 -
189.231.6.96 - - [07/May/2015:01:35:39 -0500] "GET /BLA/boletinlegal/js/jquery.scrollTo-min.js HTTP/1.1" 304 -
189.231.6.96 - - [07/May/2015:01:35:39 -0500] "GET /galeria/galeria/jquery.fancybox.js?v=2.1.5 HTTP/1.1" 304 -
189.231.6.96 - - [07/May/2015:01:35:39 -0500] "GET /galeria/galeria/jquery.fancybox.css?v=2.1.5 HTTP/1.1" 304 -
194.187.168.21 - - [07/May/2015:01:35:29 -0500] "GET /BLA/boletinlegal/ HTTP/1.0" 200 46052
187.165.204.69 - - [07/May/2015:01:36:30 -0500] "GET /BLA/boletinlegal/js/jquery.scrollTo-min.js HTTP/1.1" 200 1150
187.165.204.69 - - [07/May/2015:01:36:30 -0500] "GET /BLA/boletinlegal/js/jquery.scrollShow.js HTTP/1.1" 200 4586
187.165.204.69 - - [07/May/2015:01:36:30 -0500] "GET /galeria/galeria/jquery.fancybox.js?v=2.1.5 HTTP/1.1" 200 48706
187.165.204.69 - - [07/May/2015:01:36:30 -0500] "GET /galeria/galeria/jquery.fancybox.css?v=2.1.5 HTTP/1.1" 200 4895
187.165.204.69 - - [07/May/2015:01:36:37 -0500] "GET /BLA/boletinlegal/js/jquery.scrollShow.js HTTP/1.1" 304 -
187.165.204.69 - - [07/May/2015:01:36:37 -0500] "GET /galeria/galeria/jquery.fancybox.js?v=2.1.5 HTTP/1.1" 304 -
187.165.204.69 - - [07/May/2015:01:36:37 -0500] "GET /galeria/galeria/jquery.fancybox.css?v=2.1.5 HTTP/1.1" 304 -
187.165.204.69 - - [07/May/2015:01:36:37 -0500] "GET /BLA/boletinlegal/js/jquery.scrollTo-min.js HTTP/1.1" 304 -
180.76.6.62 - - [07/May/2015:01:36:41 -0500] "GET /BLA/boletinlegal;jsessionid=A46D502459AA397710D05A54D5C35EBE?/? HTTP/1.1" 404 1018
66.249.67.107 - - [07/May/2015:01:37:03 -0500] "GET /BLA/resoluciones/RESOLUCIONES%202010/5986.pdf HTTP/1.1" 200 1993994
74.86.158.107 - - [07/May/2015:01:37:12 -0500] "HEAD / HTTP/1.1" 200 -
66.249.67.133 - - [07/May/2015:01:37:17 -0500] "GET /BLA/resoluciones/AUTOS%202010/5255.pdf HTTP/1.1" 200 189451
180.76.5.188 - - [07/May/2015:01:37:28 -0500] "GET /BLA/resoluciones/index.php?dir=AUTOS%202014/&sort=name&order=desc HTTP/1.1" 200 303158
201.245.192.253 - - [07/May/2015:01:37:46 -0500] "GET /forest/session.jsp?a=0.18248210164922163 HTTP/1.1" 200 4
201.245.192.253 - - [07/May/2015:01:37:58 -0500] "GET /forest/session.jsp?a=0.06542167700240864 HTTP/1.1" 200 4
66.249.67.107 - - [07/May/2015:01:38:02 -0500] "GET /BLA/resoluciones/RESOLUCIONES%202010/6342.pdf HTTP/1.1" 200 458346
66.249.67.107 - - [07/May/2015:01:38:14 -0500] "GET /BLA/resoluciones/AUTOS%202008/2925.pdf HTTP/1.1" 200 101775
66.249.67.107 - - [07/May/2015:01:38:19 -0500] "GET /BLA/resoluciones/RESOLUCIONES%202014/1115.pdf HTTP/1.1" 304 -
188.165.15.5 - - [07/May/2015:01:38:50 -0500] "GET /BLA/resoluciones/RESOLUCIONES%202004/RES%202004%202101-2150/00002132.tif HTTP/1.1" 200 44346
66.249.67.120 - - [07/May/2015:01:38:35 -0500] "GET /BLA/boletinlegal/ HTTP/1.1" 200 50649
66.249.67.107 - - [07/May/2015:01:39:18 -0500] "GET /BLA/resoluciones/AUTOS%202008/2398.pdf HTTP/1.1" 200 127380
180.76.5.65 - - [07/May/2015:01:39:20 -0500] "GET /BLA/resoluciones/AUTOS%202009/2556.pdf HTTP/1.1" 200 102112
180.76.5.58 - - [07/May/2015:01:39:37 -0500] "GET /BLA/resoluciones/RESOLUCIONES%202007/RES%202007%204201%20AL%204300/RESOLUCION%204228%20DE%202007.pdf HTTP/1.1" 200 268519
66.249.67.120 - - [07/May/2015:01:39:57 -0500] "GET /BLA/resoluciones/RESOLUCIONES%202007/RES%202007%20901%20AL%201000/RESOLUCION%200936%20DE%202007.pdf HTTP/1.1" 200 232633
190.8.250.216 - - [07/May/2015:01:40:07 -0500] "GET /BLA/boletinlegal/js/jquery.scrollTo-min.js HTTP/1.1" 200 1150
190.8.250.216 - - [07/May/2015:01:40:07 -0500] "GET /galeria/galeria/jquery.fancybox.js?v=2.1.5 HTTP/1.1" 200 48706
190.8.250.216 - - [07/May/2015:01:40:07 -0500] "GET /galeria/galeria/jquery.fancybox.css?v=2.1.5 HTTP/1.1" 200 4895
190.8.250.216 - - [07/May/2015:01:40:07 -0500] "GET /BLA/boletinlegal/js/jquery.scrollShow.js HTTP/1.1" 200 4586
66.249.67.107 - - [07/May/2015:01:40:55 -0500] "GET /BLA/resoluciones/AUTOS%202008/0394.pdf HTTP/1.1" 200 107547
190.8.250.216 - - [07/May/2015:01:40:57 -0500] "GET /galeria/galeria/jquery.fancybox.css?v=2.1.5 HTTP/1.1" 304 -
190.8.250.216 - - [07/May/2015:01:40:57 -0500] "GET /BLA/boletinlegal/js/jquery.scrollTo-min.js HTTP/1.1" 304 -
190.8.250.216 - - [07/May/2015:01:40:57 -0500] "GET /galeria/galeria/jquery.fancybox.js?v=2.1.5 HTTP/1.1" 304 -
190.8.250.216 - - [07/May/2015:01:40:57 -0500] "GET /BLA/boletinlegal/js/jquery.scrollShow.js HTTP/1.1" 304 -
180.76.6.140 - - [07/May/2015:01:40:57 -0500] "GET /BLA/boletinlegal;jsessionid=7B8C1B5614AAC320D3ADE06B10DD883B?/? HTTP/1.1" 404 1018
66.249.67.133 - - [07/May/2015:01:41:04 -0500] "GET /BLA/resoluciones/RESOLUCIONES%202010/6625.pdf HTTP/1.1" 304 -
180.76.6.54 - - [07/May/2015:01:41:15 -0500] "GET /BLA/resoluciones/AUTOS%202013/2501.pdf HTTP/1.1" 200 1025299
180.76.6.156 - - [07/May/2015:01:41:32 -0500] "GET /BLA/resoluciones/RESOLUCIONES%202008/0352.pdf HTTP/1.1" 200 248853
66.249.67.133 - - [07/May/2015:01:41:35 -0500] "GET /BLA/resoluciones/AUTOS%202008/2081.pdf HTTP/1.1" 200 117875
66.249.67.133 - - [07/May/2015:01:41:47 -0500] "GET /BLA/resoluciones/AUTOS%202008/1456.pdf HTTP/1.1" 200 99567
190.242.72.34 - - [07/May/2015:01:41:47 -0500] "GET /BLA/resoluciones/RESOLUCIONES%202010/7206.pdf HTTP/1.1" 200 982364
180.76.5.28 - - [07/May/2015:01:41:49 -0500] "GET /BLA/resoluciones/AUTOS%202009/2249.pdf HTTP/1.1" 200 121259
180.76.6.55 - - [07/May/2015:01:42:06 -0500] "GET /BLA/resoluciones/AUTOS%202009/1421.pdf HTTP/1.1" 200 108886
66.249.67.120 - - [07/May/2015:01:42:11 -0500] "GET /BLA/resoluciones/AUTOS%202008/0571.pdf HTTP/1.1" 200 95897
74.86.158.107 - - [07/May/2015:01:42:12 -0500] "HEAD / HTTP/1.1" 200 -
66.249.67.120 - - [07/May/2015:01:42:16 -0500] "GET /BLA/resoluciones/AUTOS%202008/0730.pdf HTTP/1.1" 200 134080
180.76.6.64 - - [07/May/2015:01:42:24 -0500] "GET /BLA/resoluciones/RESOLUCIONES%202008/0811.pdf HTTP/1.1" 200 389631
180.76.5.60 - - [07/May/2015:01:42:42 -0500] "GET /BLA/resoluciones/AUTOS%202009/2248.pdf HTTP/1.1" 200 123137
201.245.192.253 - - [07/May/2015:01:42:46 -0500] "GET /forest/session.jsp?a=0.03722282469128646 HTTP/1.1" 200 4
66.249.67.107 - - [07/May/2015:01:42:52 -0500] "GET /BLA/resoluciones/AUTOS%202008/0687.pdf HTTP/1.1" 200 89648
66.249.67.107 - - [07/May/2015:01:42:53 -0500] "GET /BLA/resoluciones/AUTOS%202007/2234.pdf HTTP/1.1" 200 79705
190.24.44.92 - - [07/May/2015:01:42:54 -0500] "GET /BLA/boletinlegal/js/jquery.scrollTo-min.js HTTP/1.1" 200 1150
190.24.44.92 - - [07/May/2015:01:42:54 -0500] "GET /BLA/boletinlegal/js/jquery.scrollShow.js HTTP/1.1" 200 4586
190.24.44.92 - - [07/May/2015:01:42:54 -0500] "GET /galeria/galeria/jquery.fancybox.css?v=2.1.5 HTTP/1.1" 200 4895
190.24.44.92 - - [07/May/2015:01:42:54 -0500] "GET /galeria/carrusel/Carrusel/jquery.thumbnailScroller.css HTTP/1.1" 200 2066
190.24.44.92 - - [07/May/2015:01:42:54 -0500] "GET /galeria/galeria/jquery.fancybox.js?v=2.1.5 HTTP/1.1" 200 48706
190.24.44.92 - - [07/May/2015:01:42:54 -0500] "GET /galeria/carrusel/Carrusel/jquery-ui-1.8.13.custom.min.js HTTP/1.1" 200 10800
190.24.44.92 - - [07/May/2015:01:42:54 -0500] "GET /galeria/carrusel/Carrusel/jquery.thumbnailScroller.js HTTP/1.1" 200 8157
190.24.44.92 - - [07/May/2015:01:42:56 -0500] "GET /galeria/nivo-slider/demo/demo.html HTTP/1.1" 200 4711
201.245.192.253 - - [07/May/2015:01:42:58 -0500] "GET /forest/session.jsp?a=0.01845742129473804 HTTP/1.1" 200 4
180.76.6.232 - - [07/May/2015:01:42:58 -0500] "GET /BLA/resoluciones/AUTOS%202009/0364.pdf HTTP/1.1" 200 370605
190.24.44.92 - - [07/May/2015:01:43:00 -0500] "GET /galeria/nivo-slider/themes/default/default.css HTTP/1.1" 200 1569
66.249.67.120 - - [07/May/2015:01:43:00 -0500] "GET /BLA/resoluciones/RESOLUCIONES%202011/5204.pdf HTTP/1.1" 200 636673
190.24.44.92 - - [07/May/2015:01:43:00 -0500] "GET /galeria/nivo-slider/themes/pascal/pascal.css HTTP/1.1" 200 2258
190.24.44.92 - - [07/May/2015:01:43:00 -0500] "GET /galeria/nivo-slider/themes/orman/orman.css HTTP/1.1" 200 2152
190.24.44.92 - - [07/May/2015:01:43:00 -0500] "GET /galeria/nivo-slider/nivo-slider.css HTTP/1.1" 200 1507
190.24.44.92 - - [07/May/2015:01:43:00 -0500] "GET /galeria/nivo-slider/demo/style.css HTTP/1.1" 200 2222
190.24.44.92 - - [07/May/2015:01:43:00 -0500] "GET /galeria/nivo-slider/jquery.nivo.slider.pack.js HTTP/1.1" 200 11561
190.24.44.92 - - [07/May/2015:01:43:00 -0500] "GET /galeria/nivo-slider/demo/scripts/jquery-1.7.1.min.js HTTP/1.1" 200 93868
190.24.44.92 - - [07/May/2015:01:43:00 -0500] "GET /galeria/nivo-slider/demo/images/Banner-ParticipacionPYB.jpg HTTP/1.1" 200 154035
190.24.44.92 - - [07/May/2015:01:43:00 -0500] "GET /galeria/nivo-slider/demo/images/9Signos.jpg HTTP/1.1" 200 81776
190.24.44.92 - - [07/May/2015:01:43:00 -0500] "GET /galeria/nivo-slider/demo/images/Libertad-Prensa.jpg HTTP/1.1" 200 244417
190.24.44.92 - - [07/May/2015:01:43:00 -0500] "GET /galeria/nivo-slider/demo/images/Banner-salud.jpg HTTP/1.1" 200 181685
190.24.44.92 - - [07/May/2015:01:43:01 -0500] "GET /galeria/nivo-slider/demo/images/4Simple_Slider.png HTTP/1.1" 200 11722
190.24.44.92 - - [07/May/2015:01:43:02 -0500] "GET /galeria/nivo-slider/themes/default/loading.gif HTTP/1.1" 200 1737
190.24.44.92 - - [07/May/2015:01:43:02 -0500] "GET /galeria/nivo-slider/demo/images/mailling-acercar-xpress.jpg HTTP/1.1" 200 63683
190.24.44.92 - - [07/May/2015:01:43:03 -0500] "GET /galeria/nivo-slider/demo/images/acuerdo_569.jpg HTTP/1.1" 200 62670
190.24.44.92 - - [07/May/2015:01:43:03 -0500] "GET /galeria/nivo-slider/demo/images/convocatoriaConsejoConsultivo.jpg HTTP/1.1" 200 147494
190.24.44.92 - - [07/May/2015:01:43:03 -0500] "GET /galeria/nivo-slider/demo/images/Licitaciones-proyecto-paramo.jpg HTTP/1.1" 200 221877
190.24.44.92 - - [07/May/2015:01:43:03 -0500] "GET /galeria/nivo-slider/demo/images/Banner-decreto1299.jpg HTTP/1.1" 200 182613
190.24.44.92 - - [07/May/2015:01:43:04 -0500] "GET /galeria/nivo-slider/demo/images/Banner-Directorio.jpg HTTP/1.1" 200 182068
190.24.44.92 - - [07/May/2015:01:43:05 -0500] "GET /galeria/nivo-slider/demo/images/Ruta-vertimientos-01.jpg HTTP/1.1" 200 130151
190.24.44.92 - - [07/May/2015:01:43:05 -0500] "GET /galeria/nivo-slider/demo/images/bolsas-06.jpg HTTP/1.1" 200 90982
190.24.44.92 - - [07/May/2015:01:43:06 -0500] "GET /galeria/nivo-slider/demo/images/bolsas-08.jpg HTTP/1.1" 200 85589
190.24.44.92 - - [07/May/2015:01:43:06 -0500] "GET /galeria/nivo-slider/demo/images/Conoce-los-humedales.jpg HTTP/1.1" 200 294036
190.24.44.92 - - [07/May/2015:01:43:07 -0500] "GET /galeria/nivo-slider/demo/images/ecolecta-Dic2014.png HTTP/1.1" 200 288593
190.24.44.92 - - [07/May/2015:01:43:08 -0500] "GET /galeria/nivo-slider/demo/images/porloshumedales.jpg HTTP/1.1" 200 351238
66.249.67.133 - - [07/May/2015:01:43:08 -0500] "GET /BLA/resoluciones/AUTOS%202011/3297.pdf HTTP/1.1" 200 215923
190.24.44.92 - - [07/May/2015:01:43:08 -0500] "GET /galeria/nivo-slider/demo/images/Tingua-azul.jpg HTTP/1.1" 200 307638
190.24.44.92 - - [07/May/2015:01:43:09 -0500] "GET /galeria/nivo-slider/demo/images/banner-llantas2.jpg HTTP/1.1" 200 73153
190.24.44.92 - - [07/May/2015:01:43:14 -0500] "GET /galeria/nivo-slider/themes/default/arrows.png HTTP/1.1" 200 824
190.24.44.92 - - [07/May/2015:01:43:14 -0500] "GET /galeria/nivo-slider/themes/default/bullets.png HTTP/1.1" 200 1281
66.249.67.133 - - [07/May/2015:01:43:14 -0500] "GET /BLA/resoluciones/AUTOS%202014/0836.pdf HTTP/1.1" 200 231455
180.76.5.146 - - [07/May/2015:01:43:16 -0500] "GET /BLA/boletinlegal;jsessionid=08661C5742865BF3DC227433486AF31E?/? HTTP/1.1" 404 1018
66.249.67.120 - - [07/May/2015:01:43:51 -0500] "GET /BLA/resoluciones/RESOLUCIONES%202007/RES%202007%20601%20AL%20700/RESOLUCION%200670%20DE%202007.pdf HTTP/1.1" 304 -
66.249.67.133 - - [07/May/2015:01:44:21 -0500] "GET /BLA/resoluciones/AUTOS%202008/1210.pdf HTTP/1.1" 200 81124
180.76.5.21 - - [07/May/2015:01:44:22 -0500] "GET /BLA/boletinlegal;jsessionid=D82B3616F23907E45C0524115A2E2A74?/? HTTP/1.1" 404 1018
186.28.213.181 - - [07/May/2015:01:44:29 -0500] "GET /galeria/galeria/jquery.fancybox.js?v=2.1.5 HTTP/1.1" 200 48706
186.28.213.181 - - [07/May/2015:01:44:29 -0500] "GET /galeria/galeria/jquery.fancybox.css?v=2.1.5 HTTP/1.1" 200 4895
186.28.213.181 - - [07/May/2015:01:44:29 -0500] "GET /BLA/boletinlegal/js/jquery.scrollTo-min.js HTTP/1.1" 200 1150
186.28.213.181 - - [07/May/2015:01:44:29 -0500] "GET /BLA/boletinlegal/js/jquery.scrollShow.js HTTP/1.1" 200 4586
180.76.5.25 - - [07/May/2015:01:44:39 -0500] "GET /BLA/resoluciones/AUTOS%202010/4454.pdf HTTP/1.1" 200 159763
180.76.6.131 - - [07/May/2015:01:44:56 -0500] "GET /BLA/resoluciones/AUTOS%202009/1300.pdf HTTP/1.1" 200 195796
181.135.156.39 - - [07/May/2015:01:45:10 -0500] "GET /BLA/boletinlegal/js/jquery.scrollTo-min.js HTTP/1.1" 200 1150
181.135.156.39 - - [07/May/2015:01:45:10 -0500] "GET /galeria/galeria/jquery.fancybox.css?v=2.1.5 HTTP/1.1" 200 4895
181.135.156.39 - - [07/May/2015:01:45:10 -0500] "GET /BLA/boletinlegal/js/jquery.scrollShow.js HTTP/1.1" 200 4586
181.135.156.39 - - [07/May/2015:01:45:10 -0500] "GET /galeria/galeria/jquery.fancybox.js?v=2.1.5 HTTP/1.1" 200 48706
181.135.156.39 - - [07/May/2015:01:45:11 -0500] "GET /autoliquidacion HTTP/1.1" 301 310
181.135.156.39 - - [07/May/2015:01:45:12 -0500] "GET /autoliquidacion/ HTTP/1.1" 200 6375
181.135.156.39 - - [07/May/2015:01:45:13 -0500] "GET /autoliquidacion/dlf/styles.css HTTP/1.1" 200 3045
181.135.156.39 - - [07/May/2015:01:45:13 -0500] "GET /autoliquidacion/dlf/folder.png HTTP/1.1" 200 410
181.135.156.39 - - [07/May/2015:01:45:13 -0500] "GET /autoliquidacion/dlf/bg.gif HTTP/1.1" 200 54
180.76.5.172 - - [07/May/2015:01:45:14 -0500] "GET /BLA/resoluciones/RESOLUCIONES%202007/RES%202007%202901%20AL%203000/RESOLUCION%202949%20DE%202007.pdf HTTP/1.1" 200 266588
181.135.156.39 - - [07/May/2015:01:45:15 -0500] "GET /BLA/boletinlegal/js/jquery.scrollShow.js HTTP/1.1" 304 -
181.135.156.39 - - [07/May/2015:01:45:15 -0500] "GET /BLA/boletinlegal/js/jquery.scrollTo-min.js HTTP/1.1" 304 -
181.135.156.39 - - [07/May/2015:01:45:15 -0500] "GET /galeria/galeria/jquery.fancybox.js?v=2.1.5 HTTP/1.1" 304 -
181.135.156.39 - - [07/May/2015:01:45:15 -0500] "GET /galeria/galeria/jquery.fancybox.css?v=2.1.5 HTTP/1.1" 304 -
181.135.156.39 - - [07/May/2015:01:45:16 -0500] "GET /autoliquidacion HTTP/1.1" 301 310
181.135.156.39 - - [07/May/2015:01:45:16 -0500] "GET /autoliquidacion/ HTTP/1.1" 200 6375
186.118.37.28 - - [07/May/2015:01:45:16 -0500] "GET /galeria/galeria/jquery.fancybox.css?v=2.1.5 HTTP/1.1" 200 4895
186.118.37.28 - - [07/May/2015:01:45:16 -0500] "GET /BLA/boletinlegal/js/jquery.scrollShow.js HTTP/1.1" 200 4586
186.118.37.28 - - [07/May/2015:01:45:16 -0500] "GET /BLA/boletinlegal/js/jquery.scrollTo-min.js HTTP/1.1" 200 1150
186.118.37.28 - - [07/May/2015:01:45:16 -0500] "GET /galeria/galeria/jquery.fancybox.js?v=2.1.5 HTTP/1.1" 200 48706
181.135.156.39 - - [07/May/2015:01:45:17 -0500] "GET /autoliquidacion/dlf/styles.css HTTP/1.1" 304 -
181.135.156.39 - - [07/May/2015:01:45:17 -0500] "GET /autoliquidacion/dlf/folder.png HTTP/1.1" 304 -
180.76.5.196 - - [07/May/2015:01:45:31 -0500] "GET /BLA/resoluciones/AUTOS%202012/0351.pdf HTTP/1.1" 200 340126
181.135.156.39 - - [07/May/2015:01:45:52 -0500] "GET /galeria/bibloteca/contentflow.js HTTP/1.1" 200 42804
181.135.156.39 - - [07/May/2015:01:45:53 -0500] "GET /galeria/bibloteca/mycontentflow.css HTTP/1.1" 200 3110
181.135.156.39 - - [07/May/2015:01:45:53 -0500] "GET /galeria/bibloteca/ContentFlowAddOn_white.js HTTP/1.1" 200 2497
181.135.156.39 - - [07/May/2015:01:45:53 -0500] "GET /galeria/bibloteca/contentflow.css HTTP/1.1" 200 3201
181.135.156.39 - - [07/May/2015:01:45:53 -0500] "GET /galeria/bibloteca/ContentFlowAddOn_white.css HTTP/1.1" 200 3355
181.135.156.39 - - [07/May/2015:01:45:53 -0500] "GET /galeria/bibloteca/img/loader.gif HTTP/1.1" 200 8238
181.135.156.39 - - [07/May/2015:01:45:53 -0500] "GET /galeria/bibloteca/img/scrollbar_white.png HTTP/1.1" 200 82
181.135.156.39 - - [07/May/2015:01:45:53 -0500] "GET /galeria/bibloteca/img/slider_white.png HTTP/1.1" 200 178
181.135.156.39 - - [07/May/2015:01:45:56 -0500] "GET /galeria/bibloteca/img/scrollbar_black.png HTTP/1.1" 200 82
181.135.156.39 - - [07/May/2015:01:45:56 -0500] "GET /galeria/bibloteca/img/slider_black.png HTTP/1.1" 200 175
181.135.156.39 - - [07/May/2015:01:45:56 -0500] "GET /galeria/bibloteca/img/1x1_0.5_white.png HTTP/1.1" 200 82
181.135.156.39 - - [07/May/2015:01:45:56 -0500] "GET /galeria/bibloteca/img/ajax-loader.gif HTTP/1.1" 200 9427
180.76.5.197 - - [07/May/2015:01:46:26 -0500] "GET /BLA/resoluciones/AUTOS%202010/1387.pdf HTTP/1.1" 200 239701
66.249.67.107 - - [07/May/2015:01:46:38 -0500] "GET /BLA/resoluciones/RESOLUCIONES%202007/RES%202007%203101%20AL%203200/RESOLUCION%203185%20DE%202007.pdf HTTP/1.1" 304 -
180.76.6.152 - - [07/May/2015:01:46:43 -0500] "GET /BLA/boletinlegal;jsessionid=4A2977FBCB0E4D05D08E200C40EDA4EB?/? HTTP/1.1" 404 1018
66.249.67.107 - - [07/May/2015:01:46:46 -0500] "GET /BLA/resoluciones/RESOLUCIONES%202010/2171.pdf HTTP/1.1" 200 489445
186.118.37.28 - - [07/May/2015:01:46:49 -0500] "GET /galeria/galeria/jquery.fancybox.css?v=2.1.5 HTTP/1.1" 304 -
186.118.37.28 - - [07/May/2015:01:46:49 -0500] "GET /BLA/boletinlegal/js/jquery.scrollTo-min.js HTTP/1.1" 304 -
186.118.37.28 - - [07/May/2015:01:46:49 -0500] "GET /BLA/boletinlegal/js/jquery.scrollShow.js HTTP/1.1" 304 -
186.118.37.28 - - [07/May/2015:01:46:49 -0500] "GET /galeria/galeria/jquery.fancybox.js?v=2.1.5 HTTP/1.1" 304 -
66.249.67.133 - - [07/May/2015:01:46:57 -0500] "GET /BLA/resoluciones/AUTOS%202008/0668.pdf HTTP/1.1" 200 155033
66.249.67.107 - - [07/May/2015:01:46:59 -0500] "GET /BLA/resoluciones/RESOLUCIONES%202010/1194.pdf HTTP/1.1" 200 97447
66.249.67.133 - - [07/May/2015:01:47:11 -0500] "GET /BLA/resoluciones/AUTOS%202008/2978.pdf HTTP/1.1" 200 103652
74.86.158.107 - - [07/May/2015:01:47:12 -0500] "HEAD / HTTP/1.1" 200 -
201.245.192.253 - - [07/May/2015:01:47:46 -0500] "GET /forest/session.jsp?a=0.05715046512092958 HTTP/1.1" 200 4
180.76.6.145 - - [07/May/2015:01:47:54 -0500] "GET /BLA/resoluciones/AUTOS%202011/1553.pdf HTTP/1.1" 200 329640
201.245.192.253 - - [07/May/2015:01:47:58 -0500] "GET /forest/session.jsp?a=0.40688976414432443 HTTP/1.1" 200 4
180.76.6.136 - - [07/May/2015:01:48:12 -0500] "GET /BLA/resoluciones/AUTOS%202009/2791.pdf HTTP/1.1" 200 93012
188.165.15.5 - - [07/May/2015:01:48:29 -0500] "GET /BLA/resoluciones/RESOLUCIONES%202002/RES%202002%201251-1301/20021281.tif HTTP/1.1" 200 166364
180.76.6.142 - - [07/May/2015:01:48:29 -0500] "GET /BLA/resoluciones/RESOLUCIONES%202008/0317.pdf HTTP/1.1" 200 823706
180.76.6.233 - - [07/May/2015:01:48:46 -0500] "GET /BLA/resoluciones/AUTOS%202009/1893.pdf HTTP/1.1" 200 206945
181.132.79.57 - - [07/May/2015:01:48:50 -0500] "GET /galeria/galeria/jquery.fancybox.css?v=2.1.5 HTTP/1.1" 200 4895
181.132.79.57 - - [07/May/2015:01:48:50 -0500] "GET /BLA/boletinlegal/js/jquery.scrollTo-min.js HTTP/1.1" 200 1150
181.132.79.57 - - [07/May/2015:01:48:50 -0500] "GET /BLA/boletinlegal/js/jquery.scrollShow.js HTTP/1.1" 200 4586
181.132.79.57 - - [07/May/2015:01:48:50 -0500] "GET /galeria/galeria/jquery.fancybox.js?v=2.1.5 HTTP/1.1" 200 48706
66.249.67.120 - - [07/May/2015:01:48:51 -0500] "GET /BLA/resoluciones/AUTOS%202008/2782.pdf HTTP/1.1" 200 104655
181.132.79.57 - - [07/May/2015:01:48:59 -0500] "GET /galeria/galeria/jquery.fancybox.css?v=2.1.5 HTTP/1.1" 304 -
181.132.79.57 - - [07/May/2015:01:48:59 -0500] "GET /BLA/boletinlegal/js/jquery.scrollTo-min.js HTTP/1.1" 304 -
181.132.79.57 - - [07/May/2015:01:48:59 -0500] "GET /BLA/boletinlegal/js/jquery.scrollShow.js HTTP/1.1" 304 -
181.132.79.57 - - [07/May/2015:01:48:59 -0500] "GET /galeria/galeria/jquery.fancybox.js?v=2.1.5 HTTP/1.1" 304 -
180.76.6.132 - - [07/May/2015:01:49:03 -0500] "GET /BLA/resoluciones/RESOLUCIONES%202007/RES%202007%20201%20AL%20300/RESOLUCION%200231%20DE%202007.pdf HTTP/1.1" 200 337801
180.76.6.28 - - [07/May/2015:01:49:21 -0500] "GET /BLA/resoluciones/AUTOS%202011/0163.pdf HTTP/1.1" 200 762581
66.249.67.107 - - [07/May/2015:01:49:29 -0500] "GET /BLA/resoluciones/AUTOS%202013/0552.pdf HTTP/1.1" 200 1678912
180.76.6.151 - - [07/May/2015:01:49:38 -0500] "GET /BLA/resoluciones/RESOLUCIONES%202008/4549.pdf HTTP/1.1" 200 382939
180.76.6.61 - - [07/May/2015:01:49:55 -0500] "GET /BLA/resoluciones/RESOLUCIONES%202004/RES%202004%202101-2150/INDEX.DAT HTTP/1.1" 200 2000
180.76.5.69 - - [07/May/2015:01:50:12 -0500] "GET /BLA/resoluciones/AUTOS%202009/3251.pdf HTTP/1.1" 200 114349
66.249.67.133 - - [07/May/2015:01:50:22 -0500] "GET /BLA/resoluciones/RESOLUCIONES%202009/9345.pdf HTTP/1.1" 200 497051
180.76.4.38 - - [07/May/2015:01:50:23 -0500] "GET / HTTP/1.1" 200 10190
180.76.5.95 - - [07/May/2015:01:50:30 -0500] "GET /BLA/boletinlegal;jsessionid=830B07EA2D55C57FB3277D39788F7AA7?/? HTTP/1.1" 404 1018
180.76.5.21 - - [07/May/2015:01:50:47 -0500] "GET /BLA/resoluciones/AUTOS%202011/0073.pdf HTTP/1.1" 200 416549
66.249.67.120 - - [07/May/2015:01:50:49 -0500] "GET /BLA/resoluciones/AUTOS%202014/0991.pdf HTTP/1.1" 200 382510
180.76.5.173 - - [07/May/2015:01:51:04 -0500] "GET /BLA/resoluciones/RESOLUCIONES%202008/2263.pdf HTTP/1.1" 200 197864
185.10.104.196 - - [07/May/2015:01:51:22 -0500] "GET /BLA/resoluciones/RESOLUCIONES%202007/RES%202007%20301%20AL%20400/RESOLUCION%200399%20DE%202007.pdf HTTP/1.1" 200 914829
180.76.6.133 - - [07/May/2015:01:51:39 -0500] "GET /BLA/boletinlegal;jsessionid=AC90BC9ECBF9E0B1B01E11B0EFB98EEB?/? HTTP/1.1" 404 1018
180.76.6.131 - - [07/May/2015:01:51:56 -0500] "GET /BLA/resoluciones/RESOLUCIONES%202008/5412.pdf HTTP/1.1" 200 477945
66.249.67.120 - - [07/May/2015:01:52:09 -0500] "GET /BLA/resoluciones/AUTOS%202008/0371.pdf HTTP/1.1" 200 143723
74.86.158.107 - - [07/May/2015:01:52:12 -0500] "HEAD / HTTP/1.1" 200 -
180.76.5.27 - - [07/May/2015:01:52:14 -0500] "GET /BLA/resoluciones/AUTOS%202010/5627.pdf HTTP/1.1" 200 208465
66.249.67.120 - - [07/May/2015:01:52:20 -0500] "GET /BLA/resoluciones/RESOLUCIONES%202009/9658.pdf HTTP/1.1" 304 -
66.249.67.107 - - [07/May/2015:01:52:25 -0500] "GET /BLA/resoluciones/AUTOS%202008/1256.pdf HTTP/1.1" 200 75518
180.76.6.62 - - [07/May/2015:01:52:31 -0500] "GET /BLA/resoluciones/AUTOS%202011/0101.pdf HTTP/1.1" 200 138635
201.245.192.253 - - [07/May/2015:01:52:46 -0500] "GET /forest/session.jsp?a=0.4454794464289782 HTTP/1.1" 200 4
180.76.6.143 - - [07/May/2015:01:52:48 -0500] "GET /BLA/resoluciones/AUTOS%202013/0752.pdf HTTP/1.1" 200 1558947
66.249.67.133 - - [07/May/2015:01:52:53 -0500] "GET /BLA/resoluciones/AUTOS%202010/5727.pdf HTTP/1.1" 200 230551
201.245.192.253 - - [07/May/2015:01:52:58 -0500] "GET /forest/session.jsp?a=0.4420903438203888 HTTP/1.1" 200 4
180.76.5.145 - - [07/May/2015:01:53:05 -0500] "GET /BLA/resoluciones/AUTOS%202010/1272.pdf HTTP/1.1" 200 397192
180.76.6.151 - - [07/May/2015:01:53:23 -0500] "GET /BLA/resoluciones/AUTOS%202009/1756.pdf HTTP/1.1" 200 197653
180.76.5.196 - - [07/May/2015:01:53:40 -0500] "GET /BLA/resoluciones/RESOLUCIONES%202008/5328.pdf HTTP/1.1" 200 2182051
180.76.5.175 - - [07/May/2015:01:53:57 -0500] "GET /BLA/resoluciones/AUTOS%202012/0140.pdf HTTP/1.1" 200 165628
188.165.15.5 - - [07/May/2015:01:54:10 -0500] "GET /BLA/resoluciones/RESOLUCIONES%202002/RES%202002%201151-1200/20021180.tif HTTP/1.1" 200 84524
180.76.6.133 - - [07/May/2015:01:54:15 -0500] "GET /BLA/resoluciones/RESOLUCIONES%202007/RES%202007%203801%20AL%203900/RESOLUCION%203849%20DE%202007.pdf HTTP/1.1" 200 657300
186.147.48.140 - - [07/May/2015:01:54:22 -0500] "GET /galeria/galeria/jquery.fancybox.css?v=2.1.5 HTTP/1.1" 200 4895
186.147.48.140 - - [07/May/2015:01:54:22 -0500] "GET /BLA/boletinlegal/js/jquery.scrollTo-min.js HTTP/1.1" 200 1150
186.147.48.140 - - [07/May/2015:01:54:22 -0500] "GET /BLA/boletinlegal/js/jquery.scrollShow.js HTTP/1.1" 200 4586
186.147.48.140 - - [07/May/2015:01:54:22 -0500] "GET /galeria/galeria/jquery.fancybox.js?v=2.1.5 HTTP/1.1" 200 48706
186.147.48.140 - - [07/May/2015:01:54:29 -0500] "GET /galeria/galeria/jquery.fancybox.css?v=2.1.5 HTTP/1.1" 304 -
186.147.48.140 - - [07/May/2015:01:54:29 -0500] "GET /BLA/boletinlegal/js/jquery.scrollShow.js HTTP/1.1" 304 -
186.147.48.140 - - [07/May/2015:01:54:29 -0500] "GET /BLA/boletinlegal/js/jquery.scrollTo-min.js HTTP/1.1" 304 -
186.147.48.140 - - [07/May/2015:01:54:29 -0500] "GET /galeria/galeria/jquery.fancybox.js?v=2.1.5 HTTP/1.1" 304 -
66.249.67.133 - - [07/May/2015:01:54:31 -0500] "GET /BLA/resoluciones/RESOLUCIONES%202010/1490.pdf HTTP/1.1" 200 515197
180.76.5.67 - - [07/May/2015:01:54:32 -0500] "GET /BLA/resoluciones/RESOLUCIONES%202007/RES%202007%202301%20AL%202400/RESOLUCION%202367%20DE%202007.pdf HTTP/1.1" 200 203786
66.249.67.133 - - [07/May/2015:01:54:43 -0500] "GET /BLA/resoluciones/AUTOS%202008/2281.pdf HTTP/1.1" 200 100271
180.76.6.138 - - [07/May/2015:01:54:49 -0500] "GET /BLA/resoluciones/AUTOS%202010/0412.pdf HTTP/1.1" 200 245515
180.76.5.194 - - [07/May/2015:01:55:06 -0500] "GET /BLA/resoluciones/RESOLUCIONES%202008/2518.pdf HTTP/1.1" 200 579027
66.249.67.120 - - [07/May/2015:01:55:08 -0500] "GET /BLA/resoluciones/AUTOS%202013/1102.pdf HTTP/1.1" 200 3492169
66.249.67.133 - - [07/May/2015:01:55:21 -0500] "GET /BLA/resoluciones/RESOLUCIONES%202011/2262.pdf HTTP/1.1" 200 681834
180.76.5.166 - - [07/May/2015:01:55:24 -0500] "GET /BLA/resoluciones/AUTOS%202010/1476.pdf HTTP/1.1" 200 260655
66.249.67.120 - - [07/May/2015:01:55:32 -0500] "GET /BLA/resoluciones/AUTOS%202008/1118.pdf HTTP/1.1" 200 170144
66.249.67.133 - - [07/May/2015:01:55:35 -0500] "GET /BLA/resoluciones/AUTOS%202008/0733.pdf HTTP/1.1" 200 269971
66.249.67.107 - - [07/May/2015:01:55:51 -0500] "GET /BLA/resoluciones/AUTOS%202008/1233.pdf HTTP/1.1" 200 82852
180.76.5.153 - - [07/May/2015:01:55:58 -0500] "GET /BLA/boletinlegal;jsessionid=7D32D6522233AD31A9F2251AE71D3AD8?/? HTTP/1.1" 404 1018
201.244.226.176 - - [07/May/2015:01:56:10 -0500] "GET /BLA/boletinlegal/js/jquery.scrollTo-min.js HTTP/1.1" 200 1150
201.244.226.176 - - [07/May/2015:01:56:10 -0500] "GET /galeria/galeria/jquery.fancybox.js?v=2.1.5 HTTP/1.1" 200 48706
201.244.226.176 - - [07/May/2015:01:56:10 -0500] "GET /galeria/galeria/jquery.fancybox.css?v=2.1.5 HTTP/1.1" 200 4895
201.244.226.176 - - [07/May/2015:01:56:10 -0500] "GET /BLA/boletinlegal/js/jquery.scrollShow.js HTTP/1.1" 200 4586
201.244.226.176 - - [07/May/2015:01:56:15 -0500] "GET /BLA/boletinlegal/js/jquery.scrollTo-min.js HTTP/1.1" 304 -
201.244.226.176 - - [07/May/2015:01:56:15 -0500] "GET /BLA/boletinlegal/js/jquery.scrollShow.js HTTP/1.1" 304 -
201.244.226.176 - - [07/May/2015:01:56:15 -0500] "GET /galeria/galeria/jquery.fancybox.js?v=2.1.5 HTTP/1.1" 304 -
201.244.226.176 - - [07/May/2015:01:56:15 -0500] "GET /galeria/galeria/jquery.fancybox.css?v=2.1.5 HTTP/1.1" 304 -
180.76.6.63 - - [07/May/2015:01:56:15 -0500] "GET /BLA/resoluciones/AUTOS%202014/1585.pdf HTTP/1.1" 200 787436
180.76.6.40 - - [07/May/2015:01:56:33 -0500] "GET /BLA/resoluciones/AUTOS%202009/2125.pdf HTTP/1.1" 200 88858
66.249.67.107 - - [07/May/2015:01:56:47 -0500] "GET /BLA/resoluciones/AUTOS%202008/0454.pdf HTTP/1.1" 200 245816
180.76.5.149 - - [07/May/2015:01:56:50 -0500] "GET /BLA/boletinlegal;jsessionid=DDD7B523ED7CB2B3A8751F641060EADF?/? HTTP/1.1" 404 1018
74.86.158.107 - - [07/May/2015:01:57:12 -0500] "HEAD / HTTP/1.1" 200 -
66.249.67.133 - - [07/May/2015:01:57:14 -0500] "GET /BLA/resoluciones/AUTOS%202008/2580.pdf HTTP/1.1" 200 83510
180.76.5.61 - - [07/May/2015:01:57:25 -0500] "GET /BLA/resoluciones/RESOLUCIONES%202007/RES%202007%20101%20AL%20200/RESOLUCION%200172%20DE%202007.pdf HTTP/1.1" 200 498706
