186.28.183.102 - - [07/May/2015:00:41:45 -0500] "GET /forest/json.do?query=usersByDep&coddep=7094 HTTP/1.1" 200 384
186.28.183.102 - - [07/May/2015:00:41:45 -0500] "GET /forest/1ibre/jscalendar/img.gif HTTP/1.1" 200 223
186.28.183.102 - - [07/May/2015:00:41:45 -0500] "GET /forest/json.do?query=versionListadas HTTP/1.1" 200 15
186.28.183.102 - - [07/May/2015:00:41:46 -0500] "GET /forest/json.do?query=procesIniciales HTTP/1.1" 200 10449
186.28.183.102 - - [07/May/2015:00:41:46 -0500] "GET /forest/json.do?query=bpmnIniciales HTTP/1.1" 200 775
152.61.193.99 - - [07/May/2015:00:41:50 -0500] "HEAD / HTTP/1.1" 200 -
186.28.183.102 - - [07/May/2015:00:41:50 -0500] "POST /forest/buscar.do? HTTP/1.1" 200 7588
152.61.193.99 - - [07/May/2015:00:41:50 -0500] "GET /arcgis/services/Calidad_del_Agua_WQI/MapServer/WMSServer?SERVICE=WMS&REQUEST=GetCapabilities HTTP/1.1" 200 32135
152.61.193.99 - - [07/May/2015:00:41:51 -0500] "GET /arcgis/services/Calidad_del_Agua_WQI/MapServer/WMSServer?SERVICE=WMS&REQUEST=GetCapabilities HTTP/1.1" 200 32135
186.28.183.102 - - [07/May/2015:00:41:52 -0500] "GET /forest/img/nav_first.gif HTTP/1.1" 200 89
186.28.183.102 - - [07/May/2015:00:41:52 -0500] "GET /forest/img/nav_prev.gif HTTP/1.1" 200 109
186.28.183.102 - - [07/May/2015:00:41:52 -0500] "GET /forest/img/nav_next.gif HTTP/1.1" 200 111
186.28.183.102 - - [07/May/2015:00:41:52 -0500] "GET /forest/css/escritorio.css HTTP/1.1" 200 15878
186.28.183.102 - - [07/May/2015:00:41:52 -0500] "GET /forest/img/nav_last.gif HTTP/1.1" 200 92
186.28.183.102 - - [07/May/2015:00:41:52 -0500] "GET /forest/skins/gdocs-jar/img/eye.gif HTTP/1.1" 200 396
152.61.193.99 - - [07/May/2015:00:41:52 -0500] "GET /arcgis/services/Calidad_del_Agua_WQI/MapServer/WMSServer?SERVICE=WMS&REQUEST=GetCapabilities HTTP/1.1" 200 32135
186.28.183.102 - - [07/May/2015:00:41:52 -0500] "GET /forest/skins/gdocs-jar/img/more_details.gif HTTP/1.1" 200 617
152.61.193.99 - - [07/May/2015:00:41:52 -0500] "GET /arcgis/services/Calidad_del_Agua_WQI/MapServer/WMSServer?SERVICE=WMS&REQUEST=GetCapabilities HTTP/1.1" 200 32135
152.61.193.99 - - [07/May/2015:00:41:53 -0500] "GET /arcgis/services/Calidad_del_Agua_WQI/MapServer/WMSServer?VERSION=1.1.1&REQUEST=GetMap&LAYERS=0&SRS=EPSG:4326&BBOX=-74.473395,3.674381,-73.963300,4.920569&WIDTH=250&HEIGHT=250&FORMAT=image/bmp&STYLES=& HTTP/1.1" 200 188054
180.76.5.67 - - [07/May/2015:00:41:57 -0500] "GET /BLA/resoluciones/AUTOS%202010/1271.pdf HTTP/1.1" 200 425425
186.28.183.102 - - [07/May/2015:00:42:03 -0500] "GET /forest/skins/gdocs-jar/popup/FileViewerTree.jsp?coddoc=2056244&ext=docx&numpro=3071323&nombre=Oficio%20Alcaldia%20Local%20de%20Barrios%20Unidos.docx&codfile=-1&rootPath=/forest/ HTTP/1.1" 200 9474
186.28.183.102 - - [07/May/2015:00:42:03 -0500] "GET /forest/skins/gdocs-jar/js/fileViewer.js HTTP/1.1" 200 8399
186.28.183.102 - - [07/May/2015:00:42:03 -0500] "GET /forest/skins/gdocs-jar/js/popup.js HTTP/1.1" 200 7658
186.28.183.102 - - [07/May/2015:00:42:03 -0500] "GET /forest/1ibre/protoaculous.js HTTP/1.1" 200 151386
186.28.183.102 - - [07/May/2015:00:42:03 -0500] "GET /forest/1ibre/1ibre.js HTTP/1.1" 200 197648
186.28.183.102 - - [07/May/2015:00:42:05 -0500] "GET /forest/img/dtree/visor/word.png HTTP/1.1" 200 57342
186.28.183.102 - - [07/May/2015:00:42:05 -0500] "GET /forest/visualizar.do?codDoc=2056244&ext=docx&codfile=-1&iscodfile=false&nombre=Oficio%20Alcaldia%20Local%20de%20Barrios%20Unidos.docx HTTP/1.1" 200 14730
186.28.183.102 - - [07/May/2015:00:42:06 -0500] "GET /forest/visualizar.do?codDoc=2056244&ext=docx&codfile=-1&iscodfile=false&nombre=Oficio%20Alcaldia%20Local%20de%20Barrios%20Unidos.docx HTTP/1.1" 200 274179
186.28.183.102 - - [07/May/2015:00:42:09 -0500] "GET /favicon.ico HTTP/1.1" 200 7782
180.76.6.152 - - [07/May/2015:00:42:14 -0500] "GET /BLA/resoluciones/AUTOS%202013/0447.pdf HTTP/1.1" 200 2224061
186.28.183.102 - - [07/May/2015:00:42:23 -0500] "GET /forest/skins/gdocs-jar/popup/popup.jsp?width=850&height=380&title=Informaci%F3n%20del%20radicado&uri=/forest/system/document.jsp%3FcodDoc%3D2056244&name=undefined&_a=0.07218146324157715&a=0.5370792590547353 HTTP/1.1" 200 1315
186.28.183.102 - - [07/May/2015:00:42:23 -0500] "GET /forest/system/document.jsp?codDoc=2056244 HTTP/1.1" 200 20282
186.28.183.102 - - [07/May/2015:00:42:23 -0500] "GET /forest/css/dialog.css HTTP/1.1" 200 1100
186.28.183.102 - - [07/May/2015:00:42:23 -0500] "GET /forest/css/index.css HTTP/1.1" 200 1900
186.28.183.102 - - [07/May/2015:00:42:23 -0500] "GET /forest/skins/gdocs-jar/img/icons/docx.gif HTTP/1.1" 200 1039
186.28.183.102 - - [07/May/2015:00:42:23 -0500] "GET /forest/skins/gdocs-jar/img/alert.gif HTTP/1.1" 200 595
186.28.183.102 - - [07/May/2015:00:42:29 -0500] "GET /forest/skins/gdocs-jar/popup/FileViewerTree.jsp?coddoc=2056244&ext=docx&numpro=3071323&nombre=Oficio%20Alcaldia%20Local%20de%20Barrios%20Unidos.docx&codfile=-1&rootPath=/forest/ HTTP/1.1" 200 9474
180.76.5.66 - - [07/May/2015:00:42:32 -0500] "GET /BLA/resoluciones/AUTOS%202009/0338.pdf HTTP/1.1" 200 99891
186.28.183.102 - - [07/May/2015:00:42:30 -0500] "GET /forest/visualizar.do?codDoc=2056244&ext=docx&codfile=-1&iscodfile=false&nombre=Oficio%20Alcaldia%20Local%20de%20Barrios%20Unidos.docx HTTP/1.1" 200 274179
201.245.192.253 - - [07/May/2015:00:42:45 -0500] "GET /forest/session.jsp?a=0.4600450390866213 HTTP/1.1" 200 4
180.76.5.25 - - [07/May/2015:00:42:49 -0500] "GET /BLA/resoluciones/RESOLUCIONES%202007/RES%202007%20501%20AL%20600/RESOLUCION%200597%20DE%202007.pdf HTTP/1.1" 200 227827
181.61.173.135 - - [07/May/2015:00:42:49 -0500] "POST /forest/usutareas.do? HTTP/1.1" 200 76
181.61.173.135 - - [07/May/2015:00:42:51 -0500] "GET /forest/usutareas.do?group_system_actual=3&a=0.9798564077354968 HTTP/1.1" 200 122731
181.61.173.135 - - [07/May/2015:00:38:51 -0500] "GET /ForestMSG_SDA/channelAsync/template_word_18089085?X-Atmosphere-tracking-id=12b74e9f-4778-9b31-28b7-b354114b2190&X-Atmosphere-Framework=1.0.5&X-Atmosphere-Transport=long-polling&tabid=0.8233537820633501&X-Cache-Date=0&Content-Type=application/xml&_=1430977300358 HTTP/1.1" 200 8193
181.61.173.135 - - [07/May/2015:00:42:52 -0500] "GET /forest/session.jsp?a=0.10543053224682808 HTTP/1.1" 200 4
201.245.192.253 - - [07/May/2015:00:42:57 -0500] "GET /forest/session.jsp?a=0.5921575733940875 HTTP/1.1" 200 4
66.249.67.133 - - [07/May/2015:00:43:00 -0500] "GET /BLA/resoluciones/AUTOS%202012/1308.pdf HTTP/1.1" 200 2162529
180.76.6.131 - - [07/May/2015:00:43:06 -0500] "GET /BLA/resoluciones/AUTOS%202013/1568.pdf HTTP/1.1" 200 904917
186.28.183.102 - - [07/May/2015:00:43:12 -0500] "GET /forest/skins/gdocs-jar/popup/popup.jsp?width=850&height=380&title=Informaci%F3n%20del%20radicado&uri=/forest/system/document.jsp%3FcodDoc%3D2056244&name=undefined&_a=0.5516563337296247&a=0.4153016817290336 HTTP/1.1" 200 1315
186.28.183.102 - - [07/May/2015:00:43:12 -0500] "GET /forest/system/document.jsp?codDoc=2056244 HTTP/1.1" 200 20782
186.28.183.102 - - [07/May/2015:00:43:15 -0500] "GET /forest/skins/gdocs-jar/popup/FileViewerTree.jsp?coddoc=2056244&ext=docx&numpro=3071323&nombre=Oficio%20Alcaldia%20Local%20de%20Barrios%20Unidos.docx&codfile=-1&rootPath=/forest/ HTTP/1.1" 200 9474
186.28.183.102 - - [07/May/2015:00:43:15 -0500] "GET /forest/visualizar.do?codDoc=2056244&ext=docx&codfile=-1&iscodfile=false&nombre=Oficio%20Alcaldia%20Local%20de%20Barrios%20Unidos.docx HTTP/1.1" 200 274179
180.76.6.231 - - [07/May/2015:00:43:24 -0500] "GET /BLA/resoluciones/AUTOS%202009/0848.pdf HTTP/1.1" 200 72489
181.61.173.135 - - [07/May/2015:00:43:32 -0500] "POST /forest/usutareas.do? HTTP/1.1" 200 76
186.28.183.102 - - [07/May/2015:00:43:35 -0500] "GET /forest/skins/gdocs-jar/popup/popup.jsp?width=850&height=380&title=Informaci%F3n%20del%20radicado&uri=/forest/system/document.jsp%3FcodDoc%3D2056244&name=undefined&_a=0.9830347609240562&a=0.18529313942417502 HTTP/1.1" 200 1315
186.28.183.102 - - [07/May/2015:00:43:35 -0500] "GET /forest/system/document.jsp?codDoc=2056244 HTTP/1.1" 200 21282
186.28.183.102 - - [07/May/2015:00:43:36 -0500] "GET /forest/system/document.jsp?codDoc=2056244 HTTP/1.1" 200 21282
181.61.173.135 - - [07/May/2015:00:43:37 -0500] "GET /forest/usutareas.do?group_system_actual=3&a=0.7810094710439444 HTTP/1.1" 200 19552
181.61.173.135 - - [07/May/2015:00:43:37 -0500] "GET /forest/session.jsp?a=0.2784871174953878 HTTP/1.1" 200 4
186.28.183.102 - - [07/May/2015:00:43:38 -0500] "GET /forest/skins/gdocs-jar/popup/FileViewerTree.jsp?coddoc=2056244&ext=docx&numpro=3071323&nombre=Oficio%20Alcaldia%20Local%20de%20Barrios%20Unidos.docx&codfile=-1&rootPath=/forest/ HTTP/1.1" 200 9474
186.30.158.144 - - [07/May/2015:00:43:38 -0500] "GET /BLA/resoluciones/RESOLUCIONES%202007/RES%202007%20701%20AL%20800/RESOLUCION%200705%20DE%202007.pdf HTTP/1.1" 200 1060513
186.30.158.144 - - [07/May/2015:00:43:38 -0500] "GET /favicon.ico HTTP/1.1" 200 7782
186.30.158.144 - - [07/May/2015:00:43:39 -0500] "GET /BLA/resoluciones/RESOLUCIONES%202007/RES%202007%20701%20AL%20800/RESOLUCION%200705%20DE%202007.pdf HTTP/1.1" 206 32768
186.30.158.144 - - [07/May/2015:00:43:39 -0500] "GET /BLA/resoluciones/RESOLUCIONES%202007/RES%202007%20701%20AL%20800/RESOLUCION%200705%20DE%202007.pdf HTTP/1.1" 206 1027745
181.61.173.135 - - [07/May/2015:00:43:39 -0500] "GET /forest/usudocumentos.do?_a=0.9671255266293883&group_system_actual=3 HTTP/1.1" 200 19568
181.61.173.135 - - [07/May/2015:00:43:39 -0500] "GET /forest/session.jsp?a=0.5599906600546092 HTTP/1.1" 200 4
186.28.183.102 - - [07/May/2015:00:43:38 -0500] "GET /forest/visualizar.do?codDoc=2056244&ext=docx&codfile=-1&iscodfile=false&nombre=Oficio%20Alcaldia%20Local%20de%20Barrios%20Unidos.docx HTTP/1.1" 200 274179
181.61.173.135 - - [07/May/2015:00:43:41 -0500] "GET /forest/misactividades.do?_a=0.7504205135628581&group_system_actual=3 HTTP/1.1" 200 37541
181.61.173.135 - - [07/May/2015:00:43:41 -0500] "GET /forest/js/jquery/css/jquery-ui-selectmenu.css HTTP/1.1" 304 -
181.61.173.135 - - [07/May/2015:00:43:41 -0500] "GET /forest/js/jquery/grid/css/ui.jqgrid.css HTTP/1.1" 304 -
181.61.173.135 - - [07/May/2015:00:43:41 -0500] "GET /forest/js/jquery/css/jquery-ui-1.8.1.custom.css HTTP/1.1" 304 -
181.61.173.135 - - [07/May/2015:00:43:41 -0500] "GET /forest/js/jquery/grid/css/ui.multiselect.css HTTP/1.1" 304 -
181.61.173.135 - - [07/May/2015:00:43:41 -0500] "GET /forest/js/jquery/jquery-ui-latest.js HTTP/1.1" 304 -
181.61.173.135 - - [07/May/2015:00:43:41 -0500] "GET /forest/js/jquery/jquery-latest.js HTTP/1.1" 304 -
181.61.173.135 - - [07/May/2015:00:43:41 -0500] "GET /forest/js/jquery/jquery.layout-latest.js HTTP/1.1" 304 -
181.61.173.135 - - [07/May/2015:00:43:41 -0500] "GET /forest/js/jquery/plugins/jquery.ui.selectmenu.js HTTP/1.1" 304 -
181.61.173.135 - - [07/May/2015:00:43:41 -0500] "GET /forest/js/jquery/i18n/grid.locale-en.js HTTP/1.1" 304 -
181.61.173.135 - - [07/May/2015:00:43:41 -0500] "GET /forest/js/jquery/plugins/jquery.searchFilter.js HTTP/1.1" 304 -
181.61.173.135 - - [07/May/2015:00:43:41 -0500] "GET /forest/js/jquery/plugins/ui.multiselect.js HTTP/1.1" 304 -
181.61.173.135 - - [07/May/2015:00:43:41 -0500] "GET /forest/js/jquery/plugins/jquery.tablednd.js HTTP/1.1" 304 -
181.61.173.135 - - [07/May/2015:00:43:41 -0500] "GET /forest/js/jquery/jquery.jqGrid.src.js HTTP/1.1" 304 -
181.61.173.135 - - [07/May/2015:00:43:41 -0500] "GET /forest/js/jquery/plugins/jquery.contextmenu.js HTTP/1.1" 304 -
181.61.173.135 - - [07/May/2015:00:43:41 -0500] "GET /forest/js/jquery/plugins/grid.setcolumns.js HTTP/1.1" 304 -
181.61.173.135 - - [07/May/2015:00:43:41 -0500] "GET /forest/js/jqGridConf.js HTTP/1.1" 304 -
186.84.189.100 - - [07/May/2015:00:43:41 -0500] "POST /forms/lservlet;jsessionid=ac16012b30d62fc683c6dc814526bc5fee44f701a3c3.e3iSbxaKaheRe3eNbhaPbhuQa41ynknvrkLOlQzNp65In0 HTTP/1.1" 200 2
181.61.173.135 - - [07/May/2015:00:43:41 -0500] "GET /forest/session.jsp?a=0.08887524111196399 HTTP/1.1" 200 4
180.76.6.233 - - [07/May/2015:00:43:41 -0500] "GET /BLA/resoluciones/AUTOS%202013/2410.pdf HTTP/1.1" 200 1112077
181.61.173.135 - - [07/May/2015:00:43:41 -0500] "GET /forest/img/jquery/ui-bg_inset-hard_100_fcfdfd_1x100.png HTTP/1.1" 304 -
181.61.173.135 - - [07/May/2015:00:43:41 -0500] "GET /forest/img/jquery/ui-bg_flat_0_aaaaaa_40x100.png HTTP/1.1" 304 -
181.61.173.135 - - [07/May/2015:00:43:41 -0500] "GET /forest/img/jquery/ui-bg_inset-hard_100_f5f8f9_1x100.png HTTP/1.1" 304 -
181.61.173.135 - - [07/May/2015:00:43:41 -0500] "GET /forest/img/jquery/ui-bg_glass_85_dfeffc_1x400.png HTTP/1.1" 304 -
181.61.173.135 - - [07/May/2015:00:43:41 -0500] "GET /forest/img/jquery/ui-icons_6da8d5_256x240.png HTTP/1.1" 304 -
181.61.173.135 - - [07/May/2015:00:43:41 -0500] "GET /forest/img/jquery/quitarfiltrar.gif HTTP/1.1" 304 -
181.61.173.135 - - [07/May/2015:00:43:41 -0500] "GET /forest/img/jquery/save.gif HTTP/1.1" 304 -
181.61.173.135 - - [07/May/2015:00:43:41 -0500] "GET /forest/img/jquery/columnshide.gif HTTP/1.1" 304 -
181.61.173.135 - - [07/May/2015:00:43:41 -0500] "GET /forest/img/jquery/ui-icons_d8e7f3_256x240.png HTTP/1.1" 304 -
181.61.173.135 - - [07/May/2015:00:43:41 -0500] "GET /forest/img/jquery/ui-bg_gloss-wave_55_5c9ccc_500x100.png HTTP/1.1" 304 -
181.61.173.135 - - [07/May/2015:00:43:41 -0500] "GET /forest/img/jquery/ui-icons_469bdd_256x240.png HTTP/1.1" 304 -
181.61.173.135 - - [07/May/2015:00:43:41 -0500] "POST /forest/misactividades.do?ajax=true&a=0.2819315877277404 HTTP/1.1" 200 2002
181.61.173.135 - - [07/May/2015:00:43:41 -0500] "GET /forest/skins/gdocs-jar/img/doc-alert.gif HTTP/1.1" 304 -
181.61.173.135 - - [07/May/2015:00:43:41 -0500] "GET /forest/img/jquery/ui-bg_glass_75_d0e5f5_1x400.png HTTP/1.1" 304 -
180.76.6.152 - - [07/May/2015:00:43:58 -0500] "GET /BLA/resoluciones/RESOLUCIONES%202008/5073.pdf HTTP/1.1" 200 283989
66.249.67.107 - - [07/May/2015:00:44:01 -0500] "GET /BLA/resoluciones/RESOLUCIONES%202012/0416.pdf HTTP/1.1" 200 412829
189.223.163.219 - - [07/May/2015:00:44:10 -0500] "GET /galeria/galeria/jquery.fancybox.css?v=2.1.5 HTTP/1.1" 200 4895
189.223.163.219 - - [07/May/2015:00:44:10 -0500] "GET /BLA/boletinlegal/js/jquery.scrollTo-min.js HTTP/1.1" 200 1150
189.223.163.219 - - [07/May/2015:00:44:10 -0500] "GET /BLA/boletinlegal/js/jquery.scrollShow.js HTTP/1.1" 200 4586
189.223.163.219 - - [07/May/2015:00:44:10 -0500] "GET /galeria/galeria/jquery.fancybox.js?v=2.1.5 HTTP/1.1" 200 48706
186.145.163.72 - - [07/May/2015:00:44:12 -0500] "GET /videos/1Video_CruzdeAmero.flv HTTP/1.1" 200 20682670
66.249.67.107 - - [07/May/2015:00:44:14 -0500] "GET /BLA/resoluciones/RESOLUCIONES%202011/5513.pdf HTTP/1.1" 200 480657
180.76.6.14 - - [07/May/2015:00:44:15 -0500] "GET /BLA/resoluciones/AUTOS%202009/2257.pdf HTTP/1.1" 200 122482
189.223.163.219 - - [07/May/2015:00:44:25 -0500] "GET /galeria/galeria/jquery.fancybox.css?v=2.1.5 HTTP/1.1" 304 -
189.223.163.219 - - [07/May/2015:00:44:25 -0500] "GET /BLA/boletinlegal/js/jquery.scrollShow.js HTTP/1.1" 304 -
189.223.163.219 - - [07/May/2015:00:44:25 -0500] "GET /BLA/boletinlegal/js/jquery.scrollTo-min.js HTTP/1.1" 304 -
189.223.163.219 - - [07/May/2015:00:44:25 -0500] "GET /galeria/galeria/jquery.fancybox.js?v=2.1.5 HTTP/1.1" 304 -
180.76.5.63 - - [07/May/2015:00:44:33 -0500] "GET /BLA/resoluciones/RESOLUCIONES%202007/RES%202007%204001%20AL%204100/RESOLUCION%204027%20DE%202007.pdf HTTP/1.1" 200 792243
180.76.5.155 - - [07/May/2015:00:44:50 -0500] "GET /BLA/resoluciones/RESOLUCIONES%202008/0887.pdf HTTP/1.1" 200 227646
74.86.158.107 - - [07/May/2015:00:45:21 -0500] "HEAD / HTTP/1.1" 200 -
180.76.6.136 - - [07/May/2015:00:45:25 -0500] "GET /BLA/resoluciones/RESOLUCIONES%202008/2900.pdf HTTP/1.1" 200 287346
66.249.67.107 - - [07/May/2015:00:45:30 -0500] "GET /BLA/resoluciones/AUTOS%202008/1937.pdf HTTP/1.1" 200 147607
186.84.189.100 - - [07/May/2015:00:45:41 -0500] "POST /forms/lservlet;jsessionid=ac16012b30d62fc683c6dc814526bc5fee44f701a3c3.e3iSbxaKaheRe3eNbhaPbhuQa41ynknvrkLOlQzNp65In0 HTTP/1.1" 200 2
180.76.6.131 - - [07/May/2015:00:45:42 -0500] "GET /BLA/resoluciones/RESOLUCIONES%202007/RES%202007%20401%20AL%20500/RESOLUCION%200406%20DE%202007.pdf HTTP/1.1" 200 926169
66.249.67.107 - - [07/May/2015:00:45:53 -0500] "GET /BLA/resoluciones/RESOLUCIONES%202009/1842.pdf HTTP/1.1" 304 -
180.76.5.78 - - [07/May/2015:00:45:59 -0500] "GET /BLA/resoluciones/AUTOS%202014/5581.pdf HTTP/1.1" 200 1233517
186.28.183.102 - - [07/May/2015:00:46:01 -0500] "GET /forest/session.jsp?a=0.0036383536644279957 HTTP/1.1" 200 4
180.76.6.20 - - [07/May/2015:00:46:16 -0500] "GET /BLA/resoluciones/RESOLUCIONES%202008/3666.pdf HTTP/1.1" 200 312993
180.76.6.151 - - [07/May/2015:00:46:34 -0500] "GET /BLA/resoluciones/RESOLUCIONES%202008/0365.pdf HTTP/1.1" 200 475118
186.116.185.150 - - [07/May/2015:00:47:00 -0500] "GET /galeria/galeria/jquery.fancybox.css?v=2.1.5 HTTP/1.1" 200 4895
186.116.185.150 - - [07/May/2015:00:47:00 -0500] "GET /BLA/boletinlegal/js/jquery.scrollTo-min.js HTTP/1.1" 200 1150
186.116.185.150 - - [07/May/2015:00:47:00 -0500] "GET /BLA/boletinlegal/js/jquery.scrollShow.js HTTP/1.1" 200 4586
186.116.185.150 - - [07/May/2015:00:47:00 -0500] "GET /galeria/galeria/jquery.fancybox.js?v=2.1.5 HTTP/1.1" 200 48706
180.76.6.65 - - [07/May/2015:00:47:08 -0500] "GET /BLA/resoluciones/AUTOS%202011/1305.pdf HTTP/1.1" 200 152177
186.116.185.150 - - [07/May/2015:00:47:09 -0500] "GET /BLA/boletinlegal/js/jquery.scrollTo-min.js HTTP/1.1" 304 -
186.116.185.150 - - [07/May/2015:00:47:09 -0500] "GET /galeria/galeria/jquery.fancybox.css?v=2.1.5 HTTP/1.1" 304 -
186.116.185.150 - - [07/May/2015:00:47:09 -0500] "GET /BLA/boletinlegal/js/jquery.scrollShow.js HTTP/1.1" 304 -
186.116.185.150 - - [07/May/2015:00:47:09 -0500] "GET /galeria/galeria/jquery.fancybox.js?v=2.1.5 HTTP/1.1" 304 -
180.76.6.29 - - [07/May/2015:00:47:26 -0500] "GET /BLA/resoluciones/AUTOS%202010/0345.pdf HTTP/1.1" 200 341960
186.84.189.100 - - [07/May/2015:00:47:41 -0500] "POST /forms/lservlet;jsessionid=ac16012b30d62fc683c6dc814526bc5fee44f701a3c3.e3iSbxaKaheRe3eNbhaPbhuQa41ynknvrkLOlQzNp65In0 HTTP/1.1" 200 2
201.245.192.253 - - [07/May/2015:00:47:45 -0500] "GET /forest/session.jsp?a=0.10971011065440239 HTTP/1.1" 200 4
186.84.189.100 - - [07/May/2015:00:47:56 -0500] "POST /forms/lservlet;jsessionid=ac16012b30d62fc683c6dc814526bc5fee44f701a3c3.e3iSbxaKaheRe3eNbhaPbhuQa41ynknvrkLOlQzNp65In0 HTTP/1.1" 200 2
186.84.189.100 - - [07/May/2015:00:47:56 -0500] "POST /forms/lservlet;jsessionid=ac16012b30d62fc683c6dc814526bc5fee44f701a3c3.e3iSbxaKaheRe3eNbhaPbhuQa41ynknvrkLOlQzNp65In0 HTTP/1.1" 200 656
186.84.189.100 - - [07/May/2015:00:47:56 -0500] "GET /imagenes/Srch_frw.gif HTTP/1.1" 200 925
186.84.189.100 - - [07/May/2015:00:47:56 -0500] "POST /forms/lservlet;jsessionid=ac16012b30d62fc683c6dc814526bc5fee44f701a3c3.e3iSbxaKaheRe3eNbhaPbhuQa41ynknvrkLOlQzNp65In0 HTTP/1.1" 200 7
186.84.189.100 - - [07/May/2015:00:47:57 -0500] "POST /forms/lservlet;jsessionid=ac16012b30d62fc683c6dc814526bc5fee44f701a3c3.e3iSbxaKaheRe3eNbhaPbhuQa41ynknvrkLOlQzNp65In0 HTTP/1.1" 200 14
186.84.189.100 - - [07/May/2015:00:47:57 -0500] "POST /forms/lservlet;jsessionid=ac16012b30d62fc683c6dc814526bc5fee44f701a3c3.e3iSbxaKaheRe3eNbhaPbhuQa41ynknvrkLOlQzNp65In0 HTTP/1.1" 200 7
201.245.192.253 - - [07/May/2015:00:47:57 -0500] "GET /forest/session.jsp?a=0.18641222770479804 HTTP/1.1" 200 4
186.84.189.100 - - [07/May/2015:00:47:58 -0500] "POST /forms/lservlet;jsessionid=ac16012b30d62fc683c6dc814526bc5fee44f701a3c3.e3iSbxaKaheRe3eNbhaPbhuQa41ynknvrkLOlQzNp65In0 HTTP/1.1" 200 2
186.84.189.100 - - [07/May/2015:00:47:58 -0500] "POST /forms/lservlet;jsessionid=ac16012b30d62fc683c6dc814526bc5fee44f701a3c3.e3iSbxaKaheRe3eNbhaPbhuQa41ynknvrkLOlQzNp65In0 HTTP/1.1" 200 441
186.84.189.100 - - [07/May/2015:00:47:58 -0500] "POST /forms/lservlet;jsessionid=ac16012b30d62fc683c6dc814526bc5fee44f701a3c3.e3iSbxaKaheRe3eNbhaPbhuQa41ynknvrkLOlQzNp65In0 HTTP/1.1" 200 7
186.84.189.100 - - [07/May/2015:00:48:00 -0500] "POST /forms/lservlet;jsessionid=ac16012b30d62fc683c6dc814526bc5fee44f701a3c3.e3iSbxaKaheRe3eNbhaPbhuQa41ynknvrkLOlQzNp65In0 HTTP/1.1" 200 150
186.84.189.100 - - [07/May/2015:00:48:01 -0500] "POST /forms/lservlet;jsessionid=ac16012b30d62fc683c6dc814526bc5fee44f701a3c3.e3iSbxaKaheRe3eNbhaPbhuQa41ynknvrkLOlQzNp65In0 HTTP/1.1" 200 2
186.84.189.100 - - [07/May/2015:00:48:01 -0500] "POST /forms/lservlet;jsessionid=ac16012b30d62fc683c6dc814526bc5fee44f701a3c3.e3iSbxaKaheRe3eNbhaPbhuQa41ynknvrkLOlQzNp65In0 HTTP/1.1" 200 2003
186.84.189.100 - - [07/May/2015:00:48:01 -0500] "POST /forms/lservlet;jsessionid=ac16012b30d62fc683c6dc814526bc5fee44f701a3c3.e3iSbxaKaheRe3eNbhaPbhuQa41ynknvrkLOlQzNp65In0 HTTP/1.1" 200 15
186.84.189.100 - - [07/May/2015:00:48:02 -0500] "POST /forms/lservlet;jsessionid=ac16012b30d62fc683c6dc814526bc5fee44f701a3c3.e3iSbxaKaheRe3eNbhaPbhuQa41ynknvrkLOlQzNp65In0 HTTP/1.1" 200 43
66.249.67.107 - - [07/May/2015:00:48:07 -0500] "GET /BLA/resoluciones/AUTOS%202011/3736.pdf HTTP/1.1" 200 271655
186.84.189.100 - - [07/May/2015:00:48:13 -0500] "POST /forms/lservlet;jsessionid=ac16012b30d62fc683c6dc814526bc5fee44f701a3c3.e3iSbxaKaheRe3eNbhaPbhuQa41ynknvrkLOlQzNp65In0 HTTP/1.1" 200 21
186.84.189.100 - - [07/May/2015:00:48:13 -0500] "POST /forms/lservlet;jsessionid=ac16012b30d62fc683c6dc814526bc5fee44f701a3c3.e3iSbxaKaheRe3eNbhaPbhuQa41ynknvrkLOlQzNp65In0 HTTP/1.1" 200 5502
186.84.189.100 - - [07/May/2015:00:48:13 -0500] "POST /forms/lservlet;jsessionid=ac16012b30d62fc683c6dc814526bc5fee44f701a3c3.e3iSbxaKaheRe3eNbhaPbhuQa41ynknvrkLOlQzNp65In0 HTTP/1.1" 200 20
186.84.189.100 - - [07/May/2015:00:48:14 -0500] "POST /forms/lservlet;jsessionid=ac16012b30d62fc683c6dc814526bc5fee44f701a3c3.e3iSbxaKaheRe3eNbhaPbhuQa41ynknvrkLOlQzNp65In0 HTTP/1.1" 200 144
186.84.189.100 - - [07/May/2015:00:48:16 -0500] "POST /forms/lservlet;jsessionid=ac16012b30d62fc683c6dc814526bc5fee44f701a3c3.e3iSbxaKaheRe3eNbhaPbhuQa41ynknvrkLOlQzNp65In0 HTTP/1.1" 200 90
186.84.189.100 - - [07/May/2015:00:48:17 -0500] "POST /forms/lservlet;jsessionid=ac16012b30d62fc683c6dc814526bc5fee44f701a3c3.e3iSbxaKaheRe3eNbhaPbhuQa41ynknvrkLOlQzNp65In0 HTTP/1.1" 200 2
186.84.189.100 - - [07/May/2015:00:48:17 -0500] "POST /forms/lservlet;jsessionid=ac16012b30d62fc683c6dc814526bc5fee44f701a3c3.e3iSbxaKaheRe3eNbhaPbhuQa41ynknvrkLOlQzNp65In0 HTTP/1.1" 200 3467
186.84.189.100 - - [07/May/2015:00:48:17 -0500] "POST /forms/lservlet;jsessionid=ac16012b30d62fc683c6dc814526bc5fee44f701a3c3.e3iSbxaKaheRe3eNbhaPbhuQa41ynknvrkLOlQzNp65In0 HTTP/1.1" 200 20
66.249.67.120 - - [07/May/2015:00:48:20 -0500] "GET /BLA/resoluciones/AUTOS%202011/4229.pdf HTTP/1.1" 200 255161
186.84.189.100 - - [07/May/2015:00:48:26 -0500] "POST /forms/lservlet;jsessionid=ac16012b30d62fc683c6dc814526bc5fee44f701a3c3.e3iSbxaKaheRe3eNbhaPbhuQa41ynknvrkLOlQzNp65In0 HTTP/1.1" 200 2
186.84.189.100 - - [07/May/2015:00:48:26 -0500] "POST /forms/lservlet;jsessionid=ac16012b30d62fc683c6dc814526bc5fee44f701a3c3.e3iSbxaKaheRe3eNbhaPbhuQa41ynknvrkLOlQzNp65In0 HTTP/1.1" 200 14
186.84.189.100 - - [07/May/2015:00:48:27 -0500] "POST /forms/lservlet;jsessionid=ac16012b30d62fc683c6dc814526bc5fee44f701a3c3.e3iSbxaKaheRe3eNbhaPbhuQa41ynknvrkLOlQzNp65In0 HTTP/1.1" 200 14
180.76.6.52 - - [07/May/2015:00:48:28 -0500] "GET /BLA/resoluciones/AUTOS%202013/0728.pdf HTTP/1.1" 200 1033867
186.84.189.100 - - [07/May/2015:00:48:28 -0500] "POST /forms/lservlet;jsessionid=ac16012b30d62fc683c6dc814526bc5fee44f701a3c3.e3iSbxaKaheRe3eNbhaPbhuQa41ynknvrkLOlQzNp65In0 HTTP/1.1" 200 14
186.84.189.100 - - [07/May/2015:00:48:30 -0500] "POST /forms/lservlet;jsessionid=ac16012b30d62fc683c6dc814526bc5fee44f701a3c3.e3iSbxaKaheRe3eNbhaPbhuQa41ynknvrkLOlQzNp65In0 HTTP/1.1" 200 130
186.84.189.100 - - [07/May/2015:00:48:30 -0500] "POST /forms/lservlet;jsessionid=ac16012b30d62fc683c6dc814526bc5fee44f701a3c3.e3iSbxaKaheRe3eNbhaPbhuQa41ynknvrkLOlQzNp65In0 HTTP/1.1" 200 2
186.84.189.100 - - [07/May/2015:00:48:30 -0500] "GET /reports/rwservlet/getjobid349162?server=rep_srvapsda HTTP/1.1" 200 432183
181.61.173.135 - - [07/May/2015:00:48:42 -0500] "GET /forest/session.jsp?a=0.1234178519807756 HTTP/1.1" 200 4
66.249.67.107 - - [07/May/2015:00:48:49 -0500] "GET /BLA/resoluciones/RESOLUCIONES%202007/RES%202007%203601%20AL%203700/RESOLUCION%203673%20%20DE%202007.pdf HTTP/1.1" 304 -
181.61.173.135 - - [07/May/2015:00:42:52 -0500] "GET /ForestMSG_SDA/channelAsync/template_word_18089085?X-Atmosphere-tracking-id=2f14f5f3-2d5d-2fa0-433b-1274b8570475&X-Atmosphere-Framework=1.0.5&X-Atmosphere-Transport=long-polling&tabid=0.9563736969139427&X-Cache-Date=0&Content-Type=application/xml&_=1430977541866 HTTP/1.1" 200 8193
186.84.189.100 - - [07/May/2015:00:48:54 -0500] "POST /forms/lservlet;jsessionid=ac16012b30d62fc683c6dc814526bc5fee44f701a3c3.e3iSbxaKaheRe3eNbhaPbhuQa41ynknvrkLOlQzNp65In0 HTTP/1.1" 200 2
186.84.189.100 - - [07/May/2015:00:48:54 -0500] "POST /forms/lservlet;jsessionid=ac16012b30d62fc683c6dc814526bc5fee44f701a3c3.e3iSbxaKaheRe3eNbhaPbhuQa41ynknvrkLOlQzNp65In0 HTTP/1.1" 200 2752
186.84.189.100 - - [07/May/2015:00:48:55 -0500] "POST /forms/lservlet;jsessionid=ac16012b30d62fc683c6dc814526bc5fee44f701a3c3.e3iSbxaKaheRe3eNbhaPbhuQa41ynknvrkLOlQzNp65In0 HTTP/1.1" 200 2
186.84.189.100 - - [07/May/2015:00:48:57 -0500] "POST /forms/lservlet;jsessionid=ac16012b30d62fc683c6dc814526bc5fee44f701a3c3.e3iSbxaKaheRe3eNbhaPbhuQa41ynknvrkLOlQzNp65In0 HTTP/1.1" 200 2
186.84.189.100 - - [07/May/2015:00:48:57 -0500] "POST /forms/lservlet;jsessionid=ac16012b30d62fc683c6dc814526bc5fee44f701a3c3.e3iSbxaKaheRe3eNbhaPbhuQa41ynknvrkLOlQzNp65In0 HTTP/1.1" 200 14
186.84.189.100 - - [07/May/2015:00:48:58 -0500] "POST /forms/lservlet;jsessionid=ac16012b30d62fc683c6dc814526bc5fee44f701a3c3.e3iSbxaKaheRe3eNbhaPbhuQa41ynknvrkLOlQzNp65In0 HTTP/1.1" 200 14
186.84.189.100 - - [07/May/2015:00:49:00 -0500] "POST /forms/lservlet;jsessionid=ac16012b30d62fc683c6dc814526bc5fee44f701a3c3.e3iSbxaKaheRe3eNbhaPbhuQa41ynknvrkLOlQzNp65In0 HTTP/1.1" 200 14
186.84.189.100 - - [07/May/2015:00:49:01 -0500] "POST /forms/lservlet;jsessionid=ac16012b30d62fc683c6dc814526bc5fee44f701a3c3.e3iSbxaKaheRe3eNbhaPbhuQa41ynknvrkLOlQzNp65In0 HTTP/1.1" 200 112
186.84.189.100 - - [07/May/2015:00:49:01 -0500] "POST /forms/lservlet;jsessionid=ac16012b30d62fc683c6dc814526bc5fee44f701a3c3.e3iSbxaKaheRe3eNbhaPbhuQa41ynknvrkLOlQzNp65In0 HTTP/1.1" 200 2
180.76.6.28 - - [07/May/2015:00:49:02 -0500] "GET /BLA/resoluciones/RESOLUCIONES%202007/RES%202007%203401%20AL%203500/RESOLUCION%203422%20DE%202007.pdf HTTP/1.1" 200 520299
186.84.189.100 - - [07/May/2015:00:49:01 -0500] "GET /reports/rwservlet/getjobid349163?server=rep_srvapsda HTTP/1.1" 200 3301590
180.76.6.149 - - [07/May/2015:00:49:20 -0500] "GET /BLA/resoluciones/AUTOS%202009/0874.pdf HTTP/1.1" 200 119604
186.84.189.100 - - [07/May/2015:00:49:26 -0500] "POST /forms/lservlet;jsessionid=ac16012b30d62fc683c6dc814526bc5fee44f701a3c3.e3iSbxaKaheRe3eNbhaPbhuQa41ynknvrkLOlQzNp65In0 HTTP/1.1" 200 2
186.84.189.100 - - [07/May/2015:00:49:26 -0500] "POST /forms/lservlet;jsessionid=ac16012b30d62fc683c6dc814526bc5fee44f701a3c3.e3iSbxaKaheRe3eNbhaPbhuQa41ynknvrkLOlQzNp65In0 HTTP/1.1" 200 2973
186.84.189.100 - - [07/May/2015:00:49:26 -0500] "POST /forms/lservlet;jsessionid=ac16012b30d62fc683c6dc814526bc5fee44f701a3c3.e3iSbxaKaheRe3eNbhaPbhuQa41ynknvrkLOlQzNp65In0 HTTP/1.1" 200 2
186.84.189.100 - - [07/May/2015:00:49:27 -0500] "POST /forms/lservlet;jsessionid=ac16012b30d62fc683c6dc814526bc5fee44f701a3c3.e3iSbxaKaheRe3eNbhaPbhuQa41ynknvrkLOlQzNp65In0 HTTP/1.1" 200 2
186.84.189.100 - - [07/May/2015:00:49:27 -0500] "POST /forms/lservlet;jsessionid=ac16012b30d62fc683c6dc814526bc5fee44f701a3c3.e3iSbxaKaheRe3eNbhaPbhuQa41ynknvrkLOlQzNp65In0 HTTP/1.1" 200 2856
186.84.189.100 - - [07/May/2015:00:49:27 -0500] "POST /forms/lservlet;jsessionid=ac16012b30d62fc683c6dc814526bc5fee44f701a3c3.e3iSbxaKaheRe3eNbhaPbhuQa41ynknvrkLOlQzNp65In0 HTTP/1.1" 200 2
186.84.189.100 - - [07/May/2015:00:49:28 -0500] "POST /forms/lservlet;jsessionid=ac16012b30d62fc683c6dc814526bc5fee44f701a3c3.e3iSbxaKaheRe3eNbhaPbhuQa41ynknvrkLOlQzNp65In0 HTTP/1.1" 200 2
186.84.189.100 - - [07/May/2015:00:49:28 -0500] "POST /forms/lservlet;jsessionid=ac16012b30d62fc683c6dc814526bc5fee44f701a3c3.e3iSbxaKaheRe3eNbhaPbhuQa41ynknvrkLOlQzNp65In0 HTTP/1.1" 200 2214
186.84.189.100 - - [07/May/2015:00:49:28 -0500] "POST /forms/lservlet;jsessionid=ac16012b30d62fc683c6dc814526bc5fee44f701a3c3.e3iSbxaKaheRe3eNbhaPbhuQa41ynknvrkLOlQzNp65In0 HTTP/1.1" 200 10
180.76.5.61 - - [07/May/2015:00:49:37 -0500] "GET /BLA/resoluciones/RESOLUCIONES%202007/RES%202007%201201%20AL%201300/RESOLUCION%201270%20DE%202007.pdf HTTP/1.1" 200 213263
186.84.189.100 - - [07/May/2015:00:49:42 -0500] "POST /forms/lservlet;jsessionid=ac16012b30d62fc683c6dc814526bc5fee44f701a3c3.e3iSbxaKaheRe3eNbhaPbhuQa41ynknvrkLOlQzNp65In0 HTTP/1.1" 200 2
180.76.6.150 - - [07/May/2015:00:49:54 -0500] "GET /BLA/resoluciones/AUTOS%202010/2523.pdf HTTP/1.1" 200 151309
188.165.15.5 - - [07/May/2015:00:49:54 -0500] "GET /BLA/resoluciones/RESOLUCIONES%202005/RES%202005%202601-2650/00002617.tif HTTP/1.1" 200 116636
180.76.6.41 - - [07/May/2015:00:50:12 -0500] "GET /BLA/boletinlegal;jsessionid=832915625997145B95A7AC204CF96F1A?/? HTTP/1.1" 404 1018
186.28.183.102 - - [07/May/2015:00:51:01 -0500] "GET /forest/session.jsp?a=0.5285929059609771 HTTP/1.1" 200 4
66.249.67.177 - - [07/May/2015:00:51:11 -0500] "GET /portalsiaccapacitaciones/Soportes%20Capacitaciones%20A%C3%B1o%202013/0029.%20Equipos%20Ahorradores%20de%20Agua%20%2018%20de%20Julio.pdf HTTP/1.1" 404 1019
180.76.5.17 - - [07/May/2015:00:51:25 -0500] "GET /BLA/boletinlegal;jsessionid=F1C1DDB37366F35C6524C1257A205D8E?/? HTTP/1.1" 404 1018
186.84.189.100 - - [07/May/2015:00:51:42 -0500] "POST /forms/lservlet;jsessionid=ac16012b30d62fc683c6dc814526bc5fee44f701a3c3.e3iSbxaKaheRe3eNbhaPbhuQa41ynknvrkLOlQzNp65In0 HTTP/1.1" 200 2
180.76.5.153 - - [07/May/2015:00:51:42 -0500] "GET /BLA/resoluciones/AUTOS%202014/3614.pdf HTTP/1.1" 200 1774411
66.249.67.120 - - [07/May/2015:00:51:44 -0500] "GET /BLA/resoluciones/RESOLUCIONES%202007/RES%202007%201201%20AL%201300/RESOLUCION%201295%20DE%202007.pdf HTTP/1.1" 304 -
180.76.5.63 - - [07/May/2015:00:52:00 -0500] "GET /BLA/resoluciones/AUTOS%202010/0607.pdf HTTP/1.1" 200 163808
74.86.158.107 - - [07/May/2015:00:52:13 -0500] "HEAD / HTTP/1.1" 200 -
207.46.13.66 - - [07/May/2015:00:52:14 -0500] "GET /dama/libreria/pdf/ElTiempo-2005.pdf HTTP/1.1" 404 1019
180.76.6.41 - - [07/May/2015:00:52:17 -0500] "GET /BLA/resoluciones/AUTOS%202013/1362.pdf HTTP/1.1" 200 836346
180.76.5.94 - - [07/May/2015:00:52:34 -0500] "GET /BLA/resoluciones/RESOLUCIONES%202007/RES%202007%203401%20AL%203500/RESOLUCION%203489%20DE%202007.pdf HTTP/1.1" 200 832666
201.245.192.253 - - [07/May/2015:00:52:45 -0500] "GET /forest/session.jsp?a=0.7313064542609247 HTTP/1.1" 200 4
180.76.5.195 - - [07/May/2015:00:52:52 -0500] "GET /BLA/resoluciones/RESOLUCIONES%202010/2730.pdf HTTP/1.1" 200 375748
201.245.192.253 - - [07/May/2015:00:52:58 -0500] "GET /forest/session.jsp?a=0.7844330609043866 HTTP/1.1" 200 4
180.76.6.50 - - [07/May/2015:00:53:09 -0500] "GET /BLA/resoluciones/AUTOS%202012/0734.pdf HTTP/1.1" 200 163936
186.84.189.100 - - [07/May/2015:00:53:42 -0500] "POST /forms/lservlet;jsessionid=ac16012b30d62fc683c6dc814526bc5fee44f701a3c3.e3iSbxaKaheRe3eNbhaPbhuQa41ynknvrkLOlQzNp65In0 HTTP/1.1" 200 2
180.76.5.71 - - [07/May/2015:00:53:43 -0500] "GET /BLA/resoluciones/AUTOS%202009/3398.pdf HTTP/1.1" 200 96128
180.76.6.66 - - [07/May/2015:00:54:01 -0500] "GET /BLA/resoluciones/AUTOS%202009/1104.pdf HTTP/1.1" 200 93100
188.165.15.5 - - [07/May/2015:00:54:18 -0500] "GET /BLA/resoluciones/RESOLUCIONES%202002/RES%202002%20501-550/00000546.tif HTTP/1.1" 200 45120
180.76.5.144 - - [07/May/2015:00:54:18 -0500] "GET /BLA/resoluciones/AUTOS%202011/0856.pdf HTTP/1.1" 200 96163
180.76.5.28 - - [07/May/2015:00:54:35 -0500] "GET /BLA/resoluciones/AUTOS%202010/0105.pdf HTTP/1.1" 200 366492
66.249.67.133 - - [07/May/2015:00:54:42 -0500] "GET /BLA/resoluciones/RESOLUCIONES%202007/RES%202007%202001%20AL%202100/RESOLUCION%202008%20DE%202007.pdf HTTP/1.1" 200 804473
180.76.6.20 - - [07/May/2015:00:54:53 -0500] "GET /BLA/resoluciones/AUTOS%202015/0586.pdf HTTP/1.1" 200 315982
188.165.15.5 - - [07/May/2015:00:54:54 -0500] "GET /BLA/resoluciones/RESOLUCIONES%202005/RES%202005%201551-1600/00001577.tif HTTP/1.1" 200 267716
180.76.5.26 - - [07/May/2015:00:55:10 -0500] "GET /BLA/resoluciones/RESOLUCIONES%202009/0392.pdf HTTP/1.1" 200 248598
186.84.189.100 - - [07/May/2015:00:55:42 -0500] "POST /forms/lservlet;jsessionid=ac16012b30d62fc683c6dc814526bc5fee44f701a3c3.e3iSbxaKaheRe3eNbhaPbhuQa41ynknvrkLOlQzNp65In0 HTTP/1.1" 200 2
180.76.6.144 - - [07/May/2015:00:55:44 -0500] "GET /BLA/resoluciones/AUTOS%202012/0966.pdf HTTP/1.1" 200 379921
180.76.5.67 - - [07/May/2015:00:56:47 -0500] "GET /BLA/resoluciones/AUTOS%202014/5793.pdf HTTP/1.1" 200 122598
180.76.5.95 - - [07/May/2015:00:57:04 -0500] "GET /BLA/resoluciones/AUTOS%202009/1722.pdf HTTP/1.1" 200 124265
74.86.158.107 - - [07/May/2015:00:57:13 -0500] "HEAD / HTTP/1.1" 200 -
180.76.6.36 - - [07/May/2015:00:57:22 -0500] "GET /BLA/resoluciones/AUTOS%202012/1551.pdf HTTP/1.1" 200 370001
186.28.183.102 - - [07/May/2015:00:57:27 -0500] "GET /forest/session.jsp?a=0.29320971528068185 HTTP/1.1" 200 4
66.249.67.120 - - [07/May/2015:00:57:40 -0500] "GET /BLA/resoluciones/RESOLUCIONES%202009/7846.pdf HTTP/1.1" 304 -
186.28.183.102 - - [07/May/2015:00:57:41 -0500] "GET /forest/logout-redirect.jsp HTTP/1.1" 302 -
186.28.183.102 - - [07/May/2015:00:57:41 -0500] "GET /forest/login.do HTTP/1.1" 200 12815
186.84.189.100 - - [07/May/2015:00:57:42 -0500] "POST /forms/lservlet;jsessionid=ac16012b30d62fc683c6dc814526bc5fee44f701a3c3.e3iSbxaKaheRe3eNbhaPbhuQa41ynknvrkLOlQzNp65In0 HTTP/1.1" 200 2
201.245.192.253 - - [07/May/2015:00:57:46 -0500] "GET /forest/session.jsp?a=0.7122536377266746 HTTP/1.1" 200 4
180.76.6.134 - - [07/May/2015:00:57:56 -0500] "GET /BLA/resoluciones/RESOLUCIONES%202007/RES%202007%20801%20AL%20900/RESOLUCION%200866%20DE%202007.pdf HTTP/1.1" 200 697972
201.245.192.253 - - [07/May/2015:00:57:58 -0500] "GET /forest/session.jsp?a=0.37278556083181236 HTTP/1.1" 200 4
66.102.8.208 - - [07/May/2015:00:58:06 -0500] "GET /BLA/resoluciones/AUTOS%202011/2146.pdf HTTP/1.1" 200 248503
186.80.243.243 - - [07/May/2015:00:58:07 -0500] "GET /BLA/resoluciones/AUTOS%202011/2146.pdf HTTP/1.1" 200 248503
180.76.6.14 - - [07/May/2015:00:58:14 -0500] "GET /BLA/resoluciones/RESOLUCIONES%202009/8107.pdf HTTP/1.1" 200 498129
180.76.5.76 - - [07/May/2015:00:58:31 -0500] "GET /BLA/resoluciones/AUTOS%202014/5867.pdf HTTP/1.1" 200 208498
180.76.5.193 - - [07/May/2015:00:59:05 -0500] "GET /BLA/resoluciones/RESOLUCIONES%202008/1251.pdf HTTP/1.1" 200 664236
180.76.5.195 - - [07/May/2015:00:59:23 -0500] "GET /BLA/resoluciones/AUTOS%202011/1960.pdf HTTP/1.1" 200 135871
66.249.67.120 - - [07/May/2015:00:59:32 -0500] "GET /BLA/resoluciones/AUTOS%202008/0326.pdf HTTP/1.1" 304 -
180.76.6.151 - - [07/May/2015:00:59:40 -0500] "GET /BLA/resoluciones/RESOLUCIONES%202007/RES%202007%20301%20AL%20400/RESOLUCION%200364%20DE%202007.pdf HTTP/1.1" 200 650337
186.84.189.100 - - [07/May/2015:00:59:42 -0500] "POST /forms/lservlet;jsessionid=ac16012b30d62fc683c6dc814526bc5fee44f701a3c3.e3iSbxaKaheRe3eNbhaPbhuQa41ynknvrkLOlQzNp65In0 HTTP/1.1" 200 2
180.76.6.154 - - [07/May/2015:00:59:57 -0500] "GET /BLA/resoluciones/AUTOS%202009/2289.pdf HTTP/1.1" 200 352664
207.46.13.35 - - [07/May/2015:01:00:09 -0500] "GET /dama/libreria/pdf/formularios/vivienda/certif_ent_financ.pdf HTTP/1.1" 404 1019
180.76.6.151 - - [07/May/2015:01:00:15 -0500] "GET /BLA/resoluciones/AUTOS%202014/2933.pdf HTTP/1.1" 200 350703
180.76.6.135 - - [07/May/2015:01:00:32 -0500] "GET /BLA/resoluciones/RESOLUCIONES%202009/0338.pdf HTTP/1.1" 200 237307
180.76.5.78 - - [07/May/2015:01:00:49 -0500] "GET /BLA/resoluciones/AUTOS%202009/2847.pdf HTTP/1.1" 200 88344
180.76.6.49 - - [07/May/2015:01:01:06 -0500] "GET /BLA/resoluciones/AUTOS%202013/1801.pdf HTTP/1.1" 200 638124
181.142.217.143 - - [07/May/2015:01:01:13 -0500] "GET /galeria/galeria/jquery.fancybox.css?v=2.1.5 HTTP/1.1" 200 4895
181.142.217.143 - - [07/May/2015:01:01:13 -0500] "GET /BLA/boletinlegal/js/jquery.scrollTo-min.js HTTP/1.1" 200 1150
181.142.217.143 - - [07/May/2015:01:01:13 -0500] "GET /BLA/boletinlegal/js/jquery.scrollShow.js HTTP/1.1" 200 4586
181.142.217.143 - - [07/May/2015:01:01:13 -0500] "GET /galeria/galeria/jquery.fancybox.js?v=2.1.5 HTTP/1.1" 200 48706
188.165.15.5 - - [07/May/2015:01:01:16 -0500] "GET /BLA/resoluciones/index.php?dir=Notificaciones%2FREGISTROS+2014%2F HTTP/1.1" 200 7200
180.76.6.146 - - [07/May/2015:01:01:24 -0500] "GET /BLA/boletinlegal;jsessionid=6FD21E001B0B79601BB2AEE419B63124?/? HTTP/1.1" 404 1018
180.76.6.158 - - [07/May/2015:01:01:41 -0500] "GET /BLA/resoluciones/AUTOS%202009/1409.pdf HTTP/1.1" 200 193484
186.84.189.100 - - [07/May/2015:01:01:42 -0500] "POST /forms/lservlet;jsessionid=ac16012b30d62fc683c6dc814526bc5fee44f701a3c3.e3iSbxaKaheRe3eNbhaPbhuQa41ynknvrkLOlQzNp65In0 HTTP/1.1" 200 2
66.249.67.107 - - [07/May/2015:01:01:57 -0500] "GET /BLA/resoluciones/RESOLUCIONES%202008/5693.pdf HTTP/1.1" 200 158496
88.198.233.69 - - [07/May/2015:01:02:01 -0500] "GET / HTTP/1.1" 200 10190
74.86.158.107 - - [07/May/2015:01:02:13 -0500] "HEAD / HTTP/1.1" 200 -
180.76.5.166 - - [07/May/2015:01:02:15 -0500] "GET /BLA/resoluciones/RESOLUCIONES%202008/3835.pdf HTTP/1.1" 200 1189745
180.76.5.177 - - [07/May/2015:01:02:33 -0500] "GET /BLA/resoluciones/AUTOS%202014/2905.pdf HTTP/1.1" 200 1018283
66.249.67.120 - - [07/May/2015:01:02:33 -0500] "GET /BLA/resoluciones/AUTOS%202008/2520.pdf HTTP/1.1" 200 193171
201.245.192.253 - - [07/May/2015:01:02:46 -0500] "GET /forest/session.jsp?a=0.7539435926292755 HTTP/1.1" 200 4
180.76.5.191 - - [07/May/2015:01:02:50 -0500] "GET /BLA/resoluciones/AUTOS%202012/0841.pdf HTTP/1.1" 200 374434
190.9.203.206 - - [07/May/2015:01:02:55 -0500] "GET /galeria/galeria/jquery.fancybox.css?v=2.1.5 HTTP/1.1" 200 4895
190.9.203.206 - - [07/May/2015:01:02:55 -0500] "GET /BLA/boletinlegal/js/jquery.scrollTo-min.js HTTP/1.1" 200 1150
190.9.203.206 - - [07/May/2015:01:02:55 -0500] "GET /BLA/boletinlegal/js/jquery.scrollShow.js HTTP/1.1" 200 4586
190.9.203.206 - - [07/May/2015:01:02:55 -0500] "GET /galeria/galeria/jquery.fancybox.js?v=2.1.5 HTTP/1.1" 200 48706
201.245.192.253 - - [07/May/2015:01:02:58 -0500] "GET /forest/session.jsp?a=0.30816794618646537 HTTP/1.1" 200 4
180.76.5.17 - - [07/May/2015:01:03:07 -0500] "GET /BLA/resoluciones/AUTOS%202013/1099.pdf HTTP/1.1" 200 617008
180.76.5.166 - - [07/May/2015:01:03:42 -0500] "GET /BLA/resoluciones/RESOLUCIONES%202008/0057.pdf HTTP/1.1" 200 630890
186.84.189.100 - - [07/May/2015:01:03:42 -0500] "POST /forms/lservlet;jsessionid=ac16012b30d62fc683c6dc814526bc5fee44f701a3c3.e3iSbxaKaheRe3eNbhaPbhuQa41ynknvrkLOlQzNp65In0 HTTP/1.1" 200 2
180.76.5.170 - - [07/May/2015:01:04:16 -0500] "GET /BLA/boletinlegal;jsessionid=8620A4D3E2B0B8ED8DB24F5B38A046CD?/? HTTP/1.1" 404 1018
66.249.67.107 - - [07/May/2015:01:04:27 -0500] "GET /BLA/resoluciones/RESOLUCIONES%202009/3077.pdf HTTP/1.1" 304 -
180.76.5.149 - - [07/May/2015:01:04:34 -0500] "GET /BLA/resoluciones/AUTOS%202013/1122.pdf HTTP/1.1" 200 964001
66.249.67.133 - - [07/May/2015:01:04:47 -0500] "GET /portel_dama/libreria/php/2006/ECOSISTEMAS%20FINAL%20web_mz27/humedales/sitio/22_pol/xtras/1.pdf HTTP/1.1" 404 1018
180.76.5.145 - - [07/May/2015:01:04:51 -0500] "GET /BLA/resoluciones/AUTOS%202009/0032.pdf HTTP/1.1" 200 106183
66.249.67.107 - - [07/May/2015:01:04:55 -0500] "GET /BLA/resoluciones/RESOLUCIONES%202012/1200.pdf HTTP/1.1" 200 2089216
66.249.67.177 - - [07/May/2015:01:05:03 -0500] "GET /POT-2013/index.php?dir=Cartografia%2F HTTP/1.1" 200 11465
180.76.5.25 - - [07/May/2015:01:05:08 -0500] "GET /BLA/resoluciones/AUTOS%202014/7159.pdf HTTP/1.1" 200 199805
66.249.67.120 - - [07/May/2015:01:05:10 -0500] "GET /BLA/resoluciones/AUTOS%202008/1761.pdf HTTP/1.1" 200 223607
66.249.67.133 - - [07/May/2015:01:05:23 -0500] "GET /BLA/resoluciones/AUTOS%202008/1421.pdf HTTP/1.1" 200 157430
66.249.67.133 - - [07/May/2015:01:05:30 -0500] "GET /BLA/resoluciones/RESOLUCIONES%202012/1356.pdf HTTP/1.1" 200 282950
186.84.189.100 - - [07/May/2015:01:05:42 -0500] "POST /forms/lservlet;jsessionid=ac16012b30d62fc683c6dc814526bc5fee44f701a3c3.e3iSbxaKaheRe3eNbhaPbhuQa41ynknvrkLOlQzNp65In0 HTTP/1.1" 200 2
66.249.67.107 - - [07/May/2015:01:05:46 -0500] "GET /BLA/resoluciones/AUTOS%202008/2402.pdf HTTP/1.1" 200 98549
123.125.71.107 - - [07/May/2015:01:05:54 -0500] "GET / HTTP/1.1" 200 10190
180.76.6.225 - - [07/May/2015:01:05:56 -0500] "GET /BLA/boletinlegal;jsessionid=6CB0AFD623DB91FFAFE07A9665206351?/? HTTP/1.1" 404 1018
180.76.6.137 - - [07/May/2015:01:06:13 -0500] "GET /BLA/resoluciones/RESOLUCIONES%202008/0696.pdf HTTP/1.1" 200 160309
157.55.39.201 - - [07/May/2015:01:06:28 -0500] "GET /portalsiaccapacitaciones/list.php? HTTP/1.1" 200 5055
180.76.6.145 - - [07/May/2015:01:06:30 -0500] "GET /BLA/resoluciones/AUTOS%202010/5465.pdf HTTP/1.1" 200 161599
180.76.6.40 - - [07/May/2015:01:06:48 -0500] "GET /BLA/resoluciones/RESOLUCIONES%202010/2125.pdf HTTP/1.1" 200 232489
66.249.67.120 - - [07/May/2015:01:06:57 -0500] "GET /BLA/resoluciones/AUTOS%202012/2958.pdf HTTP/1.1" 200 1474910
188.165.15.5 - - [07/May/2015:01:07:02 -0500] "GET /BLA/resoluciones/RESOLUCIONES%202003/RES%202003%201101-1150/1119.tif HTTP/1.1" 200 330904
66.249.67.133 - - [07/May/2015:01:07:04 -0500] "GET /portel_dama/libreria/php/2006/ECOSISTEMAS%20FINAL%20web_mz27/restauracion/sitio/55_artic/xtras/13.pdf HTTP/1.1" 404 1018
180.76.6.57 - - [07/May/2015:01:07:05 -0500] "GET /BLA/resoluciones/AUTOS%202013/0530.pdf HTTP/1.1" 200 255340
74.86.158.107 - - [07/May/2015:01:07:13 -0500] "HEAD / HTTP/1.1" 200 -
66.249.67.133 - - [07/May/2015:01:07:17 -0500] "GET /BLA/resoluciones/RESOLUCIONES%202011/3744.pdf HTTP/1.1" 200 467862
186.84.189.100 - - [07/May/2015:01:07:42 -0500] "POST /forms/lservlet;jsessionid=ac16012b30d62fc683c6dc814526bc5fee44f701a3c3.e3iSbxaKaheRe3eNbhaPbhuQa41ynknvrkLOlQzNp65In0 HTTP/1.1" 200 2
201.245.192.253 - - [07/May/2015:01:07:46 -0500] "GET /forest/session.jsp?a=0.1831378889921359 HTTP/1.1" 200 4
201.245.192.253 - - [07/May/2015:01:07:58 -0500] "GET /forest/session.jsp?a=0.8564258634456976 HTTP/1.1" 200 4
180.76.5.171 - - [07/May/2015:01:08:12 -0500] "GET /BLA/resoluciones/RESOLUCIONES%202007/RES%202007%203401%20AL%203500/RESOLUCION%203461%20DE%202007.pdf HTTP/1.1" 200 413939
180.76.5.71 - - [07/May/2015:01:08:29 -0500] "GET /BLA/resoluciones/AUTOS%202010/1414.pdf HTTP/1.1" 200 197289
180.76.5.155 - - [07/May/2015:01:08:47 -0500] "GET /BLA/resoluciones/RESOLUCIONES%202010/0993.pdf HTTP/1.1" 200 117900
190.25.97.123 - - [07/May/2015:01:09:00 -0500] "GET /BLA/resoluciones/RESOLUCIONES%202009/3912.pdf HTTP/1.1" 200 412596
180.76.6.157 - - [07/May/2015:01:09:04 -0500] "GET /BLA/resoluciones/AUTOS%202013/0189.pdf HTTP/1.1" 200 2839560
180.76.6.142 - - [07/May/2015:01:09:21 -0500] "GET /BLA/resoluciones/AUTOS%202010/0131.pdf HTTP/1.1" 200 214141
66.249.67.107 - - [07/May/2015:01:09:28 -0500] "GET /BLA/resoluciones/AUTOS%202013/1320.pdf HTTP/1.1" 304 -
180.76.6.28 - - [07/May/2015:01:09:38 -0500] "GET /BLA/resoluciones/AUTOS%202012/1299.pdf HTTP/1.1" 200 193796
186.84.189.100 - - [07/May/2015:01:09:42 -0500] "POST /forms/lservlet;jsessionid=ac16012b30d62fc683c6dc814526bc5fee44f701a3c3.e3iSbxaKaheRe3eNbhaPbhuQa41ynknvrkLOlQzNp65In0 HTTP/1.1" 200 2
180.76.6.130 - - [07/May/2015:01:09:56 -0500] "GET /BLA/resoluciones/AUTOS%202012/1779.pdf HTTP/1.1" 200 810464
81.184.251.241 - - [07/May/2015:01:10:27 -0500] "GET /galeria/galeria/jquery.fancybox.css?v=2.1.5 HTTP/1.1" 200 4895
81.184.251.241 - - [07/May/2015:01:10:27 -0500] "GET /BLA/boletinlegal/js/jquery.scrollTo-min.js HTTP/1.1" 200 1150
81.184.251.241 - - [07/May/2015:01:10:27 -0500] "GET /galeria/galeria/jquery.fancybox.js?v=2.1.5 HTTP/1.1" 200 48706
81.184.251.241 - - [07/May/2015:01:10:27 -0500] "GET /BLA/boletinlegal/js/jquery.scrollShow.js HTTP/1.1" 200 4586
81.184.251.241 - - [07/May/2015:01:10:43 -0500] "GET /BLA/boletinlegal/js/jquery.scrollTo-min.js HTTP/1.1" 304 -
81.184.251.241 - - [07/May/2015:01:10:43 -0500] "GET /galeria/galeria/jquery.fancybox.css?v=2.1.5 HTTP/1.1" 304 -
81.184.251.241 - - [07/May/2015:01:10:43 -0500] "GET /galeria/galeria/jquery.fancybox.js?v=2.1.5 HTTP/1.1" 304 -
81.184.251.241 - - [07/May/2015:01:10:43 -0500] "GET /BLA/boletinlegal/js/jquery.scrollShow.js HTTP/1.1" 304 -
66.249.67.107 - - [07/May/2015:01:11:05 -0500] "GET /resoluciones/RESOLUCIONES%202009/1148.pdf HTTP/1.1" 404 1018
180.76.6.231 - - [07/May/2015:01:11:05 -0500] "GET /BLA/resoluciones/AUTOS%202012/0411.pdf HTTP/1.1" 200 249528
66.249.67.120 - - [07/May/2015:01:11:21 -0500] "GET /BLA/resoluciones/AUTOS%202008/1958.pdf HTTP/1.1" 200 87977
66.249.67.120 - - [07/May/2015:01:11:26 -0500] "GET /BLA/resoluciones/AUTOS%202008/3398.pdf HTTP/1.1" 200 101270
180.76.5.77 - - [07/May/2015:01:11:40 -0500] "GET /BLA/boletinlegal;jsessionid=F8E3EE35D3EFB023611E752D65479DA7?/? HTTP/1.1" 404 1018
186.84.189.100 - - [07/May/2015:01:11:42 -0500] "POST /forms/lservlet;jsessionid=ac16012b30d62fc683c6dc814526bc5fee44f701a3c3.e3iSbxaKaheRe3eNbhaPbhuQa41ynknvrkLOlQzNp65In0 HTTP/1.1" 200 2
180.76.5.27 - - [07/May/2015:01:11:57 -0500] "GET /BLA/boletinlegal;jsessionid=44F51830285DA912C447C1FB8E47A053?/? HTTP/1.1" 404 1018
66.249.67.120 - - [07/May/2015:01:12:00 -0500] "GET /BLA/resoluciones/AUTOS%202013/0988.pdf HTTP/1.1" 200 2131560
186.80.8.94 - - [07/May/2015:01:12:08 -0500] "GET /BLA/resoluciones/RESOLUCIONES%202007/RES%202007%203201%20AL%203300/RESOLUCION%203257%20DE%202007.pdf HTTP/1.1" 200 2739877
186.80.8.94 - - [07/May/2015:01:12:08 -0500] "GET /favicon.ico HTTP/1.1" 200 7782
186.80.8.94 - - [07/May/2015:01:12:09 -0500] "GET /BLA/resoluciones/RESOLUCIONES%202007/RES%202007%203201%20AL%203300/RESOLUCION%203257%20DE%202007.pdf HTTP/1.1" 206 32768
186.80.8.94 - - [07/May/2015:01:12:10 -0500] "GET /BLA/resoluciones/RESOLUCIONES%202007/RES%202007%203201%20AL%203300/RESOLUCION%203257%20DE%202007.pdf HTTP/1.1" 206 2707109
74.86.158.107 - - [07/May/2015:01:12:13 -0500] "HEAD / HTTP/1.1" 200 -
180.76.6.47 - - [07/May/2015:01:12:14 -0500] "GET /BLA/resoluciones/AUTOS%202014/3973.pdf HTTP/1.1" 200 663369
186.80.8.94 - - [07/May/2015:01:12:22 -0500] "GET /BLA/resoluciones/RESOLUCIONES%202007/RES%202007%203201%20AL%203300/RESOLUCION%203257%20DE%202007.pdf HTTP/1.1" 206 32727
201.245.192.253 - - [07/May/2015:01:12:46 -0500] "GET /forest/session.jsp?a=0.44682665049777504 HTTP/1.1" 200 4
180.76.6.42 - - [07/May/2015:01:12:49 -0500] "GET /BLA/resoluciones/AUTOS%202009/0134.pdf HTTP/1.1" 200 119482
201.245.192.253 - - [07/May/2015:01:12:58 -0500] "GET /forest/session.jsp?a=0.9549283907205308 HTTP/1.1" 200 4
180.76.6.56 - - [07/May/2015:01:13:06 -0500] "GET /BLA/resoluciones/AUTOS%202009/2739.pdf HTTP/1.1" 200 86803
66.249.67.133 - - [07/May/2015:01:13:23 -0500] "GET /BLA/resoluciones/AUTOS%202008/3074.pdf HTTP/1.1" 200 64395
180.76.6.146 - - [07/May/2015:01:13:24 -0500] "GET /BLA/resoluciones/AUTOS%202011/0688.pdf HTTP/1.1" 200 101134
66.249.67.120 - - [07/May/2015:01:13:39 -0500] "GET /BLA/resoluciones/AUTOS%202008/0024.pdf HTTP/1.1" 200 85755
186.84.189.100 - - [07/May/2015:01:13:42 -0500] "POST /forms/lservlet;jsessionid=ac16012b30d62fc683c6dc814526bc5fee44f701a3c3.e3iSbxaKaheRe3eNbhaPbhuQa41ynknvrkLOlQzNp65In0 HTTP/1.1" 200 2
220.181.108.114 - - [07/May/2015:01:13:45 -0500] "GET / HTTP/1.1" 200 10190
180.76.5.19 - - [07/May/2015:01:13:58 -0500] "GET /BLA/resoluciones/AUTOS%202010/5713.pdf HTTP/1.1" 200 231067
180.76.6.139 - - [07/May/2015:01:14:16 -0500] "GET /BLA/resoluciones/AUTOS%202009/2424.pdf HTTP/1.1" 200 99520
190.12.138.120 - - [07/May/2015:01:14:26 -0500] "GET /BLA/boletinlegal/js/jquery.scrollTo-min.js HTTP/1.1" 200 1150
190.12.138.120 - - [07/May/2015:01:14:26 -0500] "GET /BLA/boletinlegal/js/jquery.scrollShow.js HTTP/1.1" 200 4586
190.12.138.120 - - [07/May/2015:01:14:26 -0500] "GET /galeria/galeria/jquery.fancybox.js?v=2.1.5 HTTP/1.1" 200 48706
190.12.138.120 - - [07/May/2015:01:14:26 -0500] "GET /galeria/galeria/jquery.fancybox.css?v=2.1.5 HTTP/1.1" 200 4895
190.12.138.120 - - [07/May/2015:01:14:26 -0500] "GET /galeria/carrusel/Carrusel/jquery.thumbnailScroller.css HTTP/1.1" 200 2066
190.12.138.120 - - [07/May/2015:01:14:26 -0500] "GET /galeria/carrusel/Carrusel/jquery-ui-1.8.13.custom.min.js HTTP/1.1" 200 10800
190.12.138.120 - - [07/May/2015:01:14:26 -0500] "GET /galeria/carrusel/Carrusel/jquery.thumbnailScroller.js HTTP/1.1" 200 8157
66.249.67.107 - - [07/May/2015:01:14:31 -0500] "GET /BLA/resoluciones/AUTOS%202013/0953.pdf HTTP/1.1" 304 -
190.12.138.120 - - [07/May/2015:01:14:33 -0500] "GET /galeria/nivo-slider/demo/demo.html HTTP/1.1" 200 4711
180.76.6.153 - - [07/May/2015:01:14:33 -0500] "GET /BLA/resoluciones/AUTOS%202010/1465.pdf HTTP/1.1" 200 272255
188.165.15.5 - - [07/May/2015:01:14:35 -0500] "GET /BLA/resoluciones/RESOLUCIONES%202002/RES%202002%201901-1950/20021950.tif HTTP/1.1" 200 250228
190.12.138.120 - - [07/May/2015:01:14:37 -0500] "GET /galeria/nivo-slider/themes/default/default.css HTTP/1.1" 200 1569
190.12.138.120 - - [07/May/2015:01:14:37 -0500] "GET /galeria/nivo-slider/themes/pascal/pascal.css HTTP/1.1" 200 2258
190.12.138.120 - - [07/May/2015:01:14:37 -0500] "GET /galeria/nivo-slider/themes/orman/orman.css HTTP/1.1" 200 2152
190.12.138.120 - - [07/May/2015:01:14:37 -0500] "GET /galeria/nivo-slider/nivo-slider.css HTTP/1.1" 200 1507
190.12.138.120 - - [07/May/2015:01:14:37 -0500] "GET /galeria/nivo-slider/demo/style.css HTTP/1.1" 200 2222
190.12.138.120 - - [07/May/2015:01:14:37 -0500] "GET /galeria/nivo-slider/demo/scripts/jquery-1.7.1.min.js HTTP/1.1" 200 93868
190.12.138.120 - - [07/May/2015:01:14:37 -0500] "GET /galeria/nivo-slider/jquery.nivo.slider.pack.js HTTP/1.1" 200 11561
190.12.138.120 - - [07/May/2015:01:14:37 -0500] "GET /galeria/nivo-slider/demo/images/Banner-ParticipacionPYB.jpg HTTP/1.1" 200 154035
