181.61.90.78 - - [14/May/2015:00:25:28 -0500] "GET /BLA/resoluciones/AUTOS%202007/2904.pdf HTTP/1.1" 200 200454
180.76.5.95 - - [14/May/2015:00:25:39 -0500] "GET /BLA/resoluciones/AUTOS%202010/2424.pdf HTTP/1.1" 200 1460038
189.138.232.199 - - [14/May/2015:00:20:52 -0500] "GET /videos/CRRFFS.mp4 HTTP/1.1" 200 286784363
180.76.5.64 - - [14/May/2015:00:26:27 -0500] "GET /BLA/resoluciones/RESOLUCIONES%202008/3106.pdf HTTP/1.1" 200 256802
186.29.38.185 - - [14/May/2015:00:26:41 -0500] "GET / HTTP/1.1" 200 10190
180.76.5.81 - - [14/May/2015:00:26:44 -0500] "GET /BLA/resoluciones/AUTOS%202011/2057.pdf HTTP/1.1" 200 160585
190.25.70.48 - - [14/May/2015:00:26:47 -0500] "POST /forms/lservlet;jsessionid=ac16012b30d6697817a9e4f24e4ca88489c64781c16c.e3iSbxaKaheRe3eNbhaPbhuQa41ynknvrkLOlQzNp65In0 HTTP/1.1" 200 2
188.165.15.187 - - [14/May/2015:00:26:58 -0500] "GET /BLA/resoluciones/RESOLUCIONES%202003/RES%202003%201551-1601/20031575.tif HTTP/1.1" 200 186232
66.249.64.223 - - [14/May/2015:00:26:59 -0500] "GET /BLA/resoluciones/AUTOS%202008/2127.pdf HTTP/1.1" 200 128227
180.76.5.27 - - [14/May/2015:00:27:01 -0500] "GET /BLA/resoluciones/RESOLUCIONES%202007/RES%202007%201801%20AL%201900/RESOLUCION%201897%20DE%202007.pdf HTTP/1.1" 200 586602
180.76.5.24 - - [14/May/2015:00:27:19 -0500] "GET /BLA/resoluciones/RESOLUCIONES%202008/0516.pdf HTTP/1.1" 200 154075
180.76.5.167 - - [14/May/2015:00:27:36 -0500] "GET /BLA/resoluciones/AUTOS%202009/3158.pdf HTTP/1.1" 200 131333
74.86.158.107 - - [14/May/2015:00:28:02 -0500] "HEAD / HTTP/1.1" 200 -
66.249.64.223 - - [14/May/2015:00:28:02 -0500] "GET /BLA/resoluciones/RESOLUCIONES%202009/9225.pdf HTTP/1.1" 200 517236
207.46.13.7 - - [14/May/2015:00:28:11 -0500] "GET /BLA/boletinlegal/jurisprudencia.php HTTP/1.1" 200 10741
66.249.64.248 - - [14/May/2015:00:28:20 -0500] "GET /SIG/index.php?dir=Gestion%20Documental/&sort=name&order=asc HTTP/1.1" 200 5567
190.146.245.189 - - [14/May/2015:00:28:24 -0500] "GET /BLA/boletinlegal/js/jquery.scrollShow.js HTTP/1.1" 200 4586
190.146.245.189 - - [14/May/2015:00:28:24 -0500] "GET /galeria/galeria/jquery.fancybox.css?v=2.1.5 HTTP/1.1" 200 4895
190.146.245.189 - - [14/May/2015:00:28:24 -0500] "GET /BLA/boletinlegal/js/jquery.scrollTo-min.js HTTP/1.1" 200 1150
190.146.245.189 - - [14/May/2015:00:28:24 -0500] "GET /galeria/galeria/jquery.fancybox.js?v=2.1.5 HTTP/1.1" 200 48706
66.249.64.223 - - [14/May/2015:00:28:44 -0500] "GET /BLA/resoluciones/AUTOS%202008/0089.pdf HTTP/1.1" 200 61594
157.55.39.78 - - [14/May/2015:00:28:45 -0500] "GET /BLA/boletinlegal/js/jquery1.js HTTP/1.1" 200 29846
157.55.39.78 - - [14/May/2015:00:28:45 -0500] "GET /BLA/boletinlegal/js/lib.js HTTP/1.1" 200 6474
190.146.245.189 - - [14/May/2015:00:28:46 -0500] "GET /galeria/galeria/jquery.fancybox.css?v=2.1.5 HTTP/1.1" 304 -
190.146.245.189 - - [14/May/2015:00:28:46 -0500] "GET /BLA/boletinlegal/js/jquery.scrollTo-min.js HTTP/1.1" 304 -
190.146.245.189 - - [14/May/2015:00:28:46 -0500] "GET /galeria/galeria/jquery.fancybox.js?v=2.1.5 HTTP/1.1" 304 -
190.146.245.189 - - [14/May/2015:00:28:46 -0500] "GET /BLA/boletinlegal/js/jquery.scrollShow.js HTTP/1.1" 304 -
152.61.128.66 - - [14/May/2015:00:28:47 -0500] "HEAD / HTTP/1.1" 200 -
190.25.70.48 - - [14/May/2015:00:28:47 -0500] "POST /forms/lservlet;jsessionid=ac16012b30d6697817a9e4f24e4ca88489c64781c16c.e3iSbxaKaheRe3eNbhaPbhuQa41ynknvrkLOlQzNp65In0 HTTP/1.1" 200 2
180.76.5.172 - - [14/May/2015:00:28:48 -0500] "GET /BLA/resoluciones/AUTOS%202013/2280.pdf HTTP/1.1" 200 559684
152.61.128.66 - - [14/May/2015:00:28:47 -0500] "GET /arcgis/services/Calidad_del_Agua_WQI/MapServer/WMSServer?SERVICE=WMS&REQUEST=GetCapabilities HTTP/1.1" 200 32135
152.61.128.66 - - [14/May/2015:00:28:48 -0500] "GET /arcgis/services/Calidad_del_Agua_WQI/MapServer/WMSServer?SERVICE=WMS&REQUEST=GetCapabilities HTTP/1.0" 200 32135
152.61.128.66 - - [14/May/2015:00:28:49 -0500] "GET /arcgis/services/Calidad_del_Agua_WQI/MapServer/WMSServer?SERVICE=WMS&REQUEST=GetCapabilities HTTP/1.0" 200 32135
207.46.13.35 - - [14/May/2015:00:28:50 -0500] "GET /BLA/boletinlegal/js/popup.js HTTP/1.1" 200 1270
152.61.128.66 - - [14/May/2015:00:28:50 -0500] "GET /arcgis/services/Calidad_del_Agua_WQI/MapServer/WMSServer?SERVICE=WMS&REQUEST=GetCapabilities HTTP/1.0" 200 32135
152.61.128.66 - - [14/May/2015:00:28:51 -0500] "GET /arcgis/services/Calidad_del_Agua_WQI/MapServer/WMSServer?VERSION=1.1.1&REQUEST=GetMap&LAYERS=0&SRS=EPSG:4326&BBOX=-74.473395,3.674381,-73.963300,4.920569&WIDTH=250&HEIGHT=250&FORMAT=image/bmp&STYLES=& HTTP/1.1" 200 188054
180.76.5.193 - - [14/May/2015:00:29:05 -0500] "GET /BLA/resoluciones/RESOLUCIONES%202008/3248.pdf HTTP/1.1" 200 66810
180.76.5.18 - - [14/May/2015:00:29:46 -0500] "GET /BLA/resoluciones/AUTOS%202012/1039.pdf HTTP/1.1" 200 183895
66.249.64.228 - - [14/May/2015:00:30:03 -0500] "GET /BLA/resoluciones/AUTOS%202008/1036.pdf HTTP/1.1" 200 80097
180.76.5.60 - - [14/May/2015:00:30:04 -0500] "GET /BLA/resoluciones/AUTOS%202009/6411.pdf HTTP/1.1" 200 1672962
186.28.175.92 - - [14/May/2015:00:30:07 -0500] "GET /BLA/boletinlegal/js/jquery.scrollShow.js HTTP/1.1" 200 4586
186.28.175.92 - - [14/May/2015:00:30:07 -0500] "GET /BLA/boletinlegal/js/jquery.scrollTo-min.js HTTP/1.1" 200 1150
186.28.175.92 - - [14/May/2015:00:30:07 -0500] "GET /galeria/galeria/jquery.fancybox.css?v=2.1.5 HTTP/1.1" 200 4895
186.28.175.92 - - [14/May/2015:00:30:08 -0500] "GET /galeria/galeria/jquery.fancybox.js?v=2.1.5 HTTP/1.1" 200 48706
66.249.64.233 - - [14/May/2015:00:30:19 -0500] "GET /BLA/resoluciones/AUTOS%202008/2526.pdf HTTP/1.1" 200 113633
180.76.5.155 - - [14/May/2015:00:30:21 -0500] "GET /BLA/resoluciones/AUTOS%202011/0889.pdf HTTP/1.1" 200 97745
180.76.5.175 - - [14/May/2015:00:30:38 -0500] "GET /BLA/resoluciones/AUTOS%202011/2025.pdf HTTP/1.1" 200 135780
190.25.70.48 - - [14/May/2015:00:30:48 -0500] "POST /forms/lservlet;jsessionid=ac16012b30d6697817a9e4f24e4ca88489c64781c16c.e3iSbxaKaheRe3eNbhaPbhuQa41ynknvrkLOlQzNp65In0 HTTP/1.1" 200 2
181.58.238.65 - - [14/May/2015:00:31:02 -0500] "GET /galeria/galeria/jquery.fancybox.css?v=2.1.5 HTTP/1.1" 200 4895
181.58.238.65 - - [14/May/2015:00:31:02 -0500] "GET /BLA/boletinlegal/js/jquery.scrollTo-min.js HTTP/1.1" 200 1150
181.58.238.65 - - [14/May/2015:00:31:02 -0500] "GET /galeria/galeria/jquery.fancybox.js?v=2.1.5 HTTP/1.1" 200 48706
181.58.238.65 - - [14/May/2015:00:31:02 -0500] "GET /BLA/boletinlegal/js/jquery.scrollShow.js HTTP/1.1" 200 4586
181.58.238.65 - - [14/May/2015:00:31:10 -0500] "GET /galeria/galeria/jquery.fancybox.css?v=2.1.5 HTTP/1.1" 304 -
181.58.238.65 - - [14/May/2015:00:31:10 -0500] "GET /BLA/boletinlegal/js/jquery.scrollTo-min.js HTTP/1.1" 304 -
181.58.238.65 - - [14/May/2015:00:31:10 -0500] "GET /BLA/boletinlegal/js/jquery.scrollShow.js HTTP/1.1" 304 -
181.58.238.65 - - [14/May/2015:00:31:10 -0500] "GET /galeria/galeria/jquery.fancybox.js?v=2.1.5 HTTP/1.1" 304 -
66.249.64.233 - - [14/May/2015:00:31:19 -0500] "GET /BLA/resoluciones/AUTOS%202008/0112.pdf HTTP/1.1" 200 155483
66.249.64.233 - - [14/May/2015:00:31:27 -0500] "GET /BLA/resoluciones/AUTOS%202008/1401.pdf HTTP/1.1" 200 183835
180.76.5.22 - - [14/May/2015:00:31:38 -0500] "GET /BLA/resoluciones/RESOLUCIONES%202007/RES%202007%203601%20AL%203700/RESOLUCION%203604%20DE%202007.pdf HTTP/1.1" 200 610578
199.195.118.53 - - [14/May/2015:00:32:07 -0500] "GET / HTTP/1.1" 200 10190
180.76.5.168 - - [14/May/2015:00:32:13 -0500] "GET /BLA/resoluciones/RESOLUCIONES%202008/5033.pdf HTTP/1.1" 200 322448
185.10.104.132 - - [14/May/2015:00:32:30 -0500] "GET /BLA/resoluciones/AUTOS%202013/0952.pdf HTTP/1.1" 200 2143479
167.0.30.187 - - [14/May/2015:00:32:36 -0500] "GET /BLA/boletinlegal/js/jquery.scrollShow.js HTTP/1.1" 200 4586
167.0.30.187 - - [14/May/2015:00:32:36 -0500] "GET /galeria/galeria/jquery.fancybox.js?v=2.1.5 HTTP/1.1" 200 48706
167.0.30.187 - - [14/May/2015:00:32:36 -0500] "GET /galeria/galeria/jquery.fancybox.css?v=2.1.5 HTTP/1.1" 200 4895
167.0.30.187 - - [14/May/2015:00:32:36 -0500] "GET /BLA/boletinlegal/js/jquery.scrollTo-min.js HTTP/1.1" 200 1150
188.165.15.187 - - [14/May/2015:00:32:40 -0500] "GET /BLA/resoluciones/RESOLUCIONES%202006/RES%202006%201401-1450/00001436.tif HTTP/1.1" 200 406812
180.76.5.175 - - [14/May/2015:00:32:47 -0500] "GET /BLA/resoluciones/RESOLUCIONES%202009/8460.pdf HTTP/1.1" 200 45744
190.25.70.48 - - [14/May/2015:00:32:48 -0500] "POST /forms/lservlet;jsessionid=ac16012b30d6697817a9e4f24e4ca88489c64781c16c.e3iSbxaKaheRe3eNbhaPbhuQa41ynknvrkLOlQzNp65In0 HTTP/1.1" 200 2
167.0.30.187 - - [14/May/2015:00:32:49 -0500] "GET /galeria/galeria/jquery.fancybox.css?v=2.1.5 HTTP/1.1" 304 -
167.0.30.187 - - [14/May/2015:00:32:49 -0500] "GET /BLA/boletinlegal/js/jquery.scrollTo-min.js HTTP/1.1" 304 -
167.0.30.187 - - [14/May/2015:00:32:49 -0500] "GET /BLA/boletinlegal/js/jquery.scrollShow.js HTTP/1.1" 304 -
167.0.30.187 - - [14/May/2015:00:32:49 -0500] "GET /galeria/galeria/jquery.fancybox.js?v=2.1.5 HTTP/1.1" 304 -
91.238.163.60 - - [14/May/2015:00:32:54 -0500] "GET /test/wp-admin/ HTTP/1.1" 404 1018
74.86.158.107 - - [14/May/2015:00:33:02 -0500] "HEAD / HTTP/1.1" 200 -
180.76.5.19 - - [14/May/2015:00:33:05 -0500] "GET /BLA/resoluciones/RESOLUCIONES%202008/0726.pdf HTTP/1.1" 200 58283
180.76.5.27 - - [14/May/2015:00:33:22 -0500] "GET /BLA/resoluciones/AUTOS%202012/2567.pdf HTTP/1.1" 200 398804
180.76.5.194 - - [14/May/2015:00:33:39 -0500] "GET /BLA/resoluciones/AUTOS%202014/0989.pdf HTTP/1.1" 200 293099
188.165.15.187 - - [14/May/2015:00:33:51 -0500] "GET /BLA/resoluciones/RESOLUCIONES%202002/RES%202002%20851-900/INDEX.DAT HTTP/1.1" 200 2000
181.58.213.8 - - [14/May/2015:00:33:51 -0500] "GET /BLA/resoluciones/RESOLUCIONES%202009/3957.pdf HTTP/1.1" 200 948979
181.58.213.8 - - [14/May/2015:00:33:51 -0500] "GET /favicon.ico HTTP/1.1" 200 7782
181.58.213.8 - - [14/May/2015:00:33:51 -0500] "GET /BLA/resoluciones/RESOLUCIONES%202009/3957.pdf HTTP/1.1" 206 32768
181.58.213.8 - - [14/May/2015:00:33:52 -0500] "GET /BLA/resoluciones/RESOLUCIONES%202009/3957.pdf HTTP/1.1" 206 916211
66.249.64.223 - - [14/May/2015:00:34:06 -0500] "GET /BLA/resoluciones/AUTOS%202010/5395.pdf HTTP/1.1" 200 1540200
180.76.5.169 - - [14/May/2015:00:34:14 -0500] "GET /BLA/resoluciones/RESOLUCIONES%202009/7168.pdf HTTP/1.1" 200 1150071
201.234.75.11 - - [14/May/2015:00:34:42 -0500] "GET /galeria/nivo-slider/demo/images/mesTIC.jpg HTTP/1.1" 304 -
190.25.70.48 - - [14/May/2015:00:34:48 -0500] "POST /forms/lservlet;jsessionid=ac16012b30d6697817a9e4f24e4ca88489c64781c16c.e3iSbxaKaheRe3eNbhaPbhuQa41ynknvrkLOlQzNp65In0 HTTP/1.1" 200 2
180.76.5.18 - - [14/May/2015:00:34:49 -0500] "GET /BLA/resoluciones/RESOLUCIONES%202007/RES%202007%204101%20AL%204200/RESOLUCION%204174%20%20DE%202007.pdf HTTP/1.1" 200 597446
66.249.64.233 - - [14/May/2015:00:34:51 -0500] "GET /BLA/resoluciones/RESOLUCIONES%202009/9115.pdf HTTP/1.1" 200 412183
186.85.214.31 - - [14/May/2015:00:34:55 -0500] "GET /galeria/galeria/jquery.fancybox.css?v=2.1.5 HTTP/1.1" 200 4895
186.85.214.31 - - [14/May/2015:00:34:55 -0500] "GET /galeria/galeria/jquery.fancybox.js?v=2.1.5 HTTP/1.1" 200 48706
186.85.214.31 - - [14/May/2015:00:34:55 -0500] "GET /BLA/boletinlegal/js/jquery.scrollTo-min.js HTTP/1.1" 200 1150
186.85.214.31 - - [14/May/2015:00:34:55 -0500] "GET /BLA/boletinlegal/js/jquery.scrollShow.js HTTP/1.1" 200 4586
186.85.214.31 - - [14/May/2015:00:34:59 -0500] "GET /galeria/galeria/jquery.fancybox.js?v=2.1.5 HTTP/1.1" 304 -
186.85.214.31 - - [14/May/2015:00:34:59 -0500] "GET /galeria/galeria/jquery.fancybox.css?v=2.1.5 HTTP/1.1" 304 -
186.85.214.31 - - [14/May/2015:00:34:59 -0500] "GET /BLA/boletinlegal/js/jquery.scrollTo-min.js HTTP/1.1" 304 -
186.85.214.31 - - [14/May/2015:00:34:59 -0500] "GET /BLA/boletinlegal/js/jquery.scrollShow.js HTTP/1.1" 304 -
180.76.5.154 - - [14/May/2015:00:35:06 -0500] "GET /BLA/resoluciones/RESOLUCIONES%202007/RES%202007%202201%20AL%202300/RESOLUCION%202267_DE%202007.pdf HTTP/1.1" 200 1421417
188.165.15.187 - - [14/May/2015:00:35:17 -0500] "GET /BLA/resoluciones/RESOLUCIONES%202005/RES%202005%203051-3100/INDEX.DAT HTTP/1.1" 200 2000
180.76.5.149 - - [14/May/2015:00:35:23 -0500] "GET /BLA/resoluciones/AUTOS%202009/2442.pdf HTTP/1.1" 200 103007
180.76.5.175 - - [14/May/2015:00:35:40 -0500] "GET /BLA/resoluciones/AUTOS%202012/1838.pdf HTTP/1.1" 200 334136
180.76.5.27 - - [14/May/2015:00:35:58 -0500] "GET /BLA/resoluciones/AUTOS%202012/0301.pdf HTTP/1.1" 200 203861
180.76.5.146 - - [14/May/2015:00:36:15 -0500] "GET /BLA/resoluciones/RESOLUCIONES%202008/5615.pdf HTTP/1.1" 200 319331
180.76.5.27 - - [14/May/2015:00:36:32 -0500] "GET /BLA/resoluciones/AUTOS%202014/0652.pdf HTTP/1.1" 200 305292
190.25.70.48 - - [14/May/2015:00:36:48 -0500] "POST /forms/lservlet;jsessionid=ac16012b30d6697817a9e4f24e4ca88489c64781c16c.e3iSbxaKaheRe3eNbhaPbhuQa41ynknvrkLOlQzNp65In0 HTTP/1.1" 200 2
180.76.5.144 - - [14/May/2015:00:36:50 -0500] "GET /BLA/resoluciones/AUTOS%202010/1481.pdf HTTP/1.1" 200 246353
66.249.64.248 - - [14/May/2015:00:36:59 -0500] "GET /PruebasSTORM/StormSDA_pruebas/userFiles/user_files/formulas/3/299.xml HTTP/1.1" 200 1137
180.76.5.177 - - [14/May/2015:00:37:07 -0500] "GET /BLA/resoluciones/AUTOS%202012/1247.pdf HTTP/1.1" 200 381322
190.26.210.162 - - [14/May/2015:00:37:14 -0500] "GET /galeria/juegos/ear/EARI.swf HTTP/1.1" 304 -
190.26.210.162 - - [14/May/2015:00:37:21 -0500] "GET /videos/galeria-cronicas/1V3wnplaylist.htm? HTTP/1.1" 200 4013
190.26.210.162 - - [14/May/2015:00:37:21 -0500] "GET /videos/galeria-cronicas/ HTTP/1.1" 200 3334
180.76.5.143 - - [14/May/2015:00:37:24 -0500] "GET /BLA/resoluciones/AUTOS%202010/6934.pdf HTTP/1.1" 200 149813
180.76.5.63 - - [14/May/2015:00:37:41 -0500] "GET /BLA/resoluciones/AUTOS%202013/2115.pdf HTTP/1.1" 200 535888
66.249.64.228 - - [14/May/2015:00:37:46 -0500] "GET /BLA/resoluciones/AUTOS%202014/2806.pdf HTTP/1.1" 304 -
180.76.5.154 - - [14/May/2015:00:37:59 -0500] "GET /BLA/resoluciones/RESOLUCIONES%202008/0630.pdf HTTP/1.1" 200 15442175
74.86.158.107 - - [14/May/2015:00:38:02 -0500] "HEAD / HTTP/1.1" 200 -
180.76.5.69 - - [14/May/2015:00:38:16 -0500] "GET /BLA/resoluciones/AUTOS%202013/1725.pdf HTTP/1.1" 200 220605
180.76.5.76 - - [14/May/2015:00:38:33 -0500] "GET /BLA/resoluciones/RESOLUCIONES%202008/3391.pdf HTTP/1.1" 200 247108
190.25.70.48 - - [14/May/2015:00:38:48 -0500] "POST /forms/lservlet;jsessionid=ac16012b30d6697817a9e4f24e4ca88489c64781c16c.e3iSbxaKaheRe3eNbhaPbhuQa41ynknvrkLOlQzNp65In0 HTTP/1.1" 200 2
180.76.5.28 - - [14/May/2015:00:38:50 -0500] "GET /BLA/resoluciones/AUTOS%202011/2142.pdf HTTP/1.1" 200 265428
181.128.221.23 - - [14/May/2015:00:38:58 -0500] "GET /galeria/galeria/jquery.fancybox.css?v=2.1.5 HTTP/1.1" 304 -
181.128.221.23 - - [14/May/2015:00:38:58 -0500] "GET /galeria/galeria/jquery.fancybox.js?v=2.1.5 HTTP/1.1" 304 -
180.76.5.58 - - [14/May/2015:00:39:08 -0500] "GET /BLA/resoluciones/RESOLUCIONES%202008/0313.pdf HTTP/1.1" 200 296037
201.234.75.11 - - [14/May/2015:00:39:16 -0500] "GET /galeria/nivo-slider/demo/images/Biotaxis-Man.jpg HTTP/1.1" 304 -
190.242.79.17 - - [14/May/2015:00:39:17 -0500] "GET /BLA/resoluciones/RESOLUCIONES%202007/RES%202007%202501%20AL%202600/RESOLUCION%202542%20DE%202007.pdf HTTP/1.1" 200 867071
190.242.79.17 - - [14/May/2015:00:39:18 -0500] "GET /BLA/resoluciones/RESOLUCIONES%202007/RES%202007%202501%20AL%202600/RESOLUCION%202542%20DE%202007.pdf HTTP/1.1" 200 867071
180.76.5.172 - - [14/May/2015:00:39:25 -0500] "GET /BLA/resoluciones/RESOLUCIONES%202010/0924.pdf HTTP/1.1" 200 99875
66.249.64.253 - - [14/May/2015:00:39:26 -0500] "GET /Anexos%20estudio%20Organizacional%20SDA/ANEXO%20No.%201-%20NORMAS%20LEGALES%20DE%20ESTRUCTURA%20Y%20PLANTA/RESE%C3%91A%20HIST%C3%93RICA%20SDA-NORMAS/Decreto%20561%20de%202006%20-%20Establece%20estructura%20de%20la%20SDA.jsp_files/compedit.jpg HTTP/1.1" 200 6688
180.76.5.193 - - [14/May/2015:00:39:42 -0500] "GET /BLA/resoluciones/AUTOS%202011/2088.pdf HTTP/1.1" 200 228035
66.249.64.223 - - [14/May/2015:00:39:52 -0500] "GET /BLA/resoluciones/RESOLUCIONES%202014/0090.pdf HTTP/1.1" 200 2312761
180.76.5.194 - - [14/May/2015:00:40:00 -0500] "GET /BLA/resoluciones/RESOLUCIONES%202009/8449.pdf HTTP/1.1" 200 521182
180.76.5.25 - - [14/May/2015:00:40:17 -0500] "GET /BLA/resoluciones/AUTOS%202009/1940.pdf HTTP/1.1" 200 218255
190.157.245.146 - - [14/May/2015:00:40:40 -0500] "GET /BLA/boletinlegal/js/jquery.scrollTo-min.js HTTP/1.1" 200 1150
190.157.245.146 - - [14/May/2015:00:40:40 -0500] "GET /BLA/boletinlegal/js/jquery.scrollShow.js HTTP/1.1" 200 4586
190.157.245.146 - - [14/May/2015:00:40:40 -0500] "GET /galeria/galeria/jquery.fancybox.js?v=2.1.5 HTTP/1.1" 200 48706
190.157.245.146 - - [14/May/2015:00:40:40 -0500] "GET /galeria/galeria/jquery.fancybox.css?v=2.1.5 HTTP/1.1" 200 4895
190.25.70.48 - - [14/May/2015:00:40:48 -0500] "POST /forms/lservlet;jsessionid=ac16012b30d6697817a9e4f24e4ca88489c64781c16c.e3iSbxaKaheRe3eNbhaPbhuQa41ynknvrkLOlQzNp65In0 HTTP/1.1" 200 2
190.157.245.146 - - [14/May/2015:00:40:52 -0500] "GET /BLA/boletinlegal/js/jquery.scrollTo-min.js HTTP/1.1" 304 -
190.157.245.146 - - [14/May/2015:00:40:52 -0500] "GET /BLA/boletinlegal/js/jquery.scrollShow.js HTTP/1.1" 304 -
190.157.245.146 - - [14/May/2015:00:40:52 -0500] "GET /galeria/galeria/jquery.fancybox.css?v=2.1.5 HTTP/1.1" 304 -
180.76.5.21 - - [14/May/2015:00:40:52 -0500] "GET /BLA/resoluciones/AUTOS%202009/1854.pdf HTTP/1.1" 200 100605
190.157.245.146 - - [14/May/2015:00:40:52 -0500] "GET /galeria/galeria/jquery.fancybox.js?v=2.1.5 HTTP/1.1" 304 -
180.76.5.27 - - [14/May/2015:00:41:09 -0500] "GET /BLA/resoluciones/RESOLUCIONES%202008/2024.pdf HTTP/1.1" 200 197671
180.76.5.21 - - [14/May/2015:00:41:26 -0500] "GET /BLA/resoluciones/AUTOS%202013/3502.pdf HTTP/1.1" 200 328083
91.238.163.60 - - [14/May/2015:00:41:30 -0500] "GET /wordpress/wp-admin/ HTTP/1.1" 404 1018
180.76.5.148 - - [14/May/2015:00:41:43 -0500] "GET /BLA/resoluciones/RESOLUCIONES%202009/1610.pdf HTTP/1.1" 200 659368
66.249.64.228 - - [14/May/2015:00:41:52 -0500] "GET /BLA/resoluciones/RESOLUCIONES%202010/0131.pdf HTTP/1.1" 200 384949
180.76.5.195 - - [14/May/2015:00:42:01 -0500] "GET /BLA/resoluciones/RESOLUCIONES%202008/0795.pdf HTTP/1.1" 200 319412
180.76.5.189 - - [14/May/2015:00:42:18 -0500] "GET /BLA/resoluciones/AUTOS%202009/0537.pdf HTTP/1.1" 200 118706
180.76.5.150 - - [14/May/2015:00:42:35 -0500] "GET /BLA/resoluciones/AUTOS%202010/5530.pdf HTTP/1.1" 200 230968
66.249.64.253 - - [14/May/2015:00:42:45 -0500] "GET /Anexos%20estudio%20Organizacional%20SDA/index.php?dir=ANEXO+No.+1-+NORMAS+LEGALES+DE+ESTRUCTURA+Y+PLANTA%2FDecreto+631+de+2007-+Modifica+planta+de+SDA.jsp_files%2F HTTP/1.1" 200 10093
190.25.70.48 - - [14/May/2015:00:42:48 -0500] "POST /forms/lservlet;jsessionid=ac16012b30d6697817a9e4f24e4ca88489c64781c16c.e3iSbxaKaheRe3eNbhaPbhuQa41ynknvrkLOlQzNp65In0 HTTP/1.1" 200 2
180.76.5.57 - - [14/May/2015:00:42:52 -0500] "GET /BLA/resoluciones/RESOLUCIONES%202009/9420.pdf HTTP/1.1" 200 431241
74.86.158.107 - - [14/May/2015:00:43:02 -0500] "HEAD / HTTP/1.1" 200 -
180.76.5.144 - - [14/May/2015:00:43:10 -0500] "GET /BLA/resoluciones/RESOLUCIONES%202008/5218.pdf HTTP/1.1" 200 331330
180.76.5.188 - - [14/May/2015:00:43:27 -0500] "GET /BLA/boletinlegal;jsessionid=CBB42217399E389FCD77CE4F8ED716AF?/? HTTP/1.1" 404 1018
180.76.5.172 - - [14/May/2015:00:43:44 -0500] "GET /BLA/resoluciones/AUTOS%202013/0202.pdf HTTP/1.1" 200 2071456
180.76.5.57 - - [14/May/2015:00:44:02 -0500] "GET /BLA/resoluciones/RESOLUCIONES%202007/RES%202007%202301%20AL%202400/RESOLUCION%202307%20DE%202007.pdf HTTP/1.1" 200 1530239
66.249.64.223 - - [14/May/2015:00:44:06 -0500] "GET /BLA/resoluciones/AUTOS%202013/0084.pdf HTTP/1.1" 304 -
180.76.5.21 - - [14/May/2015:00:44:19 -0500] "GET /BLA/resoluciones/AUTOS%202013/1110.pdf HTTP/1.1" 200 330440
180.76.5.25 - - [14/May/2015:00:44:36 -0500] "GET /BLA/resoluciones/AUTOS%202013/0007.pdf HTTP/1.1" 200 214922
200.121.1.63 - - [14/May/2015:00:44:43 -0500] "GET /videos/CRRFFS.mp4 HTTP/1.1" 206 1
181.133.254.231 - - [14/May/2015:00:44:44 -0500] "GET /galeria/galeria/jquery.fancybox.css?v=2.1.5 HTTP/1.1" 200 4895
181.133.254.231 - - [14/May/2015:00:44:44 -0500] "GET /BLA/boletinlegal/js/jquery.scrollTo-min.js HTTP/1.1" 200 1150
181.133.254.231 - - [14/May/2015:00:44:44 -0500] "GET /BLA/boletinlegal/js/jquery.scrollShow.js HTTP/1.1" 200 4586
181.133.254.231 - - [14/May/2015:00:44:44 -0500] "GET /galeria/galeria/jquery.fancybox.js?v=2.1.5 HTTP/1.1" 200 48706
181.133.254.231 - - [14/May/2015:00:44:48 -0500] "GET /BLA/boletinlegal/js/jquery.scrollShow.js HTTP/1.1" 304 -
181.133.254.231 - - [14/May/2015:00:44:48 -0500] "GET /galeria/galeria/jquery.fancybox.css?v=2.1.5 HTTP/1.1" 304 -
181.133.254.231 - - [14/May/2015:00:44:48 -0500] "GET /BLA/boletinlegal/js/jquery.scrollTo-min.js HTTP/1.1" 304 -
181.133.254.231 - - [14/May/2015:00:44:48 -0500] "GET /galeria/galeria/jquery.fancybox.js?v=2.1.5 HTTP/1.1" 304 -
190.25.70.48 - - [14/May/2015:00:44:49 -0500] "POST /forms/lservlet;jsessionid=ac16012b30d6697817a9e4f24e4ca88489c64781c16c.e3iSbxaKaheRe3eNbhaPbhuQa41ynknvrkLOlQzNp65In0 HTTP/1.1" 200 2
180.76.5.80 - - [14/May/2015:00:44:54 -0500] "GET /BLA/resoluciones/AUTOS%202013/1622.pdf HTTP/1.1" 200 163147
207.46.13.35 - - [14/May/2015:00:44:56 -0500] "GET /dama/libreria/pdf/formularios/formato_reporte_salvoconductos_MODIFICADO.pdf HTTP/1.1" 404 1019
180.76.5.195 - - [14/May/2015:00:45:11 -0500] "GET /BLA/resoluciones/RESOLUCIONES%202008/3182.pdf HTTP/1.1" 200 252772
180.76.5.78 - - [14/May/2015:00:45:28 -0500] "GET /BLA/resoluciones/AUTOS%202013/0563.pdf HTTP/1.1" 200 1519522
66.249.64.243 - - [14/May/2015:00:45:39 -0500] "GET /PORTAL_SIAC/swf/Residuos/maderas/maderas.html HTTP/1.1" 304 -
180.76.5.22 - - [14/May/2015:00:45:45 -0500] "GET /BLA/resoluciones/AUTOS%202009/1788.pdf HTTP/1.1" 200 98903
66.249.64.248 - - [14/May/2015:00:45:57 -0500] "GET /BLA/boletinlegal/norma_menu.php HTTP/1.1" 200 5286
180.76.5.169 - - [14/May/2015:00:46:20 -0500] "GET /BLA/resoluciones/AUTOS%202010/6188.pdf HTTP/1.1" 200 200295
181.59.106.158 - - [14/May/2015:00:46:37 -0500] "GET /galeria/galeria/jquery.fancybox.css?v=2.1.5 HTTP/1.1" 200 4895
181.59.106.158 - - [14/May/2015:00:46:37 -0500] "GET /BLA/boletinlegal/js/jquery.scrollTo-min.js HTTP/1.1" 200 1150
181.59.106.158 - - [14/May/2015:00:46:37 -0500] "GET /galeria/galeria/jquery.fancybox.js?v=2.1.5 HTTP/1.1" 200 48706
181.59.106.158 - - [14/May/2015:00:46:37 -0500] "GET /BLA/boletinlegal/js/jquery.scrollShow.js HTTP/1.1" 200 4586
180.76.5.77 - - [14/May/2015:00:46:37 -0500] "GET /BLA/resoluciones/AUTOS%202014/1748.pdf HTTP/1.1" 200 312770
200.121.1.63 - - [14/May/2015:00:44:45 -0500] "GET /videos/CRRFFS.mp4 HTTP/1.1" 206 262831341
181.59.106.158 - - [14/May/2015:00:46:45 -0500] "GET /galeria/galeria/jquery.fancybox.js?v=2.1.5 HTTP/1.1" 304 -
181.59.106.158 - - [14/May/2015:00:46:45 -0500] "GET /galeria/galeria/jquery.fancybox.css?v=2.1.5 HTTP/1.1" 304 -
181.59.106.158 - - [14/May/2015:00:46:45 -0500] "GET /BLA/boletinlegal/js/jquery.scrollTo-min.js HTTP/1.1" 304 -
181.59.106.158 - - [14/May/2015:00:46:45 -0500] "GET /BLA/boletinlegal/js/jquery.scrollShow.js HTTP/1.1" 304 -
190.25.70.48 - - [14/May/2015:00:46:49 -0500] "POST /forms/lservlet;jsessionid=ac16012b30d6697817a9e4f24e4ca88489c64781c16c.e3iSbxaKaheRe3eNbhaPbhuQa41ynknvrkLOlQzNp65In0 HTTP/1.1" 200 2
180.76.5.192 - - [14/May/2015:00:46:54 -0500] "GET /BLA/resoluciones/RESOLUCIONES%202008/3346.pdf HTTP/1.1" 200 149933
66.249.64.233 - - [14/May/2015:00:47:03 -0500] "GET /BLA/resoluciones/AUTOS%202014/0888.pdf HTTP/1.1" 200 312214
186.28.160.219 - - [14/May/2015:00:47:18 -0500] "GET /galeria/galeria/jquery.fancybox.css?v=2.1.5 HTTP/1.1" 200 4895
186.28.160.219 - - [14/May/2015:00:47:18 -0500] "GET /BLA/boletinlegal/js/jquery.scrollTo-min.js HTTP/1.1" 200 1150
186.28.160.219 - - [14/May/2015:00:47:18 -0500] "GET /BLA/boletinlegal/js/jquery.scrollShow.js HTTP/1.1" 200 4586
186.28.160.219 - - [14/May/2015:00:47:18 -0500] "GET /galeria/galeria/jquery.fancybox.js?v=2.1.5 HTTP/1.1" 200 48706
180.76.5.26 - - [14/May/2015:00:47:29 -0500] "GET /BLA/resoluciones/AUTOS%202010/3720.pdf HTTP/1.1" 200 141575
186.28.160.219 - - [14/May/2015:00:47:43 -0500] "GET /galeria/galeria/jquery.fancybox.css?v=2.1.5 HTTP/1.1" 304 -
186.28.160.219 - - [14/May/2015:00:47:43 -0500] "GET /BLA/boletinlegal/js/jquery.scrollTo-min.js HTTP/1.1" 304 -
186.28.160.219 - - [14/May/2015:00:47:43 -0500] "GET /BLA/boletinlegal/js/jquery.scrollShow.js HTTP/1.1" 304 -
186.28.160.219 - - [14/May/2015:00:47:43 -0500] "GET /galeria/galeria/jquery.fancybox.js?v=2.1.5 HTTP/1.1" 304 -
74.86.158.107 - - [14/May/2015:00:48:02 -0500] "HEAD / HTTP/1.1" 200 -
180.76.5.58 - - [14/May/2015:00:48:04 -0500] "GET /BLA/resoluciones/RESOLUCIONES%202008/4090.pdf HTTP/1.1" 200 347852
180.76.5.193 - - [14/May/2015:00:48:21 -0500] "GET /BLA/resoluciones/AUTOS%202013/0515.pdf HTTP/1.1" 200 2868084
66.249.64.223 - - [14/May/2015:00:48:33 -0500] "GET /sia/ HTTP/1.1" 200 2661
180.76.5.24 - - [14/May/2015:00:48:38 -0500] "GET /BLA/resoluciones/RESOLUCIONES%202008/0565.pdf HTTP/1.1" 200 117360
190.25.70.48 - - [14/May/2015:00:48:49 -0500] "POST /forms/lservlet;jsessionid=ac16012b30d6697817a9e4f24e4ca88489c64781c16c.e3iSbxaKaheRe3eNbhaPbhuQa41ynknvrkLOlQzNp65In0 HTTP/1.1" 200 2
66.249.64.233 - - [14/May/2015:00:48:52 -0500] "GET /BLA/resoluciones/AUTOS%202008/3060.pdf HTTP/1.1" 200 57275
180.76.5.188 - - [14/May/2015:00:48:56 -0500] "GET /BLA/resoluciones/AUTOS%202012/2671.pdf HTTP/1.1" 200 313261
66.249.64.233 - - [14/May/2015:00:49:07 -0500] "GET /BLA/resoluciones/AUTOS%202008/0007.pdf HTTP/1.1" 200 84145
180.76.5.23 - - [14/May/2015:00:49:13 -0500] "GET /BLA/resoluciones/AUTOS%202011/1502.pdf HTTP/1.1" 200 142553
66.249.64.233 - - [14/May/2015:00:49:23 -0500] "GET /BLA/resoluciones/RESOLUCIONES%202006/RES%202006%201051-1100/00001086.tif HTTP/1.1" 200 217712
188.165.15.187 - - [14/May/2015:00:49:24 -0500] "GET /BLA/resoluciones/RESOLUCIONES%202003/RES%202003%20851-900/867.tif HTTP/1.1" 200 1293664
66.249.64.233 - - [14/May/2015:00:49:29 -0500] "GET /BLA/resoluciones/AUTOS%202008/3196.pdf HTTP/1.1" 200 215620
180.76.5.192 - - [14/May/2015:00:49:30 -0500] "GET /BLA/resoluciones/AUTOS%202013/1701.pdf HTTP/1.1" 200 160425
91.238.163.60 - - [14/May/2015:00:49:36 -0500] "GET /blog/wp-admin/ HTTP/1.1" 404 1018
66.249.64.223 - - [14/May/2015:00:49:45 -0500] "GET /BLA/resoluciones/AUTOS%202008/2088.pdf HTTP/1.1" 200 108528
180.76.5.18 - - [14/May/2015:00:49:47 -0500] "GET /BLA/resoluciones/AUTOS%202011/0733.pdf HTTP/1.1" 200 121253
66.249.64.233 - - [14/May/2015:00:50:00 -0500] "GET /BLA/resoluciones/AUTOS%202012/1824.pdf HTTP/1.1" 200 340424
181.54.189.175 - - [14/May/2015:00:50:26 -0500] "GET /galeria/galeria/jquery.fancybox.css?v=2.1.5 HTTP/1.1" 200 4895
181.54.189.175 - - [14/May/2015:00:50:26 -0500] "GET /BLA/boletinlegal/js/jquery.scrollTo-min.js HTTP/1.1" 200 1150
181.54.189.175 - - [14/May/2015:00:50:26 -0500] "GET /galeria/galeria/jquery.fancybox.js?v=2.1.5 HTTP/1.1" 200 48706
181.54.189.175 - - [14/May/2015:00:50:26 -0500] "GET /BLA/boletinlegal/js/jquery.scrollShow.js HTTP/1.1" 200 4586
180.76.5.76 - - [14/May/2015:00:50:46 -0500] "GET /BLA/resoluciones/RESOLUCIONES%202009/7943.pdf HTTP/1.1" 200 497457
181.54.189.175 - - [14/May/2015:00:50:47 -0500] "GET /galeria/galeria/jquery.fancybox.css?v=2.1.5 HTTP/1.1" 304 -
181.54.189.175 - - [14/May/2015:00:50:47 -0500] "GET /BLA/boletinlegal/js/jquery.scrollTo-min.js HTTP/1.1" 304 -
181.54.189.175 - - [14/May/2015:00:50:47 -0500] "GET /BLA/boletinlegal/js/jquery.scrollShow.js HTTP/1.1" 304 -
181.54.189.175 - - [14/May/2015:00:50:47 -0500] "GET /galeria/galeria/jquery.fancybox.js?v=2.1.5 HTTP/1.1" 304 -
190.25.70.48 - - [14/May/2015:00:50:49 -0500] "POST /forms/lservlet;jsessionid=ac16012b30d6697817a9e4f24e4ca88489c64781c16c.e3iSbxaKaheRe3eNbhaPbhuQa41ynknvrkLOlQzNp65In0 HTTP/1.1" 200 2
66.249.64.228 - - [14/May/2015:00:50:58 -0500] "GET /BLA/resoluciones/AUTOS%202008/2683.pdf HTTP/1.1" 200 84589
180.76.5.195 - - [14/May/2015:00:51:03 -0500] "GET /BLA/resoluciones/AUTOS%202014/2261.pdf HTTP/1.1" 200 334721
187.170.21.31 - - [14/May/2015:00:51:13 -0500] "GET /BLA/boletinlegal/js/jquery.scrollShow.js HTTP/1.1" 304 -
187.170.21.31 - - [14/May/2015:00:51:13 -0500] "GET /BLA/boletinlegal/js/jquery.scrollTo-min.js HTTP/1.1" 304 -
187.170.21.31 - - [14/May/2015:00:51:13 -0500] "GET /galeria/galeria/jquery.fancybox.css?v=2.1.5 HTTP/1.1" 304 -
187.170.21.31 - - [14/May/2015:00:51:13 -0500] "GET /galeria/galeria/jquery.fancybox.js?v=2.1.5 HTTP/1.1" 304 -
66.249.64.228 - - [14/May/2015:00:51:13 -0500] "GET /BLA/resoluciones/RESOLUCIONES%202011/4651.pdf HTTP/1.1" 200 628228
201.234.75.11 - - [14/May/2015:00:51:17 -0500] "GET /galeria/nivo-slider/themes/orman/orman.css HTTP/1.1" 304 -
180.76.5.145 - - [14/May/2015:00:51:21 -0500] "GET /BLA/resoluciones/AUTOS%202012/1791.pdf HTTP/1.1" 200 286149
66.249.64.223 - - [14/May/2015:00:51:27 -0500] "GET /BLA/resoluciones/RESOLUCIONES%202005/RES%202005%20%201601-1650/INDEX.DAT HTTP/1.1" 200 2000
180.76.5.172 - - [14/May/2015:00:51:38 -0500] "GET /BLA/resoluciones/AUTOS%202011/0958.pdf HTTP/1.1" 200 154963
66.249.64.228 - - [14/May/2015:00:51:41 -0500] "GET /BLA/resoluciones/AUTOS%202008/1732.pdf HTTP/1.1" 200 177968
180.76.5.223 - - [14/May/2015:00:51:55 -0500] "GET /BLA/resoluciones/AUTOS%202014/5976.pdf HTTP/1.1" 200 494241
180.76.5.173 - - [14/May/2015:00:52:12 -0500] "GET /BLA/resoluciones/RESOLUCIONES%202007/RES%202007%20701%20AL%20800/RESOLUCION%200773%20DE%202007.pdf HTTP/1.1" 200 701794
190.25.70.48 - - [14/May/2015:00:52:49 -0500] "POST /forms/lservlet;jsessionid=ac16012b30d6697817a9e4f24e4ca88489c64781c16c.e3iSbxaKaheRe3eNbhaPbhuQa41ynknvrkLOlQzNp65In0 HTTP/1.1" 200 2
74.86.158.107 - - [14/May/2015:00:53:02 -0500] "HEAD / HTTP/1.1" 200 -
66.249.64.233 - - [14/May/2015:00:53:02 -0500] "GET /BLA/resoluciones/AUTOS%202012/0200.pdf HTTP/1.1" 200 362963
66.249.64.233 - - [14/May/2015:00:54:05 -0500] "GET /BLA/resoluciones/AUTOS%202008/0005.pdf HTTP/1.1" 200 85471
180.76.5.65 - - [14/May/2015:00:54:09 -0500] "GET /BLA/resoluciones/AUTOS%202014/4569.pdf HTTP/1.1" 200 147467
66.249.64.233 - - [14/May/2015:00:54:22 -0500] "GET /re/Talleres/organicos/ HTTP/1.1" 404 1018
190.29.150.35 - - [14/May/2015:00:54:38 -0500] "GET /galeria/galeria/jquery.fancybox.css?v=2.1.5 HTTP/1.1" 200 4895
190.29.150.35 - - [14/May/2015:00:54:38 -0500] "GET /BLA/boletinlegal/js/jquery.scrollTo-min.js HTTP/1.1" 200 1150
190.29.150.35 - - [14/May/2015:00:54:38 -0500] "GET /BLA/boletinlegal/js/jquery.scrollShow.js HTTP/1.1" 200 4586
190.29.150.35 - - [14/May/2015:00:54:38 -0500] "GET /galeria/galeria/jquery.fancybox.js?v=2.1.5 HTTP/1.1" 200 48706
180.76.5.67 - - [14/May/2015:00:54:44 -0500] "GET /BLA/resoluciones/RESOLUCIONES%202008/4434.pdf HTTP/1.1" 200 300923
190.25.70.48 - - [14/May/2015:00:54:49 -0500] "POST /forms/lservlet;jsessionid=ac16012b30d6697817a9e4f24e4ca88489c64781c16c.e3iSbxaKaheRe3eNbhaPbhuQa41ynknvrkLOlQzNp65In0 HTTP/1.1" 200 2
190.29.150.35 - - [14/May/2015:00:55:00 -0500] "GET /galeria/galeria/jquery.fancybox.css?v=2.1.5 HTTP/1.1" 304 -
190.29.150.35 - - [14/May/2015:00:55:00 -0500] "GET /BLA/boletinlegal/js/jquery.scrollShow.js HTTP/1.1" 304 -
190.29.150.35 - - [14/May/2015:00:55:00 -0500] "GET /BLA/boletinlegal/js/jquery.scrollTo-min.js HTTP/1.1" 304 -
190.29.150.35 - - [14/May/2015:00:55:00 -0500] "GET /galeria/galeria/jquery.fancybox.js?v=2.1.5 HTTP/1.1" 304 -
180.76.5.63 - - [14/May/2015:00:55:18 -0500] "GET /BLA/resoluciones/RESOLUCIONES%202008/4016.pdf HTTP/1.1" 200 291619
180.76.5.223 - - [14/May/2015:00:55:35 -0500] "GET /BLA/resoluciones/RESOLUCIONES%202008/0340.pdf HTTP/1.1" 200 460260
200.74.148.93 - - [14/May/2015:00:55:41 -0500] "GET /BLA/resoluciones/Notificaciones/AUTOS%202014/3937.doc HTTP/1.1" 200 145408
180.76.5.25 - - [14/May/2015:00:55:54 -0500] "GET /BLA/resoluciones/RESOLUCIONES%202009/1363.pdf HTTP/1.1" 200 533489
66.249.64.223 - - [14/May/2015:00:56:04 -0500] "GET /BLA/resoluciones/RESOLUCIONES%202013/0466.pdf HTTP/1.1" 304 -
180.76.5.172 - - [14/May/2015:00:56:10 -0500] "GET /BLA/resoluciones/RESOLUCIONES%202009/0468.pdf HTTP/1.1" 200 239751
180.76.5.95 - - [14/May/2015:00:56:27 -0500] "GET /BLA/resoluciones/RESOLUCIONES%202007/RES%202007%20601%20AL%20700/RESOLUCION%200697%20DE%202007.pdf HTTP/1.1" 200 208208
180.76.5.150 - - [14/May/2015:00:56:44 -0500] "GET /BLA/resoluciones/AUTOS%202011/2077.pdf HTTP/1.1" 200 145442
190.25.70.48 - - [14/May/2015:00:56:49 -0500] "POST /forms/lservlet;jsessionid=ac16012b30d6697817a9e4f24e4ca88489c64781c16c.e3iSbxaKaheRe3eNbhaPbhuQa41ynknvrkLOlQzNp65In0 HTTP/1.1" 200 2
180.76.5.17 - - [14/May/2015:00:57:02 -0500] "GET /BLA/resoluciones/RESOLUCIONES%202009/0115.pdf HTTP/1.1" 200 297308
189.193.225.98 - - [14/May/2015:00:57:02 -0500] "GET /galeria/galeria/jquery.fancybox.css?v=2.1.5 HTTP/1.1" 200 4895
189.193.225.98 - - [14/May/2015:00:57:02 -0500] "GET /BLA/boletinlegal/js/jquery.scrollTo-min.js HTTP/1.1" 200 1150
189.193.225.98 - - [14/May/2015:00:57:02 -0500] "GET /BLA/boletinlegal/js/jquery.scrollShow.js HTTP/1.1" 200 4586
189.193.225.98 - - [14/May/2015:00:57:02 -0500] "GET /galeria/galeria/jquery.fancybox.js?v=2.1.5 HTTP/1.1" 200 48706
189.193.225.98 - - [14/May/2015:00:57:12 -0500] "GET /galeria/galeria/jquery.fancybox.css?v=2.1.5 HTTP/1.1" 304 -
189.193.225.98 - - [14/May/2015:00:57:12 -0500] "GET /BLA/boletinlegal/js/jquery.scrollTo-min.js HTTP/1.1" 304 -
189.193.225.98 - - [14/May/2015:00:57:12 -0500] "GET /BLA/boletinlegal/js/jquery.scrollShow.js HTTP/1.1" 304 -
189.193.225.98 - - [14/May/2015:00:57:12 -0500] "GET /galeria/galeria/jquery.fancybox.js?v=2.1.5 HTTP/1.1" 304 -
180.76.5.57 - - [14/May/2015:00:57:19 -0500] "GET /BLA/resoluciones/AUTOS%202012/1503.pdf HTTP/1.1" 200 316007
180.76.5.152 - - [14/May/2015:00:57:36 -0500] "GET /BLA/resoluciones/AUTOS%202014/5816.pdf HTTP/1.1" 200 459792
180.76.5.144 - - [14/May/2015:00:57:54 -0500] "GET /BLA/resoluciones/AUTOS%202013/0069.pdf HTTP/1.1" 200 566608
91.238.163.60 - - [14/May/2015:00:57:58 -0500] "GET /wp/wp-admin/ HTTP/1.1" 404 1018
74.86.158.107 - - [14/May/2015:00:58:02 -0500] "HEAD / HTTP/1.1" 200 -
180.76.5.151 - - [14/May/2015:00:58:11 -0500] "GET /BLA/resoluciones/RESOLUCIONES%202009/2713.pdf HTTP/1.1" 200 439562
188.165.15.187 - - [14/May/2015:00:58:20 -0500] "GET /BLA/resoluciones/AUTOS%202006/AUTOS%202006%20701-800/00000717.tif HTTP/1.1" 200 37540
180.76.5.175 - - [14/May/2015:00:58:28 -0500] "GET /BLA/boletinlegal;jsessionid=4DD019251225258A45727D10EBB5AE56?/? HTTP/1.1" 404 1018
186.151.127.139 - - [14/May/2015:00:58:31 -0500] "GET /galeria/galeria/jquery.fancybox.css?v=2.1.5 HTTP/1.1" 200 4895
186.151.127.139 - - [14/May/2015:00:58:31 -0500] "GET /BLA/boletinlegal/js/jquery.scrollTo-min.js HTTP/1.1" 200 1150
186.151.127.139 - - [14/May/2015:00:58:31 -0500] "GET /BLA/boletinlegal/js/jquery.scrollShow.js HTTP/1.1" 200 4586
186.151.127.139 - - [14/May/2015:00:58:31 -0500] "GET /galeria/galeria/jquery.fancybox.js?v=2.1.5 HTTP/1.1" 200 48706
104.193.9.137 - - [14/May/2015:00:58:40 -0500] "GET /robots.txt HTTP/1.0" 404 1019
104.193.9.137 - - [14/May/2015:00:58:41 -0500] "GET /SIG/index.php?dir=Comunicaciones/&sort=date&order=desc HTTP/1.0" 200 2913
104.193.9.137 - - [14/May/2015:00:58:45 -0500] "GET /SIG/index.php?dir=Comunicaciones/&sort=name&order=asc HTTP/1.0" 200 2914
180.76.5.77 - - [14/May/2015:00:58:45 -0500] "GET /BLA/resoluciones/RESOLUCIONES%202010/1223.pdf HTTP/1.1" 200 108554
190.25.70.48 - - [14/May/2015:00:58:49 -0500] "POST /forms/lservlet;jsessionid=ac16012b30d6697817a9e4f24e4ca88489c64781c16c.e3iSbxaKaheRe3eNbhaPbhuQa41ynknvrkLOlQzNp65In0 HTTP/1.1" 200 2
104.193.9.137 - - [14/May/2015:00:58:50 -0500] "GET /SIG/index.php?dir=Comunicaciones/&sort=size&order=desc HTTP/1.0" 200 2913
104.193.9.137 - - [14/May/2015:00:58:53 -0500] "GET /SIG/index.php?dir=Control%20Disciplinario/&sort=date&order=desc HTTP/1.0" 200 2703
104.193.9.137 - - [14/May/2015:00:58:56 -0500] "GET /SIG/index.php?dir=Control%20Disciplinario/&sort=name&order=asc HTTP/1.0" 200 2704
104.193.9.137 - - [14/May/2015:00:58:59 -0500] "GET /SIG/index.php?dir=Control%20Disciplinario/&sort=size&order=desc HTTP/1.0" 200 2703
104.193.9.137 - - [14/May/2015:00:59:02 -0500] "GET /SIG/index.php?dir=Control%20y%20mejora/&sort=date&order=desc HTTP/1.0" 200 2558
180.76.5.63 - - [14/May/2015:00:59:03 -0500] "GET /BLA/boletinlegal;jsessionid=1A6463B9A0C1415745DABA8E05ACE273?/? HTTP/1.1" 404 1018
104.193.9.137 - - [14/May/2015:00:59:04 -0500] "GET /SIG/index.php?dir=Control%20y%20mejora/&sort=name&order=asc HTTP/1.0" 200 2559
104.193.9.137 - - [14/May/2015:00:59:06 -0500] "GET /SIG/index.php?dir=Control%20y%20mejora/&sort=size&order=desc HTTP/1.0" 200 2558
104.193.9.137 - - [14/May/2015:00:59:12 -0500] "GET /SIG/index.php?dir=Direccionamiento%20Estrategico/&sort=date&order=desc HTTP/1.0" 200 3946
66.249.64.243 - - [14/May/2015:00:59:12 -0500] "GET / HTTP/1.1" 200 10190
104.193.9.137 - - [14/May/2015:00:59:14 -0500] "GET /SIG/index.php?dir=Direccionamiento%20Estrategico/&sort=name&order=asc HTTP/1.0" 200 3947
104.193.9.137 - - [14/May/2015:00:59:18 -0500] "GET /SIG/index.php?dir=Direccionamiento%20Estrategico/&sort=size&order=desc HTTP/1.0" 200 3946
104.193.9.137 - - [14/May/2015:00:59:21 -0500] "GET /SIG/index.php?dir=ECS/&sort=date&order=desc HTTP/1.0" 200 16570
104.193.9.137 - - [14/May/2015:00:59:24 -0500] "GET /SIG/index.php?dir=ECS/&sort=name&order=asc HTTP/1.0" 200 16571
104.193.9.137 - - [14/May/2015:00:59:26 -0500] "GET /SIG/index.php?dir=ECS/&sort=size&order=desc HTTP/1.0" 200 16570
104.193.9.137 - - [14/May/2015:00:59:28 -0500] "GET /SIG/index.php?dir=Gestion%20Documental/&sort=date&order=desc HTTP/1.0" 200 5566
104.193.9.137 - - [14/May/2015:00:59:30 -0500] "GET /SIG/index.php?dir=Gestion%20Documental/&sort=name&order=asc HTTP/1.0" 200 5567
104.193.9.137 - - [14/May/2015:00:59:32 -0500] "GET /SIG/index.php?dir=Gestion%20Documental/&sort=size&order=desc HTTP/1.0" 200 5566
104.193.9.137 - - [14/May/2015:00:59:34 -0500] "GET /SIG/index.php?dir=Gestion%20Recursos%20Financieros/&sort=date&order=desc HTTP/1.0" 200 8842
104.193.9.137 - - [14/May/2015:00:59:36 -0500] "GET /SIG/index.php?dir=Gestion%20Recursos%20Financieros/&sort=name&order=asc HTTP/1.0" 200 8843
186.145.246.181 - - [14/May/2015:00:59:42 -0500] "GET /galeria/galeria/jquery.fancybox.css?v=2.1.5 HTTP/1.1" 200 4895
186.145.246.181 - - [14/May/2015:00:59:42 -0500] "GET /BLA/boletinlegal/js/jquery.scrollTo-min.js HTTP/1.1" 200 1150
186.145.246.181 - - [14/May/2015:00:59:42 -0500] "GET /BLA/boletinlegal/js/jquery.scrollShow.js HTTP/1.1" 200 4586
186.145.246.181 - - [14/May/2015:00:59:42 -0500] "GET /galeria/galeria/jquery.fancybox.js?v=2.1.5 HTTP/1.1" 200 48706
190.24.107.209 - - [14/May/2015:00:59:46 -0500] "GET /BLA/boletinlegal/js/jquery.scrollTo-min.js HTTP/1.1" 200 1150
190.24.107.209 - - [14/May/2015:00:59:46 -0500] "GET /BLA/boletinlegal/js/jquery.scrollShow.js HTTP/1.1" 200 4586
190.24.107.209 - - [14/May/2015:00:59:46 -0500] "GET /galeria/galeria/jquery.fancybox.js?v=2.1.5 HTTP/1.1" 200 48706
190.24.107.209 - - [14/May/2015:00:59:47 -0500] "GET /galeria/galeria/jquery.fancybox.css?v=2.1.5 HTTP/1.1" 200 4895
186.145.246.181 - - [14/May/2015:00:59:50 -0500] "GET /galeria/galeria/jquery.fancybox.css?v=2.1.5 HTTP/1.1" 304 -
186.145.246.181 - - [14/May/2015:00:59:50 -0500] "GET /BLA/boletinlegal/js/jquery.scrollTo-min.js HTTP/1.1" 304 -
186.145.246.181 - - [14/May/2015:00:59:50 -0500] "GET /BLA/boletinlegal/js/jquery.scrollShow.js HTTP/1.1" 304 -
186.145.246.181 - - [14/May/2015:00:59:50 -0500] "GET /galeria/galeria/jquery.fancybox.js?v=2.1.5 HTTP/1.1" 304 -
186.151.127.139 - - [14/May/2015:00:59:51 -0500] "GET /galeria/galeria/jquery.fancybox.css?v=2.1.5 HTTP/1.1" 304 -
186.151.127.139 - - [14/May/2015:00:59:51 -0500] "GET /BLA/boletinlegal/js/jquery.scrollTo-min.js HTTP/1.1" 304 -
186.151.127.139 - - [14/May/2015:00:59:51 -0500] "GET /BLA/boletinlegal/js/jquery.scrollShow.js HTTP/1.1" 304 -
186.151.127.139 - - [14/May/2015:00:59:51 -0500] "GET /galeria/galeria/jquery.fancybox.js?v=2.1.5 HTTP/1.1" 304 -
180.76.5.23 - - [14/May/2015:00:59:52 -0500] "GET /BLA/resoluciones/RESOLUCIONES%202007/RES%202007%20101%20AL%20200/RESOLUCION%200121%20DE%202007.pdf HTTP/1.1" 200 343702
104.193.9.137 - - [14/May/2015:00:59:54 -0500] "GET /SIG/index.php?dir=Gestion%20Recursos%20Financieros/&sort=size&order=desc HTTP/1.0" 200 8842
180.76.5.223 - - [14/May/2015:01:00:09 -0500] "GET /BLA/resoluciones/RESOLUCIONES%202007/RES%202007%203801%20AL%203900/RESOLUCION%203859%20DE%202007.pdf HTTP/1.1" 200 285369
180.76.5.223 - - [14/May/2015:01:00:26 -0500] "GET /BLA/resoluciones/AUTOS%202012/0732.pdf HTTP/1.1" 200 159255
180.76.5.144 - - [14/May/2015:01:00:43 -0500] "GET /BLA/resoluciones/RESOLUCIONES%202007/RES%202007%201201%20AL%201300/RESOLUCION%201271%20DE%202007.pdf HTTP/1.1" 200 868044
190.25.70.48 - - [14/May/2015:01:00:50 -0500] "POST /forms/lservlet;jsessionid=ac16012b30d6697817a9e4f24e4ca88489c64781c16c.e3iSbxaKaheRe3eNbhaPbhuQa41ynknvrkLOlQzNp65In0 HTTP/1.1" 200 2
180.76.5.65 - - [14/May/2015:01:01:01 -0500] "GET /BLA/boletinlegal;jsessionid=42E7BB707D74DB818D97E9188BF96DEC?/? HTTP/1.1" 404 1018
180.76.5.60 - - [14/May/2015:01:01:18 -0500] "GET /BLA/resoluciones/RESOLUCIONES%202009/7733.pdf HTTP/1.1" 200 564226
180.76.5.23 - - [14/May/2015:01:01:35 -0500] "GET /BLA/resoluciones/AUTOS%202013/1140.pdf HTTP/1.1" 200 1220286
180.76.5.19 - - [14/May/2015:01:01:53 -0500] "GET /BLA/resoluciones/AUTOS%202009/1945.pdf HTTP/1.1" 200 99021
180.76.5.74 - - [14/May/2015:01:02:10 -0500] "GET /BLA/boletinlegal;jsessionid=1553E353EACC540BFAA4627EA9987C1F?/? HTTP/1.1" 404 1018
66.249.64.228 - - [14/May/2015:01:02:21 -0500] "GET /BLA/resoluciones/RESOLUCIONES%202007/RES%202007%202901%20AL%203000/RESOLUCION%202906%20DE%202007.pdf HTTP/1.1" 304 -
180.76.5.168 - - [14/May/2015:01:02:27 -0500] "GET /BLA/resoluciones/AUTOS%202011/1712.pdf HTTP/1.1" 200 177639
180.76.5.77 - - [14/May/2015:01:02:44 -0500] "GET /BLA/resoluciones/RESOLUCIONES%202009/0142.pdf HTTP/1.1" 200 417584
190.25.70.48 - - [14/May/2015:01:02:50 -0500] "POST /forms/lservlet;jsessionid=ac16012b30d6697817a9e4f24e4ca88489c64781c16c.e3iSbxaKaheRe3eNbhaPbhuQa41ynknvrkLOlQzNp65In0 HTTP/1.1" 200 2
88.198.233.69 - - [14/May/2015:01:02:51 -0500] "GET / HTTP/1.1" 200 10190
74.86.158.107 - - [14/May/2015:01:03:02 -0500] "HEAD / HTTP/1.1" 200 -
180.76.5.187 - - [14/May/2015:01:03:02 -0500] "GET /BLA/resoluciones/RESOLUCIONES%202007/RES%202007%203801%20AL%203900/RESOLUCION%203892%20DE%202007.pdf HTTP/1.1" 200 542503
180.76.5.27 - - [14/May/2015:01:03:19 -0500] "GET /BLA/resoluciones/AUTOS%202013/0786.pdf HTTP/1.1" 200 3433982
66.249.64.223 - - [14/May/2015:01:03:23 -0500] "GET / HTTP/1.1" 200 10190
180.76.5.194 - - [14/May/2015:01:03:36 -0500] "GET /BLA/resoluciones/AUTOS%202013/0949.pdf HTTP/1.1" 200 872251
180.76.5.144 - - [14/May/2015:01:03:54 -0500] "GET /BLA/resoluciones/RESOLUCIONES%202007/RES%202007%20101%20AL%20200/RESOLUCION%200200%20DE%202007.pdf HTTP/1.1" 200 264888
187.171.85.252 - - [14/May/2015:01:04:03 -0500] "GET /galeria/galeria/jquery.fancybox.css?v=2.1.5 HTTP/1.1" 200 4895
187.171.85.252 - - [14/May/2015:01:04:03 -0500] "GET /BLA/boletinlegal/js/jquery.scrollTo-min.js HTTP/1.1" 200 1150
187.171.85.252 - - [14/May/2015:01:04:03 -0500] "GET /BLA/boletinlegal/js/jquery.scrollShow.js HTTP/1.1" 200 4586
187.171.85.252 - - [14/May/2015:01:04:03 -0500] "GET /galeria/galeria/jquery.fancybox.js?v=2.1.5 HTTP/1.1" 200 48706
180.76.5.155 - - [14/May/2015:01:04:11 -0500] "GET /BLA/resoluciones/RESOLUCIONES%202007/RES%202007%20601%20AL%20700/RESOLUCION%200603%20DE%202007.pdf HTTP/1.1" 200 1208103
187.171.85.252 - - [14/May/2015:01:04:27 -0500] "GET /galeria/galeria/jquery.fancybox.css?v=2.1.5 HTTP/1.1" 304 -
187.171.85.252 - - [14/May/2015:01:04:27 -0500] "GET /BLA/boletinlegal/js/jquery.scrollTo-min.js HTTP/1.1" 304 -
187.171.85.252 - - [14/May/2015:01:04:27 -0500] "GET /BLA/boletinlegal/js/jquery.scrollShow.js HTTP/1.1" 304 -
187.171.85.252 - - [14/May/2015:01:04:27 -0500] "GET /galeria/galeria/jquery.fancybox.js?v=2.1.5 HTTP/1.1" 304 -
180.76.5.146 - - [14/May/2015:01:04:28 -0500] "GET /BLA/resoluciones/AUTOS%202012/2691.pdf HTTP/1.1" 200 243867
189.202.86.238 - - [14/May/2015:01:04:29 -0500] "GET /galeria/galeria/jquery.fancybox.css?v=2.1.5 HTTP/1.1" 200 4895
189.202.86.238 - - [14/May/2015:01:04:29 -0500] "GET /BLA/boletinlegal/js/jquery.scrollTo-min.js HTTP/1.1" 200 1150
189.202.86.238 - - [14/May/2015:01:04:29 -0500] "GET /BLA/boletinlegal/js/jquery.scrollShow.js HTTP/1.1" 200 4586
189.202.86.238 - - [14/May/2015:01:04:29 -0500] "GET /galeria/galeria/jquery.fancybox.js?v=2.1.5 HTTP/1.1" 200 48706
190.84.192.75 - - [14/May/2015:01:04:30 -0500] "GET /galeria/galeria/jquery.fancybox.js?v=2.1.5 HTTP/1.1" 200 48706
190.84.192.75 - - [14/May/2015:01:04:30 -0500] "GET /galeria/galeria/jquery.fancybox.css?v=2.1.5 HTTP/1.1" 200 4895
190.84.192.75 - - [14/May/2015:01:04:30 -0500] "GET /BLA/boletinlegal/js/jquery.scrollTo-min.js HTTP/1.1" 200 1150
190.84.192.75 - - [14/May/2015:01:04:30 -0500] "GET /BLA/boletinlegal/js/jquery.scrollShow.js HTTP/1.1" 200 4586
180.76.5.150 - - [14/May/2015:01:04:45 -0500] "GET /BLA/resoluciones/RESOLUCIONES%202007/RES%202007%201601%20AL%201725/RESOLUCION%201610%20DE%202007.pdf HTTP/1.1" 200 690110
190.25.70.48 - - [14/May/2015:01:04:50 -0500] "POST /forms/lservlet;jsessionid=ac16012b30d6697817a9e4f24e4ca88489c64781c16c.e3iSbxaKaheRe3eNbhaPbhuQa41ynknvrkLOlQzNp65In0 HTTP/1.1" 200 2
190.84.192.75 - - [14/May/2015:01:04:51 -0500] "GET /BLA/boletinlegal/js/jquery.scrollTo-min.js HTTP/1.1" 304 -
190.84.192.75 - - [14/May/2015:01:04:51 -0500] "GET /galeria/galeria/jquery.fancybox.css?v=2.1.5 HTTP/1.1" 304 -
190.84.192.75 - - [14/May/2015:01:04:51 -0500] "GET /BLA/boletinlegal/js/jquery.scrollShow.js HTTP/1.1" 304 -
190.84.192.75 - - [14/May/2015:01:04:51 -0500] "GET /galeria/galeria/jquery.fancybox.js?v=2.1.5 HTTP/1.1" 304 -
180.76.5.77 - - [14/May/2015:01:05:03 -0500] "GET /BLA/resoluciones/AUTOS%202009/1769.pdf HTTP/1.1" 200 97579
189.202.86.238 - - [14/May/2015:01:05:20 -0500] "GET /BLA/boletinlegal/js/jquery.scrollTo-min.js HTTP/1.1" 304 -
189.202.86.238 - - [14/May/2015:01:05:20 -0500] "GET /galeria/galeria/jquery.fancybox.css?v=2.1.5 HTTP/1.1" 304 -
189.202.86.238 - - [14/May/2015:01:05:20 -0500] "GET /galeria/galeria/jquery.fancybox.js?v=2.1.5 HTTP/1.1" 304 -
189.202.86.238 - - [14/May/2015:01:05:20 -0500] "GET /BLA/boletinlegal/js/jquery.scrollShow.js HTTP/1.1" 304 -
180.76.5.18 - - [14/May/2015:01:05:20 -0500] "GET /BLA/resoluciones/RESOLUCIONES%202008/0528.pdf HTTP/1.1" 200 179821
66.249.64.253 - - [14/May/2015:01:05:31 -0500] "GET /BLA/boletinlegal/jurisprudencia/analisis/CUADRO%20SENTENCIA%20C-222%20DE%202011.doc HTTP/1.1" 304 -
188.165.15.187 - - [14/May/2015:01:05:35 -0500] "GET /BLA/resoluciones/RESOLUCIONES%202005/RES%202005%20451-500/00000473.tif HTTP/1.1" 200 141318
180.76.5.64 - - [14/May/2015:01:05:37 -0500] "GET /BLA/resoluciones/AUTOS%202010/5476.pdf HTTP/1.1" 200 238900
180.76.5.169 - - [14/May/2015:01:05:55 -0500] "GET /BLA/resoluciones/RESOLUCIONES%202008/2453.pdf HTTP/1.1" 200 499883
180.76.5.169 - - [14/May/2015:01:06:12 -0500] "GET /BLA/resoluciones/AUTOS%202013/0675.pdf HTTP/1.1" 200 1086753
180.76.5.76 - - [14/May/2015:01:06:29 -0500] "GET /BLA/resoluciones/AUTOS%202010/4828.pdf HTTP/1.1" 200 376671
180.76.5.78 - - [14/May/2015:01:06:46 -0500] "GET /BLA/resoluciones/RESOLUCIONES%202009/8152.pdf HTTP/1.1" 200 497543
190.25.70.48 - - [14/May/2015:01:06:50 -0500] "POST /forms/lservlet;jsessionid=ac16012b30d6697817a9e4f24e4ca88489c64781c16c.e3iSbxaKaheRe3eNbhaPbhuQa41ynknvrkLOlQzNp65In0 HTTP/1.1" 200 2
91.238.163.60 - - [14/May/2015:01:06:56 -0500] "GET /old/wp-admin/ HTTP/1.1" 404 1018
180.76.5.24 - - [14/May/2015:01:07:04 -0500] "GET /BLA/resoluciones/AUTOS%202009/1101.pdf HTTP/1.1" 200 89157
66.249.64.248 - - [14/May/2015:01:07:13 -0500] "GET /Anexos%20estudio%20Organizacional%20SDA/ANEXO%20No.%201-%20NORMAS%20LEGALES%20DE%20ESTRUCTURA%20Y%20PLANTA/RESE%C3%91A%20HIST%C3%93RICA%20SDA-NORMAS/Decreto%20631%20de%202007-%20Modifica%20planta%20de%20SDA.jsp_files/FFFFFFtr.gif HTTP/1.1" 200 129
180.76.5.145 - - [14/May/2015:01:07:21 -0500] "GET /BLA/resoluciones/RESOLUCIONES%202007/RES%202007%201726%20AL%201800/RESOLUCION%201747%20DE%202007.pdf HTTP/1.1" 200 205581
180.76.5.76 - - [14/May/2015:01:07:38 -0500] "GET /BLA/resoluciones/AUTOS%202013/3504.pdf HTTP/1.1" 200 486625
180.76.5.171 - - [14/May/2015:01:07:56 -0500] "GET /BLA/resoluciones/RESOLUCIONES%202009/2905.pdf HTTP/1.1" 200 1953826
188.165.15.187 - - [14/May/2015:01:08:01 -0500] "GET /BLA/resoluciones/RESOLUCIONES%202006/RES%202006%201301-1350/00001322.tif HTTP/1.1" 200 168758
74.86.158.107 - - [14/May/2015:01:08:02 -0500] "HEAD / HTTP/1.1" 200 -
180.76.5.27 - - [14/May/2015:01:08:13 -0500] "GET /BLA/resoluciones/RESOLUCIONES%202008/1839.pdf HTTP/1.1" 200 251859
180.76.5.58 - - [14/May/2015:01:08:30 -0500] "GET /BLA/boletinlegal;jsessionid=A036102968A8B6E5DCD94EDEA3760ADF?/? HTTP/1.1" 404 1018
180.76.5.144 - - [14/May/2015:01:08:47 -0500] "GET /BLA/resoluciones/AUTOS%202012/1847.pdf HTTP/1.1" 200 285519
190.25.70.48 - - [14/May/2015:01:08:50 -0500] "POST /forms/lservlet;jsessionid=ac16012b30d6697817a9e4f24e4ca88489c64781c16c.e3iSbxaKaheRe3eNbhaPbhuQa41ynknvrkLOlQzNp65In0 HTTP/1.1" 200 2
180.76.5.196 - - [14/May/2015:01:09:05 -0500] "GET /BLA/resoluciones/RESOLUCIONES%202007/RES%202007%204101%20AL%204200/RESOLUCION%204190%20%20DE%202007.pdf HTTP/1.1" 200 307178
66.249.64.223 - - [14/May/2015:01:09:12 -0500] "GET /BLA/resoluciones/RESOLUCIONES%202007/RES%202007%202701%20AL%202800/RESOLUCION%202786%20%20DE%202007.pdf HTTP/1.1" 200 702851
180.76.5.81 - - [14/May/2015:01:09:22 -0500] "GET /BLA/resoluciones/RESOLUCIONES%202008/1674.pdf HTTP/1.1" 200 134689
199.21.99.202 - - [14/May/2015:01:09:29 -0500] "GET /portalsiaccapacitaciones/Listas%20de%20Asistencia%202015 HTTP/1.1" 301 353
