180.76.5.175 - - [14/May/2015:02:41:16 -0500] "GET /BLA/resoluciones/RESOLUCIONES%202009/0869.pdf HTTP/1.1" 200 390558
180.76.5.66 - - [14/May/2015:02:41:33 -0500] "GET /BLA/resoluciones/AUTOS%202009/2793.pdf HTTP/1.1" 200 82344
66.249.64.233 - - [14/May/2015:02:41:40 -0500] "GET /BLA/resoluciones/AUTOS%202011/3262.pdf HTTP/1.1" 200 249135
66.249.64.228 - - [14/May/2015:02:41:44 -0500] "GET /BLA/resoluciones/AUTOS%202008/0854.pdf HTTP/1.1" 200 76810
180.76.5.145 - - [14/May/2015:02:41:50 -0500] "GET /BLA/resoluciones/RESOLUCIONES%202008/2705.pdf HTTP/1.1" 200 342222
180.76.5.26 - - [14/May/2015:02:42:07 -0500] "GET /BLA/resoluciones/RESOLUCIONES%202007/RES%202007%202001%20AL%202100/RESOLUCION%202074%20DE%202007.pdf HTTP/1.1" 200 604485
180.76.5.223 - - [14/May/2015:02:42:25 -0500] "GET /BLA/resoluciones/AUTOS%202012/1156.pdf HTTP/1.1" 200 170693
180.76.5.168 - - [14/May/2015:02:42:42 -0500] "GET /BLA/boletinlegal;jsessionid=633646250F3BB97BF4DA42060F0D2F0D?/? HTTP/1.1" 404 1018
190.25.70.48 - - [14/May/2015:02:42:54 -0500] "POST /forms/lservlet;jsessionid=ac16012b30d6697817a9e4f24e4ca88489c64781c16c.e3iSbxaKaheRe3eNbhaPbhuQa41ynknvrkLOlQzNp65In0 HTTP/1.1" 200 2
46.229.170.197 - - [14/May/2015:02:42:59 -0500] "GET / HTTP/1.1" 200 10190
180.76.5.27 - - [14/May/2015:02:42:59 -0500] "GET /BLA/resoluciones/AUTOS%202013/0249.pdf HTTP/1.1" 200 2199690
74.86.158.107 - - [14/May/2015:02:43:02 -0500] "HEAD / HTTP/1.1" 200 -
180.76.5.173 - - [14/May/2015:02:43:17 -0500] "GET /BLA/resoluciones/AUTOS%202013/0180.pdf HTTP/1.1" 200 2168541
66.249.64.243 - - [14/May/2015:02:43:18 -0500] "GET /PruebasSTORM/StormSDA_pruebas/userFiles/user_files/formulas/3/537.xml HTTP/1.1" 200 995
180.76.5.190 - - [14/May/2015:02:43:34 -0500] "GET /BLA/resoluciones/RESOLUCIONES%202009/0267.pdf HTTP/1.1" 200 364072
180.76.5.196 - - [14/May/2015:02:43:51 -0500] "GET /BLA/resoluciones/AUTOS%202010/0432.pdf HTTP/1.1" 200 487826
190.25.70.48 - - [14/May/2015:02:43:57 -0500] "POST /forms/lservlet;jsessionid=ac16012b30d6697817a9e4f24e4ca88489c64781c16c.e3iSbxaKaheRe3eNbhaPbhuQa41ynknvrkLOlQzNp65In0 HTTP/1.1" 200 98
190.25.70.48 - - [14/May/2015:02:43:57 -0500] "POST /forms/lservlet;jsessionid=ac16012b30d6697817a9e4f24e4ca88489c64781c16c.e3iSbxaKaheRe3eNbhaPbhuQa41ynknvrkLOlQzNp65In0 HTTP/1.1" 200 2
190.25.70.48 - - [14/May/2015:02:43:58 -0500] "POST /forms/lservlet;jsessionid=ac16012b30d6697817a9e4f24e4ca88489c64781c16c.e3iSbxaKaheRe3eNbhaPbhuQa41ynknvrkLOlQzNp65In0 HTTP/1.1" 200 2
190.25.70.48 - - [14/May/2015:02:43:58 -0500] "POST /forms/lservlet;jsessionid=ac16012b30d6697817a9e4f24e4ca88489c64781c16c.e3iSbxaKaheRe3eNbhaPbhuQa41ynknvrkLOlQzNp65In0 HTTP/1.1" 200 2
190.25.70.48 - - [14/May/2015:02:43:58 -0500] "POST /forms/lservlet;jsessionid=ac16012b30d6697817a9e4f24e4ca88489c64781c16c.e3iSbxaKaheRe3eNbhaPbhuQa41ynknvrkLOlQzNp65In0 HTTP/1.1" 200 2
190.25.70.48 - - [14/May/2015:02:44:02 -0500] "POST /forms/lservlet;jsessionid=ac16012b30d6697817a9e4f24e4ca88489c64781c16c.e3iSbxaKaheRe3eNbhaPbhuQa41ynknvrkLOlQzNp65In0 HTTP/1.1" 200 2
190.25.70.48 - - [14/May/2015:02:44:02 -0500] "POST /forms/lservlet;jsessionid=ac16012b30d6697817a9e4f24e4ca88489c64781c16c.e3iSbxaKaheRe3eNbhaPbhuQa41ynknvrkLOlQzNp65In0 HTTP/1.1" 200 2
190.25.70.48 - - [14/May/2015:02:44:06 -0500] "POST /forms/lservlet;jsessionid=ac16012b30d6697817a9e4f24e4ca88489c64781c16c.e3iSbxaKaheRe3eNbhaPbhuQa41ynknvrkLOlQzNp65In0 HTTP/1.1" 200 2030
190.25.70.48 - - [14/May/2015:02:44:06 -0500] "POST /forms/lservlet;jsessionid=ac16012b30d6697817a9e4f24e4ca88489c64781c16c.e3iSbxaKaheRe3eNbhaPbhuQa41ynknvrkLOlQzNp65In0 HTTP/1.1" 200 78
180.76.5.149 - - [14/May/2015:02:44:08 -0500] "GET /BLA/resoluciones/AUTOS%202013/2340.pdf HTTP/1.1" 200 780096
188.165.15.187 - - [14/May/2015:02:44:13 -0500] "GET /BLA/resoluciones/RESOLUCIONES%202004/RES%202004%201251-1300/00001256.tif HTTP/1.1" 200 128818
190.25.70.48 - - [14/May/2015:02:44:14 -0500] "POST /forms/lservlet;jsessionid=ac16012b30d6697817a9e4f24e4ca88489c64781c16c.e3iSbxaKaheRe3eNbhaPbhuQa41ynknvrkLOlQzNp65In0 HTTP/1.1" 200 86
190.25.70.48 - - [14/May/2015:02:44:14 -0500] "POST /forms/lservlet;jsessionid=ac16012b30d6697817a9e4f24e4ca88489c64781c16c.e3iSbxaKaheRe3eNbhaPbhuQa41ynknvrkLOlQzNp65In0 HTTP/1.1" 200 -
180.76.5.175 - - [14/May/2015:02:44:26 -0500] "GET /BLA/resoluciones/RESOLUCIONES%202007/RES%202007%202801%20AL%202900/RESOLUCION%202812%20DE%202007.pdf HTTP/1.1" 200 1163304
66.249.64.228 - - [14/May/2015:02:44:35 -0500] "GET /BLA/resoluciones/RESOLUCIONES%202004/RES%202004%20651-700/00000660.tif HTTP/1.1" 200 279192
180.76.5.172 - - [14/May/2015:02:44:43 -0500] "GET /BLA/boletinlegal;jsessionid=F5079DB984906754C72A616AA1158E94?/? HTTP/1.1" 404 1018
66.249.64.233 - - [14/May/2015:02:44:46 -0500] "GET /BLA/resoluciones/AUTOS%202008/0472.pdf HTTP/1.1" 200 179552
180.76.5.168 - - [14/May/2015:02:45:00 -0500] "GET /BLA/resoluciones/AUTOS%202009/2280.pdf HTTP/1.1" 200 121383
66.249.64.223 - - [14/May/2015:02:45:15 -0500] "GET /BLA/resoluciones/AUTOS%202008/2306.pdf HTTP/1.1" 200 132931
180.76.5.23 - - [14/May/2015:02:45:18 -0500] "GET /BLA/resoluciones/RESOLUCIONES%202007/RES%202007%201101%20AL%201200/RESOLUCION%201180%20DE%202007.pdf HTTP/1.1" 200 1057539
180.76.5.67 - - [14/May/2015:02:45:35 -0500] "GET /BLA/resoluciones/AUTOS%202013/0001.pdf HTTP/1.1" 200 1761500
180.76.5.61 - - [14/May/2015:02:45:52 -0500] "GET /BLA/resoluciones/AUTOS%202012/1391.pdf HTTP/1.1" 200 271708
180.76.5.28 - - [14/May/2015:02:46:09 -0500] "GET /BLA/resoluciones/AUTOS%202009/0481.pdf HTTP/1.1" 200 296681
66.249.64.248 - - [14/May/2015:02:46:10 -0500] "GET /portalsiaccapacitaciones/Soportes%20Capacitaciones%20A%C3%B1o%202014/0108.%20Presentaci%C3%B3n%20PEV%2014-10-14.pdf HTTP/1.1" 404 1019
180.76.5.197 - - [14/May/2015:02:46:27 -0500] "GET /BLA/boletinlegal;jsessionid=16997E33B78C0DBCC1181A55DC3F78F1?/? HTTP/1.1" 404 1018
180.76.5.19 - - [14/May/2015:02:46:44 -0500] "GET /BLA/resoluciones/AUTOS%202011/0126.pdf HTTP/1.1" 200 262459
62.210.84.178 - - [14/May/2015:02:46:48 -0500] "GET /galeria/galeria/jquery.fancybox.css?v=2.1.5 HTTP/1.1" 200 4895
66.249.64.243 - - [14/May/2015:02:46:50 -0500] "GET /POT-2013/Cartografia/15_Sistema%20de%20Movilidad%20_Secciones%20Viales_Circuitos_movilida.pdf HTTP/1.1" 200 4830571
62.210.84.178 - - [14/May/2015:02:46:54 -0500] "GET /galeria/galeria/jquery.fancybox.css?v=2.1.5 HTTP/1.1" 200 4895
180.76.5.65 - - [14/May/2015:02:47:01 -0500] "GET /BLA/resoluciones/RESOLUCIONES%202009/1377.pdf HTTP/1.1" 200 942376
180.76.5.146 - - [14/May/2015:02:47:19 -0500] "GET /BLA/resoluciones/RESOLUCIONES%202007/RES%202007%20101%20AL%20200/RESOLUCION%200183%20DE%202007.pdf HTTP/1.1" 200 136226
66.249.64.228 - - [14/May/2015:02:47:23 -0500] "GET /BLA/resoluciones/AUTOS%202008/1408.pdf HTTP/1.1" 200 202290
188.165.15.187 - - [14/May/2015:02:47:31 -0500] "GET /BLA/resoluciones/RESOLUCIONES%202005/RES%202005%20%201651-1700/00001664.tif HTTP/1.1" 200 116142
180.76.5.149 - - [14/May/2015:02:47:36 -0500] "GET /BLA/boletinlegal;jsessionid=8E711B85001362148D7F3C2EFDA4687A?/? HTTP/1.1" 404 1018
180.76.5.19 - - [14/May/2015:02:47:53 -0500] "GET /BLA/boletinlegal;jsessionid=4FD03621E61629C34041A8281868B51A?/? HTTP/1.1" 404 1018
74.86.158.107 - - [14/May/2015:02:48:02 -0500] "HEAD / HTTP/1.1" 200 -
180.76.5.143 - - [14/May/2015:02:48:10 -0500] "GET /BLA/boletinlegal;jsessionid=F96BBFD78EBD67C3C7F54539D26E3ED5?/? HTTP/1.1" 404 1018
180.76.5.65 - - [14/May/2015:02:48:28 -0500] "GET /BLA/resoluciones/AUTOS%202009/0926.pdf HTTP/1.1" 200 122120
180.76.5.73 - - [14/May/2015:02:48:45 -0500] "GET /BLA/resoluciones/RESOLUCIONES%202008/0603.pdf HTTP/1.1" 200 165754
180.76.5.67 - - [14/May/2015:02:49:02 -0500] "GET /BLA/resoluciones/AUTOS%202013/1063.pdf HTTP/1.1" 200 2490618
66.249.64.223 - - [14/May/2015:02:49:11 -0500] "GET /BLA/resoluciones/RESOLUCIONES%202007/RES%202007%201901%20AL%202000/RESOLUCION%201987%20DE%202007.pdf HTTP/1.1" 304 -
180.76.5.60 - - [14/May/2015:02:49:19 -0500] "GET /BLA/resoluciones/RESOLUCIONES%202007/RES%202007%20401%20AL%20500/RESOLUCION%200488%20DE%202007.pdf HTTP/1.1" 200 425964
66.249.64.233 - - [14/May/2015:02:49:20 -0500] "GET /BLA/resoluciones/AUTOS%202008/1283.pdf HTTP/1.1" 200 71103
180.76.5.148 - - [14/May/2015:02:49:37 -0500] "GET /BLA/resoluciones/RESOLUCIONES%202009/8864.pdf HTTP/1.1" 200 346017
180.76.5.146 - - [14/May/2015:02:49:54 -0500] "GET /BLA/resoluciones/RESOLUCIONES%202009/8809.pdf HTTP/1.1" 200 537649
180.76.5.144 - - [14/May/2015:02:50:11 -0500] "GET /BLA/resoluciones/RESOLUCIONES%202007/RES%202007%203401%20AL%203500/RESOLUCION%203424%20DE%202007.pdf HTTP/1.1" 200 58049
188.165.15.187 - - [14/May/2015:02:50:16 -0500] "GET /BLA/resoluciones/RESOLUCIONES%202004/RES%202004%201401-1450/00001425.tif HTTP/1.1" 200 76788
220.181.108.143 - - [14/May/2015:02:50:21 -0500] "GET /BLA/resoluciones/RESOLUCIONES%202012/1735.pdf HTTP/1.1" 304 -
180.76.5.19 - - [14/May/2015:02:50:29 -0500] "GET /BLA/resoluciones/AUTOS%202014/6719.pdf HTTP/1.1" 200 2557541
180.76.5.170 - - [14/May/2015:02:50:46 -0500] "GET /BLA/resoluciones/AUTOS%202010/0094.pdf HTTP/1.1" 200 268445
180.76.5.151 - - [14/May/2015:02:51:03 -0500] "GET /BLA/resoluciones/AUTOS%202010/0557.pdf HTTP/1.1" 200 251047
180.76.5.95 - - [14/May/2015:02:51:21 -0500] "GET /BLA/resoluciones/RESOLUCIONES%202009/2246.pdf HTTP/1.1" 200 326401
180.76.5.151 - - [14/May/2015:02:51:38 -0500] "GET /BLA/boletinlegal;jsessionid=E239EA5049C668201B010770ABB13A00?/? HTTP/1.1" 404 1018
180.76.5.189 - - [14/May/2015:02:51:55 -0500] "GET /BLA/boletinlegal;jsessionid=DF88A812F641FBF68123A6DA72022CE8?/? HTTP/1.1" 404 1018
66.249.64.243 - - [14/May/2015:02:52:01 -0500] "GET /POT-2013/Cartografia/29_EDIFICABILIDAD.pdf HTTP/1.1" 200 3041378
180.76.5.71 - - [14/May/2015:02:52:12 -0500] "GET /BLA/resoluciones/RESOLUCIONES%202007/RES%202007%202301%20AL%202400/RESOLUCION%202332%20DE%202007.pdf HTTP/1.1" 200 196836
66.249.64.243 - - [14/May/2015:02:52:13 -0500] "GET /POT-2013/Cartografia/09_EEP.pdf HTTP/1.1" 200 3326963
180.76.5.60 - - [14/May/2015:02:52:30 -0500] "GET /BLA/resoluciones/AUTOS%202013/1169.pdf HTTP/1.1" 200 536301
180.76.5.20 - - [14/May/2015:02:52:47 -0500] "GET /BLA/boletinlegal;jsessionid=FBC9E29A2DF25BD6A09869EE977E16D3?/? HTTP/1.1" 404 1018
74.86.158.107 - - [14/May/2015:02:53:02 -0500] "HEAD / HTTP/1.1" 200 -
180.76.5.194 - - [14/May/2015:02:53:04 -0500] "GET /BLA/resoluciones/AUTOS%202011/1505.pdf HTTP/1.1" 200 274572
157.253.193.18 - - [14/May/2015:02:53:16 -0500] "GET /BLA/boletinlegal/js/jquery.scrollShow.js HTTP/1.1" 200 4586
157.253.193.18 - - [14/May/2015:02:53:16 -0500] "GET /BLA/boletinlegal/js/jquery.scrollTo-min.js HTTP/1.1" 200 1150
157.253.193.18 - - [14/May/2015:02:53:16 -0500] "GET /galeria/galeria/jquery.fancybox.css?v=2.1.5 HTTP/1.1" 200 4895
157.253.193.18 - - [14/May/2015:02:53:16 -0500] "GET /galeria/galeria/jquery.fancybox.js?v=2.1.5 HTTP/1.1" 200 48706
180.76.5.59 - - [14/May/2015:02:53:21 -0500] "GET /BLA/boletinlegal;jsessionid=EFFA4B9DE91BC6812908D5F85B521A97?/? HTTP/1.1" 404 1018
157.253.193.18 - - [14/May/2015:02:53:28 -0500] "GET /BLA/boletinlegal/js/jquery.scrollShow.js HTTP/1.1" 200 4586
157.253.193.18 - - [14/May/2015:02:53:28 -0500] "GET /BLA/boletinlegal/js/jquery.scrollTo-min.js HTTP/1.1" 200 1150
157.253.193.18 - - [14/May/2015:02:53:28 -0500] "GET /galeria/galeria/jquery.fancybox.js?v=2.1.5 HTTP/1.1" 200 48706
157.253.193.18 - - [14/May/2015:02:53:28 -0500] "GET /galeria/galeria/jquery.fancybox.css?v=2.1.5 HTTP/1.1" 200 4895
180.76.5.28 - - [14/May/2015:02:53:39 -0500] "GET /BLA/resoluciones/AUTOS%202010/5612.pdf HTTP/1.1" 200 133846
180.76.5.177 - - [14/May/2015:02:53:56 -0500] "GET /BLA/resoluciones/AUTOS%202010/0350.pdf HTTP/1.1" 200 365306
180.76.5.20 - - [14/May/2015:02:54:13 -0500] "GET /BLA/boletinlegal;jsessionid=BEC9F3AD7EF00DF1DA968FFF26B9F8F6?/? HTTP/1.1" 404 1018
180.76.5.27 - - [14/May/2015:02:54:31 -0500] "GET /BLA/resoluciones/AUTOS%202014/1129.pdf HTTP/1.1" 200 373342
180.76.5.196 - - [14/May/2015:02:54:48 -0500] "GET /BLA/resoluciones/RESOLUCIONES%202008/2323.pdf HTTP/1.1" 200 353447
180.76.5.80 - - [14/May/2015:02:55:05 -0500] "GET /BLA/resoluciones/AUTOS%202012/0074.pdf HTTP/1.1" 200 167870
66.249.64.228 - - [14/May/2015:02:55:15 -0500] "GET /BLA/resoluciones/index.php?dir=AUTOS%202006/AUTOS%202006%203301%20-%203418/&sort=size&order=desc HTTP/1.1" 200 25806
180.76.5.155 - - [14/May/2015:02:55:22 -0500] "GET /BLA/resoluciones/RESOLUCIONES%202008/1306.pdf HTTP/1.1" 200 759912
180.76.5.22 - - [14/May/2015:02:55:40 -0500] "GET /BLA/resoluciones/RESOLUCIONES%202008/4934.pdf HTTP/1.1" 200 214749
180.76.5.188 - - [14/May/2015:02:55:57 -0500] "GET /BLA/resoluciones/AUTOS%202010/2364.pdf HTTP/1.1" 200 311232
180.76.5.73 - - [14/May/2015:02:56:14 -0500] "GET /BLA/resoluciones/RESOLUCIONES%202009/7806.pdf HTTP/1.1" 200 527727
180.76.5.170 - - [14/May/2015:02:56:32 -0500] "GET /BLA/boletinlegal;jsessionid=7DE3A373D82C7776FD929CBFCC4C9CC6?/? HTTP/1.1" 404 1018
180.76.5.169 - - [14/May/2015:02:56:49 -0500] "GET /BLA/boletinlegal;jsessionid=77883350F8CD215B5371ACD9FEFBA990?/? HTTP/1.1" 404 1018
180.76.5.24 - - [14/May/2015:02:57:06 -0500] "GET /BLA/resoluciones/RESOLUCIONES%202008/5321.pdf HTTP/1.1" 200 456020
66.249.64.228 - - [14/May/2015:02:57:10 -0500] "GET /BLA/resoluciones/AUTOS%202012/1391.pdf HTTP/1.1" 200 271708
180.76.5.21 - - [14/May/2015:02:57:23 -0500] "GET /BLA/resoluciones/AUTOS%202013/0737.pdf HTTP/1.1" 200 993999
180.76.5.188 - - [14/May/2015:02:57:41 -0500] "GET /BLA/resoluciones/AUTOS%202012/1605.pdf HTTP/1.1" 200 204126
180.76.5.28 - - [14/May/2015:02:57:58 -0500] "GET /BLA/boletinlegal;jsessionid=CC704942E05A178170DA48A476191FD9?/? HTTP/1.1" 404 1018
74.86.158.107 - - [14/May/2015:02:58:02 -0500] "HEAD / HTTP/1.1" 200 -
180.76.5.25 - - [14/May/2015:02:58:15 -0500] "GET /BLA/resoluciones/AUTOS%202012/1776.pdf HTTP/1.1" 200 479340
66.249.64.223 - - [14/May/2015:02:58:30 -0500] "GET /BLA/resoluciones/RESOLUCIONES%202009/7633.pdf HTTP/1.1" 304 -
180.76.5.19 - - [14/May/2015:02:58:33 -0500] "GET /BLA/resoluciones/RESOLUCIONES%202008/0774.pdf HTTP/1.1" 200 275357
180.76.5.145 - - [14/May/2015:02:58:50 -0500] "GET /BLA/resoluciones/AUTOS%202010/0476.pdf HTTP/1.1" 200 233117
180.76.5.95 - - [14/May/2015:02:59:07 -0500] "GET /BLA/boletinlegal;jsessionid=8A441E872352FE6532CB98598BC6E20B?/? HTTP/1.1" 404 1018
157.55.39.78 - - [14/May/2015:02:59:10 -0500] "GET /dama/libreria/pdf/pigas/PIGA%20servcivil/PIGA%20servicio%20civil.pdf HTTP/1.1" 404 1019
180.76.5.17 - - [14/May/2015:02:59:24 -0500] "GET /BLA/resoluciones/AUTOS%202010/1273.pdf HTTP/1.1" 200 395079
123.125.71.110 - - [14/May/2015:02:59:26 -0500] "GET / HTTP/1.1" 200 10190
180.76.5.95 - - [14/May/2015:02:59:42 -0500] "GET /BLA/resoluciones/AUTOS%202013/3164.pdf HTTP/1.1" 200 532100
180.76.5.175 - - [14/May/2015:02:59:59 -0500] "GET /BLA/resoluciones/AUTOS%202012/2785.pdf HTTP/1.1" 200 215845
180.76.5.144 - - [14/May/2015:03:00:16 -0500] "GET /BLA/boletinlegal;jsessionid=AF82509E7266046A1271F64BD84E17CB?/? HTTP/1.1" 404 1018
187.170.21.31 - - [14/May/2015:03:00:29 -0500] "GET /BLA/boletinlegal/js/jquery.scrollTo-min.js HTTP/1.1" 304 -
187.170.21.31 - - [14/May/2015:03:00:29 -0500] "GET /BLA/boletinlegal/js/jquery.scrollShow.js HTTP/1.1" 304 -
187.170.21.31 - - [14/May/2015:03:00:29 -0500] "GET /galeria/galeria/jquery.fancybox.css?v=2.1.5 HTTP/1.1" 304 -
187.170.21.31 - - [14/May/2015:03:00:29 -0500] "GET /galeria/galeria/jquery.fancybox.js?v=2.1.5 HTTP/1.1" 304 -
180.76.5.223 - - [14/May/2015:03:00:34 -0500] "GET /BLA/resoluciones/AUTOS%202011/0988.pdf HTTP/1.1" 200 147545
180.76.5.67 - - [14/May/2015:03:00:51 -0500] "GET /BLA/resoluciones/AUTOS%202013/0364.pdf HTTP/1.1" 200 271478
180.76.5.169 - - [14/May/2015:03:01:08 -0500] "GET /BLA/boletinlegal;jsessionid=E5D8968DD8D35C4E70709B2B42DAC100?/? HTTP/1.1" 404 1018
180.76.5.61 - - [14/May/2015:03:01:25 -0500] "GET /BLA/resoluciones/AUTOS%202014/0392.pdf HTTP/1.1" 200 1056491
66.249.64.233 - - [14/May/2015:03:01:35 -0500] "GET /videos/galeria-cronicas/1videos/Concurso.mp4video.mp4 HTTP/1.1" 200 5030397
207.46.13.41 - - [14/May/2015:03:01:36 -0500] "GET /galeria/nivo-slider/demo/demo.html HTTP/1.1" 200 4115
180.76.5.76 - - [14/May/2015:03:01:43 -0500] "GET /BLA/resoluciones/RESOLUCIONES%202009/0140.pdf HTTP/1.1" 200 384000
66.249.64.228 - - [14/May/2015:03:01:50 -0500] "GET /portalsiaccapacitaciones/Soportes%20Capacitaciones%20A%C3%B1o%202013/0039.%20Presentaci%C3%B3n%20Preco%2019-09-13.pdf HTTP/1.1" 404 1018
180.76.5.23 - - [14/May/2015:03:02:00 -0500] "GET /BLA/boletinlegal;jsessionid=A65BA13F30FFF9CEA33D3BD759B23DFE?/? HTTP/1.1" 404 1018
180.76.5.64 - - [14/May/2015:03:02:17 -0500] "GET /BLA/resoluciones/RESOLUCIONES%202008/3276.pdf HTTP/1.1" 200 753785
66.249.64.233 - - [14/May/2015:03:02:18 -0500] "GET /BLA/resoluciones/RESOLUCIONES%202011/4818.pdf HTTP/1.1" 200 744791
66.249.64.243 - - [14/May/2015:03:02:25 -0500] "GET /Anexos%20estudio%20Organizacional%20SDA/ANEXO%20No.%201-%20NORMAS%20LEGALES%20DE%20ESTRUCTURA%20Y%20PLANTA/Decreto%20109%20de%202009%20-%20Modifica%20la%20estructura%20de%20la%20SDA.jsp_files/loading.gif HTTP/1.1" 200 5206
180.76.5.18 - - [14/May/2015:03:02:35 -0500] "GET /BLA/resoluciones/AUTOS%202010/5408.pdf HTTP/1.1" 200 185023
88.198.233.69 - - [14/May/2015:03:02:50 -0500] "GET / HTTP/1.1" 200 10190
180.76.5.177 - - [14/May/2015:03:02:52 -0500] "GET /BLA/resoluciones/RESOLUCIONES%202008/4997.pdf HTTP/1.1" 200 238572
66.249.64.248 - - [14/May/2015:03:03:00 -0500] "GET /BLA/boletinlegal/jurisprudencia/analisis/CUADRO%20SENTENCIA%20T-299%20DE%202008.doc HTTP/1.1" 304 -
74.86.158.107 - - [14/May/2015:03:03:02 -0500] "HEAD / HTTP/1.1" 200 -
207.46.13.35 - - [14/May/2015:03:03:07 -0500] "GET /dama/libreria/xls/tramites/lop.xls HTTP/1.1" 404 1019
180.76.5.155 - - [14/May/2015:03:03:09 -0500] "GET /BLA/resoluciones/RESOLUCIONES%202007/RES%202007%201726%20AL%201800/RESOLUCION%201779%20%20DE%202007.pdf HTTP/1.1" 200 623906
180.76.5.75 - - [14/May/2015:03:03:26 -0500] "GET /BLA/boletinlegal;jsessionid=17F4DA2B763705D8AE150B79F44CE75A?/? HTTP/1.1" 404 1018
180.76.5.195 - - [14/May/2015:03:03:44 -0500] "GET /BLA/resoluciones/AUTOS%202011/0031.pdf HTTP/1.1" 200 140476
180.76.5.57 - - [14/May/2015:03:04:01 -0500] "GET /BLA/resoluciones/AUTOS%202009/2773.pdf HTTP/1.1" 200 103369
180.76.5.188 - - [14/May/2015:03:04:18 -0500] "GET /BLA/resoluciones/AUTOS%202011/0732.pdf HTTP/1.1" 200 148938
180.76.5.26 - - [14/May/2015:03:04:36 -0500] "GET /BLA/boletinlegal;jsessionid=85E6A56B1CB70AE8B5E85C123993FAC5?/? HTTP/1.1" 404 1018
180.76.5.223 - - [14/May/2015:03:04:53 -0500] "GET /BLA/resoluciones/AUTOS%202010/5480.pdf HTTP/1.1" 200 345832
66.249.64.248 - - [14/May/2015:03:05:10 -0500] "GET /BLA/boletinlegal/jurisprudencia/analisis/Analisis%20jurisprudencial%20Sentencia%20C-366-11.doc HTTP/1.1" 304 -
180.76.5.151 - - [14/May/2015:03:05:10 -0500] "GET /BLA/resoluciones/RESOLUCIONES%202009/7317.pdf HTTP/1.1" 200 494199
180.76.5.144 - - [14/May/2015:03:05:27 -0500] "GET /BLA/resoluciones/AUTOS%202010/5458.pdf HTTP/1.1" 200 588955
180.76.5.169 - - [14/May/2015:03:05:45 -0500] "GET /BLA/resoluciones/AUTOS%202010/5451.pdf HTTP/1.1" 200 253327
180.76.5.18 - - [14/May/2015:03:06:02 -0500] "GET /BLA/resoluciones/AUTOS%202009/0346.pdf HTTP/1.1" 200 330660
180.76.5.153 - - [14/May/2015:03:06:19 -0500] "GET /BLA/resoluciones/AUTOS%202010/0482.pdf HTTP/1.1" 200 181405
220.181.108.185 - - [14/May/2015:03:06:30 -0500] "GET / HTTP/1.1" 200 10190
180.76.5.193 - - [14/May/2015:03:06:37 -0500] "GET /BLA/resoluciones/RESOLUCIONES%202008/0809.pdf HTTP/1.1" 200 190837
180.76.5.146 - - [14/May/2015:03:06:54 -0500] "GET /BLA/boletinlegal;jsessionid=5B7BFD37764CE987F3F91DB3DB798252?/? HTTP/1.1" 404 1018
180.76.5.95 - - [14/May/2015:03:07:11 -0500] "GET /BLA/resoluciones/AUTOS%202009/2307.pdf HTTP/1.1" 200 138899
66.249.64.223 - - [14/May/2015:03:07:27 -0500] "GET /BLA/resoluciones/RESOLUCIONES%202014/0581.pdf HTTP/1.1" 200 1060187
180.76.5.154 - - [14/May/2015:03:07:28 -0500] "GET /BLA/resoluciones/AUTOS%202014/1568.pdf HTTP/1.1" 200 793979
180.76.5.57 - - [14/May/2015:03:07:46 -0500] "GET /BLA/resoluciones/RESOLUCIONES%202007/RES%202007%202901%20AL%203000/RESOLUCION%202915%20DE%202007.pdf HTTP/1.1" 200 652812
74.86.158.107 - - [14/May/2015:03:08:01 -0500] "HEAD / HTTP/1.1" 200 -
180.76.5.190 - - [14/May/2015:03:08:03 -0500] "GET /BLA/resoluciones/RESOLUCIONES%202009/0578.pdf HTTP/1.1" 200 289042
180.76.5.67 - - [14/May/2015:03:08:20 -0500] "GET /BLA/resoluciones/AUTOS%202013/0713.pdf HTTP/1.1" 200 349745
66.249.64.228 - - [14/May/2015:03:08:33 -0500] "GET /BLA/resoluciones/RESOLUCIONES%202009/2180.pdf HTTP/1.1" 200 612463
180.76.5.192 - - [14/May/2015:03:08:38 -0500] "GET /BLA/resoluciones/RESOLUCIONES%202007/RES%202007%203601%20AL%203700/RESOLUCION%203692%20DE%202007.pdf HTTP/1.1" 200 1368321
180.76.5.176 - - [14/May/2015:03:08:55 -0500] "GET /BLA/resoluciones/RESOLUCIONES%202008/5447.pdf HTTP/1.1" 200 273697
188.165.15.187 - - [14/May/2015:03:09:09 -0500] "GET /BLA/resoluciones/RESOLUCIONES%202004/RES%202004%201151-1200/00001183.tif HTTP/1.1" 200 192104
180.76.5.21 - - [14/May/2015:03:09:12 -0500] "GET /BLA/boletinlegal;jsessionid=3D00B35058C67F2E517B2B62AC082076?/? HTTP/1.1" 404 1018
180.76.5.71 - - [14/May/2015:03:09:29 -0500] "GET /BLA/resoluciones/RESOLUCIONES%202009/0208.pdf HTTP/1.1" 200 333013
180.76.5.193 - - [14/May/2015:03:09:47 -0500] "GET /BLA/resoluciones/AUTOS%202014/4155.pdf HTTP/1.1" 200 1449274
180.76.5.197 - - [14/May/2015:03:10:04 -0500] "GET /BLA/resoluciones/AUTOS%202012/0611.pdf HTTP/1.1" 200 689658
180.76.5.176 - - [14/May/2015:03:10:21 -0500] "GET /BLA/resoluciones/AUTOS%202014/4159.pdf HTTP/1.1" 200 383301
180.76.5.153 - - [14/May/2015:03:10:39 -0500] "GET /BLA/resoluciones/AUTOS%202009/0647.pdf HTTP/1.1" 200 78714
211.244.83.248 - - [14/May/2015:03:10:48 -0500] "GET /robots.txt HTTP/1.1" 404 1244
211.244.83.248 - - [14/May/2015:03:10:49 -0500] "GET / HTTP/1.1" 200 10190
180.76.5.146 - - [14/May/2015:03:10:56 -0500] "GET /BLA/resoluciones/AUTOS%202014/1825.pdf HTTP/1.1" 200 1537264
180.76.5.80 - - [14/May/2015:03:11:13 -0500] "GET /BLA/resoluciones/AUTOS%202009/2697.pdf HTTP/1.1" 200 77456
180.76.5.144 - - [14/May/2015:03:11:30 -0500] "GET /BLA/boletinlegal;jsessionid=31985DCDFBAE7C2D6C13D1BDA7A35A87?/? HTTP/1.1" 404 1018
180.76.5.81 - - [14/May/2015:03:11:48 -0500] "GET /BLA/resoluciones/AUTOS%202012/0494.pdf HTTP/1.1" 200 354592
66.249.64.233 - - [14/May/2015:03:11:57 -0500] "GET /BLA/resoluciones/AUTOS%202014/3710.pdf HTTP/1.1" 200 365491
180.76.5.154 - - [14/May/2015:03:12:05 -0500] "GET /BLA/boletinlegal;jsessionid=CA6FB45BD8993E0E89586E07ECFB34B6?/? HTTP/1.1" 404 1018
180.76.5.59 - - [14/May/2015:03:12:22 -0500] "GET /BLA/resoluciones/RESOLUCIONES%202007/RES%202007%202001%20AL%202100/RESOLUCION%202075%20DE%202007.pdf HTTP/1.1" 200 947192
66.249.64.243 - - [14/May/2015:03:12:36 -0500] "GET /PORTAL_SIAC/swf/Residuos/textiles/files/search/searchtext.xml HTTP/1.1" 304 -
180.76.5.175 - - [14/May/2015:03:12:39 -0500] "GET /BLA/resoluciones/AUTOS%202012/2608.pdf HTTP/1.1" 200 315916
180.76.5.18 - - [14/May/2015:03:12:57 -0500] "GET /BLA/resoluciones/AUTOS%202014/2091.pdf HTTP/1.1" 200 541144
74.86.158.107 - - [14/May/2015:03:13:02 -0500] "HEAD / HTTP/1.1" 200 -
180.76.5.61 - - [14/May/2015:03:13:14 -0500] "GET /BLA/resoluciones/RESOLUCIONES%202008/0346.pdf HTTP/1.1" 200 15940
66.249.64.233 - - [14/May/2015:03:13:23 -0500] "GET /BLA/resoluciones/RESOLUCIONES%202004/RES%202004%20651-700/00000694.tif HTTP/1.1" 200 191024
207.46.13.7 - - [14/May/2015:03:13:27 -0500] "GET /portalsiaccapacitaciones/Soportes%20Capacitaciones%20A%C3%B1o%202014/0066.%20Presentaci%C3%B3n%20Resoluci%C3%B3n%20242%20de%202014%2004-03-2014.pdf HTTP/1.1" 404 1019
180.76.5.59 - - [14/May/2015:03:13:31 -0500] "GET /BLA/boletinlegal;jsessionid=1D281FD035BFCE45240862D17D7281A7?/? HTTP/1.1" 404 1018
180.76.5.24 - - [14/May/2015:03:13:49 -0500] "GET /BLA/boletinlegal;jsessionid=A7380DBFBC6ECD2F272EFBA890763FF8?/? HTTP/1.1" 404 1018
180.76.5.188 - - [14/May/2015:03:14:06 -0500] "GET /BLA/resoluciones/AUTOS%202011/1812.pdf HTTP/1.1" 200 153205
41.43.101.139 - - [14/May/2015:03:14:22 -0500] "GET /robots.txt HTTP/1.1" 404 1015
180.76.5.192 - - [14/May/2015:03:14:23 -0500] "GET /BLA/resoluciones/AUTOS%202010/2311.pdf HTTP/1.1" 200 1506897
41.43.101.139 - - [14/May/2015:03:14:25 -0500] "GET /wp-login.php HTTP/1.1" 404 1015
41.43.101.139 - - [14/May/2015:03:14:27 -0500] "GET /wp-login/ HTTP/1.1" 404 1015
41.43.101.139 - - [14/May/2015:03:14:28 -0500] "GET /wordpress/wp-login.php HTTP/1.1" 404 1015
41.43.101.139 - - [14/May/2015:03:14:30 -0500] "GET /wp-admin/wp-login.php HTTP/1.1" 404 1015
41.43.101.139 - - [14/May/2015:03:14:31 -0500] "GET /section/wp-login.php HTTP/1.1" 404 1015
41.43.101.139 - - [14/May/2015:03:14:32 -0500] "GET /cms/wp-login.php HTTP/1.1" 404 1015
41.43.101.139 - - [14/May/2015:03:14:33 -0500] "GET /site/wp-login.php HTTP/1.1" 404 1015
41.43.101.139 - - [14/May/2015:03:14:34 -0500] "GET /blog/wp-login.php HTTP/1.1" 404 1015
41.43.101.139 - - [14/May/2015:03:14:37 -0500] "GET /admin/wp-login.php HTTP/1.1" 404 1015
41.43.101.139 - - [14/May/2015:03:14:38 -0500] "GET /wp/wp-login.php HTTP/1.1" 404 1015
180.76.5.63 - - [14/May/2015:03:14:41 -0500] "GET /BLA/resoluciones/AUTOS%202013/3073.pdf HTTP/1.1" 200 668520
219.91.197.240 - - [14/May/2015:03:14:41 -0500] "GET /robots.txt HTTP/1.1" 404 1019
219.91.197.240 - - [14/May/2015:03:14:42 -0500] "GET /wp-login.php HTTP/1.1" 404 1019
219.91.197.240 - - [14/May/2015:03:14:43 -0500] "GET /wp-login/ HTTP/1.1" 404 1019
219.91.197.240 - - [14/May/2015:03:14:44 -0500] "GET /wordpress/wp-login.php HTTP/1.1" 404 1019
219.91.197.240 - - [14/May/2015:03:14:44 -0500] "GET /wp-admin/wp-login.php HTTP/1.1" 404 1019
219.91.197.240 - - [14/May/2015:03:14:45 -0500] "GET /section/wp-login.php HTTP/1.1" 404 1019
219.91.197.240 - - [14/May/2015:03:14:45 -0500] "GET /cms/wp-login.php HTTP/1.1" 404 1019
219.91.197.240 - - [14/May/2015:03:14:46 -0500] "GET /site/wp-login.php HTTP/1.1" 404 1019
219.91.197.240 - - [14/May/2015:03:14:47 -0500] "GET /blog/wp-login.php HTTP/1.1" 404 1019
219.91.197.240 - - [14/May/2015:03:14:48 -0500] "GET /admin/wp-login.php HTTP/1.1" 404 1019
219.91.197.240 - - [14/May/2015:03:14:48 -0500] "GET /wp/wp-login.php HTTP/1.1" 404 1019
180.76.5.28 - - [14/May/2015:03:14:58 -0500] "GET /BLA/resoluciones/RESOLUCIONES%202007/RES%202007%203201%20AL%203300/RESOLUCION%203300%20DE%202007.pdf HTTP/1.1" 200 177331
180.76.5.26 - - [14/May/2015:03:15:15 -0500] "GET /BLA/resoluciones/RESOLUCIONES%202007/RES%202007%203601%20AL%203700/RESOLUCION%203667%20DE%202007.pdf HTTP/1.1" 200 189982
66.249.64.253 - - [14/May/2015:03:15:19 -0500] "GET /BLA/boletinlegal/jurisprudencia/analisis/CUADRO%20SENTENCIA%20T-299%20DE%202008.doc HTTP/1.1" 304 -
180.76.5.187 - - [14/May/2015:03:15:32 -0500] "GET /BLA/resoluciones/AUTOS%202013/2472.pdf HTTP/1.1" 200 1609063
180.76.5.28 - - [14/May/2015:03:15:50 -0500] "GET /BLA/resoluciones/AUTOS%202012/2863.pdf HTTP/1.1" 200 219506
180.76.5.152 - - [14/May/2015:03:16:07 -0500] "GET /BLA/resoluciones/AUTOS%202011/1514.pdf HTTP/1.1" 200 156782
180.76.5.151 - - [14/May/2015:03:16:24 -0500] "GET /BLA/boletinlegal;jsessionid=E639085944B4840F3DCEDEB1CF729ED7?/? HTTP/1.1" 404 1018
180.76.5.72 - - [14/May/2015:03:16:41 -0500] "GET /BLA/resoluciones/AUTOS%202012/2261.pdf HTTP/1.1" 200 399931
180.76.5.64 - - [14/May/2015:03:16:59 -0500] "GET /BLA/boletinlegal;jsessionid=AFF8F0C3F44AFF57C00B477BCBA156AA?/? HTTP/1.1" 404 1018
180.76.5.190 - - [14/May/2015:03:17:16 -0500] "GET /BLA/resoluciones/AUTOS%202010/1349.pdf HTTP/1.1" 200 173520
66.249.64.243 - - [14/May/2015:03:17:30 -0500] "GET /BLA/boletinlegal/jurisprudencia/analisis/analisis%20sentencia%20C%20401%20de%202010.doc HTTP/1.1" 200 34816
180.76.5.22 - - [14/May/2015:03:17:33 -0500] "GET /BLA/resoluciones/RESOLUCIONES%202008/4192.pdf HTTP/1.1" 200 853876
66.249.64.233 - - [14/May/2015:03:17:45 -0500] "GET /BLA/resoluciones/AUTOS%202014/5964.pdf HTTP/1.1" 200 1365867
180.76.5.95 - - [14/May/2015:03:17:51 -0500] "GET /BLA/boletinlegal;jsessionid=54B76503A7C82B0F32263E0B1DB1C4A2?/? HTTP/1.1" 404 1018
74.86.158.107 - - [14/May/2015:03:18:01 -0500] "HEAD / HTTP/1.1" 200 -
180.76.5.223 - - [14/May/2015:03:18:08 -0500] "GET /BLA/resoluciones/RESOLUCIONES%202008/0011.pdf HTTP/1.1" 200 93615
180.76.5.153 - - [14/May/2015:03:18:25 -0500] "GET /BLA/resoluciones/AUTOS%202013/1748.pdf HTTP/1.1" 200 901720
66.249.64.228 - - [14/May/2015:03:18:42 -0500] "GET /BLA/resoluciones/AUTOS%202014/2937.pdf HTTP/1.1" 200 459724
180.76.5.57 - - [14/May/2015:03:18:42 -0500] "GET /BLA/boletinlegal;jsessionid=AC6DACD3FE9DCB74BBD63532CC07071D?/? HTTP/1.1" 404 1018
188.165.15.187 - - [14/May/2015:03:18:46 -0500] "GET /BLA/resoluciones/RESOLUCIONES%202004/RES%202004%20801-850/00000831.tif HTTP/1.1" 200 78488
180.76.5.94 - - [14/May/2015:03:19:00 -0500] "GET /BLA/boletinlegal;jsessionid=DE0D8D25FE588C3320E5070FC5D0A52B?/? HTTP/1.1" 404 1018
66.249.64.228 - - [14/May/2015:03:19:07 -0500] "GET /BLA/boletinlegal/js/jquery.scrollShow.js HTTP/1.1" 200 4586
66.249.64.223 - - [14/May/2015:03:19:08 -0500] "GET /BLA/boletinlegal/js/jquery.scrollTo-min.js HTTP/1.1" 200 1150
66.249.64.223 - - [14/May/2015:03:19:08 -0500] "GET /BLA/boletinlegal/js/jquery.js HTTP/1.1" 200 57254
180.76.5.147 - - [14/May/2015:03:19:17 -0500] "GET /BLA/boletinlegal;jsessionid=BF2548A3CA66C0B777705F7855F1F284?/? HTTP/1.1" 404 1018
66.249.64.233 - - [14/May/2015:03:19:34 -0500] "GET /galeria/galeria/jquery.fancybox.js?v=2.1.5 HTTP/1.1" 200 48706
180.76.5.195 - - [14/May/2015:03:19:34 -0500] "GET /BLA/boletinlegal;jsessionid=3526B213E674FF96AAF28E2F77BD6A7D?/? HTTP/1.1" 404 1018
66.249.64.223 - - [14/May/2015:03:19:35 -0500] "GET /galeria/galeria/jquery.fancybox.css?v=2.1.5 HTTP/1.1" 200 4895
180.76.5.187 - - [14/May/2015:03:19:52 -0500] "GET /BLA/resoluciones/AUTOS%202011/0096.pdf HTTP/1.1" 200 180111
180.76.5.196 - - [14/May/2015:03:20:09 -0500] "GET /BLA/boletinlegal;jsessionid=F095AA496E332E7A6C124145FFC11B7E?/? HTTP/1.1" 404 1018
180.76.5.147 - - [14/May/2015:03:20:26 -0500] "GET /BLA/resoluciones/AUTOS%202010/0169.pdf HTTP/1.1" 200 360354
180.76.5.63 - - [14/May/2015:03:20:44 -0500] "GET /BLA/resoluciones/AUTOS%202010/6941.pdf HTTP/1.1" 200 260394
180.76.5.149 - - [14/May/2015:03:21:01 -0500] "GET /BLA/boletinlegal;jsessionid=6F25DE8AD093AC4DA2CC00397E4952A7?/? HTTP/1.1" 404 1018
180.76.5.223 - - [14/May/2015:03:21:18 -0500] "GET /BLA/resoluciones/AUTOS%202009/2004.pdf HTTP/1.1" 200 101649
180.76.5.71 - - [14/May/2015:03:21:35 -0500] "GET /BLA/resoluciones/RESOLUCIONES%202008/1220.pdf HTTP/1.1" 200 106513
66.249.64.223 - - [14/May/2015:03:21:41 -0500] "GET /BLA/resoluciones/AUTOS%202013/3399.pdf HTTP/1.1" 304 -
180.76.5.150 - - [14/May/2015:03:21:53 -0500] "GET /BLA/resoluciones/AUTOS%202013/2086.pdf HTTP/1.1" 200 1929467
180.76.5.19 - - [14/May/2015:03:22:10 -0500] "GET /BLA/resoluciones/AUTOS%202010/0568.pdf HTTP/1.1" 200 284795
180.76.5.191 - - [14/May/2015:03:22:27 -0500] "GET /BLA/boletinlegal;jsessionid=8A461D6ACBAF70BF266A3B50622752D3?/? HTTP/1.1" 404 1018
181.128.210.164 - - [14/May/2015:03:22:38 -0500] "GET /galeria/galeria/jquery.fancybox.css?v=2.1.5 HTTP/1.1" 200 4895
181.128.210.164 - - [14/May/2015:03:22:38 -0500] "GET /BLA/boletinlegal/js/jquery.scrollTo-min.js HTTP/1.1" 200 1150
181.128.210.164 - - [14/May/2015:03:22:38 -0500] "GET /BLA/boletinlegal/js/jquery.scrollShow.js HTTP/1.1" 200 4586
181.128.210.164 - - [14/May/2015:03:22:38 -0500] "GET /galeria/galeria/jquery.fancybox.js?v=2.1.5 HTTP/1.1" 200 48706
180.76.5.77 - - [14/May/2015:03:22:44 -0500] "GET /BLA/resoluciones/AUTOS%202013/1857.pdf HTTP/1.1" 200 1774488
66.249.64.223 - - [14/May/2015:03:22:54 -0500] "GET /BLA/resoluciones/RESOLUCIONES%202014/2010.pdf HTTP/1.1" 200 313747
74.86.158.107 - - [14/May/2015:03:23:01 -0500] "HEAD / HTTP/1.1" 200 -
180.76.5.189 - - [14/May/2015:03:23:02 -0500] "GET /BLA/boletinlegal;jsessionid=E4BA3F4402076E0AB91248E20E990AEA?/? HTTP/1.1" 404 1018
181.128.210.164 - - [14/May/2015:03:23:07 -0500] "GET /galeria/galeria/jquery.fancybox.css?v=2.1.5 HTTP/1.1" 304 -
181.128.210.164 - - [14/May/2015:03:23:07 -0500] "GET /BLA/boletinlegal/js/jquery.scrollTo-min.js HTTP/1.1" 304 -
181.128.210.164 - - [14/May/2015:03:23:07 -0500] "GET /BLA/boletinlegal/js/jquery.scrollShow.js HTTP/1.1" 304 -
181.128.210.164 - - [14/May/2015:03:23:07 -0500] "GET /galeria/galeria/jquery.fancybox.js?v=2.1.5 HTTP/1.1" 304 -
180.76.5.154 - - [14/May/2015:03:23:19 -0500] "GET /BLA/resoluciones/RESOLUCIONES%202007/RES%202007%202401%20AL%202500/RESOLUCION%202473%20DE%202007.pdf HTTP/1.1" 200 186311
180.76.5.59 - - [14/May/2015:03:23:36 -0500] "GET /BLA/resoluciones/AUTOS%202012/1407.pdf HTTP/1.1" 200 234112
180.76.5.172 - - [14/May/2015:03:23:54 -0500] "GET /BLA/boletinlegal;jsessionid=F13F5C1F8F31E015D0B36E56F0E096F4?/? HTTP/1.1" 404 1018
180.76.5.146 - - [14/May/2015:03:24:11 -0500] "GET /BLA/boletinlegal;jsessionid=6E257DE1393F0D146E491F8D5E8A176A?/? HTTP/1.1" 404 1018
180.76.5.25 - - [14/May/2015:03:24:28 -0500] "GET /BLA/boletinlegal;jsessionid=7641295EC2BF271D1961041EDAB8E78B?/? HTTP/1.1" 404 1018
66.249.64.253 - - [14/May/2015:03:24:31 -0500] "GET /BLA/boletinlegal/registro/assets/css/contact.css HTTP/1.1" 200 3025
66.249.64.243 - - [14/May/2015:03:24:32 -0500] "GET /BLA/boletinlegal/registro/assets/css/lay.css HTTP/1.1" 200 588
180.76.5.189 - - [14/May/2015:03:24:45 -0500] "GET /BLA/resoluciones/RESOLUCIONES%202009/2687.pdf HTTP/1.1" 200 491426
66.249.64.253 - - [14/May/2015:03:24:53 -0500] "GET /SIG/Gesti%C3%B3n%20de%20Recursos%20F%C3%ADsicos/126PA04-PR25.pdf HTTP/1.1" 304 -
180.76.5.154 - - [14/May/2015:03:25:03 -0500] "GET /BLA/boletinlegal;jsessionid=93206C4D53171D299EC5DFF294D42445?/? HTTP/1.1" 404 1018
180.76.5.66 - - [14/May/2015:03:25:20 -0500] "GET /BLA/resoluciones/RESOLUCIONES%202008/3108.pdf HTTP/1.1" 200 831278
180.76.5.76 - - [14/May/2015:03:25:37 -0500] "GET /BLA/boletinlegal;jsessionid=7F3583A93D9EED60052FF96FF09FBC60?/? HTTP/1.1" 404 1018
180.76.5.170 - - [14/May/2015:03:25:55 -0500] "GET /BLA/boletinlegal;jsessionid=FCD353F35677D99C884504C64EFF94FA?/? HTTP/1.1" 404 1018
180.76.5.77 - - [14/May/2015:03:26:12 -0500] "GET /BLA/resoluciones/AUTOS%202014/5882.pdf HTTP/1.1" 200 110950
180.76.5.58 - - [14/May/2015:03:26:29 -0500] "GET /BLA/boletinlegal;jsessionid=15B68C9DB4D20835AD4AFAACDBB390C2?/? HTTP/1.1" 404 1018
180.76.5.152 - - [14/May/2015:03:26:46 -0500] "GET /BLA/resoluciones/AUTOS%202010/5107.pdf HTTP/1.1" 200 265192
180.76.5.166 - - [14/May/2015:03:27:04 -0500] "GET /BLA/resoluciones/RESOLUCIONES%202008/1960.pdf HTTP/1.1" 200 17073
180.76.5.152 - - [14/May/2015:03:27:21 -0500] "GET /BLA/boletinlegal;jsessionid=E9D9142624BF777BC10CA64189B1A381?/? HTTP/1.1" 404 1018
180.76.5.168 - - [14/May/2015:03:27:38 -0500] "GET /BLA/boletinlegal;jsessionid=A748AAACC6432CEB88FDF642E30BD6F2?/? HTTP/1.1" 404 1018
180.76.5.151 - - [14/May/2015:03:27:56 -0500] "GET /BLA/resoluciones/AUTOS%202009/1017.pdf HTTP/1.1" 200 136218
74.86.158.107 - - [14/May/2015:03:28:01 -0500] "HEAD / HTTP/1.1" 200 -
66.249.64.233 - - [14/May/2015:03:28:03 -0500] "GET /BLA/resoluciones/AUTOS%202007/0363.pdf HTTP/1.1" 200 191558
66.249.64.233 - - [14/May/2015:03:28:04 -0500] "GET /BLA/resoluciones/RESOLUCIONES%202008/5315.pdf HTTP/1.1" 200 214068
180.76.5.24 - - [14/May/2015:03:28:13 -0500] "GET /BLA/resoluciones/AUTOS%202013/3692.pdf HTTP/1.1" 200 469389
180.76.5.171 - - [14/May/2015:03:28:30 -0500] "GET /BLA/resoluciones/AUTOS%202013/0936.pdf HTTP/1.1" 200 1808130
180.76.5.170 - - [14/May/2015:03:28:47 -0500] "GET /BLA/resoluciones/AUTOS%202011/0075.pdf HTTP/1.1" 200 392705
180.76.5.61 - - [14/May/2015:03:29:05 -0500] "GET /BLA/resoluciones/RESOLUCIONES%202007/RES%202007%20301%20AL%20400/RESOLUCION%200391%20DE%202007.pdf HTTP/1.1" 200 639547
188.165.15.187 - - [14/May/2015:03:29:13 -0500] "GET /BLA/resoluciones/RESOLUCIONES%202005/RES%202005%202151-2200/00002188.tif HTTP/1.1" 200 200204
180.76.5.80 - - [14/May/2015:03:29:22 -0500] "GET /BLA/boletinlegal;jsessionid=6CC12A2751D7E9ABCA73B72D0CF08429?/? HTTP/1.1" 404 1018
180.76.5.147 - - [14/May/2015:03:29:39 -0500] "GET /BLA/resoluciones/AUTOS%202010/6468.pdf HTTP/1.1" 200 156050
180.76.5.77 - - [14/May/2015:03:29:57 -0500] "GET /BLA/resoluciones/AUTOS%202012/0327.pdf HTTP/1.1" 200 308498
180.76.5.187 - - [14/May/2015:03:30:14 -0500] "GET /BLA/resoluciones/AUTOS%202012/0722.pdf HTTP/1.1" 200 181090
199.21.99.202 - - [14/May/2015:03:30:17 -0500] "GET /portalsiaccapacitaciones/Soportes%20Capacitaciones%202015 HTTP/1.1" 301 354
199.21.99.202 - - [14/May/2015:03:30:19 -0500] "GET /portalsiaccapacitaciones/Soportes%20Capacitaciones%202015/ HTTP/1.1" 200 3732
180.76.5.144 - - [14/May/2015:03:30:31 -0500] "GET /BLA/boletinlegal;jsessionid=7E0D433C9B144F2E4A19EE1E9639E596?/? HTTP/1.1" 404 1018
180.76.5.169 - - [14/May/2015:03:30:48 -0500] "GET /BLA/resoluciones/AUTOS%202013/0246.pdf HTTP/1.1" 200 2553977
180.76.5.155 - - [14/May/2015:03:31:06 -0500] "GET /BLA/boletinlegal;jsessionid=B0775B05D857B2392B4FA481B5B65AB8?/? HTTP/1.1" 404 1018
66.249.64.253 - - [14/May/2015:03:31:13 -0500] "GET /Anexos%20estudio%20Organizacional%20SDA/ANEXO%20No.%201-%20NORMAS%20LEGALES%20DE%20ESTRUCTURA%20Y%20PLANTA/Acuerdo%20257%20de%202006%20-%20Estructura%20organizaci%C3%B3n%20y%20funcionamiento%20de%20la%20Adm.%20Distrital.jsp_files/FFFFFFtl.gif HTTP/1.1" 200 191
66.249.64.233 - - [14/May/2015:03:31:15 -0500] "GET /BLA/resoluciones/index.php?dir=RESOLUCIONES%202005/RES%202005%203001-3050/&sort=date&order=asc HTTP/1.1" 200 12364
180.76.5.152 - - [14/May/2015:03:31:23 -0500] "GET /BLA/resoluciones/AUTOS%202009/0618.pdf HTTP/1.1" 200 74286
180.76.5.78 - - [14/May/2015:03:31:40 -0500] "GET /BLA/boletinlegal;jsessionid=DA5CC71B49947D5A06402DAA6F75AAEB?/? HTTP/1.1" 404 1018
190.25.67.183 - - [14/May/2015:03:31:41 -0500] "GET /galeria/galeria/jquery.fancybox.css?v=2.1.5 HTTP/1.1" 200 4895
190.25.67.183 - - [14/May/2015:03:31:41 -0500] "GET /BLA/boletinlegal/js/jquery.scrollTo-min.js HTTP/1.1" 200 1150
190.25.67.183 - - [14/May/2015:03:31:41 -0500] "GET /BLA/boletinlegal/js/jquery.scrollShow.js HTTP/1.1" 200 4586
190.25.67.183 - - [14/May/2015:03:31:42 -0500] "GET /galeria/galeria/jquery.fancybox.js?v=2.1.5 HTTP/1.1" 200 48706
180.76.5.18 - - [14/May/2015:03:31:58 -0500] "GET /BLA/resoluciones/AUTOS%202012/1915.pdf HTTP/1.1" 200 1984098
199.195.118.53 - - [14/May/2015:03:31:59 -0500] "GET / HTTP/1.1" 200 10190
190.25.67.183 - - [14/May/2015:03:32:10 -0500] "GET /galeria/galeria/jquery.fancybox.css?v=2.1.5 HTTP/1.1" 304 -
190.25.67.183 - - [14/May/2015:03:32:10 -0500] "GET /BLA/boletinlegal/js/jquery.scrollTo-min.js HTTP/1.1" 304 -
190.25.67.183 - - [14/May/2015:03:32:10 -0500] "GET /BLA/boletinlegal/js/jquery.scrollShow.js HTTP/1.1" 304 -
190.25.67.183 - - [14/May/2015:03:32:10 -0500] "GET /galeria/galeria/jquery.fancybox.js?v=2.1.5 HTTP/1.1" 304 -
180.76.5.71 - - [14/May/2015:03:32:15 -0500] "GET /BLA/boletinlegal;jsessionid=F300C8285D54CBB5D205B3B78B1C1CD6?/? HTTP/1.1" 404 1018
180.76.5.146 - - [14/May/2015:03:32:32 -0500] "GET /BLA/resoluciones/AUTOS%202010/0082.pdf HTTP/1.1" 200 263907
180.76.5.148 - - [14/May/2015:03:32:49 -0500] "GET /BLA/resoluciones/AUTOS%202009/2444.pdf HTTP/1.1" 200 99374
74.86.158.107 - - [14/May/2015:03:33:01 -0500] "HEAD / HTTP/1.1" 200 -
189.138.232.199 - - [14/May/2015:03:33:05 -0500] "GET /BLA/boletinlegal/js/jquery.scrollTo-min.js HTTP/1.1" 304 -
189.138.232.199 - - [14/May/2015:03:33:06 -0500] "GET /BLA/boletinlegal/js/jquery.scrollShow.js HTTP/1.1" 304 -
189.138.232.199 - - [14/May/2015:03:33:06 -0500] "GET /galeria/galeria/jquery.fancybox.js?v=2.1.5 HTTP/1.1" 304 -
189.138.232.199 - - [14/May/2015:03:33:06 -0500] "GET /galeria/galeria/jquery.fancybox.css?v=2.1.5 HTTP/1.1" 304 -
180.76.5.187 - - [14/May/2015:03:33:07 -0500] "GET /BLA/resoluciones/AUTOS%202009/2198.pdf HTTP/1.1" 200 114043
66.249.64.233 - - [14/May/2015:03:33:12 -0500] "GET /BLA/resoluciones/AUTOS%202011/3932.pdf HTTP/1.1" 200 489571
180.76.5.196 - - [14/May/2015:03:33:24 -0500] "GET /BLA/resoluciones/AUTOS%202012/2448.pdf HTTP/1.1" 200 471704
186.81.242.152 - - [14/May/2015:03:33:40 -0500] "GET /galeria/galeria/jquery.fancybox.js?v=2.1.5 HTTP/1.1" 200 48706
186.81.242.152 - - [14/May/2015:03:33:40 -0500] "GET /BLA/boletinlegal/js/jquery.scrollTo-min.js HTTP/1.1" 200 1150
186.81.242.152 - - [14/May/2015:03:33:40 -0500] "GET /BLA/boletinlegal/js/jquery.scrollShow.js HTTP/1.1" 200 4586
186.81.242.152 - - [14/May/2015:03:33:40 -0500] "GET /galeria/galeria/jquery.fancybox.css?v=2.1.5 HTTP/1.1" 200 4895
180.76.5.193 - - [14/May/2015:03:33:41 -0500] "GET /BLA/resoluciones/AUTOS%202010/5564.pdf HTTP/1.1" 200 1078234
180.76.5.149 - - [14/May/2015:03:33:59 -0500] "GET /BLA/boletinlegal;jsessionid=4D6E89DE4540FD621E11BF1179368270?/? HTTP/1.1" 404 1018
180.76.5.148 - - [14/May/2015:03:34:16 -0500] "GET /BLA/resoluciones/RESOLUCIONES%202008/1239.pdf HTTP/1.1" 200 1029136
66.249.64.228 - - [14/May/2015:03:34:26 -0500] "GET /BLA/resoluciones/RESOLUCIONES%202008/3730.pdf HTTP/1.1" 200 345010
180.76.5.94 - - [14/May/2015:03:34:33 -0500] "GET /BLA/boletinlegal;jsessionid=D20477D15ACC3FF87266CDF99447F34C?/? HTTP/1.1" 404 1018
180.76.5.187 - - [14/May/2015:03:34:50 -0500] "GET /BLA/boletinlegal;jsessionid=33EFDBFFD0ADA28A57486189215624C2?/? HTTP/1.1" 404 1018
180.76.5.58 - - [14/May/2015:03:35:08 -0500] "GET /BLA/resoluciones/AUTOS%202014/6266.pdf HTTP/1.1" 200 488163
180.76.5.190 - - [14/May/2015:03:35:25 -0500] "GET /BLA/resoluciones/RESOLUCIONES%202009/1924.pdf HTTP/1.1" 200 491030
180.76.5.177 - - [14/May/2015:03:35:42 -0500] "GET /BLA/boletinlegal;jsessionid=266A69DC0EA8DDCC23596E4C675DD394?/? HTTP/1.1" 404 1018
180.76.5.72 - - [14/May/2015:03:36:00 -0500] "GET /BLA/boletinlegal;jsessionid=9377F17F50EEEDCA5361CE1CF29501CF?/? HTTP/1.1" 404 1018
180.76.5.173 - - [14/May/2015:03:36:17 -0500] "GET /BLA/resoluciones/RESOLUCIONES%202007/RES%202007%20301%20AL%20400/RESOLUCION%200309%20DE%202007.pdf HTTP/1.1" 200 304456
180.76.5.63 - - [14/May/2015:03:36:34 -0500] "GET /BLA/resoluciones/AUTOS%202014/5885.pdf HTTP/1.1" 200 261697
180.76.5.65 - - [14/May/2015:03:36:51 -0500] "GET /BLA/resoluciones/RESOLUCIONES%202008/1852.pdf HTTP/1.1" 200 375462
180.76.5.166 - - [14/May/2015:03:37:09 -0500] "GET /BLA/resoluciones/AUTOS%202011/0890.pdf HTTP/1.1" 200 103542
180.76.5.74 - - [14/May/2015:03:37:26 -0500] "GET /BLA/resoluciones/AUTOS%202009/1570.pdf HTTP/1.1" 200 123106
66.249.64.233 - - [14/May/2015:03:37:37 -0500] "GET /BLA/resoluciones/RESOLUCIONES%202010/3064.pdf HTTP/1.1" 200 490621
180.76.5.61 - - [14/May/2015:03:37:43 -0500] "GET /BLA/boletinlegal;jsessionid=494AF8E297F139DD270F2D358F0FBA1F?/? HTTP/1.1" 404 1018
180.76.5.63 - - [14/May/2015:03:38:00 -0500] "GET /BLA/resoluciones/AUTOS%202012/0701.pdf HTTP/1.1" 200 208825
74.86.158.107 - - [14/May/2015:03:38:01 -0500] "HEAD / HTTP/1.1" 200 -
180.76.5.76 - - [14/May/2015:03:38:18 -0500] "GET /BLA/resoluciones/AUTOS%202010/5445.pdf HTTP/1.1" 200 1207218
66.249.64.228 - - [14/May/2015:03:38:21 -0500] "GET /BLA/resoluciones/RESOLUCIONES%202008/0501.pdf HTTP/1.1" 200 117187
180.76.5.168 - - [14/May/2015:03:38:35 -0500] "GET /BLA/boletinlegal;jsessionid=B8350D102C56DCE0AD8F0BCA648486A4?/? HTTP/1.1" 404 1018
180.76.5.171 - - [14/May/2015:03:38:52 -0500] "GET /BLA/resoluciones/AUTOS%202014/1180.pdf HTTP/1.1" 200 626638
180.76.5.147 - - [14/May/2015:03:39:10 -0500] "GET /BLA/resoluciones/AUTOS%202013/0850.pdf HTTP/1.1" 200 793774
64.76.213.197 - - [14/May/2015:03:39:22 -0500] "GET /galeria/nivo-slider/demo/images/acuerdo_569.jpg HTTP/1.1" 304 -
180.76.5.95 - - [14/May/2015:03:39:27 -0500] "GET /BLA/resoluciones/AUTOS%202010/6480.pdf HTTP/1.1" 200 162593
180.76.5.168 - - [14/May/2015:03:39:44 -0500] "GET /BLA/resoluciones/RESOLUCIONES%202008/3701.pdf HTTP/1.1" 200 413575
180.76.5.66 - - [14/May/2015:03:40:01 -0500] "GET /BLA/boletinlegal;jsessionid=C0BF5EB8B622284782D4BF51A596D416?/? HTTP/1.1" 404 1018
188.165.15.187 - - [14/May/2015:03:40:09 -0500] "GET /BLA/resoluciones/RESOLUCIONES%202003/RES%202003%20501-550/504.tif HTTP/1.1" 200 132744
180.76.5.74 - - [14/May/2015:03:40:19 -0500] "GET /BLA/boletinlegal;jsessionid=A4E56FB3E4F275C41E91655B464A249D?/? HTTP/1.1" 404 1018
180.76.5.172 - - [14/May/2015:03:40:36 -0500] "GET /BLA/resoluciones/AUTOS%202009/1297.pdf HTTP/1.1" 200 295116
66.249.64.228 - - [14/May/2015:03:40:48 -0500] "GET /BLA/resoluciones/RESOLUCIONES%202007/RES%202007%203601%20AL%203700/RESOLUCION%203610%20DE%202007.pdf HTTP/1.1" 200 182598
180.76.5.73 - - [14/May/2015:03:40:53 -0500] "GET /BLA/resoluciones/AUTOS%202013/0026.pdf HTTP/1.1" 200 2439276
180.76.5.197 - - [14/May/2015:03:41:11 -0500] "GET /BLA/resoluciones/AUTOS%202010/1016.pdf HTTP/1.1" 200 124166
180.76.5.18 - - [14/May/2015:03:41:28 -0500] "GET /BLA/resoluciones/RESOLUCIONES%202009/0100.pdf HTTP/1.1" 200 241034
180.76.5.74 - - [14/May/2015:03:41:45 -0500] "GET /BLA/resoluciones/AUTOS%202011/0124.pdf HTTP/1.1" 200 112420
180.76.5.194 - - [14/May/2015:03:42:02 -0500] "GET /BLA/resoluciones/RESOLUCIONES%202007/RES%202007%203401%20AL%203500/RESOLUCION%203436%20DE%202007.pdf HTTP/1.1" 200 791783
180.76.5.149 - - [14/May/2015:03:42:20 -0500] "GET /BLA/resoluciones/AUTOS%202009/2180.pdf HTTP/1.1" 200 100630
180.76.5.59 - - [14/May/2015:03:42:37 -0500] "GET /BLA/resoluciones/AUTOS%202012/0131.pdf HTTP/1.1" 200 304939
180.76.5.177 - - [14/May/2015:03:42:54 -0500] "GET /BLA/resoluciones/RESOLUCIONES%202008/0485.pdf HTTP/1.1" 200 370531
74.86.158.107 - - [14/May/2015:03:43:01 -0500] "HEAD / HTTP/1.1" 200 -
180.76.5.187 - - [14/May/2015:03:43:12 -0500] "GET /BLA/boletinlegal;jsessionid=FD736782B19B5FDF9C0326506CCCEB56?/? HTTP/1.1" 404 1018
66.249.64.233 - - [14/May/2015:03:43:15 -0500] "GET /BLA/resoluciones/RESOLUCIONES%202004/RES%202004%20651-700/00000651.tif HTTP/1.1" 200 261968
180.76.5.69 - - [14/May/2015:03:43:29 -0500] "GET /BLA/resoluciones/RESOLUCIONES%202008/4322.pdf HTTP/1.1" 200 375543
66.249.64.223 - - [14/May/2015:03:43:31 -0500] "GET /BLA/resoluciones/RESOLUCIONES%202011/1849.pdf HTTP/1.1" 200 1355765
180.76.5.223 - - [14/May/2015:03:43:46 -0500] "GET /BLA/resoluciones/AUTOS%202014/4386.pdf HTTP/1.1" 200 166421
180.76.5.69 - - [14/May/2015:03:44:03 -0500] "GET /BLA/resoluciones/AUTOS%202011/2091.pdf HTTP/1.1" 200 170105
180.76.5.145 - - [14/May/2015:03:44:21 -0500] "GET /BLA/boletinlegal;jsessionid=AA25C4B0E0946EC43C6815E5746CFDE0?/? HTTP/1.1" 404 1018
188.165.15.187 - - [14/May/2015:03:44:32 -0500] "GET /BLA/resoluciones/RESOLUCIONES%202002/RES%202002%201051-1100/00001089.tif HTTP/1.1" 200 153772
180.76.5.72 - - [14/May/2015:03:44:38 -0500] "GET /BLA/resoluciones/AUTOS%202013/1461.pdf HTTP/1.1" 200 1589275
180.76.5.145 - - [14/May/2015:03:44:55 -0500] "GET /BLA/resoluciones/AUTOS%202009/1737.pdf HTTP/1.1" 200 100373
180.76.5.59 - - [14/May/2015:03:45:13 -0500] "GET /BLA/resoluciones/AUTOS%202010/4418.pdf HTTP/1.1" 200 53809
180.76.5.149 - - [14/May/2015:03:45:30 -0500] "GET /BLA/boletinlegal;jsessionid=AD86CB03496AA5479C4D164BD7F81916?/? HTTP/1.1" 404 1018
180.76.5.171 - - [14/May/2015:03:45:47 -0500] "GET /BLA/boletinlegal;jsessionid=2ECF2DBA89373F31C47DBAFB9D9F789B?/? HTTP/1.1" 404 1018
180.76.5.151 - - [14/May/2015:03:46:04 -0500] "GET /BLA/resoluciones/AUTOS%202011/1310.pdf HTTP/1.1" 200 165523
180.76.5.20 - - [14/May/2015:03:46:22 -0500] "GET /BLA/boletinlegal;jsessionid=01A51BA39DD0BF5B258403AC88738B14?/? HTTP/1.1" 404 1018
180.76.5.63 - - [14/May/2015:03:46:39 -0500] "GET /BLA/boletinlegal;jsessionid=8E60CE0891E2F9DDBFDD95A914B9B31B?/? HTTP/1.1" 404 1018
66.249.64.223 - - [14/May/2015:03:46:53 -0500] "GET /BLA/resoluciones/RESOLUCIONES%202011/4101.pdf HTTP/1.1" 200 424100
180.76.5.145 - - [14/May/2015:03:46:56 -0500] "GET /BLA/boletinlegal;jsessionid=DECF18CCD11D30BD751F0D2F1B54DF76?/? HTTP/1.1" 404 1018
180.76.5.148 - - [14/May/2015:03:47:14 -0500] "GET /BLA/resoluciones/AUTOS%202009/3313.pdf HTTP/1.1" 200 216493
180.76.5.193 - - [14/May/2015:03:47:31 -0500] "GET /BLA/resoluciones/AUTOS%202009/2117.pdf HTTP/1.1" 200 89409
180.76.5.170 - - [14/May/2015:03:47:48 -0500] "GET /BLA/resoluciones/RESOLUCIONES%202007/RES%202007%201901%20AL%202000/RESOLUCION%201910%20DE%202007.pdf HTTP/1.1" 200 27696
74.86.158.107 - - [14/May/2015:03:48:01 -0500] "HEAD / HTTP/1.1" 200 -
180.76.5.20 - - [14/May/2015:03:48:05 -0500] "GET /BLA/resoluciones/AUTOS%202011/2024.pdf HTTP/1.1" 200 164611
188.165.15.187 - - [14/May/2015:03:48:09 -0500] "GET /BLA/resoluciones/index.php?dir=AUTOS+2014%2F HTTP/1.1" 200 371783
188.165.15.187 - - [14/May/2015:03:48:20 -0500] "GET /BLA/resoluciones/RESOLUCIONES%202004/RES%202004%202101-2150/00002101.tif HTTP/1.1" 200 137654
180.76.5.145 - - [14/May/2015:03:48:23 -0500] "GET /BLA/boletinlegal;jsessionid=73249C56F1113144E38911C53D494436?/? HTTP/1.1" 404 1018
66.249.64.233 - - [14/May/2015:03:48:40 -0500] "GET /BLA/resoluciones/RESOLUCIONES%202011/0068.pdf HTTP/1.1" 200 367030
180.76.5.169 - - [14/May/2015:03:48:40 -0500] "GET /BLA/resoluciones/AUTOS%202013/1706.pdf HTTP/1.1" 200 1767065
180.76.5.170 - - [14/May/2015:03:48:57 -0500] "GET /BLA/boletinlegal;jsessionid=D26B3C8BA8F5FC9CFC40AF62FFB9FDE4?/? HTTP/1.1" 404 1018
180.76.5.187 - - [14/May/2015:03:49:15 -0500] "GET /BLA/boletinlegal;jsessionid=01CB90A9B1CAD3654E77F38E7A6E05CE?/? HTTP/1.1" 404 1018
180.76.5.59 - - [14/May/2015:03:49:32 -0500] "GET /BLA/resoluciones/AUTOS%202009/0838.pdf HTTP/1.1" 200 74182
180.76.5.144 - - [14/May/2015:03:49:49 -0500] "GET /BLA/resoluciones/RESOLUCIONES%202008/1541.pdf HTTP/1.1" 200 313386
66.249.64.228 - - [14/May/2015:03:49:56 -0500] "GET /BLA/resoluciones/RESOLUCIONES%202007/RES%202007%203001%20AL%203100/RESOLUCION%203062%20DE%202007.pdf HTTP/1.1" 304 -
180.76.5.76 - - [14/May/2015:03:50:06 -0500] "GET /BLA/boletinlegal;jsessionid=99F09E937D3016179A0F9B015AA85E2F?/? HTTP/1.1" 404 1018
