180.76.5.144 - - [14/May/2015:01:52:17 -0500] "GET /BLA/resoluciones/RESOLUCIONES%202008/0469.pdf HTTP/1.1" 200 226585
180.76.5.57 - - [14/May/2015:01:52:35 -0500] "GET /BLA/resoluciones/AUTOS%202010/5224.pdf HTTP/1.1" 200 139376
190.25.70.48 - - [14/May/2015:01:52:52 -0500] "POST /forms/lservlet;jsessionid=ac16012b30d6697817a9e4f24e4ca88489c64781c16c.e3iSbxaKaheRe3eNbhaPbhuQa41ynknvrkLOlQzNp65In0 HTTP/1.1" 200 2
180.76.5.195 - - [14/May/2015:01:52:52 -0500] "GET /BLA/resoluciones/RESOLUCIONES%202008/0283.pdf HTTP/1.1" 200 189941
74.86.158.107 - - [14/May/2015:01:53:02 -0500] "HEAD / HTTP/1.1" 200 -
66.249.64.233 - - [14/May/2015:01:53:03 -0500] "GET /BLA/resoluciones/AUTOS%202011/4157.pdf HTTP/1.1" 200 451445
180.76.5.147 - - [14/May/2015:01:53:09 -0500] "GET /BLA/resoluciones/AUTOS%202013/2300.pdf HTTP/1.1" 200 753229
66.249.64.223 - - [14/May/2015:01:53:10 -0500] "GET /BLA/resoluciones/AUTOS%202008/1415.pdf HTTP/1.1" 200 109718
180.76.5.190 - - [14/May/2015:01:53:26 -0500] "GET /BLA/resoluciones/AUTOS%202011/1935.pdf HTTP/1.1" 200 159983
180.76.5.192 - - [14/May/2015:01:53:44 -0500] "GET /BLA/resoluciones/AUTOS%202012/0731.pdf HTTP/1.1" 200 430802
180.76.5.191 - - [14/May/2015:01:54:01 -0500] "GET /BLA/resoluciones/RESOLUCIONES%202007/RES%202007%20201%20AL%20300/RESOLUCION%200239%20DE%202007.pdf HTTP/1.1" 200 160621
66.249.64.228 - - [14/May/2015:01:54:01 -0500] "GET /BLA/resoluciones/AUTOS%202008/0895.pdf HTTP/1.1" 200 710792
180.76.5.67 - - [14/May/2015:01:54:18 -0500] "GET /BLA/resoluciones/AUTOS%202010/0441.pdf HTTP/1.1" 200 158364
180.76.5.166 - - [14/May/2015:01:54:36 -0500] "GET /BLA/resoluciones/RESOLUCIONES%202008/0152.pdf HTTP/1.1" 200 57810
190.25.70.48 - - [14/May/2015:01:54:52 -0500] "POST /forms/lservlet;jsessionid=ac16012b30d6697817a9e4f24e4ca88489c64781c16c.e3iSbxaKaheRe3eNbhaPbhuQa41ynknvrkLOlQzNp65In0 HTTP/1.1" 200 2
180.76.5.80 - - [14/May/2015:01:54:53 -0500] "GET /BLA/resoluciones/AUTOS%202014/0188.pdf HTTP/1.1" 200 391347
180.76.5.19 - - [14/May/2015:01:55:10 -0500] "GET /BLA/resoluciones/RESOLUCIONES%202009/7830.pdf HTTP/1.1" 200 563963
66.249.64.223 - - [14/May/2015:01:55:18 -0500] "GET /BLA/resoluciones/RESOLUCIONES%202014/0688.pdf HTTP/1.1" 200 312804
180.76.5.71 - - [14/May/2015:01:55:27 -0500] "GET /BLA/resoluciones/AUTOS%202010/0115.pdf HTTP/1.1" 200 181579
180.76.5.60 - - [14/May/2015:01:55:45 -0500] "GET /BLA/resoluciones/AUTOS%202013/2700.pdf HTTP/1.1" 200 360100
180.76.5.19 - - [14/May/2015:01:56:02 -0500] "GET /BLA/resoluciones/RESOLUCIONES%202007/RES%202007%20801%20AL%20900/RESOLUCION%200874%20DE%202007.pdf HTTP/1.1" 200 286932
66.249.64.228 - - [14/May/2015:01:56:02 -0500] "GET /BLA/resoluciones/RESOLUCIONES%202014/1551.pdf HTTP/1.1" 200 551743
180.76.5.19 - - [14/May/2015:01:56:19 -0500] "GET /BLA/resoluciones/AUTOS%202012/2466.pdf HTTP/1.1" 200 255690
180.76.5.81 - - [14/May/2015:01:56:36 -0500] "GET /BLA/resoluciones/AUTOS%202013/0809.pdf HTTP/1.1" 200 1776415
190.25.70.48 - - [14/May/2015:01:56:52 -0500] "POST /forms/lservlet;jsessionid=ac16012b30d6697817a9e4f24e4ca88489c64781c16c.e3iSbxaKaheRe3eNbhaPbhuQa41ynknvrkLOlQzNp65In0 HTTP/1.1" 200 2
180.76.5.193 - - [14/May/2015:01:56:54 -0500] "GET /BLA/boletinlegal;jsessionid=53BA7F18AA0949CC97FB0388ED705272?/? HTTP/1.1" 404 1018
180.76.5.189 - - [14/May/2015:01:57:11 -0500] "GET /BLA/resoluciones/RESOLUCIONES%202007/RES%202007%201726%20AL%201800/RESOLUCION%201729%20DE%202007.pdf HTTP/1.1" 200 419911
188.165.15.187 - - [14/May/2015:01:57:18 -0500] "GET /BLA/resoluciones/RESOLUCIONES%202002/RES%202002%2001-50/2002RES21.tif HTTP/1.1" 200 72622
180.76.5.154 - - [14/May/2015:01:57:28 -0500] "GET /BLA/resoluciones/AUTOS%202010/5899.pdf HTTP/1.1" 200 200507
66.249.64.223 - - [14/May/2015:01:57:42 -0500] "GET /BLA/resoluciones/AUTOS%202008/0282.pdf HTTP/1.1" 200 226364
180.76.5.21 - - [14/May/2015:01:57:46 -0500] "GET /BLA/resoluciones/RESOLUCIONES%202007/RES%202007%202601%20AL%202700/RESOLUCION%202641%20DE%202007.pdf HTTP/1.1" 200 981546
74.86.158.107 - - [14/May/2015:01:58:02 -0500] "HEAD / HTTP/1.1" 200 -
180.76.5.175 - - [14/May/2015:01:58:03 -0500] "GET /BLA/boletinlegal;jsessionid=5FB67D9A894431BBD3DBA64E5D05FD62?/? HTTP/1.1" 404 1018
66.249.64.228 - - [14/May/2015:01:58:13 -0500] "GET /BLA/resoluciones/AUTOS%202008/2636.pdf HTTP/1.1" 200 65507
180.76.5.67 - - [14/May/2015:01:58:20 -0500] "GET /BLA/resoluciones/RESOLUCIONES%202007/RES%202007%204001%20AL%204100/RESOLUCION%204001%20DE%202007.pdf HTTP/1.1" 200 838674
66.249.64.228 - - [14/May/2015:01:58:29 -0500] "GET /BLA/resoluciones/AUTOS%202008/0292.pdf HTTP/1.1" 200 99539
180.76.5.74 - - [14/May/2015:01:58:37 -0500] "GET /BLA/resoluciones/AUTOS%202009/2678.pdf HTTP/1.1" 200 73465
190.25.70.48 - - [14/May/2015:01:58:52 -0500] "POST /forms/lservlet;jsessionid=ac16012b30d6697817a9e4f24e4ca88489c64781c16c.e3iSbxaKaheRe3eNbhaPbhuQa41ynknvrkLOlQzNp65In0 HTTP/1.1" 200 2
180.76.5.62 - - [14/May/2015:01:58:55 -0500] "GET /BLA/resoluciones/AUTOS%202012/2309.pdf HTTP/1.1" 200 342960
66.249.64.233 - - [14/May/2015:01:59:07 -0500] "GET /BLA/resoluciones/AUTOS%202008/0480.pdf HTTP/1.1" 200 140592
180.76.5.73 - - [14/May/2015:01:59:12 -0500] "GET /BLA/resoluciones/RESOLUCIONES%202007/RES%202007%20901%20AL%201000/RESOLUCION%200939%20DE%202007.pdf HTTP/1.1" 200 268253
180.76.5.27 - - [14/May/2015:01:59:29 -0500] "GET /BLA/boletinlegal;jsessionid=8A41E082557C2D7C806CFA9CBC86B31E?/? HTTP/1.1" 404 1018
180.76.5.196 - - [14/May/2015:01:59:47 -0500] "GET /BLA/resoluciones/AUTOS%202012/1608.pdf HTTP/1.1" 200 290837
180.76.5.143 - - [14/May/2015:02:00:04 -0500] "GET /BLA/resoluciones/RESOLUCIONES%202008/3978.pdf HTTP/1.1" 200 751496
180.76.5.192 - - [14/May/2015:02:00:21 -0500] "GET /BLA/resoluciones/AUTOS%202013/1496.pdf HTTP/1.1" 200 653200
66.249.64.233 - - [14/May/2015:02:00:25 -0500] "GET /BLA/resoluciones/AUTOS%202008/0351.pdf HTTP/1.1" 200 216114
66.249.64.228 - - [14/May/2015:02:00:27 -0500] "GET /BLA/resoluciones/AUTOS%202013/1819.pdf HTTP/1.1" 200 578259
66.249.64.228 - - [14/May/2015:02:00:35 -0500] "GET /BLA/resoluciones/AUTOS%202008/0072.pdf HTTP/1.1" 200 110886
180.76.5.63 - - [14/May/2015:02:00:39 -0500] "GET /BLA/resoluciones/AUTOS%202010/4445.pdf HTTP/1.1" 200 1238817
66.249.64.228 - - [14/May/2015:02:00:47 -0500] "GET /BLA/resoluciones/RESOLUCIONES%202011/4242.pdf HTTP/1.1" 200 553171
190.25.70.48 - - [14/May/2015:02:00:52 -0500] "POST /forms/lservlet;jsessionid=ac16012b30d6697817a9e4f24e4ca88489c64781c16c.e3iSbxaKaheRe3eNbhaPbhuQa41ynknvrkLOlQzNp65In0 HTTP/1.1" 200 2
180.76.5.66 - - [14/May/2015:02:00:56 -0500] "GET /BLA/boletinlegal;jsessionid=62A941993FCAEA4F8C1BA9DD5C0B1B6A?/? HTTP/1.1" 404 1018
66.249.64.228 - - [14/May/2015:02:01:12 -0500] "GET /BLA/resoluciones/AUTOS%202008/2377.pdf HTTP/1.1" 200 98609
180.76.5.166 - - [14/May/2015:02:01:13 -0500] "GET /BLA/resoluciones/RESOLUCIONES%202009/0372.pdf HTTP/1.1" 200 206041
181.250.169.53 - - [14/May/2015:02:01:19 -0500] "GET /BLA/resoluciones/RESOLUCIONES%202013/1140.pdf HTTP/1.1" 200 522076
181.250.169.53 - - [14/May/2015:02:01:20 -0500] "GET /favicon.ico HTTP/1.1" 200 7782
181.250.169.53 - - [14/May/2015:02:01:20 -0500] "GET /BLA/resoluciones/RESOLUCIONES%202013/1140.pdf HTTP/1.1" 206 32768
181.250.169.53 - - [14/May/2015:02:01:22 -0500] "GET /BLA/resoluciones/RESOLUCIONES%202013/1140.pdf HTTP/1.1" 206 489308
113.118.18.8 - - [14/May/2015:02:01:23 -0500] "GET /BLA/resoluciones/AUTOS%202010/6070.pdf HTTP/1.1" 200 208759
113.118.18.8 - - [14/May/2015:02:01:25 -0500] "GET /BLA/resoluciones/AUTOS%202010/6070.pdf HTTP/1.1" 206 32768
113.118.18.8 - - [14/May/2015:02:01:26 -0500] "GET /BLA/resoluciones/AUTOS%202010/6070.pdf HTTP/1.1" 206 175991
113.118.18.8 - - [14/May/2015:02:01:27 -0500] "GET /favicon.ico HTTP/1.1" 200 7782
180.76.5.166 - - [14/May/2015:02:01:30 -0500] "GET /BLA/resoluciones/AUTOS%202009/1610.pdf HTTP/1.1" 200 113789
180.76.5.189 - - [14/May/2015:02:01:48 -0500] "GET /BLA/boletinlegal;jsessionid=94657ED4215AA1E9FD180028DA257213?/? HTTP/1.1" 404 1018
113.118.18.8 - - [14/May/2015:02:01:56 -0500] "GET /BLA/resoluciones/RESOLUCIONES%202008/2135.pdf HTTP/1.1" 200 213057
113.118.18.8 - - [14/May/2015:02:01:57 -0500] "GET /BLA/resoluciones/RESOLUCIONES%202008/2135.pdf HTTP/1.1" 206 32768
113.118.18.8 - - [14/May/2015:02:01:58 -0500] "GET /BLA/resoluciones/RESOLUCIONES%202008/2135.pdf HTTP/1.1" 206 180289
180.76.5.28 - - [14/May/2015:02:02:05 -0500] "GET /BLA/resoluciones/RESOLUCIONES%202008/2405.pdf HTTP/1.1" 200 198681
66.249.64.223 - - [14/May/2015:02:02:13 -0500] "GET /BLA/resoluciones/RESOLUCIONES%202008/0986.pdf HTTP/1.1" 304 -
180.76.5.177 - - [14/May/2015:02:02:22 -0500] "GET /BLA/resoluciones/AUTOS%202010/5657.pdf HTTP/1.1" 200 737097
188.165.15.187 - - [14/May/2015:02:02:28 -0500] "GET /BLA/resoluciones/index.php HTTP/1.1" 200 7728
180.76.5.66 - - [14/May/2015:02:02:39 -0500] "GET /BLA/boletinlegal;jsessionid=BC5BF009B8BA13C20451C5D353395F5F?/? HTTP/1.1" 404 1018
88.198.233.69 - - [14/May/2015:02:02:41 -0500] "GET / HTTP/1.1" 200 10190
66.249.64.233 - - [14/May/2015:02:02:48 -0500] "GET /BLA/resoluciones/AUTOS%202008/3109.pdf HTTP/1.1" 200 68350
190.25.70.48 - - [14/May/2015:02:02:52 -0500] "POST /forms/lservlet;jsessionid=ac16012b30d6697817a9e4f24e4ca88489c64781c16c.e3iSbxaKaheRe3eNbhaPbhuQa41ynknvrkLOlQzNp65In0 HTTP/1.1" 200 2
180.76.5.169 - - [14/May/2015:02:03:00 -0500] "GET /BLA/resoluciones/AUTOS%202009/1498.pdf HTTP/1.1" 200 190525
74.86.158.107 - - [14/May/2015:02:03:02 -0500] "HEAD / HTTP/1.1" 200 -
66.249.64.228 - - [14/May/2015:02:03:04 -0500] "GET /BLA/resoluciones/AUTOS%202008/1242.pdf HTTP/1.1" 200 68754
66.249.64.223 - - [14/May/2015:02:03:14 -0500] "GET /BLA/resoluciones/AUTOS%202008/2553.pdf HTTP/1.1" 200 249363
180.76.5.18 - - [14/May/2015:02:03:14 -0500] "GET /BLA/resoluciones/AUTOS%202009/1177.pdf HTTP/1.1" 200 395713
66.249.64.223 - - [14/May/2015:02:03:25 -0500] "GET /BLA/resoluciones/AUTOS%202008/0912.pdf HTTP/1.1" 200 72373
66.249.64.228 - - [14/May/2015:02:03:31 -0500] "GET /BLA/resoluciones/AUTOS%202008/1615.pdf HTTP/1.1" 200 87283
180.76.5.71 - - [14/May/2015:02:03:31 -0500] "GET /BLA/resoluciones/RESOLUCIONES%202009/1661.pdf HTTP/1.1" 200 394019
66.249.64.233 - - [14/May/2015:02:03:41 -0500] "GET /BLA/resoluciones/AUTOS%202008/0873.pdf HTTP/1.1" 200 292845
180.76.5.188 - - [14/May/2015:02:03:49 -0500] "GET /BLA/resoluciones/AUTOS%202010/3680.pdf HTTP/1.1" 200 132860
180.76.5.167 - - [14/May/2015:02:04:06 -0500] "GET /BLA/resoluciones/AUTOS%202009/2096.pdf HTTP/1.1" 200 100342
180.76.5.71 - - [14/May/2015:02:04:23 -0500] "GET /BLA/resoluciones/AUTOS%202011/1672.pdf HTTP/1.1" 200 126012
180.76.5.63 - - [14/May/2015:02:04:40 -0500] "GET /BLA/resoluciones/RESOLUCIONES%202008/3846.pdf HTTP/1.1" 200 525985
66.249.64.248 - - [14/May/2015:02:04:49 -0500] "GET /Anexos%20estudio%20Organizacional%20SDA/ANEXO%20No.%201-%20NORMAS%20LEGALES%20DE%20ESTRUCTURA%20Y%20PLANTA/Decreto%20308%20de%202001%20-%20Modifica%20estructura%20del%20DAMA.jsp_files/feed_balloon.png HTTP/1.1" 200 723
190.25.70.48 - - [14/May/2015:02:04:53 -0500] "POST /forms/lservlet;jsessionid=ac16012b30d6697817a9e4f24e4ca88489c64781c16c.e3iSbxaKaheRe3eNbhaPbhuQa41ynknvrkLOlQzNp65In0 HTTP/1.1" 200 2
180.76.5.175 - - [14/May/2015:02:04:58 -0500] "GET /BLA/resoluciones/AUTOS%202010/0538.pdf HTTP/1.1" 200 215289
180.76.5.60 - - [14/May/2015:02:05:15 -0500] "GET /BLA/boletinlegal;jsessionid=D84BC41C100AAD9179FA578FF0D71D14?/? HTTP/1.1" 404 1018
66.249.64.228 - - [14/May/2015:02:05:18 -0500] "GET /BLA/resoluciones/RESOLUCIONES%202011/2903.pdf HTTP/1.1" 200 732040
180.76.5.197 - - [14/May/2015:02:05:32 -0500] "GET /BLA/boletinlegal;jsessionid=DAA82DA192BA4F1D62BEAB5EF4515747?/? HTTP/1.1" 404 1018
66.249.64.223 - - [14/May/2015:02:05:36 -0500] "GET /BLA/resoluciones/AUTOS%202013/0939.pdf HTTP/1.1" 200 227330
180.76.5.197 - - [14/May/2015:02:05:50 -0500] "GET /BLA/resoluciones/RESOLUCIONES%202007/RES%202007%20801%20AL%20900/RESOLUCION%200850%20DE%202007.pdf HTTP/1.1" 200 369770
180.76.5.143 - - [14/May/2015:02:06:07 -0500] "GET /BLA/resoluciones/RESOLUCIONES%202010/0462.pdf HTTP/1.1" 200 103782
66.249.64.233 - - [14/May/2015:02:06:16 -0500] "GET /BLA/resoluciones/AUTOS%202008/2330.pdf HTTP/1.1" 200 143911
201.245.192.253 - - [14/May/2015:02:06:17 -0500] "GET /galeria/nivo-slider/demo/images/mailling-acercar-xpress.jpg HTTP/1.1" 304 -
180.76.5.177 - - [14/May/2015:02:06:24 -0500] "GET /BLA/resoluciones/RESOLUCIONES%202008/1950.pdf HTTP/1.1" 200 42207
180.76.5.58 - - [14/May/2015:02:06:41 -0500] "GET /BLA/resoluciones/AUTOS%202009/1209.pdf HTTP/1.1" 200 122553
190.25.70.48 - - [14/May/2015:02:06:53 -0500] "POST /forms/lservlet;jsessionid=ac16012b30d6697817a9e4f24e4ca88489c64781c16c.e3iSbxaKaheRe3eNbhaPbhuQa41ynknvrkLOlQzNp65In0 HTTP/1.1" 200 2
180.76.5.24 - - [14/May/2015:02:06:59 -0500] "GET /BLA/resoluciones/AUTOS%202010/3484.pdf HTTP/1.1" 200 489002
186.84.206.9 - - [14/May/2015:02:06:59 -0500] "GET /galeria/galeria/jquery.fancybox.css?v=2.1.5 HTTP/1.1" 200 4895
186.84.206.9 - - [14/May/2015:02:06:59 -0500] "GET /BLA/boletinlegal/js/jquery.scrollTo-min.js HTTP/1.1" 200 1150
186.84.206.9 - - [14/May/2015:02:06:59 -0500] "GET /BLA/boletinlegal/js/jquery.scrollShow.js HTTP/1.1" 200 4586
186.84.206.9 - - [14/May/2015:02:06:59 -0500] "GET /galeria/galeria/jquery.fancybox.js?v=2.1.5 HTTP/1.1" 200 48706
186.84.206.9 - - [14/May/2015:02:07:04 -0500] "GET /BLA/boletinlegal/js/jquery.scrollShow.js HTTP/1.1" 304 -
186.84.206.9 - - [14/May/2015:02:07:04 -0500] "GET /galeria/galeria/jquery.fancybox.css?v=2.1.5 HTTP/1.1" 304 -
186.84.206.9 - - [14/May/2015:02:07:04 -0500] "GET /galeria/galeria/jquery.fancybox.js?v=2.1.5 HTTP/1.1" 304 -
186.84.206.9 - - [14/May/2015:02:07:04 -0500] "GET /BLA/boletinlegal/js/jquery.scrollTo-min.js HTTP/1.1" 304 -
188.165.15.187 - - [14/May/2015:02:07:05 -0500] "GET /BLA/resoluciones/RESOLUCIONES%202005/RES%202005%203101-3150/00003134.tif HTTP/1.1" 200 222694
180.76.5.61 - - [14/May/2015:02:07:16 -0500] "GET /BLA/boletinlegal;jsessionid=3DCB4B5D5AEE34C55CEC7E95936DA1CD?/? HTTP/1.1" 404 1018
180.76.5.169 - - [14/May/2015:02:07:33 -0500] "GET /BLA/resoluciones/AUTOS%202012/0501.pdf HTTP/1.1" 200 257843
180.76.5.78 - - [14/May/2015:02:07:51 -0500] "GET /BLA/resoluciones/RESOLUCIONES%202007/RES%202007%20101%20AL%20200/RESOLUCION%200125%20%20DE%202007.pdf HTTP/1.1" 200 351498
74.86.158.107 - - [14/May/2015:02:08:02 -0500] "HEAD / HTTP/1.1" 200 -
180.76.5.169 - - [14/May/2015:02:08:08 -0500] "GET /BLA/resoluciones/RESOLUCIONES%202008/1380.pdf HTTP/1.1" 200 208398
180.76.5.153 - - [14/May/2015:02:08:25 -0500] "GET /BLA/resoluciones/AUTOS%202009/2694.pdf HTTP/1.1" 200 160999
66.249.64.228 - - [14/May/2015:02:08:27 -0500] "GET /BLA/resoluciones/AUTOS%202008/0517.pdf HTTP/1.1" 200 277360
66.249.64.228 - - [14/May/2015:02:08:34 -0500] "GET /BLA/resoluciones/AUTOS%202008/0684.pdf HTTP/1.1" 200 90107
188.165.15.187 - - [14/May/2015:02:08:37 -0500] "GET /BLA/resoluciones/RESOLUCIONES%202005/RES%202005%201451-1500/00001463.tif HTTP/1.1" 200 154764
180.76.5.73 - - [14/May/2015:02:08:42 -0500] "GET /BLA/resoluciones/AUTOS%202013/0168.pdf HTTP/1.1" 200 1447715
66.249.64.228 - - [14/May/2015:02:08:43 -0500] "GET /BLA/resoluciones/AUTOS%202008/0123.pdf HTTP/1.1" 200 92021
66.249.64.228 - - [14/May/2015:02:08:50 -0500] "GET /BLA/resoluciones/AUTOS%202008/2345.pdf HTTP/1.1" 200 84386
66.249.64.223 - - [14/May/2015:02:08:50 -0500] "GET /BLA/resoluciones/AUTOS%202008/2042.pdf HTTP/1.1" 200 183345
188.165.15.187 - - [14/May/2015:02:08:52 -0500] "GET /BLA/resoluciones/RESOLUCIONES%202006/RES%202006%20151-200/00000199.tif HTTP/1.1" 200 82760
190.25.70.48 - - [14/May/2015:02:08:53 -0500] "POST /forms/lservlet;jsessionid=ac16012b30d6697817a9e4f24e4ca88489c64781c16c.e3iSbxaKaheRe3eNbhaPbhuQa41ynknvrkLOlQzNp65In0 HTTP/1.1" 200 2
180.76.5.187 - - [14/May/2015:02:09:00 -0500] "GET /BLA/resoluciones/AUTOS%202010/6664.pdf HTTP/1.1" 200 247890
180.76.5.190 - - [14/May/2015:02:09:17 -0500] "GET /BLA/resoluciones/RESOLUCIONES%202008/0858.pdf HTTP/1.1" 200 357755
186.84.206.9 - - [14/May/2015:02:09:30 -0500] "GET /galeria/bibloteca/contentflow.js HTTP/1.1" 200 42804
186.84.206.9 - - [14/May/2015:02:09:30 -0500] "GET /galeria/bibloteca/contentflow.css HTTP/1.1" 200 3201
186.84.206.9 - - [14/May/2015:02:09:30 -0500] "GET /galeria/bibloteca/mycontentflow.css HTTP/1.1" 200 3110
186.84.206.9 - - [14/May/2015:02:09:30 -0500] "GET /galeria/bibloteca/ContentFlowAddOn_white.js HTTP/1.1" 200 2497
186.84.206.9 - - [14/May/2015:02:09:30 -0500] "GET /galeria/bibloteca/ContentFlowAddOn_white.css HTTP/1.1" 200 3355
186.84.206.9 - - [14/May/2015:02:09:30 -0500] "GET /galeria/bibloteca/img/slider_white.png HTTP/1.1" 200 178
186.84.206.9 - - [14/May/2015:02:09:30 -0500] "GET /galeria/bibloteca/img/loader.gif HTTP/1.1" 200 8238
186.84.206.9 - - [14/May/2015:02:09:30 -0500] "GET /galeria/bibloteca/img/scrollbar_white.png HTTP/1.1" 200 82
186.84.206.9 - - [14/May/2015:02:09:32 -0500] "GET /galeria/bibloteca/img/1x1_0.5_white.png HTTP/1.1" 200 82
186.84.206.9 - - [14/May/2015:02:09:32 -0500] "GET /galeria/bibloteca/img/scrollbar_black.png HTTP/1.1" 200 82
186.84.206.9 - - [14/May/2015:02:09:32 -0500] "GET /galeria/bibloteca/img/slider_black.png HTTP/1.1" 200 175
186.84.206.9 - - [14/May/2015:02:09:32 -0500] "GET /galeria/bibloteca/img/ajax-loader.gif HTTP/1.1" 200 9427
180.76.5.175 - - [14/May/2015:02:09:34 -0500] "GET /BLA/boletinlegal;jsessionid=E8E807493CC9B455FABBC3B269ABE6A7?/? HTTP/1.1" 404 1018
66.249.64.223 - - [14/May/2015:02:09:38 -0500] "GET /BLA/resoluciones/AUTOS%202008/0567.pdf HTTP/1.1" 200 149629
180.76.5.144 - - [14/May/2015:02:09:52 -0500] "GET /BLA/resoluciones/AUTOS%202009/1932.pdf HTTP/1.1" 200 182057
180.76.5.171 - - [14/May/2015:02:10:09 -0500] "GET /BLA/resoluciones/AUTOS%202010/1457.pdf HTTP/1.1" 200 200489
66.249.64.233 - - [14/May/2015:02:10:10 -0500] "GET /BLA/resoluciones/AUTOS%202008/3043.pdf HTTP/1.1" 200 72059
180.76.5.28 - - [14/May/2015:02:10:26 -0500] "GET /BLA/resoluciones/AUTOS%202009/0379.pdf HTTP/1.1" 200 213796
180.76.5.28 - - [14/May/2015:02:10:43 -0500] "GET /BLA/boletinlegal;jsessionid=E772F884D3FC3A2882C59DBE16521903?/? HTTP/1.1" 404 1018
66.249.64.248 - - [14/May/2015:02:10:45 -0500] "GET /Anexos%20estudio%20Organizacional%20SDA/ANEXO%20No.%203-%20CONTRATACI%C3%93N%20%20OPS%C2%B4s%202008-2012/CONTRATOS%20SDA%202009%20POR%20DEPENDENCIA%20(1).xls HTTP/1.1" 304 -
190.25.70.48 - - [14/May/2015:02:10:53 -0500] "POST /forms/lservlet;jsessionid=ac16012b30d6697817a9e4f24e4ca88489c64781c16c.e3iSbxaKaheRe3eNbhaPbhuQa41ynknvrkLOlQzNp65In0 HTTP/1.1" 200 2
66.249.64.233 - - [14/May/2015:02:11:00 -0500] "GET /BLA/resoluciones/AUTOS%202008/2467.pdf HTTP/1.1" 200 150585
180.76.5.73 - - [14/May/2015:02:11:01 -0500] "GET /BLA/resoluciones/AUTOS%202012/1854.pdf HTTP/1.1" 200 263051
66.249.64.228 - - [14/May/2015:02:11:15 -0500] "GET /BLA/resoluciones/AUTOS%202008/0441.pdf HTTP/1.1" 200 254695
180.76.5.167 - - [14/May/2015:02:11:18 -0500] "GET /BLA/resoluciones/AUTOS%202009/1215.pdf HTTP/1.1" 200 119473
180.76.5.155 - - [14/May/2015:02:11:35 -0500] "GET /BLA/resoluciones/AUTOS%202011/0325.pdf HTTP/1.1" 200 154187
66.249.64.228 - - [14/May/2015:02:11:43 -0500] "GET /BLA/resoluciones/index.php?dir=RESOLUCIONES+2004%2FRES+2004+651-700%2F HTTP/1.1" 200 12049
180.76.5.17 - - [14/May/2015:02:11:53 -0500] "GET /BLA/resoluciones/AUTOS%202009/3208.pdf HTTP/1.1" 200 209319
123.125.71.70 - - [14/May/2015:02:11:59 -0500] "GET / HTTP/1.1" 200 10190
180.76.5.144 - - [14/May/2015:02:12:10 -0500] "GET /BLA/resoluciones/RESOLUCIONES%202007/RES%202007%202601%20AL%202700/RESOLUCION%202623%20DE%202007.pdf HTTP/1.1" 200 1243531
180.76.5.177 - - [14/May/2015:02:12:27 -0500] "GET /BLA/boletinlegal;jsessionid=EA810D766B6BDD3079CA4A9B97F4C158?/? HTTP/1.1" 404 1018
180.76.5.149 - - [14/May/2015:02:12:44 -0500] "GET /BLA/boletinlegal;jsessionid=7F465F6B07156B1310ADF24447E2AC3D?/? HTTP/1.1" 404 1018
190.25.70.48 - - [14/May/2015:02:12:53 -0500] "POST /forms/lservlet;jsessionid=ac16012b30d6697817a9e4f24e4ca88489c64781c16c.e3iSbxaKaheRe3eNbhaPbhuQa41ynknvrkLOlQzNp65In0 HTTP/1.1" 200 2
74.86.158.107 - - [14/May/2015:02:13:02 -0500] "HEAD / HTTP/1.1" 200 -
180.76.5.191 - - [14/May/2015:02:13:02 -0500] "GET /BLA/boletinlegal;jsessionid=FC78C5BBD8CE9D105E9E6D053BCAAE58?/? HTTP/1.1" 404 1018
180.76.5.155 - - [14/May/2015:02:13:19 -0500] "GET /BLA/boletinlegal;jsessionid=950732ED462C2FCA1F9F461D9988A48A?/? HTTP/1.1" 404 1018
186.80.31.7 - - [14/May/2015:02:13:34 -0500] "GET /BLA/boletinlegal/js/jquery.scrollShow.js HTTP/1.1" 200 4586
186.80.31.7 - - [14/May/2015:02:13:34 -0500] "GET /galeria/galeria/jquery.fancybox.css?v=2.1.5 HTTP/1.1" 200 4895
186.80.31.7 - - [14/May/2015:02:13:34 -0500] "GET /BLA/boletinlegal/js/jquery.scrollTo-min.js HTTP/1.1" 200 1150
186.80.31.7 - - [14/May/2015:02:13:34 -0500] "GET /galeria/galeria/jquery.fancybox.js?v=2.1.5 HTTP/1.1" 200 48706
186.80.31.7 - - [14/May/2015:02:13:34 -0500] "GET /galeria/carrusel/Carrusel/jquery.thumbnailScroller.css HTTP/1.1" 200 2066
186.80.31.7 - - [14/May/2015:02:13:34 -0500] "GET /galeria/carrusel/Carrusel/jquery-ui-1.8.13.custom.min.js HTTP/1.1" 200 10800
186.80.31.7 - - [14/May/2015:02:13:34 -0500] "GET /galeria/carrusel/Carrusel/jquery.thumbnailScroller.js HTTP/1.1" 200 8157
186.80.31.7 - - [14/May/2015:02:13:34 -0500] "GET /galeria/nivo-slider/demo/demo.html HTTP/1.1" 200 4115
186.80.31.7 - - [14/May/2015:02:13:35 -0500] "GET /galeria/nivo-slider/themes/default/default.css HTTP/1.1" 200 1569
186.80.31.7 - - [14/May/2015:02:13:35 -0500] "GET /galeria/nivo-slider/themes/pascal/pascal.css HTTP/1.1" 200 2258
186.80.31.7 - - [14/May/2015:02:13:35 -0500] "GET /galeria/nivo-slider/nivo-slider.css HTTP/1.1" 200 1507
186.80.31.7 - - [14/May/2015:02:13:35 -0500] "GET /galeria/nivo-slider/themes/orman/orman.css HTTP/1.1" 200 2152
186.80.31.7 - - [14/May/2015:02:13:35 -0500] "GET /galeria/nivo-slider/demo/style.css HTTP/1.1" 200 2222
186.80.31.7 - - [14/May/2015:02:13:35 -0500] "GET /galeria/nivo-slider/demo/images/9Signos.jpg HTTP/1.1" 200 81776
186.80.31.7 - - [14/May/2015:02:13:35 -0500] "GET /galeria/nivo-slider/demo/images/mailling-acercar-xpress.jpg HTTP/1.1" 200 137233
186.80.31.7 - - [14/May/2015:02:13:35 -0500] "GET /galeria/nivo-slider/demo/images/banner-Pacto-por-la-madera.jpg HTTP/1.1" 200 209966
186.80.31.7 - - [14/May/2015:02:13:35 -0500] "GET /galeria/nivo-slider/demo/images/Banner-salud.jpg HTTP/1.1" 200 181685
186.80.31.7 - - [14/May/2015:02:13:35 -0500] "GET /galeria/nivo-slider/demo/images/Licitaciones-proyecto-paramo.jpg HTTP/1.1" 200 221877
186.80.31.7 - - [14/May/2015:02:13:35 -0500] "GET /galeria/nivo-slider/demo/images/acuerdo_569.jpg HTTP/1.1" 200 62670
186.80.31.7 - - [14/May/2015:02:13:36 -0500] "GET /galeria/nivo-slider/demo/images/Banner-decreto1299.jpg HTTP/1.1" 200 182613
180.76.5.146 - - [14/May/2015:02:13:36 -0500] "GET /BLA/resoluciones/RESOLUCIONES%202007/RES%202007%202801%20AL%202900/RESOLUCION%202865%20DE%202007.pdf HTTP/1.1" 200 119764
186.80.31.7 - - [14/May/2015:02:13:37 -0500] "GET /galeria/nivo-slider/demo/images/Banner-Directorio.jpg HTTP/1.1" 200 182068
186.80.31.7 - - [14/May/2015:02:13:37 -0500] "GET /galeria/nivo-slider/demo/images/Ruta-vertimientos-01.jpg HTTP/1.1" 200 130151
186.80.31.7 - - [14/May/2015:02:13:38 -0500] "GET /galeria/nivo-slider/demo/images/bolsas-06.jpg HTTP/1.1" 200 90982
186.80.31.7 - - [14/May/2015:02:13:38 -0500] "GET /galeria/nivo-slider/demo/images/Conoce-los-humedales.jpg HTTP/1.1" 200 294036
186.80.31.7 - - [14/May/2015:02:13:38 -0500] "GET /galeria/nivo-slider/demo/images/ecolecta-Dic2014.png HTTP/1.1" 200 288593
186.80.31.7 - - [14/May/2015:02:13:38 -0500] "GET /galeria/nivo-slider/demo/images/Banner-Caracol-Africano.jpg HTTP/1.1" 200 331986
186.80.31.7 - - [14/May/2015:02:13:38 -0500] "GET /galeria/nivo-slider/demo/images/banner-llantas2.jpg HTTP/1.1" 200 73153
186.80.31.7 - - [14/May/2015:02:13:38 -0500] "GET /galeria/nivo-slider/demo/scripts/jquery-1.7.1.min.js HTTP/1.1" 200 93868
186.80.31.7 - - [14/May/2015:02:13:39 -0500] "GET /galeria/nivo-slider/jquery.nivo.slider.pack.js HTTP/1.1" 200 11561
186.80.31.7 - - [14/May/2015:02:13:39 -0500] "GET /galeria/nivo-slider/demo/images/4Simple_Slider.png HTTP/1.1" 200 11722
186.80.31.7 - - [14/May/2015:02:13:40 -0500] "GET /galeria/nivo-slider/themes/default/loading.gif HTTP/1.1" 200 1737
186.80.31.7 - - [14/May/2015:02:13:41 -0500] "GET /galeria/nivo-slider/themes/default/arrows.png HTTP/1.1" 200 824
186.80.31.7 - - [14/May/2015:02:13:41 -0500] "GET /galeria/nivo-slider/themes/default/bullets.png HTTP/1.1" 200 1281
186.80.31.7 - - [14/May/2015:02:13:53 -0500] "GET /BLA/boletinlegal/js/jquery.scrollTo-min.js HTTP/1.1" 304 -
186.80.31.7 - - [14/May/2015:02:13:53 -0500] "GET /galeria/galeria/jquery.fancybox.js?v=2.1.5 HTTP/1.1" 304 -
186.80.31.7 - - [14/May/2015:02:13:53 -0500] "GET /galeria/galeria/jquery.fancybox.css?v=2.1.5 HTTP/1.1" 304 -
186.80.31.7 - - [14/May/2015:02:13:53 -0500] "GET /BLA/boletinlegal/js/jquery.scrollShow.js HTTP/1.1" 304 -
180.76.5.173 - - [14/May/2015:02:13:54 -0500] "GET /BLA/boletinlegal;jsessionid=CD922BCEE864E50ACE0EB073D36D0E1B?/? HTTP/1.1" 404 1018
180.76.5.151 - - [14/May/2015:02:14:11 -0500] "GET /BLA/resoluciones/RESOLUCIONES%202008/3761.pdf HTTP/1.1" 200 1044897
66.249.64.228 - - [14/May/2015:02:14:21 -0500] "GET /BLA/resoluciones/AUTOS%202008/0237.pdf HTTP/1.1" 200 96930
180.76.5.145 - - [14/May/2015:02:14:28 -0500] "GET /BLA/resoluciones/AUTOS%202012/1715.pdf HTTP/1.1" 200 869956
180.76.5.176 - - [14/May/2015:02:14:45 -0500] "GET /BLA/resoluciones/AUTOS%202013/0838.pdf HTTP/1.1" 200 747818
190.25.70.48 - - [14/May/2015:02:14:53 -0500] "POST /forms/lservlet;jsessionid=ac16012b30d6697817a9e4f24e4ca88489c64781c16c.e3iSbxaKaheRe3eNbhaPbhuQa41ynknvrkLOlQzNp65In0 HTTP/1.1" 200 2
66.249.64.248 - - [14/May/2015:02:14:54 -0500] "GET /BLA/boletinlegal/jurisprudencia/analisis/Analisis%20Jurisprudencia%20Sent%202000-00005-01.doc HTTP/1.1" 304 -
66.249.64.228 - - [14/May/2015:02:14:59 -0500] "GET /BLA/resoluciones/AUTOS%202008/3483.pdf HTTP/1.1" 200 289277
180.76.5.223 - - [14/May/2015:02:15:03 -0500] "GET /BLA/boletinlegal;jsessionid=1371BD7B12C7183099FFE166969DF711?/? HTTP/1.1" 404 1018
180.76.5.145 - - [14/May/2015:02:15:20 -0500] "GET /BLA/resoluciones/RESOLUCIONES%202008/4957.pdf HTTP/1.1" 200 273250
180.76.5.27 - - [14/May/2015:02:15:37 -0500] "GET /BLA/resoluciones/RESOLUCIONES%202007/RES%202007%202101%20AL%202200/RESOLUCION%202130%20DE%202007.pdf HTTP/1.1" 200 471833
66.249.64.233 - - [14/May/2015:02:15:47 -0500] "GET /BLA/resoluciones/RESOLUCIONES%202005/RES%202005%202651-2700/00002697.tif HTTP/1.1" 200 110336
161.18.167.24 - - [14/May/2015:02:15:52 -0500] "GET /galeria/galeria/jquery.fancybox.css?v=2.1.5 HTTP/1.1" 200 4895
161.18.167.24 - - [14/May/2015:02:15:52 -0500] "GET /BLA/boletinlegal/js/jquery.scrollTo-min.js HTTP/1.1" 200 1150
161.18.167.24 - - [14/May/2015:02:15:52 -0500] "GET /BLA/boletinlegal/js/jquery.scrollShow.js HTTP/1.1" 200 4586
161.18.167.24 - - [14/May/2015:02:15:52 -0500] "GET /galeria/galeria/jquery.fancybox.js?v=2.1.5 HTTP/1.1" 200 48706
66.249.64.233 - - [14/May/2015:02:15:54 -0500] "GET /BLA/resoluciones/AUTOS%202012/1245.pdf HTTP/1.1" 200 330406
180.76.5.57 - - [14/May/2015:02:15:55 -0500] "GET /BLA/boletinlegal;jsessionid=38F62B9F61EFF99D0D42507E28EB47E5?/? HTTP/1.1" 404 1018
161.18.167.24 - - [14/May/2015:02:15:57 -0500] "GET /BLA/boletinlegal/js/jquery.scrollTo-min.js HTTP/1.1" 304 -
161.18.167.24 - - [14/May/2015:02:15:57 -0500] "GET /BLA/boletinlegal/js/jquery.scrollShow.js HTTP/1.1" 304 -
161.18.167.24 - - [14/May/2015:02:15:57 -0500] "GET /galeria/galeria/jquery.fancybox.js?v=2.1.5 HTTP/1.1" 304 -
161.18.167.24 - - [14/May/2015:02:15:57 -0500] "GET /galeria/galeria/jquery.fancybox.css?v=2.1.5 HTTP/1.1" 304 -
180.76.5.148 - - [14/May/2015:02:16:12 -0500] "GET /BLA/resoluciones/RESOLUCIONES%202007/RES%202007%20701%20AL%20800/RESOLUCION%200725%20DE%202007.pdf HTTP/1.1" 200 239683
180.76.5.21 - - [14/May/2015:02:16:29 -0500] "GET /BLA/resoluciones/AUTOS%202010/6289.pdf HTTP/1.1" 200 399654
186.80.31.7 - - [14/May/2015:02:16:33 -0500] "GET /galeria/galeria/jquery.fancybox.js?v=2.1.5 HTTP/1.1" 304 -
186.80.31.7 - - [14/May/2015:02:16:33 -0500] "GET /BLA/boletinlegal/js/jquery.scrollShow.js HTTP/1.1" 304 -
186.80.31.7 - - [14/May/2015:02:16:33 -0500] "GET /galeria/galeria/jquery.fancybox.css?v=2.1.5 HTTP/1.1" 304 -
186.80.31.7 - - [14/May/2015:02:16:33 -0500] "GET /BLA/boletinlegal/js/jquery.scrollTo-min.js HTTP/1.1" 304 -
180.76.5.195 - - [14/May/2015:02:16:46 -0500] "GET /BLA/resoluciones/RESOLUCIONES%202007/RES%202007%202601%20AL%202700/RESOLUCION%202682%20DE%202007.pdf HTTP/1.1" 200 343691
190.25.70.48 - - [14/May/2015:02:16:53 -0500] "POST /forms/lservlet;jsessionid=ac16012b30d6697817a9e4f24e4ca88489c64781c16c.e3iSbxaKaheRe3eNbhaPbhuQa41ynknvrkLOlQzNp65In0 HTTP/1.1" 200 2
188.165.15.187 - - [14/May/2015:02:17:03 -0500] "GET /BLA/resoluciones/RESOLUCIONES%202005/RES%202005%201951-2000/00001979.tif HTTP/1.1" 200 81170
180.76.5.19 - - [14/May/2015:02:17:04 -0500] "GET /BLA/boletinlegal;jsessionid=C9FD5351EC05BB81EB300B35EDBEC31C?/? HTTP/1.1" 404 1018
188.165.15.187 - - [14/May/2015:02:17:20 -0500] "GET /BLA/resoluciones/index.php?dir=RESOLUCIONES+2004%2FRES+2004+1551-1600%2F HTTP/1.1" 200 12345
180.76.5.60 - - [14/May/2015:02:17:21 -0500] "GET /BLA/boletinlegal;jsessionid=41A0871E65F05A7290598A6DEC25A309?/? HTTP/1.1" 404 1018
180.76.5.177 - - [14/May/2015:02:17:38 -0500] "GET /BLA/resoluciones/AUTOS%202013/2801.pdf HTTP/1.1" 200 352821
66.249.64.228 - - [14/May/2015:02:17:55 -0500] "GET /BLA/resoluciones/AUTOS%202008/2129.pdf HTTP/1.1" 200 122986
180.76.5.196 - - [14/May/2015:02:17:56 -0500] "GET /BLA/resoluciones/AUTOS%202013/2911.pdf HTTP/1.1" 200 512969
74.86.158.107 - - [14/May/2015:02:18:02 -0500] "HEAD / HTTP/1.1" 200 -
66.249.64.253 - - [14/May/2015:02:18:11 -0500] "GET /BLA/boletinlegal/jurisprudencia/analisis/Analisis%20Sentencia%20T-1077,%202%20corregida.doc HTTP/1.1" 304 -
180.76.5.75 - - [14/May/2015:02:18:13 -0500] "GET /BLA/resoluciones/RESOLUCIONES%202007/RES%202007%202501%20AL%202600/RESOLUCION%202506%20DE%202007.pdf HTTP/1.1" 200 15750
180.76.5.171 - - [14/May/2015:02:18:30 -0500] "GET /BLA/boletinlegal;jsessionid=F4C5D4EACC8248CD6087184F2670909B?/? HTTP/1.1" 404 1018
188.165.15.187 - - [14/May/2015:02:18:45 -0500] "GET /galeria/galeria/fotos/Entrenube3G.jpg HTTP/1.1" 200 138221
180.76.5.189 - - [14/May/2015:02:18:47 -0500] "GET /BLA/resoluciones/AUTOS%202009/1522.pdf HTTP/1.1" 200 98150
190.25.70.48 - - [14/May/2015:02:18:53 -0500] "POST /forms/lservlet;jsessionid=ac16012b30d6697817a9e4f24e4ca88489c64781c16c.e3iSbxaKaheRe3eNbhaPbhuQa41ynknvrkLOlQzNp65In0 HTTP/1.1" 200 2
180.76.5.169 - - [14/May/2015:02:19:05 -0500] "GET /BLA/resoluciones/RESOLUCIONES%202007/RES%202007%20801%20AL%20900/RESOLUCION%200817%20DE%202007.pdf HTTP/1.1" 200 165129
66.249.64.223 - - [14/May/2015:02:19:11 -0500] "GET /BLA/resoluciones/AUTOS%202008/0101.pdf HTTP/1.1" 200 157633
180.76.5.17 - - [14/May/2015:02:19:22 -0500] "GET /BLA/resoluciones/RESOLUCIONES%202009/2919.pdf HTTP/1.1" 200 1040234
220.181.108.182 - - [14/May/2015:02:19:27 -0500] "GET / HTTP/1.1" 200 10190
180.76.5.154 - - [14/May/2015:02:19:39 -0500] "GET /BLA/resoluciones/AUTOS%202013/3394.pdf HTTP/1.1" 200 515971
199.21.99.202 - - [14/May/2015:02:19:54 -0500] "GET /videos/23demayo/mediaplayer.swf HTTP/1.1" 200 39987
180.76.5.175 - - [14/May/2015:02:19:57 -0500] "GET /BLA/boletinlegal;jsessionid=7333BA1258A9A1DC4CA266B917197E37?/? HTTP/1.1" 404 1018
180.76.5.65 - - [14/May/2015:02:20:14 -0500] "GET /BLA/resoluciones/RESOLUCIONES%202008/2607.pdf HTTP/1.1" 200 72795
180.76.5.80 - - [14/May/2015:02:20:31 -0500] "GET /BLA/resoluciones/RESOLUCIONES%202007/RES%202007%202401%20AL%202500/RESOLUCION%202437%20DE%202007.pdf HTTP/1.1" 200 513081
66.249.64.233 - - [14/May/2015:02:20:41 -0500] "GET /BLA/resoluciones/AUTOS%202008/3367.pdf HTTP/1.1" 200 97485
180.76.5.190 - - [14/May/2015:02:20:48 -0500] "GET /BLA/resoluciones/AUTOS%202012/1249.pdf HTTP/1.1" 200 225902
188.165.15.187 - - [14/May/2015:02:20:50 -0500] "GET /BLA/resoluciones/RESOLUCIONES%202004/RES%202004%201051-1100/00001086.tif HTTP/1.1" 200 160586
190.25.70.48 - - [14/May/2015:02:20:53 -0500] "POST /forms/lservlet;jsessionid=ac16012b30d6697817a9e4f24e4ca88489c64781c16c.e3iSbxaKaheRe3eNbhaPbhuQa41ynknvrkLOlQzNp65In0 HTTP/1.1" 200 2
66.249.64.223 - - [14/May/2015:02:21:04 -0500] "GET /BLA/resoluciones/RESOLUCIONES%202011/0358.pdf HTTP/1.1" 200 91127
180.76.5.74 - - [14/May/2015:02:21:06 -0500] "GET /BLA/resoluciones/AUTOS%202010/6565.pdf HTTP/1.1" 200 150395
180.76.5.149 - - [14/May/2015:02:21:23 -0500] "GET /BLA/resoluciones/RESOLUCIONES%202008/4579.pdf HTTP/1.1" 200 28429
66.249.64.253 - - [14/May/2015:02:21:28 -0500] "GET /BLA/boletinlegal/jurisprudencia/analisis/CUADRO%20ANALISIS%20SENTENCIA%20T-411%20DE%201992.doc HTTP/1.1" 304 -
180.76.5.172 - - [14/May/2015:02:21:40 -0500] "GET /BLA/resoluciones/RESOLUCIONES%202007/RES%202007%20901%20AL%201000/RESOLUCION%200968%20DE%202007.pdf HTTP/1.1" 200 34248
180.76.5.66 - - [14/May/2015:02:21:58 -0500] "GET /BLA/boletinlegal;jsessionid=D5A6BC0EB4A1EC1E8779DE178D88A47E?/? HTTP/1.1" 404 1018
188.165.15.187 - - [14/May/2015:02:21:58 -0500] "GET /BLA/resoluciones/RESOLUCIONES%202006/RES%202006%202701-2750/00002717.tif HTTP/1.1" 200 111226
180.76.5.22 - - [14/May/2015:02:22:15 -0500] "GET /BLA/resoluciones/AUTOS%202010/0611.pdf HTTP/1.1" 200 162706
180.76.5.149 - - [14/May/2015:02:22:32 -0500] "GET /BLA/boletinlegal;jsessionid=1E480870E536A27FC5D8FDC10ACE35B8?/? HTTP/1.1" 404 1018
180.76.5.167 - - [14/May/2015:02:22:49 -0500] "GET /BLA/resoluciones/AUTOS%202010/1424.pdf HTTP/1.1" 200 267171
190.25.70.48 - - [14/May/2015:02:22:53 -0500] "POST /forms/lservlet;jsessionid=ac16012b30d6697817a9e4f24e4ca88489c64781c16c.e3iSbxaKaheRe3eNbhaPbhuQa41ynknvrkLOlQzNp65In0 HTTP/1.1" 200 2
74.86.158.107 - - [14/May/2015:02:23:02 -0500] "HEAD / HTTP/1.1" 200 -
180.76.5.194 - - [14/May/2015:02:23:07 -0500] "GET /BLA/resoluciones/RESOLUCIONES%202008/0920.pdf HTTP/1.1" 200 218338
66.249.64.228 - - [14/May/2015:02:23:11 -0500] "GET /BLA/resoluciones/AUTOS%202008/1292.pdf HTTP/1.1" 200 70708
180.76.5.57 - - [14/May/2015:02:23:24 -0500] "GET /BLA/resoluciones/AUTOS%202011/0009.pdf HTTP/1.1" 200 202441
180.76.5.25 - - [14/May/2015:02:23:41 -0500] "GET /BLA/resoluciones/RESOLUCIONES%202008/2925.pdf HTTP/1.1" 200 254850
81.45.47.229 - - [14/May/2015:02:23:48 -0500] "GET /BLA/boletinlegal/js/jquery.scrollTo-min.js HTTP/1.1" 200 1150
81.45.47.229 - - [14/May/2015:02:23:48 -0500] "GET /BLA/boletinlegal/js/jquery.scrollShow.js HTTP/1.1" 200 4586
81.45.47.229 - - [14/May/2015:02:23:48 -0500] "GET /galeria/galeria/jquery.fancybox.js?v=2.1.5 HTTP/1.1" 200 48706
81.45.47.229 - - [14/May/2015:02:23:48 -0500] "GET /galeria/galeria/jquery.fancybox.css?v=2.1.5 HTTP/1.1" 200 4895
81.45.47.229 - - [14/May/2015:02:23:54 -0500] "GET /galeria/galeria/jquery.fancybox.js?v=2.1.5 HTTP/1.1" 200 48706
81.45.47.229 - - [14/May/2015:02:23:54 -0500] "GET /galeria/galeria/jquery.fancybox.css?v=2.1.5 HTTP/1.1" 200 4895
81.45.47.229 - - [14/May/2015:02:23:54 -0500] "GET /BLA/boletinlegal/js/jquery.scrollTo-min.js HTTP/1.1" 200 1150
81.45.47.229 - - [14/May/2015:02:23:54 -0500] "GET /BLA/boletinlegal/js/jquery.scrollShow.js HTTP/1.1" 200 4586
180.76.5.76 - - [14/May/2015:02:23:59 -0500] "GET /BLA/resoluciones/RESOLUCIONES%202007/RES%202007%201001%20AL%201100/RESOLUCION%201017%20DE%202007.pdf HTTP/1.1" 200 28107
46.229.170.197 - - [14/May/2015:02:23:59 -0500] "GET / HTTP/1.1" 200 10190
188.165.15.187 - - [14/May/2015:02:24:14 -0500] "GET /BLA/resoluciones/RESOLUCIONES%202005/RES%202005%20951-1000/00000972.tif HTTP/1.1" 200 200750
180.76.5.72 - - [14/May/2015:02:24:16 -0500] "GET /BLA/resoluciones/RESOLUCIONES%202008/2320.pdf HTTP/1.1" 200 357199
180.76.5.17 - - [14/May/2015:02:24:33 -0500] "GET /BLA/resoluciones/AUTOS%202012/2664.pdf HTTP/1.1" 200 319696
190.26.47.132 - - [14/May/2015:02:24:36 -0500] "GET /BLA/resoluciones/AUTOS%202012/0324.pdf HTTP/1.1" 200 313480
190.26.47.132 - - [14/May/2015:02:24:36 -0500] "GET /BLA/resoluciones/AUTOS%202012/0324.pdf HTTP/1.1" 200 313480
66.249.64.243 - - [14/May/2015:02:24:44 -0500] "GET /Anexos%20estudio%20Organizacional%20SDA/ANEXO%20No.%203-%20CONTRATACI%C3%93N%20%20OPS%C2%B4s%202008-2012/CONTRATOS%20SDA%202012%20POR%20DEPENDENCIA.xls HTTP/1.1" 304 -
180.76.5.77 - - [14/May/2015:02:24:50 -0500] "GET /BLA/resoluciones/RESOLUCIONES%202007/RES%202007%203401%20AL%203500/RESOLUCION%203454%20DE%202007.pdf HTTP/1.1" 200 170285
190.25.70.48 - - [14/May/2015:02:24:53 -0500] "POST /forms/lservlet;jsessionid=ac16012b30d6697817a9e4f24e4ca88489c64781c16c.e3iSbxaKaheRe3eNbhaPbhuQa41ynknvrkLOlQzNp65In0 HTTP/1.1" 200 2
66.249.64.233 - - [14/May/2015:02:24:54 -0500] "GET /BLA/resoluciones/AUTOS%202008/3256.pdf HTTP/1.1" 200 50580
180.76.5.75 - - [14/May/2015:02:25:08 -0500] "GET /BLA/boletinlegal;jsessionid=79818E9BBC50BBB0869CD6D584FBEEF5?/? HTTP/1.1" 404 1018
180.76.5.95 - - [14/May/2015:02:25:25 -0500] "GET /BLA/resoluciones/AUTOS%202013/2282.pdf HTTP/1.1" 200 558071
180.76.5.197 - - [14/May/2015:02:25:42 -0500] "GET /BLA/resoluciones/AUTOS%202011/2023.pdf HTTP/1.1" 200 206724
180.76.5.74 - - [14/May/2015:02:25:59 -0500] "GET /BLA/resoluciones/RESOLUCIONES%202008/5637.pdf HTTP/1.1" 200 206552
66.249.64.233 - - [14/May/2015:02:26:13 -0500] "GET /BLA/resoluciones/RESOLUCIONES%202009/3985.pdf HTTP/1.1" 200 872012
180.76.5.75 - - [14/May/2015:02:26:17 -0500] "GET /BLA/resoluciones/RESOLUCIONES%202008/1617.pdf HTTP/1.1" 200 593824
66.249.64.228 - - [14/May/2015:02:26:33 -0500] "GET /BLA/resoluciones/AUTOS%202008/2635.pdf HTTP/1.1" 200 63339
180.76.5.23 - - [14/May/2015:02:26:34 -0500] "GET /BLA/resoluciones/AUTOS%202009/2729.pdf HTTP/1.1" 200 94195
180.76.5.22 - - [14/May/2015:02:26:51 -0500] "GET /BLA/resoluciones/AUTOS%202009/0892.pdf HTTP/1.1" 200 122286
190.25.70.48 - - [14/May/2015:02:26:54 -0500] "POST /forms/lservlet;jsessionid=ac16012b30d6697817a9e4f24e4ca88489c64781c16c.e3iSbxaKaheRe3eNbhaPbhuQa41ynknvrkLOlQzNp65In0 HTTP/1.1" 200 2
180.76.5.144 - - [14/May/2015:02:27:09 -0500] "GET /BLA/resoluciones/AUTOS%202012/2025.pdf HTTP/1.1" 200 2081649
180.76.5.57 - - [14/May/2015:02:27:26 -0500] "GET /BLA/resoluciones/RESOLUCIONES%202008/0926.pdf HTTP/1.1" 200 194707
200.118.55.51 - - [14/May/2015:02:27:36 -0500] "GET /galeria/galeria/jquery.fancybox.css?v=2.1.5 HTTP/1.1" 200 4895
200.118.55.51 - - [14/May/2015:02:27:36 -0500] "GET /BLA/boletinlegal/js/jquery.scrollShow.js HTTP/1.1" 200 4586
200.118.55.51 - - [14/May/2015:02:27:36 -0500] "GET /galeria/galeria/jquery.fancybox.js?v=2.1.5 HTTP/1.1" 200 48706
200.118.55.51 - - [14/May/2015:02:27:36 -0500] "GET /BLA/boletinlegal/js/jquery.scrollTo-min.js HTTP/1.1" 200 1150
188.165.15.187 - - [14/May/2015:02:27:38 -0500] "GET /BLA/resoluciones/RESOLUCIONES%202005/RES%202005%202451-2500/00002468.tif HTTP/1.1" 200 265466
200.118.55.51 - - [14/May/2015:02:27:40 -0500] "GET /BLA/boletinlegal/js/jquery.scrollTo-min.js HTTP/1.1" 304 -
200.118.55.51 - - [14/May/2015:02:27:40 -0500] "GET /BLA/boletinlegal/js/jquery.scrollShow.js HTTP/1.1" 304 -
200.118.55.51 - - [14/May/2015:02:27:40 -0500] "GET /galeria/galeria/jquery.fancybox.js?v=2.1.5 HTTP/1.1" 304 -
200.118.55.51 - - [14/May/2015:02:27:40 -0500] "GET /galeria/galeria/jquery.fancybox.css?v=2.1.5 HTTP/1.1" 304 -
180.76.5.175 - - [14/May/2015:02:27:43 -0500] "GET /BLA/resoluciones/RESOLUCIONES%202007/RES%202007%20701%20AL%20800/RESOLUCION%200794%20DE%202007.pdf HTTP/1.1" 200 94272
66.249.64.228 - - [14/May/2015:02:27:50 -0500] "GET /BLA/resoluciones/AUTOS%202008/3453.pdf HTTP/1.1" 200 171474
180.76.5.172 - - [14/May/2015:02:28:00 -0500] "GET /BLA/boletinlegal;jsessionid=51498F079934BEFDE202E2677A827402?/? HTTP/1.1" 404 1018
74.86.158.107 - - [14/May/2015:02:28:02 -0500] "HEAD / HTTP/1.1" 200 -
66.249.64.253 - - [14/May/2015:02:28:08 -0500] "GET /BLA/boletinlegal/jurisprudencia.php HTTP/1.1" 200 10741
180.76.5.168 - - [14/May/2015:02:28:18 -0500] "GET /BLA/resoluciones/RESOLUCIONES%202008/3853.pdf HTTP/1.1" 200 430129
180.76.5.61 - - [14/May/2015:02:28:35 -0500] "GET /BLA/resoluciones/RESOLUCIONES%202009/7575.pdf HTTP/1.1" 200 491017
180.76.5.153 - - [14/May/2015:02:28:52 -0500] "GET /BLA/resoluciones/AUTOS%202010/2272.pdf HTTP/1.1" 200 1779500
190.25.70.48 - - [14/May/2015:02:28:54 -0500] "POST /forms/lservlet;jsessionid=ac16012b30d6697817a9e4f24e4ca88489c64781c16c.e3iSbxaKaheRe3eNbhaPbhuQa41ynknvrkLOlQzNp65In0 HTTP/1.1" 200 2
66.249.64.233 - - [14/May/2015:02:28:56 -0500] "GET /BLA/resoluciones/AUTOS%202008/1143.pdf HTTP/1.1" 200 64243
180.76.5.146 - - [14/May/2015:02:29:10 -0500] "GET /BLA/resoluciones/AUTOS%202011/0486.pdf HTTP/1.1" 200 94723
180.76.5.69 - - [14/May/2015:02:29:27 -0500] "GET /BLA/resoluciones/AUTOS%202010/4406.pdf HTTP/1.1" 200 322481
180.76.5.144 - - [14/May/2015:02:29:44 -0500] "GET /BLA/boletinlegal;jsessionid=E50455EAAA68066FC810B9B19E5EE17E?/? HTTP/1.1" 404 1018
188.165.15.187 - - [14/May/2015:02:29:49 -0500] "GET /BLA/resoluciones/RESOLUCIONES%202005/RES%202005%201051-1100/00001054.tif HTTP/1.1" 200 203082
180.76.5.147 - - [14/May/2015:02:30:02 -0500] "GET /BLA/resoluciones/RESOLUCIONES%202007/RES%202007%201726%20AL%201800/RESOLUCION%201762%20DE%202007.pdf HTTP/1.1" 200 1329114
180.76.5.74 - - [14/May/2015:02:30:19 -0500] "GET /BLA/resoluciones/AUTOS%202010/3991.pdf HTTP/1.1" 200 332214
180.76.5.189 - - [14/May/2015:02:30:36 -0500] "GET /BLA/resoluciones/AUTOS%202009/1342.pdf HTTP/1.1" 200 92819
180.76.5.81 - - [14/May/2015:02:30:53 -0500] "GET /BLA/resoluciones/RESOLUCIONES%202007/RES%202007%203201%20AL%203300/RESOLUCION%203257%20%20DE%202007.pdf HTTP/1.1" 200 2739878
190.25.70.48 - - [14/May/2015:02:30:54 -0500] "POST /forms/lservlet;jsessionid=ac16012b30d6697817a9e4f24e4ca88489c64781c16c.e3iSbxaKaheRe3eNbhaPbhuQa41ynknvrkLOlQzNp65In0 HTTP/1.1" 200 2
180.76.5.192 - - [14/May/2015:02:31:11 -0500] "GET /BLA/resoluciones/AUTOS%202013/1462.pdf HTTP/1.1" 200 784678
66.249.64.233 - - [14/May/2015:02:31:22 -0500] "GET /BLA/resoluciones/RESOLUCIONES%202010/4074.pdf HTTP/1.1" 200 570378
180.76.5.61 - - [14/May/2015:02:31:28 -0500] "GET /BLA/resoluciones/RESOLUCIONES%202007/RES%202007%202601%20AL%202700/RESOLUCION%202678%20DE%202007.pdf HTTP/1.1" 200 70732
66.249.64.228 - - [14/May/2015:02:31:31 -0500] "GET /BLA/resoluciones/AUTOS%202007/3056.pdf HTTP/1.1" 200 141034
180.76.5.23 - - [14/May/2015:02:31:45 -0500] "GET /BLA/resoluciones/AUTOS%202012/0873.pdf HTTP/1.1" 200 732150
180.76.5.147 - - [14/May/2015:02:32:03 -0500] "GET /BLA/resoluciones/RESOLUCIONES%202007/RES%202007%203801%20AL%203900/RESOLUCION%203878%20DE%202007.pdf HTTP/1.1" 200 284807
180.76.5.19 - - [14/May/2015:02:32:20 -0500] "GET /BLA/resoluciones/RESOLUCIONES%202008/0371.pdf HTTP/1.1" 200 263923
199.195.118.53 - - [14/May/2015:02:32:25 -0500] "GET / HTTP/1.1" 200 10190
180.76.5.196 - - [14/May/2015:02:32:37 -0500] "GET /BLA/resoluciones/RESOLUCIONES%202007/RES%202007%201201%20AL%201300/RESOLUCION%201202%20DE%202007.pdf HTTP/1.1" 200 1255375
190.25.70.48 - - [14/May/2015:02:32:54 -0500] "POST /forms/lservlet;jsessionid=ac16012b30d6697817a9e4f24e4ca88489c64781c16c.e3iSbxaKaheRe3eNbhaPbhuQa41ynknvrkLOlQzNp65In0 HTTP/1.1" 200 2
180.76.5.18 - - [14/May/2015:02:32:54 -0500] "GET /BLA/resoluciones/AUTOS%202013/0660.pdf HTTP/1.1" 200 1007243
74.86.158.107 - - [14/May/2015:02:33:02 -0500] "HEAD / HTTP/1.1" 200 -
180.76.5.24 - - [14/May/2015:02:33:12 -0500] "GET /BLA/resoluciones/AUTOS%202012/1930.pdf HTTP/1.1" 200 606916
180.76.5.191 - - [14/May/2015:02:33:29 -0500] "GET /BLA/resoluciones/RESOLUCIONES%202008/3011.pdf HTTP/1.1" 200 205132
66.249.64.248 - - [14/May/2015:02:33:37 -0500] "GET /Anexos%20estudio%20Organizacional%20SDA/ANEXO%20No.%201-%20NORMAS%20LEGALES%20DE%20ESTRUCTURA%20Y%20PLANTA/Acuerdo%20257%20de%202006%20-%20Estructura%20organizaci%C3%B3n%20y%20funcionamiento%20de%20la%20Adm.%20Distrital.jsp_files/FFFFFFsl.gif HTTP/1.1" 200 83
180.76.5.18 - - [14/May/2015:02:33:46 -0500] "GET /BLA/resoluciones/AUTOS%202009/0055.pdf HTTP/1.1" 200 104147
180.76.5.69 - - [14/May/2015:02:34:03 -0500] "GET /BLA/resoluciones/AUTOS%202010/4629.pdf HTTP/1.1" 200 483283
180.76.5.144 - - [14/May/2015:02:34:21 -0500] "GET /BLA/resoluciones/AUTOS%202009/2303.pdf HTTP/1.1" 200 156918
66.249.64.223 - - [14/May/2015:02:34:29 -0500] "GET /BLA/resoluciones/AUTOS%202008/0546.pdf HTTP/1.1" 200 97727
180.76.5.177 - - [14/May/2015:02:34:38 -0500] "GET /BLA/resoluciones/AUTOS%202010/1459.pdf HTTP/1.1" 200 155692
190.25.70.48 - - [14/May/2015:02:34:54 -0500] "POST /forms/lservlet;jsessionid=ac16012b30d6697817a9e4f24e4ca88489c64781c16c.e3iSbxaKaheRe3eNbhaPbhuQa41ynknvrkLOlQzNp65In0 HTTP/1.1" 200 2
66.249.64.228 - - [14/May/2015:02:34:54 -0500] "GET /BLA/resoluciones/RESOLUCIONES%202009/0066.pdf HTTP/1.1" 304 -
180.76.5.24 - - [14/May/2015:02:34:55 -0500] "GET /BLA/resoluciones/RESOLUCIONES%202008/2987.pdf HTTP/1.1" 200 318090
180.76.5.60 - - [14/May/2015:02:35:13 -0500] "GET /BLA/resoluciones/RESOLUCIONES%202008/0886.pdf HTTP/1.1" 200 38805
180.76.5.152 - - [14/May/2015:02:35:30 -0500] "GET /BLA/boletinlegal;jsessionid=99659530A6DE0EA12A570B2AACA72BB7?/? HTTP/1.1" 404 1018
66.249.64.223 - - [14/May/2015:02:35:45 -0500] "GET /BLA/resoluciones/AUTOS%202008/0536.pdf HTTP/1.1" 200 173328
180.76.5.76 - - [14/May/2015:02:35:47 -0500] "GET /BLA/resoluciones/AUTOS%202009/3211.pdf HTTP/1.1" 200 208239
188.165.15.187 - - [14/May/2015:02:36:00 -0500] "GET /BLA/resoluciones/RESOLUCIONES%202002/RES%202002%201451-1500/20021474.tif HTTP/1.1" 200 88530
180.76.5.145 - - [14/May/2015:02:36:04 -0500] "GET /BLA/resoluciones/AUTOS%202013/1299.pdf HTTP/1.1" 200 669699
66.249.64.233 - - [14/May/2015:02:36:12 -0500] "GET /BLA/resoluciones/AUTOS%202008/1032.pdf HTTP/1.1" 200 84942
185.10.104.196 - - [14/May/2015:02:36:22 -0500] "GET /BLA/boletinlegal;jsessionid=E34DD362AAB38DB845F57F5EA14AE346?/? HTTP/1.1" 404 1018
180.76.5.59 - - [14/May/2015:02:36:39 -0500] "GET /BLA/resoluciones/AUTOS%202009/1000.pdf HTTP/1.1" 200 161284
190.25.70.48 - - [14/May/2015:02:36:54 -0500] "POST /forms/lservlet;jsessionid=ac16012b30d6697817a9e4f24e4ca88489c64781c16c.e3iSbxaKaheRe3eNbhaPbhuQa41ynknvrkLOlQzNp65In0 HTTP/1.1" 200 2
180.76.5.176 - - [14/May/2015:02:36:56 -0500] "GET /BLA/resoluciones/AUTOS%202012/0259.pdf HTTP/1.1" 200 244756
66.249.64.233 - - [14/May/2015:02:37:11 -0500] "GET /BLA/resoluciones/AUTOS%202008/2908.pdf HTTP/1.1" 200 158441
180.76.5.67 - - [14/May/2015:02:37:14 -0500] "GET /BLA/boletinlegal;jsessionid=A899A989B74C76814BE7F116F7C273F0?/? HTTP/1.1" 404 1018
180.76.5.19 - - [14/May/2015:02:37:31 -0500] "GET /BLA/resoluciones/AUTOS%202010/6605.pdf HTTP/1.1" 200 167911
180.76.5.62 - - [14/May/2015:02:37:48 -0500] "GET /BLA/boletinlegal;jsessionid=A930CF2082D3E0BC194B432B59F34A0A?/? HTTP/1.1" 404 1018
199.67.131.148 - - [14/May/2015:02:37:50 -0500] "GET /BLA/resoluciones/AUTOS%202012/0458.pdf HTTP/1.1" 304 -
74.86.158.107 - - [14/May/2015:02:38:02 -0500] "HEAD / HTTP/1.1" 200 -
179.51.96.3 - - [14/May/2015:02:38:03 -0500] "GET /BLA/resoluciones/RESOLUCIONES%202007/RES%202007%202501%20AL%202600/RESOLUCION%202565%20DE%202007.pdf HTTP/1.1" 200 197223
179.51.96.3 - - [14/May/2015:02:38:03 -0500] "GET /favicon.ico HTTP/1.1" 200 7782
179.51.96.3 - - [14/May/2015:02:38:03 -0500] "GET /BLA/resoluciones/RESOLUCIONES%202007/RES%202007%202501%20AL%202600/RESOLUCION%202565%20DE%202007.pdf HTTP/1.1" 206 32768
179.51.96.3 - - [14/May/2015:02:38:04 -0500] "GET /BLA/resoluciones/RESOLUCIONES%202007/RES%202007%202501%20AL%202600/RESOLUCION%202565%20DE%202007.pdf HTTP/1.1" 206 164455
180.76.5.188 - - [14/May/2015:02:38:05 -0500] "GET /BLA/resoluciones/AUTOS%202012/2366.pdf HTTP/1.1" 200 969749
66.249.64.233 - - [14/May/2015:02:38:17 -0500] "GET /BLA/resoluciones/RESOLUCIONES%202008/4249.pdf HTTP/1.1" 200 341273
180.76.5.193 - - [14/May/2015:02:38:23 -0500] "GET /BLA/resoluciones/AUTOS%202013/3352.pdf HTTP/1.1" 200 750528
180.76.5.23 - - [14/May/2015:02:38:40 -0500] "GET /BLA/resoluciones/AUTOS%202014/1866.pdf HTTP/1.1" 200 277448
190.25.70.48 - - [14/May/2015:02:38:54 -0500] "POST /forms/lservlet;jsessionid=ac16012b30d6697817a9e4f24e4ca88489c64781c16c.e3iSbxaKaheRe3eNbhaPbhuQa41ynknvrkLOlQzNp65In0 HTTP/1.1" 200 2
180.76.5.80 - - [14/May/2015:02:38:57 -0500] "GET /BLA/resoluciones/RESOLUCIONES%202007/RES%202007%201901%20AL%202000/RESOLUCION%201931%20DE%202007.pdf HTTP/1.1" 200 132159
180.76.5.28 - - [14/May/2015:02:39:15 -0500] "GET /BLA/boletinlegal;jsessionid=10E8A8E523F4C6205E3DD0ED60822910?/? HTTP/1.1" 404 1018
180.76.5.167 - - [14/May/2015:02:39:32 -0500] "GET /BLA/resoluciones/AUTOS%202009/0986.pdf HTTP/1.1" 200 116642
180.76.5.169 - - [14/May/2015:02:39:49 -0500] "GET /BLA/resoluciones/AUTOS%202013/2203.pdf HTTP/1.1" 200 573228
188.165.15.187 - - [14/May/2015:02:39:55 -0500] "GET /BLA/resoluciones/RESOLUCIONES%202005/RES%202005%20751-800/00000773.tif HTTP/1.1" 200 139496
180.76.5.60 - - [14/May/2015:02:40:06 -0500] "GET /BLA/boletinlegal;jsessionid=EF86934087A92CC829630128EC7F7B5E?/? HTTP/1.1" 404 1018
180.76.5.194 - - [14/May/2015:02:40:24 -0500] "GET /BLA/resoluciones/AUTOS%202009/1479.pdf HTTP/1.1" 200 185636
66.249.64.233 - - [14/May/2015:02:40:26 -0500] "GET /BLA/resoluciones/RESOLUCIONES%202010/2295.pdf HTTP/1.1" 304 -
180.76.5.152 - - [14/May/2015:02:40:41 -0500] "GET /BLA/resoluciones/AUTOS%202009/2133.pdf HTTP/1.1" 200 85089
190.25.70.48 - - [14/May/2015:02:40:54 -0500] "POST /forms/lservlet;jsessionid=ac16012b30d6697817a9e4f24e4ca88489c64781c16c.e3iSbxaKaheRe3eNbhaPbhuQa41ynknvrkLOlQzNp65In0 HTTP/1.1" 200 2
180.76.5.81 - - [14/May/2015:02:40:58 -0500] "GET /BLA/resoluciones/AUTOS%202013/1323.pdf HTTP/1.1" 200 319446
188.165.15.187 - - [14/May/2015:02:41:04 -0500] "GET /BLA/resoluciones/RESOLUCIONES%202004/RES%202004%20901-950/00000929.tif HTTP/1.1" 200 171848
