66.249.73.155 - - [18/May/2015:05:31:16 -0500] "GET /BLA/resoluciones/RESOLUCIONES%202008/3161.pdf HTTP/1.1" 200 224838
180.76.5.169 - - [18/May/2015:05:31:16 -0500] "GET /BLA/resoluciones/RESOLUCIONES%202007/RES%202007%202001%20AL%202100/RESOLUCION%202008%20DE%202007.pdf HTTP/1.1" 200 804473
199.195.118.53 - - [18/May/2015:05:32:26 -0500] "GET / HTTP/1.1" 200 10190
66.249.73.163 - - [18/May/2015:05:32:30 -0500] "GET /BLA/resoluciones/AUTOS%202009/1934.pdf HTTP/1.1" 200 153960
180.76.5.94 - - [18/May/2015:05:32:51 -0500] "GET /BLA/resoluciones/AUTOS%202012/2316.pdf HTTP/1.1" 200 564914
180.76.5.192 - - [18/May/2015:05:33:26 -0500] "GET /BLA/resoluciones/RESOLUCIONES%202008/1770.pdf HTTP/1.1" 200 51301
180.76.5.65 - - [18/May/2015:05:33:43 -0500] "GET /BLA/boletinlegal;jsessionid=B4325251D608DBF9EAA7D0C49E28D3F9?/? HTTP/1.1" 404 1018
66.249.73.171 - - [18/May/2015:05:33:44 -0500] "GET /BLA/resoluciones/RESOLUCIONES%202010/2514.pdf HTTP/1.1" 304 -
188.165.15.148 - - [18/May/2015:05:33:54 -0500] "GET /BLA/resoluciones/index.php?dir=RESOLUCIONES%202015/&sort=date&order=asc HTTP/1.1" 200 4252
180.76.5.152 - - [18/May/2015:05:34:00 -0500] "GET /BLA/resoluciones/AUTOS%202009/1806.pdf HTTP/1.1" 200 346960
180.76.5.76 - - [18/May/2015:05:34:18 -0500] "GET /BLA/boletinlegal;jsessionid=73C66B307CA7256919A8322A04DCE054?/? HTTP/1.1" 404 1018
186.80.85.71 - - [18/May/2015:05:34:27 -0500] "GET /BLA/boletinlegal/js/jquery.scrollTo-min.js HTTP/1.1" 200 1150
186.80.85.71 - - [18/May/2015:05:34:27 -0500] "GET /galeria/galeria/jquery.fancybox.js?v=2.1.5 HTTP/1.1" 200 48706
186.80.85.71 - - [18/May/2015:05:34:27 -0500] "GET /BLA/boletinlegal/js/jquery.scrollShow.js HTTP/1.1" 200 4586
186.80.85.71 - - [18/May/2015:05:34:27 -0500] "GET /galeria/galeria/jquery.fancybox.css?v=2.1.5 HTTP/1.1" 200 4895
66.249.73.171 - - [18/May/2015:05:34:28 -0500] "GET /galeria/nivo-slider/demo/demo.html HTTP/1.1" 200 4417
180.76.5.78 - - [18/May/2015:05:34:35 -0500] "GET /BLA/boletinlegal;jsessionid=D2FFBB7E7CD02300A3659163ED08E3C8?/? HTTP/1.1" 404 1018
180.76.5.26 - - [18/May/2015:05:34:52 -0500] "GET /BLA/boletinlegal;jsessionid=0AFA02E8E385B3B663B7BE81FB3C83E4?/? HTTP/1.1" 404 1018
66.249.73.163 - - [18/May/2015:05:34:59 -0500] "GET /BLA/resoluciones/RESOLUCIONES%202010/3250.pdf HTTP/1.1" 200 759571
180.76.5.22 - - [18/May/2015:05:35:09 -0500] "GET /BLA/resoluciones/RESOLUCIONES%202007/RES%202007%201726%20AL%201800/RESOLUCION%201796%20DE%202007.pdf HTTP/1.1" 200 1347535
180.76.5.148 - - [18/May/2015:05:35:27 -0500] "GET /BLA/resoluciones/AUTOS%202009/0762.pdf HTTP/1.1" 200 209851
207.46.13.120 - - [18/May/2015:05:35:36 -0500] "GET /dama/libreria/pdf/formularios/FUN_Sol_lic_amb.pdf HTTP/1.1" 404 1019
208.113.171.200 - - [18/May/2015:05:35:37 -0500] "GET /wordpress/wp-admin/ HTTP/1.1" 404 1018
180.76.5.149 - - [18/May/2015:05:35:44 -0500] "GET /BLA/boletinlegal;jsessionid=B29C8BA81841BCAC1969575810430F00?/? HTTP/1.1" 404 1018
180.76.5.195 - - [18/May/2015:05:36:01 -0500] "GET /BLA/resoluciones/AUTOS%202013/1639.pdf HTTP/1.1" 200 1680170
66.249.73.163 - - [18/May/2015:05:36:14 -0500] "GET /BLA/resoluciones/RESOLUCIONES%202011/3685.pdf HTTP/1.1" 200 785442
180.76.5.190 - - [18/May/2015:05:36:19 -0500] "GET /BLA/resoluciones/RESOLUCIONES%202007/RES%202007%202001%20AL%202100/RESOLUCION%202014%20DE%202007.pdf HTTP/1.1" 200 870864
180.76.5.28 - - [18/May/2015:05:36:36 -0500] "GET /BLA/boletinlegal;jsessionid=4AE609382E220E01FEB6B2AECBEAC337?/? HTTP/1.1" 404 1018
180.76.5.143 - - [18/May/2015:05:36:53 -0500] "GET /BLA/resoluciones/RESOLUCIONES%202009/8092.pdf HTTP/1.1" 200 584171
180.76.5.148 - - [18/May/2015:05:37:11 -0500] "GET /BLA/resoluciones/RESOLUCIONES%202010/0265.pdf HTTP/1.1" 200 429427
180.76.5.146 - - [18/May/2015:05:37:28 -0500] "GET /BLA/resoluciones/RESOLUCIONES%202008/0603.pdf HTTP/1.1" 200 165754
66.249.73.163 - - [18/May/2015:05:37:30 -0500] "GET /BLA/resoluciones/AUTOS%202014/4394.pdf HTTP/1.1" 304 -
180.76.5.170 - - [18/May/2015:05:37:45 -0500] "GET /BLA/resoluciones/AUTOS%202011/0489.pdf HTTP/1.1" 200 376421
180.76.5.189 - - [18/May/2015:05:38:02 -0500] "GET /BLA/resoluciones/RESOLUCIONES%202008/4951.pdf HTTP/1.1" 200 216002
180.76.5.177 - - [18/May/2015:05:38:20 -0500] "GET /BLA/boletinlegal;jsessionid=DA45F89FDBDFDFE28F0CADC69EC47301?/? HTTP/1.1" 404 1018
66.249.73.155 - - [18/May/2015:05:38:34 -0500] "GET /galeria/galeria/fotos/juan-amarillo3G.jpg HTTP/1.1" 304 -
68.150.60.220 - - [18/May/2015:05:38:36 -0500] "GET /webdav/x32.php HTTP/1.1" 404 1018
180.76.5.26 - - [18/May/2015:05:38:37 -0500] "GET /BLA/resoluciones/AUTOS%202013/0954.pdf HTTP/1.1" 200 2223182
66.249.73.155 - - [18/May/2015:05:38:45 -0500] "GET /reports/rwservlet/getjobid216600?server=rep_srvapsda HTTP/1.1" 200 6554
180.76.5.28 - - [18/May/2015:05:38:54 -0500] "GET /BLA/resoluciones/AUTOS%202009/2133.pdf HTTP/1.1" 200 85089
180.76.5.18 - - [18/May/2015:05:39:11 -0500] "GET /BLA/boletinlegal;jsessionid=879064A55C8129537F22EB3F521AE56E?/? HTTP/1.1" 404 1018
182.118.20.201 - - [18/May/2015:05:39:23 -0500] "GET /robots.txt HTTP/1.1" 404 1173
66.249.73.163 - - [18/May/2015:05:40:01 -0500] "GET /BLA/resoluciones/AUTOS%202009/3237.pdf HTTP/1.1" 200 191202
180.76.5.60 - - [18/May/2015:05:40:04 -0500] "GET /BLA/boletinlegal;jsessionid=1C23951ACFCD7B0A4D8FC71CA1E540ED?/? HTTP/1.1" 404 1018
66.249.65.240 - - [18/May/2015:05:40:10 -0500] "GET /portalsiaccapacitaciones/Soportes%20Capacitaciones%202014/0121.%20Presentacion%20EEB%20SGE%2009-12-14.pdf HTTP/1.1" 200 2017732
66.249.73.155 - - [18/May/2015:05:40:19 -0500] "GET /reports/images/blaf-en.css HTTP/1.1" 200 16003
180.76.5.69 - - [18/May/2015:05:40:22 -0500] "GET /BLA/resoluciones/RESOLUCIONES%202008/0025.pdf HTTP/1.1" 200 1652858
180.76.5.78 - - [18/May/2015:05:40:39 -0500] "GET /BLA/boletinlegal;jsessionid=49C09C650CC4F8ACCBB48F71A97742FC?/? HTTP/1.1" 404 1018
180.76.5.223 - - [18/May/2015:05:40:56 -0500] "GET /BLA/resoluciones/RESOLUCIONES%202008/5642.pdf HTTP/1.1" 200 236056
180.76.5.63 - - [18/May/2015:05:41:14 -0500] "GET /BLA/resoluciones/AUTOS%202014/3697.pdf HTTP/1.1" 200 2401437
66.249.73.171 - - [18/May/2015:05:41:17 -0500] "GET /BLA/resoluciones/AUTOS%202011/1351.pdf HTTP/1.1" 200 296617
180.76.5.81 - - [18/May/2015:05:41:31 -0500] "GET /BLA/resoluciones/AUTOS%202011/0840.pdf HTTP/1.1" 200 148267
180.76.5.26 - - [18/May/2015:05:42:23 -0500] "GET /BLA/resoluciones/AUTOS%202009/0588.pdf HTTP/1.1" 200 129265
66.249.73.163 - - [18/May/2015:05:42:33 -0500] "GET /BLA/resoluciones/AUTOS%202014/2202.pdf HTTP/1.1" 304 -
66.249.73.163 - - [18/May/2015:05:42:35 -0500] "GET /BLA/resoluciones/RESOLUCIONES%202003/RES%202003%201001-1050/1021.tif HTTP/1.1" 200 74920
190.245.185.245 - - [18/May/2015:05:42:57 -0500] "GET /BLA/boletinlegal/js/jquery.scrollTo-min.js HTTP/1.1" 200 1150
190.245.185.245 - - [18/May/2015:05:42:57 -0500] "GET /galeria/galeria/jquery.fancybox.css?v=2.1.5 HTTP/1.1" 200 4895
190.245.185.245 - - [18/May/2015:05:42:57 -0500] "GET /BLA/boletinlegal/js/jquery.scrollShow.js HTTP/1.1" 200 4586
190.245.185.245 - - [18/May/2015:05:42:57 -0500] "GET /galeria/galeria/jquery.fancybox.js?v=2.1.5 HTTP/1.1" 200 48706
190.245.185.245 - - [18/May/2015:05:43:04 -0500] "GET /BLA/boletinlegal/js/jquery.scrollTo-min.js HTTP/1.1" 304 -
190.245.185.245 - - [18/May/2015:05:43:04 -0500] "GET /galeria/galeria/jquery.fancybox.css?v=2.1.5 HTTP/1.1" 304 -
190.245.185.245 - - [18/May/2015:05:43:04 -0500] "GET /BLA/boletinlegal/js/jquery.scrollShow.js HTTP/1.1" 304 -
190.245.185.245 - - [18/May/2015:05:43:04 -0500] "GET /galeria/galeria/jquery.fancybox.js?v=2.1.5 HTTP/1.1" 304 -
208.113.171.200 - - [18/May/2015:05:43:29 -0500] "GET /blog/wp-admin/ HTTP/1.1" 404 1018
180.76.5.171 - - [18/May/2015:05:43:32 -0500] "GET /BLA/resoluciones/AUTOS%202013/2223.pdf HTTP/1.1" 200 803502
66.249.73.163 - - [18/May/2015:05:43:49 -0500] "GET /BLA/resoluciones/RESOLUCIONES%202007/RES%202007%20801%20AL%20900/RESOLUCION%200829%20DE%202007.pdf HTTP/1.1" 200 26676
186.167.243.7 - - [18/May/2015:05:44:07 -0500] "GET /galeria/galeria/jquery.fancybox.css?v=2.1.5 HTTP/1.1" 200 4895
186.167.243.7 - - [18/May/2015:05:44:07 -0500] "GET /BLA/boletinlegal/js/jquery.scrollTo-min.js HTTP/1.1" 200 1150
186.167.243.7 - - [18/May/2015:05:44:07 -0500] "GET /BLA/boletinlegal/js/jquery.scrollShow.js HTTP/1.1" 200 4586
186.167.243.7 - - [18/May/2015:05:44:07 -0500] "GET /galeria/galeria/jquery.fancybox.js?v=2.1.5 HTTP/1.1" 200 48706
186.167.243.7 - - [18/May/2015:05:44:21 -0500] "GET /galeria/galeria/jquery.fancybox.css?v=2.1.5 HTTP/1.1" 304 -
186.167.243.7 - - [18/May/2015:05:44:21 -0500] "GET /BLA/boletinlegal/js/jquery.scrollTo-min.js HTTP/1.1" 304 -
186.167.243.7 - - [18/May/2015:05:44:21 -0500] "GET /BLA/boletinlegal/js/jquery.scrollShow.js HTTP/1.1" 304 -
186.167.243.7 - - [18/May/2015:05:44:21 -0500] "GET /galeria/galeria/jquery.fancybox.js?v=2.1.5 HTTP/1.1" 304 -
188.165.15.148 - - [18/May/2015:05:44:46 -0500] "GET /BLA/resoluciones/index.php?dir=AUTOS+2004%2F HTTP/1.1" 200 2300
180.76.5.152 - - [18/May/2015:05:44:46 -0500] "GET /BLA/boletinlegal;jsessionid=AEDF162DC5D6BFF3883214C9767CDA1B?/? HTTP/1.1" 404 1018
66.249.73.155 - - [18/May/2015:05:45:06 -0500] "GET /BLA/resoluciones/RESOLUCIONES%202008/1795.pdf HTTP/1.1" 200 262860
180.76.5.81 - - [18/May/2015:05:45:37 -0500] "GET /BLA/resoluciones/AUTOS%202013/1594.pdf HTTP/1.1" 200 273724
180.76.5.27 - - [18/May/2015:05:45:54 -0500] "GET /BLA/resoluciones/AUTOS%202011/1951.pdf HTTP/1.1" 200 163987
103.253.166.8 - - [18/May/2015:05:46:07 -0500] "GET /ecodirectorio/files/res/flags/pl.png HTTP/1.1" 304 -
66.249.73.155 - - [18/May/2015:05:46:22 -0500] "GET /BLA/resoluciones/RESOLUCIONES%202009/2238.pdf HTTP/1.1" 200 454543
180.76.5.168 - - [18/May/2015:05:46:45 -0500] "GET /BLA/boletinlegal;jsessionid=7E090EE97B6BC9D92528C10DDE474580?/? HTTP/1.1" 404 1018
180.76.5.190 - - [18/May/2015:05:47:20 -0500] "GET /BLA/resoluciones/AUTOS%202012/2451.pdf HTTP/1.1" 200 548829
180.76.5.66 - - [18/May/2015:05:47:37 -0500] "GET /BLA/boletinlegal;jsessionid=81D032065BBD0889D46C42DAF400A387?/? HTTP/1.1" 404 1018
66.249.73.155 - - [18/May/2015:05:47:39 -0500] "GET /BLA/resoluciones/RESOLUCIONES%202009/2264.pdf HTTP/1.1" 200 723389
180.76.4.165 - - [18/May/2015:05:48:25 -0500] "GET / HTTP/1.1" 200 10190
180.76.5.177 - - [18/May/2015:05:48:28 -0500] "GET /BLA/resoluciones/RESOLUCIONES%202012/1137.pdf HTTP/1.1" 200 368817
66.249.73.155 - - [18/May/2015:05:48:56 -0500] "GET /BLA/resoluciones/RESOLUCIONES%202008/2416.pdf HTTP/1.1" 200 212330
180.76.5.57 - - [18/May/2015:05:49:16 -0500] "GET /BLA/resoluciones/AUTOS%202009/0324.pdf HTTP/1.1" 200 127812
66.249.73.155 - - [18/May/2015:05:50:13 -0500] "GET /BLA/resoluciones/RESOLUCIONES%202012/1820.pdf HTTP/1.1" 200 416785
66.249.73.171 - - [18/May/2015:05:50:42 -0500] "GET /galeria/galeria/fotos/juan-amarillo4G.jpg HTTP/1.1" 304 -
180.76.5.168 - - [18/May/2015:05:50:44 -0500] "GET /BLA/resoluciones/RESOLUCIONES%202008/4307.pdf HTTP/1.1" 200 87114
180.76.5.64 - - [18/May/2015:05:51:01 -0500] "GET /BLA/boletinlegal;jsessionid=ACDECF6F9801BCE65D9267A052C8DB7D?/? HTTP/1.1" 404 1018
180.76.5.189 - - [18/May/2015:05:51:18 -0500] "GET /BLA/boletinlegal;jsessionid=DDB401812D8C5CCF5D481A4E9BB39196?/? HTTP/1.1" 404 1018
66.249.73.163 - - [18/May/2015:05:51:29 -0500] "GET /BLA/resoluciones/AUTOS%202011/7541.pdf HTTP/1.1" 200 556104
180.76.5.57 - - [18/May/2015:05:51:35 -0500] "GET /BLA/boletinlegal;jsessionid=5F96EDEE2E1D10EE337FC44E2B9CCEC8?/? HTTP/1.1" 404 1018
180.76.5.172 - - [18/May/2015:05:51:53 -0500] "GET /BLA/resoluciones/AUTOS%202009/2047.pdf HTTP/1.1" 200 322809
208.113.171.200 - - [18/May/2015:05:52:28 -0500] "GET /wp/wp-admin/ HTTP/1.1" 404 1018
66.249.73.155 - - [18/May/2015:05:52:46 -0500] "GET /BLA/resoluciones/RESOLUCIONES%202011/2307.pdf HTTP/1.1" 200 503041
180.76.5.60 - - [18/May/2015:05:52:54 -0500] "GET /BLA/boletinlegal;jsessionid=1FE2B7105FB80F29A3CC838DC6452570?/? HTTP/1.1" 404 1018
180.76.5.23 - - [18/May/2015:05:53:11 -0500] "GET /BLA/resoluciones/RESOLUCIONES%202007/RES%202007%201901%20AL%202000/RESOLUCION%201956%20DE%202007.pdf HTTP/1.1" 200 536128
141.0.9.25 - - [18/May/2015:05:53:20 -0500] "GET /BLA/boletinlegal/js/jquery.scrollTo-min.js HTTP/1.1" 200 1150
141.0.9.25 - - [18/May/2015:05:53:20 -0500] "GET /BLA/boletinlegal/js/jquery.scrollShow.js HTTP/1.1" 200 4586
141.0.9.25 - - [18/May/2015:05:53:20 -0500] "GET /galeria/galeria/jquery.fancybox.js?v=2.1.5 HTTP/1.1" 200 48706
141.0.9.25 - - [18/May/2015:05:53:20 -0500] "GET /galeria/galeria/jquery.fancybox.css?v=2.1.5 HTTP/1.1" 200 4895
180.76.5.25 - - [18/May/2015:05:53:29 -0500] "GET /BLA/resoluciones/AUTOS%202013/0452.pdf HTTP/1.1" 200 3087889
188.165.15.148 - - [18/May/2015:05:53:41 -0500] "GET /BLA/resoluciones/AUTOS%202006/AUTOS%202006%20701-800/00000703.tif HTTP/1.1" 200 55404
180.76.5.146 - - [18/May/2015:05:53:46 -0500] "GET /BLA/boletinlegal;jsessionid=2BC6AB37D890D9D96E8F54E865638677?/? HTTP/1.1" 404 1018
190.9.201.222 - - [18/May/2015:05:54:03 -0500] "GET /galeria/galeria/jquery.fancybox.css?v=2.1.5 HTTP/1.1" 200 4895
190.9.201.222 - - [18/May/2015:05:54:03 -0500] "GET /BLA/boletinlegal/js/jquery.scrollTo-min.js HTTP/1.1" 200 1150
190.9.201.222 - - [18/May/2015:05:54:03 -0500] "GET /BLA/boletinlegal/js/jquery.scrollShow.js HTTP/1.1" 200 4586
190.9.201.222 - - [18/May/2015:05:54:03 -0500] "GET /galeria/galeria/jquery.fancybox.js?v=2.1.5 HTTP/1.1" 200 48706
66.249.73.163 - - [18/May/2015:05:54:03 -0500] "GET /BLA/resoluciones/AUTOS%202011/6256.pdf HTTP/1.1" 200 202367
66.249.73.171 - - [18/May/2015:05:54:15 -0500] "GET /BLA/resoluciones/AUTOS%202006/AUTOS%202006%202801%20-%202900/ HTTP/1.1" 200 22565
190.9.201.222 - - [18/May/2015:05:54:31 -0500] "GET /BLA/boletinlegal/js/jquery.scrollTo-min.js HTTP/1.1" 304 -
190.9.201.222 - - [18/May/2015:05:54:31 -0500] "GET /galeria/galeria/jquery.fancybox.css?v=2.1.5 HTTP/1.1" 304 -
190.9.201.222 - - [18/May/2015:05:54:32 -0500] "GET /BLA/boletinlegal/js/jquery.scrollShow.js HTTP/1.1" 304 -
190.9.201.222 - - [18/May/2015:05:54:32 -0500] "GET /galeria/galeria/jquery.fancybox.js?v=2.1.5 HTTP/1.1" 304 -
141.0.9.25 - - [18/May/2015:05:54:42 -0500] "GET /BLA/boletinlegal/js/jquery.scrollTo-min.js HTTP/1.1" 200 1150
141.0.9.25 - - [18/May/2015:05:54:42 -0500] "GET /BLA/boletinlegal/js/jquery.scrollShow.js HTTP/1.1" 200 4586
141.0.9.25 - - [18/May/2015:05:54:43 -0500] "GET /galeria/galeria/jquery.fancybox.js?v=2.1.5 HTTP/1.1" 200 48706
141.0.9.25 - - [18/May/2015:05:54:43 -0500] "GET /galeria/galeria/jquery.fancybox.css?v=2.1.5 HTTP/1.1" 200 4895
190.9.201.222 - - [18/May/2015:05:54:53 -0500] "GET /galeria/galeria/jquery.fancybox.js?v=2.1.5 HTTP/1.1" 304 -
180.76.5.69 - - [18/May/2015:05:55:14 -0500] "GET /BLA/resoluciones/RESOLUCIONES%202012/1114.pdf HTTP/1.1" 200 597433
66.249.73.163 - - [18/May/2015:05:55:20 -0500] "GET /BLA/resoluciones/RESOLUCIONES%202009/0004.pdf HTTP/1.1" 200 181976
180.76.5.223 - - [18/May/2015:05:55:49 -0500] "GET /BLA/boletinlegal;jsessionid=DB5E1E44F774853705EAD2C8F90AE633?/? HTTP/1.1" 404 1018
180.76.5.78 - - [18/May/2015:05:56:06 -0500] "GET /BLA/resoluciones/RESOLUCIONES%202009/1154.pdf HTTP/1.1" 200 533464
180.76.5.147 - - [18/May/2015:05:56:24 -0500] "GET /BLA/boletinlegal;jsessionid=C2120B0EF84008462510705EEA76B346?/? HTTP/1.1" 404 1018
200.26.155.142 - - [18/May/2015:05:56:25 -0500] "GET /galeria/nivo-slider/demo/images/bolsas-08.jpg HTTP/1.1" 304 -
66.249.73.163 - - [18/May/2015:05:56:37 -0500] "GET /BLA/resoluciones/RESOLUCIONES%202010/6052.pdf HTTP/1.1" 200 675756
180.76.5.58 - - [18/May/2015:05:56:41 -0500] "GET /BLA/boletinlegal;jsessionid=E182C763E3C664925C6AA6DD402FFC1F?/? HTTP/1.1" 404 1018
66.249.65.233 - - [18/May/2015:05:57:15 -0500] "GET /portalsiaccapacitaciones/Soportes%20Capacitaciones%202013/0030.%20Basura%20Cero%20-%20Decreto%20400%20-%201%20de%20Agosto.pdf HTTP/1.1" 200 4100595
180.76.5.196 - - [18/May/2015:05:57:44 -0500] "GET /BLA/resoluciones/RESOLUCIONES%202011/3680.pdf HTTP/1.1" 200 553064
66.249.73.163 - - [18/May/2015:05:57:54 -0500] "GET /BLA/resoluciones/AUTOS%202011/3050.pdf HTTP/1.1" 200 159437
180.76.5.177 - - [18/May/2015:05:58:01 -0500] "GET /BLA/boletinlegal;jsessionid=A1519B33A324E155E317ADB09A078575?/? HTTP/1.1" 404 1018
66.249.73.163 - - [18/May/2015:05:59:11 -0500] "GET /BLA/resoluciones/AUTOS%202007/1787.pdf HTTP/1.1" 200 45771
180.76.5.18 - - [18/May/2015:06:00:14 -0500] "GET /BLA/boletinlegal;jsessionid=E1DC5EB7578364DFED0D2F8FAE770181?/? HTTP/1.1" 404 1018
66.249.73.155 - - [18/May/2015:06:00:28 -0500] "GET /BLA/resoluciones/RESOLUCIONES%202009/0362.pdf HTTP/1.1" 200 368361
208.113.171.200 - - [18/May/2015:06:00:30 -0500] "GET /old/wp-admin/ HTTP/1.1" 404 1018
180.76.5.26 - - [18/May/2015:06:00:32 -0500] "GET /BLA/resoluciones/RESOLUCIONES%202009/2537.pdf HTTP/1.1" 200 453016
186.80.85.71 - - [18/May/2015:06:01:22 -0500] "GET /galeria/galeria/jquery.fancybox.css?v=2.1.5 HTTP/1.1" 200 4895
186.80.85.71 - - [18/May/2015:06:01:24 -0500] "GET /galeria/galeria/fotos/juan-amarillo1P.jpg HTTP/1.1" 200 30845
186.80.85.71 - - [18/May/2015:06:01:24 -0500] "GET /galeria/galeria/fotos/juan-amarillo2P.jpg HTTP/1.1" 200 32696
186.80.85.71 - - [18/May/2015:06:01:24 -0500] "GET /galeria/galeria/fotos/juan-amarillo3P.jpg HTTP/1.1" 200 28033
186.80.85.71 - - [18/May/2015:06:01:24 -0500] "GET /galeria/galeria/fotos/juan-amarillo4P.jpg HTTP/1.1" 200 23811
66.249.73.163 - - [18/May/2015:06:01:41 -0500] "GET /BLA/resoluciones/AUTOS%202006/AUTOS%202006%201301-1400/00001316.tif HTTP/1.1" 200 40758
66.249.73.163 - - [18/May/2015:06:01:44 -0500] "GET /BLA/resoluciones/RESOLUCIONES%202009/4743.pdf HTTP/1.1" 200 670901
91.238.226.1 - - [18/May/2015:06:02:05 -0500] "GET /BLA/resoluciones/RESOLUCIONES%202010/5339.pdf HTTP/1.1" 200 326786
180.76.5.63 - - [18/May/2015:06:02:06 -0500] "GET /BLA/boletinlegal;jsessionid=3BACACD51B335AFBF677B6DAEC3EC0A6?/? HTTP/1.1" 404 1018
199.21.99.202 - - [18/May/2015:06:02:16 -0500] "GET /StormSDA/userFiles/StormAdmin.jar HTTP/1.1" 200 622592
66.249.73.171 - - [18/May/2015:06:02:19 -0500] "GET /BLA/resoluciones/RESOLUCIONES%202010/5532.pdf HTTP/1.1" 200 2873033
180.76.5.28 - - [18/May/2015:06:02:23 -0500] "GET /BLA/boletinlegal;jsessionid=C2F9CA2A986D93BE5282A83099FA7C9D?/? HTTP/1.1" 404 1018
88.198.233.69 - - [18/May/2015:06:02:31 -0500] "GET / HTTP/1.1" 200 10190
181.15.234.150 - - [18/May/2015:06:02:39 -0500] "GET /BLA/boletinlegal/js/jquery.scrollShow.js HTTP/1.1" 200 4586
181.15.234.150 - - [18/May/2015:06:02:39 -0500] "GET /galeria/galeria/jquery.fancybox.css?v=2.1.5 HTTP/1.1" 200 4895
181.15.234.150 - - [18/May/2015:06:02:39 -0500] "GET /galeria/galeria/jquery.fancybox.js?v=2.1.5 HTTP/1.1" 200 48706
181.15.234.150 - - [18/May/2015:06:02:39 -0500] "GET /BLA/boletinlegal/js/jquery.scrollTo-min.js HTTP/1.1" 200 1150
180.76.5.177 - - [18/May/2015:06:02:40 -0500] "GET /BLA/resoluciones/AUTOS%202010/6583.pdf HTTP/1.1" 200 148271
181.15.234.150 - - [18/May/2015:06:03:01 -0500] "GET /galeria/galeria/jquery.fancybox.js?v=2.1.5 HTTP/1.1" 200 48706
181.15.234.150 - - [18/May/2015:06:03:01 -0500] "GET /BLA/boletinlegal/js/jquery.scrollShow.js HTTP/1.1" 200 4586
181.15.234.150 - - [18/May/2015:06:03:01 -0500] "GET /galeria/galeria/jquery.fancybox.css?v=2.1.5 HTTP/1.1" 200 4895
181.15.234.150 - - [18/May/2015:06:03:01 -0500] "GET /BLA/boletinlegal/js/jquery.scrollTo-min.js HTTP/1.1" 200 1150
66.249.73.155 - - [18/May/2015:06:03:01 -0500] "GET /BLA/resoluciones/RESOLUCIONES%202008/0618.pdf HTTP/1.1" 200 169290
66.249.73.155 - - [18/May/2015:06:03:09 -0500] "GET /BLA/resoluciones/RESOLUCIONES%202003/RES%202003%201001-1050/1004.tif HTTP/1.1" 200 190680
180.76.5.149 - - [18/May/2015:06:03:15 -0500] "GET /BLA/resoluciones/AUTOS%202009/1076.pdf HTTP/1.1" 200 127094
180.76.5.169 - - [18/May/2015:06:03:32 -0500] "GET /BLA/resoluciones/AUTOS%202012/2804.pdf HTTP/1.1" 200 954190
201.141.79.248 - - [18/May/2015:06:03:55 -0500] "GET /BLA/boletinlegal/js/jquery.scrollTo-min.js HTTP/1.1" 200 1150
201.141.79.248 - - [18/May/2015:06:03:55 -0500] "GET /BLA/boletinlegal/js/jquery.scrollShow.js HTTP/1.1" 200 4586
201.141.79.248 - - [18/May/2015:06:03:55 -0500] "GET /galeria/galeria/jquery.fancybox.js?v=2.1.5 HTTP/1.1" 200 48706
201.141.79.248 - - [18/May/2015:06:03:56 -0500] "GET /galeria/galeria/jquery.fancybox.css?v=2.1.5 HTTP/1.1" 200 4895
188.165.15.148 - - [18/May/2015:06:04:03 -0500] "GET /BLA/resoluciones/AUTOS%202006/AUTOS%202006%20701-800/00000709.tif HTTP/1.1" 200 99184
180.76.5.153 - - [18/May/2015:06:04:06 -0500] "GET /BLA/boletinlegal;jsessionid=BBD4C9C2F154D5022094CF05D6307FAE?/? HTTP/1.1" 404 1018
66.249.73.171 - - [18/May/2015:06:04:18 -0500] "GET /BLA/resoluciones/RESOLUCIONES%202009/3737.pdf HTTP/1.1" 200 620983
201.209.28.151 - - [18/May/2015:06:04:25 -0500] "GET /galeria/galeria/jquery.fancybox.css?v=2.1.5 HTTP/1.1" 200 4895
201.209.28.151 - - [18/May/2015:06:04:25 -0500] "GET /BLA/boletinlegal/js/jquery.scrollTo-min.js HTTP/1.1" 200 1150
201.209.28.151 - - [18/May/2015:06:04:26 -0500] "GET /galeria/galeria/jquery.fancybox.js?v=2.1.5 HTTP/1.1" 200 48706
201.209.28.151 - - [18/May/2015:06:04:26 -0500] "GET /BLA/boletinlegal/js/jquery.scrollShow.js HTTP/1.1" 200 4586
201.209.28.151 - - [18/May/2015:06:04:57 -0500] "GET /BLA/boletinlegal/js/jquery.scrollTo-min.js HTTP/1.1" 304 -
201.209.28.151 - - [18/May/2015:06:04:57 -0500] "GET /BLA/boletinlegal/js/jquery.scrollShow.js HTTP/1.1" 304 -
201.209.28.151 - - [18/May/2015:06:04:57 -0500] "GET /galeria/galeria/jquery.fancybox.js?v=2.1.5 HTTP/1.1" 304 -
201.209.28.151 - - [18/May/2015:06:04:57 -0500] "GET /galeria/galeria/jquery.fancybox.css?v=2.1.5 HTTP/1.1" 304 -
180.76.5.191 - - [18/May/2015:06:04:57 -0500] "GET /BLA/resoluciones/RESOLUCIONES%202009/9343.pdf HTTP/1.1" 200 494859
180.76.5.64 - - [18/May/2015:06:05:32 -0500] "GET /BLA/resoluciones/AUTOS%202013/0660.pdf HTTP/1.1" 200 1007243
66.249.73.155 - - [18/May/2015:06:05:35 -0500] "GET /BLA/resoluciones/RESOLUCIONES%202009/6333.pdf HTTP/1.1" 200 529719
123.125.71.76 - - [18/May/2015:06:05:45 -0500] "GET / HTTP/1.1" 200 10190
68.180.229.40 - - [18/May/2015:06:05:47 -0500] "GET /galeria/nivo-slider/demo/demo.html HTTP/1.1" 200 4417
68.180.229.40 - - [18/May/2015:06:05:47 -0500] "GET /galeria/carrusel/Carrusel/jquery.thumbnailScroller.css HTTP/1.1" 304 -
68.180.229.40 - - [18/May/2015:06:05:47 -0500] "GET /galeria/nivo-slider/themes/orman/orman.css HTTP/1.1" 304 -
68.180.229.40 - - [18/May/2015:06:05:47 -0500] "GET /galeria/nivo-slider/nivo-slider.css HTTP/1.1" 304 -
68.180.229.40 - - [18/May/2015:06:05:47 -0500] "GET /galeria/nivo-slider/themes/pascal/pascal.css HTTP/1.1" 304 -
68.180.229.40 - - [18/May/2015:06:05:47 -0500] "GET /galeria/nivo-slider/themes/default/default.css HTTP/1.1" 304 -
68.180.229.40 - - [18/May/2015:06:05:47 -0500] "GET /galeria/nivo-slider/demo/style.css HTTP/1.1" 304 -
66.249.73.171 - - [18/May/2015:06:05:47 -0500] "GET /galeria/nivo-slider/themes/default/default.css HTTP/1.1" 200 1569
66.249.73.171 - - [18/May/2015:06:05:49 -0500] "GET /galeria/nivo-slider/demo/scripts/jquery-1.7.1.min.js HTTP/1.1" 304 -
66.249.73.163 - - [18/May/2015:06:05:49 -0500] "GET /galeria/nivo-slider/themes/orman/orman.css HTTP/1.1" 200 2152
66.249.73.163 - - [18/May/2015:06:05:50 -0500] "GET /galeria/nivo-slider/themes/pascal/pascal.css HTTP/1.1" 200 2258
66.249.73.155 - - [18/May/2015:06:05:51 -0500] "GET /galeria/nivo-slider/jquery.nivo.slider.pack.js HTTP/1.1" 200 11561
66.249.73.155 - - [18/May/2015:06:05:52 -0500] "GET /galeria/nivo-slider/nivo-slider.css HTTP/1.1" 200 1507
66.249.73.163 - - [18/May/2015:06:05:53 -0500] "GET /galeria/nivo-slider/demo/style.css HTTP/1.1" 200 2222
180.76.5.25 - - [18/May/2015:06:06:41 -0500] "GET /BLA/boletinlegal;jsessionid=24753066E0C4E5A17A1B266BE5113D76?/? HTTP/1.1" 404 1018
66.249.73.171 - - [18/May/2015:06:06:52 -0500] "GET /BLA/resoluciones/RESOLUCIONES%202008/4264.pdf HTTP/1.1" 200 313511
152.61.128.66 - - [18/May/2015:06:07:08 -0500] "HEAD / HTTP/1.1" 200 -
152.61.128.66 - - [18/May/2015:06:07:08 -0500] "GET /arcgis/services/Calidad_del_Agua_WQI/MapServer/WMSServer?SERVICE=WMS&REQUEST=GetCapabilities HTTP/1.1" 200 32135
152.61.128.66 - - [18/May/2015:06:07:09 -0500] "GET /arcgis/services/Calidad_del_Agua_WQI/MapServer/WMSServer?SERVICE=WMS&REQUEST=GetCapabilities HTTP/1.0" 200 32135
152.61.128.66 - - [18/May/2015:06:07:10 -0500] "GET /arcgis/services/Calidad_del_Agua_WQI/MapServer/WMSServer?SERVICE=WMS&REQUEST=GetCapabilities HTTP/1.0" 200 32135
152.61.128.66 - - [18/May/2015:06:07:11 -0500] "GET /arcgis/services/Calidad_del_Agua_WQI/MapServer/WMSServer?SERVICE=WMS&REQUEST=GetCapabilities HTTP/1.0" 200 32135
152.61.128.66 - - [18/May/2015:06:07:12 -0500] "GET /arcgis/services/Calidad_del_Agua_WQI/MapServer/WMSServer?VERSION=1.1.1&REQUEST=GetMap&LAYERS=0&SRS=EPSG:4326&BBOX=-74.473395,3.674381,-73.963300,4.920569&WIDTH=250&HEIGHT=250&FORMAT=image/bmp&STYLES=& HTTP/1.1" 200 188054
180.76.5.153 - - [18/May/2015:06:07:15 -0500] "GET /BLA/boletinlegal;jsessionid=2879361C06A5F343DC11EF4CC2D42644?/? HTTP/1.1" 404 1018
180.76.5.196 - - [18/May/2015:06:07:33 -0500] "GET /BLA/resoluciones/AUTOS%202009/2140.pdf HTTP/1.1" 200 107733
180.76.5.28 - - [18/May/2015:06:07:50 -0500] "GET /BLA/boletinlegal;jsessionid=14A75923F5963400C9D33DB38499C290?/? HTTP/1.1" 404 1018
66.249.73.171 - - [18/May/2015:06:08:09 -0500] "GET /BLA/resoluciones/RESOLUCIONES%202012/1384.pdf HTTP/1.1" 200 632967
66.249.73.163 - - [18/May/2015:06:08:20 -0500] "GET /BLA/resoluciones/RESOLUCIONES%202012/0967.pdf HTTP/1.1" 200 382213
180.76.5.66 - - [18/May/2015:06:08:25 -0500] "GET /BLA/resoluciones/AUTOS%202009/0589.pdf HTTP/1.1" 200 128301
152.61.128.66 - - [18/May/2015:06:09:18 -0500] "HEAD / HTTP/1.1" 200 -
152.61.128.66 - - [18/May/2015:06:09:18 -0500] "GET /arcgis/services/Calidad_del_Agua_WQI/MapServer/WMSServer?request=GetCapabilities&service=WMS HTTP/1.1" 200 32135
152.61.128.66 - - [18/May/2015:06:09:18 -0500] "GET /arcgis/services/Calidad_del_Agua_WQI/MapServer/WMSServer?request=GetCapabilities&service=WMS HTTP/1.0" 200 32135
152.61.128.66 - - [18/May/2015:06:09:19 -0500] "GET /arcgis/services/Calidad_del_Agua_WQI/MapServer/WMSServer?request=GetCapabilities&service=WMS HTTP/1.0" 200 32135
180.76.5.67 - - [18/May/2015:06:09:20 -0500] "GET /BLA/resoluciones/RESOLUCIONES%202009/7640.pdf HTTP/1.1" 200 513633
152.61.128.66 - - [18/May/2015:06:09:20 -0500] "GET /arcgis/services/Calidad_del_Agua_WQI/MapServer/WMSServer?request=GetCapabilities&service=WMS HTTP/1.0" 200 32135
152.61.128.66 - - [18/May/2015:06:09:21 -0500] "GET /arcgis/services/Calidad_del_Agua_WQI/MapServer/WMSServer?VERSION=1.1.1&REQUEST=GetMap&LAYERS=0&SRS=EPSG:4326&BBOX=-74.473395,3.674381,-73.963300,4.920569&WIDTH=250&HEIGHT=250&FORMAT=image/bmp&STYLES=& HTTP/1.1" 200 188054
180.76.5.63 - - [18/May/2015:06:09:55 -0500] "GET /BLA/boletinlegal;jsessionid=C7B67D2B9122603322B6E88F66AF703E?/? HTTP/1.1" 404 1018
180.76.5.171 - - [18/May/2015:06:10:30 -0500] "GET /BLA/resoluciones/AUTOS%202012/1863.pdf HTTP/1.1" 200 268677
66.249.73.163 - - [18/May/2015:06:10:42 -0500] "GET /BLA/resoluciones/RESOLUCIONES%202010/2089.pdf HTTP/1.1" 200 198337
207.46.13.120 - - [18/May/2015:06:11:00 -0500] "GET /dama/libreria/php/decide.php?patron=03.131307 HTTP/1.1" 404 1019
180.76.5.65 - - [18/May/2015:06:11:04 -0500] "GET /BLA/resoluciones/AUTOS%202009/2232.pdf HTTP/1.1" 200 122257
79.109.185.94 - - [18/May/2015:06:11:07 -0500] "GET /BLA/boletinlegal/js/jquery.scrollShow.js HTTP/1.1" 200 4586
79.109.185.94 - - [18/May/2015:06:11:07 -0500] "GET /galeria/galeria/jquery.fancybox.css?v=2.1.5 HTTP/1.1" 200 4895
79.109.185.94 - - [18/May/2015:06:11:07 -0500] "GET /BLA/boletinlegal/js/jquery.scrollTo-min.js HTTP/1.1" 200 1150
79.109.185.94 - - [18/May/2015:06:11:07 -0500] "GET /galeria/galeria/jquery.fancybox.js?v=2.1.5 HTTP/1.1" 200 48706
79.109.185.94 - - [18/May/2015:06:11:20 -0500] "GET /BLA/boletinlegal/js/jquery.scrollShow.js HTTP/1.1" 200 4586
79.109.185.94 - - [18/May/2015:06:11:20 -0500] "GET /BLA/boletinlegal/js/jquery.scrollTo-min.js HTTP/1.1" 200 1150
79.109.185.94 - - [18/May/2015:06:11:20 -0500] "GET /galeria/galeria/jquery.fancybox.js?v=2.1.5 HTTP/1.1" 200 48706
79.109.185.94 - - [18/May/2015:06:11:20 -0500] "GET /galeria/galeria/jquery.fancybox.css?v=2.1.5 HTTP/1.1" 200 4895
180.76.5.151 - - [18/May/2015:06:11:21 -0500] "GET /BLA/boletinlegal;jsessionid=678527DE9C2FAF38585F26557AFF7025?/? HTTP/1.1" 404 1018
188.165.15.148 - - [18/May/2015:06:11:32 -0500] "GET /BLA/resoluciones/RESOLUCIONES%202003/RES%202003%201401-1450/20031426.tif HTTP/1.1" 200 43356
180.76.5.67 - - [18/May/2015:06:11:39 -0500] "GET /BLA/resoluciones/RESOLUCIONES%202008/4975.pdf HTTP/1.1" 200 214523
180.76.5.58 - - [18/May/2015:06:11:56 -0500] "GET /BLA/resoluciones/AUTOS%202009/0446.pdf HTTP/1.1" 200 232852
66.249.73.171 - - [18/May/2015:06:11:59 -0500] "GET /BLA/resoluciones/RESOLUCIONES%202009/3998.pdf HTTP/1.1" 200 614543
180.76.5.154 - - [18/May/2015:06:12:56 -0500] "GET /BLA/resoluciones/AUTOS%202010/5599.pdf HTTP/1.1" 200 195451
186.145.163.218 - - [18/May/2015:06:13:01 -0500] "GET /BLA/resoluciones/RESOLUCIONES%202009/5767.pdf HTTP/1.1" 200 715997
186.145.163.218 - - [18/May/2015:06:13:02 -0500] "GET /favicon.ico HTTP/1.1" 200 7782
186.145.163.218 - - [18/May/2015:06:13:02 -0500] "GET /BLA/resoluciones/RESOLUCIONES%202009/5767.pdf HTTP/1.1" 206 32768
186.145.163.218 - - [18/May/2015:06:13:02 -0500] "GET /BLA/resoluciones/RESOLUCIONES%202009/5767.pdf HTTP/1.1" 206 683229
180.76.5.69 - - [18/May/2015:06:14:08 -0500] "GET /BLA/resoluciones/AUTOS%202009/3606.pdf HTTP/1.1" 200 271088
220.181.108.108 - - [18/May/2015:06:14:22 -0500] "GET / HTTP/1.1" 200 10190
180.76.5.76 - - [18/May/2015:06:14:25 -0500] "GET /BLA/resoluciones/AUTOS%202009/2017.pdf HTTP/1.1" 200 101542
66.249.73.163 - - [18/May/2015:06:14:33 -0500] "GET /BLA/resoluciones/RESOLUCIONES%202009/0539.pdf HTTP/1.1" 200 265975
180.76.5.23 - - [18/May/2015:06:14:43 -0500] "GET /BLA/boletinlegal;jsessionid=716AD52E747B3BB2338DD3D4B6E0CDB3?/? HTTP/1.1" 404 1018
180.76.5.61 - - [18/May/2015:06:15:00 -0500] "GET /BLA/boletinlegal;jsessionid=4BB6657A661C85B2E521DC59169561AD?/? HTTP/1.1" 404 1018
180.76.5.17 - - [18/May/2015:06:15:17 -0500] "GET /BLA/boletinlegal;jsessionid=02CF0B484D14840F9E7DDA47D38CB50D?/? HTTP/1.1" 404 1018
180.76.5.22 - - [18/May/2015:06:15:34 -0500] "GET /BLA/boletinlegal;jsessionid=85F2560C3B81823AC25784A0D8ECD613?/? HTTP/1.1" 404 1018
79.170.40.182 - - [18/May/2015:06:15:46 -0500] "GET /wp-admin/ HTTP/1.1" 404 1018
66.249.73.171 - - [18/May/2015:06:15:47 -0500] "GET /BLA/resoluciones/RESOLUCIONES%202009/4096.pdf HTTP/1.1" 200 530397
180.76.5.77 - - [18/May/2015:06:15:52 -0500] "GET /BLA/boletinlegal;jsessionid=0AC0808EA665217ACB92563AE22EB3EB?/? HTTP/1.1" 404 1018
180.76.5.173 - - [18/May/2015:06:16:09 -0500] "GET /BLA/resoluciones/AUTOS%202013/3482.pdf HTTP/1.1" 200 646722
190.26.53.56 - - [18/May/2015:06:16:17 -0500] "GET /galeria/galeria/jquery.fancybox.css?v=2.1.5 HTTP/1.1" 200 4895
190.26.53.56 - - [18/May/2015:06:16:17 -0500] "GET /BLA/boletinlegal/js/jquery.scrollTo-min.js HTTP/1.1" 200 1150
190.26.53.56 - - [18/May/2015:06:16:17 -0500] "GET /BLA/boletinlegal/js/jquery.scrollShow.js HTTP/1.1" 200 4586
190.26.53.56 - - [18/May/2015:06:16:17 -0500] "GET /galeria/galeria/jquery.fancybox.js?v=2.1.5 HTTP/1.1" 200 48706
190.26.53.56 - - [18/May/2015:06:16:25 -0500] "GET /BLA/boletinlegal/js/jquery.scrollTo-min.js HTTP/1.1" 304 -
190.26.53.56 - - [18/May/2015:06:16:26 -0500] "GET /galeria/galeria/jquery.fancybox.css?v=2.1.5 HTTP/1.1" 304 -
190.26.53.56 - - [18/May/2015:06:16:26 -0500] "GET /BLA/boletinlegal/js/jquery.scrollShow.js HTTP/1.1" 304 -
190.26.53.56 - - [18/May/2015:06:16:26 -0500] "GET /galeria/galeria/jquery.fancybox.js?v=2.1.5 HTTP/1.1" 304 -
66.249.73.155 - - [18/May/2015:06:17:00 -0500] "GET /BLA/resoluciones/AUTOS%202011/0166.pdf HTTP/1.1" 200 248019
180.76.5.94 - - [18/May/2015:06:17:08 -0500] "GET /BLA/boletinlegal;jsessionid=9DCBC782AA8B9755F309B05063C34A44?/? HTTP/1.1" 404 1018
180.76.5.59 - - [18/May/2015:06:17:25 -0500] "GET /BLA/boletinlegal;jsessionid=CEA6E5AB04C23FC700C61697EB19EC70?/? HTTP/1.1" 404 1018
180.76.5.154 - - [18/May/2015:06:17:42 -0500] "GET /BLA/boletinlegal;jsessionid=DACE34E97F9AFE89E66A71EB4C531216?/? HTTP/1.1" 404 1018
147.83.182.14 - - [18/May/2015:06:18:00 -0500] "GET /BLA/boletinlegal/js/jquery.scrollShow.js HTTP/1.1" 200 4586
147.83.182.14 - - [18/May/2015:06:18:00 -0500] "GET /galeria/galeria/jquery.fancybox.js?v=2.1.5 HTTP/1.1" 200 48706
147.83.182.14 - - [18/May/2015:06:18:00 -0500] "GET /BLA/boletinlegal/js/jquery.scrollTo-min.js HTTP/1.1" 200 1150
147.83.182.14 - - [18/May/2015:06:18:00 -0500] "GET /galeria/carrusel/Carrusel/jquery.thumbnailScroller.css HTTP/1.1" 200 2066
147.83.182.14 - - [18/May/2015:06:18:00 -0500] "GET /galeria/galeria/jquery.fancybox.css?v=2.1.5 HTTP/1.1" 200 4895
147.83.182.14 - - [18/May/2015:06:18:00 -0500] "GET /galeria/carrusel/Carrusel/jquery-ui-1.8.13.custom.min.js HTTP/1.1" 200 10800
147.83.182.14 - - [18/May/2015:06:18:00 -0500] "GET /galeria/carrusel/Carrusel/jquery.thumbnailScroller.js HTTP/1.1" 200 8157
147.83.182.14 - - [18/May/2015:06:18:03 -0500] "GET /galeria/nivo-slider/demo/demo.html HTTP/1.1" 200 4417
147.83.182.14 - - [18/May/2015:06:18:04 -0500] "GET /galeria/nivo-slider/themes/pascal/pascal.css HTTP/1.1" 200 2258
147.83.182.14 - - [18/May/2015:06:18:04 -0500] "GET /galeria/nivo-slider/themes/orman/orman.css HTTP/1.1" 200 2152
147.83.182.14 - - [18/May/2015:06:18:04 -0500] "GET /galeria/nivo-slider/themes/default/default.css HTTP/1.1" 200 1569
147.83.182.14 - - [18/May/2015:06:18:04 -0500] "GET /galeria/nivo-slider/demo/style.css HTTP/1.1" 200 2222
147.83.182.14 - - [18/May/2015:06:18:04 -0500] "GET /galeria/nivo-slider/nivo-slider.css HTTP/1.1" 200 1507
147.83.182.14 - - [18/May/2015:06:18:04 -0500] "GET /galeria/nivo-slider/demo/scripts/jquery-1.7.1.min.js HTTP/1.1" 200 93868
147.83.182.14 - - [18/May/2015:06:18:04 -0500] "GET /galeria/nivo-slider/jquery.nivo.slider.pack.js HTTP/1.1" 200 11561
147.83.182.14 - - [18/May/2015:06:18:04 -0500] "GET /galeria/nivo-slider/demo/images/9Signos.jpg HTTP/1.1" 200 81776
147.83.182.14 - - [18/May/2015:06:18:04 -0500] "GET /galeria/nivo-slider/demo/images/4Simple_Slider.png HTTP/1.1" 200 11722
147.83.182.14 - - [18/May/2015:06:18:04 -0500] "GET /galeria/nivo-slider/themes/default/loading.gif HTTP/1.1" 200 1737
147.83.182.14 - - [18/May/2015:06:18:05 -0500] "GET /galeria/nivo-slider/demo/images/capacitaciones-de-ecourbanismo.jpg HTTP/1.1" 200 171664
147.83.182.14 - - [18/May/2015:06:18:05 -0500] "GET /galeria/nivo-slider/demo/images/banner-Pacto-por-la-madera.jpg HTTP/1.1" 200 209966
147.83.182.14 - - [18/May/2015:06:18:05 -0500] "GET /galeria/nivo-slider/demo/images/dia-del-rio-bogota.jpg HTTP/1.1" 200 283516
147.83.182.14 - - [18/May/2015:06:18:06 -0500] "GET /galeria/nivo-slider/demo/images/Banner-salud.jpg HTTP/1.1" 200 181685
147.83.182.14 - - [18/May/2015:06:18:07 -0500] "GET /galeria/nivo-slider/demo/images/mailling-acercar-xpress.jpg HTTP/1.1" 200 137233
147.83.182.14 - - [18/May/2015:06:18:08 -0500] "GET /galeria/nivo-slider/demo/images/acuerdo_569.jpg HTTP/1.1" 200 62670
147.83.182.14 - - [18/May/2015:06:18:08 -0500] "GET /galeria/nivo-slider/demo/images/Licitaciones-proyecto-paramo.jpg HTTP/1.1" 200 221877
147.83.182.14 - - [18/May/2015:06:18:08 -0500] "GET /galeria/nivo-slider/demo/images/Banner-decreto1299.jpg HTTP/1.1" 200 182613
147.83.182.14 - - [18/May/2015:06:18:08 -0500] "GET /galeria/nivo-slider/demo/images/Banner-Directorio.jpg HTTP/1.1" 200 182068
147.83.182.14 - - [18/May/2015:06:18:08 -0500] "GET /galeria/nivo-slider/demo/images/Ruta-vertimientos-01.jpg HTTP/1.1" 200 130151
147.83.182.14 - - [18/May/2015:06:18:10 -0500] "GET /galeria/nivo-slider/demo/images/bolsas-06.jpg HTTP/1.1" 200 90982
147.83.182.14 - - [18/May/2015:06:18:10 -0500] "GET /galeria/nivo-slider/demo/images/Conoce-los-humedales.jpg HTTP/1.1" 200 294036
147.83.182.14 - - [18/May/2015:06:18:11 -0500] "GET /galeria/nivo-slider/demo/images/ecolecta-Dic2014.png HTTP/1.1" 200 288593
147.83.182.14 - - [18/May/2015:06:18:12 -0500] "GET /galeria/nivo-slider/demo/images/Banner-Caracol-Africano.jpg HTTP/1.1" 200 331986
147.83.182.14 - - [18/May/2015:06:18:12 -0500] "GET /galeria/nivo-slider/demo/images/banner-llantas2.jpg HTTP/1.1" 200 73153
66.249.73.163 - - [18/May/2015:06:18:14 -0500] "GET /BLA/resoluciones/RESOLUCIONES%202009/2316.pdf HTTP/1.1" 200 471425
147.83.182.14 - - [18/May/2015:06:18:18 -0500] "GET /galeria/galeria/jquery.fancybox.css?v=2.1.5 HTTP/1.1" 304 -
147.83.182.14 - - [18/May/2015:06:18:18 -0500] "GET /BLA/boletinlegal/js/jquery.scrollShow.js HTTP/1.1" 304 -
147.83.182.14 - - [18/May/2015:06:18:18 -0500] "GET /BLA/boletinlegal/js/jquery.scrollTo-min.js HTTP/1.1" 304 -
147.83.182.14 - - [18/May/2015:06:18:18 -0500] "GET /galeria/galeria/jquery.fancybox.js?v=2.1.5 HTTP/1.1" 304 -
180.76.5.19 - - [18/May/2015:06:19:10 -0500] "GET /BLA/boletinlegal;jsessionid=5E9E26153BE18DAA985B6441F21896AA?/? HTTP/1.1" 404 1018
66.249.73.163 - - [18/May/2015:06:19:27 -0500] "GET /BLA/resoluciones/AUTOS%202011/7321.pdf HTTP/1.1" 200 234237
201.245.192.253 - - [18/May/2015:06:19:30 -0500] "GET /galeria/nivo-slider/demo/images/mailling-acercar-xpress.jpg HTTP/1.1" 304 -
180.76.5.27 - - [18/May/2015:06:19:44 -0500] "GET /BLA/resoluciones/RESOLUCIONES%202009/9820.pdf HTTP/1.1" 200 518841
180.76.5.71 - - [18/May/2015:06:20:34 -0500] "GET /BLA/boletinlegal;jsessionid=B4BFA7ED3F770F0E8379153133CFFB12?/? HTTP/1.1" 404 1018
66.249.73.155 - - [18/May/2015:06:20:42 -0500] "GET /BLA/resoluciones/RESOLUCIONES%202013/1192.pdf HTTP/1.1" 200 436422
180.76.5.175 - - [18/May/2015:06:21:43 -0500] "GET /BLA/resoluciones/AUTOS%202012/0799.pdf HTTP/1.1" 200 162671
66.249.73.171 - - [18/May/2015:06:21:56 -0500] "GET /BLA/resoluciones/RESOLUCIONES%202010/0752.pdf HTTP/1.1" 200 437179
180.76.5.150 - - [18/May/2015:06:22:01 -0500] "GET /BLA/resoluciones/AUTOS%202010/6913.pdf HTTP/1.1" 200 146796
180.76.5.153 - - [18/May/2015:06:22:18 -0500] "GET /BLA/resoluciones/RESOLUCIONES%202011/1274.pdf HTTP/1.1" 200 340394
66.249.73.155 - - [18/May/2015:06:22:25 -0500] "GET /BLA/resoluciones/Notificaciones/AUTOS%202014/5739.doc HTTP/1.1" 200 155136
66.249.73.163 - - [18/May/2015:06:23:11 -0500] "GET /BLA/resoluciones/RESOLUCIONES%202007/RES%202007%20301%20AL%20400/RESOLUCION%20033%20DE%202007.pdf HTTP/1.1" 200 508434
79.170.40.182 - - [18/May/2015:06:24:19 -0500] "GET /test/wp-admin/ HTTP/1.1" 404 1018
186.94.210.50 - - [18/May/2015:06:24:25 -0500] "GET /BLA/boletinlegal/js/jquery.scrollShow.js HTTP/1.1" 200 4586
186.94.210.50 - - [18/May/2015:06:24:25 -0500] "GET /BLA/boletinlegal/js/jquery.scrollTo-min.js HTTP/1.1" 200 1150
186.94.210.50 - - [18/May/2015:06:24:25 -0500] "GET /galeria/galeria/jquery.fancybox.css?v=2.1.5 HTTP/1.1" 200 4895
186.94.210.50 - - [18/May/2015:06:24:26 -0500] "GET /galeria/galeria/jquery.fancybox.js?v=2.1.5 HTTP/1.1" 200 48706
66.249.73.171 - - [18/May/2015:06:24:26 -0500] "GET /BLA/resoluciones/AUTOS%202011/2468.pdf HTTP/1.1" 200 207857
190.156.30.185 - - [18/May/2015:06:24:33 -0500] "GET /forest/?_a=0.4299972141161561 HTTP/1.1" 200 12815
190.156.30.185 - - [18/May/2015:06:24:33 -0500] "GET /forest/skins/gdocs-jar/css/forest.css?version=1503.161801 HTTP/1.1" 200 51
190.156.30.185 - - [18/May/2015:06:24:33 -0500] "GET /forest/skins/gdocs-jar/css/menu.css?version=1503.161801 HTTP/1.1" 200 4235
190.156.30.185 - - [18/May/2015:06:24:33 -0500] "GET /forest/skins/gdocs-jar/css/autocomplete.css?version=1503.161801 HTTP/1.1" 200 1620
190.156.30.185 - - [18/May/2015:06:24:33 -0500] "GET /forest/css/index.css?version=1503.161801 HTTP/1.1" 200 1900
190.156.30.185 - - [18/May/2015:06:24:33 -0500] "GET /forest/1ibre/jscalendar/calendar-win2k-1.css?version=1503.161801 HTTP/1.1" 200 5986
190.156.30.185 - - [18/May/2015:06:24:33 -0500] "GET /forest/skins/gdocs-jar/css/dialog.css?version=1503.161801 HTTP/1.1" 200 1430
190.156.30.185 - - [18/May/2015:06:24:33 -0500] "GET /forest/skins/gdocs-jar/css/forms.css?version=1503.161801 HTTP/1.1" 200 7180
190.156.30.185 - - [18/May/2015:06:24:33 -0500] "GET /forest/css/escritorio.css?version=1503.161801 HTTP/1.1" 200 15878
190.156.30.185 - - [18/May/2015:06:24:33 -0500] "GET /forest/img/loading.gif HTTP/1.1" 200 1197
190.156.30.185 - - [18/May/2015:06:24:33 -0500] "GET /forest/img/spacer.gif HTTP/1.1" 200 43
190.156.30.185 - - [18/May/2015:06:24:33 -0500] "GET /forest/js/json3.js HTTP/1.1" 200 39592
190.156.30.185 - - [18/May/2015:06:24:33 -0500] "GET /forest/img/panel/view_icon.gif HTTP/1.1" 200 681
190.156.30.185 - - [18/May/2015:06:24:33 -0500] "GET /forest/img/inicio/1.gif HTTP/1.1" 200 23925
190.156.30.185 - - [18/May/2015:06:24:34 -0500] "GET /forest/img/inicio/2.gif HTTP/1.1" 200 42562
190.156.30.185 - - [18/May/2015:06:24:34 -0500] "GET /forest/img/inicio/3.gif HTTP/1.1" 200 29737
190.156.30.185 - - [18/May/2015:06:24:33 -0500] "GET /forest/jsoptimized/gz/js/gdocsall-1503.161801.js HTTP/1.1" 200 99246
190.156.30.185 - - [18/May/2015:06:24:34 -0500] "GET /forest/img/inicio/4.gif HTTP/1.1" 200 27784
190.156.30.185 - - [18/May/2015:06:24:34 -0500] "GET /forest/img/inicio/5.gif HTTP/1.1" 200 25611
190.156.30.185 - - [18/May/2015:06:24:34 -0500] "GET /forest/img/inicio/6.gif HTTP/1.1" 200 12239
190.156.30.185 - - [18/May/2015:06:24:34 -0500] "GET /forest/img/inicio/7.gif HTTP/1.1" 200 18547
190.156.30.185 - - [18/May/2015:06:24:34 -0500] "GET /forest/img/mplogo.gif HTTP/1.1" 200 806
190.156.30.185 - - [18/May/2015:06:24:34 -0500] "GET /forest/img/close.gif HTTP/1.1" 200 571
190.156.30.185 - - [18/May/2015:06:24:34 -0500] "GET /forest/skins/gdocs-jar/img/okey.gif HTTP/1.1" 200 203
190.156.30.185 - - [18/May/2015:06:24:35 -0500] "GET /forest/img/base/bsc2_r1_c2.gif HTTP/1.1" 200 269
190.156.30.185 - - [18/May/2015:06:24:35 -0500] "GET /forest/img/base/bsc2_r1_c3.gif HTTP/1.1" 200 3704
190.156.30.185 - - [18/May/2015:06:24:35 -0500] "GET /forest/img/base/bsc2_r1_c1.gif HTTP/1.1" 200 28640
190.156.30.185 - - [18/May/2015:06:24:35 -0500] "GET /forest/1ibre/1ibre.css HTTP/1.1" 200 614
190.156.30.185 - - [18/May/2015:06:24:35 -0500] "GET /forest/img/forestIcon.gif?version=1503.161801 HTTP/1.1" 200 573
186.94.210.50 - - [18/May/2015:06:24:45 -0500] "GET /BLA/boletinlegal/js/jquery.scrollTo-min.js HTTP/1.1" 200 1150
186.94.210.50 - - [18/May/2015:06:24:45 -0500] "GET /BLA/boletinlegal/js/jquery.scrollShow.js HTTP/1.1" 200 4586
186.94.210.50 - - [18/May/2015:06:24:45 -0500] "GET /galeria/galeria/jquery.fancybox.js?v=2.1.5 HTTP/1.1" 200 48706
186.94.210.50 - - [18/May/2015:06:24:45 -0500] "GET /galeria/galeria/jquery.fancybox.css?v=2.1.5 HTTP/1.1" 200 4895
190.156.30.185 - - [18/May/2015:06:25:26 -0500] "POST /forest/login.do HTTP/1.1" 302 -
190.156.30.185 - - [18/May/2015:06:25:26 -0500] "GET /forest/index2.jsp?a=0.39462778837946366 HTTP/1.1" 200 35127
190.156.30.185 - - [18/May/2015:06:25:27 -0500] "GET /forest/img/inicio.jpg HTTP/1.1" 200 897
190.156.30.185 - - [18/May/2015:06:25:27 -0500] "GET /forest/img/users/3.gif HTTP/1.1" 200 1513
190.156.30.185 - - [18/May/2015:06:25:27 -0500] "GET /forest/img/users/5.gif HTTP/1.1" 200 1507
190.156.30.185 - - [18/May/2015:06:25:27 -0500] "GET /forest/img/users/7.gif HTTP/1.1" 200 1631
190.156.30.185 - - [18/May/2015:06:25:27 -0500] "GET /forest/img/download_large.gif HTTP/1.1" 200 203
190.156.30.185 - - [18/May/2015:06:25:27 -0500] "GET /forest/img/buscar.jpg HTTP/1.1" 200 736
190.156.30.185 - - [18/May/2015:06:25:27 -0500] "GET /forest/img/buscar_documentos.gif HTTP/1.1" 200 674
190.156.30.185 - - [18/May/2015:06:25:27 -0500] "GET /forest/img/fondo-barra.gif HTTP/1.1" 200 282
190.156.30.185 - - [18/May/2015:06:25:27 -0500] "GET /forest/img/buscar_procesos.gif HTTP/1.1" 200 158
190.156.30.185 - - [18/May/2015:06:25:27 -0500] "GET /forest/img/ayuda.gif HTTP/1.1" 200 716
190.156.30.185 - - [18/May/2015:06:25:27 -0500] "GET /forest/img/notify.gif HTTP/1.1" 200 746
190.156.30.185 - - [18/May/2015:06:25:27 -0500] "GET /forest/img/pantalla.gif HTTP/1.1" 200 1407
190.156.30.185 - - [18/May/2015:06:25:27 -0500] "GET /forest/img/salir3.gif HTTP/1.1" 200 1271
190.156.30.185 - - [18/May/2015:06:25:27 -0500] "GET /forest/img/panel/menu/add.png HTTP/1.1" 200 4044
190.156.30.185 - - [18/May/2015:06:25:27 -0500] "GET /forest/img/panel/menu/folder.png HTTP/1.1" 200 1382
190.156.30.185 - - [18/May/2015:06:25:27 -0500] "GET /forest/skins/gdocs-jar/css/tree.css HTTP/1.1" 200 223
190.156.30.185 - - [18/May/2015:06:25:27 -0500] "GET /forest/img/panel/menu/hoy.png HTTP/1.1" 200 1215
190.156.30.185 - - [18/May/2015:06:25:27 -0500] "GET /forest/img/panel/menu/danger2.png HTTP/1.1" 200 1358
190.156.30.185 - - [18/May/2015:06:25:27 -0500] "GET /forest/skins/gdocs-jar/css/autocomplete.css HTTP/1.1" 200 1620
190.156.30.185 - - [18/May/2015:06:25:27 -0500] "GET /forest/skins/gdocs-jar/js/xml_utilities.js?version=1503.161801 HTTP/1.1" 200 2433
190.156.30.185 - - [18/May/2015:06:25:27 -0500] "GET /forest/js/inicio.js?version=1503.161801 HTTP/1.1" 200 2303
190.156.30.185 - - [18/May/2015:06:25:27 -0500] "GET /forest/skins/gdocs-jar/js/autocompletar2.js?version=1503.161801 HTTP/1.1" 200 24595
190.156.30.185 - - [18/May/2015:06:25:27 -0500] "GET /forest/skins/gdocs-jar/js/misprocesos.js?version=1503.161801 HTTP/1.1" 200 5890
190.156.30.185 - - [18/May/2015:06:25:27 -0500] "GET /forest/img/instanciar.gif HTTP/1.1" 200 1589
190.156.30.185 - - [18/May/2015:06:25:27 -0500] "GET /forest/skins/gdocs-jar/img/cancel.gif HTTP/1.1" 200 77
190.156.30.185 - - [18/May/2015:06:25:27 -0500] "GET /forest/img/misdocumentos.gif HTTP/1.1" 200 545
190.156.30.185 - - [18/May/2015:06:25:27 -0500] "GET /forest/img/misactividades.gif HTTP/1.1" 200 1798
180.76.5.23 - - [18/May/2015:06:25:32 -0500] "GET /BLA/boletinlegal;jsessionid=1522BE4B0D493C5EA59785A8B3C92717?/? HTTP/1.1" 404 1018
190.156.30.185 - - [18/May/2015:06:25:35 -0500] "GET /forest/session.jsp?a=0.8804029924795032 HTTP/1.1" 200 4
66.249.73.171 - - [18/May/2015:06:25:42 -0500] "GET /BLA/resoluciones/RESOLUCIONES%202007/RES%202007%201901%20AL%202000/RESOLUCION%201935%20DE%202007.pdf HTTP/1.1" 304 -
190.156.30.185 - - [18/May/2015:06:26:03 -0500] "GET /forest/index2.jsp?_a=0.8513251133263111 HTTP/1.1" 200 35127
190.156.30.185 - - [18/May/2015:06:26:04 -0500] "GET /forest/session.jsp?a=0.9475947886239737 HTTP/1.1" 200 4
180.76.5.81 - - [18/May/2015:06:26:07 -0500] "GET /BLA/resoluciones/RESOLUCIONES%202007/RES%202007%204101%20AL%204200/RESOLUCION%204185%20DE%202007.pdf HTTP/1.1" 200 218521
66.249.73.155 - - [18/May/2015:06:26:11 -0500] "GET /BLA/resoluciones/RESOLUCIONES%202003/RES%202003%201001-1050/1014.tif HTTP/1.1" 200 754756
180.76.5.169 - - [18/May/2015:06:26:24 -0500] "GET /BLA/resoluciones/RESOLUCIONES%202011/0619.pdf HTTP/1.1" 200 70023
66.249.73.163 - - [18/May/2015:06:26:38 -0500] "GET /BLA/resoluciones/RESOLUCIONES%202009/1920.pdf HTTP/1.1" 200 433179
190.156.30.185 - - [18/May/2015:06:26:51 -0500] "GET /forest/logout-redirect.jsp HTTP/1.1" 302 -
190.156.30.185 - - [18/May/2015:06:26:51 -0500] "GET /forest/login.do HTTP/1.1" 200 12815
66.249.73.155 - - [18/May/2015:06:26:58 -0500] "GET /BLA/resoluciones/RESOLUCIONES%202014/1263.pdf HTTP/1.1" 304 -
66.249.73.155 - - [18/May/2015:06:28:14 -0500] "GET /BLA/resoluciones/RESOLUCIONES%202007/RES%202007%20401%20AL%20500/RESOLUCION%200415%20DE%202007.pdf HTTP/1.1" 304 -
186.113.84.2 - - [18/May/2015:06:28:31 -0500] "GET /BLA/resoluciones/RESOLUCIONES%202010/0053.pdf HTTP/1.1" 200 500269
186.113.84.2 - - [18/May/2015:06:28:32 -0500] "GET /BLA/resoluciones/RESOLUCIONES%202010/0053.pdf HTTP/1.1" 206 32768
186.113.84.2 - - [18/May/2015:06:28:32 -0500] "GET /BLA/resoluciones/RESOLUCIONES%202010/0053.pdf HTTP/1.1" 206 467501
180.76.5.94 - - [18/May/2015:06:29:02 -0500] "GET /BLA/resoluciones/AUTOS%202010/0173.pdf HTTP/1.1" 200 401509
180.76.5.22 - - [18/May/2015:06:29:20 -0500] "GET /BLA/boletinlegal;jsessionid=8454CE937F45EA39329B51F0C6BBCC40?/? HTTP/1.1" 404 1018
66.249.73.163 - - [18/May/2015:06:29:30 -0500] "GET /BLA/resoluciones/RESOLUCIONES%202010/4787.pdf HTTP/1.1" 200 335568
180.76.5.143 - - [18/May/2015:06:29:37 -0500] "GET /BLA/boletinlegal;jsessionid=8C477667A5273F008C02A7F7B7BB8EF0?/? HTTP/1.1" 404 1018
180.76.5.196 - - [18/May/2015:06:29:54 -0500] "GET /BLA/resoluciones/RESOLUCIONES%202007/RES%202007%20101%20AL%20200/RESOLUCION%200194%20DE%202007.pdf HTTP/1.1" 200 70622
66.249.73.163 - - [18/May/2015:06:30:47 -0500] "GET /BLA/resoluciones/RESOLUCIONES%202010/7577.pdf HTTP/1.1" 304 -
199.195.118.53 - - [18/May/2015:06:31:46 -0500] "GET / HTTP/1.1" 200 10190
66.249.73.155 - - [18/May/2015:06:32:04 -0500] "GET /BLA/resoluciones/AUTOS%202009/3363.pdf HTTP/1.1" 200 210271
180.76.5.63 - - [18/May/2015:06:32:15 -0500] "GET /BLA/boletinlegal;jsessionid=AB6755508F5E39698E04DFB10AC34529?/? HTTP/1.1" 404 1018
79.170.40.182 - - [18/May/2015:06:32:48 -0500] "GET /wordpress/wp-admin/ HTTP/1.1" 404 1018
180.76.5.172 - - [18/May/2015:06:32:49 -0500] "GET /BLA/resoluciones/AUTOS%202010/5416.pdf HTTP/1.1" 200 210782
66.249.73.171 - - [18/May/2015:06:33:21 -0500] "GET /BLA/resoluciones/AUTOS%202010/0101.pdf HTTP/1.1" 200 395976
180.76.5.20 - - [18/May/2015:06:33:45 -0500] "GET /BLA/resoluciones/AUTOS%202013/1047.pdf HTTP/1.1" 200 255083
180.76.5.149 - - [18/May/2015:06:34:02 -0500] "GET /BLA/boletinlegal;jsessionid=32FCDA45E8D51D2B16618DF1E0C7A2B0?/? HTTP/1.1" 404 1018
180.76.5.145 - - [18/May/2015:06:34:19 -0500] "GET /BLA/boletinlegal;jsessionid=B4EC33327927BF70BA01A95347A727E3?/? HTTP/1.1" 404 1018
66.249.73.155 - - [18/May/2015:06:34:38 -0500] "GET /BLA/resoluciones/AUTOS%202012/3024.pdf HTTP/1.1" 304 -
66.249.84.186 - - [18/May/2015:06:34:50 -0500] "GET / HTTP/1.1" 200 10190
66.249.84.192 - - [18/May/2015:06:34:51 -0500] "GET /favicon.ico HTTP/1.1" 200 7782
191.146.58.77 - - [18/May/2015:06:34:54 -0500] "GET /BLA/boletinlegal/js/jquery.scrollTo-min.js HTTP/1.1" 200 1150
