198.27.82.146 - - [19/May/2015:00:35:55 -0500] "GET /galeria/galeria/helpers/?C=D;O=A HTTP/1.0" 200 2165
198.27.82.146 - - [19/May/2015:00:35:56 -0500] "GET /galeria/galeria/helpers/?C=M;O=A HTTP/1.0" 200 2165
186.113.93.101 - - [19/May/2015:00:29:57 -0500] "GET /ForestMSG_SDA/channelAsync/template_word_18171264?X-Atmosphere-tracking-id=7c55ecea-eac0-9fad-2aeb-dee8437eb177&X-Atmosphere-Framework=1.0.5&X-Atmosphere-Transport=long-polling&tabid=0.9426877077203244&X-Cache-Date=0&Content-Type=application/xml&_=1432013563134 HTTP/1.1" 200 8193
180.76.5.170 - - [19/May/2015:00:35:59 -0500] "GET /BLA/resoluciones/RESOLUCIONES%202008/3878.pdf HTTP/1.1" 200 514489
198.27.82.146 - - [19/May/2015:00:36:02 -0500] "GET /galeria/galeria/helpers/?C=N;O=D HTTP/1.0" 200 2165
66.249.65.93 - - [19/May/2015:00:36:04 -0500] "GET /BLA/resoluciones/AUTOS%202011/0750.pdf HTTP/1.1" 200 176539
198.27.82.146 - - [19/May/2015:00:36:07 -0500] "GET /galeria/galeria/helpers/?C=S;O=A HTTP/1.0" 200 2165
180.76.5.19 - - [19/May/2015:00:36:11 -0500] "GET /BLA/resoluciones/RESOLUCIONES%202010/1582.pdf HTTP/1.1" 200 495439
66.249.65.99 - - [19/May/2015:00:36:17 -0500] "GET /BLA/resoluciones/AUTOS%202011/7492.pdf HTTP/1.1" 200 1323020
198.27.82.146 - - [19/May/2015:00:36:19 -0500] "GET /galeria/galeria/helpers/jquery.fancybox-buttons.css HTTP/1.0" 200 2447
198.27.82.146 - - [19/May/2015:00:36:20 -0500] "GET /galeria/galeria/helpers/jquery.fancybox-buttons.js HTTP/1.0" 200 3041
180.76.5.58 - - [19/May/2015:00:36:23 -0500] "GET /BLA/resoluciones/RESOLUCIONES%202007/RES%202007%20501%20AL%20600/RESOLUCION%200518%20DE%202007.pdf HTTP/1.1" 200 285599
198.27.82.146 - - [19/May/2015:00:36:27 -0500] "GET /galeria/galeria/helpers/jquery.fancybox-media.js HTTP/1.0" 200 5305
66.249.65.93 - - [19/May/2015:00:36:31 -0500] "GET /BLA/resoluciones/RESOLUCIONES%202009/3676.pdf HTTP/1.1" 200 245793
198.27.82.146 - - [19/May/2015:00:36:42 -0500] "GET /galeria/galeria/helpers/jquery.fancybox-thumbs.css HTTP/1.0" 200 735
66.249.65.247 - - [19/May/2015:00:36:44 -0500] "GET /portalsiaccapacitaciones/Soportes%20Capacitaciones%202014/0093.%20Presentaci%C3%B3n%20PGIR%20-%20RESPEL%2010-09-14.pdf HTTP/1.1" 200 2791585
66.249.65.247 - - [19/May/2015:00:36:57 -0500] "GET /portalsiaccapacitaciones/Soportes%20Capacitaciones%202014/0078.%20Presentaci%C3%B3n%20Experiencia%20SIG%20IDU%2013-05-14.pdf HTTP/1.1" 200 4362446
180.76.5.78 - - [19/May/2015:00:37:02 -0500] "GET /BLA/resoluciones/RESOLUCIONES%202007/RES%202007%202601%20AL%202700/RESOLUCION%202668%20DE%202007.pdf HTTP/1.1" 200 30933
198.27.82.146 - - [19/May/2015:00:37:04 -0500] "GET /galeria/galeria/helpers/jquery.fancybox-thumbs.js HTTP/1.0" 200 3836
198.27.82.146 - - [19/May/2015:00:37:09 -0500] "GET /galeria/mapa/?C=D;O=D HTTP/1.0" 200 5106
66.249.65.93 - - [19/May/2015:00:37:09 -0500] "GET /BLA/resoluciones/RESOLUCIONES%202010/6300.pdf HTTP/1.1" 200 2039327
180.76.5.27 - - [19/May/2015:00:37:13 -0500] "GET /BLA/resoluciones/RESOLUCIONES%202007/RES%202007%201901%20AL%202000/RESOLUCION%201993%20DE%202007.pdf HTTP/1.1" 200 396673
198.27.82.146 - - [19/May/2015:00:37:17 -0500] "GET /galeria/mapa/?C=M;O=D HTTP/1.0" 200 5106
186.155.105.69 - - [19/May/2015:00:37:17 -0500] "GET /BLA/resoluciones/AUTOS%202009/1986.pdf HTTP/1.1" 200 216304
66.249.65.99 - - [19/May/2015:00:37:22 -0500] "GET /BLA/resoluciones/AUTOS%202011/7436.pdf HTTP/1.1" 200 196491
180.76.5.72 - - [19/May/2015:00:37:25 -0500] "GET /BLA/resoluciones/AUTOS%202013/0981.pdf HTTP/1.1" 200 1761629
198.27.82.146 - - [19/May/2015:00:37:30 -0500] "GET /galeria/mapa/?C=N;O=A HTTP/1.0" 200 5106
66.249.65.96 - - [19/May/2015:00:37:35 -0500] "GET /BLA/resoluciones/AUTOS%202011/5488.pdf HTTP/1.1" 200 205583
180.76.5.146 - - [19/May/2015:00:37:42 -0500] "GET /BLA/resoluciones/RESOLUCIONES%202007/RES%202007%20201%20AL%20300/RESOLUCION%200255%20DE%202007.pdf HTTP/1.1" 200 267393
66.249.65.240 - - [19/May/2015:00:37:48 -0500] "GET /portalsiaccapacitaciones/Soportes%20Capacitaciones%202014/0114.%20Presentaci%C3%B3n%20Construcci%C3%B3n%20Sostenible%2011-11-14.pdf HTTP/1.1" 200 4839301
200.76.83.154 - - [19/May/2015:00:37:49 -0500] "GET /galeria/galeria/jquery.fancybox.css?v=2.1.5 HTTP/1.1" 200 4895
200.76.83.89 - - [19/May/2015:00:37:49 -0500] "GET /BLA/boletinlegal/js/jquery.scrollTo-min.js HTTP/1.1" 200 1150
200.76.83.174 - - [19/May/2015:00:37:49 -0500] "GET /BLA/boletinlegal/js/jquery.scrollShow.js HTTP/1.1" 200 4586
201.234.75.11 - - [19/May/2015:00:37:49 -0500] "GET /galeria/nivo-slider/demo/images/Biotaxis-Man.jpg HTTP/1.1" 304 -
200.76.83.33 - - [19/May/2015:00:37:52 -0500] "GET /galeria/galeria/jquery.fancybox.js?v=2.1.5 HTTP/1.1" 200 48706
66.249.65.96 - - [19/May/2015:00:38:00 -0500] "GET /BLA/resoluciones/AUTOS%202011/1406.pdf HTTP/1.1" 200 269334
180.76.5.27 - - [19/May/2015:00:38:03 -0500] "GET /BLA/resoluciones/RESOLUCIONES%202008/2992.pdf HTTP/1.1" 200 316726
200.76.83.46 - - [19/May/2015:00:38:09 -0500] "GET /galeria/galeria/jquery.fancybox.css?v=2.1.5 HTTP/1.1" 304 -
200.76.83.4 - - [19/May/2015:00:38:09 -0500] "GET /BLA/boletinlegal/js/jquery.scrollTo-min.js HTTP/1.1" 304 -
200.76.83.56 - - [19/May/2015:00:38:09 -0500] "GET /BLA/boletinlegal/js/jquery.scrollShow.js HTTP/1.1" 304 -
200.76.83.23 - - [19/May/2015:00:38:09 -0500] "GET /galeria/galeria/jquery.fancybox.js?v=2.1.5 HTTP/1.1" 304 -
66.249.65.240 - - [19/May/2015:00:38:12 -0500] "GET /portalsiaccapacitaciones/Soportes%20Capacitaciones%202014/0092.%20Matriz%20de%20Compatibilidad%20Sust.%20Qu%C3%ADmicas%2010-09-14.pdf HTTP/1.1" 200 93582
180.76.5.18 - - [19/May/2015:00:38:16 -0500] "GET /BLA/resoluciones/AUTOS%202013/1121.pdf HTTP/1.1" 200 1259228
66.249.65.99 - - [19/May/2015:00:38:25 -0500] "GET /BLA/resoluciones/AUTOS%202006/AUTOS%202006%201701%20-%201800/00001725.tif HTTP/1.1" 304 -
198.27.82.146 - - [19/May/2015:00:38:32 -0500] "GET /galeria/mapa/?C=S;O=D HTTP/1.0" 200 5106
180.76.5.71 - - [19/May/2015:00:38:33 -0500] "GET /BLA/resoluciones/AUTOS%202009/3321.pdf HTTP/1.1" 200 202125
198.27.82.146 - - [19/May/2015:00:38:37 -0500] "GET /galeria/mapa2/?C=D;O=D HTTP/1.0" 200 5108
66.249.65.93 - - [19/May/2015:00:38:37 -0500] "GET /BLA/resoluciones/AUTOS%202011/7745.pdf HTTP/1.1" 200 235673
198.27.82.146 - - [19/May/2015:00:38:39 -0500] "GET /galeria/mapa2/?C=M;O=D HTTP/1.0" 200 5108
198.27.82.146 - - [19/May/2015:00:38:42 -0500] "GET /galeria/mapa2/?C=N;O=A HTTP/1.0" 200 5108
198.27.82.146 - - [19/May/2015:00:38:43 -0500] "GET /galeria/mapa2/?C=S;O=D HTTP/1.0" 200 5108
198.27.82.146 - - [19/May/2015:00:38:45 -0500] "GET /galeria/nivo-slider/?C=D;O=D HTTP/1.0" 200 2707
190.158.24.184 - - [19/May/2015:00:38:49 -0500] "GET /BLA/boletinlegal/js/jquery.scrollShow.js HTTP/1.1" 200 4586
190.158.24.184 - - [19/May/2015:00:38:49 -0500] "GET /BLA/boletinlegal/js/jquery.scrollTo-min.js HTTP/1.1" 200 1150
190.158.24.184 - - [19/May/2015:00:38:49 -0500] "GET /galeria/galeria/jquery.fancybox.js?v=2.1.5 HTTP/1.1" 200 48706
190.158.24.184 - - [19/May/2015:00:38:49 -0500] "GET /galeria/galeria/jquery.fancybox.css?v=2.1.5 HTTP/1.1" 200 4895
190.158.24.184 - - [19/May/2015:00:38:49 -0500] "GET /galeria/carrusel/Carrusel/jquery.thumbnailScroller.css HTTP/1.1" 200 2066
190.158.24.184 - - [19/May/2015:00:38:49 -0500] "GET /galeria/carrusel/Carrusel/jquery-ui-1.8.13.custom.min.js HTTP/1.1" 200 10800
190.158.24.184 - - [19/May/2015:00:38:49 -0500] "GET /galeria/carrusel/Carrusel/jquery.thumbnailScroller.js HTTP/1.1" 200 8157
66.249.65.99 - - [19/May/2015:00:38:49 -0500] "GET /BLA/resoluciones/RESOLUCIONES%202012/1113.pdf HTTP/1.1" 200 453798
198.27.82.146 - - [19/May/2015:00:38:50 -0500] "GET /galeria/nivo-slider/?C=M;O=D HTTP/1.0" 200 2707
190.158.24.184 - - [19/May/2015:00:38:52 -0500] "GET /galeria/nivo-slider/demo/demo.html HTTP/1.1" 200 4417
190.158.24.184 - - [19/May/2015:00:38:52 -0500] "GET /galeria/nivo-slider/themes/default/default.css HTTP/1.1" 200 1569
190.158.24.184 - - [19/May/2015:00:38:52 -0500] "GET /galeria/nivo-slider/themes/pascal/pascal.css HTTP/1.1" 200 2258
190.158.24.184 - - [19/May/2015:00:38:52 -0500] "GET /galeria/nivo-slider/themes/orman/orman.css HTTP/1.1" 200 2152
190.158.24.184 - - [19/May/2015:00:38:53 -0500] "GET /galeria/nivo-slider/demo/style.css HTTP/1.1" 200 2222
190.158.24.184 - - [19/May/2015:00:38:53 -0500] "GET /galeria/nivo-slider/nivo-slider.css HTTP/1.1" 200 1507
190.158.24.184 - - [19/May/2015:00:38:53 -0500] "GET /galeria/nivo-slider/demo/images/9Signos.jpg HTTP/1.1" 200 81776
190.158.24.184 - - [19/May/2015:00:38:53 -0500] "GET /galeria/nivo-slider/demo/images/capacitaciones-de-ecourbanismo.jpg HTTP/1.1" 200 171664
190.158.24.184 - - [19/May/2015:00:38:53 -0500] "GET /galeria/nivo-slider/demo/images/banner-Pacto-por-la-madera.jpg HTTP/1.1" 200 209966
190.158.24.184 - - [19/May/2015:00:38:53 -0500] "GET /galeria/nivo-slider/demo/images/dia-del-rio-bogota.jpg HTTP/1.1" 200 283516
190.158.24.184 - - [19/May/2015:00:38:53 -0500] "GET /galeria/nivo-slider/demo/images/mailling-acercar-xpress.jpg HTTP/1.1" 200 137233
190.158.24.184 - - [19/May/2015:00:38:53 -0500] "GET /galeria/nivo-slider/demo/images/Banner-salud.jpg HTTP/1.1" 200 181685
190.158.24.184 - - [19/May/2015:00:38:53 -0500] "GET /galeria/nivo-slider/demo/images/acuerdo_569.jpg HTTP/1.1" 200 62670
190.158.24.184 - - [19/May/2015:00:38:53 -0500] "GET /galeria/nivo-slider/demo/images/Licitaciones-proyecto-paramo.jpg HTTP/1.1" 200 221877
190.158.24.184 - - [19/May/2015:00:38:53 -0500] "GET /galeria/nivo-slider/demo/images/Banner-decreto1299.jpg HTTP/1.1" 200 182613
190.158.24.184 - - [19/May/2015:00:38:54 -0500] "GET /galeria/nivo-slider/demo/images/Banner-Directorio.jpg HTTP/1.1" 200 182068
190.158.24.184 - - [19/May/2015:00:38:54 -0500] "GET /galeria/nivo-slider/demo/images/Ruta-vertimientos-01.jpg HTTP/1.1" 200 130151
190.158.24.184 - - [19/May/2015:00:38:54 -0500] "GET /galeria/nivo-slider/demo/images/bolsas-06.jpg HTTP/1.1" 200 90982
190.158.24.184 - - [19/May/2015:00:38:54 -0500] "GET /galeria/nivo-slider/demo/images/Conoce-los-humedales.jpg HTTP/1.1" 200 294036
190.158.24.184 - - [19/May/2015:00:38:54 -0500] "GET /galeria/nivo-slider/demo/images/ecolecta-Dic2014.png HTTP/1.1" 200 288593
190.158.24.184 - - [19/May/2015:00:38:54 -0500] "GET /galeria/nivo-slider/demo/images/Banner-Caracol-Africano.jpg HTTP/1.1" 200 331986
190.158.24.184 - - [19/May/2015:00:38:54 -0500] "GET /galeria/nivo-slider/demo/images/banner-llantas2.jpg HTTP/1.1" 200 73153
190.158.24.184 - - [19/May/2015:00:38:54 -0500] "GET /galeria/nivo-slider/demo/scripts/jquery-1.7.1.min.js HTTP/1.1" 200 93868
190.158.24.184 - - [19/May/2015:00:38:55 -0500] "GET /galeria/nivo-slider/jquery.nivo.slider.pack.js HTTP/1.1" 200 11561
190.158.24.184 - - [19/May/2015:00:38:56 -0500] "GET /galeria/nivo-slider/themes/default/loading.gif HTTP/1.1" 200 1737
190.158.24.184 - - [19/May/2015:00:38:56 -0500] "GET /galeria/nivo-slider/demo/images/4Simple_Slider.png HTTP/1.1" 200 11722
190.158.24.184 - - [19/May/2015:00:38:57 -0500] "GET /galeria/nivo-slider/themes/default/arrows.png HTTP/1.1" 200 824
190.158.24.184 - - [19/May/2015:00:38:57 -0500] "GET /galeria/nivo-slider/themes/default/bullets.png HTTP/1.1" 200 1281
186.113.93.101 - - [19/May/2015:00:38:59 -0500] "GET /forest/session.jsp?a=0.6838622586801648 HTTP/1.1" 200 4
198.27.82.146 - - [19/May/2015:00:39:01 -0500] "GET /galeria/nivo-slider/?C=N;O=A HTTP/1.0" 200 2707
66.249.65.247 - - [19/May/2015:00:39:01 -0500] "GET /portalsiaccapacitaciones/Soportes%20Capacitaciones%202014/0107.%20Presentaci%C3%B3n%20Fuentes%20M%C3%B3viles%2014-10-14.pdf HTTP/1.1" 200 1225240
180.76.5.21 - - [19/May/2015:00:39:09 -0500] "GET /BLA/resoluciones/RESOLUCIONES%202007/RES%202007%201201%20AL%201300/RESOLUCION%201269%20DE%202007.pdf HTTP/1.1" 200 38200
66.249.65.96 - - [19/May/2015:00:39:13 -0500] "GET /BLA/resoluciones/AUTOS%202011/1327.pdf HTTP/1.1" 200 184584
190.158.24.184 - - [19/May/2015:00:39:13 -0500] "GET /BLA/boletinlegal/js/jquery.scrollShow.js HTTP/1.1" 304 -
190.158.24.184 - - [19/May/2015:00:39:13 -0500] "GET /galeria/galeria/jquery.fancybox.css?v=2.1.5 HTTP/1.1" 304 -
190.158.24.184 - - [19/May/2015:00:39:13 -0500] "GET /galeria/galeria/jquery.fancybox.js?v=2.1.5 HTTP/1.1" 304 -
190.158.24.184 - - [19/May/2015:00:39:13 -0500] "GET /BLA/boletinlegal/js/jquery.scrollTo-min.js HTTP/1.1" 304 -
66.249.65.93 - - [19/May/2015:00:39:25 -0500] "GET /BLA/resoluciones/RESOLUCIONES%202010/0303.pdf HTTP/1.1" 200 328028
180.76.5.57 - - [19/May/2015:00:39:25 -0500] "GET /BLA/resoluciones/AUTOS%202011/1426.pdf HTTP/1.1" 200 69902
200.118.81.201 - - [19/May/2015:00:39:34 -0500] "GET /BLA/boletinlegal/js/jquery.scrollTo-min.js HTTP/1.1" 200 1150
200.118.81.201 - - [19/May/2015:00:39:34 -0500] "GET /BLA/boletinlegal/js/jquery.scrollShow.js HTTP/1.1" 200 4586
200.118.81.201 - - [19/May/2015:00:39:34 -0500] "GET /galeria/galeria/jquery.fancybox.js?v=2.1.5 HTTP/1.1" 200 48706
200.118.81.201 - - [19/May/2015:00:39:34 -0500] "GET /galeria/galeria/jquery.fancybox.css?v=2.1.5 HTTP/1.1" 200 4895
198.27.82.146 - - [19/May/2015:00:39:34 -0500] "GET /galeria/nivo-slider/?C=S;O=D HTTP/1.0" 200 2707
198.27.82.146 - - [19/May/2015:00:39:36 -0500] "GET /galeria/nivo-slider/demo/?C=D;O=A HTTP/1.0" 200 2279
66.249.65.96 - - [19/May/2015:00:39:36 -0500] "GET /BLA/resoluciones/RESOLUCIONES%202014/1914.pdf HTTP/1.1" 200 475941
200.118.81.201 - - [19/May/2015:00:39:38 -0500] "GET /BLA/boletinlegal/js/jquery.scrollTo-min.js HTTP/1.1" 200 1150
200.118.81.201 - - [19/May/2015:00:39:38 -0500] "GET /BLA/boletinlegal/js/jquery.scrollShow.js HTTP/1.1" 200 4586
200.118.81.201 - - [19/May/2015:00:39:38 -0500] "GET /galeria/galeria/jquery.fancybox.js?v=2.1.5 HTTP/1.1" 200 48706
200.118.81.201 - - [19/May/2015:00:39:38 -0500] "GET /galeria/galeria/jquery.fancybox.css?v=2.1.5 HTTP/1.1" 200 4895
186.30.177.62 - - [19/May/2015:00:39:39 -0500] "POST /forest/actions/manager.login?group_system_actual=3 HTTP/1.1" 200 14
186.30.177.62 - - [19/May/2015:00:39:41 -0500] "GET /forest/session.jsp?a=0.15365031152032316 HTTP/1.1" 200 4
198.27.82.146 - - [19/May/2015:00:39:42 -0500] "GET /galeria/nivo-slider/demo/?C=M;O=A HTTP/1.0" 200 2279
180.76.5.17 - - [19/May/2015:00:39:42 -0500] "GET /BLA/resoluciones/RESOLUCIONES%202007/RES%202007%203801%20AL%203900/RESOLUCION%203882%20DE%202007.pdf HTTP/1.1" 200 1080520
198.27.82.146 - - [19/May/2015:00:39:45 -0500] "GET /galeria/nivo-slider/demo/?C=N;O=D HTTP/1.0" 200 2279
186.30.177.62 - - [19/May/2015:00:39:46 -0500] "GET /forest/index2.jsp?_a=0.15275692171417177 HTTP/1.1" 200 46369
186.30.177.62 - - [19/May/2015:00:39:47 -0500] "GET /forest/skins/gdocs-jar/css/forest.css?version=1503.161801 HTTP/1.1" 304 -
186.30.177.62 - - [19/May/2015:00:39:47 -0500] "GET /forest/skins/gdocs-jar/css/menu.css?version=1503.161801 HTTP/1.1" 304 -
186.30.177.62 - - [19/May/2015:00:39:47 -0500] "GET /forest/skins/gdocs-jar/css/autocomplete.css?version=1503.161801 HTTP/1.1" 304 -
186.30.177.62 - - [19/May/2015:00:39:47 -0500] "GET /forest/css/escritorio.css?version=1503.161801 HTTP/1.1" 304 -
186.30.177.62 - - [19/May/2015:00:39:47 -0500] "GET /forest/css/index.css?version=1503.161801 HTTP/1.1" 304 -
186.30.177.62 - - [19/May/2015:00:39:47 -0500] "GET /forest/1ibre/jscalendar/calendar-win2k-1.css?version=1503.161801 HTTP/1.1" 304 -
186.30.177.62 - - [19/May/2015:00:39:47 -0500] "GET /forest/skins/gdocs-jar/css/dialog.css?version=1503.161801 HTTP/1.1" 304 -
186.30.177.62 - - [19/May/2015:00:39:47 -0500] "GET /forest/skins/gdocs-jar/css/forms.css?version=1503.161801 HTTP/1.1" 304 -
186.30.177.62 - - [19/May/2015:00:39:47 -0500] "GET /forest/js/json3.js HTTP/1.1" 304 -
186.30.177.62 - - [19/May/2015:00:39:47 -0500] "GET /forest/img/loading.gif HTTP/1.1" 304 -
186.30.177.62 - - [19/May/2015:00:39:47 -0500] "GET /forest/img/mplogo.gif HTTP/1.1" 304 -
186.30.177.62 - - [19/May/2015:00:39:47 -0500] "GET /forest/img/spacer.gif HTTP/1.1" 304 -
186.30.177.62 - - [19/May/2015:00:39:47 -0500] "GET /forest/skins/gdocs-jar/img/okey.gif HTTP/1.1" 304 -
186.30.177.62 - - [19/May/2015:00:39:47 -0500] "GET /forest/img/panel/view_icon.gif HTTP/1.1" 304 -
186.30.177.62 - - [19/May/2015:00:39:47 -0500] "GET /forest/img/close.gif HTTP/1.1" 304 -
66.249.65.240 - - [19/May/2015:00:39:48 -0500] "GET /portalsiaccapacitaciones/Soportes%20Capacitaciones%202014/0113.%20Presentaci%C3%B3n%20Compensaci%C3%B3n%20Endurecidas%20Zonas%20Verdes%2011-11-14.pdf HTTP/1.1" 200 1290853
186.30.177.62 - - [19/May/2015:00:39:48 -0500] "GET /forest/img/base/bsc2_r1_c1.gif HTTP/1.1" 304 -
186.30.177.62 - - [19/May/2015:00:39:49 -0500] "GET /forest/img/base/bsc2_r1_c2.gif HTTP/1.1" 304 -
186.30.177.62 - - [19/May/2015:00:39:49 -0500] "GET /forest/img/base/bsc2_r1_c3.gif HTTP/1.1" 304 -
186.30.177.62 - - [19/May/2015:00:39:49 -0500] "GET /forest/1ibre/1ibre.css HTTP/1.1" 304 -
186.30.177.62 - - [19/May/2015:00:39:49 -0500] "GET /forest/session.jsp?a=0.9484675382263958 HTTP/1.1" 200 4
198.27.82.146 - - [19/May/2015:00:39:51 -0500] "GET /galeria/nivo-slider/demo/?C=S;O=A HTTP/1.0" 200 2279
186.30.177.62 - - [19/May/2015:00:39:52 -0500] "GET /forest/usutareas.do?group_system_actual=3&codTraEsc=18119971&_a=0.19103589205202232 HTTP/1.1" 200 127063
186.30.177.62 - - [19/May/2015:00:39:55 -0500] "GET /forest/skins/gdocs-jar/js/grid.js?version=1503.161801 HTTP/1.1" 200 7034
186.30.177.62 - - [19/May/2015:00:39:55 -0500] "GET /forest/js/usutareas-docs.js HTTP/1.1" 200 646
186.30.177.62 - - [19/May/2015:00:39:55 -0500] "GET /forest/js/socketConnection.js HTTP/1.1" 200 3648
186.30.177.62 - - [19/May/2015:00:39:55 -0500] "GET /forest/skins/gdocs-jar/img/ok.gif HTTP/1.1" 200 579
186.30.177.62 - - [19/May/2015:00:39:55 -0500] "GET /forest/js/jquery/jquery-1.5.2.min.js HTTP/1.1" 200 85940
186.30.177.62 - - [19/May/2015:00:39:55 -0500] "GET /forest/js/jquery/jquery.atmosphere.js HTTP/1.1" 200 103614
186.30.177.62 - - [19/May/2015:00:39:56 -0500] "GET /forest/skins/gdocs-jar/img/clip.gif HTTP/1.1" 200 246
186.28.33.243 - - [19/May/2015:00:39:56 -0500] "GET /BLA/resoluciones/RESOLUCIONES%202011/0041.pdf HTTP/1.1" 200 433238
186.30.177.62 - - [19/May/2015:00:39:56 -0500] "GET /forest/skins/gdocs-jar/img/bola.gif HTTP/1.1" 200 272
186.28.33.243 - - [19/May/2015:00:39:56 -0500] "GET /favicon.ico HTTP/1.1" 200 7782
186.28.33.243 - - [19/May/2015:00:39:56 -0500] "GET /BLA/resoluciones/RESOLUCIONES%202011/0041.pdf HTTP/1.1" 206 32768
186.28.33.243 - - [19/May/2015:00:39:56 -0500] "GET /BLA/resoluciones/RESOLUCIONES%202011/0041.pdf HTTP/1.1" 206 400470
186.30.177.62 - - [19/May/2015:00:39:58 -0500] "GET /forest/session.jsp?a=0.6308708928991109 HTTP/1.1" 200 4
186.30.177.62 - - [19/May/2015:00:39:58 -0500] "GET /forest/actions/forms.getMappedValues?id=ViabTec_Perm1340&value=3&codForm=reporte_ct_registro&a=0.48402345343492925 HTTP/1.1" 200 28
186.30.177.62 - - [19/May/2015:00:39:58 -0500] "GET /forest/actions/forms.getMappedValues?id=tercero46&value=1000775343-8&codForm=reporte_ct_registro&a=0.8520244285464287 HTTP/1.1" 200 101
186.30.177.62 - - [19/May/2015:00:39:58 -0500] "GET /forest/actions/forms.getMappedValues?id=ViabTec_Perm1340&value=3&codForm=reporte_ct_registro&a=0.05850527645088732 HTTP/1.1" 200 28
66.249.65.93 - - [19/May/2015:00:39:59 -0500] "GET /BLA/resoluciones/AUTOS%202011/3447.pdf HTTP/1.1" 200 1902966
198.27.82.146 - - [19/May/2015:00:40:01 -0500] "GET /galeria/nivo-slider/demo/Galeria1.htm HTTP/1.0" 200 1842
180.76.5.172 - - [19/May/2015:00:40:10 -0500] "GET /BLA/resoluciones/RESOLUCIONES%202011/3649.pdf HTTP/1.1" 200 586159
66.249.65.96 - - [19/May/2015:00:40:11 -0500] "GET /BLA/resoluciones/RESOLUCIONES%202014/0745.pdf HTTP/1.1" 200 577718
190.84.185.167 - - [19/May/2015:00:40:11 -0500] "GET /forest/session.jsp?a=0.037630249513313174 HTTP/1.1" 200 4
190.84.185.167 - - [19/May/2015:00:40:13 -0500] "GET /forest/skins/gdocs-jar/popup/escritorio/subirborrador.jsp?form=DPC_ElaborarBorradorConsolidador&codTpl=726&codBorr=&a=0.7026564315892756 HTTP/1.1" 200 23286
190.84.185.167 - - [19/May/2015:00:40:13 -0500] "GET /forest/json.do?query=borradoresByTpls&codInst=3122463&codTare=2320&firma=0&a=0.8255058487411588 HTTP/1.1" 200 2
190.84.185.167 - - [19/May/2015:00:40:13 -0500] "GET /forest/json.do?query=plantillasByTarea&codTare=2320&codInst=3122463&firma=0&a=0.9671095120720565 HTTP/1.1" 200 259
190.84.185.167 - - [19/May/2015:00:40:14 -0500] "GET /forest/json.do?query=terceroById&numTer=19494087&a=0.07707849727012217 HTTP/1.1" 200 658
190.84.185.167 - - [19/May/2015:00:40:14 -0500] "GET /forest/json.do?query=ultimoBorradorByTpl&codTpl=2021&codInst=3122463&a=0.8768167118541896 HTTP/1.1" 200 2
190.84.185.167 - - [19/May/2015:00:40:14 -0500] "GET /forest/json.do?query=ultimoBorradorByTpl&codTpl=726&codInst=3122463&a=0.010000806301832199 HTTP/1.1" 200 2
190.84.185.167 - - [19/May/2015:00:40:14 -0500] "GET /forest/skins/gdocs-jar/img/icons/docx.gif HTTP/1.1" 304 -
198.27.82.146 - - [19/May/2015:00:40:20 -0500] "GET /galeria/nivo-slider/demo/demo.html HTTP/1.0" 200 4417
66.249.65.99 - - [19/May/2015:00:40:22 -0500] "GET /BLA/resoluciones/RESOLUCIONES%202014/0696.pdf HTTP/1.1" 200 626708
198.27.82.146 - - [19/May/2015:00:40:27 -0500] "GET /galeria/nivo-slider/demo/demoOLD.html HTTP/1.0" 200 9758
180.76.5.190 - - [19/May/2015:00:40:27 -0500] "GET /BLA/resoluciones/RESOLUCIONES%202012/0945.pdf HTTP/1.1" 200 576325
66.249.65.93 - - [19/May/2015:00:40:33 -0500] "GET /BLA/resoluciones/AUTOS%202011/7074.pdf HTTP/1.1" 200 233623
186.30.177.62 - - [19/May/2015:00:40:33 -0500] "GET /forest/skins/gdocs-jar/popup/escritorio/subirborrador.jsp?form=reporte_ct_registro&codTpl=&codBorr=590255&a=0.029028399847447872 HTTP/1.1" 200 23292
186.30.177.62 - - [19/May/2015:00:40:33 -0500] "GET /forest/json.do?query=borradoresByTpls&codInst=3136218&codTare=2541&firma=0&a=0.2866731435060501 HTTP/1.1" 200 196
186.30.177.62 - - [19/May/2015:00:40:33 -0500] "GET /forest/json.do?query=plantillasByTarea&codTare=2541&codInst=3136218&firma=0&a=0.611654625274241 HTTP/1.1" 200 147
186.30.177.62 - - [19/May/2015:00:40:34 -0500] "GET /forest/json.do?query=terceroById&numTer=1000775343-8&a=0.10238985787145793 HTTP/1.1" 200 697
186.30.177.62 - - [19/May/2015:00:40:34 -0500] "GET /forest/skins/gdocs-jar/img/top-search-icon.gif HTTP/1.1" 200 607
186.30.177.62 - - [19/May/2015:00:40:34 -0500] "GET /forest/img/lapiz.gif HTTP/1.1" 200 914
186.30.177.62 - - [19/May/2015:00:40:34 -0500] "GET /forest/json.do?query=ultimoBorradorByTpl&codTpl=2086&codInst=3136218&a=0.742818265222013 HTTP/1.1" 200 20
186.30.177.62 - - [19/May/2015:00:40:34 -0500] "GET /forest/json.do?query=datosBorradorByCodTraBorr&codTraBorr=1764403&a=0.19641407649032772 HTTP/1.1" 200 180
186.30.177.62 - - [19/May/2015:00:40:34 -0500] "GET /forest/json.do?query=adjuntosByBorrador&codTraBorr=1764403&a=0.32089338451623917 HTTP/1.1" 200 2
186.30.177.62 - - [19/May/2015:00:40:34 -0500] "GET /forest/img/historial.gif HTTP/1.1" 200 1341
186.30.177.62 - - [19/May/2015:00:40:34 -0500] "GET /forest/skins/gdocs-jar/img/expandido.gif HTTP/1.1" 200 190
186.30.177.62 - - [19/May/2015:00:40:34 -0500] "GET /forest/img/adduser.gif HTTP/1.1" 200 1249
186.30.177.62 - - [19/May/2015:00:40:34 -0500] "GET /forest/skins/gdocs-jar/img/icons/docx.gif HTTP/1.1" 200 1039
74.86.158.107 - - [19/May/2015:00:40:41 -0500] "HEAD / HTTP/1.1" 200 -
198.27.82.146 - - [19/May/2015:00:40:29 -0500] "GET /galeria/nivo-slider/demo/images/ HTTP/1.0" 200 174780
66.249.65.240 - - [19/May/2015:00:40:44 -0500] "GET /portalsiaccapacitaciones/Soportes%20Capacitaciones%202014/0088.%20Ficha%20metodologica%20del%20Indicador%2010-07-14.pdf HTTP/1.1" 200 85433
180.76.5.172 - - [19/May/2015:00:40:45 -0500] "GET /BLA/resoluciones/RESOLUCIONES%202007/RES%202007%202801%20AL%202900/RESOLUCION%202833%20DE%202007.pdf HTTP/1.1" 200 678053
198.27.82.146 - - [19/May/2015:00:40:45 -0500] "GET /galeria/nivo-slider/demo/scripts/ HTTP/1.0" 200 1035
198.27.82.146 - - [19/May/2015:00:40:48 -0500] "GET /galeria/nivo-slider/demo/style.css HTTP/1.0" 200 2222
198.27.82.146 - - [19/May/2015:00:40:50 -0500] "GET /galeria/nivo-slider/themes/?C=D;O=A HTTP/1.0" 200 1425
180.76.5.22 - - [19/May/2015:00:40:51 -0500] "GET /BLA/resoluciones/AUTOS%202010/5327.pdf HTTP/1.1" 200 183960
198.27.82.146 - - [19/May/2015:00:40:54 -0500] "GET /galeria/nivo-slider/themes/?C=M;O=A HTTP/1.0" 200 1425
66.249.65.96 - - [19/May/2015:00:40:55 -0500] "GET /BLA/resoluciones/AUTOS%202011/5850.pdf HTTP/1.1" 200 425903
190.84.185.167 - - [19/May/2015:00:34:59 -0500] "GET /ForestMSG_SDA/channelAsync/template_word_18171230?X-Atmosphere-tracking-id=f5f1aa7f-403b-ea42-c607-41740e53ebac&X-Atmosphere-Framework=1.0.5&X-Atmosphere-Transport=long-polling&tabid=0.3257886196952313&X-Cache-Date=0&Content-Type=application/xml&_=1432013730946 HTTP/1.1" 200 8193
198.27.82.146 - - [19/May/2015:00:41:03 -0500] "GET /galeria/nivo-slider/themes/?C=N;O=D HTTP/1.0" 200 1425
200.118.81.201 - - [19/May/2015:00:41:05 -0500] "GET /BLA/boletinlegal/js/jquery.scrollShow.js HTTP/1.1" 200 4586
200.118.81.201 - - [19/May/2015:00:41:05 -0500] "GET /BLA/boletinlegal/js/jquery.scrollTo-min.js HTTP/1.1" 200 1150
200.118.81.201 - - [19/May/2015:00:41:05 -0500] "GET /galeria/galeria/jquery.fancybox.js?v=2.1.5 HTTP/1.1" 200 48706
200.118.81.201 - - [19/May/2015:00:41:05 -0500] "GET /galeria/galeria/jquery.fancybox.css?v=2.1.5 HTTP/1.1" 200 4895
66.249.65.93 - - [19/May/2015:00:41:06 -0500] "GET /BLA/resoluciones/RESOLUCIONES%202009/0989.pdf HTTP/1.1" 200 231238
198.27.82.146 - - [19/May/2015:00:41:07 -0500] "GET /galeria/nivo-slider/themes/?C=S;O=A HTTP/1.0" 200 1425
198.27.82.146 - - [19/May/2015:00:41:09 -0500] "GET /galeria/nivo-slider/themes/default/ HTTP/1.0" 200 1671
198.27.82.146 - - [19/May/2015:00:41:11 -0500] "GET /galeria/nivo-slider/themes/orman/ HTTP/1.0" 200 2091
198.27.82.146 - - [19/May/2015:00:41:16 -0500] "GET /galeria/nivo-slider/themes/pascal/ HTTP/1.0" 200 2313
66.249.65.93 - - [19/May/2015:00:41:17 -0500] "GET /BLA/resoluciones/AUTOS%202012/2384.pdf HTTP/1.1" 200 168695
201.184.228.190 - - [19/May/2015:00:41:25 -0500] "GET /galeria/galeria/jquery.fancybox.css?v=2.1.5 HTTP/1.1" 304 -
201.184.228.190 - - [19/May/2015:00:41:25 -0500] "GET /galeria/galeria/jquery.fancybox.js?v=2.1.5 HTTP/1.1" 304 -
66.249.65.99 - - [19/May/2015:00:41:27 -0500] "GET /BLA/resoluciones/AUTOS%202013/2728.pdf HTTP/1.1" 200 579705
66.249.65.93 - - [19/May/2015:00:41:38 -0500] "GET /BLA/resoluciones/RESOLUCIONES%202007/RES%202007%201001%20AL%201100/RESOLUCION%201035%20DE%202007.pdf HTTP/1.1" 200 279027
180.76.5.67 - - [19/May/2015:00:41:47 -0500] "GET /BLA/resoluciones/RESOLUCIONES%202009/2543.pdf HTTP/1.1" 200 394547
66.249.65.93 - - [19/May/2015:00:41:48 -0500] "GET /BLA/resoluciones/AUTOS%202011/2707.pdf HTTP/1.1" 200 2580294
186.113.93.101 - - [19/May/2015:00:35:57 -0500] "GET /ForestMSG_SDA/channelAsync/template_word_18171264?X-Atmosphere-tracking-id=7c55ecea-eac0-9fad-2aeb-dee8437eb177&X-Atmosphere-Framework=1.0.5&X-Atmosphere-Transport=long-polling&tabid=0.9426877077203244&X-Cache-Date=0&Content-Type=application/xml&_=1432013923715 HTTP/1.1" 200 8193
66.249.65.99 - - [19/May/2015:00:41:59 -0500] "GET /BLA/resoluciones/AUTOS%202011/5474.pdf HTTP/1.1" 200 198019
66.249.65.99 - - [19/May/2015:00:42:09 -0500] "GET /BLA/resoluciones/RESOLUCIONES%202014/1707.pdf HTTP/1.1" 200 545285
186.30.177.62 - - [19/May/2015:00:42:15 -0500] "POST /forest/usutareas.do?group_system_actual=3 HTTP/1.1" 200 212
66.249.65.96 - - [19/May/2015:00:42:19 -0500] "GET /BLA/resoluciones/AUTOS%202013/2839.pdf HTTP/1.1" 200 418157
186.30.177.62 - - [19/May/2015:00:39:58 -0500] "GET /ForestMSG_SDA/channelAsync/template_word_18119971?X-Atmosphere-tracking-id=b102d29e-e496-7665-bc49-fdf0f0ec5344&X-Atmosphere-Framework=1.0.5&X-Atmosphere-Transport=long-polling&tabid=0.791721509071067&X-Cache-Date=0&Content-Type=application/xml&_=1432014145382 HTTP/1.1" 200 8193
186.30.177.62 - - [19/May/2015:00:42:24 -0500] "GET /forest/usutareas.do?group_system_actual=3&a=0.008655715035274625 HTTP/1.1" 200 127069
186.30.177.62 - - [19/May/2015:00:42:26 -0500] "GET /forest/session.jsp?a=0.6344399624504149 HTTP/1.1" 200 4
186.30.177.62 - - [19/May/2015:00:42:26 -0500] "GET /forest/actions/forms.getMappedValues?id=ViabTec_Perm1340&value=3&codForm=reporte_ct_registro&a=0.88632419728674 HTTP/1.1" 200 28
186.30.177.62 - - [19/May/2015:00:42:26 -0500] "GET /forest/actions/forms.getMappedValues?id=tercero46&value=1000775343-8&codForm=reporte_ct_registro&a=0.5605912115424871 HTTP/1.1" 200 101
186.30.177.62 - - [19/May/2015:00:42:26 -0500] "GET /forest/actions/forms.getMappedValues?id=ViabTec_Perm1340&value=3&codForm=reporte_ct_registro&a=0.4542338957544416 HTTP/1.1" 200 28
180.76.5.20 - - [19/May/2015:00:42:29 -0500] "GET /BLA/resoluciones/AUTOS%202009/2706.pdf HTTP/1.1" 200 95658
66.249.65.93 - - [19/May/2015:00:42:30 -0500] "GET /BLA/resoluciones/AUTOS%202011/4935.pdf HTTP/1.1" 200 1969619
186.30.177.62 - - [19/May/2015:00:42:33 -0500] "GET /forest/skins/gdocs-jar/popup/escritorio/subirborrador.jsp?form=reporte_ct_registro&codTpl=&codBorr=590254&a=0.8063288962002844 HTTP/1.1" 200 23292
186.30.177.62 - - [19/May/2015:00:42:33 -0500] "GET /forest/json.do?query=borradoresByTpls&codInst=3136218&codTare=2542&firma=0&a=0.07799871452152729 HTTP/1.1" 200 176
186.30.177.62 - - [19/May/2015:00:42:33 -0500] "GET /forest/json.do?query=plantillasByTarea&codTare=2542&codInst=3136218&firma=0&a=0.3395510269328952 HTTP/1.1" 200 140
186.30.177.62 - - [19/May/2015:00:42:33 -0500] "GET /forest/json.do?query=terceroById&numTer=1000775343-8&a=0.9019599743187428 HTTP/1.1" 200 697
186.30.177.62 - - [19/May/2015:00:42:33 -0500] "GET /forest/json.do?query=datosBorradorByCodTraBorr&codTraBorr=1764404&a=0.198205451015383 HTTP/1.1" 200 180
186.30.177.62 - - [19/May/2015:00:42:33 -0500] "GET /forest/json.do?query=ultimoBorradorByTpl&codTpl=2084&codInst=3136218&a=0.6982096056453884 HTTP/1.1" 200 20
186.30.177.62 - - [19/May/2015:00:42:33 -0500] "GET /forest/json.do?query=adjuntosByBorrador&codTraBorr=1764404&a=0.7294358797371387 HTTP/1.1" 200 2
66.249.65.96 - - [19/May/2015:00:42:40 -0500] "GET /BLA/resoluciones/AUTOS%202006/AUTOS%202006%201001-1100/00001031.tif HTTP/1.1" 304 -
190.84.185.167 - - [19/May/2015:00:42:09 -0500] "POST /forest/usutareas.do?group_system_actual=3 HTTP/1.1" 200 186
66.249.65.240 - - [19/May/2015:00:42:50 -0500] "GET /portalsiaccapacitaciones/Soportes%20Capacitaciones%202014/0112.%20Presentaci%C3%B3n%20Cambio%20Clim%C3%A1tico-Bogot%C3%A1%2011-11-14.pdf HTTP/1.1" 200 3479741
180.76.5.73 - - [19/May/2015:00:42:50 -0500] "GET /BLA/resoluciones/RESOLUCIONES%202007/RES%202007%20501%20AL%20600/RESOLUCION%200561%20DE%202007.pdf HTTP/1.1" 200 1377171
180.76.5.27 - - [19/May/2015:00:43:00 -0500] "GET /BLA/resoluciones/RESOLUCIONES%202011/1009.pdf HTTP/1.1" 200 80195
66.249.65.99 - - [19/May/2015:00:43:06 -0500] "GET /BLA/resoluciones/AUTOS%202011/1899.pdf HTTP/1.1" 200 141944
66.249.65.96 - - [19/May/2015:00:43:09 -0500] "GET /BLA/resoluciones/AUTOS%202013/3128.pdf HTTP/1.1" 200 1507954
180.76.5.61 - - [19/May/2015:00:43:10 -0500] "GET /BLA/resoluciones/RESOLUCIONES%202007/RES%202007%20701%20AL%20800/RESOLUCION%200706%20DE%202007.pdf HTTP/1.1" 200 1721730
66.249.65.96 - - [19/May/2015:00:43:19 -0500] "GET /BLA/resoluciones/AUTOS%202011/2941.pdf HTTP/1.1" 200 526242
66.249.65.93 - - [19/May/2015:00:43:29 -0500] "GET /BLA/resoluciones/RESOLUCIONES%202009/3181.pdf HTTP/1.1" 200 780548
185.10.104.195 - - [19/May/2015:00:43:31 -0500] "GET /BLA/resoluciones/RESOLUCIONES%202010/2556.pdf HTTP/1.1" 200 543307
66.249.65.93 - - [19/May/2015:00:43:39 -0500] "GET /BLA/resoluciones/AUTOS%202011/1630.pdf HTTP/1.1" 200 206305
207.46.13.120 - - [19/May/2015:00:43:44 -0500] "GET /dama/libreria/pdf/pigas/piga%20DAMA/piga%20dama%20ultimo%20ajuste%20MPR.pdf HTTP/1.1" 404 1019
186.30.177.62 - - [19/May/2015:00:42:26 -0500] "GET /ForestMSG_SDA/channelAsync/template_word_18119971?X-Atmosphere-tracking-id=a6393a46-5bcf-1cfa-e8ae-96bc6ccb6ab2&X-Atmosphere-Framework=1.0.5&X-Atmosphere-Transport=long-polling&tabid=0.7920403508469462&X-Cache-Date=0&Content-Type=application/xml&_=1432014293164 HTTP/1.1" 200 8193
186.30.177.62 - - [19/May/2015:00:43:43 -0500] "GET /forest/usutareas.do?group_system_actual=3&a=0.008655715035274625 HTTP/1.1" 200 127069
186.30.177.62 - - [19/May/2015:00:43:45 -0500] "GET /forest/session.jsp?a=0.840970633784309 HTTP/1.1" 200 4
186.30.177.62 - - [19/May/2015:00:43:45 -0500] "GET /forest/actions/forms.getMappedValues?id=ViabTec_Perm1340&value=3&codForm=reporte_ct_registro&a=0.6827343369368464 HTTP/1.1" 200 28
186.30.177.62 - - [19/May/2015:00:43:45 -0500] "GET /forest/actions/forms.getMappedValues?id=tercero46&value=1000775343-8&codForm=reporte_ct_registro&a=0.7450589123181999 HTTP/1.1" 200 101
186.30.177.62 - - [19/May/2015:00:43:45 -0500] "GET /forest/actions/forms.getMappedValues?id=ViabTec_Perm1340&value=3&codForm=reporte_ct_registro&a=0.5502509970683604 HTTP/1.1" 200 28
66.249.65.96 - - [19/May/2015:00:43:49 -0500] "GET /BLA/resoluciones/RESOLUCIONES%202009/3875.pdf HTTP/1.1" 200 1109873
186.30.177.62 - - [19/May/2015:00:43:55 -0500] "GET /forest/skins/gdocs-jar/popup/escritorio/subirborrador.jsp?form=reporte_ct_registro&codTpl=&codBorr=590254&a=0.16185143496841192 HTTP/1.1" 200 23292
186.30.177.62 - - [19/May/2015:00:43:55 -0500] "GET /forest/json.do?query=borradoresByTpls&codInst=3136218&codTare=2542&firma=0&a=0.30645649833604693 HTTP/1.1" 200 176
186.30.177.62 - - [19/May/2015:00:43:55 -0500] "GET /forest/json.do?query=plantillasByTarea&codTare=2542&codInst=3136218&firma=0&a=0.1985000886488706 HTTP/1.1" 200 140
186.30.177.62 - - [19/May/2015:00:43:55 -0500] "GET /forest/json.do?query=terceroById&numTer=1000775343-8&a=0.7928089729975909 HTTP/1.1" 200 697
186.30.177.62 - - [19/May/2015:00:43:55 -0500] "GET /forest/json.do?query=ultimoBorradorByTpl&codTpl=2084&codInst=3136218&a=0.6597779395524412 HTTP/1.1" 200 20
186.30.177.62 - - [19/May/2015:00:43:55 -0500] "GET /forest/json.do?query=datosBorradorByCodTraBorr&codTraBorr=1764404&a=0.2548938891850412 HTTP/1.1" 200 180
186.30.177.62 - - [19/May/2015:00:43:55 -0500] "GET /forest/json.do?query=adjuntosByBorrador&codTraBorr=1764404&a=0.7552321639377624 HTTP/1.1" 200 2
186.113.93.101 - - [19/May/2015:00:44:00 -0500] "GET /forest/session.jsp?a=0.9709163294173777 HTTP/1.1" 200 4
180.76.5.167 - - [19/May/2015:00:44:05 -0500] "GET /BLA/resoluciones/AUTOS%202012/1707.pdf HTTP/1.1" 200 541126
66.249.65.240 - - [19/May/2015:00:44:10 -0500] "GET /portalsiaccapacitaciones/Soportes%20Capacitaciones%202014/0109.%20Presentaci%C3%B2n%20Registro%20-%20Permiso%20Vertimientos%2014-10-14.pdf HTTP/1.1" 200 4391904
190.84.185.167 - - [19/May/2015:00:40:59 -0500] "GET /ForestMSG_SDA/channelAsync/template_word_18171230?X-Atmosphere-tracking-id=f5f1aa7f-403b-ea42-c607-41740e53ebac&X-Atmosphere-Framework=1.0.5&X-Atmosphere-Transport=long-polling&tabid=0.3257886196952313&X-Cache-Date=0&Content-Type=application/xml&_=1432014090944 HTTP/1.1" 200 8193
190.84.185.167 - - [19/May/2015:00:44:19 -0500] "GET /forest/usutareas.do?group_system_actual=3&a=0.4421902808826417 HTTP/1.1" 200 118971
190.84.185.167 - - [19/May/2015:00:44:20 -0500] "GET /forest/session.jsp?a=0.5124456759076566 HTTP/1.1" 200 4
190.84.185.167 - - [19/May/2015:00:44:20 -0500] "GET /forest/actions/forms.getMappedValues?id=id_EnlaceConcejo17&value=1432011654928&codForm=DPC_ElaborarBorradorConsolidador&a=0.34436794463545084 HTTP/1.1" 200 26
180.76.5.67 - - [19/May/2015:00:44:21 -0500] "GET /BLA/resoluciones/RESOLUCIONES%202008/4258.pdf HTTP/1.1" 200 273471
180.76.5.143 - - [19/May/2015:00:44:38 -0500] "GET /BLA/resoluciones/AUTOS%202010/3476.pdf HTTP/1.1" 200 351011
180.76.5.196 - - [19/May/2015:00:44:52 -0500] "GET /BLA/resoluciones/RESOLUCIONES%202008/3246.pdf HTTP/1.1" 200 192370
190.84.185.167 - - [19/May/2015:00:44:53 -0500] "GET /forest/skins/gdocs-jar/popup/escritorio/subirborrador.jsp?form=DPC_ElaborarBorradorConsolidador&codTpl=726&codBorr=&a=0.9581277614925057 HTTP/1.1" 200 23286
190.84.185.167 - - [19/May/2015:00:44:53 -0500] "GET /forest/json.do?query=borradoresByTpls&codInst=3122463&codTare=2320&firma=0&a=0.9014090851414949 HTTP/1.1" 200 169
190.84.185.167 - - [19/May/2015:00:44:53 -0500] "GET /forest/json.do?query=plantillasByTarea&codTare=2320&codInst=3122463&firma=0&a=0.46420452231541276 HTTP/1.1" 200 259
190.84.185.167 - - [19/May/2015:00:44:53 -0500] "GET /forest/json.do?query=terceroById&numTer=19494087&a=0.8259329381398857 HTTP/1.1" 200 658
190.84.185.167 - - [19/May/2015:00:44:53 -0500] "GET /forest/json.do?query=ultimoBorradorByTpl&codTpl=2021&codInst=3122463&a=0.6047629432287067 HTTP/1.1" 200 2
190.84.185.167 - - [19/May/2015:00:44:53 -0500] "GET /forest/json.do?query=ultimoBorradorByTpl&codTpl=726&codInst=3122463&a=0.8983348975889385 HTTP/1.1" 200 20
190.84.155.162 - - [19/May/2015:00:45:07 -0500] "GET /galeria/carrusel/Carrusel/jquery.thumbnailScroller.css HTTP/1.1" 200 2066
190.84.155.162 - - [19/May/2015:00:45:07 -0500] "GET /galeria/carrusel/Carrusel/jquery-ui-1.8.13.custom.min.js HTTP/1.1" 200 10800
190.84.155.162 - - [19/May/2015:00:45:07 -0500] "GET /galeria/carrusel/Carrusel/jquery.thumbnailScroller.js HTTP/1.1" 200 8157
190.84.155.162 - - [19/May/2015:00:45:07 -0500] "GET /galeria/nivo-slider/demo/demo.html HTTP/1.1" 200 4417
180.76.5.187 - - [19/May/2015:00:45:07 -0500] "GET /BLA/resoluciones/AUTOS%202010/6562.pdf HTTP/1.1" 200 135954
190.84.155.162 - - [19/May/2015:00:45:08 -0500] "GET /galeria/nivo-slider/themes/default/default.css HTTP/1.1" 200 1569
190.84.155.162 - - [19/May/2015:00:45:08 -0500] "GET /galeria/nivo-slider/themes/pascal/pascal.css HTTP/1.1" 200 2258
190.84.155.162 - - [19/May/2015:00:45:08 -0500] "GET /galeria/nivo-slider/themes/orman/orman.css HTTP/1.1" 200 2152
190.84.155.162 - - [19/May/2015:00:45:08 -0500] "GET /galeria/nivo-slider/nivo-slider.css HTTP/1.1" 200 1507
190.84.155.162 - - [19/May/2015:00:45:08 -0500] "GET /galeria/nivo-slider/demo/style.css HTTP/1.1" 200 2222
190.84.155.162 - - [19/May/2015:00:45:08 -0500] "GET /galeria/nivo-slider/jquery.nivo.slider.pack.js HTTP/1.1" 200 11561
190.84.155.162 - - [19/May/2015:00:45:08 -0500] "GET /galeria/nivo-slider/demo/scripts/jquery-1.7.1.min.js HTTP/1.1" 200 93868
190.84.155.162 - - [19/May/2015:00:45:08 -0500] "GET /galeria/nivo-slider/demo/images/9Signos.jpg HTTP/1.1" 200 81776
190.84.155.162 - - [19/May/2015:00:45:08 -0500] "GET /galeria/nivo-slider/demo/images/capacitaciones-de-ecourbanismo.jpg HTTP/1.1" 200 171664
190.84.155.162 - - [19/May/2015:00:45:08 -0500] "GET /galeria/nivo-slider/demo/images/banner-Pacto-por-la-madera.jpg HTTP/1.1" 200 209966
190.84.155.162 - - [19/May/2015:00:45:08 -0500] "GET /galeria/nivo-slider/demo/images/4Simple_Slider.png HTTP/1.1" 200 11722
190.84.155.162 - - [19/May/2015:00:45:08 -0500] "GET /galeria/nivo-slider/themes/default/loading.gif HTTP/1.1" 200 1737
190.84.155.162 - - [19/May/2015:00:45:08 -0500] "GET /galeria/nivo-slider/demo/images/dia-del-rio-bogota.jpg HTTP/1.1" 200 283516
190.84.155.162 - - [19/May/2015:00:45:08 -0500] "GET /galeria/nivo-slider/demo/images/Banner-salud.jpg HTTP/1.1" 200 181685
190.84.155.162 - - [19/May/2015:00:45:09 -0500] "GET /galeria/nivo-slider/demo/images/mailling-acercar-xpress.jpg HTTP/1.1" 200 137233
190.84.155.162 - - [19/May/2015:00:45:10 -0500] "GET /galeria/nivo-slider/demo/images/acuerdo_569.jpg HTTP/1.1" 200 62670
190.84.155.162 - - [19/May/2015:00:45:10 -0500] "GET /galeria/nivo-slider/demo/images/Licitaciones-proyecto-paramo.jpg HTTP/1.1" 200 221877
190.84.155.162 - - [19/May/2015:00:45:10 -0500] "GET /galeria/nivo-slider/demo/images/Banner-decreto1299.jpg HTTP/1.1" 200 182613
190.84.155.162 - - [19/May/2015:00:45:10 -0500] "GET /galeria/nivo-slider/demo/images/Banner-Directorio.jpg HTTP/1.1" 200 182068
190.84.155.162 - - [19/May/2015:00:45:11 -0500] "GET /galeria/nivo-slider/demo/images/Ruta-vertimientos-01.jpg HTTP/1.1" 200 130151
190.84.155.162 - - [19/May/2015:00:45:11 -0500] "GET /galeria/nivo-slider/demo/images/bolsas-06.jpg HTTP/1.1" 200 90982
190.84.155.162 - - [19/May/2015:00:45:11 -0500] "GET /galeria/nivo-slider/demo/images/Conoce-los-humedales.jpg HTTP/1.1" 200 294036
190.84.155.162 - - [19/May/2015:00:45:12 -0500] "GET /galeria/nivo-slider/demo/images/ecolecta-Dic2014.png HTTP/1.1" 200 288593
190.84.155.162 - - [19/May/2015:00:45:12 -0500] "GET /galeria/nivo-slider/demo/images/Banner-Caracol-Africano.jpg HTTP/1.1" 200 331986
190.84.155.162 - - [19/May/2015:00:45:13 -0500] "GET /galeria/nivo-slider/demo/images/banner-llantas2.jpg HTTP/1.1" 200 73153
190.84.155.162 - - [19/May/2015:00:45:14 -0500] "GET /galeria/nivo-slider/themes/default/bullets.png HTTP/1.1" 200 1281
190.84.155.162 - - [19/May/2015:00:45:15 -0500] "GET /galeria/nivo-slider/themes/default/arrows.png HTTP/1.1" 200 824
180.76.5.173 - - [19/May/2015:00:45:40 -0500] "GET /BLA/resoluciones/AUTOS%202012/2668.pdf HTTP/1.1" 200 368206
74.86.158.107 - - [19/May/2015:00:45:41 -0500] "HEAD / HTTP/1.1" 200 -
180.76.5.59 - - [19/May/2015:00:46:10 -0500] "GET /BLA/resoluciones/RESOLUCIONES%202009/0923.pdf HTTP/1.1" 200 250572
180.76.5.195 - - [19/May/2015:00:46:23 -0500] "GET /BLA/resoluciones/RESOLUCIONES%202008/0487.pdf HTTP/1.1" 200 83704
66.102.8.223 - - [19/May/2015:00:46:41 -0500] "GET /galeria/carrusel/Carrusel/jquery.thumbnailScroller.css HTTP/1.1" 200 2066
66.102.8.223 - - [19/May/2015:00:46:41 -0500] "GET /galeria/galeria/jquery.fancybox.css?v=2.1.5 HTTP/1.1" 200 4895
66.102.8.223 - - [19/May/2015:00:46:41 -0500] "GET /BLA/boletinlegal/js/jquery.scrollShow.js HTTP/1.1" 200 4586
66.102.8.228 - - [19/May/2015:00:46:41 -0500] "GET /galeria/galeria/jquery.fancybox.js?v=2.1.5 HTTP/1.1" 200 48706
66.102.8.233 - - [19/May/2015:00:46:41 -0500] "GET /galeria/carrusel/Carrusel/jquery-ui-1.8.13.custom.min.js HTTP/1.1" 200 10800
66.102.8.223 - - [19/May/2015:00:46:41 -0500] "GET /BLA/boletinlegal/js/jquery.scrollTo-min.js HTTP/1.1" 200 1150
66.102.8.233 - - [19/May/2015:00:46:41 -0500] "GET /galeria/carrusel/Carrusel/jquery.thumbnailScroller.js HTTP/1.1" 200 8157
190.84.185.167 - - [19/May/2015:00:46:29 -0500] "POST /forest/usutareas.do?group_system_actual=3 HTTP/1.1" 200 194
66.102.8.228 - - [19/May/2015:00:46:43 -0500] "GET /galeria/nivo-slider/demo/demo.html HTTP/1.1" 200 4417
66.102.8.228 - - [19/May/2015:00:46:43 -0500] "GET /galeria/nivo-slider/themes/default/default.css HTTP/1.1" 200 1569
66.102.8.223 - - [19/May/2015:00:46:44 -0500] "GET /galeria/nivo-slider/demo/scripts/jquery-1.7.1.min.js HTTP/1.1" 200 93868
66.102.8.233 - - [19/May/2015:00:46:44 -0500] "GET /galeria/nivo-slider/themes/orman/orman.css HTTP/1.1" 200 2152
66.102.8.233 - - [19/May/2015:00:46:44 -0500] "GET /galeria/nivo-slider/demo/images/mailling-acercar-xpress.jpg HTTP/1.1" 200 137233
66.102.8.223 - - [19/May/2015:00:46:44 -0500] "GET /galeria/nivo-slider/demo/images/dia-del-rio-bogota.jpg HTTP/1.1" 200 283516
66.102.8.223 - - [19/May/2015:00:46:44 -0500] "GET /galeria/nivo-slider/jquery.nivo.slider.pack.js HTTP/1.1" 200 11561
66.102.8.223 - - [19/May/2015:00:46:44 -0500] "GET /galeria/nivo-slider/demo/images/Banner-Directorio.jpg HTTP/1.1" 200 182068
66.102.8.233 - - [19/May/2015:00:46:44 -0500] "GET /galeria/nivo-slider/demo/style.css HTTP/1.1" 200 2222
66.102.8.233 - - [19/May/2015:00:46:44 -0500] "GET /galeria/nivo-slider/demo/images/capacitaciones-de-ecourbanismo.jpg HTTP/1.1" 200 171664
66.102.8.228 - - [19/May/2015:00:46:44 -0500] "GET /galeria/nivo-slider/demo/images/9Signos.jpg HTTP/1.1" 200 81776
66.102.8.233 - - [19/May/2015:00:46:44 -0500] "GET /galeria/nivo-slider/demo/images/banner-Pacto-por-la-madera.jpg HTTP/1.1" 200 209966
66.102.8.233 - - [19/May/2015:00:46:44 -0500] "GET /galeria/nivo-slider/nivo-slider.css HTTP/1.1" 200 1507
66.102.8.233 - - [19/May/2015:00:46:44 -0500] "GET /galeria/nivo-slider/demo/images/Banner-salud.jpg HTTP/1.1" 200 181685
66.102.8.228 - - [19/May/2015:00:46:44 -0500] "GET /galeria/nivo-slider/themes/pascal/pascal.css HTTP/1.1" 200 2258
66.102.8.233 - - [19/May/2015:00:46:44 -0500] "GET /galeria/nivo-slider/demo/images/ecolecta-Dic2014.png HTTP/1.1" 200 288593
66.102.8.228 - - [19/May/2015:00:46:44 -0500] "GET /galeria/nivo-slider/demo/images/Licitaciones-proyecto-paramo.jpg HTTP/1.1" 200 221877
66.102.8.233 - - [19/May/2015:00:46:44 -0500] "GET /galeria/nivo-slider/demo/images/Banner-decreto1299.jpg HTTP/1.1" 200 182613
66.102.8.228 - - [19/May/2015:00:46:44 -0500] "GET /galeria/nivo-slider/demo/images/banner-llantas2.jpg HTTP/1.1" 200 73153
66.102.8.233 - - [19/May/2015:00:46:44 -0500] "GET /galeria/nivo-slider/demo/images/Ruta-vertimientos-01.jpg HTTP/1.1" 200 130151
66.102.8.233 - - [19/May/2015:00:46:44 -0500] "GET /galeria/nivo-slider/demo/images/Conoce-los-humedales.jpg HTTP/1.1" 200 294036
66.102.8.233 - - [19/May/2015:00:46:44 -0500] "GET /galeria/nivo-slider/demo/images/Banner-Caracol-Africano.jpg HTTP/1.1" 200 331986
66.102.8.233 - - [19/May/2015:00:46:44 -0500] "GET /galeria/nivo-slider/demo/images/bolsas-06.jpg HTTP/1.1" 200 90982
66.102.8.228 - - [19/May/2015:00:46:44 -0500] "GET /galeria/nivo-slider/demo/images/acuerdo_569.jpg HTTP/1.1" 200 62670
66.102.8.233 - - [19/May/2015:00:46:44 -0500] "GET /galeria/nivo-slider/themes/default/loading.gif HTTP/1.1" 200 1737
66.102.8.228 - - [19/May/2015:00:46:44 -0500] "GET /galeria/nivo-slider/demo/images/4Simple_Slider.png HTTP/1.1" 200 11722
66.102.8.233 - - [19/May/2015:00:46:50 -0500] "GET /galeria/nivo-slider/themes/default/arrows.png HTTP/1.1" 200 824
66.102.8.233 - - [19/May/2015:00:46:50 -0500] "GET /galeria/nivo-slider/themes/default/bullets.png HTTP/1.1" 200 1281
180.76.5.190 - - [19/May/2015:00:46:54 -0500] "GET /BLA/resoluciones/RESOLUCIONES%202007/RES%202007%203201%20AL%203300/RESOLUCION%203240%20DE%202007.pdf HTTP/1.1" 200 462623
66.249.65.247 - - [19/May/2015:00:47:09 -0500] "GET /portalsiaccapacitaciones/Soportes%20Capacitaciones%202014/0104.%20Presentaci%C3%B3n%20Plan%20Posconsumo%20Llantas%20Usadas%2030-09-14.pdf HTTP/1.1" 200 1690882
66.249.65.96 - - [19/May/2015:00:47:13 -0500] "GET /BLA/resoluciones/AUTOS%202011/4527.pdf HTTP/1.1" 200 215711
190.84.155.162 - - [19/May/2015:00:47:24 -0500] "GET /galeria/galeria/jquery.fancybox.css?v=2.1.5 HTTP/1.1" 304 -
190.84.155.162 - - [19/May/2015:00:47:24 -0500] "GET /BLA/boletinlegal/js/jquery.scrollTo-min.js HTTP/1.1" 304 -
190.84.155.162 - - [19/May/2015:00:47:24 -0500] "GET /BLA/boletinlegal/js/jquery.scrollShow.js HTTP/1.1" 304 -
190.84.155.162 - - [19/May/2015:00:47:24 -0500] "GET /galeria/galeria/jquery.fancybox.js?v=2.1.5 HTTP/1.1" 304 -
66.249.65.99 - - [19/May/2015:00:47:29 -0500] "GET /BLA/resoluciones/AUTOS%202011/7747.pdf HTTP/1.1" 200 237338
66.249.65.96 - - [19/May/2015:00:47:50 -0500] "GET /BLA/resoluciones/AUTOS%202011/5535.pdf HTTP/1.1" 200 220111
66.102.8.228 - - [19/May/2015:00:47:51 -0500] "GET /galeria/galeria/jquery.fancybox.css?v=2.1.5 HTTP/1.1" 304 -
66.102.8.233 - - [19/May/2015:00:47:51 -0500] "GET /BLA/boletinlegal/js/jquery.scrollTo-min.js HTTP/1.1" 304 -
66.102.8.228 - - [19/May/2015:00:47:51 -0500] "GET /galeria/galeria/jquery.fancybox.js?v=2.1.5 HTTP/1.1" 304 -
66.102.8.233 - - [19/May/2015:00:47:51 -0500] "GET /BLA/boletinlegal/js/jquery.scrollShow.js HTTP/1.1" 304 -
180.76.5.58 - - [19/May/2015:00:47:57 -0500] "GET /BLA/resoluciones/RESOLUCIONES%202008/1721.pdf HTTP/1.1" 200 55681
186.113.93.101 - - [19/May/2015:00:41:58 -0500] "GET /ForestMSG_SDA/channelAsync/template_word_18171264?X-Atmosphere-tracking-id=7c55ecea-eac0-9fad-2aeb-dee8437eb177&X-Atmosphere-Framework=1.0.5&X-Atmosphere-Transport=long-polling&tabid=0.9426877077203244&X-Cache-Date=0&Content-Type=application/xml&_=1432014284724 HTTP/1.1" 200 8193
66.249.65.96 - - [19/May/2015:00:48:03 -0500] "GET /BLA/resoluciones/AUTOS%202013/3445.pdf HTTP/1.1" 200 346908
66.249.65.96 - - [19/May/2015:00:48:10 -0500] "GET /BLA/resoluciones/AUTOS%202011/5777.pdf HTTP/1.1" 200 202617
186.30.177.62 - - [19/May/2015:00:47:22 -0500] "POST /forest/usutareas.do?group_system_actual=3 HTTP/1.1" 200 192
200.118.81.201 - - [19/May/2015:00:48:14 -0500] "GET /Residuos/farmaceutica/farmaceutica.html HTTP/1.1" 404 1300
200.118.45.180 - - [19/May/2015:00:48:15 -0500] "GET /BLA/boletinlegal/js/jquery.scrollTo-min.js HTTP/1.1" 200 1150
200.118.45.180 - - [19/May/2015:00:48:15 -0500] "GET /galeria/galeria/jquery.fancybox.js?v=2.1.5 HTTP/1.1" 200 48706
200.118.45.180 - - [19/May/2015:00:48:15 -0500] "GET /BLA/boletinlegal/js/jquery.scrollShow.js HTTP/1.1" 200 4586
200.118.45.180 - - [19/May/2015:00:48:15 -0500] "GET /galeria/galeria/jquery.fancybox.css?v=2.1.5 HTTP/1.1" 200 4895
200.118.45.180 - - [19/May/2015:00:48:18 -0500] "GET /BLA/boletinlegal/js/jquery.scrollTo-min.js HTTP/1.1" 304 -
200.118.45.180 - - [19/May/2015:00:48:18 -0500] "GET /BLA/boletinlegal/js/jquery.scrollShow.js HTTP/1.1" 304 -
200.118.45.180 - - [19/May/2015:00:48:18 -0500] "GET /galeria/galeria/jquery.fancybox.js?v=2.1.5 HTTP/1.1" 304 -
200.118.45.180 - - [19/May/2015:00:48:18 -0500] "GET /galeria/galeria/jquery.fancybox.css?v=2.1.5 HTTP/1.1" 304 -
186.30.177.62 - - [19/May/2015:00:48:19 -0500] "GET /forest/usutareas.do?group_system_actual=3&a=0.9470643205568194 HTTP/1.1" 200 127053
186.30.177.62 - - [19/May/2015:00:43:45 -0500] "GET /ForestMSG_SDA/channelAsync/template_word_18119971?X-Atmosphere-tracking-id=91140bf0-e90a-e194-a5b4-a96721d8c96b&X-Atmosphere-Framework=1.0.5&X-Atmosphere-Transport=long-polling&tabid=0.8710312070325017&X-Cache-Date=0&Content-Type=application/xml&_=1432014372087 HTTP/1.1" 200 8193
186.30.177.62 - - [19/May/2015:00:48:22 -0500] "GET /forest/session.jsp?a=0.4840357161592692 HTTP/1.1" 200 4
186.30.177.62 - - [19/May/2015:00:48:22 -0500] "GET /forest/actions/forms.getMappedValues?id=ViabTec_Perm1340&value=3&codForm=reporte_ct_registro&a=0.9682840495370328 HTTP/1.1" 200 28
186.30.177.62 - - [19/May/2015:00:48:22 -0500] "GET /forest/actions/forms.getMappedValues?id=tercero46&value=1000775343-8&codForm=reporte_ct_registro&a=0.167060405947268 HTTP/1.1" 200 101
