66.249.65.93 - - [19/May/2015:02:39:48 -0500] "GET /BLA/resoluciones/AUTOS%202011/5533.pdf HTTP/1.1" 200 208805
66.249.65.93 - - [19/May/2015:02:39:51 -0500] "GET /BLA/resoluciones/RESOLUCIONES%202009/2937.pdf HTTP/1.1" 200 541541
180.76.5.22 - - [19/May/2015:02:39:53 -0500] "GET /BLA/resoluciones/AUTOS%202009/2975.pdf HTTP/1.1" 200 115897
66.249.65.96 - - [19/May/2015:02:40:04 -0500] "GET /BLA/resoluciones/AUTOS%202008/0296.pdf HTTP/1.1" 200 159013
186.113.10.143 - - [19/May/2015:02:40:09 -0500] "GET /galeria/nivo-slider/demo/images/mailling-acercar-xpress.jpg HTTP/1.1" 304 -
180.76.5.166 - - [19/May/2015:02:40:12 -0500] "GET /BLA/resoluciones/RESOLUCIONES%202009/7621.pdf HTTP/1.1" 200 347611
66.249.65.99 - - [19/May/2015:02:40:18 -0500] "GET /BLA/resoluciones/AUTOS%202008/2820.pdf HTTP/1.1" 200 56276
66.249.65.99 - - [19/May/2015:02:40:22 -0500] "GET /BLA/resoluciones/AUTOS%202009/0753.pdf HTTP/1.1" 200 86690
180.76.5.177 - - [19/May/2015:02:40:24 -0500] "GET /BLA/resoluciones/AUTOS%202009/3359.pdf HTTP/1.1" 200 209272
74.86.158.107 - - [19/May/2015:02:40:41 -0500] "HEAD / HTTP/1.1" 200 -
180.76.5.192 - - [19/May/2015:02:40:45 -0500] "GET /BLA/resoluciones/RESOLUCIONES%202009/8127.pdf HTTP/1.1" 200 556576
66.249.65.99 - - [19/May/2015:02:41:00 -0500] "GET /BLA/resoluciones/AUTOS%202011/7516.pdf HTTP/1.1" 200 199816
180.76.5.173 - - [19/May/2015:02:41:01 -0500] "GET /BLA/resoluciones/RESOLUCIONES%202008/3886.pdf HTTP/1.1" 200 450726
66.249.65.99 - - [19/May/2015:02:41:14 -0500] "GET /BLA/resoluciones/AUTOS%202008/1185.pdf HTTP/1.1" 200 121816
180.76.5.194 - - [19/May/2015:02:41:19 -0500] "GET /BLA/resoluciones/RESOLUCIONES%202013/1181.pdf HTTP/1.1" 200 370252
66.249.65.96 - - [19/May/2015:02:41:30 -0500] "GET /BLA/resoluciones/AUTOS%202008/3470.pdf HTTP/1.1" 200 146936
66.249.65.96 - - [19/May/2015:02:41:36 -0500] "GET /BLA/resoluciones/AUTOS%202013/0309.pdf HTTP/1.1" 200 1168660
180.76.5.177 - - [19/May/2015:02:41:36 -0500] "GET /BLA/resoluciones/AUTOS%202010/6731.pdf HTTP/1.1" 200 450928
66.249.65.96 - - [19/May/2015:02:41:42 -0500] "GET /BLA/resoluciones/AUTOS%202008/0092.pdf HTTP/1.1" 200 156267
180.76.5.154 - - [19/May/2015:02:41:53 -0500] "GET /BLA/resoluciones/RESOLUCIONES%202011/2469.pdf HTTP/1.1" 200 850984
66.249.65.99 - - [19/May/2015:02:42:00 -0500] "GET /BLA/resoluciones/RESOLUCIONES%202009/3015.pdf HTTP/1.1" 200 603366
180.76.5.166 - - [19/May/2015:02:42:10 -0500] "GET /BLA/resoluciones/AUTOS%202009/0440.pdf HTTP/1.1" 200 101969
66.249.65.96 - - [19/May/2015:02:42:22 -0500] "GET /BLA/resoluciones/AUTOS%202011/2706.pdf HTTP/1.1" 200 189462
180.76.5.150 - - [19/May/2015:02:42:26 -0500] "GET /BLA/resoluciones/AUTOS%202009/0904.pdf HTTP/1.1" 200 122277
66.249.65.240 - - [19/May/2015:02:42:33 -0500] "GET /portalsiaccapacitaciones/Soportes%20Capacitaciones%202014/0097.%20Presentaci%C3%B3n%20Manejo%20Aceite%20Usado%2010-09-14.pdf HTTP/1.1" 200 2501983
66.249.65.99 - - [19/May/2015:02:42:43 -0500] "GET /BLA/resoluciones/AUTOS%202013/5889.pdf HTTP/1.1" 200 10726858
180.76.5.69 - - [19/May/2015:02:42:45 -0500] "GET /BLA/resoluciones/AUTOS%202012/0676.pdf HTTP/1.1" 200 328650
180.76.5.197 - - [19/May/2015:02:43:03 -0500] "GET /BLA/resoluciones/RESOLUCIONES%202009/2699.pdf HTTP/1.1" 200 485423
66.249.65.96 - - [19/May/2015:02:43:04 -0500] "GET /BLA/resoluciones/AUTOS%202008/1920.pdf HTTP/1.1" 200 274348
66.249.65.99 - - [19/May/2015:02:43:07 -0500] "GET /BLA/resoluciones/AUTOS%202006/AUTOS%202006%201701%20-%201800/00001759.tif HTTP/1.1" 304 -
180.76.5.151 - - [19/May/2015:02:43:37 -0500] "GET /BLA/resoluciones/RESOLUCIONES%202008/0511.pdf HTTP/1.1" 200 223768
66.249.65.99 - - [19/May/2015:02:43:48 -0500] "GET /BLA/resoluciones/AUTOS%202011/1979.pdf HTTP/1.1" 200 408243
66.249.65.99 - - [19/May/2015:02:44:01 -0500] "GET /BLA/resoluciones/RESOLUCIONES%202007/RES%202007%203601%20AL%203700/RESOLUCION%203643%20DE%202007.pdf HTTP/1.1" 200 165884
66.249.65.96 - - [19/May/2015:02:44:09 -0500] "GET /BLA/resoluciones/RESOLUCIONES%202008/0273.pdf HTTP/1.1" 200 297201
180.76.5.194 - - [19/May/2015:02:44:40 -0500] "GET /BLA/resoluciones/AUTOS%202013/2053.pdf HTTP/1.1" 200 1808684
66.249.65.99 - - [19/May/2015:02:44:46 -0500] "GET /BLA/resoluciones/RESOLUCIONES%202009/6082.pdf HTTP/1.1" 200 409204
66.249.65.99 - - [19/May/2015:02:44:48 -0500] "GET /BLA/resoluciones/RESOLUCIONES%202005/RES%202005%201551-1600/00001585.tif HTTP/1.1" 200 41630
180.76.5.71 - - [19/May/2015:02:45:08 -0500] "GET /BLA/resoluciones/AUTOS%202009/2190.pdf HTTP/1.1" 200 114002
66.249.65.99 - - [19/May/2015:02:45:12 -0500] "GET /BLA/resoluciones/AUTOS%202011/7573.pdf HTTP/1.1" 200 191922
180.76.5.170 - - [19/May/2015:02:45:19 -0500] "GET /BLA/resoluciones/AUTOS%202011/0795.pdf HTTP/1.1" 200 160299
74.86.158.107 - - [19/May/2015:02:45:41 -0500] "HEAD / HTTP/1.1" 200 -
180.76.5.152 - - [19/May/2015:02:45:43 -0500] "GET /BLA/boletinlegal;jsessionid=2861691F43A14DA9D73554655562E38D?/? HTTP/1.1" 404 1018
66.249.65.99 - - [19/May/2015:02:46:16 -0500] "GET /BLA/resoluciones/RESOLUCIONES%202009/9361.pdf HTTP/1.1" 200 539251
180.76.5.78 - - [19/May/2015:02:46:22 -0500] "GET /BLA/resoluciones/AUTOS%202014/5938.pdf HTTP/1.1" 200 209124
181.53.39.60 - - [19/May/2015:02:46:29 -0500] "GET /BLA/boletinlegal/js/jquery.scrollTo-min.js HTTP/1.1" 200 1150
181.53.39.60 - - [19/May/2015:02:46:29 -0500] "GET /BLA/boletinlegal/js/jquery.scrollShow.js HTTP/1.1" 200 4586
181.53.39.60 - - [19/May/2015:02:46:29 -0500] "GET /galeria/galeria/jquery.fancybox.js?v=2.1.5 HTTP/1.1" 200 48706
181.53.39.60 - - [19/May/2015:02:46:29 -0500] "GET /galeria/galeria/jquery.fancybox.css?v=2.1.5 HTTP/1.1" 200 4895
181.53.39.60 - - [19/May/2015:02:46:38 -0500] "GET /BLA/boletinlegal/js/jquery.scrollTo-min.js HTTP/1.1" 304 -
181.53.39.60 - - [19/May/2015:02:46:38 -0500] "GET /galeria/galeria/jquery.fancybox.css?v=2.1.5 HTTP/1.1" 304 -
181.53.39.60 - - [19/May/2015:02:46:38 -0500] "GET /BLA/boletinlegal/js/jquery.scrollShow.js HTTP/1.1" 304 -
181.53.39.60 - - [19/May/2015:02:46:38 -0500] "GET /galeria/galeria/jquery.fancybox.js?v=2.1.5 HTTP/1.1" 304 -
180.76.5.26 - - [19/May/2015:02:46:44 -0500] "GET /BLA/resoluciones/RESOLUCIONES%202011/0672.pdf HTTP/1.1" 200 83793
180.76.5.191 - - [19/May/2015:02:46:54 -0500] "GET /BLA/resoluciones/RESOLUCIONES%202008/4119.pdf HTTP/1.1" 200 564001
66.249.65.93 - - [19/May/2015:02:46:59 -0500] "GET /BLA/resoluciones/RESOLUCIONES%202008/4631.pdf HTTP/1.1" 200 265105
180.76.5.76 - - [19/May/2015:02:47:10 -0500] "GET /BLA/resoluciones/RESOLUCIONES%202011/0498.pdf HTTP/1.1" 200 83059
66.249.65.96 - - [19/May/2015:02:47:21 -0500] "GET /BLA/resoluciones/AUTOS%202006/AUTOS%202006%201701%20-%201800/00001765.tif HTTP/1.1" 304 -
180.76.5.188 - - [19/May/2015:02:47:25 -0500] "GET /BLA/resoluciones/AUTOS%202010/5629.pdf HTTP/1.1" 200 563334
66.249.65.96 - - [19/May/2015:02:47:26 -0500] "GET /BLA/resoluciones/AUTOS%202008/0688.pdf HTTP/1.1" 200 139782
66.249.65.93 - - [19/May/2015:02:47:42 -0500] "GET /BLA/resoluciones/AUTOS%202008/2311.pdf HTTP/1.1" 200 120173
180.76.5.154 - - [19/May/2015:02:47:45 -0500] "GET /BLA/resoluciones/RESOLUCIONES%202007/RES%202007%202801%20AL%202900/RESOLUCION%202898%20DE%202007.pdf HTTP/1.1" 200 388153
180.76.5.177 - - [19/May/2015:02:48:00 -0500] "GET /BLA/resoluciones/RESOLUCIONES%202011/5822.pdf HTTP/1.1" 200 2979366
180.76.5.148 - - [19/May/2015:02:48:12 -0500] "GET /BLA/resoluciones/AUTOS%202012/2702.pdf HTTP/1.1" 200 378653
66.249.65.99 - - [19/May/2015:02:48:25 -0500] "GET /BLA/resoluciones/RESOLUCIONES%202009/1438.pdf HTTP/1.1" 200 438645
180.76.5.67 - - [19/May/2015:02:48:27 -0500] "GET /BLA/resoluciones/AUTOS%202009/2077.pdf HTTP/1.1" 200 98985
180.76.5.20 - - [19/May/2015:02:48:48 -0500] "GET /BLA/resoluciones/RESOLUCIONES%202011/5138.pdf HTTP/1.1" 200 439641
66.249.65.93 - - [19/May/2015:02:49:11 -0500] "GET /BLA/resoluciones/RESOLUCIONES%202009/2549.pdf HTTP/1.1" 200 499072
66.249.65.96 - - [19/May/2015:02:49:14 -0500] "GET /BLA/resoluciones/AUTOS%202008/3172.pdf HTTP/1.1" 200 117766
185.10.104.194 - - [19/May/2015:02:49:15 -0500] "GET /BLA/resoluciones/AUTOS%202010/4142.pdf HTTP/1.1" 200 411719
66.249.65.93 - - [19/May/2015:02:49:27 -0500] "GET /BLA/resoluciones/AUTOS%202008/2961.pdf HTTP/1.1" 200 165909
180.76.5.145 - - [19/May/2015:02:49:33 -0500] "GET /BLA/resoluciones/AUTOS%202009/1383.pdf HTTP/1.1" 200 122431
180.76.5.193 - - [19/May/2015:02:49:50 -0500] "GET /BLA/resoluciones/RESOLUCIONES%202014/2946.pdf HTTP/1.1" 200 172241
180.76.5.81 - - [19/May/2015:02:50:17 -0500] "GET /BLA/resoluciones/RESOLUCIONES%202011/0450.pdf HTTP/1.1" 200 67071
66.249.65.96 - - [19/May/2015:02:50:33 -0500] "GET /BLA/resoluciones/index.php?dir=AUTOS%202006/AUTOS%202006%202101%20-%202200/&sort=date&order=desc HTTP/1.1" 200 22203
180.76.5.149 - - [19/May/2015:02:50:35 -0500] "GET /BLA/resoluciones/RESOLUCIONES%202007/RES%202007%203701%20AL%203800/RESOLUCION%203751%20DE%202007.pdf HTTP/1.1" 200 2262694
74.86.158.107 - - [19/May/2015:02:50:41 -0500] "HEAD / HTTP/1.1" 200 -
180.76.5.175 - - [19/May/2015:02:50:52 -0500] "GET /BLA/resoluciones/RESOLUCIONES%202009/7585.pdf HTTP/1.1" 200 498721
180.76.5.64 - - [19/May/2015:02:51:03 -0500] "GET /BLA/resoluciones/RESOLUCIONES%202012/0416.pdf HTTP/1.1" 200 412829
180.76.5.155 - - [19/May/2015:02:51:19 -0500] "GET /BLA/resoluciones/RESOLUCIONES%202008/0059.pdf HTTP/1.1" 200 894634
66.249.65.99 - - [19/May/2015:02:51:34 -0500] "GET /BLA/resoluciones/AUTOS%202006/AUTOS%202006%201701%20-%201800/00001713.tif HTTP/1.1" 304 -
180.76.5.74 - - [19/May/2015:02:51:37 -0500] "GET /BLA/resoluciones/AUTOS%202013/0261.pdf HTTP/1.1" 200 986558
180.76.5.170 - - [19/May/2015:02:51:55 -0500] "GET /BLA/resoluciones/RESOLUCIONES%202011/0043.pdf HTTP/1.1" 200 2095373
180.76.5.95 - - [19/May/2015:02:52:07 -0500] "GET /BLA/resoluciones/RESOLUCIONES%202008/0582.pdf HTTP/1.1" 200 880025
66.249.65.99 - - [19/May/2015:02:52:41 -0500] "GET /BLA/resoluciones/RESOLUCIONES%202008/4989.pdf HTTP/1.1" 200 194483
180.76.5.153 - - [19/May/2015:02:53:13 -0500] "GET /BLA/resoluciones/RESOLUCIONES%202010/1666.pdf HTTP/1.1" 200 722411
180.76.5.173 - - [19/May/2015:02:53:14 -0500] "GET /BLA/boletinlegal;jsessionid=1E214615BC2C1C0BA52C0F0DACCEDBFC?/? HTTP/1.1" 404 1018
66.249.65.96 - - [19/May/2015:02:53:35 -0500] "GET /BLA/resoluciones/RESOLUCIONES%202008/1090.pdf HTTP/1.1" 200 186906
180.76.5.81 - - [19/May/2015:02:53:43 -0500] "GET /BLA/resoluciones/AUTOS%202009/0763.pdf HTTP/1.1" 200 268350
66.249.65.93 - - [19/May/2015:02:53:54 -0500] "GET /BLA/resoluciones/AUTOS%202008/0343.pdf HTTP/1.1" 200 136624
180.76.5.149 - - [19/May/2015:02:53:59 -0500] "GET /BLA/resoluciones/RESOLUCIONES%202008/3273.pdf HTTP/1.1" 200 640774
66.249.65.99 - - [19/May/2015:02:54:02 -0500] "GET /BLA/resoluciones/AUTOS%202013/3448.pdf HTTP/1.1" 200 373059
66.249.65.96 - - [19/May/2015:02:54:07 -0500] "GET /BLA/resoluciones/AUTOS%202008/2360.pdf HTTP/1.1" 200 54479
180.76.5.155 - - [19/May/2015:02:54:12 -0500] "GET /BLA/resoluciones/RESOLUCIONES%202008/2710.pdf HTTP/1.1" 200 279496
180.76.5.74 - - [19/May/2015:02:54:20 -0500] "GET /BLA/resoluciones/RESOLUCIONES%202007/RES%202007%203501%20AL%203600/RESOLUCION%203506%20DE%202007.pdf HTTP/1.1" 200 257841
180.76.5.193 - - [19/May/2015:02:54:45 -0500] "GET /BLA/boletinlegal;jsessionid=B0CCE94279FFA80F866E161FC54743B5?/? HTTP/1.1" 404 1018
66.249.65.99 - - [19/May/2015:02:54:49 -0500] "GET /BLA/resoluciones/RESOLUCIONES%202009/6442.pdf HTTP/1.1" 200 436621
200.13.244.118 - - [19/May/2015:02:54:56 -0500] "GET /BLA/resoluciones/RESOLUCIONES%25202008/3485.pdf&sa=U&ei=3-JaVdanGcmrNpS9gdAJ&ved=0CJkBEBYwGzjIAQ&usg=AFQjCNEmvP2NpgBBGk5gWrhY654uVAOJHw/wp-admin/admin-ajax.php?action=revslider_show_image&img=../wp-config.php HTTP/1.1" 404 1018
200.13.244.118 - - [19/May/2015:02:54:56 -0500] "GET /BLA/resoluciones/RESOLUCIONES%25202008/3485.pdf&sa=U&ei=3-JaVdanGcmrNpS9gdAJ&ved=0CJkBEBYwGzjIAQ&usg=AFQjCNEmvP2NpgBBGk5gWrhY654uVAOJHw/wp-admin/admin-ajax.php?action=revslider_show_image&img=../wp-config.php HTTP/1.1" 404 1018
200.13.244.118 - - [19/May/2015:02:54:56 -0500] "GET /BLA/resoluciones/RESOLUCIONES%25202008/3485.pdf&sa=U&ei=3-JaVdanGcmrNpS9gdAJ&ved=0CJkBEBYwGzjIAQ&usg=AFQjCNEmvP2NpgBBGk5gWrhY654uVAOJHw/wp-admin/admin-ajax.php HTTP/1.1" 404 1018
200.13.244.118 - - [19/May/2015:02:54:56 -0500] "POST /BLA/resoluciones/RESOLUCIONES%25202008/3485.pdf&sa=U&ei=3-JaVdanGcmrNpS9gdAJ&ved=0CJkBEBYwGzjIAQ&usg=AFQjCNEmvP2NpgBBGk5gWrhY654uVAOJHw/wp-admin/admin-ajax.php HTTP/1.1" 404 1018
66.249.65.93 - - [19/May/2015:02:54:58 -0500] "GET /BLA/resoluciones/AUTOS%202013/2635.pdf HTTP/1.1" 200 1593377
200.13.244.118 - - [19/May/2015:02:54:58 -0500] "GET /wp-admin/admin-ajax.php?action=revslider_show_image&img=../wp-config.php HTTP/1.1" 404 1018
200.13.244.118 - - [19/May/2015:02:54:58 -0500] "GET /wp-admin/admin-ajax.php?action=revslider_show_image&img=../wp-config.php HTTP/1.1" 404 1018
200.13.244.118 - - [19/May/2015:02:54:58 -0500] "GET /wp-admin/admin-ajax.php HTTP/1.1" 404 1018
200.13.244.118 - - [19/May/2015:02:54:58 -0500] "POST /wp-admin/admin-ajax.php HTTP/1.1" 404 1018
200.13.244.118 - - [19/May/2015:02:55:00 -0500] "GET /BLA/resoluciones/RESOLUCIONES%25202008/wp-admin/admin-ajax.php?action=revslider_show_image&img=../wp-config.php HTTP/1.1" 404 1018
200.13.244.118 - - [19/May/2015:02:55:00 -0500] "GET /BLA/resoluciones/RESOLUCIONES%25202008/wp-admin/admin-ajax.php?action=revslider_show_image&img=../wp-config.php HTTP/1.1" 404 1018
200.13.244.118 - - [19/May/2015:02:55:00 -0500] "GET /BLA/resoluciones/RESOLUCIONES%25202008/wp-admin/admin-ajax.php HTTP/1.1" 404 1018
200.13.244.118 - - [19/May/2015:02:55:01 -0500] "POST /BLA/resoluciones/RESOLUCIONES%25202008/wp-admin/admin-ajax.php HTTP/1.1" 404 1018
180.76.5.170 - - [19/May/2015:02:55:02 -0500] "GET /BLA/resoluciones/AUTOS%202014/2220.pdf HTTP/1.1" 200 2303870
180.76.5.81 - - [19/May/2015:02:55:19 -0500] "GET /BLA/resoluciones/AUTOS%202009/2589.pdf HTTP/1.1" 200 81794
180.76.5.151 - - [19/May/2015:02:55:37 -0500] "GET /BLA/resoluciones/AUTOS%202012/0002.pdf HTTP/1.1" 200 153233
66.249.65.99 - - [19/May/2015:02:55:39 -0500] "GET /BLA/resoluciones/AUTOS%202006/AUTOS%202006%201701%20-%201800/00001772.tif HTTP/1.1" 304 -
74.86.158.107 - - [19/May/2015:02:55:41 -0500] "HEAD / HTTP/1.1" 200 -
66.249.65.93 - - [19/May/2015:02:55:47 -0500] "GET /BLA/resoluciones/RESOLUCIONES%202008/5148.pdf HTTP/1.1" 200 5967225
180.76.5.175 - - [19/May/2015:02:55:55 -0500] "GET /BLA/resoluciones/RESOLUCIONES%202009/2784.pdf HTTP/1.1" 200 641391
180.76.5.187 - - [19/May/2015:02:56:12 -0500] "GET /BLA/resoluciones/AUTOS%202009/5551.pdf HTTP/1.1" 200 224793
180.76.5.170 - - [19/May/2015:02:56:28 -0500] "GET /BLA/resoluciones/AUTOS%202009/2656.pdf HTTP/1.1" 200 104192
180.76.5.18 - - [19/May/2015:02:56:46 -0500] "GET /BLA/resoluciones/AUTOS%202009/3021.pdf HTTP/1.1" 200 185766
66.249.65.99 - - [19/May/2015:02:56:57 -0500] "GET /BLA/resoluciones/AUTOS%202012/1173.pdf HTTP/1.1" 200 152600
180.76.5.23 - - [19/May/2015:02:56:58 -0500] "GET /BLA/resoluciones/AUTOS%202012/0211.pdf HTTP/1.1" 200 189488
207.46.13.37 - - [19/May/2015:02:57:13 -0500] "GET /BLA/boletinlegal/Directivas/2011/Directiva%20No.%209%20del%2023%20de%20Septiembre%20de%202011.pdf HTTP/1.1" 200 326687
66.249.65.99 - - [19/May/2015:02:57:14 -0500] "GET /BLA/boletinlegal/js/jquery.scrollShow.js HTTP/1.1" 200 4586
66.249.65.96 - - [19/May/2015:02:57:14 -0500] "GET /BLA/boletinlegal/js/jquery.scrollTo-min.js HTTP/1.1" 200 1150
180.76.5.197 - - [19/May/2015:02:57:15 -0500] "GET /BLA/boletinlegal;jsessionid=4C8F0FD1B0A23CBBAB5CC6871BF28096?/? HTTP/1.1" 404 1018
66.249.65.96 - - [19/May/2015:02:57:15 -0500] "GET /galeria/galeria/jquery.fancybox.css?v=2.1.5 HTTP/1.1" 200 4895
66.249.65.93 - - [19/May/2015:02:57:16 -0500] "GET /galeria/galeria/jquery.fancybox.js?v=2.1.5 HTTP/1.1" 200 48706
180.76.5.20 - - [19/May/2015:02:57:55 -0500] "GET /BLA/resoluciones/RESOLUCIONES%202008/3625.pdf HTTP/1.1" 200 27231
66.249.65.96 - - [19/May/2015:02:57:56 -0500] "GET /BLA/resoluciones/AUTOS%202011/6825.pdf HTTP/1.1" 200 170575
66.249.65.99 - - [19/May/2015:02:57:59 -0500] "GET /BLA/resoluciones/RESOLUCIONES%202010/1211.pdf HTTP/1.1" 200 107000
66.249.65.99 - - [19/May/2015:02:58:12 -0500] "GET /BLA/resoluciones/AUTOS%202008/0554.pdf HTTP/1.1" 200 307696
66.249.65.96 - - [19/May/2015:02:58:28 -0500] "GET /BLA/resoluciones/AUTOS%202008/1891.pdf HTTP/1.1" 200 87098
185.10.104.196 - - [19/May/2015:02:58:31 -0500] "GET /BLA/resoluciones/RESOLUCIONES%202007/RES%202007%203601%20AL%203700/RESOLUCION%203655%20DE%202007.pdf HTTP/1.1" 200 628631
207.46.13.35 - - [19/May/2015:02:58:36 -0500] "GET /Anexos%20estudio%20Organizacional%20SDA/ANEXO%20No.%201-%20NORMAS%20LEGALES%20DE%20ESTRUCTURA%20Y%20PLANTA/Decreto%20561%20de%202006%20-%20Establece%20estructura%20de%20la%20SDA.jsp.htm HTTP/1.1" 200 97886
190.216.136.42 - - [19/May/2015:02:58:50 -0500] "GET /galeria/nivo-slider/demo/demo.html HTTP/1.1" 304 -
190.216.136.42 - - [19/May/2015:02:58:51 -0500] "GET /galeria/nivo-slider/demo/images/capacitaciones-de-ecourbanismo.jpg HTTP/1.1" 304 -
190.216.136.42 - - [19/May/2015:02:58:51 -0500] "GET /galeria/nivo-slider/demo/images/banner-Pacto-por-la-madera.jpg HTTP/1.1" 304 -
66.249.65.96 - - [19/May/2015:02:59:06 -0500] "GET /BLA/resoluciones/RESOLUCIONES%202009/2899.pdf HTTP/1.1" 200 600977
66.249.65.99 - - [19/May/2015:02:59:26 -0500] "GET /BLA/resoluciones/AUTOS%202008/2008.pdf HTTP/1.1" 200 168724
180.76.5.74 - - [19/May/2015:02:59:34 -0500] "GET /BLA/resoluciones/RESOLUCIONES%202014/2140.pdf HTTP/1.1" 200 232331
180.76.5.151 - - [19/May/2015:02:59:55 -0500] "GET /BLA/resoluciones/AUTOS%202013/1767.pdf HTTP/1.1" 200 440699
66.249.65.99 - - [19/May/2015:02:59:55 -0500] "GET /BLA/resoluciones/AUTOS%202006/AUTOS%202006%201701%20-%201800/00001783.tif HTTP/1.1" 304 -
66.249.65.93 - - [19/May/2015:03:00:12 -0500] "GET /BLA/resoluciones/RESOLUCIONES%202011/4238.pdf HTTP/1.1" 200 445622
180.76.5.24 - - [19/May/2015:03:00:12 -0500] "GET /BLA/resoluciones/RESOLUCIONES%202008/2521.pdf HTTP/1.1" 200 668309
180.76.5.145 - - [19/May/2015:03:00:36 -0500] "GET /BLA/resoluciones/AUTOS%202012/3024.pdf HTTP/1.1" 200 3186013
74.86.158.107 - - [19/May/2015:03:00:41 -0500] "HEAD / HTTP/1.1" 200 -
180.76.5.66 - - [19/May/2015:03:00:57 -0500] "GET /BLA/resoluciones/AUTOS%202011/0288.pdf HTTP/1.1" 200 226596
66.249.65.99 - - [19/May/2015:03:01:14 -0500] "GET /BLA/resoluciones/AUTOS%202011/5276.pdf HTTP/1.1" 200 166653
66.249.65.96 - - [19/May/2015:03:01:17 -0500] "GET /BLA/resoluciones/AUTOS%202011/7734.pdf HTTP/1.1" 200 224988
66.249.65.99 - - [19/May/2015:03:01:26 -0500] "GET /ial/sitio/MEMORIAS%20SIMAH/Auditorio/Viernes%20AM/Sesion%205%20830%201000/4%20Anne%20Chung%20Japon.pdf HTTP/1.1" 404 1018
180.76.5.152 - - [19/May/2015:03:01:39 -0500] "GET /BLA/resoluciones/RESOLUCIONES%202010/0537.pdf HTTP/1.1" 200 370246
180.76.5.18 - - [19/May/2015:03:01:39 -0500] "GET /BLA/resoluciones/AUTOS%202012/0970.pdf HTTP/1.1" 200 270513
123.125.71.53 - - [19/May/2015:03:01:58 -0500] "GET / HTTP/1.1" 200 10190
180.76.5.175 - - [19/May/2015:03:02:00 -0500] "GET /BLA/resoluciones/RESOLUCIONES%202007/RES%202007%202801%20AL%202900/RESOLUCION%202897%20DE%202007.pdf HTTP/1.1" 200 218571
66.249.65.96 - - [19/May/2015:03:02:25 -0500] "GET /BLA/resoluciones/RESOLUCIONES%202007/RES%202007%20901%20AL%201000/RESOLUCION%200976%20DE%202007.pdf HTTP/1.1" 200 248249
88.198.233.69 - - [19/May/2015:03:02:29 -0500] "GET / HTTP/1.1" 200 10190
66.249.65.99 - - [19/May/2015:03:02:31 -0500] "GET /BLA/resoluciones/RESOLUCIONES%202005/RES%202005%201551-1600/00001586.tif HTTP/1.1" 200 146072
66.249.65.99 - - [19/May/2015:03:02:35 -0500] "GET /BLA/resoluciones/AUTOS%202008/1250.pdf HTTP/1.1" 200 141851
180.76.5.58 - - [19/May/2015:03:02:41 -0500] "GET /BLA/resoluciones/RESOLUCIONES%202009/9701.pdf HTTP/1.1" 200 335242
180.76.5.61 - - [19/May/2015:03:02:46 -0500] "GET /BLA/resoluciones/RESOLUCIONES%202008/2791.pdf HTTP/1.1" 200 256531
66.249.65.247 - - [19/May/2015:03:02:50 -0500] "GET /portalsiaccapacitaciones/Soportes%20Capacitaciones%202013/0022.%20Presentacion%20Eficiencia%20energetica%20SDA%204%20de%20Julio.pdf HTTP/1.1" 200 2868947
180.76.5.27 - - [19/May/2015:03:03:04 -0500] "GET /BLA/resoluciones/RESOLUCIONES%202012/1174.pdf HTTP/1.1" 200 4966914
180.76.5.189 - - [19/May/2015:03:03:15 -0500] "GET /BLA/resoluciones/AUTOS%202010/5274.pdf HTTP/1.1" 200 252089
66.249.65.96 - - [19/May/2015:03:03:16 -0500] "GET /BLA/resoluciones/AUTOS%202011/7706.pdf HTTP/1.1" 200 1586266
66.249.65.96 - - [19/May/2015:03:03:23 -0500] "GET /BLA/resoluciones/RESOLUCIONES%202009/7789.pdf HTTP/1.1" 200 498727
66.249.65.93 - - [19/May/2015:03:03:33 -0500] "GET /BLA/resoluciones/AUTOS%202013/1693.pdf HTTP/1.1" 200 319799
157.55.39.34 - - [19/May/2015:03:03:55 -0500] "GET /huelladecarbono/index.html HTTP/1.1" 200 5211
180.76.5.167 - - [19/May/2015:03:03:57 -0500] "GET /BLA/resoluciones/AUTOS%202013/2188.pdf HTTP/1.1" 200 376671
66.249.65.96 - - [19/May/2015:03:04:01 -0500] "GET /BLA/resoluciones/AUTOS%202006/AUTOS%202006%201701%20-%201800/00001762.tif HTTP/1.1" 304 -
180.76.5.155 - - [19/May/2015:03:04:13 -0500] "GET /BLA/resoluciones/AUTOS%202011/0850.pdf HTTP/1.1" 200 161277
180.76.5.25 - - [19/May/2015:03:04:30 -0500] "GET /BLA/resoluciones/AUTOS%202012/1107.pdf HTTP/1.1" 200 327773
66.249.65.96 - - [19/May/2015:03:04:36 -0500] "GET /BLA/resoluciones/AUTOS%202013/2560.pdf HTTP/1.1" 200 1787539
180.76.5.191 - - [19/May/2015:03:04:43 -0500] "GET /BLA/resoluciones/RESOLUCIONES%202011/2017.pdf HTTP/1.1" 200 511785
66.249.65.96 - - [19/May/2015:03:04:43 -0500] "GET /BLA/resoluciones/AUTOS%202008/1409.pdf HTTP/1.1" 200 290860
180.76.5.172 - - [19/May/2015:03:04:59 -0500] "GET /BLA/resoluciones/AUTOS%202009/2262.pdf HTTP/1.1" 200 122708
66.249.65.96 - - [19/May/2015:03:04:59 -0500] "GET /BLA/resoluciones/AUTOS%202008/2046.pdf HTTP/1.1" 200 203323
180.76.5.23 - - [19/May/2015:03:05:15 -0500] "GET /BLA/resoluciones/AUTOS%202013/2610.pdf HTTP/1.1" 200 879545
66.249.65.93 - - [19/May/2015:03:05:31 -0500] "GET /BLA/resoluciones/RESOLUCIONES%202010/6927.pdf HTTP/1.1" 200 294147
180.76.5.27 - - [19/May/2015:03:05:32 -0500] "GET /BLA/resoluciones/RESOLUCIONES%202008/0676.pdf HTTP/1.1" 200 37301
66.249.65.99 - - [19/May/2015:03:05:36 -0500] "GET /BLA/resoluciones/AUTOS%202013/1601.pdf HTTP/1.1" 200 139593
74.86.158.107 - - [19/May/2015:03:05:41 -0500] "HEAD / HTTP/1.1" 200 -
180.76.5.155 - - [19/May/2015:03:05:46 -0500] "GET /BLA/resoluciones/AUTOS%202009/1492.pdf HTTP/1.1" 200 112201
66.249.65.99 - - [19/May/2015:03:05:49 -0500] "GET /BLA/resoluciones/AUTOS%202013/2015.pdf HTTP/1.1" 200 295834
180.76.5.20 - - [19/May/2015:03:06:00 -0500] "GET /BLA/resoluciones/RESOLUCIONES%202008/2902.pdf HTTP/1.1" 200 279120
190.159.119.246 - - [19/May/2015:03:06:08 -0500] "GET /galeria/galeria/jquery.fancybox.css?v=2.1.5 HTTP/1.1" 200 4895
190.159.119.246 - - [19/May/2015:03:06:08 -0500] "GET /BLA/boletinlegal/js/jquery.scrollShow.js HTTP/1.1" 200 4586
190.159.119.246 - - [19/May/2015:03:06:08 -0500] "GET /BLA/boletinlegal/js/jquery.scrollTo-min.js HTTP/1.1" 200 1150
190.159.119.246 - - [19/May/2015:03:06:08 -0500] "GET /galeria/galeria/jquery.fancybox.js?v=2.1.5 HTTP/1.1" 200 48706
180.76.5.69 - - [19/May/2015:03:06:17 -0500] "GET /BLA/resoluciones/RESOLUCIONES%202008/0567.pdf HTTP/1.1" 200 264060
66.249.65.96 - - [19/May/2015:03:06:48 -0500] "GET /BLA/resoluciones/AUTOS%202008/1364.pdf HTTP/1.1" 200 64945
66.249.65.99 - - [19/May/2015:03:06:52 -0500] "GET /BLA/resoluciones/AUTOS%202013/2367.pdf HTTP/1.1" 200 862293
220.181.108.182 - - [19/May/2015:03:07:30 -0500] "GET / HTTP/1.1" 200 10190
66.249.65.99 - - [19/May/2015:03:07:40 -0500] "GET /BLA/resoluciones/RESOLUCIONES%202009/7402.pdf HTTP/1.1" 200 712967
180.76.5.173 - - [19/May/2015:03:07:40 -0500] "GET /BLA/resoluciones/RESOLUCIONES%202012/0980.pdf HTTP/1.1" 200 543898
190.159.119.246 - - [19/May/2015:03:07:40 -0500] "GET /galeria/galeria/jquery.fancybox.css?v=2.1.5 HTTP/1.1" 304 -
190.159.119.246 - - [19/May/2015:03:07:40 -0500] "GET /BLA/boletinlegal/js/jquery.scrollTo-min.js HTTP/1.1" 304 -
190.159.119.246 - - [19/May/2015:03:07:41 -0500] "GET /BLA/boletinlegal/js/jquery.scrollShow.js HTTP/1.1" 304 -
190.159.119.246 - - [19/May/2015:03:07:41 -0500] "GET /galeria/galeria/jquery.fancybox.js?v=2.1.5 HTTP/1.1" 304 -
66.249.65.93 - - [19/May/2015:03:08:16 -0500] "GET /BLA/resoluciones/AUTOS%202006/AUTOS%202006%201001-1100/00001098.tif HTTP/1.1" 304 -
200.13.244.118 - - [19/May/2015:03:08:28 -0500] "GET /BLA/resoluciones/RESOLUCIONES%25202008/3485.pdf&sa=U&ei=3-JaVZLJOoWoNtC0gbAK&ved=0CJkBEBYwGzjIAQ&usg=AFQjCNEJy5tbFRdeET8lE9h0Zg_AiY3ucQ/wp-admin/admin-ajax.php?action=revslider_show_image&img=../wp-config.php HTTP/1.1" 404 1018
200.13.244.118 - - [19/May/2015:03:08:28 -0500] "GET /BLA/resoluciones/RESOLUCIONES%25202008/3485.pdf&sa=U&ei=3-JaVZLJOoWoNtC0gbAK&ved=0CJkBEBYwGzjIAQ&usg=AFQjCNEJy5tbFRdeET8lE9h0Zg_AiY3ucQ/wp-admin/admin-ajax.php?action=revslider_show_image&img=../wp-config.php HTTP/1.1" 404 1018
200.13.244.118 - - [19/May/2015:03:08:28 -0500] "GET /BLA/resoluciones/RESOLUCIONES%25202008/3485.pdf&sa=U&ei=3-JaVZLJOoWoNtC0gbAK&ved=0CJkBEBYwGzjIAQ&usg=AFQjCNEJy5tbFRdeET8lE9h0Zg_AiY3ucQ/wp-admin/admin-ajax.php HTTP/1.1" 404 1018
200.13.244.118 - - [19/May/2015:03:08:29 -0500] "POST /BLA/resoluciones/RESOLUCIONES%25202008/3485.pdf&sa=U&ei=3-JaVZLJOoWoNtC0gbAK&ved=0CJkBEBYwGzjIAQ&usg=AFQjCNEJy5tbFRdeET8lE9h0Zg_AiY3ucQ/wp-admin/admin-ajax.php HTTP/1.1" 404 1018
180.76.5.195 - - [19/May/2015:03:08:33 -0500] "GET /BLA/resoluciones/RESOLUCIONES%202007/RES%202007%203201%20AL%203300/RESOLUCION%203228%20DE%202007.pdf HTTP/1.1" 200 853973
180.76.5.24 - - [19/May/2015:03:08:39 -0500] "GET /BLA/resoluciones/RESOLUCIONES%202011/5726.pdf HTTP/1.1" 200 1015889
180.76.5.194 - - [19/May/2015:03:08:48 -0500] "GET /BLA/resoluciones/AUTOS%202014/0865.pdf HTTP/1.1" 200 378768
66.249.65.96 - - [19/May/2015:03:08:54 -0500] "GET /BLA/resoluciones/AUTOS%202013/1885.pdf HTTP/1.1" 200 419341
66.249.65.66 - - [19/May/2015:03:09:00 -0500] "GET /BLA/resoluciones/RESOLUCIONES%202007/RES%202007%20201%20AL%20300/RESOLUCION%200237%20DE%202007.pdf HTTP/1.1" 200 368809
180.76.5.19 - - [19/May/2015:03:09:03 -0500] "GET /BLA/resoluciones/RESOLUCIONES%202009/2675.pdf HTTP/1.1" 200 664913
176.227.202.166 - - [19/May/2015:03:09:44 -0500] "GET /webdav/x32.php?act=phptools&host=192.95.8.19&port=30000&time=120 HTTP/1.1" 404 1018
66.249.65.69 - - [19/May/2015:03:09:48 -0500] "GET /BLA/resoluciones/RESOLUCIONES%202010/1557.pdf HTTP/1.1" 200 457475
180.76.5.155 - - [19/May/2015:03:10:08 -0500] "GET /BLA/resoluciones/AUTOS%202012/0556.pdf HTTP/1.1" 200 230764
157.55.39.201 - - [19/May/2015:03:10:09 -0500] "GET /galeria/carrusel/Carrusel/jquery-ui- HTTP/1.1" 404 1018
207.46.13.66 - - [19/May/2015:03:10:31 -0500] "GET /dama/libreria/php/decide.php?patron=01.0212 HTTP/1.1" 404 1015
74.86.158.107 - - [19/May/2015:03:10:41 -0500] "HEAD / HTTP/1.1" 200 -
190.84.22.48 - - [19/May/2015:03:10:52 -0500] "GET /galeria/galeria/jquery.fancybox.css?v=2.1.5 HTTP/1.1" 200 4895
190.84.22.48 - - [19/May/2015:03:10:52 -0500] "GET /BLA/boletinlegal/js/jquery.scrollTo-min.js HTTP/1.1" 200 1150
190.84.22.48 - - [19/May/2015:03:10:52 -0500] "GET /BLA/boletinlegal/js/jquery.scrollShow.js HTTP/1.1" 200 4586
190.84.22.48 - - [19/May/2015:03:10:52 -0500] "GET /galeria/galeria/jquery.fancybox.js?v=2.1.5 HTTP/1.1" 200 48706
190.216.136.42 - - [19/May/2015:03:11:11 -0500] "GET /galeria/nivo-slider/demo/images/mailling-acercar-xpress.jpg HTTP/1.1" 304 -
66.249.65.66 - - [19/May/2015:03:11:12 -0500] "GET /BLA/resoluciones/RESOLUCIONES%202010/0439.pdf HTTP/1.1" 200 739811
190.84.22.48 - - [19/May/2015:03:11:13 -0500] "GET /galeria/galeria/jquery.fancybox.css?v=2.1.5 HTTP/1.1" 304 -
190.84.22.48 - - [19/May/2015:03:11:13 -0500] "GET /BLA/boletinlegal/js/jquery.scrollTo-min.js HTTP/1.1" 304 -
190.84.22.48 - - [19/May/2015:03:11:13 -0500] "GET /BLA/boletinlegal/js/jquery.scrollShow.js HTTP/1.1" 304 -
190.84.22.48 - - [19/May/2015:03:11:13 -0500] "GET /galeria/galeria/jquery.fancybox.js?v=2.1.5 HTTP/1.1" 304 -
180.76.5.95 - - [19/May/2015:03:11:27 -0500] "GET /BLA/resoluciones/AUTOS%202009/2717.pdf HTTP/1.1" 200 92160
180.76.5.73 - - [19/May/2015:03:11:35 -0500] "GET /BLA/resoluciones/RESOLUCIONES%202007/RES%202007%201726%20AL%201800/RESOLUCION%201770%20DE%202007.pdf HTTP/1.1" 200 1255181
66.249.65.69 - - [19/May/2015:03:11:41 -0500] "GET /BLA/resoluciones/AUTOS%202008/2418.pdf HTTP/1.1" 200 97302
180.76.5.144 - - [19/May/2015:03:11:53 -0500] "GET /BLA/resoluciones/AUTOS%202012/2277.pdf HTTP/1.1" 200 624575
66.249.65.63 - - [19/May/2015:03:11:55 -0500] "GET /BLA/resoluciones/RESOLUCIONES%202009/5563.pdf HTTP/1.1" 200 675677
66.249.65.66 - - [19/May/2015:03:11:57 -0500] "GET /BLA/resoluciones/AUTOS%202008/1161.pdf HTTP/1.1" 200 154749
66.249.65.69 - - [19/May/2015:03:12:27 -0500] "GET /BLA/resoluciones/AUTOS%202006/AUTOS%202006%201701%20-%201800/00001730.tif HTTP/1.1" 304 -
180.76.5.76 - - [19/May/2015:03:12:29 -0500] "GET /BLA/resoluciones/AUTOS%202009/0487.pdf HTTP/1.1" 200 141232
66.249.65.63 - - [19/May/2015:03:13:21 -0500] "GET /BLA/resoluciones/AUTOS%202008/0897.pdf HTTP/1.1" 200 295823
66.249.65.69 - - [19/May/2015:03:13:24 -0500] "GET /BLA/resoluciones/RESOLUCIONES%202012/1279.pdf HTTP/1.1" 200 1112567
180.76.5.19 - - [19/May/2015:03:13:59 -0500] "GET /BLA/resoluciones/AUTOS%202010/5623.pdf HTTP/1.1" 200 397806
66.249.65.63 - - [19/May/2015:03:14:03 -0500] "GET /BLA/resoluciones/RESOLUCIONES%202009/0516.pdf HTTP/1.1" 200 370424
180.76.5.187 - - [19/May/2015:03:14:11 -0500] "GET /BLA/resoluciones/RESOLUCIONES%202007/RES%202007%20401%20AL%20500/RESOLUCION%200442%20DE%202007.pdf HTTP/1.1" 200 1016991
180.76.5.26 - - [19/May/2015:03:14:31 -0500] "GET /BLA/resoluciones/AUTOS%202010/2385.pdf HTTP/1.1" 200 317494
180.76.5.72 - - [19/May/2015:03:14:41 -0500] "GET /BLA/resoluciones/RESOLUCIONES%202011/0350.pdf HTTP/1.1" 200 69639
200.13.244.118 - - [19/May/2015:03:14:56 -0500] "GET /BLA/resoluciones/RESOLUCIONES%25202008/3485.pdf&sa=U&ei=4OJaVfnvG8uMNpCWgMAI&ved=0CJkBEBYwGzjIAQ&usg=AFQjCNHcQTnHdKAW4zzWcbiHS4d90yifbQ/wp-admin/admin-ajax.php?action=revslider_show_image&img=../wp-config.php HTTP/1.1" 404 1018
200.13.244.118 - - [19/May/2015:03:14:57 -0500] "GET /BLA/resoluciones/RESOLUCIONES%25202008/3485.pdf&sa=U&ei=4OJaVfnvG8uMNpCWgMAI&ved=0CJkBEBYwGzjIAQ&usg=AFQjCNHcQTnHdKAW4zzWcbiHS4d90yifbQ/wp-admin/admin-ajax.php?action=revslider_show_image&img=../wp-config.php HTTP/1.1" 404 1018
200.13.244.118 - - [19/May/2015:03:14:57 -0500] "GET /BLA/resoluciones/RESOLUCIONES%25202008/3485.pdf&sa=U&ei=4OJaVfnvG8uMNpCWgMAI&ved=0CJkBEBYwGzjIAQ&usg=AFQjCNHcQTnHdKAW4zzWcbiHS4d90yifbQ/wp-admin/admin-ajax.php HTTP/1.1" 404 1018
200.13.244.118 - - [19/May/2015:03:14:57 -0500] "POST /BLA/resoluciones/RESOLUCIONES%25202008/3485.pdf&sa=U&ei=4OJaVfnvG8uMNpCWgMAI&ved=0CJkBEBYwGzjIAQ&usg=AFQjCNHcQTnHdKAW4zzWcbiHS4d90yifbQ/wp-admin/admin-ajax.php HTTP/1.1" 404 1018
180.76.5.20 - - [19/May/2015:03:15:01 -0500] "GET /BLA/resoluciones/RESOLUCIONES%202009/8551.pdf HTTP/1.1" 200 513474
186.80.187.34 - - [19/May/2015:03:15:04 -0500] "GET /BLA/boletinlegal/js/jquery.scrollTo-min.js HTTP/1.1" 200 1150
186.80.187.34 - - [19/May/2015:03:15:04 -0500] "GET /galeria/galeria/jquery.fancybox.js?v=2.1.5 HTTP/1.1" 200 48706
186.80.187.34 - - [19/May/2015:03:15:04 -0500] "GET /BLA/boletinlegal/js/jquery.scrollShow.js HTTP/1.1" 200 4586
186.80.187.34 - - [19/May/2015:03:15:04 -0500] "GET /galeria/galeria/jquery.fancybox.css?v=2.1.5 HTTP/1.1" 200 4895
186.80.187.34 - - [19/May/2015:03:15:08 -0500] "GET /BLA/boletinlegal/js/jquery.scrollTo-min.js HTTP/1.1" 200 1150
186.80.187.34 - - [19/May/2015:03:15:08 -0500] "GET /BLA/boletinlegal/js/jquery.scrollShow.js HTTP/1.1" 200 4586
186.80.187.34 - - [19/May/2015:03:15:08 -0500] "GET /galeria/galeria/jquery.fancybox.js?v=2.1.5 HTTP/1.1" 200 48706
186.80.187.34 - - [19/May/2015:03:15:08 -0500] "GET /galeria/galeria/jquery.fancybox.css?v=2.1.5 HTTP/1.1" 200 4895
66.249.65.63 - - [19/May/2015:03:15:37 -0500] "GET /BLA/resoluciones/RESOLUCIONES%202009/2168.pdf HTTP/1.1" 200 831907
74.86.158.107 - - [19/May/2015:03:15:41 -0500] "HEAD / HTTP/1.1" 200 -
180.76.5.196 - - [19/May/2015:03:16:04 -0500] "GET /BLA/resoluciones/AUTOS%202010/0189.pdf HTTP/1.1" 200 266465
66.249.65.93 - - [19/May/2015:03:16:11 -0500] "GET /BLA/resoluciones/RESOLUCIONES%202011/6971.pdf HTTP/1.1" 304 -
180.76.5.192 - - [19/May/2015:03:16:13 -0500] "GET /BLA/resoluciones/RESOLUCIONES%202010/2514.pdf HTTP/1.1" 200 392066
66.249.65.96 - - [19/May/2015:03:16:32 -0500] "GET /BLA/resoluciones/AUTOS%202006/AUTOS%202006%201701%20-%201800/00001775.tif HTTP/1.1" 304 -
66.249.65.99 - - [19/May/2015:03:16:59 -0500] "GET /BLA/resoluciones/AUTOS%202013/1701.pdf HTTP/1.1" 200 160425
180.76.5.148 - - [19/May/2015:03:17:06 -0500] "GET /BLA/resoluciones/RESOLUCIONES%202009/0914.pdf HTTP/1.1" 200 294546
190.156.150.28 - - [19/May/2015:03:17:09 -0500] "GET /galeria/galeria/jquery.fancybox.js?v=2.1.5 HTTP/1.1" 200 48706
190.156.150.28 - - [19/May/2015:03:17:09 -0500] "GET /galeria/galeria/jquery.fancybox.css?v=2.1.5 HTTP/1.1" 200 4895
190.156.150.28 - - [19/May/2015:03:17:09 -0500] "GET /BLA/boletinlegal/js/jquery.scrollShow.js HTTP/1.1" 200 4586
190.156.150.28 - - [19/May/2015:03:17:09 -0500] "GET /BLA/boletinlegal/js/jquery.scrollTo-min.js HTTP/1.1" 200 1150
190.156.150.28 - - [19/May/2015:03:17:09 -0500] "GET /galeria/carrusel/Carrusel/jquery.thumbnailScroller.css HTTP/1.1" 200 2066
190.156.150.28 - - [19/May/2015:03:17:09 -0500] "GET /galeria/carrusel/Carrusel/jquery-ui-1.8.13.custom.min.js HTTP/1.1" 200 10800
190.156.150.28 - - [19/May/2015:03:17:09 -0500] "GET /galeria/carrusel/Carrusel/jquery.thumbnailScroller.js HTTP/1.1" 200 8157
190.156.150.28 - - [19/May/2015:03:17:10 -0500] "GET /galeria/nivo-slider/demo/demo.html HTTP/1.1" 200 4417
190.156.150.28 - - [19/May/2015:03:17:12 -0500] "GET /galeria/nivo-slider/themes/default/default.css HTTP/1.1" 200 1569
190.156.150.28 - - [19/May/2015:03:17:12 -0500] "GET /galeria/nivo-slider/themes/pascal/pascal.css HTTP/1.1" 200 2258
190.156.150.28 - - [19/May/2015:03:17:12 -0500] "GET /galeria/nivo-slider/themes/orman/orman.css HTTP/1.1" 200 2152
190.156.150.28 - - [19/May/2015:03:17:12 -0500] "GET /galeria/nivo-slider/nivo-slider.css HTTP/1.1" 200 1507
190.156.150.28 - - [19/May/2015:03:17:12 -0500] "GET /galeria/nivo-slider/demo/style.css HTTP/1.1" 200 2222
190.156.150.28 - - [19/May/2015:03:17:12 -0500] "GET /galeria/nivo-slider/demo/images/9Signos.jpg HTTP/1.1" 200 81776
190.156.150.28 - - [19/May/2015:03:17:12 -0500] "GET /galeria/nivo-slider/demo/scripts/jquery-1.7.1.min.js HTTP/1.1" 200 93868
190.156.150.28 - - [19/May/2015:03:17:12 -0500] "GET /galeria/nivo-slider/jquery.nivo.slider.pack.js HTTP/1.1" 200 11561
190.156.150.28 - - [19/May/2015:03:17:12 -0500] "GET /galeria/nivo-slider/demo/images/capacitaciones-de-ecourbanismo.jpg HTTP/1.1" 200 171664
190.156.150.28 - - [19/May/2015:03:17:12 -0500] "GET /galeria/nivo-slider/demo/images/banner-Pacto-por-la-madera.jpg HTTP/1.1" 200 209966
190.156.150.28 - - [19/May/2015:03:17:13 -0500] "GET /galeria/nivo-slider/demo/images/dia-del-rio-bogota.jpg HTTP/1.1" 200 283516
190.156.150.28 - - [19/May/2015:03:17:13 -0500] "GET /galeria/nivo-slider/demo/images/Banner-salud.jpg HTTP/1.1" 200 181685
190.156.150.28 - - [19/May/2015:03:17:13 -0500] "GET /galeria/nivo-slider/demo/images/4Simple_Slider.png HTTP/1.1" 200 11722
190.156.150.28 - - [19/May/2015:03:17:14 -0500] "GET /galeria/nivo-slider/themes/default/loading.gif HTTP/1.1" 200 1737
190.156.150.28 - - [19/May/2015:03:17:14 -0500] "GET /galeria/nivo-slider/demo/images/mailling-acercar-xpress.jpg HTTP/1.1" 200 137233
190.156.150.28 - - [19/May/2015:03:17:14 -0500] "GET /galeria/nivo-slider/demo/images/acuerdo_569.jpg HTTP/1.1" 200 62670
190.156.150.28 - - [19/May/2015:03:17:14 -0500] "GET /galeria/nivo-slider/demo/images/Licitaciones-proyecto-paramo.jpg HTTP/1.1" 200 221877
190.156.150.28 - - [19/May/2015:03:17:14 -0500] "GET /galeria/nivo-slider/demo/images/Banner-decreto1299.jpg HTTP/1.1" 200 182613
190.156.150.28 - - [19/May/2015:03:17:15 -0500] "GET /galeria/nivo-slider/demo/images/Banner-Directorio.jpg HTTP/1.1" 200 182068
66.249.65.99 - - [19/May/2015:03:17:15 -0500] "GET /BLA/resoluciones/AUTOS%202013/1284.pdf HTTP/1.1" 200 1093767
190.156.150.28 - - [19/May/2015:03:17:15 -0500] "GET /galeria/nivo-slider/demo/images/Ruta-vertimientos-01.jpg HTTP/1.1" 200 130151
190.156.150.28 - - [19/May/2015:03:17:16 -0500] "GET /galeria/nivo-slider/demo/images/bolsas-06.jpg HTTP/1.1" 200 90982
180.76.5.23 - - [19/May/2015:03:17:16 -0500] "GET /BLA/resoluciones/AUTOS%202012/1465.pdf HTTP/1.1" 200 1658693
190.156.150.28 - - [19/May/2015:03:17:16 -0500] "GET /galeria/nivo-slider/demo/images/ecolecta-Dic2014.png HTTP/1.1" 200 288593
190.156.150.28 - - [19/May/2015:03:17:16 -0500] "GET /galeria/nivo-slider/demo/images/Conoce-los-humedales.jpg HTTP/1.1" 200 294036
190.156.150.28 - - [19/May/2015:03:17:16 -0500] "GET /galeria/nivo-slider/demo/images/Banner-Caracol-Africano.jpg HTTP/1.1" 200 331986
190.156.150.28 - - [19/May/2015:03:17:17 -0500] "GET /galeria/nivo-slider/demo/images/banner-llantas2.jpg HTTP/1.1" 200 73153
190.156.150.28 - - [19/May/2015:03:17:20 -0500] "GET /galeria/nivo-slider/themes/default/arrows.png HTTP/1.1" 200 824
190.156.150.28 - - [19/May/2015:03:17:20 -0500] "GET /galeria/nivo-slider/themes/default/bullets.png HTTP/1.1" 200 1281
188.165.15.148 - - [19/May/2015:03:17:19 -0500] "GET /BLA/resoluciones/index.php?dir=AUTOS+2010%2F HTTP/1.1" 200 241175
66.249.65.96 - - [19/May/2015:03:17:23 -0500] "GET /BLA/resoluciones/AUTOS%202008/1126.pdf HTTP/1.1" 200 245042
66.249.65.99 - - [19/May/2015:03:17:25 -0500] "GET /BLA/resoluciones/AUTOS%202008/2130.pdf HTTP/1.1" 200 140648
180.76.5.168 - - [19/May/2015:03:17:31 -0500] "GET /BLA/resoluciones/RESOLUCIONES%202010/2248.pdf HTTP/1.1" 200 358355
66.249.65.93 - - [19/May/2015:03:17:38 -0500] "GET /BLA/resoluciones/AUTOS%202008/2703.pdf HTTP/1.1" 200 117462
180.76.5.78 - - [19/May/2015:03:17:42 -0500] "GET /BLA/resoluciones/AUTOS%202010/5245.pdf HTTP/1.1" 200 251025
66.249.65.93 - - [19/May/2015:03:17:49 -0500] "GET /BLA/resoluciones/RESOLUCIONES%202008/4980.pdf HTTP/1.1" 200 217832
180.76.5.193 - - [19/May/2015:03:18:08 -0500] "GET /BLA/resoluciones/RESOLUCIONES%202012/0899.pdf HTTP/1.1" 200 999242
180.76.5.23 - - [19/May/2015:03:18:19 -0500] "GET /BLA/resoluciones/RESOLUCIONES%202009/0828.pdf HTTP/1.1" 200 178812
66.249.65.96 - - [19/May/2015:03:18:19 -0500] "GET /BLA/resoluciones/AUTOS%202011/1409.pdf HTTP/1.1" 200 103676
180.76.5.192 - - [19/May/2015:03:18:44 -0500] "GET /BLA/resoluciones/RESOLUCIONES%202008/3654.pdf HTTP/1.1" 200 290106
181.60.92.198 - - [19/May/2015:03:19:14 -0500] "GET /BLA/boletinlegal/js/jquery.scrollTo-min.js HTTP/1.1" 200 1150
181.60.92.198 - - [19/May/2015:03:19:14 -0500] "GET /BLA/boletinlegal/js/jquery.scrollShow.js HTTP/1.1" 200 4586
181.60.92.198 - - [19/May/2015:03:19:14 -0500] "GET /galeria/galeria/jquery.fancybox.css?v=2.1.5 HTTP/1.1" 200 4895
181.60.92.198 - - [19/May/2015:03:19:14 -0500] "GET /galeria/galeria/jquery.fancybox.js?v=2.1.5 HTTP/1.1" 200 48706
181.60.92.198 - - [19/May/2015:03:19:18 -0500] "GET /BLA/boletinlegal/js/jquery.scrollTo-min.js HTTP/1.1" 304 -
181.60.92.198 - - [19/May/2015:03:19:18 -0500] "GET /BLA/boletinlegal/js/jquery.scrollShow.js HTTP/1.1" 304 -
181.60.92.198 - - [19/May/2015:03:19:19 -0500] "GET /galeria/galeria/jquery.fancybox.js?v=2.1.5 HTTP/1.1" 304 -
181.60.92.198 - - [19/May/2015:03:19:19 -0500] "GET /galeria/galeria/jquery.fancybox.css?v=2.1.5 HTTP/1.1" 304 -
180.76.5.60 - - [19/May/2015:03:19:46 -0500] "GET /BLA/resoluciones/RESOLUCIONES%202011/2371.pdf HTTP/1.1" 200 513811
66.249.65.99 - - [19/May/2015:03:20:01 -0500] "GET /BLA/resoluciones/Notificaciones/REGISTROS%202014/01386.doc HTTP/1.1" 200 149504
180.76.5.147 - - [19/May/2015:03:20:10 -0500] "GET /BLA/resoluciones/AUTOS%202009/2655.pdf HTTP/1.1" 200 157297
66.249.65.99 - - [19/May/2015:03:20:27 -0500] "GET /BLA/resoluciones/AUTOS%202013/0219.pdf HTTP/1.1" 304 -
66.249.65.96 - - [19/May/2015:03:20:39 -0500] "GET /BLA/resoluciones/AUTOS%202008/0665.pdf HTTP/1.1" 200 139168
74.86.158.107 - - [19/May/2015:03:20:41 -0500] "HEAD / HTTP/1.1" 200 -
66.249.65.93 - - [19/May/2015:03:20:48 -0500] "GET /BLA/resoluciones/AUTOS%202006/AUTOS%202006%201001-1100/00001052.tif HTTP/1.1" 304 -
180.76.5.144 - - [19/May/2015:03:21:12 -0500] "GET /BLA/resoluciones/AUTOS%202013/0518.pdf HTTP/1.1" 200 200395
200.13.244.118 - - [19/May/2015:03:21:26 -0500] "GET /BLA/resoluciones/RESOLUCIONES%25202008/3485.pdf&sa=U&ei=4OJaVcCJOYelgwTqjoGICw&ved=0CJkBEBYwGzjIAQ&usg=AFQjCNHGv54TzRlB46h0VCWfz92kzAvf8w/wp-admin/admin-ajax.php?action=revslider_show_image&img=../wp-config.php HTTP/1.1" 404 1018
200.13.244.118 - - [19/May/2015:03:21:26 -0500] "GET /BLA/resoluciones/RESOLUCIONES%25202008/3485.pdf&sa=U&ei=4OJaVcCJOYelgwTqjoGICw&ved=0CJkBEBYwGzjIAQ&usg=AFQjCNHGv54TzRlB46h0VCWfz92kzAvf8w/wp-admin/admin-ajax.php?action=revslider_show_image&img=../wp-config.php HTTP/1.1" 404 1018
200.13.244.118 - - [19/May/2015:03:21:27 -0500] "GET /BLA/resoluciones/RESOLUCIONES%25202008/3485.pdf&sa=U&ei=4OJaVcCJOYelgwTqjoGICw&ved=0CJkBEBYwGzjIAQ&usg=AFQjCNHGv54TzRlB46h0VCWfz92kzAvf8w/wp-admin/admin-ajax.php HTTP/1.1" 404 1018
200.13.244.118 - - [19/May/2015:03:21:27 -0500] "POST /BLA/resoluciones/RESOLUCIONES%25202008/3485.pdf&sa=U&ei=4OJaVcCJOYelgwTqjoGICw&ved=0CJkBEBYwGzjIAQ&usg=AFQjCNHGv54TzRlB46h0VCWfz92kzAvf8w/wp-admin/admin-ajax.php HTTP/1.1" 404 1018
66.249.65.99 - - [19/May/2015:03:21:29 -0500] "GET /BLA/resoluciones/AUTOS%202013/1132.pdf HTTP/1.1" 200 1190858
180.76.5.175 - - [19/May/2015:03:21:48 -0500] "GET /BLA/resoluciones/RESOLUCIONES%202009/1824.pdf HTTP/1.1" 200 512366
66.249.65.96 - - [19/May/2015:03:22:13 -0500] "GET /BLA/resoluciones/AUTOS%202009/1457.pdf HTTP/1.1" 200 200075
180.76.5.195 - - [19/May/2015:03:22:14 -0500] "GET /BLA/resoluciones/RESOLUCIONES%202009/8454.pdf HTTP/1.1" 200 134266
66.249.65.96 - - [19/May/2015:03:22:17 -0500] "GET /BLA/resoluciones/AUTOS%202008/0015.pdf HTTP/1.1" 200 74441
66.249.65.96 - - [19/May/2015:03:22:35 -0500] "GET /resoluciones/RESOLUCIONES%202010/1497.pdf HTTP/1.1" 404 1018
66.249.65.240 - - [19/May/2015:03:22:57 -0500] "GET /phpold/autoliquidacion/18656.txt HTTP/1.1" 404 1019
180.76.5.169 - - [19/May/2015:03:23:15 -0500] "GET /BLA/resoluciones/RESOLUCIONES%202010/2285.pdf HTTP/1.1" 200 351182
180.76.5.151 - - [19/May/2015:03:23:20 -0500] "GET /BLA/resoluciones/AUTOS%202010/0191.pdf HTTP/1.1" 200 230855
66.249.65.93 - - [19/May/2015:03:23:28 -0500] "GET /BLA/resoluciones/RESOLUCIONES%202005/RES%202005%201551-1600/00001576.tif HTTP/1.1" 200 192204
61.240.144.67 - - [19/May/2015:03:23:50 -0500] "GET / HTTP/1.0" 200 10190
180.76.5.145 - - [19/May/2015:03:23:51 -0500] "GET /BLA/resoluciones/RESOLUCIONES%202007/RES%202007%203801%20AL%203900/RESOLUCION%203862%20DE%202007.pdf HTTP/1.1" 200 1080389
180.76.5.57 - - [19/May/2015:03:24:18 -0500] "GET /BLA/resoluciones/RESOLUCIONES%202011/5010.pdf HTTP/1.1" 200 390763
66.249.65.93 - - [19/May/2015:03:24:25 -0500] "GET /BLA/resoluciones/RESOLUCIONES%202007/RES%202007%20701%20AL%20800/RESOLUCION%200792%20DE%202007.pdf HTTP/1.1" 200 163177
66.249.65.96 - - [19/May/2015:03:24:43 -0500] "GET /BLA/resoluciones/AUTOS%202010/1530.pdf HTTP/1.1" 404 1018
66.249.65.93 - - [19/May/2015:03:24:54 -0500] "GET /BLA/resoluciones/AUTOS%202006/AUTOS%202006%201001-1100/00001013.tif HTTP/1.1" 304 -
180.76.5.143 - - [19/May/2015:03:24:54 -0500] "GET /BLA/resoluciones/RESOLUCIONES%202009/0549.pdf HTTP/1.1" 200 582268
66.249.65.66 - - [19/May/2015:03:25:16 -0500] "GET /BLA/resoluciones/AUTOS%202013/1136.pdf HTTP/1.1" 200 1027254
180.76.5.61 - - [19/May/2015:03:25:20 -0500] "GET /BLA/resoluciones/RESOLUCIONES%202008/1437.pdf HTTP/1.1" 200 305135
180.76.5.78 - - [19/May/2015:03:25:34 -0500] "GET /BLA/resoluciones/RESOLUCIONES%202009/9624.pdf HTTP/1.1" 200 165959
157.55.39.34 - - [19/May/2015:03:25:34 -0500] "GET /BLA/resoluciones/index.php?dir=RESOLUCIONES%202011/&sort=size&order=asc HTTP/1.1" 200 607271
157.55.39.34 - - [19/May/2015:03:25:38 -0500] "GET /BLA/resoluciones/index.php?dir=RESOLUCIONES%202012/&sort=size&order=asc HTTP/1.1" 200 134793
74.86.158.107 - - [19/May/2015:03:25:41 -0500] "HEAD / HTTP/1.1" 200 -
157.55.39.34 - - [19/May/2015:03:25:39 -0500] "GET /bla/resoluciones/RESOLUCIONES%202011/?C=N;O=A HTTP/1.1" 200 601139
157.55.39.34 - - [19/May/2015:03:25:41 -0500] "GET /BLA/resoluciones/index.php?dir=AUTOS+2012%2F HTTP/1.1" 200 252995
157.55.39.34 - - [19/May/2015:03:25:43 -0500] "GET /BLA/resoluciones/index.php?dir=RESOLUCIONES%202010/&sort=name&order=asc HTTP/1.1" 200 607298
157.55.39.34 - - [19/May/2015:03:25:46 -0500] "GET /BLA/resoluciones/index.php?dir=RESOLUCIONES+2012%2F HTTP/1.1" 200 134793
157.55.39.34 - - [19/May/2015:03:25:47 -0500] "GET /BLA/resoluciones/RESOLUCIONES%202010/?C=S;O=A HTTP/1.1" 200 617386
157.55.39.34 - - [19/May/2015:03:25:50 -0500] "GET /BLA/resoluciones/Resoluciones%202011/?C=D;O=A HTTP/1.1" 200 593121
157.55.39.34 - - [19/May/2015:03:25:53 -0500] "GET /BLA/resoluciones/RESOLUCIONES%202012/?C=N;O=D HTTP/1.1" 200 165810
180.76.5.21 - - [19/May/2015:03:25:57 -0500] "GET /BLA/resoluciones/AUTOS%202013/3486.pdf HTTP/1.1" 200 317526
157.55.39.34 - - [19/May/2015:03:25:55 -0500] "GET /BLA/resoluciones/index.php?dir=RESOLUCIONES%202011/&sort=date&order=asc HTTP/1.1" 200 607392
157.55.39.34 - - [19/May/2015:03:25:54 -0500] "GET /bla/resoluciones/RESOLUCIONES%202011/?C=D;O=A HTTP/1.1" 200 665283
157.55.39.34 - - [19/May/2015:03:25:57 -0500] "GET /BLA/resoluciones/index.php?dir=RESOLUCIONES%202012/&sort=name&order=desc HTTP/1.1" 200 134792
157.55.39.34 - - [19/May/2015:03:25:57 -0500] "GET /BLA/resoluciones/Resoluciones%202011/?C=N;O=A HTTP/1.1" 200 665283
157.55.39.34 - - [19/May/2015:03:25:58 -0500] "GET /bla/resoluciones/resoluciones%202011/?C=N;O=A HTTP/1.1" 200 601139
157.55.39.201 - - [19/May/2015:03:25:59 -0500] "GET /BLA/resoluciones/Resoluciones%202011/?C=N;O=D HTTP/1.1" 200 593122
157.55.39.34 - - [19/May/2015:03:26:01 -0500] "GET /bla/resoluciones/resoluciones%202010/?C=M;O=D HTTP/1.1" 200 601350
157.55.39.34 - - [19/May/2015:03:26:01 -0500] "GET /BLA/resoluciones/RESOLUCIONES%202010/?C=M;O=D HTTP/1.1" 200 593332
157.55.39.201 - - [19/May/2015:03:26:02 -0500] "GET /BLA/resoluciones/index.php?dir=AUTOS%202009/&sort=name&order=asc HTTP/1.1" 200 394311
157.55.39.34 - - [19/May/2015:03:26:04 -0500] "GET /bla/resoluciones/RESOLUCIONES%202009/?C=D;O=D HTTP/1.1" 200 593123
157.55.39.201 - - [19/May/2015:03:26:06 -0500] "GET /BLA/resoluciones/index.php?dir=RESOLUCIONES+2010%2F HTTP/1.1" 200 607298
157.55.39.34 - - [19/May/2015:03:26:08 -0500] "GET /bla/resoluciones/resoluciones%202009/?C=N;O=D HTTP/1.1" 200 593123
157.55.39.212 - - [19/May/2015:03:26:09 -0500] "GET /bla/resoluciones/resoluciones%202011/?C=S;O=A HTTP/1.1" 200 665493
157.55.39.201 - - [19/May/2015:03:26:09 -0500] "GET /BLA/resoluciones/index.php?dir=RESOLUCIONES%202008/&sort=name&order=desc HTTP/1.1" 200 615482
66.249.65.66 - - [19/May/2015:03:26:15 -0500] "GET /BLA/resoluciones/RESOLUCIONES%202010/4834.pdf HTTP/1.1" 200 696803
157.55.39.34 - - [19/May/2015:03:26:12 -0500] "GET /BLA/resoluciones/Autos%202008/?C=M;O=D HTTP/1.1" 200 593318
157.55.39.212 - - [19/May/2015:03:26:12 -0500] "GET /bla/resoluciones/resoluciones%202010/?C=D;O=A HTTP/1.1" 200 665494
157.55.39.201 - - [19/May/2015:03:26:13 -0500] "GET /BLA/resoluciones/RESOLUCIONES%202010/ HTTP/1.1" 200 593332
157.55.39.202 - - [19/May/2015:03:26:16 -0500] "GET /BLA/ HTTP/1.1" 200 538
157.55.39.212 - - [19/May/2015:03:26:16 -0500] "GET /BLA/resoluciones/Autos%202008/?C=D;O=A HTTP/1.1" 200 593318
157.55.39.202 - - [19/May/2015:03:26:16 -0500] "GET /bla/resoluciones/RESOLUCIONES%202009/?C=N;O=A HTTP/1.1" 200 593331
180.76.5.73 - - [19/May/2015:03:26:22 -0500] "GET /BLA/resoluciones/AUTOS%202009/0351.pdf HTTP/1.1" 200 556612
157.55.39.213 - - [19/May/2015:03:26:19 -0500] "GET /BLA/resoluciones/RESOLUCIONES%202010/?C=D;O=A HTTP/1.1" 200 593332
157.55.39.211 - - [19/May/2015:03:26:23 -0500] "GET /BLA/resoluciones/AUTOS%202007/?C=S;O=A HTTP/1.1" 200 593318
157.55.39.211 - - [19/May/2015:03:26:26 -0500] "GET /stormWeb/ HTTP/1.1" 200 12126
157.55.39.211 - - [19/May/2015:03:26:27 -0500] "GET /BLA/resoluciones/index.php?dir=RESOLUCIONES%202008/&sort=date&order=asc HTTP/1.1" 200 607241
157.55.39.211 - - [19/May/2015:03:26:30 -0500] "GET /BLA/resoluciones/RESOLUCIONES%202010/6000.pdf HTTP/1.1" 200 1586337
157.55.39.34 - - [19/May/2015:03:26:28 -0500] "GET /BLA/resoluciones/index.php?dir=RESOLUCIONES%202010/&sort=size&order=desc HTTP/1.1" 200 607420
157.55.39.211 - - [19/May/2015:03:26:31 -0500] "GET /BLA/resoluciones/index.php?dir=RESOLUCIONES%202008/&sort=size&order=asc HTTP/1.1" 200 607301
157.55.39.201 - - [19/May/2015:03:26:32 -0500] "GET /BLA/resoluciones/RESOLUCIONES%202009/?C=D;O=A HTTP/1.1" 200 601349
180.76.5.176 - - [19/May/2015:03:26:36 -0500] "GET /BLA/resoluciones/AUTOS%202009/2150.pdf HTTP/1.1" 200 83430
66.249.65.69 - - [19/May/2015:03:26:37 -0500] "GET /BLA/resoluciones/AUTOS%202008/1212.pdf HTTP/1.1" 200 87267
66.249.65.69 - - [19/May/2015:03:26:37 -0500] "GET /BLA/resoluciones/RESOLUCIONES%202010/6501.pdf HTTP/1.1" 200 473157
157.55.39.211 - - [19/May/2015:03:26:34 -0500] "GET /BLA/resoluciones/index.php?dir=RESOLUCIONES%202010/&sort=date&order=asc HTTP/1.1" 200 607274
180.76.5.94 - - [19/May/2015:03:26:38 -0500] "GET /BLA/resoluciones/AUTOS%202014/5893.pdf HTTP/1.1" 200 228436
157.55.39.201 - - [19/May/2015:03:26:36 -0500] "GET /bla/resoluciones/resoluciones%202009/?C=D;O=A HTTP/1.1" 200 593331
157.55.39.201 - - [19/May/2015:03:26:39 -0500] "GET /BLA/resoluciones/RESOLUCIONES%202012/?C=D;O=A HTTP/1.1" 200 165810
