190.27.102.28 - - [19/May/2015:00:17:46 -0500] "GET /BLA/boletinlegal/js/jquery.scrollTo-min.js HTTP/1.1" 200 1150
190.27.102.28 - - [19/May/2015:00:17:46 -0500] "GET /galeria/galeria/jquery.fancybox.css?v=2.1.5 HTTP/1.1" 200 4895
190.27.102.28 - - [19/May/2015:00:17:46 -0500] "GET /BLA/boletinlegal/js/jquery.scrollShow.js HTTP/1.1" 200 4586
190.27.102.28 - - [19/May/2015:00:17:46 -0500] "GET /galeria/galeria/jquery.fancybox.js?v=2.1.5 HTTP/1.1" 200 48706
186.113.93.101 - - [19/May/2015:00:17:45 -0500] "GET /forest/visualizar.do?codDoc=1977822&ext=docx&codfile=-1&iscodfile=false&nombre=OFICIO%20CRONOGRAMA%202014ER200487.docx HTTP/1.1" 200 400873
186.155.148.226 - - [19/May/2015:00:17:56 -0500] "GET /galeria/galeria/jquery.fancybox.css?v=2.1.5 HTTP/1.1" 200 4895
186.155.148.226 - - [19/May/2015:00:17:56 -0500] "GET /BLA/boletinlegal/js/jquery.scrollTo-min.js HTTP/1.1" 200 1150
186.155.148.226 - - [19/May/2015:00:17:56 -0500] "GET /BLA/boletinlegal/js/jquery.scrollShow.js HTTP/1.1" 200 4586
186.155.148.226 - - [19/May/2015:00:17:56 -0500] "GET /galeria/galeria/jquery.fancybox.js?v=2.1.5 HTTP/1.1" 200 48706
66.249.65.96 - - [19/May/2015:00:18:02 -0500] "GET /BLA/resoluciones/AUTOS%202006/AUTOS%202006%201001-1100/00001094.tif HTTP/1.1" 304 -
186.155.148.226 - - [19/May/2015:00:18:03 -0500] "GET /galeria/galeria/jquery.fancybox.css?v=2.1.5 HTTP/1.1" 304 -
186.155.148.226 - - [19/May/2015:00:18:03 -0500] "GET /BLA/boletinlegal/js/jquery.scrollTo-min.js HTTP/1.1" 304 -
186.155.148.226 - - [19/May/2015:00:18:03 -0500] "GET /BLA/boletinlegal/js/jquery.scrollShow.js HTTP/1.1" 304 -
186.155.148.226 - - [19/May/2015:00:18:03 -0500] "GET /galeria/galeria/jquery.fancybox.js?v=2.1.5 HTTP/1.1" 304 -
152.61.128.66 - - [19/May/2015:00:18:15 -0500] "HEAD / HTTP/1.1" 200 -
152.61.128.66 - - [19/May/2015:00:18:15 -0500] "GET /arcgis/services/Calidad_del_Agua_WQI/MapServer/WMSServer?request=GetCapabilities&service=WMS HTTP/1.1" 200 32135
152.61.128.66 - - [19/May/2015:00:18:16 -0500] "GET /arcgis/services/Calidad_del_Agua_WQI/MapServer/WMSServer?request=GetCapabilities&service=WMS HTTP/1.0" 200 32135
152.61.128.66 - - [19/May/2015:00:18:17 -0500] "GET /arcgis/services/Calidad_del_Agua_WQI/MapServer/WMSServer?request=GetCapabilities&service=WMS HTTP/1.0" 200 32135
152.61.128.66 - - [19/May/2015:00:18:18 -0500] "GET /arcgis/services/Calidad_del_Agua_WQI/MapServer/WMSServer?request=GetCapabilities&service=WMS HTTP/1.0" 200 32135
152.61.128.66 - - [19/May/2015:00:18:19 -0500] "GET /arcgis/services/Calidad_del_Agua_WQI/MapServer/WMSServer?VERSION=1.1.1&REQUEST=GetMap&LAYERS=0&SRS=EPSG:4326&BBOX=-74.473395,3.674381,-73.963300,4.920569&WIDTH=250&HEIGHT=250&FORMAT=image/bmp&STYLES=& HTTP/1.1" 200 188054
66.249.65.233 - - [19/May/2015:00:18:25 -0500] "GET /portalsiaccapacitaciones/Soportes%20Capacitaciones%202014/0129.%20Procedimiento%20SDA%20Administraci%C3%B3n%20del%20Riesgo.pdf HTTP/1.1" 200 345678
180.76.5.57 - - [19/May/2015:00:18:29 -0500] "GET /BLA/resoluciones/RESOLUCIONES%202008/3502.pdf HTTP/1.1" 200 304034
180.76.5.194 - - [19/May/2015:00:18:29 -0500] "GET /BLA/resoluciones/RESOLUCIONES%202009/8986.pdf HTTP/1.1" 200 363968
180.76.5.94 - - [19/May/2015:00:18:47 -0500] "GET /BLA/resoluciones/RESOLUCIONES%202008/2646.pdf HTTP/1.1" 200 199206
66.249.65.93 - - [19/May/2015:00:18:47 -0500] "GET /BLA/resoluciones/AUTOS%202012/2861.pdf HTTP/1.1" 200 419575
186.113.93.101 - - [19/May/2015:00:19:00 -0500] "GET /forest/session.jsp?a=0.3015739668626338 HTTP/1.1" 200 4
66.249.65.99 - - [19/May/2015:00:19:09 -0500] "GET /BLA/resoluciones/AUTOS%202013/1976.pdf HTTP/1.1" 200 387856
66.249.65.247 - - [19/May/2015:00:19:31 -0500] "GET /StormSDA/user.jnlp HTTP/1.1" 200 1420
180.76.5.20 - - [19/May/2015:00:19:32 -0500] "GET /BLA/resoluciones/RESOLUCIONES%202014/1592.pdf HTTP/1.1" 200 488381
180.76.5.154 - - [19/May/2015:00:19:39 -0500] "GET /BLA/resoluciones/AUTOS%202013/3649.pdf HTTP/1.1" 200 505416
66.249.65.99 - - [19/May/2015:00:19:53 -0500] "GET /BLA/resoluciones/AUTOS%202011/4257.pdf HTTP/1.1" 200 196253
180.76.5.172 - - [19/May/2015:00:20:03 -0500] "GET /BLA/resoluciones/RESOLUCIONES%202010/0953.pdf HTTP/1.1" 200 435983
66.249.65.99 - - [19/May/2015:00:20:15 -0500] "GET /BLA/resoluciones/RESOLUCIONES%202012/0172.pdf HTTP/1.1" 200 175698
186.87.35.83 - - [19/May/2015:00:20:29 -0500] "GET /galeria/galeria/jquery.fancybox.css?v=2.1.5 HTTP/1.1" 200 4895
186.87.35.83 - - [19/May/2015:00:20:29 -0500] "GET /BLA/boletinlegal/js/jquery.scrollTo-min.js HTTP/1.1" 200 1150
186.87.35.83 - - [19/May/2015:00:20:29 -0500] "GET /BLA/boletinlegal/js/jquery.scrollShow.js HTTP/1.1" 200 4586
186.87.35.83 - - [19/May/2015:00:20:29 -0500] "GET /galeria/galeria/jquery.fancybox.js?v=2.1.5 HTTP/1.1" 200 48706
186.113.93.101 - - [19/May/2015:00:20:29 -0500] "GET /forest/skins/gdocs-jar/popup/FileViewerTree.jsp?coddoc=1977824&ext=docx&numpro=3086192&nombre=OFICIO%20PERSONERIA%202014ER200487.docx&codfile=-1&rootPath=/forest/ HTTP/1.1" 200 5359
186.113.93.101 - - [19/May/2015:00:20:30 -0500] "GET /forest/visualizar.do?codDoc=1977824&ext=docx&codfile=-1&iscodfile=false&nombre=OFICIO%20PERSONERIA%202014ER200487.docx HTTP/1.1" 200 400902
186.87.35.83 - - [19/May/2015:00:20:32 -0500] "GET /BLA/boletinlegal/js/jquery.scrollShow.js HTTP/1.1" 304 -
186.87.35.83 - - [19/May/2015:00:20:32 -0500] "GET /BLA/boletinlegal/js/jquery.scrollTo-min.js HTTP/1.1" 304 -
186.87.35.83 - - [19/May/2015:00:20:32 -0500] "GET /galeria/galeria/jquery.fancybox.css?v=2.1.5 HTTP/1.1" 304 -
186.87.35.83 - - [19/May/2015:00:20:32 -0500] "GET /galeria/galeria/jquery.fancybox.js?v=2.1.5 HTTP/1.1" 304 -
66.249.65.96 - - [19/May/2015:00:20:36 -0500] "GET /BLA/resoluciones/AUTOS%202011/0689.pdf HTTP/1.1" 200 198939
186.87.35.83 - - [19/May/2015:00:20:38 -0500] "GET /BLA/boletinlegal/js/jquery.scrollTo-min.js HTTP/1.1" 304 -
186.87.35.83 - - [19/May/2015:00:20:38 -0500] "GET /BLA/boletinlegal/js/jquery.scrollShow.js HTTP/1.1" 304 -
186.87.35.83 - - [19/May/2015:00:20:38 -0500] "GET /galeria/galeria/jquery.fancybox.css?v=2.1.5 HTTP/1.1" 304 -
186.87.35.83 - - [19/May/2015:00:20:38 -0500] "GET /galeria/galeria/jquery.fancybox.js?v=2.1.5 HTTP/1.1" 304 -
74.86.158.107 - - [19/May/2015:00:20:42 -0500] "HEAD / HTTP/1.1" 200 -
66.249.65.93 - - [19/May/2015:00:20:58 -0500] "GET /BLA/resoluciones/RESOLUCIONES%202014/0384.pdf HTTP/1.1" 200 511204
190.9.201.93 - - [19/May/2015:00:21:07 -0500] "GET /BLA/resoluciones/RESOLUCIONES%202007/RES%202007%201501%20AL%201600/RESOLUCION%201577%20DE%202007.pdf HTTP/1.1" 200 532471
190.9.201.93 - - [19/May/2015:00:21:07 -0500] "GET /favicon.ico HTTP/1.1" 200 7782
190.9.201.93 - - [19/May/2015:00:21:08 -0500] "GET /BLA/resoluciones/RESOLUCIONES%202007/RES%202007%201501%20AL%201600/RESOLUCION%201577%20DE%202007.pdf HTTP/1.1" 206 32768
190.9.201.93 - - [19/May/2015:00:21:09 -0500] "GET /BLA/resoluciones/RESOLUCIONES%202007/RES%202007%201501%20AL%201600/RESOLUCION%201577%20DE%202007.pdf HTTP/1.1" 206 499703
186.113.93.101 - - [19/May/2015:00:21:11 -0500] "GET /forest/forms/showform.jsp?codPro=95&codForm=Inicio_Correspondencias&a=0.2641868737991899 HTTP/1.1" 200 17961
180.76.5.61 - - [19/May/2015:00:21:13 -0500] "GET /BLA/resoluciones/RESOLUCIONES%202011/4984.pdf HTTP/1.1" 200 353057
180.76.5.191 - - [19/May/2015:00:21:14 -0500] "GET /BLA/resoluciones/RESOLUCIONES%202008/3622.pdf HTTP/1.1" 200 740300
186.113.93.101 - - [19/May/2015:00:21:15 -0500] "GET /forest/actions/forms.getList?codForm=Inicio_Correspondencias&id=funcionarioasignado&text=Y HTTP/1.1" 200 1234
186.113.93.101 - - [19/May/2015:00:21:16 -0500] "GET /forest/actions/forms.getList?codForm=Inicio_Correspondencias&id=funcionarioasignado&text=YO HTTP/1.1" 200 1254
186.113.93.101 - - [19/May/2015:00:21:16 -0500] "GET /forest/actions/forms.getList?codForm=Inicio_Correspondencias&id=funcionarioasignado&text=YOL HTTP/1.1" 200 746
186.113.93.101 - - [19/May/2015:00:21:16 -0500] "GET /forest/actions/forms.getList?codForm=Inicio_Correspondencias&id=funcionarioasignado&text=YOLI HTTP/1.1" 200 318
186.113.93.101 - - [19/May/2015:00:21:16 -0500] "GET /forest/actions/forms.getList?codForm=Inicio_Correspondencias&id=funcionarioasignado&text=YOLIM HTTP/1.1" 200 318
186.113.93.101 - - [19/May/2015:00:21:16 -0500] "GET /forest/actions/forms.getList?codForm=Inicio_Correspondencias&id=funcionarioasignado&text=YOLIMA HTTP/1.1" 200 318
66.249.65.93 - - [19/May/2015:00:21:19 -0500] "GET /BLA/resoluciones/AUTOS%202011/0829.pdf HTTP/1.1" 200 202637
66.249.65.96 - - [19/May/2015:00:21:40 -0500] "GET /BLA/resoluciones/AUTOS%202010/6357.pdf HTTP/1.1" 200 168274
180.76.5.173 - - [19/May/2015:00:21:49 -0500] "GET /BLA/resoluciones/RESOLUCIONES%202008/4463.pdf HTTP/1.1" 200 264963
66.249.65.99 - - [19/May/2015:00:22:00 -0500] "GET /BLA/resoluciones/AUTOS%202006/AUTOS%202006%201001-1100/00001047.tif HTTP/1.1" 304 -
187.150.173.106 - - [19/May/2015:00:22:13 -0500] "GET /galeria/galeria/jquery.fancybox.css?v=2.1.5 HTTP/1.1" 200 4895
187.150.173.106 - - [19/May/2015:00:22:13 -0500] "GET /galeria/galeria/jquery.fancybox.js?v=2.1.5 HTTP/1.1" 200 48706
187.150.173.106 - - [19/May/2015:00:22:13 -0500] "GET /BLA/boletinlegal/js/jquery.scrollTo-min.js HTTP/1.1" 200 1150
187.150.173.106 - - [19/May/2015:00:22:13 -0500] "GET /BLA/boletinlegal/js/jquery.scrollShow.js HTTP/1.1" 200 4586
66.249.65.99 - - [19/May/2015:00:22:21 -0500] "GET /BLA/resoluciones/RESOLUCIONES%202007/RES%202007%20501%20AL%20600/RESOLUCION%200575%20DE%202007.pdf HTTP/1.1" 200 295073
180.76.5.95 - - [19/May/2015:00:22:23 -0500] "GET /BLA/boletinlegal;jsessionid=453F3476BCC520A678D1ED21DA334730?/? HTTP/1.1" 404 1018
187.150.173.106 - - [19/May/2015:00:22:31 -0500] "GET /galeria/galeria/jquery.fancybox.css?v=2.1.5 HTTP/1.1" 304 -
187.150.173.106 - - [19/May/2015:00:22:31 -0500] "GET /BLA/boletinlegal/js/jquery.scrollTo-min.js HTTP/1.1" 304 -
187.150.173.106 - - [19/May/2015:00:22:31 -0500] "GET /BLA/boletinlegal/js/jquery.scrollShow.js HTTP/1.1" 304 -
187.150.173.106 - - [19/May/2015:00:22:31 -0500] "GET /galeria/galeria/jquery.fancybox.js?v=2.1.5 HTTP/1.1" 304 -
180.76.5.62 - - [19/May/2015:00:22:41 -0500] "GET /BLA/boletinlegal;jsessionid=60D27886A5F11DE465592703DC6DB56C?/? HTTP/1.1" 404 1018
190.84.185.167 - - [19/May/2015:00:16:59 -0500] "GET /ForestMSG_SDA/channelAsync/template_word_18171230?X-Atmosphere-tracking-id=f5f1aa7f-403b-ea42-c607-41740e53ebac&X-Atmosphere-Framework=1.0.5&X-Atmosphere-Transport=long-polling&tabid=0.3257886196952313&X-Cache-Date=0&Content-Type=application/xml&_=1432012650725 HTTP/1.1" 200 8193
180.76.5.62 - - [19/May/2015:00:22:59 -0500] "GET /BLA/resoluciones/RESOLUCIONES%202011/4060.pdf HTTP/1.1" 200 888250
186.113.93.101 - - [19/May/2015:00:23:15 -0500] "GET /forest/actions/forms.getList?codForm=Inicio_Correspondencias&id=codigoFuncionario&text=C HTTP/1.1" 200 1262
180.76.5.177 - - [19/May/2015:00:23:15 -0500] "GET /BLA/resoluciones/RESOLUCIONES%202008/2615.pdf HTTP/1.1" 200 211212
186.113.93.101 - - [19/May/2015:00:23:15 -0500] "GET /forest/actions/forms.getList?codForm=Inicio_Correspondencias&id=codigoFuncionario&text=CH HTTP/1.1" 200 1315
186.113.93.101 - - [19/May/2015:00:23:16 -0500] "GET /forest/actions/forms.getList?codForm=Inicio_Correspondencias&id=codigoFuncionario&text=CHA HTTP/1.1" 200 1243
186.113.93.101 - - [19/May/2015:00:23:16 -0500] "GET /forest/actions/forms.getList?codForm=Inicio_Correspondencias&id=codigoFuncionario&text=CHAR HTTP/1.1" 200 183
186.113.93.101 - - [19/May/2015:00:23:16 -0500] "GET /forest/actions/forms.getList?codForm=Inicio_Correspondencias&id=codigoFuncionario&text=CHARR HTTP/1.1" 200 61
190.24.30.216 - - [19/May/2015:00:23:20 -0500] "GET /catalogoisis/imagenes/limpiar2.gif HTTP/1.1" 200 589
190.24.30.216 - - [19/May/2015:00:23:23 -0500] "GET /catalogoisis/Diccionario.php?i=1&form=0&element=3&prefix=ti-&first=yes HTTP/1.1" 200 4199
190.24.30.216 - - [19/May/2015:00:23:23 -0500] "GET /catalogoisis/Css/Diccionario.css HTTP/1.1" 200 1478
190.24.30.216 - - [19/May/2015:00:23:23 -0500] "GET /catalogoisis/Js/LimpiarDiccionario.js HTTP/1.1" 200 98
190.24.30.216 - - [19/May/2015:00:23:23 -0500] "GET /catalogoisis/Js/CriterioDiccionario.js HTTP/1.1" 200 608
190.24.30.216 - - [19/May/2015:00:23:23 -0500] "GET /catalogoisis/Js/Diccionario.js HTTP/1.1" 200 999
186.113.93.101 - - [19/May/2015:00:23:23 -0500] "POST /forest/actions/forms.saveForm?codPro=95 HTTP/1.1" 200 81
66.249.65.99 - - [19/May/2015:00:23:27 -0500] "GET /BLA/resoluciones/AUTOS%202013/2284.pdf HTTP/1.1" 200 954857
66.249.65.96 - - [19/May/2015:00:23:29 -0500] "GET /BLA/resoluciones/AUTOS%202011/5695.pdf HTTP/1.1" 200 212972
190.24.30.216 - - [19/May/2015:00:23:32 -0500] "GET /catalogoisis/imagenes/aceptar2.gif HTTP/1.1" 200 586
190.24.30.216 - - [19/May/2015:00:23:32 -0500] "GET /catalogoisis/imagenes/limpiar2.gif HTTP/1.1" 200 589
190.24.30.216 - - [19/May/2015:00:23:32 -0500] "GET /catalogoisis/imagenes/aceptar2.gif HTTP/1.1" 200 586
186.113.93.101 - - [19/May/2015:00:23:42 -0500] "GET /forest/index2.jsp?group_system_actual=3&a=0.16570778144523501 HTTP/1.1" 200 76003
186.113.93.101 - - [19/May/2015:00:23:43 -0500] "GET /forest/session.jsp?a=0.6524347495287657 HTTP/1.1" 200 4
180.76.5.195 - - [19/May/2015:00:23:45 -0500] "GET /BLA/resoluciones/RESOLUCIONES%202007/RES%202007%202901%20AL%203000/RESOLUCION%202997%20DE%202007.pdf HTTP/1.1" 200 823831
66.249.65.99 - - [19/May/2015:00:23:47 -0500] "GET /BLA/resoluciones/AUTOS%202011/4862.pdf HTTP/1.1" 200 252934
186.113.93.101 - - [19/May/2015:00:23:55 -0500] "GET /forest/usutareas.do?group_system_actual=3&codTraEsc=18171264&_a=0.5932480128635166 HTTP/1.1" 200 115631
186.113.93.101 - - [19/May/2015:00:23:57 -0500] "GET /forest/session.jsp?a=0.8660199162550271 HTTP/1.1" 200 4
180.76.5.144 - - [19/May/2015:00:24:00 -0500] "GET /BLA/resoluciones/RESOLUCIONES%202007/RES%202007%203401%20AL%203500/RESOLUCION%203462%20%20DE%202007.pdf HTTP/1.1" 200 331625
186.113.93.101 - - [19/May/2015:00:24:04 -0500] "GET /forest/actions/sgc.getPlantillaByInst?codForm=641&codInst=3143638 HTTP/1.1" 200 97846
190.9.201.251 - - [19/May/2015:00:24:06 -0500] "GET /autoliquidacion/Grupo%20Forestal%20-%20Industria%20de%20la%20Madera/Solicitud%20de%20Salvoconducto%20de%20movilizaci%C3%B3n%20flora.pdf HTTP/1.1" 200 122070
190.9.201.251 - - [19/May/2015:00:24:07 -0500] "GET /favicon.ico HTTP/1.1" 200 7782
66.249.65.99 - - [19/May/2015:00:24:07 -0500] "GET /BLA/resoluciones/RESOLUCIONES%202009/7505.pdf HTTP/1.1" 200 482307
190.9.201.251 - - [19/May/2015:00:24:09 -0500] "GET /autoliquidacion/Grupo%20Forestal%20-%20Industria%20de%20la%20Madera/Solicitud%20de%20Salvoconducto%20de%20movilizaci%C3%B3n%20flora.pdf HTTP/1.1" 206 32768
190.9.201.251 - - [19/May/2015:00:24:10 -0500] "GET /autoliquidacion/Grupo%20Forestal%20-%20Industria%20de%20la%20Madera/Solicitud%20de%20Salvoconducto%20de%20movilizaci%C3%B3n%20flora.pdf HTTP/1.1" 206 89302
190.24.30.216 - - [19/May/2015:00:24:17 -0500] "GET /catalogoisis/Css/Busqueda.css HTTP/1.1" 200 1995
190.24.30.216 - - [19/May/2015:00:24:17 -0500] "GET /catalogoisis/Js/CriterioCombinada.js HTTP/1.1" 200 1843
190.24.30.216 - - [19/May/2015:00:24:17 -0500] "GET /catalogoisis/ HTTP/1.1" 200 8575
190.24.30.216 - - [19/May/2015:00:24:17 -0500] "GET /catalogoisis/Js/AceptarLimpiar.js HTTP/1.1" 200 331
190.24.30.216 - - [19/May/2015:00:24:17 -0500] "GET /catalogoisis/Js/LimpiarCombinada.js HTTP/1.1" 200 207
190.24.30.216 - - [19/May/2015:00:24:17 -0500] "GET /catalogoisis/Js/Cookies.js HTTP/1.1" 200 1369
190.24.30.216 - - [19/May/2015:00:24:17 -0500] "GET /catalogoisis/Js/Remote.js HTTP/1.1" 200 436
190.24.30.216 - - [19/May/2015:00:24:17 -0500] "GET /catalogoisis/Js/Go.js HTTP/1.1" 200 364
190.24.30.216 - - [19/May/2015:00:24:17 -0500] "GET /catalogoisis/Js/Numero.js HTTP/1.1" 200 398
190.24.30.216 - - [19/May/2015:00:24:17 -0500] "GET /catalogoisis/Js/Enter.js HTTP/1.1" 200 1208
190.24.30.216 - - [19/May/2015:00:24:17 -0500] "GET /catalogoisis/imagenes/br1c3.gif HTTP/1.1" 200 302
190.24.30.216 - - [19/May/2015:00:24:17 -0500] "GET /catalogoisis/imagenes/br1c1.gif HTTP/1.1" 200 172
190.24.30.216 - - [19/May/2015:00:24:17 -0500] "GET /catalogoisis/imagenes/Turnbo1.gif HTTP/1.1" 200 227
190.24.30.216 - - [19/May/2015:00:24:17 -0500] "GET /catalogoisis/imagenes/aceptar1.gif HTTP/1.1" 200 604
190.24.30.216 - - [19/May/2015:00:24:17 -0500] "GET /catalogoisis/imagenes/limpiar1.gif HTTP/1.1" 200 606
190.24.30.216 - - [19/May/2015:00:24:17 -0500] "GET /catalogoisis/imagenes/br3c1.gif HTTP/1.1" 200 177
190.24.30.216 - - [19/May/2015:00:24:17 -0500] "GET /catalogoisis/imagenes/br3c2.gif HTTP/1.1" 200 285
190.24.30.216 - - [19/May/2015:00:24:17 -0500] "GET /catalogoisis/imagenes/br2c2.gif HTTP/1.1" 200 302
190.24.30.216 - - [19/May/2015:00:24:17 -0500] "GET /catalogoisis/imagenes/Header.gif HTTP/1.1" 200 14509
190.24.30.216 - - [19/May/2015:00:24:17 -0500] "GET /catalogoisis/imagenes/br3c3.gif HTTP/1.1" 200 186
190.24.30.216 - - [19/May/2015:00:24:17 -0500] "GET /catalogoisis/imagenes/br1c2.gif HTTP/1.1" 200 297
190.24.30.216 - - [19/May/2015:00:24:17 -0500] "GET /catalogoisis/imagenes/br2c1.gif HTTP/1.1" 200 297
190.24.30.216 - - [19/May/2015:00:24:17 -0500] "GET /catalogoisis/imagenes/br2c3.gif HTTP/1.1" 200 416
190.24.30.216 - - [19/May/2015:00:24:17 -0500] "GET /favicon.ico HTTP/1.1" 200 7782
180.76.5.58 - - [19/May/2015:00:24:20 -0500] "GET /BLA/resoluciones/RESOLUCIONES%202008/4798.pdf HTTP/1.1" 200 848592
190.24.30.216 - - [19/May/2015:00:24:24 -0500] "GET /catalogoisis/imagenes/limpiar2.gif HTTP/1.1" 200 589
190.24.30.216 - - [19/May/2015:00:24:24 -0500] "GET /catalogoisis/imagenes/aceptar2.gif HTTP/1.1" 200 586
66.249.65.93 - - [19/May/2015:00:24:26 -0500] "GET /BLA/resoluciones/AUTOS%202011/1510.pdf HTTP/1.1" 200 1341450
190.24.30.216 - - [19/May/2015:00:24:27 -0500] "GET /catalogoisis/imagenes/aceptar2.gif HTTP/1.1" 200 586
190.24.30.216 - - [19/May/2015:00:24:32 -0500] "GET /catalogoisis/imagenes/aceptar2.gif HTTP/1.1" 200 586
180.76.5.188 - - [19/May/2015:00:24:33 -0500] "GET /BLA/resoluciones/RESOLUCIONES%202011/4686.pdf HTTP/1.1" 200 621102
190.24.30.216 - - [19/May/2015:00:24:37 -0500] "GET /catalogoisis/imagenes/aceptar2.gif HTTP/1.1" 200 -
180.76.5.171 - - [19/May/2015:00:24:42 -0500] "GET /BLA/resoluciones/RESOLUCIONES%202008/4404.pdf HTTP/1.1" 200 270482
66.249.65.99 - - [19/May/2015:00:24:46 -0500] "GET /BLA/resoluciones/RESOLUCIONES%202011/1966.pdf HTTP/1.1" 200 533045
180.76.5.57 - - [19/May/2015:00:24:57 -0500] "GET /BLA/resoluciones/RESOLUCIONES%202010/2349.pdf HTTP/1.1" 200 381020
66.249.65.96 - - [19/May/2015:00:25:05 -0500] "GET /BLA/resoluciones/AUTOS%202011/4526.pdf HTTP/1.1" 200 188226
180.76.5.196 - - [19/May/2015:00:25:22 -0500] "GET /BLA/boletinlegal;jsessionid=5772B063D9313967791C20A3F668EDF1?/? HTTP/1.1" 404 1018
66.249.65.99 - - [19/May/2015:00:25:24 -0500] "GET /BLA/resoluciones/AUTOS%202011/5666.pdf HTTP/1.1" 200 220581
181.129.17.161 - - [19/May/2015:00:25:31 -0500] "GET /galeria/galeria/jquery.fancybox.css?v=2.1.5 HTTP/1.1" 200 4895
181.129.17.161 - - [19/May/2015:00:25:31 -0500] "GET /BLA/boletinlegal/js/jquery.scrollTo-min.js HTTP/1.1" 200 1150
181.129.17.161 - - [19/May/2015:00:25:31 -0500] "GET /BLA/boletinlegal/js/jquery.scrollShow.js HTTP/1.1" 200 4586
181.129.17.161 - - [19/May/2015:00:25:31 -0500] "GET /galeria/galeria/jquery.fancybox.js?v=2.1.5 HTTP/1.1" 200 48706
181.129.17.161 - - [19/May/2015:00:25:35 -0500] "GET /BLA/boletinlegal/js/jquery.scrollTo-min.js HTTP/1.1" 304 -
181.129.17.161 - - [19/May/2015:00:25:35 -0500] "GET /galeria/galeria/jquery.fancybox.js?v=2.1.5 HTTP/1.1" 304 -
181.129.17.161 - - [19/May/2015:00:25:35 -0500] "GET /galeria/galeria/jquery.fancybox.css?v=2.1.5 HTTP/1.1" 304 -
181.129.17.161 - - [19/May/2015:00:25:35 -0500] "GET /BLA/boletinlegal/js/jquery.scrollShow.js HTTP/1.1" 304 -
180.76.5.151 - - [19/May/2015:00:25:36 -0500] "GET /BLA/resoluciones/RESOLUCIONES%202011/1514.pdf HTTP/1.1" 200 74079
74.86.158.107 - - [19/May/2015:00:25:42 -0500] "HEAD / HTTP/1.1" 200 -
66.249.65.96 - - [19/May/2015:00:25:43 -0500] "GET /BLA/resoluciones/AUTOS%202011/7486.pdf HTTP/1.1" 200 220151
180.76.5.69 - - [19/May/2015:00:25:51 -0500] "GET /BLA/resoluciones/AUTOS%202010/4350.pdf HTTP/1.1" 200 147460
190.253.26.75 - - [19/May/2015:00:25:53 -0500] "GET /galeria/galeria/jquery.fancybox.css?v=2.1.5 HTTP/1.1" 304 -
190.253.26.75 - - [19/May/2015:00:25:53 -0500] "GET /BLA/boletinlegal/js/jquery.scrollTo-min.js HTTP/1.1" 304 -
190.253.26.75 - - [19/May/2015:00:25:53 -0500] "GET /BLA/boletinlegal/js/jquery.scrollShow.js HTTP/1.1" 304 -
190.253.26.75 - - [19/May/2015:00:25:54 -0500] "GET /galeria/galeria/jquery.fancybox.js?v=2.1.5 HTTP/1.1" 304 -
5.228.130.126 - - [19/May/2015:00:25:54 -0500] "GET / HTTP/1.1" 200 10190
5.228.130.126 - - [19/May/2015:00:25:55 -0500] "GET /css/style.css HTTP/1.1" 200 3610
5.228.130.126 - - [19/May/2015:00:25:55 -0500] "GET /images/SDA.jpg HTTP/1.1" 200 48976
5.228.130.126 - - [19/May/2015:00:25:55 -0500] "GET /css/bootstrap.min.css HTTP/1.1" 200 105939
5.228.130.126 - - [19/May/2015:00:25:55 -0500] "GET /images/INTRANET.jpg HTTP/1.1" 200 37297
5.228.130.126 - - [19/May/2015:00:25:55 -0500] "GET /images/RMCAB.jpg HTTP/1.1" 200 49926
5.228.130.126 - - [19/May/2015:00:25:55 -0500] "GET /images/CATALOGO.jpg HTTP/1.1" 200 35661
5.228.130.126 - - [19/May/2015:00:25:55 -0500] "GET /images/NINOS.jpg HTTP/1.1" 200 44828
5.228.130.126 - - [19/May/2015:00:25:55 -0500] "GET /images/CORREO.jpg HTTP/1.1" 200 39337
5.228.130.126 - - [19/May/2015:00:25:55 -0500] "GET /images/FORMATOS.jpg HTTP/1.1" 200 41585
5.228.130.126 - - [19/May/2015:00:25:55 -0500] "GET /js/jquery.js HTTP/1.1" 200 97120
5.228.130.126 - - [19/May/2015:00:25:55 -0500] "GET /images/INTERNET.jpg HTTP/1.1" 200 34880
5.228.130.126 - - [19/May/2015:00:25:55 -0500] "GET /js/bootstrap.min.js HTTP/1.1" 200 28538
5.228.130.126 - - [19/May/2015:00:25:55 -0500] "GET /images/SDQS.jpg HTTP/1.1" 200 47976
5.228.130.126 - - [19/May/2015:00:25:55 -0500] "GET /images/BLA.jpg HTTP/1.1" 200 34672
5.228.130.126 - - [19/May/2015:00:25:55 -0500] "GET /images/FOREST.jpg HTTP/1.1" 200 33277
5.228.130.126 - - [19/May/2015:00:25:55 -0500] "GET /images/LINEA.jpg HTTP/1.1" 200 33035
66.249.65.99 - - [19/May/2015:00:26:02 -0500] "GET /BLA/resoluciones/AUTOS%202006/AUTOS%202006%201701%20-%201800/00001786.tif HTTP/1.1" 304 -
66.249.65.96 - - [19/May/2015:00:26:20 -0500] "GET /BLA/resoluciones/RESOLUCIONES%202010/2853.pdf HTTP/1.1" 200 4821097
180.76.5.66 - - [19/May/2015:00:26:22 -0500] "GET /BLA/resoluciones/AUTOS%202009/0753.pdf HTTP/1.1" 200 86690
186.77.194.227 - - [19/May/2015:00:26:37 -0500] "GET /galeria/galeria/jquery.fancybox.css?v=2.1.5 HTTP/1.1" 200 4895
186.77.194.227 - - [19/May/2015:00:26:37 -0500] "GET /BLA/boletinlegal/js/jquery.scrollTo-min.js HTTP/1.1" 200 1150
186.77.194.227 - - [19/May/2015:00:26:37 -0500] "GET /BLA/boletinlegal/js/jquery.scrollShow.js HTTP/1.1" 200 4586
186.77.194.227 - - [19/May/2015:00:26:37 -0500] "GET /galeria/galeria/jquery.fancybox.js?v=2.1.5 HTTP/1.1" 200 48706
66.249.65.99 - - [19/May/2015:00:26:39 -0500] "GET /BLA/resoluciones/AUTOS%202011/0980.pdf HTTP/1.1" 200 476077
152.61.193.99 - - [19/May/2015:00:26:39 -0500] "HEAD / HTTP/1.1" 200 -
152.61.193.99 - - [19/May/2015:00:26:39 -0500] "GET /arcgis/services/Calidad_del_Agua_WQI/MapServer/WMSServer?SERVICE=WMS&REQUEST=GetCapabilities HTTP/1.1" 200 32135
152.61.193.99 - - [19/May/2015:00:26:40 -0500] "GET /arcgis/services/Calidad_del_Agua_WQI/MapServer/WMSServer?SERVICE=WMS&REQUEST=GetCapabilities HTTP/1.1" 200 32135
152.61.193.99 - - [19/May/2015:00:26:41 -0500] "GET /arcgis/services/Calidad_del_Agua_WQI/MapServer/WMSServer?SERVICE=WMS&REQUEST=GetCapabilities HTTP/1.1" 200 32135
152.61.193.99 - - [19/May/2015:00:26:41 -0500] "GET /arcgis/services/Calidad_del_Agua_WQI/MapServer/WMSServer?SERVICE=WMS&REQUEST=GetCapabilities HTTP/1.1" 200 32135
180.76.5.175 - - [19/May/2015:00:26:43 -0500] "GET /BLA/resoluciones/RESOLUCIONES%202009/7394.pdf HTTP/1.1" 200 957083
152.61.193.99 - - [19/May/2015:00:26:42 -0500] "GET /arcgis/services/Calidad_del_Agua_WQI/MapServer/WMSServer?VERSION=1.1.1&REQUEST=GetMap&LAYERS=0&SRS=EPSG:4326&BBOX=-74.473395,3.674381,-73.963300,4.920569&WIDTH=250&HEIGHT=250&FORMAT=image/bmp&STYLES=& HTTP/1.1" 200 188054
180.76.5.58 - - [19/May/2015:00:26:50 -0500] "GET /BLA/resoluciones/RESOLUCIONES%202014/2411.pdf HTTP/1.1" 200 937247
186.80.21.47 - - [19/May/2015:00:26:52 -0500] "GET /galeria/galeria/jquery.fancybox.css?v=2.1.5 HTTP/1.1" 200 4895
186.80.21.47 - - [19/May/2015:00:26:52 -0500] "GET /BLA/boletinlegal/js/jquery.scrollTo-min.js HTTP/1.1" 200 1150
186.80.21.47 - - [19/May/2015:00:26:52 -0500] "GET /galeria/galeria/jquery.fancybox.js?v=2.1.5 HTTP/1.1" 200 48706
186.80.21.47 - - [19/May/2015:00:26:52 -0500] "GET /BLA/boletinlegal/js/jquery.scrollShow.js HTTP/1.1" 200 4586
66.249.65.99 - - [19/May/2015:00:26:57 -0500] "GET /BLA/resoluciones/RESOLUCIONES%202010/2179.pdf HTTP/1.1" 200 490371
180.76.5.153 - - [19/May/2015:00:26:59 -0500] "GET /BLA/resoluciones/RESOLUCIONES%202008/3956.pdf HTTP/1.1" 200 595652
186.77.194.227 - - [19/May/2015:00:27:02 -0500] "GET /galeria/galeria/jquery.fancybox.css?v=2.1.5 HTTP/1.1" 304 -
186.77.194.227 - - [19/May/2015:00:27:02 -0500] "GET /BLA/boletinlegal/js/jquery.scrollTo-min.js HTTP/1.1" 304 -
186.77.194.227 - - [19/May/2015:00:27:02 -0500] "GET /BLA/boletinlegal/js/jquery.scrollShow.js HTTP/1.1" 304 -
186.77.194.227 - - [19/May/2015:00:27:02 -0500] "GET /galeria/galeria/jquery.fancybox.js?v=2.1.5 HTTP/1.1" 304 -
66.249.65.99 - - [19/May/2015:00:27:15 -0500] "GET /BLA/resoluciones/AUTOS%202011/4033.pdf HTTP/1.1" 200 856968
180.76.5.23 - - [19/May/2015:00:27:33 -0500] "GET /BLA/resoluciones/RESOLUCIONES%202007/RES%202007%20201%20AL%20300/RESOLUCION%200278%20DE%202007.pdf HTTP/1.1" 200 406947
66.249.65.96 - - [19/May/2015:00:27:33 -0500] "GET /BLA/resoluciones/AUTOS%202011/4744.pdf HTTP/1.1" 200 332356
66.102.8.233 - - [19/May/2015:00:27:34 -0500] "GET /favicon.ico HTTP/1.1" 200 7782
66.102.8.223 - - [19/May/2015:00:27:25 -0500] "GET /BLA/boletinlegal/ HTTP/1.1" 200 28201
66.249.65.247 - - [19/May/2015:00:27:51 -0500] "GET /portalsiaccapacitaciones/Soportes%20Capacitaciones%202014/0080.%20Presentaci%C3%B3n%20CASO%20II%20Mantenimiento%20Parque%20Automotor%2027-05-2014.pdf HTTP/1.1" 200 18301
66.249.65.233 - - [19/May/2015:00:28:09 -0500] "GET /portalsiaccapacitaciones/Soportes%20Capacitaciones%202014/0084.%20Listado%20de%20Aspectos%20e%20Impactos%20Ambientales%20-%20STORM%20USER%2027-05-2014.pdf HTTP/1.1" 200 11739
66.249.65.93 - - [19/May/2015:00:28:26 -0500] "GET /BLA/resoluciones/RESOLUCIONES%202011/4167.pdf HTTP/1.1" 200 771180
66.249.65.99 - - [19/May/2015:00:28:44 -0500] "GET /BLA/resoluciones/AUTOS%202011/7764.pdf HTTP/1.1" 200 832991
186.113.93.101 - - [19/May/2015:00:28:57 -0500] "GET /forest/session.jsp?a=0.3974133243318647 HTTP/1.1" 200 4
190.84.185.167 - - [19/May/2015:00:22:59 -0500] "GET /ForestMSG_SDA/channelAsync/template_word_18171230?X-Atmosphere-tracking-id=f5f1aa7f-403b-ea42-c607-41740e53ebac&X-Atmosphere-Framework=1.0.5&X-Atmosphere-Transport=long-polling&tabid=0.3257886196952313&X-Cache-Date=0&Content-Type=application/xml&_=1432013010874 HTTP/1.1" 200 8193
66.249.65.96 - - [19/May/2015:00:29:01 -0500] "GET /BLA/resoluciones/AUTOS%202011/1323.pdf HTTP/1.1" 200 161493
180.76.5.173 - - [19/May/2015:00:29:05 -0500] "GET /BLA/resoluciones/RESOLUCIONES%202011/1171.pdf HTTP/1.1" 200 276406
180.76.5.172 - - [19/May/2015:00:29:07 -0500] "GET /BLA/resoluciones/RESOLUCIONES%202008/3856.pdf HTTP/1.1" 200 213525
66.249.65.96 - - [19/May/2015:00:29:18 -0500] "GET /BLA/resoluciones/RESOLUCIONES%202009/0870.pdf HTTP/1.1" 200 343267
180.76.5.151 - - [19/May/2015:00:29:23 -0500] "GET /BLA/resoluciones/RESOLUCIONES%202007/RES%202007%202401%20AL%202500/RESOLUCION%202459%20DE%202007.pdf HTTP/1.1" 200 858374
186.80.21.47 - - [19/May/2015:00:29:26 -0500] "GET /galeria/carrusel/Carrusel/jquery.thumbnailScroller.css HTTP/1.1" 200 2066
186.80.21.47 - - [19/May/2015:00:29:26 -0500] "GET /galeria/carrusel/Carrusel/jquery.thumbnailScroller.js HTTP/1.1" 200 8157
186.80.21.47 - - [19/May/2015:00:29:26 -0500] "GET /galeria/carrusel/Carrusel/jquery-ui-1.8.13.custom.min.js HTTP/1.1" 200 10800
186.80.21.47 - - [19/May/2015:00:29:26 -0500] "GET /galeria/nivo-slider/demo/demo.html HTTP/1.1" 200 4417
186.80.21.47 - - [19/May/2015:00:29:26 -0500] "GET /galeria/nivo-slider/themes/default/default.css HTTP/1.1" 200 1569
186.80.21.47 - - [19/May/2015:00:29:26 -0500] "GET /galeria/nivo-slider/themes/orman/orman.css HTTP/1.1" 200 2152
186.80.21.47 - - [19/May/2015:00:29:26 -0500] "GET /galeria/nivo-slider/themes/pascal/pascal.css HTTP/1.1" 200 2258
186.80.21.47 - - [19/May/2015:00:29:26 -0500] "GET /galeria/nivo-slider/nivo-slider.css HTTP/1.1" 200 1507
186.80.21.47 - - [19/May/2015:00:29:26 -0500] "GET /galeria/nivo-slider/demo/style.css HTTP/1.1" 200 2222
186.80.21.47 - - [19/May/2015:00:29:26 -0500] "GET /galeria/nivo-slider/jquery.nivo.slider.pack.js HTTP/1.1" 200 11561
186.80.21.47 - - [19/May/2015:00:29:26 -0500] "GET /galeria/nivo-slider/demo/scripts/jquery-1.7.1.min.js HTTP/1.1" 200 93868
186.80.21.47 - - [19/May/2015:00:29:27 -0500] "GET /galeria/nivo-slider/demo/images/4Simple_Slider.png HTTP/1.1" 200 11722
186.80.21.47 - - [19/May/2015:00:29:27 -0500] "GET /galeria/nivo-slider/themes/default/loading.gif HTTP/1.1" 200 1737
186.80.21.47 - - [19/May/2015:00:29:27 -0500] "GET /galeria/nivo-slider/demo/images/9Signos.jpg HTTP/1.1" 200 81776
186.80.21.47 - - [19/May/2015:00:29:27 -0500] "GET /galeria/nivo-slider/demo/images/capacitaciones-de-ecourbanismo.jpg HTTP/1.1" 200 171664
186.80.21.47 - - [19/May/2015:00:29:27 -0500] "GET /galeria/nivo-slider/demo/images/banner-Pacto-por-la-madera.jpg HTTP/1.1" 200 209966
186.80.21.47 - - [19/May/2015:00:29:27 -0500] "GET /galeria/nivo-slider/demo/images/dia-del-rio-bogota.jpg HTTP/1.1" 200 283516
186.80.21.47 - - [19/May/2015:00:29:27 -0500] "GET /galeria/nivo-slider/demo/images/Banner-salud.jpg HTTP/1.1" 200 181685
186.80.21.47 - - [19/May/2015:00:29:28 -0500] "GET /galeria/nivo-slider/demo/images/mailling-acercar-xpress.jpg HTTP/1.1" 200 137233
66.249.65.247 - - [19/May/2015:00:29:35 -0500] "GET /portalsiaccapacitaciones/Soportes%20Capacitaciones%202014/0122.%20Presentaci%C3%B3n%20Eficiencia%20Energ%C3%A9tica%20UPME%2009-12-14.pdf HTTP/1.1" 200 1697416
190.24.30.216 - - [19/May/2015:00:29:39 -0500] "-" 408 -
190.24.30.216 - - [19/May/2015:00:29:39 -0500] "-" 408 -
66.249.65.99 - - [19/May/2015:00:29:51 -0500] "GET /BLA/resoluciones/AUTOS%202011/1874.pdf HTTP/1.1" 200 271359
201.184.228.190 - - [19/May/2015:00:29:56 -0500] "GET /BLA/boletinlegal/js/jquery.scrollTo-min.js HTTP/1.1" 200 1150
201.184.228.190 - - [19/May/2015:00:29:56 -0500] "GET /BLA/boletinlegal/js/jquery.scrollShow.js HTTP/1.1" 200 4586
201.184.228.190 - - [19/May/2015:00:29:56 -0500] "GET /galeria/galeria/jquery.fancybox.js?v=2.1.5 HTTP/1.1" 200 48706
201.184.228.190 - - [19/May/2015:00:29:56 -0500] "GET /galeria/galeria/jquery.fancybox.css?v=2.1.5 HTTP/1.1" 200 4895
201.184.228.190 - - [19/May/2015:00:29:56 -0500] "GET /galeria/carrusel/Carrusel/jquery.thumbnailScroller.css HTTP/1.1" 200 2066
201.184.228.190 - - [19/May/2015:00:29:56 -0500] "GET /galeria/carrusel/Carrusel/jquery-ui-1.8.13.custom.min.js HTTP/1.1" 200 10800
186.113.93.101 - - [19/May/2015:00:23:56 -0500] "GET /ForestMSG_SDA/channelAsync/template_word_18171264?X-Atmosphere-tracking-id=7c55ecea-eac0-9fad-2aeb-dee8437eb177&X-Atmosphere-Framework=1.0.5&X-Atmosphere-Transport=long-polling&tabid=0.9426877077203244&X-Cache-Date=0&Content-Type=application/xml&_=1432013203069 HTTP/1.1" 200 8193
201.184.228.190 - - [19/May/2015:00:29:58 -0500] "GET /galeria/carrusel/Carrusel/jquery.thumbnailScroller.js HTTP/1.1" 200 8157
201.184.228.190 - - [19/May/2015:00:30:01 -0500] "GET /galeria/nivo-slider/demo/demo.html HTTP/1.1" 200 4417
201.184.228.190 - - [19/May/2015:00:30:01 -0500] "GET /galeria/nivo-slider/themes/default/default.css HTTP/1.1" 200 1569
201.184.228.190 - - [19/May/2015:00:30:01 -0500] "GET /galeria/nivo-slider/themes/pascal/pascal.css HTTP/1.1" 200 2258
201.184.228.190 - - [19/May/2015:00:30:01 -0500] "GET /galeria/nivo-slider/themes/orman/orman.css HTTP/1.1" 200 2152
201.184.228.190 - - [19/May/2015:00:30:01 -0500] "GET /galeria/nivo-slider/nivo-slider.css HTTP/1.1" 200 1507
201.184.228.190 - - [19/May/2015:00:30:01 -0500] "GET /galeria/nivo-slider/demo/style.css HTTP/1.1" 200 2222
201.184.228.190 - - [19/May/2015:00:30:01 -0500] "GET /galeria/nivo-slider/demo/scripts/jquery-1.7.1.min.js HTTP/1.1" 200 93868
201.184.228.190 - - [19/May/2015:00:30:02 -0500] "GET /galeria/nivo-slider/jquery.nivo.slider.pack.js HTTP/1.1" 200 11561
201.184.228.190 - - [19/May/2015:00:30:02 -0500] "GET /galeria/nivo-slider/demo/images/9Signos.jpg HTTP/1.1" 200 81776
201.184.228.190 - - [19/May/2015:00:30:02 -0500] "GET /galeria/nivo-slider/demo/images/capacitaciones-de-ecourbanismo.jpg HTTP/1.1" 200 171664
201.184.228.190 - - [19/May/2015:00:30:02 -0500] "GET /galeria/nivo-slider/demo/images/banner-Pacto-por-la-madera.jpg HTTP/1.1" 200 209966
201.184.228.190 - - [19/May/2015:00:30:02 -0500] "GET /galeria/nivo-slider/demo/images/dia-del-rio-bogota.jpg HTTP/1.1" 200 283516
201.184.228.190 - - [19/May/2015:00:30:02 -0500] "GET /galeria/nivo-slider/demo/images/Banner-salud.jpg HTTP/1.1" 200 181685
201.184.228.190 - - [19/May/2015:00:30:04 -0500] "GET /galeria/nivo-slider/demo/images/mailling-acercar-xpress.jpg HTTP/1.1" 200 137233
201.184.228.190 - - [19/May/2015:00:30:05 -0500] "GET /galeria/nivo-slider/demo/images/acuerdo_569.jpg HTTP/1.1" 200 62670
201.184.228.190 - - [19/May/2015:00:30:05 -0500] "GET /galeria/nivo-slider/demo/images/Licitaciones-proyecto-paramo.jpg HTTP/1.1" 200 221877
201.184.228.190 - - [19/May/2015:00:30:06 -0500] "GET /galeria/nivo-slider/demo/images/Banner-decreto1299.jpg HTTP/1.1" 200 182613
201.184.228.190 - - [19/May/2015:00:30:06 -0500] "GET /galeria/nivo-slider/demo/images/Banner-Directorio.jpg HTTP/1.1" 200 182068
201.184.228.190 - - [19/May/2015:00:30:07 -0500] "GET /galeria/nivo-slider/demo/images/Ruta-vertimientos-01.jpg HTTP/1.1" 200 130151
201.184.228.190 - - [19/May/2015:00:30:07 -0500] "GET /galeria/nivo-slider/demo/images/bolsas-06.jpg HTTP/1.1" 200 90982
201.184.228.190 - - [19/May/2015:00:30:07 -0500] "GET /galeria/nivo-slider/demo/images/Conoce-los-humedales.jpg HTTP/1.1" 200 294036
66.249.65.96 - - [19/May/2015:00:30:08 -0500] "GET /BLA/resoluciones/AUTOS%202006/AUTOS%202006%201001-1100/00001020.tif HTTP/1.1" 304 -
201.184.228.190 - - [19/May/2015:00:30:08 -0500] "GET /galeria/nivo-slider/demo/images/ecolecta-Dic2014.png HTTP/1.1" 200 288593
201.184.228.190 - - [19/May/2015:00:30:09 -0500] "GET /galeria/nivo-slider/demo/images/Banner-Caracol-Africano.jpg HTTP/1.1" 200 331986
201.184.228.190 - - [19/May/2015:00:30:09 -0500] "GET /galeria/nivo-slider/demo/images/banner-llantas2.jpg HTTP/1.1" 200 73153
201.184.228.190 - - [19/May/2015:00:30:09 -0500] "GET /galeria/nivo-slider/demo/images/4Simple_Slider.png HTTP/1.1" 200 11722
201.184.228.190 - - [19/May/2015:00:30:09 -0500] "GET /galeria/nivo-slider/themes/default/loading.gif HTTP/1.1" 200 1737
201.184.228.190 - - [19/May/2015:00:30:15 -0500] "GET /galeria/nivo-slider/themes/default/arrows.png HTTP/1.1" 200 824
201.184.228.190 - - [19/May/2015:00:30:15 -0500] "GET /galeria/nivo-slider/themes/default/bullets.png HTTP/1.1" 200 1281
66.249.65.233 - - [19/May/2015:00:30:24 -0500] "GET /videos/23demayo/mediaplayer.swf?width=300&height=220&file=.flv&image=.jpg HTTP/1.1" 200 39987
180.76.5.167 - - [19/May/2015:00:30:29 -0500] "GET /BLA/resoluciones/RESOLUCIONES%202011/2507.pdf HTTP/1.1" 200 101448
186.30.177.62 - - [19/May/2015:00:30:32 -0500] "GET /forest/session.jsp?a=0.036675646901130676 HTTP/1.1" 200 5
190.157.129.101 - - [19/May/2015:00:30:37 -0500] "GET /galeria/galeria/jquery.fancybox.css?v=2.1.5 HTTP/1.1" 200 4895
190.157.129.101 - - [19/May/2015:00:30:37 -0500] "GET /BLA/boletinlegal/js/jquery.scrollTo-min.js HTTP/1.1" 200 1150
190.157.129.101 - - [19/May/2015:00:30:37 -0500] "GET /BLA/boletinlegal/js/jquery.scrollShow.js HTTP/1.1" 200 4586
190.157.129.101 - - [19/May/2015:00:30:37 -0500] "GET /galeria/galeria/jquery.fancybox.js?v=2.1.5 HTTP/1.1" 200 48706
66.249.65.96 - - [19/May/2015:00:30:40 -0500] "GET /BLA/resoluciones/RESOLUCIONES%202010/3189.pdf HTTP/1.1" 200 752587
74.86.158.107 - - [19/May/2015:00:30:41 -0500] "HEAD / HTTP/1.1" 200 -
190.157.129.101 - - [19/May/2015:00:30:56 -0500] "GET /BLA/boletinlegal/js/jquery.scrollTo-min.js HTTP/1.1" 304 -
190.157.129.101 - - [19/May/2015:00:30:56 -0500] "GET /galeria/galeria/jquery.fancybox.css?v=2.1.5 HTTP/1.1" 304 -
190.157.129.101 - - [19/May/2015:00:30:56 -0500] "GET /BLA/boletinlegal/js/jquery.scrollShow.js HTTP/1.1" 304 -
190.157.129.101 - - [19/May/2015:00:30:56 -0500] "GET /galeria/galeria/jquery.fancybox.js?v=2.1.5 HTTP/1.1" 304 -
66.249.65.96 - - [19/May/2015:00:30:56 -0500] "GET /BLA/resoluciones/AUTOS%202011/5670.pdf HTTP/1.1" 200 291939
66.249.65.99 - - [19/May/2015:00:31:12 -0500] "GET /BLA/resoluciones/RESOLUCIONES%202014/0379.pdf HTTP/1.1" 200 509387
198.27.82.146 - - [19/May/2015:00:31:15 -0500] "GET /robots.txt HTTP/1.0" 404 1019
180.76.5.195 - - [19/May/2015:00:31:21 -0500] "GET /BLA/resoluciones/AUTOS%202011/0755.pdf HTTP/1.1" 200 178065
198.27.82.146 - - [19/May/2015:00:31:26 -0500] "GET /galeria/Carrusel2/?C=D;O=D HTTP/1.0" 200 2147
66.249.65.233 - - [19/May/2015:00:31:28 -0500] "GET /portalsiaccapacitaciones/Soportes%20Capacitaciones%202013/0059.%20Taller%20pr%C3%A1ctico_pliegos%20papeler%C3%ADa%20y%20oficina.pdf HTTP/1.1" 200 322028
198.27.82.146 - - [19/May/2015:00:31:33 -0500] "GET /galeria/Carrusel2/?C=M;O=D HTTP/1.0" 200 2147
199.195.118.53 - - [19/May/2015:00:31:42 -0500] "GET / HTTP/1.1" 200 10190
198.27.82.146 - - [19/May/2015:00:31:43 -0500] "GET /galeria/Carrusel2/?C=N;O=A HTTP/1.0" 200 2147
66.249.65.96 - - [19/May/2015:00:31:44 -0500] "GET /BLA/resoluciones/RESOLUCIONES%202009/0592.pdf HTTP/1.1" 200 330725
198.27.82.146 - - [19/May/2015:00:31:46 -0500] "GET /galeria/Carrusel2/?C=S;O=D HTTP/1.0" 200 2147
198.27.82.146 - - [19/May/2015:00:31:47 -0500] "GET /galeria/carrusel/?C=D;O=D HTTP/1.0" 200 975
198.27.82.146 - - [19/May/2015:00:31:49 -0500] "GET /galeria/carrusel/?C=M;O=D HTTP/1.0" 200 975
198.27.82.146 - - [19/May/2015:00:31:50 -0500] "GET /galeria/carrusel/?C=N;O=A HTTP/1.0" 200 975
66.249.65.99 - - [19/May/2015:00:31:59 -0500] "GET /BLA/resoluciones/AUTOS%202011/4066.pdf HTTP/1.1" 200 394784
198.27.82.146 - - [19/May/2015:00:32:02 -0500] "GET /galeria/carrusel/?C=S;O=D HTTP/1.0" 200 975
198.27.82.146 - - [19/May/2015:00:32:03 -0500] "GET /galeria/carrusel/Carrusel/?C=D;O=A HTTP/1.0" 200 2900
198.27.82.146 - - [19/May/2015:00:32:05 -0500] "GET /galeria/carrusel/Carrusel/?C=M;O=A HTTP/1.0" 200 2900
180.76.5.71 - - [19/May/2015:00:32:12 -0500] "GET /BLA/resoluciones/AUTOS%202009/2229.pdf HTTP/1.1" 200 122811
198.27.82.146 - - [19/May/2015:00:32:13 -0500] "GET /galeria/carrusel/Carrusel/?C=N;O=D HTTP/1.0" 200 2900
66.249.65.93 - - [19/May/2015:00:32:15 -0500] "GET /BLA/resoluciones/AUTOS%202011/0315.pdf HTTP/1.1" 200 501306
198.27.82.146 - - [19/May/2015:00:32:17 -0500] "GET /galeria/carrusel/Carrusel/?C=S;O=A HTTP/1.0" 200 2900
198.27.82.146 - - [19/May/2015:00:32:20 -0500] "GET /galeria/carrusel/Carrusel/jquery-ui-1.8.13.custom.min.js HTTP/1.0" 200 10800
66.249.65.240 - - [19/May/2015:00:32:30 -0500] "GET /portalsiaccapacitaciones/Soportes%20Capacitaciones%202014/0064.%20Presentaci%C3%B3n%20%20Grupo%20PIGA-SCASP%2004-03-2014.pdf HTTP/1.1" 200 1126160
180.76.5.197 - - [19/May/2015:00:32:31 -0500] "GET /BLA/resoluciones/AUTOS%202013/0357.pdf HTTP/1.1" 200 700893
198.27.82.146 - - [19/May/2015:00:32:35 -0500] "GET /galeria/carrusel/Carrusel/jquery.thumbnailScroller.css HTTP/1.0" 200 2066
66.249.65.96 - - [19/May/2015:00:32:45 -0500] "GET /BLA/resoluciones/RESOLUCIONES%202011/1597.pdf HTTP/1.1" 200 84449
180.76.5.168 - - [19/May/2015:00:32:57 -0500] "GET /BLA/resoluciones/RESOLUCIONES%202009/2331.pdf HTTP/1.1" 200 841482
66.249.65.247 - - [19/May/2015:00:33:00 -0500] "GET /portalsiaccapacitaciones/Soportes%20Capacitaciones%202014/0127.%20Presentaci%C3%B3n%20Taller%20Compras%20Sostenibles%2010,%2012%20y%2015-12-14.pdf HTTP/1.1" 200 11055442
180.76.5.195 - - [19/May/2015:00:33:08 -0500] "GET /BLA/resoluciones/RESOLUCIONES%202013/1414.pdf HTTP/1.1" 200 261949
180.76.5.95 - - [19/May/2015:00:33:13 -0500] "GET /BLA/resoluciones/AUTOS%202010/1308.pdf HTTP/1.1" 200 356080
66.249.65.96 - - [19/May/2015:00:33:15 -0500] "GET /BLA/resoluciones/RESOLUCIONES%202005/RES%202005%201551-1600/00001562.tif HTTP/1.1" 200 208548
198.27.82.146 - - [19/May/2015:00:33:23 -0500] "GET /galeria/carrusel/Carrusel/jquery.thumbnailScroller.js HTTP/1.0" 200 8157
198.27.82.146 - - [19/May/2015:00:33:25 -0500] "GET /galeria/carrusel/Carrusel/jquery_thumbnail_scroller.html HTTP/1.0" 200 4405
198.27.82.146 - - [19/May/2015:00:33:26 -0500] "GET /galeria/carrusel/Carrusel/jquery_thumbnail_scroller_horizontal_full.html HTTP/1.0" 200 4236
198.27.82.146 - - [19/May/2015:00:33:28 -0500] "GET /galeria/carrusel/Carrusel/jquery_thumbnail_scroller_vertical.html HTTP/1.0" 200 3683
66.249.65.99 - - [19/May/2015:00:33:30 -0500] "GET /BLA/resoluciones/AUTOS%202011/6416.pdf HTTP/1.1" 200 88523
198.27.82.146 - - [19/May/2015:00:33:31 -0500] "GET /galeria/carrusel/Carrusel/jquery_thumbnail_scroller_vertical_full.html HTTP/1.0" 200 3709
180.76.5.59 - - [19/May/2015:00:33:34 -0500] "GET /BLA/resoluciones/AUTOS%202013/1990.pdf HTTP/1.1" 200 3243873
198.27.82.146 - - [19/May/2015:00:33:37 -0500] "GET /galeria/galeria/?C=D;O=D HTTP/1.0" 200 3181
66.249.65.93 - - [19/May/2015:00:33:45 -0500] "GET /BLA/resoluciones/AUTOS%202011/5755.pdf HTTP/1.1" 200 244597
198.27.82.146 - - [19/May/2015:00:33:46 -0500] "GET /galeria/galeria/?C=M;O=D HTTP/1.0" 200 3181
186.82.84.126 - - [19/May/2015:00:33:51 -0500] "GET /BLA/resoluciones/Notificaciones/AUTOS%202014/3221.doc HTTP/1.1" 200 212480
198.27.82.146 - - [19/May/2015:00:33:51 -0500] "GET /galeria/galeria/?C=N;O=A HTTP/1.0" 200 3181
186.82.84.126 - - [19/May/2015:00:33:54 -0500] "GET /BLA/resoluciones/Notificaciones/AUTOS%202014/3221.doc HTTP/1.1" 200 212480
198.27.82.146 - - [19/May/2015:00:33:55 -0500] "GET /galeria/galeria/?C=S;O=D HTTP/1.0" 200 3181
186.113.93.101 - - [19/May/2015:00:33:58 -0500] "GET /forest/session.jsp?a=0.358491049380973 HTTP/1.1" 200 4
66.249.65.96 - - [19/May/2015:00:33:59 -0500] "GET /BLA/resoluciones/AUTOS%202011/7757.pdf HTTP/1.1" 200 276843
198.27.82.146 - - [19/May/2015:00:34:02 -0500] "GET /galeria/galeria/fotos/?C=D;O=A HTTP/1.0" 200 37571
180.76.5.223 - - [19/May/2015:00:34:08 -0500] "GET /BLA/resoluciones/RESOLUCIONES%202008/5070.pdf HTTP/1.1" 200 413438
198.27.82.146 - - [19/May/2015:00:34:12 -0500] "GET /galeria/galeria/fotos/?C=M;O=A HTTP/1.0" 200 37571
66.249.65.99 - - [19/May/2015:00:34:14 -0500] "GET /BLA/resoluciones/RESOLUCIONES%202009/7749.pdf HTTP/1.1" 200 305936
180.76.5.154 - - [19/May/2015:00:34:15 -0500] "GET /BLA/resoluciones/AUTOS%202014/3699.pdf HTTP/1.1" 200 2775940
198.27.82.146 - - [19/May/2015:00:34:18 -0500] "GET /galeria/galeria/fotos/?C=N;O=D HTTP/1.0" 200 37571
66.249.65.96 - - [19/May/2015:00:34:28 -0500] "GET /BLA/resoluciones/AUTOS%202006/AUTOS%202006%201001-1100/00001012.tif HTTP/1.1" 304 -
180.76.5.154 - - [19/May/2015:00:34:31 -0500] "GET /BLA/resoluciones/RESOLUCIONES%202009/2175.pdf HTTP/1.1" 200 902265
186.81.109.7 - - [19/May/2015:00:34:34 -0500] "GET /galeria/galeria/jquery.fancybox.css?v=2.1.5 HTTP/1.1" 200 4895
186.81.109.7 - - [19/May/2015:00:34:34 -0500] "GET /galeria/carrusel/Carrusel/jquery.thumbnailScroller.css HTTP/1.1" 200 2066
186.81.109.7 - - [19/May/2015:00:34:34 -0500] "GET /BLA/boletinlegal/js/jquery.scrollTo-min.js HTTP/1.1" 200 1150
186.81.109.7 - - [19/May/2015:00:34:34 -0500] "GET /galeria/galeria/jquery.fancybox.js?v=2.1.5 HTTP/1.1" 200 48706
186.81.109.7 - - [19/May/2015:00:34:34 -0500] "GET /BLA/boletinlegal/js/jquery.scrollShow.js HTTP/1.1" 200 4586
186.81.109.7 - - [19/May/2015:00:34:34 -0500] "GET /galeria/carrusel/Carrusel/jquery-ui-1.8.13.custom.min.js HTTP/1.1" 200 10800
186.81.109.7 - - [19/May/2015:00:34:34 -0500] "GET /galeria/carrusel/Carrusel/jquery.thumbnailScroller.js HTTP/1.1" 200 8157
186.81.109.7 - - [19/May/2015:00:34:36 -0500] "GET /galeria/nivo-slider/demo/demo.html HTTP/1.1" 200 4417
186.81.109.7 - - [19/May/2015:00:34:36 -0500] "GET /galeria/nivo-slider/themes/orman/orman.css HTTP/1.1" 200 2152
186.81.109.7 - - [19/May/2015:00:34:36 -0500] "GET /galeria/nivo-slider/themes/default/default.css HTTP/1.1" 200 1569
186.81.109.7 - - [19/May/2015:00:34:36 -0500] "GET /galeria/nivo-slider/demo/style.css HTTP/1.1" 200 2222
186.81.109.7 - - [19/May/2015:00:34:36 -0500] "GET /galeria/nivo-slider/demo/scripts/jquery-1.7.1.min.js HTTP/1.1" 200 93868
186.81.109.7 - - [19/May/2015:00:34:36 -0500] "GET /galeria/nivo-slider/themes/pascal/pascal.css HTTP/1.1" 200 2258
186.81.109.7 - - [19/May/2015:00:34:36 -0500] "GET /galeria/nivo-slider/nivo-slider.css HTTP/1.1" 200 1507
186.81.109.7 - - [19/May/2015:00:34:37 -0500] "GET /galeria/nivo-slider/jquery.nivo.slider.pack.js HTTP/1.1" 200 11561
186.81.109.7 - - [19/May/2015:00:34:37 -0500] "GET /galeria/nivo-slider/demo/images/banner-Pacto-por-la-madera.jpg HTTP/1.1" 200 209966
186.81.109.7 - - [19/May/2015:00:34:37 -0500] "GET /galeria/nivo-slider/demo/images/dia-del-rio-bogota.jpg HTTP/1.1" 200 283516
186.81.109.7 - - [19/May/2015:00:34:37 -0500] "GET /galeria/nivo-slider/demo/images/capacitaciones-de-ecourbanismo.jpg HTTP/1.1" 200 171664
186.81.109.7 - - [19/May/2015:00:34:37 -0500] "GET /galeria/nivo-slider/demo/images/9Signos.jpg HTTP/1.1" 200 81776
186.81.109.7 - - [19/May/2015:00:34:38 -0500] "GET /galeria/nivo-slider/demo/images/4Simple_Slider.png HTTP/1.1" 200 11722
186.81.109.7 - - [19/May/2015:00:34:38 -0500] "GET /galeria/nivo-slider/themes/default/loading.gif HTTP/1.1" 200 1737
186.81.109.7 - - [19/May/2015:00:34:38 -0500] "GET /galeria/nivo-slider/demo/images/Banner-salud.jpg HTTP/1.1" 200 181685
186.81.109.7 - - [19/May/2015:00:34:39 -0500] "GET /galeria/nivo-slider/demo/images/mailling-acercar-xpress.jpg HTTP/1.1" 200 137233
186.81.109.7 - - [19/May/2015:00:34:39 -0500] "GET /galeria/nivo-slider/demo/images/acuerdo_569.jpg HTTP/1.1" 200 62670
186.81.109.7 - - [19/May/2015:00:34:39 -0500] "GET /galeria/nivo-slider/demo/images/Licitaciones-proyecto-paramo.jpg HTTP/1.1" 200 221877
186.81.109.7 - - [19/May/2015:00:34:40 -0500] "GET /galeria/nivo-slider/demo/images/Banner-decreto1299.jpg HTTP/1.1" 200 182613
186.81.109.7 - - [19/May/2015:00:34:40 -0500] "GET /galeria/nivo-slider/demo/images/Banner-Directorio.jpg HTTP/1.1" 200 182068
186.81.109.7 - - [19/May/2015:00:34:41 -0500] "GET /galeria/nivo-slider/demo/images/Ruta-vertimientos-01.jpg HTTP/1.1" 200 130151
186.81.109.7 - - [19/May/2015:00:34:41 -0500] "GET /galeria/nivo-slider/demo/images/bolsas-06.jpg HTTP/1.1" 200 90982
186.81.109.7 - - [19/May/2015:00:34:41 -0500] "GET /galeria/nivo-slider/demo/images/Conoce-los-humedales.jpg HTTP/1.1" 200 294036
186.81.109.7 - - [19/May/2015:00:34:42 -0500] "GET /galeria/nivo-slider/demo/images/ecolecta-Dic2014.png HTTP/1.1" 200 288593
66.249.65.96 - - [19/May/2015:00:34:42 -0500] "GET /BLA/resoluciones/AUTOS%202011/5500.pdf HTTP/1.1" 200 220124
186.81.109.7 - - [19/May/2015:00:34:42 -0500] "GET /galeria/nivo-slider/demo/images/Banner-Caracol-Africano.jpg HTTP/1.1" 200 331986
186.81.109.7 - - [19/May/2015:00:34:42 -0500] "GET /galeria/nivo-slider/demo/images/banner-llantas2.jpg HTTP/1.1" 200 73153
186.81.109.7 - - [19/May/2015:00:34:45 -0500] "GET /galeria/nivo-slider/themes/default/arrows.png HTTP/1.1" 200 824
186.81.109.7 - - [19/May/2015:00:34:45 -0500] "GET /galeria/nivo-slider/themes/default/bullets.png HTTP/1.1" 200 1281
180.76.5.20 - - [19/May/2015:00:34:49 -0500] "GET /BLA/resoluciones/RESOLUCIONES%202010/2182.pdf HTTP/1.1" 200 495239
186.82.84.126 - - [19/May/2015:00:34:53 -0500] "GET /BLA/resoluciones/RESOLUCIONES%202009/6079.pdf HTTP/1.1" 200 551431
66.249.65.96 - - [19/May/2015:00:34:56 -0500] "GET /BLA/resoluciones/RESOLUCIONES%202009/5593.pdf HTTP/1.1" 200 674563
186.82.84.126 - - [19/May/2015:00:34:57 -0500] "GET /BLA/resoluciones/RESOLUCIONES%202009/6079.pdf HTTP/1.1" 200 551431
190.84.185.167 - - [19/May/2015:00:28:59 -0500] "GET /ForestMSG_SDA/channelAsync/template_word_18171230?X-Atmosphere-tracking-id=f5f1aa7f-403b-ea42-c607-41740e53ebac&X-Atmosphere-Framework=1.0.5&X-Atmosphere-Transport=long-polling&tabid=0.3257886196952313&X-Cache-Date=0&Content-Type=application/xml&_=1432013370938 HTTP/1.1" 200 8193
66.249.65.99 - - [19/May/2015:00:35:10 -0500] "GET /BLA/resoluciones/AUTOS%202011/4539.pdf HTTP/1.1" 200 210120
186.81.109.7 - - [19/May/2015:00:35:16 -0500] "GET /BLA/boletinlegal/js/jquery.scrollTo-min.js HTTP/1.1" 304 -
186.81.109.7 - - [19/May/2015:00:35:16 -0500] "GET /galeria/galeria/jquery.fancybox.css?v=2.1.5 HTTP/1.1" 304 -
186.81.109.7 - - [19/May/2015:00:35:16 -0500] "GET /BLA/boletinlegal/js/jquery.scrollShow.js HTTP/1.1" 304 -
186.81.109.7 - - [19/May/2015:00:35:16 -0500] "GET /galeria/galeria/jquery.fancybox.js?v=2.1.5 HTTP/1.1" 304 -
180.76.5.73 - - [19/May/2015:00:35:23 -0500] "GET /BLA/boletinlegal;jsessionid=C1A44B7E27FFEBBD2E02426F2D54E883?/? HTTP/1.1" 404 1018
66.249.65.93 - - [19/May/2015:00:35:24 -0500] "GET /BLA/resoluciones/AUTOS%202011/2921.pdf HTTP/1.1" 200 521108
66.249.65.96 - - [19/May/2015:00:35:37 -0500] "GET /BLA/resoluciones/AUTOS%202011/4529.pdf HTTP/1.1" 200 190734
74.86.158.107 - - [19/May/2015:00:35:41 -0500] "HEAD / HTTP/1.1" 200 -
198.27.82.146 - - [19/May/2015:00:35:40 -0500] "GET /galeria/galeria/fotos/?C=S;O=A HTTP/1.0" 200 37571
66.249.65.96 - - [19/May/2015:00:35:51 -0500] "GET /BLA/resoluciones/AUTOS%202011/7601.pdf HTTP/1.1" 200 1103783
