188.165.15.81 - - [22/May/2015:02:32:38 -0500] "GET /BLA/resoluciones/RESOLUCIONES%202006/RES%202006%202701-2750/00002731.tif HTTP/1.1" 200 95872
66.249.73.155 - - [22/May/2015:02:33:00 -0500] "GET /BLA/resoluciones/RESOLUCIONES%202011/0259.pdf HTTP/1.1" 304 -
180.76.15.157 - - [22/May/2015:02:33:46 -0500] "GET /BLA/boletinlegal;jsessionid=00EC0221A996AA42B42C95E1FAD58BAF?/? HTTP/1.1" 404 1018
180.76.15.26 - - [22/May/2015:02:34:03 -0500] "GET /BLA/resoluciones/AUTOS%202009/0881.pdf HTTP/1.1" 200 67137
180.76.15.139 - - [22/May/2015:02:34:21 -0500] "GET /BLA/boletinlegal;jsessionid=B0B1CBDB36F0CD4B71F79985CC9689EA?/? HTTP/1.1" 404 1018
66.249.73.155 - - [22/May/2015:02:34:35 -0500] "GET /BLA/resoluciones/RESOLUCIONES%202007/RES%202007%201501%20AL%201600/RESOLUCION%201572%20DE%202007.pdf HTTP/1.1" 200 662182
180.76.15.143 - - [22/May/2015:02:34:38 -0500] "GET /BLA/resoluciones/RESOLUCIONES%202007/RES%202007%203901%20AL%204000/RESOLUCION%203956%20DE%202007.pdf HTTP/1.1" 200 374329
180.76.15.141 - - [22/May/2015:02:34:55 -0500] "GET /BLA/resoluciones/AUTOS%202013/2549.pdf HTTP/1.1" 200 601416
180.76.15.28 - - [22/May/2015:02:35:13 -0500] "GET /BLA/resoluciones/RESOLUCIONES%202009/8422.pdf HTTP/1.1" 200 564752
180.76.15.138 - - [22/May/2015:02:35:30 -0500] "GET /BLA/boletinlegal;jsessionid=05C0F2713D5FF1EE8D59BAD09DB1DE6E?/? HTTP/1.1" 404 1018
180.76.15.153 - - [22/May/2015:02:35:47 -0500] "GET /BLA/resoluciones/AUTOS%202012/1799.pdf HTTP/1.1" 200 687022
181.53.15.18 - - [22/May/2015:02:35:55 -0500] "GET /galeria/galeria/jquery.fancybox.css?v=2.1.5 HTTP/1.1" 200 4895
181.53.15.18 - - [22/May/2015:02:35:55 -0500] "GET /BLA/boletinlegal/js/jquery.scrollShow.js HTTP/1.1" 200 4586
181.53.15.18 - - [22/May/2015:02:35:55 -0500] "GET /BLA/boletinlegal/js/jquery.scrollTo-min.js HTTP/1.1" 200 1150
181.53.15.18 - - [22/May/2015:02:35:55 -0500] "GET /galeria/galeria/jquery.fancybox.js?v=2.1.5 HTTP/1.1" 200 48706
181.53.15.18 - - [22/May/2015:02:36:00 -0500] "GET /BLA/boletinlegal/js/jquery.scrollShow.js HTTP/1.1" 304 -
181.53.15.18 - - [22/May/2015:02:36:00 -0500] "GET /galeria/galeria/jquery.fancybox.js?v=2.1.5 HTTP/1.1" 304 -
181.53.15.18 - - [22/May/2015:02:36:00 -0500] "GET /BLA/boletinlegal/js/jquery.scrollTo-min.js HTTP/1.1" 304 -
181.53.15.18 - - [22/May/2015:02:36:00 -0500] "GET /galeria/galeria/jquery.fancybox.css?v=2.1.5 HTTP/1.1" 304 -
180.76.15.142 - - [22/May/2015:02:36:04 -0500] "GET /BLA/resoluciones/AUTOS%202011/0264.pdf HTTP/1.1" 200 154649
180.76.15.148 - - [22/May/2015:02:36:22 -0500] "GET /BLA/resoluciones/AUTOS%202009/1583.pdf HTTP/1.1" 200 124940
66.249.73.155 - - [22/May/2015:02:36:23 -0500] "GET /BLA/resoluciones/RESOLUCIONES%202006/RES%202006%202501-2550/00002509.tif HTTP/1.1" 304 -
74.86.158.107 - - [22/May/2015:02:36:37 -0500] "HEAD / HTTP/1.1" 200 -
180.76.15.154 - - [22/May/2015:02:36:39 -0500] "GET /BLA/boletinlegal/;jsessionid=1684ECE1679E5D9CAB6A256A52F4F842? HTTP/1.1" 404 1018
66.249.73.171 - - [22/May/2015:02:36:56 -0500] "GET /BLA/resoluciones/AUTOS%202012/0153.pdf HTTP/1.1" 304 -
180.76.15.22 - - [22/May/2015:02:36:56 -0500] "GET /BLA/resoluciones/AUTOS%202011/2030.pdf HTTP/1.1" 200 161123
180.76.15.148 - - [22/May/2015:02:37:13 -0500] "GET /BLA/boletinlegal;jsessionid=A65431B004319BE79E001B0EAF2214B2?/? HTTP/1.1" 404 1018
180.76.15.8 - - [22/May/2015:02:37:31 -0500] "GET /BLA/resoluciones/RESOLUCIONES%202007/RES%202007%204301%20AL%204352/RESOLUCION%204320%20DE%202007.pdf HTTP/1.1" 200 758475
180.76.15.151 - - [22/May/2015:02:37:48 -0500] "GET /BLA/resoluciones/AUTOS%202011/1964.pdf HTTP/1.1" 200 148161
180.76.15.144 - - [22/May/2015:02:38:05 -0500] "GET /BLA/boletinlegal;jsessionid=EEF41AB13753244153D1AABFD4B9EC8B?/? HTTP/1.1" 404 1018
180.76.15.153 - - [22/May/2015:02:38:23 -0500] "GET /BLA/resoluciones/AUTOS%202014/3571.pdf HTTP/1.1" 200 2388779
180.76.15.157 - - [22/May/2015:02:38:40 -0500] "GET /BLA/resoluciones/AUTOS%202009/0570.pdf HTTP/1.1" 200 125743
180.76.15.22 - - [22/May/2015:02:38:57 -0500] "GET /BLA/boletinlegal;jsessionid=02EED643E530314D8F4CBCC7296A5593?/? HTTP/1.1" 404 1018
180.76.15.21 - - [22/May/2015:02:39:36 -0500] "GET /BLA/resoluciones/AUTOS%202009/0775.pdf HTTP/1.1" 200 160632
191.100.73.74 - - [22/May/2015:02:39:49 -0500] "-" 408 -
191.100.73.74 - - [22/May/2015:02:39:49 -0500] "-" 408 -
191.100.73.74 - - [22/May/2015:02:39:49 -0500] "-" 408 -
191.100.73.74 - - [22/May/2015:02:39:49 -0500] "-" 408 -
180.76.15.135 - - [22/May/2015:02:40:23 -0500] "GET /BLA/resoluciones/AUTOS%202012/2033.pdf HTTP/1.1" 200 2082915
181.50.165.252 - - [22/May/2015:02:40:40 -0500] "GET /isolucionsda/FrameSetGeneral.asp?Pagina=MagazinHome.asp HTTP/1.1" 200 6578
181.50.165.252 - - [22/May/2015:02:40:40 -0500] "GET /isolucionsda/Encabezado.asp?Pagina=MagazinHome.asp HTTP/1.1" 200 15414
181.50.165.252 - - [22/May/2015:02:40:40 -0500] "GET /isolucionsda/BarraTitulos.asp?Pagina=MagazinHome.asp HTTP/1.1" 200 6972
181.50.165.252 - - [22/May/2015:02:40:40 -0500] "GET /isolucionsda/BarraFavoritos.asp HTTP/1.1" 200 911
181.50.165.252 - - [22/May/2015:02:40:40 -0500] "GET /isolucionsda/Session.asp?Continue=1 HTTP/1.1" 200 6324
181.50.165.252 - - [22/May/2015:02:40:40 -0500] "GET /isolucionsda/MagazinHome.asp?Pagina=MagazinHome.asp HTTP/1.1" 200 27208
181.50.165.252 - - [22/May/2015:02:40:40 -0500] "GET /isolucionsda/g/Bgr_Destacado3399CC.jpg HTTP/1.1" 404 5217
181.50.165.252 - - [22/May/2015:02:40:40 -0500] "GET /isolucionsda/TareasSFRedirect.asp HTTP/1.1" 302 195
180.76.15.16 - - [22/May/2015:02:40:41 -0500] "GET /BLA/resoluciones/AUTOS%202012/2838.pdf HTTP/1.1" 200 370813
181.50.165.252 - - [22/May/2015:02:40:41 -0500] "GET /isolucionsda/g/Bot_AdministradorOver.jpg HTTP/1.1" 200 1630
181.50.165.252 - - [22/May/2015:02:40:40 -0500] "GET /isolucionsda/Login.aspx?TARGET=SFContainerFiltrado.aspx&number=66575453696570674549 HTTP/1.1" 302 886
181.50.165.252 - - [22/May/2015:02:40:41 -0500] "GET /isolucionsda/SFContainerFiltrado.aspx?Number=66575453696570674549 HTTP/1.1" 200 14314
181.50.165.252 - - [22/May/2015:02:40:42 -0500] "GET /isolucionsda/DetalleTareas.aspx?Number=66575453696570674549 HTTP/1.1" 200 5355
181.50.165.252 - - [22/May/2015:02:40:42 -0500] "GET /isolucionsda/infowndpublic.js HTTP/1.1" 404 5199
181.50.165.252 - - [22/May/2015:02:40:42 -0500] "GET /isolucionsda/infowndcore.js HTTP/1.1" 404 5195
181.50.165.252 - - [22/May/2015:02:40:42 -0500] "GET /isolucionsda/auxlib.js HTTP/1.1" 404 5185
181.50.165.252 - - [22/May/2015:02:40:42 -0500] "GET /isolucionsda/g/Bot_GlosarioOver.jpg HTTP/1.1" 200 1948
181.50.165.252 - - [22/May/2015:02:40:43 -0500] "GET /isolucionsda/FrameSetGeneral.asp?Pagina=MagazinHome.asp HTTP/1.1" 200 6578
181.50.165.252 - - [22/May/2015:02:40:43 -0500] "GET /isolucionsda/BarraTitulos.asp?Pagina=MagazinHome.asp HTTP/1.1" 200 6972
181.50.165.252 - - [22/May/2015:02:40:43 -0500] "GET /isolucionsda/Encabezado.asp?Pagina=MagazinHome.asp HTTP/1.1" 200 15431
181.50.165.252 - - [22/May/2015:02:40:43 -0500] "GET /isolucionsda/BarraFavoritos.asp HTTP/1.1" 200 911
181.50.165.252 - - [22/May/2015:02:40:43 -0500] "GET /isolucionsda/Session.asp?Continue=1 HTTP/1.1" 200 6324
181.50.165.252 - - [22/May/2015:02:40:43 -0500] "GET /isolucionsda/MagazinHome.asp?Pagina=MagazinHome.asp HTTP/1.1" 200 27208
181.50.165.252 - - [22/May/2015:02:40:43 -0500] "GET /isolucionsda/TareasSFRedirect.asp HTTP/1.1" 302 195
181.50.165.252 - - [22/May/2015:02:40:43 -0500] "GET /isolucionsda/g/Bgr_Destacado3399CC.jpg HTTP/1.1" 404 5217
181.50.165.252 - - [22/May/2015:02:40:44 -0500] "GET /isolucionsda/Login.aspx?TARGET=SFContainerFiltrado.aspx&number=65695568574970504549 HTTP/1.1" 302 886
181.50.165.252 - - [22/May/2015:02:40:45 -0500] "GET /isolucionsda/SFContainerFiltrado.aspx?Number=65695568574970504549 HTTP/1.1" 200 14314
181.50.165.252 - - [22/May/2015:02:40:45 -0500] "GET /isolucionsda/DetalleTareas.aspx?Number=65695568574970504549 HTTP/1.1" 200 5355
181.50.165.252 - - [22/May/2015:02:40:45 -0500] "GET /isolucionsda/auxlib.js HTTP/1.1" 404 5185
181.50.165.252 - - [22/May/2015:02:40:45 -0500] "GET /isolucionsda/infowndpublic.js HTTP/1.1" 404 5199
181.50.165.252 - - [22/May/2015:02:40:45 -0500] "GET /isolucionsda/infowndcore.js HTTP/1.1" 404 5195
66.249.73.171 - - [22/May/2015:02:40:50 -0500] "GET /BLA/resoluciones/RESOLUCIONES%202007/RES%202007%202701%20AL%202800/RESOLUCION%202767%20DE%202007.pdf HTTP/1.1" 200 688013
66.249.73.171 - - [22/May/2015:02:40:51 -0500] "GET /BLA/resoluciones/RESOLUCIONES%202006/RES%202006%202501-2550/00002534.tif HTTP/1.1" 304 -
66.249.73.155 - - [22/May/2015:02:40:55 -0500] "GET /BLA/resoluciones/RESOLUCIONES%202007/RES%202007%202401%20AL%202500/RESOLUCION%202414%20DE%202007.pdf HTTP/1.1" 200 378420
93.14.75.181 - - [22/May/2015:02:41:05 -0500] "GET /BLA/resoluciones/AUTOS%202013/0944.pdf HTTP/1.1" 200 2007405
93.14.75.181 - - [22/May/2015:02:41:06 -0500] "GET /BLA/resoluciones/AUTOS%202013/0944.pdf HTTP/1.1" 206 32768
93.14.75.181 - - [22/May/2015:02:41:07 -0500] "GET /BLA/resoluciones/AUTOS%202013/0944.pdf HTTP/1.1" 206 1974637
180.76.15.157 - - [22/May/2015:02:41:15 -0500] "GET /BLA/boletinlegal;jsessionid=6872C011D54ADE8F04D2A54810C16271?/? HTTP/1.1" 404 1018
66.249.73.163 - - [22/May/2015:02:41:16 -0500] "GET /BLA/resoluciones/AUTOS%202011/5491.pdf HTTP/1.1" 200 214465
93.14.75.181 - - [22/May/2015:02:41:17 -0500] "GET /favicon.ico HTTP/1.1" 200 7782
66.249.73.155 - - [22/May/2015:02:41:22 -0500] "GET /BLA/resoluciones/AUTOS%202008/2090.pdf HTTP/1.1" 200 180552
180.76.15.17 - - [22/May/2015:02:41:32 -0500] "GET /BLA/resoluciones/RESOLUCIONES%202008/3078.pdf HTTP/1.1" 200 384187
74.86.158.107 - - [22/May/2015:02:41:37 -0500] "HEAD / HTTP/1.1" 200 -
180.76.15.12 - - [22/May/2015:02:41:50 -0500] "GET /BLA/resoluciones/AUTOS%202011/0112.pdf HTTP/1.1" 200 188705
81.88.48.113 - - [22/May/2015:02:41:50 -0500] "GET /wp-admin/ HTTP/1.1" 404 1018
1.120.98.1 - - [22/May/2015:02:41:59 -0500] "GET /webdav/x32.php?host=1.128.97.48&time=300&port=3000 HTTP/1.1" 404 1018
180.76.15.160 - - [22/May/2015:02:42:07 -0500] "GET /BLA/resoluciones/RESOLUCIONES%202008/1648.pdf HTTP/1.1" 200 294500
180.76.15.5 - - [22/May/2015:02:42:24 -0500] "GET /BLA/boletinlegal;jsessionid=9B640B711AE72313BB6912EAE6B62919?/? HTTP/1.1" 404 1018
180.76.15.154 - - [22/May/2015:02:42:41 -0500] "GET /BLA/resoluciones/AUTOS%202011/1308.pdf HTTP/1.1" 200 154791
66.249.73.155 - - [22/May/2015:02:42:43 -0500] "GET /robots.txt HTTP/1.1" 404 1018
66.249.73.155 - - [22/May/2015:02:42:44 -0500] "GET /BLA/resoluciones/AUTOS%202008/2698.pdf HTTP/1.1" 200 107480
186.155.130.58 - - [22/May/2015:02:42:50 -0500] "GET /galeria/galeria/jquery.fancybox.css?v=2.1.5 HTTP/1.1" 200 4895
186.155.130.58 - - [22/May/2015:02:42:50 -0500] "GET /BLA/boletinlegal/js/jquery.scrollTo-min.js HTTP/1.1" 200 1150
186.155.130.58 - - [22/May/2015:02:42:50 -0500] "GET /BLA/boletinlegal/js/jquery.scrollShow.js HTTP/1.1" 200 4586
186.155.130.58 - - [22/May/2015:02:42:50 -0500] "GET /galeria/galeria/jquery.fancybox.js?v=2.1.5 HTTP/1.1" 200 48706
186.155.130.58 - - [22/May/2015:02:42:53 -0500] "GET /BLA/boletinlegal/js/jquery.scrollTo-min.js HTTP/1.1" 304 -
186.155.130.58 - - [22/May/2015:02:42:53 -0500] "GET /BLA/boletinlegal/js/jquery.scrollShow.js HTTP/1.1" 304 -
186.155.130.58 - - [22/May/2015:02:42:53 -0500] "GET /galeria/galeria/jquery.fancybox.js?v=2.1.5 HTTP/1.1" 304 -
186.155.130.58 - - [22/May/2015:02:42:53 -0500] "GET /galeria/galeria/jquery.fancybox.css?v=2.1.5 HTTP/1.1" 304 -
180.76.15.33 - - [22/May/2015:02:42:59 -0500] "GET /BLA/boletinlegal;jsessionid=DE5A61C8A5DFD4F2B2244DA7EA12E6E9?/? HTTP/1.1" 404 1018
180.76.15.149 - - [22/May/2015:02:43:16 -0500] "GET /BLA/boletinlegal;jsessionid=6CA9370B562D51FADE80F91B467A72F6?/? HTTP/1.1" 404 1018
180.76.15.31 - - [22/May/2015:02:43:33 -0500] "GET /BLA/resoluciones/AUTOS%202012/1880.pdf HTTP/1.1" 200 499407
66.249.73.163 - - [22/May/2015:02:43:41 -0500] "GET /BLA/resoluciones/AUTOS%202007/1042.pdf HTTP/1.1" 200 33915
180.76.15.137 - - [22/May/2015:02:43:51 -0500] "GET /BLA/resoluciones/RESOLUCIONES%202007/RES%202007%202001%20AL%202100/RESOLUCION%202008%20DE%202007.pdf HTTP/1.1" 200 804473
186.155.130.58 - - [22/May/2015:02:44:08 -0500] "GET /galeria/galeria/jquery.fancybox.css?v=2.1.5 HTTP/1.1" 304 -
186.155.130.58 - - [22/May/2015:02:44:08 -0500] "GET /BLA/boletinlegal/js/jquery.scrollTo-min.js HTTP/1.1" 304 -
186.155.130.58 - - [22/May/2015:02:44:08 -0500] "GET /BLA/boletinlegal/js/jquery.scrollShow.js HTTP/1.1" 304 -
186.155.130.58 - - [22/May/2015:02:44:08 -0500] "GET /galeria/galeria/jquery.fancybox.js?v=2.1.5 HTTP/1.1" 304 -
180.76.15.6 - - [22/May/2015:02:44:25 -0500] "GET /BLA/resoluciones/AUTOS%202014/1328.pdf HTTP/1.1" 200 1106483
180.76.15.15 - - [22/May/2015:02:44:42 -0500] "GET /BLA/boletinlegal;jsessionid=FFFC839AF014DAA5121BFB95A661CFA6?/? HTTP/1.1" 404 1018
190.156.172.91 - - [22/May/2015:02:45:06 -0500] "GET /galeria/galeria/jquery.fancybox.css?v=2.1.5 HTTP/1.1" 200 4895
190.156.172.91 - - [22/May/2015:02:45:06 -0500] "GET /galeria/galeria/jquery.fancybox.js?v=2.1.5 HTTP/1.1" 200 48706
190.156.172.91 - - [22/May/2015:02:45:06 -0500] "GET /BLA/boletinlegal/js/jquery.scrollTo-min.js HTTP/1.1" 200 1150
190.156.172.91 - - [22/May/2015:02:45:06 -0500] "GET /galeria/carrusel/Carrusel/jquery.thumbnailScroller.css HTTP/1.1" 200 2066
190.156.172.91 - - [22/May/2015:02:45:06 -0500] "GET /BLA/boletinlegal/js/jquery.scrollShow.js HTTP/1.1" 200 4586
190.156.172.91 - - [22/May/2015:02:45:06 -0500] "GET /galeria/carrusel/Carrusel/jquery-ui-1.8.13.custom.min.js HTTP/1.1" 200 10800
190.156.172.91 - - [22/May/2015:02:45:06 -0500] "GET /galeria/carrusel/Carrusel/jquery.thumbnailScroller.js HTTP/1.1" 200 8157
190.156.172.91 - - [22/May/2015:02:45:08 -0500] "GET /galeria/nivo-slider/demo/demo.html HTTP/1.1" 200 4595
190.156.172.91 - - [22/May/2015:02:45:09 -0500] "GET /galeria/nivo-slider/themes/pascal/pascal.css HTTP/1.1" 200 2258
190.156.172.91 - - [22/May/2015:02:45:09 -0500] "GET /galeria/nivo-slider/themes/default/default.css HTTP/1.1" 200 1569
190.156.172.91 - - [22/May/2015:02:45:09 -0500] "GET /galeria/nivo-slider/demo/style.css HTTP/1.1" 200 2222
190.156.172.91 - - [22/May/2015:02:45:09 -0500] "GET /galeria/nivo-slider/nivo-slider.css HTTP/1.1" 200 1507
190.156.172.91 - - [22/May/2015:02:45:09 -0500] "GET /galeria/nivo-slider/themes/orman/orman.css HTTP/1.1" 200 2152
190.156.172.91 - - [22/May/2015:02:45:09 -0500] "GET /galeria/nivo-slider/demo/images/9Signos.jpg HTTP/1.1" 200 81776
190.156.172.91 - - [22/May/2015:02:45:09 -0500] "GET /galeria/nivo-slider/demo/scripts/jquery-1.7.1.min.js HTTP/1.1" 200 93868
190.156.172.91 - - [22/May/2015:02:45:09 -0500] "GET /galeria/nivo-slider/demo/images/Banner-encuesta-de-percepscio.jpg HTTP/1.1" 200 201899
190.156.172.91 - - [22/May/2015:02:45:09 -0500] "GET /galeria/nivo-slider/jquery.nivo.slider.pack.js HTTP/1.1" 200 11561
190.156.172.91 - - [22/May/2015:02:45:09 -0500] "GET /galeria/nivo-slider/demo/images/capacitaciones-de-ecourbanismo.jpg HTTP/1.1" 200 191490
190.156.172.91 - - [22/May/2015:02:45:09 -0500] "GET /galeria/nivo-slider/demo/images/4Simple_Slider.png HTTP/1.1" 200 11722
190.156.172.91 - - [22/May/2015:02:45:09 -0500] "GET /galeria/nivo-slider/themes/default/loading.gif HTTP/1.1" 200 1737
190.156.172.91 - - [22/May/2015:02:45:10 -0500] "GET /galeria/nivo-slider/demo/images/banner-Pacto-por-la-madera.jpg HTTP/1.1" 200 209966
190.156.172.91 - - [22/May/2015:02:45:10 -0500] "GET /galeria/nivo-slider/demo/images/Banner-salud.jpg HTTP/1.1" 200 181685
190.156.172.91 - - [22/May/2015:02:45:11 -0500] "GET /galeria/nivo-slider/demo/images/mailling-acercar-xpress.jpg HTTP/1.1" 200 137233
190.156.172.91 - - [22/May/2015:02:45:11 -0500] "GET /galeria/nivo-slider/demo/images/acuerdo_569.jpg HTTP/1.1" 200 62670
190.156.172.91 - - [22/May/2015:02:45:11 -0500] "GET /galeria/nivo-slider/demo/images/Licitaciones-proyecto-paramo.jpg HTTP/1.1" 200 221877
190.156.172.91 - - [22/May/2015:02:45:11 -0500] "GET /galeria/nivo-slider/demo/images/Banner-decreto1299.jpg HTTP/1.1" 200 182613
190.156.172.91 - - [22/May/2015:02:45:12 -0500] "GET /galeria/nivo-slider/demo/images/Banner-Directorio.jpg HTTP/1.1" 200 182068
190.156.172.91 - - [22/May/2015:02:45:12 -0500] "GET /galeria/nivo-slider/demo/images/Ruta-vertimientos-01.jpg HTTP/1.1" 200 130151
190.156.172.91 - - [22/May/2015:02:45:13 -0500] "GET /galeria/nivo-slider/demo/images/bolsas-06.jpg HTTP/1.1" 200 90982
190.156.172.91 - - [22/May/2015:02:45:13 -0500] "GET /galeria/nivo-slider/demo/images/Conoce-los-humedales.jpg HTTP/1.1" 200 294036
190.156.172.91 - - [22/May/2015:02:45:13 -0500] "GET /galeria/nivo-slider/demo/images/ecolecta-Dic2014.png HTTP/1.1" 200 288593
190.156.172.91 - - [22/May/2015:02:45:14 -0500] "GET /galeria/nivo-slider/demo/images/Banner-Caracol-Africano.jpg HTTP/1.1" 200 331986
190.156.172.91 - - [22/May/2015:02:45:14 -0500] "GET /galeria/nivo-slider/demo/images/banner-llantas2.jpg HTTP/1.1" 200 204644
66.249.73.155 - - [22/May/2015:02:45:17 -0500] "GET /BLA/resoluciones/RESOLUCIONES%202006/RES%202006%202501-2550/00002505.tif HTTP/1.1" 304 -
66.249.73.155 - - [22/May/2015:02:45:30 -0500] "GET /BLA/resoluciones/RESOLUCIONES%202007/RES%202007%201%20AL%20100/RESOLUCION%200007DE%202007.pdf HTTP/1.1" 200 164907
180.76.15.150 - - [22/May/2015:02:45:44 -0500] "GET /BLA/resoluciones/AUTOS%202011/1250.pdf HTTP/1.1" 200 249295
196.15.16.106 - - [22/May/2015:02:45:48 -0500] "GET /BLA/boletinlegal/js/jquery.scrollTo-min.js HTTP/1.1" 200 1150
196.15.16.106 - - [22/May/2015:02:45:48 -0500] "GET /galeria/galeria/jquery.fancybox.js?v=2.1.5 HTTP/1.1" 200 48706
196.15.16.106 - - [22/May/2015:02:45:48 -0500] "GET /galeria/galeria/jquery.fancybox.css?v=2.1.5 HTTP/1.1" 200 4895
196.15.16.106 - - [22/May/2015:02:45:48 -0500] "GET /BLA/boletinlegal/js/jquery.scrollShow.js HTTP/1.1" 200 4586
196.15.16.106 - - [22/May/2015:02:46:00 -0500] "GET /BLA/boletinlegal/js/jquery.scrollTo-min.js HTTP/1.1" 304 -
196.15.16.106 - - [22/May/2015:02:46:00 -0500] "GET /galeria/galeria/jquery.fancybox.js?v=2.1.5 HTTP/1.1" 304 -
196.15.16.106 - - [22/May/2015:02:46:00 -0500] "GET /galeria/galeria/jquery.fancybox.css?v=2.1.5 HTTP/1.1" 304 -
196.15.16.106 - - [22/May/2015:02:46:00 -0500] "GET /BLA/boletinlegal/js/jquery.scrollShow.js HTTP/1.1" 304 -
212.253.51.180 - - [22/May/2015:02:46:17 -0500] "GET /wp-login.php HTTP/1.1" 404 1015
212.253.51.180 - - [22/May/2015:02:46:17 -0500] "GET /administrator/index.php HTTP/1.1" 404 1015
212.253.51.180 - - [22/May/2015:02:46:18 -0500] "GET /admin.php HTTP/1.1" 404 1015
212.253.51.180 - - [22/May/2015:02:46:18 -0500] "GET /bitrix/admin/index.php?lang=en HTTP/1.1" 404 1015
212.253.51.180 - - [22/May/2015:02:46:18 -0500] "GET /admin/login.php HTTP/1.1" 404 1015
212.253.51.180 - - [22/May/2015:02:46:18 -0500] "GET /admin/ HTTP/1.1" 404 1015
212.253.51.180 - - [22/May/2015:02:46:19 -0500] "GET /user/ HTTP/1.1" 404 1015
180.76.15.158 - - [22/May/2015:02:46:34 -0500] "GET /BLA/boletinlegal;jsessionid=BDC5601CF9663CF0F28CCDF3CA6EF7A9?/? HTTP/1.1" 404 1018
74.86.158.107 - - [22/May/2015:02:46:37 -0500] "HEAD / HTTP/1.1" 200 -
66.249.73.171 - - [22/May/2015:02:47:06 -0500] "GET /BLA/resoluciones/AUTOS%202008/1097.pdf HTTP/1.1" 200 91796
181.50.165.252 - - [22/May/2015:02:47:44 -0500] "GET /isolucionsda/FrameSetGeneral.asp?Pagina=Menu.asp&IdModulo=4 HTTP/1.1" 200 6583
181.50.165.252 - - [22/May/2015:02:47:44 -0500] "GET /isolucionsda/BarraTitulos.asp?Pagina=Menu.asp&IdModulo=4 HTTP/1.1" 502 1180
181.50.165.252 - - [22/May/2015:02:47:44 -0500] "GET /isolucionsda/Encabezado.asp?Pagina=Menu.asp&IdModulo=4 HTTP/1.1" 200 15414
181.50.165.252 - - [22/May/2015:02:47:44 -0500] "GET /isolucionsda/Menu.asp?Pagina=Menu.asp&IdModulo=4 HTTP/1.1" 200 9695
181.50.165.252 - - [22/May/2015:02:47:44 -0500] "GET /isolucionsda/BarraFavoritos.asp HTTP/1.1" 200 911
181.50.165.252 - - [22/May/2015:02:47:44 -0500] "GET /isolucionsda/Session.asp?Continue=1 HTTP/1.1" 200 6324
181.50.165.252 - - [22/May/2015:02:47:46 -0500] "GET /isolucionsda/FrameSetGeneral.asp?Pagina=ListadoMaestroDocumentos3.asp HTTP/1.1" 200 6634
181.50.165.252 - - [22/May/2015:02:47:46 -0500] "GET /isolucionsda/Encabezado.asp?Pagina=ListadoMaestroDocumentos3.asp HTTP/1.1" 200 15418
181.50.165.252 - - [22/May/2015:02:47:46 -0500] "GET /isolucionsda/BarraTitulos.asp?Pagina=ListadoMaestroDocumentos3.asp HTTP/1.1" 200 6989
181.50.165.252 - - [22/May/2015:02:47:46 -0500] "GET /isolucionsda/BarraFavoritos.asp HTTP/1.1" 200 911
181.50.165.252 - - [22/May/2015:02:47:46 -0500] "GET /isolucionsda/ListadoMaestroDocumentos3.asp?Pagina=ListadoMaestroDocumentos3.asp HTTP/1.1" 200 11467
181.50.165.252 - - [22/May/2015:02:47:46 -0500] "GET /isolucionsda/Session.asp?Continue=1 HTTP/1.1" 200 6324
66.249.73.163 - - [22/May/2015:02:47:51 -0500] "GET /BLA/resoluciones/AUTOS%202008/0676.pdf HTTP/1.1" 200 105883
181.50.165.252 - - [22/May/2015:02:47:51 -0500] "POST /isolucionsda/ListadoMaestroDocumentos3.asp HTTP/1.1" 200 11485
181.50.165.252 - - [22/May/2015:02:48:00 -0500] "POST /isolucionsda/ListadoMaestroDocumentos3.asp HTTP/1.1" 200 12157
66.249.73.155 - - [22/May/2015:02:48:07 -0500] "GET /BLA/resoluciones/RESOLUCIONES%202007/RES%202007%202701%20AL%202800/RESOLUCION%202791%20DE%202007.pdf HTTP/1.1" 200 640557
181.50.165.252 - - [22/May/2015:02:48:10 -0500] "POST /isolucionsda/ListadoMaestroDocumentos3.asp HTTP/1.1" 200 17288
180.76.15.147 - - [22/May/2015:02:48:12 -0500] "GET /BLA/boletinlegal;jsessionid=65ECB0C8360DCED3A971413E581953DD?/? HTTP/1.1" 404 1018
181.50.165.252 - - [22/May/2015:02:48:18 -0500] "POST /isolucionsda/ListadoMaestroDocumentos3.asp HTTP/1.1" 200 16377
181.50.165.252 - - [22/May/2015:02:48:26 -0500] "POST /isolucionsda/ListadoMaestroDocumentos3.asp?Accion=Consultar&Mande=Buscar&paginaactual=2 HTTP/1.1" 200 16778
180.76.15.29 - - [22/May/2015:02:48:30 -0500] "GET /BLA/boletinlegal;jsessionid=0CCD22C3AAD9C925503B0A7716ABB6E8?/? HTTP/1.1" 404 1018
181.50.165.252 - - [22/May/2015:02:48:34 -0500] "POST /isolucionsda/ListadoMaestroDocumentos3.asp?Accion=Consultar&Mande=Buscar&paginaactual=3 HTTP/1.1" 200 16209
207.46.13.114 - - [22/May/2015:02:48:43 -0500] "GET /robots.txt HTTP/1.1" 404 1018
207.46.13.114 - - [22/May/2015:02:48:43 -0500] "GET /galeria/galeria/jquery.fancybox.js?v=2.1.5 HTTP/1.1" 200 48706
181.50.165.252 - - [22/May/2015:02:48:44 -0500] "POST /isolucionsda/ListadoMaestroDocumentos3.asp?Accion=Consultar&Mande=Buscar&paginaactual=4 HTTP/1.1" 200 12547
180.76.15.155 - - [22/May/2015:02:48:47 -0500] "GET /BLA/resoluciones/RESOLUCIONES%202010/1049.pdf HTTP/1.1" 200 121800
181.50.165.252 - - [22/May/2015:02:48:52 -0500] "POST /isolucionsda/ListadoMaestroDocumentos3.asp HTTP/1.1" 200 11501
181.50.165.252 - - [22/May/2015:02:48:54 -0500] "POST /isolucionsda/ListadoMaestroDocumentos3.asp HTTP/1.1" 200 11501
181.50.165.252 - - [22/May/2015:02:48:58 -0500] "POST /isolucionsda/ListadoMaestroDocumentos3.asp HTTP/1.1" 200 11499
181.50.165.252 - - [22/May/2015:02:49:01 -0500] "GET /isolucionsda/Jerarquia.asp?Tabla=Proceso&Form=Admon&CampoDisplay=ProcesoDisplayObjetoProceso&CampoHidden=Proceso&bSubmit=True&items= HTTP/1.1" 200 10587
181.50.165.252 - - [22/May/2015:02:49:04 -0500] "POST /isolucionsda/Jerarquia.asp HTTP/1.1" 200 8106
181.50.165.252 - - [22/May/2015:02:49:04 -0500] "POST /isolucionsda/ListadoMaestroDocumentos3.asp HTTP/1.1" 200 11567
180.76.15.140 - - [22/May/2015:02:49:04 -0500] "GET /BLA/boletinlegal;jsessionid=9570CBE2979432FA28F650ACA16ADE3F?/? HTTP/1.1" 404 1018
181.50.165.252 - - [22/May/2015:02:49:10 -0500] "GET /isolucionsda/Jerarquia.asp?Tabla=Proceso&Form=Admon&CampoDisplay=ProcesoDisplayObjetoProceso&CampoHidden=Proceso&bSubmit=True&items=10 HTTP/1.1" 200 10591
181.50.165.252 - - [22/May/2015:02:49:13 -0500] "POST /isolucionsda/Jerarquia.asp HTTP/1.1" 200 8110
181.50.165.252 - - [22/May/2015:02:49:13 -0500] "POST /isolucionsda/ListadoMaestroDocumentos3.asp HTTP/1.1" 200 16431
181.50.165.252 - - [22/May/2015:02:49:19 -0500] "POST /isolucionsda/ListadoMaestroDocumentos3.asp?Accion=Consultar&Mande=Buscar&paginaactual=2 HTTP/1.1" 200 16832
180.76.15.33 - - [22/May/2015:02:49:22 -0500] "GET /BLA/resoluciones/RESOLUCIONES%202007/RES%202007%20901%20AL%201000/RESOLUCION%200919%20DE%202007.pdf HTTP/1.1" 200 169789
181.50.165.252 - - [22/May/2015:02:49:28 -0500] "POST /isolucionsda/ListadoMaestroDocumentos3.asp HTTP/1.1" 200 12282
181.50.165.252 - - [22/May/2015:02:49:32 -0500] "GET /isolucionsda/FramesetArticulo.asp?Pagina=bancoconocimiento%2FG%2FGESTIONDELTALENTOHUMANO%5Fv6%2FGESTIONDELTALENTOHUMANO%5Fv6%2Easp&IdArticulo=6569 HTTP/1.1" 200 7293
181.50.165.252 - - [22/May/2015:02:49:32 -0500] "GET /isolucionsda/Arriba.asp?Pagina=bancoconocimiento%2FG%2FGESTIONDELTALENTOHUMANO%5Fv6%2FGESTIONDELTALENTOHUMANO%5Fv6%2Easp&IdArticulo=6569 HTTP/1.1" 200 10547
181.50.165.252 - - [22/May/2015:02:49:32 -0500] "GET /isolucionsda/bancoconocimiento/G/GESTIONDELTALENTOHUMANO_v6/GESTIONDELTALENTOHUMANO_v6.asp?IdArticulo=6569 HTTP/1.1" 200 74608
180.76.15.148 - - [22/May/2015:02:49:39 -0500] "GET /BLA/resoluciones/AUTOS%202009/1903.pdf HTTP/1.1" 200 421651
66.249.73.171 - - [22/May/2015:02:49:40 -0500] "GET /BLA/resoluciones/RESOLUCIONES%202010/0319.pdf HTTP/1.1" 304 -
66.249.73.171 - - [22/May/2015:02:49:43 -0500] "GET /BLA/resoluciones/RESOLUCIONES%202006/RES%202006%202501-2550/00002525.tif HTTP/1.1" 304 -
181.61.113.95 - - [22/May/2015:02:49:45 -0500] "GET /galeria/galeria/jquery.fancybox.js?v=2.1.5 HTTP/1.1" 304 -
181.61.113.95 - - [22/May/2015:02:49:45 -0500] "GET /galeria/galeria/jquery.fancybox.css?v=2.1.5 HTTP/1.1" 304 -
181.61.113.95 - - [22/May/2015:02:49:51 -0500] "GET /galeria/galeria/jquery.fancybox.css?v=2.1.5 HTTP/1.1" 304 -
181.61.113.95 - - [22/May/2015:02:49:51 -0500] "GET /galeria/galeria/jquery.fancybox.js?v=2.1.5 HTTP/1.1" 304 -
180.76.15.152 - - [22/May/2015:02:49:56 -0500] "GET /BLA/boletinlegal;jsessionid=9552E9FF9B924096596E83B99DCD3FB8?/? HTTP/1.1" 404 1018
181.61.113.95 - - [22/May/2015:02:49:59 -0500] "GET /galeria/galeria/jquery.fancybox.js?v=2.1.5 HTTP/1.1" 304 -
181.61.113.95 - - [22/May/2015:02:49:59 -0500] "GET /galeria/galeria/jquery.fancybox.css?v=2.1.5 HTTP/1.1" 304 -
66.249.73.155 - - [22/May/2015:02:50:04 -0500] "GET /BLA/resoluciones/AUTOS%202013/1761.pdf HTTP/1.1" 200 195142
180.76.15.152 - - [22/May/2015:02:50:31 -0500] "GET /BLA/resoluciones/AUTOS%202009/2812.pdf HTTP/1.1" 200 93640
180.76.15.7 - - [22/May/2015:02:50:48 -0500] "GET /BLA/resoluciones/AUTOS%202010/5502.pdf HTTP/1.1" 200 209389
81.88.48.113 - - [22/May/2015:02:50:59 -0500] "GET /test/wp-admin/ HTTP/1.1" 404 1018
180.76.15.30 - - [22/May/2015:02:51:05 -0500] "GET /BLA/resoluciones/AUTOS%202013/3173.pdf HTTP/1.1" 200 666989
74.86.158.107 - - [22/May/2015:02:51:37 -0500] "HEAD / HTTP/1.1" 200 -
180.76.15.9 - - [22/May/2015:02:51:40 -0500] "GET /BLA/resoluciones/RESOLUCIONES%202008/5720.pdf HTTP/1.1" 200 252376
181.61.113.95 - - [22/May/2015:02:51:41 -0500] "GET /galeria/galeria/jquery.fancybox.css?v=2.1.5 HTTP/1.1" 304 -
181.61.113.95 - - [22/May/2015:02:51:41 -0500] "GET /galeria/galeria/jquery.fancybox.js?v=2.1.5 HTTP/1.1" 304 -
180.76.15.160 - - [22/May/2015:02:51:57 -0500] "GET /BLA/resoluciones/RESOLUCIONES%202008/3308.pdf HTTP/1.1" 200 231698
181.61.113.95 - - [22/May/2015:02:51:58 -0500] "GET /galeria/galeria/jquery.fancybox.js?v=2.1.5 HTTP/1.1" 304 -
181.61.113.95 - - [22/May/2015:02:51:58 -0500] "GET /galeria/galeria/jquery.fancybox.css?v=2.1.5 HTTP/1.1" 304 -
66.249.73.163 - - [22/May/2015:02:52:07 -0500] "GET /BLA/resoluciones/AUTOS%202007/0825.pdf HTTP/1.1" 200 110598
66.249.73.163 - - [22/May/2015:02:52:19 -0500] "GET /BLA/resoluciones/AUTOS%202006/AUTOS%202006%20601-700/00000639.tif HTTP/1.1" 200 58754
66.249.73.171 - - [22/May/2015:02:52:28 -0500] "GET /BLA/resoluciones/AUTOS%202008/1823.pdf HTTP/1.1" 200 209863
190.158.187.108 - - [22/May/2015:02:52:31 -0500] "GET /BLA/resoluciones/RESOLUCIONES%202009/3253.pdf HTTP/1.1" 200 1068783
190.158.187.108 - - [22/May/2015:02:52:32 -0500] "GET /favicon.ico HTTP/1.1" 200 7782
190.158.187.108 - - [22/May/2015:02:52:35 -0500] "GET /BLA/resoluciones/RESOLUCIONES%202009/3253.pdf HTTP/1.1" 206 32768
190.158.187.108 - - [22/May/2015:02:52:35 -0500] "GET /BLA/resoluciones/RESOLUCIONES%202009/3253.pdf HTTP/1.1" 206 1036015
66.249.73.155 - - [22/May/2015:02:52:47 -0500] "GET /BLA/resoluciones/AUTOS%202008/0097.pdf HTTP/1.1" 200 221227
66.249.73.163 - - [22/May/2015:02:53:10 -0500] "GET /BLA/resoluciones/RESOLUCIONES%202010/2892.pdf HTTP/1.1" 200 543192
66.249.73.163 - - [22/May/2015:02:53:11 -0500] "GET /BLA/resoluciones/AUTOS%202013/1388.pdf HTTP/1.1" 200 420477
180.76.15.148 - - [22/May/2015:02:53:18 -0500] "GET /BLA/boletinlegal;jsessionid=D8CBABA389005644DCAF0BE3C975EDB5?/? HTTP/1.1" 404 1018
66.249.73.155 - - [22/May/2015:02:54:02 -0500] "GET /BLA/resoluciones/RESOLUCIONES%202006/RES%202006%202501-2550/00002504.tif HTTP/1.1" 304 -
186.80.17.81 - - [22/May/2015:02:54:08 -0500] "GET /BLA/boletinlegal/js/jquery.scrollTo-min.js HTTP/1.1" 200 1150
186.80.17.81 - - [22/May/2015:02:54:08 -0500] "GET /galeria/galeria/jquery.fancybox.js?v=2.1.5 HTTP/1.1" 200 48706
186.80.17.81 - - [22/May/2015:02:54:08 -0500] "GET /galeria/galeria/jquery.fancybox.css?v=2.1.5 HTTP/1.1" 200 4895
186.80.17.81 - - [22/May/2015:02:54:08 -0500] "GET /BLA/boletinlegal/js/jquery.scrollShow.js HTTP/1.1" 200 4586
180.76.15.15 - - [22/May/2015:02:54:11 -0500] "GET /BLA/resoluciones/AUTOS%202009/6562.pdf HTTP/1.1" 200 214760
186.80.17.81 - - [22/May/2015:02:54:12 -0500] "GET /BLA/boletinlegal/js/jquery.scrollTo-min.js HTTP/1.1" 200 1150
186.80.17.81 - - [22/May/2015:02:54:12 -0500] "GET /galeria/galeria/jquery.fancybox.js?v=2.1.5 HTTP/1.1" 200 48706
186.80.17.81 - - [22/May/2015:02:54:12 -0500] "GET /BLA/boletinlegal/js/jquery.scrollShow.js HTTP/1.1" 200 4586
186.80.17.81 - - [22/May/2015:02:54:12 -0500] "GET /galeria/galeria/jquery.fancybox.css?v=2.1.5 HTTP/1.1" 200 4895
66.249.73.163 - - [22/May/2015:02:54:20 -0500] "GET /BLA/resoluciones/RESOLUCIONES%202011/4546.pdf HTTP/1.1" 200 1007213
180.76.15.11 - - [22/May/2015:02:54:46 -0500] "GET /BLA/resoluciones/AUTOS%202009/3270.pdf HTTP/1.1" 200 117490
66.249.73.163 - - [22/May/2015:02:55:19 -0500] "GET /BLA/resoluciones/RESOLUCIONES%202007/RES%202007%202801%20AL%202900/RESOLUCION%202849%20DE%202007.pdf HTTP/1.1" 200 333870
180.76.15.30 - - [22/May/2015:02:55:20 -0500] "GET /BLA/resoluciones/AUTOS%202011/1769.pdf HTTP/1.1" 200 263862
66.249.73.155 - - [22/May/2015:02:55:31 -0500] "GET /BLA/resoluciones/RESOLUCIONES%202010/5239.pdf HTTP/1.1" 200 765315
66.249.73.155 - - [22/May/2015:02:56:01 -0500] "GET /BLA/resoluciones/AUTOS%202008/3285.pdf HTTP/1.1" 200 64591
180.76.15.34 - - [22/May/2015:02:56:28 -0500] "GET /BLA/resoluciones/RESOLUCIONES%202008/0217.pdf HTTP/1.1" 200 500385
157.55.39.34 - - [22/May/2015:02:56:35 -0500] "GET /BLA/boletinlegal/js/jquery.scrollShow.js HTTP/1.1" 200 4586
74.86.158.107 - - [22/May/2015:02:56:37 -0500] "HEAD / HTTP/1.1" 200 -
66.249.73.171 - - [22/May/2015:02:56:45 -0500] "GET /BLA/resoluciones/AUTOS%202013/1626.pdf HTTP/1.1" 200 1399740
180.76.15.6 - - [22/May/2015:02:56:46 -0500] "GET /BLA/boletinlegal;jsessionid=E10D49B90BBAA467926138B52A15223D?/? HTTP/1.1" 404 1018
66.249.73.155 - - [22/May/2015:02:57:01 -0500] "GET /BLA/resoluciones/RESOLUCIONES%202010/3901.pdf HTTP/1.1" 200 461318
180.76.15.136 - - [22/May/2015:02:57:03 -0500] "GET /BLA/resoluciones/AUTOS%202011/0200.pdf HTTP/1.1" 200 180243
66.249.73.163 - - [22/May/2015:02:57:06 -0500] "GET /BLA/resoluciones/AUTOS%202008/1925.pdf HTTP/1.1" 200 127477
180.76.15.27 - - [22/May/2015:02:57:20 -0500] "GET /BLA/resoluciones/AUTOS%202012/2648.pdf HTTP/1.1" 200 219322
66.249.73.155 - - [22/May/2015:02:57:27 -0500] "GET /BLA/resoluciones/AUTOS%202007/3133.pdf HTTP/1.1" 200 200804
66.249.73.155 - - [22/May/2015:02:57:30 -0500] "GET /BLA/resoluciones/RESOLUCIONES%202011/5794.pdf HTTP/1.1" 304 -
88.198.233.69 - - [22/May/2015:02:57:32 -0500] "GET / HTTP/1.1" 200 10190
180.76.15.153 - - [22/May/2015:02:57:37 -0500] "GET /BLA/resoluciones/AUTOS%202009/2831.pdf HTTP/1.1" 200 95957
180.76.15.155 - - [22/May/2015:02:57:55 -0500] "GET /BLA/boletinlegal;jsessionid=93B41537838ADBD8B18543ED29CDC236?/? HTTP/1.1" 404 1018
180.76.15.139 - - [22/May/2015:02:58:12 -0500] "GET /BLA/resoluciones/AUTOS%202010/2905.pdf HTTP/1.1" 200 741488
66.249.73.163 - - [22/May/2015:02:58:36 -0500] "GET /BLA/resoluciones/RESOLUCIONES%202006/RES%202006%202501-2550/00002517.tif HTTP/1.1" 304 -
180.76.15.21 - - [22/May/2015:02:59:07 -0500] "GET /BLA/resoluciones/AUTOS%202012/2566.pdf HTTP/1.1" 200 505067
180.76.15.142 - - [22/May/2015:02:59:24 -0500] "GET /BLA/resoluciones/AUTOS%202013/2689.pdf HTTP/1.1" 200 3765604
180.76.15.151 - - [22/May/2015:02:59:42 -0500] "GET /BLA/resoluciones/AUTOS%202011/0984.pdf HTTP/1.1" 200 349601
157.55.39.223 - - [22/May/2015:02:59:46 -0500] "GET /POT-2013/Cartografia/01_Clasificacion_Rural_V1_2013.pdf HTTP/1.1" 200 2522282
81.88.48.113 - - [22/May/2015:02:59:58 -0500] "GET /wordpress/wp-admin/ HTTP/1.1" 404 1018
180.76.15.156 - - [22/May/2015:03:00:00 -0500] "GET /BLA/boletinlegal;jsessionid=90E4E35C0FBED3CF6D6EC32AC5C2D32C?/? HTTP/1.1" 404 1018
180.76.15.19 - - [22/May/2015:03:00:16 -0500] "GET /BLA/resoluciones/AUTOS%202009/0330.pdf HTTP/1.1" 200 121952
180.76.15.153 - - [22/May/2015:03:00:34 -0500] "GET /BLA/boletinlegal;jsessionid=4EFD2F6B856D8161C9574B7BA8069F28?/? HTTP/1.1" 404 1018
180.76.15.139 - - [22/May/2015:03:00:51 -0500] "GET /BLA/resoluciones/AUTOS%202013/0979.pdf HTTP/1.1" 200 1840507
180.76.15.27 - - [22/May/2015:03:01:08 -0500] "GET /BLA/resoluciones/AUTOS%202009/1593.pdf HTTP/1.1" 200 125078
180.76.15.18 - - [22/May/2015:03:01:26 -0500] "GET /BLA/resoluciones/RESOLUCIONES%202007/RES%202007%201601%20AL%201725/RESOLUCION%201617%20DE%202007.pdf HTTP/1.1" 200 450798
74.86.158.107 - - [22/May/2015:03:01:37 -0500] "HEAD / HTTP/1.1" 200 -
66.249.73.155 - - [22/May/2015:03:01:39 -0500] "GET /BLA/resoluciones/RESOLUCIONES%202008/0890.pdf HTTP/1.1" 200 426778
180.76.15.9 - - [22/May/2015:03:01:43 -0500] "GET /BLA/boletinlegal;jsessionid=581E78BE58EA47849DCF2A4E9D6668D6?/? HTTP/1.1" 404 1018
66.249.73.163 - - [22/May/2015:03:01:59 -0500] "GET /BLA/resoluciones/AUTOS%202012/2170.pdf HTTP/1.1" 304 -
180.76.15.13 - - [22/May/2015:03:02:00 -0500] "GET /BLA/boletinlegal;jsessionid=AEC58986E5CCB23DA0AD8569B8BEF054?/? HTTP/1.1" 404 1018
180.76.15.13 - - [22/May/2015:03:02:17 -0500] "GET /BLA/resoluciones/AUTOS%202009/2602.pdf HTTP/1.1" 200 104111
66.249.65.240 - - [22/May/2015:03:02:19 -0500] "GET /BLA/boletinlegal/actas/acta%20de%20acuerdo%2002%20adop%20regla%20inter%20mesa%20salud%20ambie.pdf HTTP/1.1" 200 479782
180.76.15.154 - - [22/May/2015:03:02:35 -0500] "GET /BLA/resoluciones/AUTOS%202013/0803.pdf HTTP/1.1" 200 2057686
66.249.73.155 - - [22/May/2015:03:02:51 -0500] "GET /BLA/resoluciones/RESOLUCIONES%202006/RES%202006%202501-2550/00002511.tif HTTP/1.1" 304 -
180.76.15.24 - - [22/May/2015:03:03:29 -0500] "GET /BLA/resoluciones/AUTOS%202010/5617.pdf HTTP/1.1" 200 413816
180.76.15.150 - - [22/May/2015:03:03:46 -0500] "GET /BLA/resoluciones/RESOLUCIONES%202009/1863.pdf HTTP/1.1" 200 408695
186.113.10.143 - - [22/May/2015:03:04:19 -0500] "GET /galeria/nivo-slider/demo/images/dia-del-rio-bogota.jpg HTTP/1.1" 304 -
180.76.15.146 - - [22/May/2015:03:04:29 -0500] "GET /BLA/resoluciones/AUTOS%202009/0863.pdf HTTP/1.1" 200 67503
180.76.15.26 - - [22/May/2015:03:04:46 -0500] "GET /BLA/resoluciones/AUTOS%202009/0313.pdf HTTP/1.1" 200 79786
180.76.15.7 - - [22/May/2015:03:05:21 -0500] "GET /BLA/resoluciones/RESOLUCIONES%202008/1986.pdf HTTP/1.1" 200 517750
180.76.15.134 - - [22/May/2015:03:05:38 -0500] "GET /BLA/boletinlegal;jsessionid=FB095419DE7A838F6B65B8CB79564782?/? HTTP/1.1" 404 1018
180.76.15.28 - - [22/May/2015:03:05:55 -0500] "GET /BLA/resoluciones/RESOLUCIONES%202008/2134.pdf HTTP/1.1" 200 565773
180.76.15.21 - - [22/May/2015:03:06:13 -0500] "GET /BLA/boletinlegal;jsessionid=A140523D0DA0D0190BD77B169E5F8370?/? HTTP/1.1" 404 1018
180.76.15.32 - - [22/May/2015:03:06:30 -0500] "GET /BLA/resoluciones/AUTOS%202012/2880.pdf HTTP/1.1" 200 373005
74.86.158.107 - - [22/May/2015:03:06:37 -0500] "HEAD / HTTP/1.1" 200 -
180.76.15.23 - - [22/May/2015:03:06:47 -0500] "GET /BLA/resoluciones/AUTOS%202011/2027.pdf HTTP/1.1" 200 162475
180.76.15.157 - - [22/May/2015:03:07:05 -0500] "GET /BLA/resoluciones/RESOLUCIONES%202007/RES%202007%203501%20AL%203600/RESOLUCION%203600%20DE%202007.pdf HTTP/1.1" 200 527282
66.249.65.247 - - [22/May/2015:03:07:06 -0500] "GET /Autoliquidacion/Plan%20de%20manejo%20ambiental%20para%20sitios%20de%20aprovechamiento%20y%20o%20disposicion%20final%20de%20escombros/Aplicativo%20SCASP%20Actualizado%202014+.xlsx HTTP/1.1" 404 1019
180.76.15.21 - - [22/May/2015:03:07:22 -0500] "GET /BLA/boletinlegal;jsessionid=5DCA74AFF755BFB4DBCE9F0E94F488F8?/? HTTP/1.1" 404 1018
66.249.73.163 - - [22/May/2015:03:07:30 -0500] "GET /BLA/resoluciones/RESOLUCIONES%202006/RES%202006%202501-2550/00002528.tif HTTP/1.1" 304 -
66.249.73.171 - - [22/May/2015:03:07:31 -0500] "GET /BLA/resoluciones/AUTOS%202006/AUTOS%202006%20701-800/00000714.tif HTTP/1.1" 200 43526
180.76.15.31 - - [22/May/2015:03:07:39 -0500] "GET /BLA/resoluciones/AUTOS%202010/6586.pdf HTTP/1.1" 200 203684
180.76.15.9 - - [22/May/2015:03:07:56 -0500] "GET /BLA/resoluciones/AUTOS%202009/0618.pdf HTTP/1.1" 200 74286
180.76.15.140 - - [22/May/2015:03:08:14 -0500] "GET /BLA/resoluciones/AUTOS%202012/0936.pdf HTTP/1.1" 200 383662
66.249.73.155 - - [22/May/2015:03:08:21 -0500] "GET /BLA/resoluciones/RESOLUCIONES%202008/2368.pdf HTTP/1.1" 200 341541
180.76.15.145 - - [22/May/2015:03:08:31 -0500] "GET /BLA/resoluciones/AUTOS%202009/1563.pdf HTTP/1.1" 200 120605
179.33.125.90 - - [22/May/2015:03:08:31 -0500] "GET /galeria/galeria/jquery.fancybox.js?v=2.1.5 HTTP/1.1" 200 48706
179.33.125.90 - - [22/May/2015:03:08:31 -0500] "GET /galeria/galeria/jquery.fancybox.css?v=2.1.5 HTTP/1.1" 200 4895
179.33.125.90 - - [22/May/2015:03:08:31 -0500] "GET /BLA/boletinlegal/js/jquery.scrollTo-min.js HTTP/1.1" 200 1150
179.33.125.90 - - [22/May/2015:03:08:31 -0500] "GET /BLA/boletinlegal/js/jquery.scrollShow.js HTTP/1.1" 200 4586
179.33.125.90 - - [22/May/2015:03:08:47 -0500] "GET /BLA/boletinlegal/js/jquery.scrollTo-min.js HTTP/1.1" 304 -
179.33.125.90 - - [22/May/2015:03:08:47 -0500] "GET /galeria/galeria/jquery.fancybox.css?v=2.1.5 HTTP/1.1" 304 -
179.33.125.90 - - [22/May/2015:03:08:47 -0500] "GET /BLA/boletinlegal/js/jquery.scrollShow.js HTTP/1.1" 304 -
179.33.125.90 - - [22/May/2015:03:08:47 -0500] "GET /galeria/galeria/jquery.fancybox.js?v=2.1.5 HTTP/1.1" 304 -
180.76.15.140 - - [22/May/2015:03:08:48 -0500] "GET /BLA/boletinlegal;jsessionid=1ED2E3ADE7E27CE2E48D07F437689CEA?/? HTTP/1.1" 404 1018
181.128.238.2 - - [22/May/2015:03:08:54 -0500] "GET /BLA/boletinlegal/js/jquery.scrollShow.js HTTP/1.1" 200 4586
181.128.238.2 - - [22/May/2015:03:08:54 -0500] "GET /BLA/boletinlegal/js/jquery.scrollTo-min.js HTTP/1.1" 200 1150
181.128.238.2 - - [22/May/2015:03:08:54 -0500] "GET /galeria/galeria/jquery.fancybox.js?v=2.1.5 HTTP/1.1" 200 48706
181.128.238.2 - - [22/May/2015:03:08:55 -0500] "GET /galeria/galeria/jquery.fancybox.css?v=2.1.5 HTTP/1.1" 200 4895
81.88.48.113 - - [22/May/2015:03:08:59 -0500] "GET /blog/wp-admin/ HTTP/1.1" 404 1018
180.76.15.16 - - [22/May/2015:03:09:23 -0500] "GET /BLA/resoluciones/AUTOS%202009/0324.pdf HTTP/1.1" 200 127812
190.26.187.161 - - [22/May/2015:03:09:31 -0500] "GET /galeria/galeria/jquery.fancybox.js?v=2.1.5 HTTP/1.1" 200 48706
190.26.187.161 - - [22/May/2015:03:09:31 -0500] "GET /BLA/boletinlegal/js/jquery.scrollShow.js HTTP/1.1" 200 4586
190.26.187.161 - - [22/May/2015:03:09:31 -0500] "GET /galeria/galeria/jquery.fancybox.css?v=2.1.5 HTTP/1.1" 200 4895
190.26.187.161 - - [22/May/2015:03:09:32 -0500] "GET /BLA/boletinlegal/js/jquery.scrollTo-min.js HTTP/1.1" 200 1150
181.128.238.2 - - [22/May/2015:03:09:38 -0500] "GET /galeria/galeria/jquery.fancybox.css?v=2.1.5 HTTP/1.1" 304 -
181.128.238.2 - - [22/May/2015:03:09:38 -0500] "GET /galeria/galeria/jquery.fancybox.js?v=2.1.5 HTTP/1.1" 304 -
181.128.238.2 - - [22/May/2015:03:09:38 -0500] "GET /BLA/boletinlegal/js/jquery.scrollTo-min.js HTTP/1.1" 304 -
181.128.238.2 - - [22/May/2015:03:09:38 -0500] "GET /BLA/boletinlegal/js/jquery.scrollShow.js HTTP/1.1" 304 -
180.76.15.140 - - [22/May/2015:03:09:40 -0500] "GET /BLA/resoluciones/RESOLUCIONES%202007/RES%202007%202001%20AL%202100/RESOLUCION%202092%20DE%202007.pdf HTTP/1.1" 200 335002
180.76.15.9 - - [22/May/2015:03:10:15 -0500] "GET /BLA/boletinlegal;jsessionid=390FCE464051EC16E85A0088751E3C61?/? HTTP/1.1" 404 1018
180.76.15.156 - - [22/May/2015:03:10:50 -0500] "GET /BLA/resoluciones/RESOLUCIONES%202010/1290.pdf HTTP/1.1" 200 112846
180.76.15.33 - - [22/May/2015:03:11:07 -0500] "GET /BLA/resoluciones/RESOLUCIONES%202007/RES%202007%201726%20AL%201800/RESOLUCION%201730%20DE%202007.pdf HTTP/1.1" 200 1197478
74.86.158.107 - - [22/May/2015:03:11:37 -0500] "HEAD / HTTP/1.1" 200 -
180.76.15.152 - - [22/May/2015:03:11:42 -0500] "GET /BLA/boletinlegal;jsessionid=1BDA5D70EE65C17461DF05CE0D3604E4?/? HTTP/1.1" 404 1018
66.249.73.171 - - [22/May/2015:03:11:56 -0500] "GET /BLA/resoluciones/RESOLUCIONES%202006/RES%202006%202501-2550/00002531.tif HTTP/1.1" 304 -
180.76.15.140 - - [22/May/2015:03:11:59 -0500] "GET /BLA/resoluciones/RESOLUCIONES%202009/7639.pdf HTTP/1.1" 200 185468
66.249.65.233 - - [22/May/2015:03:12:16 -0500] "GET /BLA/boletinlegal/jurisprudencia/analisis/Analisis%20jurisprudencial%20Sentencia%20C-366-11.doc HTTP/1.1" 304 -
180.76.15.134 - - [22/May/2015:03:12:34 -0500] "GET /BLA/boletinlegal;jsessionid=967363793B43DB3BE1EEFF5C2E3C193A?/? HTTP/1.1" 404 1018
180.76.15.33 - - [22/May/2015:03:12:51 -0500] "GET /BLA/resoluciones/RESOLUCIONES%202008/5315.pdf HTTP/1.1" 200 214068
82.176.129.197 - - [22/May/2015:03:13:07 -0500] "GET /BLA/boletinlegal/js/jquery.scrollTo-min.js HTTP/1.1" 200 1150
82.176.129.197 - - [22/May/2015:03:13:07 -0500] "GET /BLA/boletinlegal/js/jquery.scrollShow.js HTTP/1.1" 200 4586
82.176.129.197 - - [22/May/2015:03:13:07 -0500] "GET /galeria/galeria/jquery.fancybox.js?v=2.1.5 HTTP/1.1" 200 48706
82.176.129.197 - - [22/May/2015:03:13:07 -0500] "GET /galeria/galeria/jquery.fancybox.css?v=2.1.5 HTTP/1.1" 200 4895
180.76.15.24 - - [22/May/2015:03:13:08 -0500] "GET /BLA/resoluciones/AUTOS%202013/2135.pdf HTTP/1.1" 200 390778
180.76.15.134 - - [22/May/2015:03:13:26 -0500] "GET /BLA/resoluciones/AUTOS%202012/1184.pdf HTTP/1.1" 200 153534
199.195.118.53 - - [22/May/2015:03:13:30 -0500] "GET / HTTP/1.1" 200 10190
180.76.15.29 - - [22/May/2015:03:13:43 -0500] "GET /BLA/resoluciones/AUTOS%202014/2659.pdf HTTP/1.1" 200 337127
180.76.15.158 - - [22/May/2015:03:14:00 -0500] "GET /BLA/resoluciones/AUTOS%202009/1654.pdf HTTP/1.1" 200 96820
123.125.71.55 - - [22/May/2015:03:14:22 -0500] "GET / HTTP/1.1" 200 10190
180.76.15.143 - - [22/May/2015:03:14:35 -0500] "GET /BLA/boletinlegal;jsessionid=3E7648BF9A6328C7EC7238257B73F935?/? HTTP/1.1" 404 1018
180.76.15.163 - - [22/May/2015:03:14:52 -0500] "GET /BLA/resoluciones/AUTOS%202009/2835.pdf HTTP/1.1" 200 125136
66.249.73.163 - - [22/May/2015:03:15:05 -0500] "GET /BLA/resoluciones/RESOLUCIONES%202009/9117.pdf HTTP/1.1" 200 494861
180.76.15.23 - - [22/May/2015:03:15:09 -0500] "GET /BLA/boletinlegal;jsessionid=D0CAE764CBED5D4F4FDF2E0F82BD8BF1?/? HTTP/1.1" 404 1018
180.76.15.26 - - [22/May/2015:03:15:27 -0500] "GET /BLA/resoluciones/RESOLUCIONES%202007/RES%202007%203801%20AL%203900/RESOLUCION%203813%20%20DE%202007.pdf HTTP/1.1" 200 786796
180.76.15.140 - - [22/May/2015:03:15:44 -0500] "GET /BLA/boletinlegal;jsessionid=8CE4C40B83A05D5E32403C804529B43A?/? HTTP/1.1" 404 1018
180.76.15.134 - - [22/May/2015:03:16:01 -0500] "GET /BLA/boletinlegal;jsessionid=22342401EF174BE8A21922355F1BCADD?/? HTTP/1.1" 404 1018
180.76.15.154 - - [22/May/2015:03:16:18 -0500] "GET /BLA/resoluciones/AUTOS%202009/0860.pdf HTTP/1.1" 200 68943
66.249.73.163 - - [22/May/2015:03:16:23 -0500] "GET /BLA/resoluciones/RESOLUCIONES%202006/RES%202006%202501-2550/00002503.tif HTTP/1.1" 304 -
180.76.15.6 - - [22/May/2015:03:16:36 -0500] "GET /BLA/resoluciones/AUTOS%202009/2010.pdf HTTP/1.1" 200 100726
74.86.158.107 - - [22/May/2015:03:16:37 -0500] "HEAD / HTTP/1.1" 200 -
180.76.15.139 - - [22/May/2015:03:16:53 -0500] "GET /BLA/resoluciones/RESOLUCIONES%202013/1658.pdf HTTP/1.1" 200 1243294
180.76.15.147 - - [22/May/2015:03:17:10 -0500] "GET /BLA/resoluciones/AUTOS%202009/1419.pdf HTTP/1.1" 200 94496
180.76.15.158 - - [22/May/2015:03:17:28 -0500] "GET /BLA/resoluciones/AUTOS%202009/2695.pdf HTTP/1.1" 200 79250
66.249.65.240 - - [22/May/2015:03:17:30 -0500] "GET /BLA/ HTTP/1.1" 200 538
180.76.15.142 - - [22/May/2015:03:17:45 -0500] "GET /BLA/boletinlegal;jsessionid=73EEB958C25992B53014E62498E4016F?/? HTTP/1.1" 404 1018
81.88.48.113 - - [22/May/2015:03:18:01 -0500] "GET /wp/wp-admin/ HTTP/1.1" 404 1018
180.76.15.26 - - [22/May/2015:03:18:02 -0500] "GET /BLA/resoluciones/RESOLUCIONES%202008/3040.pdf HTTP/1.1" 200 225311
180.76.15.163 - - [22/May/2015:03:18:19 -0500] "GET /BLA/resoluciones/AUTOS%202010/2289.pdf HTTP/1.1" 200 575280
180.76.15.160 - - [22/May/2015:03:18:37 -0500] "GET /BLA/resoluciones/RESOLUCIONES%202007/RES%202007%202601%20AL%202700/RESOLUCION%202604%20DE%202007.pdf HTTP/1.1" 200 238141
180.76.15.144 - - [22/May/2015:03:19:11 -0500] "GET /BLA/resoluciones/AUTOS%202010/5610.pdf HTTP/1.1" 200 425862
180.76.15.12 - - [22/May/2015:03:19:29 -0500] "GET /BLA/resoluciones/AUTOS%202011/0150.pdf HTTP/1.1" 200 150153
180.76.15.137 - - [22/May/2015:03:19:46 -0500] "GET /BLA/resoluciones/AUTOS%202011/1348.pdf HTTP/1.1" 200 212933
69.164.111.198 - - [22/May/2015:03:20:20 -0500] "GET /galeria/nivo-slider/demo/demo.html HTTP/1.0" 200 4595
69.164.111.198 - - [22/May/2015:03:20:20 -0500] "GET /galeria/carrusel/Carrusel/jquery.thumbnailScroller.css HTTP/1.0" 200 2066
69.164.111.198 - - [22/May/2015:03:20:39 -0500] "GET /galeria/galeria/jquery.fancybox.css?v=2.1.5 HTTP/1.0" 200 4895
69.164.111.198 - - [22/May/2015:03:20:39 -0500] "GET /galeria/carrusel/Carrusel/jquery.thumbnailScroller.js HTTP/1.0" 200 8157
180.76.15.14 - - [22/May/2015:03:20:41 -0500] "GET /BLA/resoluciones/AUTOS%202012/1875.pdf HTTP/1.1" 200 616587
66.249.73.155 - - [22/May/2015:03:20:49 -0500] "GET /BLA/resoluciones/RESOLUCIONES%202002/RES%202002%201301-1350/20021303.tif HTTP/1.1" 304 -
180.76.15.152 - - [22/May/2015:03:20:58 -0500] "GET /BLA/resoluciones/AUTOS%202009/1782.pdf HTTP/1.1" 200 98427
69.164.111.198 - - [22/May/2015:03:20:59 -0500] "GET /galeria/carrusel/Carrusel/jquery-ui-1.8.13.custom.min.js HTTP/1.0" 200 10800
69.164.111.198 - - [22/May/2015:03:21:01 -0500] "GET /BLA/boletinlegal/js/jquery.scrollShow.js HTTP/1.0" 200 4586
69.164.111.198 - - [22/May/2015:03:21:02 -0500] "GET /galeria/galeria/jquery.fancybox.js?v=2.1.5 HTTP/1.0" 200 48706
180.76.15.134 - - [22/May/2015:03:21:15 -0500] "GET /BLA/resoluciones/AUTOS%202009/2122.pdf HTTP/1.1" 200 85094
69.164.111.198 - - [22/May/2015:03:21:18 -0500] "GET /BLA/boletinlegal/js/jquery.scrollTo-min.js HTTP/1.0" 200 1150
180.76.15.19 - - [22/May/2015:03:21:33 -0500] "GET /BLA/boletinlegal;jsessionid=69B82B27CE001BC642C1E73DEB4D0302?/? HTTP/1.1" 404 1018
207.46.13.35 - - [22/May/2015:03:21:36 -0500] "GET /dama/libreria/pdf/varios2006/IGA2004.pdf HTTP/1.1" 404 1019
74.86.158.107 - - [22/May/2015:03:21:37 -0500] "HEAD / HTTP/1.1" 200 -
186.87.22.62 - - [22/May/2015:03:21:41 -0500] "GET /isolucionsda/FrameSetGlosario.asp?Termino=JORNADA+DE+SENSIBILIZACION HTTP/1.1" 200 146
180.76.15.27 - - [22/May/2015:03:21:50 -0500] "GET /BLA/resoluciones/RESOLUCIONES%202007/RES%202007%202001%20AL%202100/RESOLUCION%202042%20DE%202007.pdf HTTP/1.1" 200 371525
66.249.73.163 - - [22/May/2015:03:21:50 -0500] "GET /BLA/resoluciones/AUTOS%202009/1566.pdf HTTP/1.1" 200 123745
180.76.15.160 - - [22/May/2015:03:22:07 -0500] "GET /BLA/boletinlegal;jsessionid=0DF1597B168BAD4566619205213DAD76?/? HTTP/1.1" 404 1018
186.87.22.62 - - [22/May/2015:03:22:18 -0500] "GET /isolucionsda/ HTTP/1.1" 200 739
186.87.22.62 - - [22/May/2015:03:22:22 -0500] "GET /isolucionsda/IdentificaUsuario.asp?Pagina1=FrameSetGeneral.asp& HTTP/1.1" 200 4997
180.76.15.162 - - [22/May/2015:03:22:24 -0500] "GET /BLA/boletinlegal;jsessionid=D8328F3B244B207409442F78040987D6?/? HTTP/1.1" 404 1018
180.76.15.16 - - [22/May/2015:03:22:42 -0500] "GET /BLA/resoluciones/AUTOS%202009/0479.pdf HTTP/1.1" 200 444987
186.87.22.62 - - [22/May/2015:03:22:44 -0500] "POST /isolucionsda/IdentificaUsuario.asp?Pagina1=FrameSetGeneral.asp& HTTP/1.1" 302 173
186.87.22.62 - - [22/May/2015:03:22:44 -0500] "GET /isolucionsda/FrameSetGeneral.asp?Pagina1=FrameSetGeneral.asp& HTTP/1.1" 200 6613
186.87.22.62 - - [22/May/2015:03:22:45 -0500] "GET /isolucionsda/BarraFavoritos.asp HTTP/1.1" 502 1362
186.87.22.62 - - [22/May/2015:03:22:44 -0500] "GET /isolucionsda/Encabezado.asp?Pagina1=FrameSetGeneral.asp&&Pagina=MagazinHome.asp HTTP/1.1" 200 15442
186.87.22.62 - - [22/May/2015:03:22:45 -0500] "GET /isolucionsda/BarraTitulos.asp?Pagina1=FrameSetGeneral.asp&&Pagina=MagazinHome.asp HTTP/1.1" 200 6972
186.87.22.62 - - [22/May/2015:03:22:45 -0500] "GET /isolucionsda/MagazinHome.asp HTTP/1.1" 200 27667
66.249.65.233 - - [22/May/2015:03:22:48 -0500] "GET /BLA/boletinlegal/jurisprudencia/analisis/analisis%20C-595-2010.doc HTTP/1.1" 304 -
186.87.22.62 - - [22/May/2015:03:22:48 -0500] "GET /isolucionsda/Session.asp?Continue=1 HTTP/1.1" 200 6324
186.87.22.62 - - [22/May/2015:03:22:49 -0500] "GET /isolucionsda/TareasSFRedirect.asp HTTP/1.1" 302 195
186.87.22.62 - - [22/May/2015:03:22:49 -0500] "GET /isolucionsda/g/Bgr_Destacado3399CC.jpg HTTP/1.1" 404 5217
186.87.22.62 - - [22/May/2015:03:22:50 -0500] "GET /isolucionsda/Login.aspx?TARGET=SFContainerFiltrado.aspx&number=56696550534949544570 HTTP/1.1" 302 886
186.87.22.62 - - [22/May/2015:03:22:52 -0500] "GET /isolucionsda/SFContainerFiltrado.aspx?Number=56696550534949544570 HTTP/1.1" 200 14314
