181.128.249.11 - - [22/May/2015:01:51:24 -0500] "GET /galeria/nivo-slider/demo/images/capacitaciones-de-ecourbanismo.jpg HTTP/1.1" 200 191490
181.128.249.11 - - [22/May/2015:01:51:24 -0500] "GET /galeria/nivo-slider/demo/images/banner-Pacto-por-la-madera.jpg HTTP/1.1" 200 209966
181.128.249.11 - - [22/May/2015:01:51:24 -0500] "GET /galeria/nivo-slider/demo/images/Banner-Directorio.jpg HTTP/1.1" 200 182068
181.128.249.11 - - [22/May/2015:01:51:27 -0500] "GET /galeria/nivo-slider/demo/images/Ruta-vertimientos-01.jpg HTTP/1.1" 200 130151
181.128.249.11 - - [22/May/2015:01:51:27 -0500] "GET /galeria/nivo-slider/demo/images/bolsas-06.jpg HTTP/1.1" 200 90982
181.128.249.11 - - [22/May/2015:01:51:28 -0500] "GET /galeria/nivo-slider/demo/images/Conoce-los-humedales.jpg HTTP/1.1" 200 294036
181.128.249.11 - - [22/May/2015:01:51:29 -0500] "GET /galeria/nivo-slider/demo/images/ecolecta-Dic2014.png HTTP/1.1" 200 288593
181.128.249.11 - - [22/May/2015:01:51:29 -0500] "GET /galeria/nivo-slider/demo/images/Banner-Caracol-Africano.jpg HTTP/1.1" 200 331986
181.128.249.11 - - [22/May/2015:01:51:29 -0500] "GET /galeria/nivo-slider/demo/images/banner-llantas2.jpg HTTP/1.1" 200 204644
181.128.249.11 - - [22/May/2015:01:51:30 -0500] "GET /galeria/nivo-slider/demo/images/Conoce-los-humedales.jpg HTTP/1.1" 206 1
181.128.249.11 - - [22/May/2015:01:51:30 -0500] "GET /galeria/nivo-slider/demo/images/ecolecta-Dic2014.png HTTP/1.1" 206 1
66.249.73.171 - - [22/May/2015:01:51:30 -0500] "GET /BLA/resoluciones/RESOLUCIONES%202010/3079.pdf HTTP/1.1" 200 247311
181.128.249.11 - - [22/May/2015:01:51:30 -0500] "GET /galeria/nivo-slider/demo/images/Banner-Caracol-Africano.jpg HTTP/1.1" 206 1
181.128.249.11 - - [22/May/2015:01:51:30 -0500] "GET /galeria/nivo-slider/demo/images/banner-llantas2.jpg HTTP/1.1" 206 1
181.128.249.11 - - [22/May/2015:01:51:30 -0500] "GET /galeria/nivo-slider/demo/images/Conoce-los-humedales.jpg HTTP/1.1" 206 215902
181.128.249.11 - - [22/May/2015:01:51:30 -0500] "GET /galeria/nivo-slider/demo/images/ecolecta-Dic2014.png HTTP/1.1" 206 220622
181.128.249.11 - - [22/May/2015:01:51:30 -0500] "GET /galeria/nivo-slider/demo/images/Banner-Caracol-Africano.jpg HTTP/1.1" 206 297412
181.128.249.11 - - [22/May/2015:01:51:30 -0500] "GET /galeria/nivo-slider/demo/images/banner-llantas2.jpg HTTP/1.1" 206 161358
180.76.15.160 - - [22/May/2015:01:51:31 -0500] "GET /BLA/resoluciones/AUTOS%202013/1626.pdf HTTP/1.1" 200 1399740
181.128.249.11 - - [22/May/2015:01:51:34 -0500] "GET /galeria/nivo-slider/themes/default/bullets.png HTTP/1.1" 200 1281
181.128.249.11 - - [22/May/2015:01:51:34 -0500] "GET /galeria/nivo-slider/themes/default/arrows.png HTTP/1.1" 200 824
74.86.158.107 - - [22/May/2015:01:51:37 -0500] "HEAD / HTTP/1.1" 200 -
66.249.73.155 - - [22/May/2015:01:51:44 -0500] "GET /BLA/resoluciones/RESOLUCIONES%202011/2445.pdf HTTP/1.1" 200 595472
180.76.15.153 - - [22/May/2015:01:51:48 -0500] "GET /BLA/resoluciones/AUTOS%202014/3568.pdf HTTP/1.1" 200 2430560
66.249.73.155 - - [22/May/2015:01:52:01 -0500] "GET /BLA/resoluciones/RESOLUCIONES%202006/RES%202006%202501-2550/00002519.tif HTTP/1.1" 304 -
181.128.249.11 - - [22/May/2015:01:52:04 -0500] "GET /videos/ArchivoSDA.flv HTTP/1.1" 200 31205279
180.76.15.29 - - [22/May/2015:01:52:06 -0500] "GET /BLA/resoluciones/AUTOS%202014/2832.pdf HTTP/1.1" 200 292203
66.249.73.171 - - [22/May/2015:01:52:26 -0500] "GET /portel_dama/libreria/pdf/polit_humedales.pdf HTTP/1.1" 404 1018
66.249.73.155 - - [22/May/2015:01:52:38 -0500] "GET /BLA/resoluciones/RESOLUCIONES%202010/1023.pdf HTTP/1.1" 200 94025
180.76.15.21 - - [22/May/2015:01:52:55 -0500] "GET /BLA/resoluciones/AUTOS%202013/1492.pdf HTTP/1.1" 200 630255
66.249.73.163 - - [22/May/2015:01:53:02 -0500] "GET /BLA/resoluciones/AUTOS%202014/5969.pdf HTTP/1.1" 200 143062
66.249.73.163 - - [22/May/2015:01:53:10 -0500] "GET /BLA/resoluciones/RESOLUCIONES%202007/RES%202007%201201%20AL%201300/RESOLUCION%201271%20DE%202007.pdf HTTP/1.1" 200 868044
180.76.15.8 - - [22/May/2015:01:53:13 -0500] "GET /BLA/resoluciones/RESOLUCIONES%202008/4859.pdf HTTP/1.1" 200 360874
66.249.73.171 - - [22/May/2015:01:53:31 -0500] "GET /BLA/resoluciones/AUTOS%202008/2525.pdf HTTP/1.1" 200 81043
66.249.73.163 - - [22/May/2015:01:53:47 -0500] "GET /BLA/resoluciones/AUTOS%202008/2400.pdf HTTP/1.1" 200 123368
180.76.15.137 - - [22/May/2015:01:53:47 -0500] "GET /BLA/resoluciones/AUTOS%202010/5718.pdf HTTP/1.1" 200 158335
66.249.73.171 - - [22/May/2015:01:55:30 -0500] "GET /BLA/resoluciones/AUTOS%202008/2175.pdf HTTP/1.1" 200 80375
180.76.15.18 - - [22/May/2015:01:55:42 -0500] "GET /BLA/resoluciones/RESOLUCIONES%202009/9710.pdf HTTP/1.1" 200 314471
180.76.15.31 - - [22/May/2015:01:55:59 -0500] "GET /BLA/boletinlegal;jsessionid=12CE2B056103F24DCD8E20B40F1FB872?/? HTTP/1.1" 404 1018
66.249.73.163 - - [22/May/2015:01:56:20 -0500] "GET /BLA/resoluciones/RESOLUCIONES%202006/RES%202006%202501-2550/00002530.tif HTTP/1.1" 304 -
66.249.73.163 - - [22/May/2015:01:56:23 -0500] "GET /BLA/resoluciones/RESOLUCIONES%202007/RES%202007%20601%20AL%20700/RESOLUCION%200699%20DE%202007.pdf HTTP/1.1" 304 -
180.76.15.149 - - [22/May/2015:01:56:33 -0500] "GET /BLA/resoluciones/RESOLUCIONES%202009/8705.pdf HTTP/1.1" 200 600914
74.86.158.107 - - [22/May/2015:01:56:37 -0500] "HEAD / HTTP/1.1" 200 -
180.76.15.10 - - [22/May/2015:01:57:08 -0500] "GET /BLA/resoluciones/RESOLUCIONES%202007/RES%202007%20401%20AL%20500/RESOLUCION%200444%20DE%202007.pdf HTTP/1.1" 200 1405488
66.249.73.171 - - [22/May/2015:01:57:15 -0500] "GET /BLA/resoluciones/RESOLUCIONES%202010/5885.pdf HTTP/1.1" 200 490469
180.76.15.137 - - [22/May/2015:01:57:25 -0500] "GET /BLA/resoluciones/AUTOS%202009/0853.pdf HTTP/1.1" 200 86934
180.76.15.135 - - [22/May/2015:01:57:43 -0500] "GET /BLA/resoluciones/AUTOS%202014/6901.pdf HTTP/1.1" 200 2193473
199.195.118.53 - - [22/May/2015:01:57:48 -0500] "GET / HTTP/1.1" 200 10190
66.249.73.163 - - [22/May/2015:01:57:49 -0500] "GET /BLA/resoluciones/RESOLUCIONES%202007/RES%202007%20801%20AL%20900/RESOLUCION%200805%20DE%202007.pdf HTTP/1.1" 200 430496
180.76.15.163 - - [22/May/2015:01:58:00 -0500] "GET /BLA/boletinlegal;jsessionid=65881A8AAC0060E7A84346D2F78B6159?/? HTTP/1.1" 404 1018
180.76.15.32 - - [22/May/2015:01:58:17 -0500] "GET /BLA/resoluciones/RESOLUCIONES%202008/1880.pdf HTTP/1.1" 200 204441
180.76.15.5 - - [22/May/2015:01:58:34 -0500] "GET /BLA/boletinlegal;jsessionid=96ADD994EEA8B25D9A3F831C9DDA29B7?/? HTTP/1.1" 404 1018
180.76.15.30 - - [22/May/2015:01:58:52 -0500] "GET /BLA/resoluciones/RESOLUCIONES%202008/2463.pdf HTTP/1.1" 200 248933
68.180.229.40 - - [22/May/2015:01:59:05 -0500] "GET /silvicultura/5.pdf HTTP/1.1" 404 1018
66.249.73.163 - - [22/May/2015:01:59:05 -0500] "GET /BLA/resoluciones/RESOLUCIONES%202010/3644.pdf HTTP/1.1" 200 639778
180.76.15.134 - - [22/May/2015:01:59:09 -0500] "GET /BLA/resoluciones/RESOLUCIONES%202007/RES%202007%203501%20AL%203600/RESOLUCION%203596%20DE%202007.pdf HTTP/1.1" 200 304524
66.249.73.171 - - [22/May/2015:01:59:16 -0500] "GET /BLA/resoluciones/AUTOS%202013/2140.pdf HTTP/1.1" 200 987476
180.76.15.161 - - [22/May/2015:01:59:26 -0500] "GET /BLA/resoluciones/AUTOS%202009/0640.pdf HTTP/1.1" 200 73439
66.249.73.163 - - [22/May/2015:01:59:30 -0500] "GET /BLA/resoluciones/AUTOS%202013/1632.pdf HTTP/1.1" 200 149139
180.76.15.21 - - [22/May/2015:01:59:43 -0500] "GET /BLA/boletinlegal;jsessionid=2557E7D82F5B990C169E92677A4702BF?/? HTTP/1.1" 404 1018
66.249.73.163 - - [22/May/2015:01:59:53 -0500] "GET /BLA/resoluciones/RESOLUCIONES%202008/3322.pdf HTTP/1.1" 200 427842
180.76.15.18 - - [22/May/2015:02:00:01 -0500] "GET /BLA/resoluciones/RESOLUCIONES%202008/0485.pdf HTTP/1.1" 200 370531
66.249.65.247 - - [22/May/2015:01:59:58 -0500] "GET /BLA/boletinlegal/index.php HTTP/1.1" 200 50649
66.249.73.155 - - [22/May/2015:02:00:43 -0500] "GET /BLA/resoluciones/AUTOS%202008/1994.pdf HTTP/1.1" 200 83035
66.249.73.171 - - [22/May/2015:02:00:44 -0500] "GET /BLA/resoluciones/RESOLUCIONES%202007/RES%202007%204001%20AL%204100/RESOLUCION%204051%20DE%202007.pdf HTTP/1.1" 200 460486
66.249.73.155 - - [22/May/2015:02:00:51 -0500] "GET / HTTP/1.1" 200 10190
66.249.73.171 - - [22/May/2015:02:00:54 -0500] "GET /BLA/resoluciones/RESOLUCIONES%202006/RES%202006%202501-2550/00002549.tif HTTP/1.1" 304 -
74.86.158.107 - - [22/May/2015:02:01:37 -0500] "HEAD / HTTP/1.1" 200 -
180.76.15.20 - - [22/May/2015:02:01:42 -0500] "GET /BLA/resoluciones/AUTOS%202010/1409.pdf HTTP/1.1" 200 308055
180.76.15.26 - - [22/May/2015:02:02:00 -0500] "GET /BLA/resoluciones/AUTOS%202013/0265.pdf HTTP/1.1" 200 1114390
180.76.15.24 - - [22/May/2015:02:02:17 -0500] "GET /BLA/resoluciones/RESOLUCIONES%202012/1032.pdf HTTP/1.1" 200 640186
66.249.73.155 - - [22/May/2015:02:02:30 -0500] "GET /BLA/resoluciones/AUTOS%202006/AUTOS%202006%20701-800/00000746.tif HTTP/1.1" 200 86170
180.76.15.30 - - [22/May/2015:02:02:34 -0500] "GET /BLA/resoluciones/AUTOS%202009/2007.pdf HTTP/1.1" 200 100229
180.76.15.149 - - [22/May/2015:02:02:52 -0500] "GET /BLA/resoluciones/AUTOS%202013/1701.pdf HTTP/1.1" 200 160425
66.249.73.155 - - [22/May/2015:02:02:53 -0500] "GET /BLA/resoluciones/AUTOS%202013/2132.pdf HTTP/1.1" 200 436904
66.249.73.171 - - [22/May/2015:02:03:09 -0500] "GET /BLA/resoluciones/AUTOS%202008/2632.pdf HTTP/1.1" 200 69626
66.249.73.171 - - [22/May/2015:02:03:22 -0500] "GET /BLA/resoluciones/RESOLUCIONES%202009/7487.pdf HTTP/1.1" 200 491932
66.249.73.163 - - [22/May/2015:02:03:52 -0500] "GET /BLA/resoluciones/RESOLUCIONES%202011/4515.pdf HTTP/1.1" 200 341891
180.76.15.161 - - [22/May/2015:02:03:54 -0500] "GET /BLA/resoluciones/AUTOS%202009/2573.pdf HTTP/1.1" 200 98259
66.249.73.155 - - [22/May/2015:02:04:08 -0500] "GET /BLA/resoluciones/RESOLUCIONES%202007/RES%202007%203401%20AL%203500/RESOLUCION%203442%20DE%202007.pdf HTTP/1.1" 200 554108
180.76.15.17 - - [22/May/2015:02:04:11 -0500] "GET /BLA/resoluciones/AUTOS%202012/2789.pdf HTTP/1.1" 200 411063
180.76.15.13 - - [22/May/2015:02:04:45 -0500] "GET /BLA/resoluciones/RESOLUCIONES%202008/0719.pdf HTTP/1.1" 200 47854
66.249.73.155 - - [22/May/2015:02:05:17 -0500] "GET /BLA/resoluciones/RESOLUCIONES%202003/RES%202003%201101-1150/1124.tif HTTP/1.1" 304 -
180.76.15.154 - - [22/May/2015:02:05:20 -0500] "GET /BLA/resoluciones/RESOLUCIONES%202008/4987.pdf HTTP/1.1" 200 383031
66.249.73.163 - - [22/May/2015:02:05:29 -0500] "GET /BLA/resoluciones/AUTOS%202008/2070.pdf HTTP/1.1" 200 83622
180.76.15.158 - - [22/May/2015:02:06:00 -0500] "GET /BLA/resoluciones/AUTOS%202011/1764.pdf HTTP/1.1" 200 175151
180.76.15.159 - - [22/May/2015:02:06:18 -0500] "GET /BLA/resoluciones/RESOLUCIONES%202008/2299.pdf HTTP/1.1" 200 356626
66.249.73.171 - - [22/May/2015:02:06:18 -0500] "GET /BLA/resoluciones/AUTOS%202007/3440.pdf HTTP/1.1" 200 82201
180.76.15.162 - - [22/May/2015:02:06:35 -0500] "GET /BLA/resoluciones/RESOLUCIONES%202007/RES%202007%204001%20AL%204100/RESOLUCION%204045%20DE%202007.pdf HTTP/1.1" 200 311220
74.86.158.107 - - [22/May/2015:02:06:37 -0500] "HEAD / HTTP/1.1" 200 -
66.249.73.155 - - [22/May/2015:02:06:50 -0500] "GET /BLA/resoluciones/RESOLUCIONES%202012/0584.pdf HTTP/1.1" 304 -
180.76.15.33 - - [22/May/2015:02:06:52 -0500] "GET /BLA/resoluciones/RESOLUCIONES%202008/0376.pdf HTTP/1.1" 200 250502
180.76.15.138 - - [22/May/2015:02:07:09 -0500] "GET /BLA/resoluciones/RESOLUCIONES%202011/0890.pdf HTTP/1.1" 200 142129
66.249.73.163 - - [22/May/2015:02:07:18 -0500] "GET /BLA/resoluciones/RESOLUCIONES%202007/RES%202007%202901%20AL%203000/RESOLUCION%202904%20DE%202007.pdf HTTP/1.1" 200 420818
180.76.15.11 - - [22/May/2015:02:07:27 -0500] "GET /BLA/resoluciones/AUTOS%202012/1501.pdf HTTP/1.1" 200 374117
66.249.73.171 - - [22/May/2015:02:07:34 -0500] "GET /BLA/resoluciones/RESOLUCIONES%202007/RES%202007%203901%20AL%204000/RESOLUCION%203948%20DE%202007.pdf HTTP/1.1" 200 746521
186.86.48.149 - - [22/May/2015:02:07:42 -0500] "GET /galeria/galeria/jquery.fancybox.css?v=2.1.5 HTTP/1.1" 200 4895
186.86.48.149 - - [22/May/2015:02:07:42 -0500] "GET /BLA/boletinlegal/js/jquery.scrollTo-min.js HTTP/1.1" 200 1150
186.86.48.149 - - [22/May/2015:02:07:42 -0500] "GET /BLA/boletinlegal/js/jquery.scrollShow.js HTTP/1.1" 200 4586
186.86.48.149 - - [22/May/2015:02:07:42 -0500] "GET /galeria/galeria/jquery.fancybox.js?v=2.1.5 HTTP/1.1" 200 48706
104.154.115.153 - - [22/May/2015:02:07:42 -0500] "GET /galeria/galeria/jquery.fancybox.css?v=2.1.5 HTTP/1.1" 200 4895
104.154.115.153 - - [22/May/2015:02:07:42 -0500] "GET /galeria/carrusel/Carrusel/jquery.thumbnailScroller.css HTTP/1.1" 200 2066
104.154.115.153 - - [22/May/2015:02:07:42 -0500] "GET /BLA/boletinlegal/js/jquery.scrollTo-min.js HTTP/1.1" 200 1150
104.154.115.153 - - [22/May/2015:02:07:42 -0500] "GET /galeria/galeria/jquery.fancybox.js?v=2.1.5 HTTP/1.1" 200 48706
104.154.115.153 - - [22/May/2015:02:07:42 -0500] "GET /BLA/boletinlegal/js/jquery.scrollShow.js HTTP/1.1" 200 4586
104.154.115.153 - - [22/May/2015:02:07:42 -0500] "GET /galeria/carrusel/Carrusel/jquery-ui-1.8.13.custom.min.js HTTP/1.1" 200 10800
104.154.115.153 - - [22/May/2015:02:07:43 -0500] "GET /galeria/carrusel/Carrusel/jquery.thumbnailScroller.js HTTP/1.1" 200 8157
180.76.15.34 - - [22/May/2015:02:07:44 -0500] "GET /BLA/resoluciones/AUTOS%202012/2415.pdf HTTP/1.1" 200 180663
180.76.15.145 - - [22/May/2015:02:08:01 -0500] "GET /BLA/resoluciones/AUTOS%202011/0225.pdf HTTP/1.1" 200 148403
180.76.15.31 - - [22/May/2015:02:08:19 -0500] "GET /BLA/resoluciones/AUTOS%202013/0026.pdf HTTP/1.1" 200 2439276
66.249.73.163 - - [22/May/2015:02:08:31 -0500] "GET /BLA/resoluciones/RESOLUCIONES%202007/RES%202007%202001%20AL%202100/RESOLUCION%202014%20DE%202007.pdf HTTP/1.1" 200 870864
180.76.15.159 - - [22/May/2015:02:08:36 -0500] "GET /BLA/resoluciones/RESOLUCIONES%202009/1208.pdf HTTP/1.1" 200 514789
66.249.73.171 - - [22/May/2015:02:08:45 -0500] "GET /BLA/resoluciones/RESOLUCIONES%202010/0284.pdf HTTP/1.1" 200 537729
180.76.15.152 - - [22/May/2015:02:08:53 -0500] "GET /BLA/resoluciones/AUTOS%202014/2226.pdf HTTP/1.1" 200 829848
201.234.75.11 - - [22/May/2015:02:08:58 -0500] "GET /galeria/nivo-slider/themes/orman/orman.css HTTP/1.1" 304 -
66.249.73.171 - - [22/May/2015:02:09:12 -0500] "GET /BLA/resoluciones/AUTOS%202008/2686.pdf HTTP/1.1" 200 84720
181.135.144.176 - - [22/May/2015:02:09:19 -0500] "GET /galeria/galeria/jquery.fancybox.css?v=2.1.5 HTTP/1.1" 200 4895
181.135.144.176 - - [22/May/2015:02:09:19 -0500] "GET /BLA/boletinlegal/js/jquery.scrollShow.js HTTP/1.1" 200 4586
181.135.144.176 - - [22/May/2015:02:09:19 -0500] "GET /BLA/boletinlegal/js/jquery.scrollTo-min.js HTTP/1.1" 200 1150
181.135.144.176 - - [22/May/2015:02:09:19 -0500] "GET /galeria/galeria/jquery.fancybox.js?v=2.1.5 HTTP/1.1" 200 48706
66.249.73.163 - - [22/May/2015:02:09:28 -0500] "GET /BLA/resoluciones/AUTOS%202008/1428.pdf HTTP/1.1" 200 171517
200.1.126.10 - - [22/May/2015:02:09:31 -0500] "GET /galeria/nivo-slider/demo/images/9Signos.jpg HTTP/1.1" 304 -
180.76.15.5 - - [22/May/2015:02:09:40 -0500] "GET /BLA/boletinlegal;jsessionid=8C692CCB4E928002CAA90C5BE695345F?/? HTTP/1.1" 404 1018
66.249.73.171 - - [22/May/2015:02:09:46 -0500] "GET /BLA/resoluciones/RESOLUCIONES%202006/RES%202006%202501-2550/00002518.tif HTTP/1.1" 304 -
181.50.165.252 - - [22/May/2015:02:09:54 -0500] "GET /BLA/boletinlegal/js/jquery.scrollTo-min.js HTTP/1.1" 304 -
181.50.165.252 - - [22/May/2015:02:09:54 -0500] "GET /BLA/boletinlegal/js/jquery.scrollShow.js HTTP/1.1" 304 -
181.50.165.252 - - [22/May/2015:02:09:54 -0500] "GET /galeria/galeria/jquery.fancybox.js?v=2.1.5 HTTP/1.1" 304 -
181.50.165.252 - - [22/May/2015:02:09:54 -0500] "GET /galeria/galeria/jquery.fancybox.css?v=2.1.5 HTTP/1.1" 304 -
180.76.15.9 - - [22/May/2015:02:10:15 -0500] "GET /BLA/resoluciones/AUTOS%202012/0971.pdf HTTP/1.1" 200 264612
181.135.144.176 - - [22/May/2015:02:10:21 -0500] "GET /galeria/galeria/jquery.fancybox.css?v=2.1.5 HTTP/1.1" 304 -
181.135.144.176 - - [22/May/2015:02:10:21 -0500] "GET /BLA/boletinlegal/js/jquery.scrollTo-min.js HTTP/1.1" 304 -
181.135.144.176 - - [22/May/2015:02:10:21 -0500] "GET /BLA/boletinlegal/js/jquery.scrollShow.js HTTP/1.1" 304 -
181.135.144.176 - - [22/May/2015:02:10:21 -0500] "GET /galeria/galeria/jquery.fancybox.js?v=2.1.5 HTTP/1.1" 304 -
66.249.73.171 - - [22/May/2015:02:10:28 -0500] "GET /BLA/resoluciones/RESOLUCIONES%202007/RES%202007%201001%20AL%201100/RESOLUCION%201028%20DE%202007.pdf HTTP/1.1" 304 -
66.249.73.171 - - [22/May/2015:02:10:30 -0500] "GET /BLA/resoluciones/AUTOS%202008/3059.pdf HTTP/1.1" 200 78506
180.76.15.163 - - [22/May/2015:02:10:32 -0500] "GET /BLA/resoluciones/RESOLUCIONES%202008/0356.pdf HTTP/1.1" 200 283649
181.50.165.252 - - [22/May/2015:02:10:43 -0500] "GET /isolucionsda/FrameSetGeneral.asp?Pagina=Menu.asp&IdModulo=4 HTTP/1.1" 502 1186
181.50.165.252 - - [22/May/2015:02:10:45 -0500] "GET /isolucionsda/FrameSetGeneral.asp HTTP/1.1" 200 146
180.76.15.15 - - [22/May/2015:02:10:49 -0500] "GET /BLA/resoluciones/AUTOS%202009/1622.pdf HTTP/1.1" 200 140546
181.50.165.252 - - [22/May/2015:02:10:51 -0500] "GET /isolucionsda/ HTTP/1.1" 200 739
181.50.165.252 - - [22/May/2015:02:10:52 -0500] "GET /isolucionsda/IdentificaUsuario.asp?Pagina1=FrameSetGeneral.asp& HTTP/1.1" 200 4997
180.76.15.10 - - [22/May/2015:02:11:07 -0500] "GET /BLA/resoluciones/AUTOS%202011/2023.pdf HTTP/1.1" 200 206724
180.76.15.32 - - [22/May/2015:02:11:24 -0500] "GET /BLA/resoluciones/AUTOS%202010/6653.pdf HTTP/1.1" 200 158423
74.86.158.107 - - [22/May/2015:02:11:37 -0500] "HEAD / HTTP/1.1" 200 -
180.76.15.137 - - [22/May/2015:02:11:41 -0500] "GET /BLA/resoluciones/AUTOS%202010/5574.pdf HTTP/1.1" 200 631601
66.249.73.171 - - [22/May/2015:02:11:46 -0500] "GET /BLA/resoluciones/RESOLUCIONES%202011/0589.pdf HTTP/1.1" 200 478090
180.76.15.136 - - [22/May/2015:02:11:58 -0500] "GET /BLA/resoluciones/AUTOS%202010/1726.pdf HTTP/1.1" 200 70717
180.76.15.17 - - [22/May/2015:02:12:16 -0500] "GET /BLA/resoluciones/AUTOS%202009/0439.pdf HTTP/1.1" 200 105268
181.50.165.252 - - [22/May/2015:02:12:28 -0500] "POST /isolucionsda/IdentificaUsuario.asp?Pagina1=FrameSetGeneral.asp& HTTP/1.1" 302 173
181.50.165.252 - - [22/May/2015:02:12:28 -0500] "GET /isolucionsda/FrameSetGeneral.asp?Pagina1=FrameSetGeneral.asp& HTTP/1.1" 200 6613
181.50.165.252 - - [22/May/2015:02:12:29 -0500] "GET /isolucionsda/BarraFavoritos.asp HTTP/1.1" 502 1184
181.50.165.252 - - [22/May/2015:02:12:28 -0500] "GET /isolucionsda/Encabezado.asp?Pagina1=FrameSetGeneral.asp&&Pagina=MagazinHome.asp HTTP/1.1" 200 15442
181.50.165.252 - - [22/May/2015:02:12:29 -0500] "GET /isolucionsda/BarraTitulos.asp?Pagina1=FrameSetGeneral.asp&&Pagina=MagazinHome.asp HTTP/1.1" 200 6972
181.50.165.252 - - [22/May/2015:02:12:29 -0500] "GET /isolucionsda/Session.asp?Continue=1 HTTP/1.1" 200 6324
181.50.165.252 - - [22/May/2015:02:12:29 -0500] "GET /isolucionsda/MagazinHome.asp HTTP/1.1" 200 27667
181.50.165.252 - - [22/May/2015:02:12:29 -0500] "GET /isolucionsda/g/Bgr_Destacado3399CC.jpg HTTP/1.1" 404 5217
181.50.165.252 - - [22/May/2015:02:12:29 -0500] "GET /isolucionsda/TareasSFRedirect.asp HTTP/1.1" 302 195
190.252.152.228 - - [22/May/2015:02:12:31 -0500] "GET /BLA/boletinlegal/js/jquery.scrollTo-min.js HTTP/1.1" 200 1150
190.252.152.228 - - [22/May/2015:02:12:31 -0500] "GET /BLA/boletinlegal/js/jquery.scrollShow.js HTTP/1.1" 200 4586
190.252.152.228 - - [22/May/2015:02:12:31 -0500] "GET /galeria/galeria/jquery.fancybox.js?v=2.1.5 HTTP/1.1" 200 48706
190.252.152.228 - - [22/May/2015:02:12:31 -0500] "GET /galeria/galeria/jquery.fancybox.css?v=2.1.5 HTTP/1.1" 200 4895
181.50.165.252 - - [22/May/2015:02:12:29 -0500] "GET /isolucionsda/Login.aspx?TARGET=SFContainerFiltrado.aspx&number=57536555526749564567 HTTP/1.1" 302 886
181.50.165.252 - - [22/May/2015:02:12:31 -0500] "GET /isolucionsda/SFContainerFiltrado.aspx?Number=57536555526749564567 HTTP/1.1" 200 14314
181.50.165.252 - - [22/May/2015:02:12:31 -0500] "GET /isolucionsda/DetalleTareas.aspx?Number=57536555526749564567 HTTP/1.1" 200 5355
181.50.165.252 - - [22/May/2015:02:12:31 -0500] "GET /isolucionsda/infowndpublic.js HTTP/1.1" 404 5199
181.50.165.252 - - [22/May/2015:02:12:31 -0500] "GET /isolucionsda/auxlib.js HTTP/1.1" 404 5185
181.50.165.252 - - [22/May/2015:02:12:31 -0500] "GET /isolucionsda/infowndcore.js HTTP/1.1" 404 5195
181.50.165.252 - - [22/May/2015:02:12:32 -0500] "GET /isolucionsda/FrameSetGeneral.asp?Pagina=Menu.asp&IdModulo=4 HTTP/1.1" 200 6583
181.50.165.252 - - [22/May/2015:02:12:32 -0500] "GET /isolucionsda/BarraTitulos.asp?Pagina=Menu.asp&IdModulo=4 HTTP/1.1" 200 6985
181.50.165.252 - - [22/May/2015:02:12:32 -0500] "GET /isolucionsda/Encabezado.asp?Pagina=Menu.asp&IdModulo=4 HTTP/1.1" 200 15443
181.50.165.252 - - [22/May/2015:02:12:32 -0500] "GET /isolucionsda/Menu.asp?Pagina=Menu.asp&IdModulo=4 HTTP/1.1" 200 9695
181.50.165.252 - - [22/May/2015:02:12:32 -0500] "GET /isolucionsda/BarraFavoritos.asp HTTP/1.1" 200 911
181.50.165.252 - - [22/May/2015:02:12:32 -0500] "GET /isolucionsda/Session.asp?Continue=1 HTTP/1.1" 200 6324
180.76.15.31 - - [22/May/2015:02:12:33 -0500] "GET /BLA/resoluciones/AUTOS%202009/3183.pdf HTTP/1.1" 200 133134
181.50.165.252 - - [22/May/2015:02:12:33 -0500] "GET /isolucionsda/FrameSetGeneral.asp?Pagina=ListadoMaestroDocumentos3.asp HTTP/1.1" 200 6634
181.50.165.252 - - [22/May/2015:02:12:34 -0500] "GET /isolucionsda/Encabezado.asp?Pagina=ListadoMaestroDocumentos3.asp HTTP/1.1" 200 15418
181.50.165.252 - - [22/May/2015:02:12:34 -0500] "GET /isolucionsda/BarraTitulos.asp?Pagina=ListadoMaestroDocumentos3.asp HTTP/1.1" 200 6985
181.50.165.252 - - [22/May/2015:02:12:34 -0500] "GET /isolucionsda/BarraFavoritos.asp HTTP/1.1" 200 911
181.50.165.252 - - [22/May/2015:02:12:34 -0500] "GET /isolucionsda/Session.asp?Continue=1 HTTP/1.1" 200 6324
181.50.165.252 - - [22/May/2015:02:12:34 -0500] "GET /isolucionsda/ListadoMaestroDocumentos3.asp?Pagina=ListadoMaestroDocumentos3.asp HTTP/1.1" 200 11467
190.252.152.228 - - [22/May/2015:02:12:35 -0500] "GET /galeria/galeria/jquery.fancybox.js?v=2.1.5 HTTP/1.1" 200 48706
190.252.152.228 - - [22/May/2015:02:12:35 -0500] "GET /galeria/galeria/jquery.fancybox.css?v=2.1.5 HTTP/1.1" 200 4895
190.252.152.228 - - [22/May/2015:02:12:35 -0500] "GET /BLA/boletinlegal/js/jquery.scrollTo-min.js HTTP/1.1" 200 1150
190.252.152.228 - - [22/May/2015:02:12:35 -0500] "GET /BLA/boletinlegal/js/jquery.scrollShow.js HTTP/1.1" 200 4586
181.50.165.252 - - [22/May/2015:02:12:47 -0500] "POST /isolucionsda/ListadoMaestroDocumentos3.asp HTTP/1.1" 200 12114
180.76.15.6 - - [22/May/2015:02:12:50 -0500] "GET /BLA/resoluciones/RESOLUCIONES%202009/1118.pdf HTTP/1.1" 200 275022
181.50.165.252 - - [22/May/2015:02:12:50 -0500] "GET /isolucionsda/FramesetArticulo.asp?Pagina=BancoConocimiento%2FM%2FManualdeFunciones%5Fv1%2FManualdeFunciones%5Fv1%2Easp&IdArticulo=2010 HTTP/1.1" 200 7245
181.50.165.252 - - [22/May/2015:02:12:50 -0500] "GET /isolucionsda/Arriba.asp?Pagina=BancoConocimiento%2FM%2FManualdeFunciones%5Fv1%2FManualdeFunciones%5Fv1%2Easp&IdArticulo=2010 HTTP/1.1" 200 10463
181.50.165.252 - - [22/May/2015:02:12:50 -0500] "GET /isolucionsda/BancoConocimiento/M/ManualdeFunciones_v1/ManualdeFunciones_v1.asp?IdArticulo=2010 HTTP/1.1" 302 163
181.50.165.252 - - [22/May/2015:02:12:51 -0500] "GET /isolucionsda/BancoConocimiento/M/ManualdeFunciones_v1/manual%20de%20funciones%20consolidado0.pdf HTTP/1.1" 200 858608
181.50.165.252 - - [22/May/2015:02:12:55 -0500] "GET /isolucionsda/BancoConocimiento/M/ManualdeFunciones_v1/manual%20de%20funciones%20consolidado0.pdf HTTP/1.1" 206 32768
66.249.73.171 - - [22/May/2015:02:13:08 -0500] "GET /BLA/resoluciones/AUTOS%202008/1164.pdf HTTP/1.1" 200 86937
181.50.165.252 - - [22/May/2015:02:12:56 -0500] "GET /isolucionsda/BancoConocimiento/M/ManualdeFunciones_v1/manual%20de%20funciones%20consolidado0.pdf HTTP/1.1" 206 2753140
66.249.73.171 - - [22/May/2015:02:13:24 -0500] "GET /BLA/resoluciones/RESOLUCIONES%202011/5849.pdf HTTP/1.1" 200 34683
180.76.15.141 - - [22/May/2015:02:13:25 -0500] "GET /BLA/resoluciones/AUTOS%202010/0180.pdf HTTP/1.1" 200 352266
66.249.73.155 - - [22/May/2015:02:13:40 -0500] "GET /BLA/resoluciones/RESOLUCIONES%202011/5707.pdf HTTP/1.1" 200 706527
180.76.15.14 - - [22/May/2015:02:13:59 -0500] "GET /BLA/resoluciones/AUTOS%202011/0692.pdf HTTP/1.1" 200 99275
123.125.71.107 - - [22/May/2015:02:14:04 -0500] "GET / HTTP/1.1" 200 10190
66.249.73.171 - - [22/May/2015:02:14:05 -0500] "GET /BLA/resoluciones/RESOLUCIONES%202012/0623.pdf HTTP/1.1" 200 259153
66.249.73.155 - - [22/May/2015:02:14:07 -0500] "GET /BLA/resoluciones/AUTOS%202006/AUTOS%202006%20701-800/00000768.tif HTTP/1.1" 200 105762
66.249.73.155 - - [22/May/2015:02:14:07 -0500] "GET /BLA/resoluciones/RESOLUCIONES%202006/RES%202006%202501-2550/00002536.tif HTTP/1.1" 304 -
180.76.15.148 - - [22/May/2015:02:14:17 -0500] "GET /BLA/resoluciones/RESOLUCIONES%202007/RES%202007%204001%20AL%204100/RESOLUCION%204078%20DE%202007.pdf HTTP/1.1" 200 132015
66.249.73.171 - - [22/May/2015:02:14:20 -0500] "GET /BLA/resoluciones/RESOLUCIONES%202011/0629.pdf HTTP/1.1" 200 339734
189.132.152.73 - - [22/May/2015:02:14:26 -0500] "GET /galeria/galeria/jquery.fancybox.css?v=2.1.5 HTTP/1.1" 200 4895
189.132.152.73 - - [22/May/2015:02:14:26 -0500] "GET /BLA/boletinlegal/js/jquery.scrollTo-min.js HTTP/1.1" 200 1150
189.132.152.73 - - [22/May/2015:02:14:26 -0500] "GET /BLA/boletinlegal/js/jquery.scrollShow.js HTTP/1.1" 200 4586
189.132.152.73 - - [22/May/2015:02:14:26 -0500] "GET /galeria/galeria/jquery.fancybox.js?v=2.1.5 HTTP/1.1" 200 48706
180.76.15.31 - - [22/May/2015:02:14:34 -0500] "GET /BLA/resoluciones/AUTOS%202011/0481.pdf HTTP/1.1" 200 595214
181.135.144.176 - - [22/May/2015:02:14:36 -0500] "GET /galeria/carrusel/Carrusel/jquery.thumbnailScroller.css HTTP/1.1" 200 2066
181.135.144.176 - - [22/May/2015:02:14:36 -0500] "GET /galeria/carrusel/Carrusel/jquery-ui-1.8.13.custom.min.js HTTP/1.1" 200 10800
181.135.144.176 - - [22/May/2015:02:14:36 -0500] "GET /galeria/carrusel/Carrusel/jquery.thumbnailScroller.js HTTP/1.1" 200 8157
181.135.144.176 - - [22/May/2015:02:14:46 -0500] "GET /galeria/nivo-slider/demo/demo.html HTTP/1.1" 200 4595
181.135.144.176 - - [22/May/2015:02:14:50 -0500] "GET /galeria/nivo-slider/themes/default/default.css HTTP/1.1" 200 1569
181.135.144.176 - - [22/May/2015:02:14:50 -0500] "GET /galeria/nivo-slider/themes/pascal/pascal.css HTTP/1.1" 200 2258
181.135.144.176 - - [22/May/2015:02:14:50 -0500] "GET /galeria/nivo-slider/themes/orman/orman.css HTTP/1.1" 200 2152
181.135.144.176 - - [22/May/2015:02:14:50 -0500] "GET /galeria/nivo-slider/demo/style.css HTTP/1.1" 200 2222
181.135.144.176 - - [22/May/2015:02:14:50 -0500] "GET /galeria/nivo-slider/demo/scripts/jquery-1.7.1.min.js HTTP/1.1" 200 93868
181.135.144.176 - - [22/May/2015:02:14:50 -0500] "GET /galeria/nivo-slider/nivo-slider.css HTTP/1.1" 200 1507
181.135.144.176 - - [22/May/2015:02:14:51 -0500] "GET /galeria/nivo-slider/jquery.nivo.slider.pack.js HTTP/1.1" 200 11561
180.76.15.147 - - [22/May/2015:02:14:51 -0500] "GET /BLA/resoluciones/AUTOS%202013/1326.pdf HTTP/1.1" 200 1790917
189.132.152.73 - - [22/May/2015:02:14:52 -0500] "GET /BLA/boletinlegal/js/jquery.scrollTo-min.js HTTP/1.1" 304 -
189.132.152.73 - - [22/May/2015:02:14:52 -0500] "GET /galeria/galeria/jquery.fancybox.css?v=2.1.5 HTTP/1.1" 304 -
189.132.152.73 - - [22/May/2015:02:14:52 -0500] "GET /BLA/boletinlegal/js/jquery.scrollShow.js HTTP/1.1" 304 -
189.132.152.73 - - [22/May/2015:02:14:52 -0500] "GET /galeria/galeria/jquery.fancybox.js?v=2.1.5 HTTP/1.1" 304 -
181.135.144.176 - - [22/May/2015:02:14:55 -0500] "GET /galeria/nivo-slider/demo/images/9Signos.jpg HTTP/1.1" 200 81776
181.135.144.176 - - [22/May/2015:02:14:55 -0500] "GET /galeria/nivo-slider/demo/images/Banner-encuesta-de-percepscio.jpg HTTP/1.1" 200 201899
181.135.144.176 - - [22/May/2015:02:14:56 -0500] "GET /galeria/nivo-slider/demo/images/capacitaciones-de-ecourbanismo.jpg HTTP/1.1" 200 191490
66.249.73.155 - - [22/May/2015:02:14:58 -0500] "GET /BLA/resoluciones/AUTOS%202008/1249.pdf HTTP/1.1" 200 81817
181.135.144.176 - - [22/May/2015:02:15:00 -0500] "GET /galeria/nivo-slider/demo/images/banner-Pacto-por-la-madera.jpg HTTP/1.1" 200 209966
181.135.144.176 - - [22/May/2015:02:15:07 -0500] "GET /galeria/nivo-slider/themes/default/loading.gif HTTP/1.1" 200 1737
181.135.144.176 - - [22/May/2015:02:15:09 -0500] "GET /galeria/nivo-slider/demo/images/4Simple_Slider.png HTTP/1.1" 200 11722
181.135.144.176 - - [22/May/2015:02:15:16 -0500] "GET /galeria/nivo-slider/demo/images/acuerdo_569.jpg HTTP/1.1" 200 62670
181.135.144.176 - - [22/May/2015:02:15:16 -0500] "GET /galeria/nivo-slider/demo/images/Banner-salud.jpg HTTP/1.1" 200 181685
181.135.144.176 - - [22/May/2015:02:15:17 -0500] "GET /galeria/nivo-slider/demo/images/Licitaciones-proyecto-paramo.jpg HTTP/1.1" 200 221877
181.135.144.176 - - [22/May/2015:02:15:17 -0500] "GET /galeria/nivo-slider/demo/images/mailling-acercar-xpress.jpg HTTP/1.1" 200 137233
181.135.144.176 - - [22/May/2015:02:15:23 -0500] "GET /galeria/nivo-slider/demo/images/Banner-decreto1299.jpg HTTP/1.1" 200 182613
181.135.144.176 - - [22/May/2015:02:15:28 -0500] "GET /galeria/nivo-slider/demo/images/Banner-Directorio.jpg HTTP/1.1" 200 182068
181.135.144.176 - - [22/May/2015:02:15:30 -0500] "GET /galeria/nivo-slider/demo/images/Ruta-vertimientos-01.jpg HTTP/1.1" 200 130151
66.249.73.155 - - [22/May/2015:02:15:31 -0500] "GET /galeria/nivo-slider/demo/demo.html HTTP/1.1" 200 4595
181.135.144.176 - - [22/May/2015:02:15:33 -0500] "GET /galeria/nivo-slider/demo/images/bolsas-06.jpg HTTP/1.1" 200 90982
66.249.73.155 - - [22/May/2015:02:15:34 -0500] "GET /galeria/nivo-slider/themes/default/default.css HTTP/1.1" 200 1569
66.249.73.155 - - [22/May/2015:02:15:34 -0500] "GET /galeria/nivo-slider/demo/style.css HTTP/1.1" 200 2222
66.249.73.163 - - [22/May/2015:02:15:36 -0500] "GET /galeria/nivo-slider/themes/orman/orman.css HTTP/1.1" 200 2152
66.249.73.171 - - [22/May/2015:02:15:37 -0500] "GET /galeria/nivo-slider/jquery.nivo.slider.pack.js HTTP/1.1" 200 11561
181.135.144.176 - - [22/May/2015:02:15:37 -0500] "GET /galeria/nivo-slider/demo/images/Conoce-los-humedales.jpg HTTP/1.1" 200 294036
180.76.15.159 - - [22/May/2015:02:15:38 -0500] "GET /BLA/resoluciones/AUTOS%202010/0124.pdf HTTP/1.1" 200 274585
66.249.73.171 - - [22/May/2015:02:15:38 -0500] "GET /galeria/nivo-slider/themes/pascal/pascal.css HTTP/1.1" 200 2258
66.249.73.163 - - [22/May/2015:02:15:40 -0500] "GET /galeria/nivo-slider/demo/scripts/jquery-1.7.1.min.js HTTP/1.1" 200 93868
66.249.73.163 - - [22/May/2015:02:15:41 -0500] "GET /galeria/nivo-slider/nivo-slider.css HTTP/1.1" 200 1507
181.135.144.176 - - [22/May/2015:02:15:41 -0500] "GET /galeria/nivo-slider/demo/images/ecolecta-Dic2014.png HTTP/1.1" 200 288593
181.135.144.176 - - [22/May/2015:02:15:42 -0500] "GET /galeria/nivo-slider/demo/images/Banner-Caracol-Africano.jpg HTTP/1.1" 200 331986
181.135.144.176 - - [22/May/2015:02:15:47 -0500] "GET /galeria/nivo-slider/demo/images/banner-llantas2.jpg HTTP/1.1" 200 204644
180.76.15.154 - - [22/May/2015:02:16:13 -0500] "GET /BLA/resoluciones/AUTOS%202010/1393.pdf HTTP/1.1" 200 245755
181.135.144.176 - - [22/May/2015:02:16:17 -0500] "GET /galeria/nivo-slider/themes/default/bullets.png HTTP/1.1" 200 1281
181.135.144.176 - - [22/May/2015:02:16:17 -0500] "GET /galeria/nivo-slider/themes/default/arrows.png HTTP/1.1" 200 824
180.76.15.13 - - [22/May/2015:02:16:30 -0500] "GET /BLA/resoluciones/AUTOS%202013/2351.pdf HTTP/1.1" 200 721174
74.86.158.107 - - [22/May/2015:02:16:37 -0500] "HEAD / HTTP/1.1" 200 -
180.76.15.143 - - [22/May/2015:02:16:47 -0500] "GET /BLA/resoluciones/RESOLUCIONES%202008/3068.pdf HTTP/1.1" 200 418065
180.76.15.21 - - [22/May/2015:02:17:05 -0500] "GET /BLA/resoluciones/RESOLUCIONES%202008/0576.pdf HTTP/1.1" 200 302699
66.249.73.171 - - [22/May/2015:02:17:17 -0500] "GET /BLA/resoluciones/RESOLUCIONES%202011/5888.pdf HTTP/1.1" 200 663970
180.76.15.25 - - [22/May/2015:02:17:22 -0500] "GET /BLA/resoluciones/AUTOS%202013/0515.pdf HTTP/1.1" 200 2868084
189.132.152.73 - - [22/May/2015:02:17:38 -0500] "GET /galeria/galeria/jquery.fancybox.css?v=2.1.5 HTTP/1.1" 304 -
189.132.152.73 - - [22/May/2015:02:17:38 -0500] "GET /BLA/boletinlegal/js/jquery.scrollTo-min.js HTTP/1.1" 304 -
189.132.152.73 - - [22/May/2015:02:17:38 -0500] "GET /BLA/boletinlegal/js/jquery.scrollShow.js HTTP/1.1" 304 -
189.132.152.73 - - [22/May/2015:02:17:38 -0500] "GET /galeria/galeria/jquery.fancybox.js?v=2.1.5 HTTP/1.1" 304 -
180.76.15.134 - - [22/May/2015:02:17:39 -0500] "GET /BLA/boletinlegal;jsessionid=6EA864AA4618019C8EFA5DFC18AFD43B?/? HTTP/1.1" 404 1018
66.249.73.163 - - [22/May/2015:02:17:43 -0500] "GET /BLA/resoluciones/RESOLUCIONES%202007/RES%202007%20701%20AL%20800/RESOLUCION%200754%20DE%202007.pdf HTTP/1.1" 304 -
66.249.73.155 - - [22/May/2015:02:17:50 -0500] "GET /BLA/resoluciones/RESOLUCIONES%202010/3925.pdf HTTP/1.1" 200 577312
66.249.73.155 - - [22/May/2015:02:17:55 -0500] "GET /BLA/resoluciones/RESOLUCIONES%202007/RES%202007%203401%20AL%203500/RESOLUCION%203466%20DE%202007.pdf HTTP/1.1" 200 264573
180.76.15.14 - - [22/May/2015:02:17:56 -0500] "GET /BLA/resoluciones/AUTOS%202010/0620.pdf HTTP/1.1" 200 193193
66.249.73.155 - - [22/May/2015:02:18:04 -0500] "GET /BLA/resoluciones/RESOLUCIONES%202007/RES%202007%20901%20AL%201000/RESOLUCION%200967%20DE%202007.pdf HTTP/1.1" 200 163617
180.76.15.159 - - [22/May/2015:02:18:14 -0500] "GET /BLA/boletinlegal;jsessionid=DBCFD0437BCCFF0D494BBA3A72C9A306?/? HTTP/1.1" 404 1018
180.76.15.148 - - [22/May/2015:02:18:31 -0500] "GET /BLA/resoluciones/AUTOS%202009/2213.pdf HTTP/1.1" 200 114718
66.249.73.171 - - [22/May/2015:02:18:39 -0500] "GET /BLA/resoluciones/RESOLUCIONES%202006/RES%202006%202501-2550/00002539.tif HTTP/1.1" 304 -
180.76.15.151 - - [22/May/2015:02:18:48 -0500] "GET /BLA/resoluciones/AUTOS%202013/2372.pdf HTTP/1.1" 200 633094
180.76.15.18 - - [22/May/2015:02:19:06 -0500] "GET /BLA/resoluciones/RESOLUCIONES%202007/RES%202007%201001%20AL%201100/RESOLUCION%201005%20DE%202007.pdf HTTP/1.1" 200 739229
180.76.15.5 - - [22/May/2015:02:19:23 -0500] "GET /BLA/resoluciones/AUTOS%202013/0506.pdf HTTP/1.1" 200 136185
66.249.73.163 - - [22/May/2015:02:19:33 -0500] "GET /BLA/resoluciones/RESOLUCIONES%202007/RES%202007%203201%20AL%203300/RESOLUCION%203286%20DE%202007.pdf HTTP/1.1" 200 586220
180.76.15.10 - - [22/May/2015:02:19:40 -0500] "GET /BLA/resoluciones/AUTOS%202009/0664.pdf HTTP/1.1" 200 81412
180.76.15.149 - - [22/May/2015:02:19:57 -0500] "GET /BLA/resoluciones/RESOLUCIONES%202010/0204.pdf HTTP/1.1" 200 122848
180.76.15.13 - - [22/May/2015:02:20:15 -0500] "GET /BLA/resoluciones/AUTOS%202009/1193.pdf HTTP/1.1" 200 123703
157.55.39.34 - - [22/May/2015:02:20:20 -0500] "GET /BLA/resoluciones/RESOLUCIONES%202008/1995.pdf HTTP/1.1" 200 267444
157.55.39.34 - - [22/May/2015:02:20:22 -0500] "GET /BLA/resoluciones/RESOLUCIONES%202009/1168.pdf HTTP/1.1" 200 57373
157.55.39.34 - - [22/May/2015:02:20:23 -0500] "GET /BLA/resoluciones/RESOLUCIONES%202010/1858.pdf HTTP/1.1" 200 446040
157.55.39.34 - - [22/May/2015:02:20:25 -0500] "GET /BLA/resoluciones/Resoluciones%202011/2438.pdf HTTP/1.1" 200 747256
157.55.39.34 - - [22/May/2015:02:20:28 -0500] "GET /bla/resoluciones/resoluciones%202011/0957.pdf HTTP/1.1" 200 70507
180.76.15.11 - - [22/May/2015:02:20:32 -0500] "GET /BLA/boletinlegal;jsessionid=C8C12F0C0725EAB94BBC9D750190C14A?/? HTTP/1.1" 404 1018
180.76.15.160 - - [22/May/2015:02:20:49 -0500] "GET /BLA/resoluciones/AUTOS%202014/5884.pdf HTTP/1.1" 200 133806
180.76.15.151 - - [22/May/2015:02:21:07 -0500] "GET /BLA/resoluciones/AUTOS%202010/4856.pdf HTTP/1.1" 200 249835
66.249.73.155 - - [22/May/2015:02:21:21 -0500] "GET /BLA/resoluciones/AUTOS%202013/0886.pdf HTTP/1.1" 304 -
66.249.73.163 - - [22/May/2015:02:21:21 -0500] "GET /BLA/resoluciones/AUTOS%202008/2887.pdf HTTP/1.1" 200 87406
220.181.108.169 - - [22/May/2015:02:21:22 -0500] "GET / HTTP/1.1" 200 10190
180.76.15.154 - - [22/May/2015:02:21:25 -0500] "GET /BLA/resoluciones/AUTOS%202013/2999.pdf HTTP/1.1" 200 601170
181.50.165.252 - - [22/May/2015:02:21:32 -0500] "GET /isolucionsda/g/Bot_AyudaOver.jpg HTTP/1.1" 200 1659
181.50.165.252 - - [22/May/2015:02:21:32 -0500] "GET /isolucionsda/g/Bot_GlosarioOver.jpg HTTP/1.1" 200 1948
181.50.165.252 - - [22/May/2015:02:21:33 -0500] "GET /isolucionsda/FrameSetGeneral.asp?Pagina=Magazin.asp&Sigla=MAC&IdModulo=2 HTTP/1.1" 200 6625
181.50.165.252 - - [22/May/2015:02:21:33 -0500] "GET /isolucionsda/Encabezado.asp?Pagina=Magazin.asp&Sigla=MAC&IdModulo=2 HTTP/1.1" 200 15428
181.50.165.252 - - [22/May/2015:02:21:33 -0500] "GET /isolucionsda/BarraTitulos.asp?Pagina=Magazin.asp&Sigla=MAC&IdModulo=2 HTTP/1.1" 200 6989
181.50.165.252 - - [22/May/2015:02:21:33 -0500] "GET /isolucionsda/Magazin.asp?Pagina=Magazin.asp&Sigla=MAC&IdModulo=2 HTTP/1.1" 302 211
181.50.165.252 - - [22/May/2015:02:21:33 -0500] "GET /isolucionsda/BarraFavoritos.asp HTTP/1.1" 200 911
181.50.165.252 - - [22/May/2015:02:21:33 -0500] "GET /isolucionsda/Session.asp?Continue=1 HTTP/1.1" 200 6324
181.50.165.252 - - [22/May/2015:02:21:33 -0500] "GET /isolucionsda/SucursalSeleccion.asp?URLRedirect=magazin.asp?sigla=mac HTTP/1.1" 302 211
181.50.165.252 - - [22/May/2015:02:21:33 -0500] "GET /isolucionsda/SucursalSeleccion.asp?CodSucursal=1&URLRedirect=magazin.asp?sigla=mac&CargaPagina= HTTP/1.1" 302 177
181.50.165.252 - - [22/May/2015:02:21:33 -0500] "GET /isolucionsda/magazin.asp?sigla=mac HTTP/1.1" 200 12805
181.50.165.252 - - [22/May/2015:02:21:33 -0500] "GET /isolucionsda/g/Bgr_DestacadoFFFFFF.jpg HTTP/1.1" 404 5217
181.50.165.252 - - [22/May/2015:02:21:35 -0500] "GET /isolucionsda/FramesetArticulo.asp?Pagina=bancoconocimiento%2FM%2FMANUALDELSISTEMAINTEGRADODEGESTION%5Fv9%2FMANUALDELSISTEMAINTEGRADODEGESTION%5Fv9%2Easp&IdArticulo=7375&Codigo=&Fecha=&Version=&Procedimiento=&cliente= HTTP/1.1" 200 7477
181.50.165.252 - - [22/May/2015:02:21:35 -0500] "GET /isolucionsda/Arriba.asp?Pagina=bancoconocimiento%2FM%2FMANUALDELSISTEMAINTEGRADODEGESTION%5Fv9%2FMANUALDELSISTEMAINTEGRADODEGESTION%5Fv9%2Easp&IdArticulo=7375&Codigo=&Fecha=&Version=&Procedimiento=&cliente= HTTP/1.1" 200 10675
181.50.165.252 - - [22/May/2015:02:21:35 -0500] "GET /isolucionsda/bancoconocimiento/M/MANUALDELSISTEMAINTEGRADODEGESTION_v9/MANUALDELSISTEMAINTEGRADODEGESTION_v9.asp?IdArticulo=7375 HTTP/1.1" 200 101389
181.50.165.252 - - [22/May/2015:02:21:36 -0500] "GET /isolucionsda/bancoconocimiento/M/MANUALDELSISTEMAINTEGRADODEGESTION_v9/img100.jpg HTTP/1.1" 206 1
74.86.158.107 - - [22/May/2015:02:21:37 -0500] "HEAD / HTTP/1.1" 200 -
66.249.73.155 - - [22/May/2015:02:21:37 -0500] "GET /BLA/resoluciones/RESOLUCIONES%202007/RES%202007%201501%20AL%201600/RESOLUCION%201574%20DE%202007.pdf HTTP/1.1" 200 640055
181.50.165.252 - - [22/May/2015:02:21:36 -0500] "GET /isolucionsda/bancoconocimiento/M/MANUALDELSISTEMAINTEGRADODEGESTION_v9/img100.jpg HTTP/1.1" 206 330245
180.76.15.152 - - [22/May/2015:02:21:43 -0500] "GET /BLA/boletinlegal;jsessionid=84CAE05F4B34FF9D78992943E0A4DB07?/? HTTP/1.1" 404 1018
181.50.165.252 - - [22/May/2015:02:21:52 -0500] "GET /isolucionsda//BancoConocimiento/R/Resolucion3055de26Mayo2011AdoptaelManualdelSIG/Resolucion3055de26Mayo2011AdoptaelManualdelSIG.asp HTTP/1.1" 302 179
181.50.165.252 - - [22/May/2015:02:21:53 -0500] "GET /isolucionsda//BancoConocimiento/R/Resolucion3055de26Mayo2011AdoptaelManualdelSIG/resolucion%203055%20de%202011%20adopta%20manual%20sig0.pdf HTTP/1.1" 200 304879
181.50.165.252 - - [22/May/2015:02:21:53 -0500] "GET /isolucionsda//BancoConocimiento/R/Resolucion3055de26Mayo2011AdoptaelManualdelSIG/resolucion%203055%20de%202011%20adopta%20manual%20sig0.pdf HTTP/1.1" 206 32768
180.76.15.7 - - [22/May/2015:02:21:58 -0500] "GET /BLA/resoluciones/AUTOS%202011/0276.pdf HTTP/1.1" 200 142895
181.50.165.252 - - [22/May/2015:02:21:54 -0500] "GET /isolucionsda//BancoConocimiento/R/Resolucion3055de26Mayo2011AdoptaelManualdelSIG/resolucion%203055%20de%202011%20adopta%20manual%20sig0.pdf HTTP/1.1" 206 1159331
180.76.15.163 - - [22/May/2015:02:22:16 -0500] "GET /BLA/resoluciones/RESOLUCIONES%202008/0455.pdf HTTP/1.1" 200 291964
180.76.15.137 - - [22/May/2015:02:22:33 -0500] "GET /BLA/resoluciones/AUTOS%202009/3150.pdf HTTP/1.1" 200 130675
181.50.165.252 - - [22/May/2015:02:22:33 -0500] "GET /isolucionsda/g/Bot_GlosarioOver.jpg HTTP/1.1" 200 1948
181.50.165.252 - - [22/May/2015:02:22:33 -0500] "GET /isolucionsda/g/Bot_AdministradorOver.jpg HTTP/1.1" 200 1630
181.50.165.252 - - [22/May/2015:02:22:36 -0500] "GET /isolucionsda/FrameSetGeneral.asp?Pagina=MagazinHome.asp HTTP/1.1" 200 6578
181.50.165.252 - - [22/May/2015:02:22:36 -0500] "GET /isolucionsda/Encabezado.asp?Pagina=MagazinHome.asp HTTP/1.1" 200 15431
181.50.165.252 - - [22/May/2015:02:22:36 -0500] "GET /isolucionsda/BarraTitulos.asp?Pagina=MagazinHome.asp HTTP/1.1" 200 6972
181.50.165.252 - - [22/May/2015:02:22:36 -0500] "GET /isolucionsda/BarraFavoritos.asp HTTP/1.1" 200 911
181.50.165.252 - - [22/May/2015:02:22:36 -0500] "GET /isolucionsda/Session.asp?Continue=1 HTTP/1.1" 200 6324
181.50.165.252 - - [22/May/2015:02:22:36 -0500] "GET /isolucionsda/MagazinHome.asp?Pagina=MagazinHome.asp HTTP/1.1" 200 27208
181.50.165.252 - - [22/May/2015:02:22:36 -0500] "GET /isolucionsda/TareasSFRedirect.asp HTTP/1.1" 302 195
181.50.165.252 - - [22/May/2015:02:22:36 -0500] "GET /isolucionsda/g/Bgr_Destacado3399CC.jpg HTTP/1.1" 404 5217
181.50.165.252 - - [22/May/2015:02:22:36 -0500] "GET /isolucionsda/Login.aspx?TARGET=SFContainerFiltrado.aspx&number=65515151515169514553 HTTP/1.1" 302 886
181.50.165.252 - - [22/May/2015:02:22:37 -0500] "GET /isolucionsda/SFContainerFiltrado.aspx?Number=65515151515169514553 HTTP/1.1" 200 14314
181.50.165.252 - - [22/May/2015:02:22:38 -0500] "GET /isolucionsda/DetalleTareas.aspx?Number=65515151515169514553 HTTP/1.1" 200 5355
181.50.165.252 - - [22/May/2015:02:22:38 -0500] "GET /isolucionsda/auxlib.js HTTP/1.1" 404 5185
181.50.165.252 - - [22/May/2015:02:22:38 -0500] "GET /isolucionsda/infowndcore.js HTTP/1.1" 404 5195
181.50.165.252 - - [22/May/2015:02:22:38 -0500] "GET /isolucionsda/infowndpublic.js HTTP/1.1" 404 5199
181.50.165.252 - - [22/May/2015:02:22:42 -0500] "GET /isolucionsda/bancoconocimiento/C/CARTILLAISOLUCION/CARTILLAISOLUCION.asp HTTP/1.1" 302 146
181.50.165.252 - - [22/May/2015:02:22:42 -0500] "GET /isolucionsda/bancoconocimiento/C/CARTILLAISOLUCION/cartilla%20isolucion0.pdf HTTP/1.1" 200 284111
181.50.165.252 - - [22/May/2015:02:22:43 -0500] "GET /isolucionsda/bancoconocimiento/C/CARTILLAISOLUCION/cartilla%20isolucion0.pdf HTTP/1.1" 206 32768
180.76.15.150 - - [22/May/2015:02:22:50 -0500] "GET /BLA/resoluciones/RESOLUCIONES%202007/RES%202007%201726%20AL%201800/RESOLUCION%201768%20DE%202007.pdf HTTP/1.1" 200 854928
66.249.73.171 - - [22/May/2015:02:23:05 -0500] "GET /BLA/resoluciones/RESOLUCIONES%202006/RES%202006%202501-2550/00002512.tif HTTP/1.1" 304 -
180.76.15.5 - - [22/May/2015:02:23:08 -0500] "GET /BLA/resoluciones/RESOLUCIONES%202007/RES%202007%201901%20AL%202000/RESOLUCION%201978%20DE%202007.pdf HTTP/1.1" 200 53293
180.76.15.10 - - [22/May/2015:02:23:25 -0500] "GET /BLA/boletinlegal;jsessionid=D6E86A0B1CD7BBB1DE9963677C88A506?/? HTTP/1.1" 404 1018
180.76.15.22 - - [22/May/2015:02:23:42 -0500] "GET /BLA/resoluciones/AUTOS%202013/1461.pdf HTTP/1.1" 200 1589275
180.76.15.7 - - [22/May/2015:02:23:59 -0500] "GET /BLA/resoluciones/RESOLUCIONES%202008/4922.pdf HTTP/1.1" 200 377420
157.55.39.201 - - [22/May/2015:02:24:13 -0500] "GET /bla/resoluciones/RESOLUCIONES%202009/5594.pdf HTTP/1.1" 200 675199
66.249.73.155 - - [22/May/2015:02:24:14 -0500] "GET /BLA/resoluciones/RESOLUCIONES%202007/RES%202007%201201%20AL%201300/RESOLUCION%201256%20DE%202007.pdf HTTP/1.1" 200 380999
180.76.15.7 - - [22/May/2015:02:24:17 -0500] "GET /BLA/resoluciones/RESOLUCIONES%202007/RES%202007%201001%20AL%201100/RESOLUCION%201077%20DE%202007.pdf HTTP/1.1" 200 418662
180.76.15.155 - - [22/May/2015:02:24:34 -0500] "GET /BLA/resoluciones/AUTOS%202013/1129.pdf HTTP/1.1" 200 822870
201.234.75.11 - - [22/May/2015:02:24:38 -0500] "GET /galeria/nivo-slider/demo/images/RdaNegociosFiltros.jpg HTTP/1.1" 304 -
180.76.15.155 - - [22/May/2015:02:24:51 -0500] "GET /BLA/resoluciones/AUTOS%202013/2438.pdf HTTP/1.1" 200 211128
180.76.15.13 - - [22/May/2015:02:25:08 -0500] "GET /BLA/resoluciones/AUTOS%202013/2473.pdf HTTP/1.1" 200 1943423
66.249.73.171 - - [22/May/2015:02:25:11 -0500] "GET /BLA/resoluciones/RESOLUCIONES%202010/4733.pdf HTTP/1.1" 304 -
181.50.165.252 - - [22/May/2015:02:22:43 -0500] "GET /isolucionsda/bancoconocimiento/C/CARTILLAISOLUCION/cartilla%20isolucion0.pdf HTTP/1.1" 206 21856802
180.76.15.139 - - [22/May/2015:02:25:26 -0500] "GET /BLA/resoluciones/RESOLUCIONES%202009/0709.pdf HTTP/1.1" 200 314279
180.76.15.23 - - [22/May/2015:02:25:43 -0500] "GET /BLA/resoluciones/RESOLUCIONES%202007/RES%202007%20701%20AL%20800/RESOLUCION%200705%20DE%202007.pdf HTTP/1.1" 200 1060513
180.76.15.21 - - [22/May/2015:02:26:00 -0500] "GET /BLA/boletinlegal;jsessionid=AB5B998F703144C27F92F00B64D8F9A1?/? HTTP/1.1" 404 1018
180.76.15.33 - - [22/May/2015:02:26:18 -0500] "GET /BLA/resoluciones/RESOLUCIONES%202008/1111.pdf HTTP/1.1" 200 218680
66.249.73.155 - - [22/May/2015:02:26:28 -0500] "GET /BLA/resoluciones/RESOLUCIONES%202011/2975.pdf HTTP/1.1" 200 702152
180.76.15.140 - - [22/May/2015:02:26:35 -0500] "GET /BLA/resoluciones/RESOLUCIONES%202008/0945.pdf HTTP/1.1" 200 587743
74.86.158.107 - - [22/May/2015:02:26:37 -0500] "HEAD / HTTP/1.1" 200 -
180.76.15.32 - - [22/May/2015:02:26:52 -0500] "GET /BLA/resoluciones/AUTOS%202011/1502.pdf HTTP/1.1" 200 142553
180.76.15.155 - - [22/May/2015:02:27:10 -0500] "GET /BLA/boletinlegal;jsessionid=D723B424854942FC6718997F15522DA6?/? HTTP/1.1" 404 1018
66.249.73.171 - - [22/May/2015:02:27:22 -0500] "GET /BLA/resoluciones/AUTOS%202013/2200.pdf HTTP/1.1" 200 542120
66.249.73.155 - - [22/May/2015:02:27:31 -0500] "GET /BLA/resoluciones/RESOLUCIONES%202006/RES%202006%202501-2550/00002520.tif HTTP/1.1" 304 -
180.76.15.161 - - [22/May/2015:02:27:44 -0500] "GET /BLA/resoluciones/RESOLUCIONES%202010/1850.pdf HTTP/1.1" 200 495193
66.249.73.155 - - [22/May/2015:02:27:51 -0500] "GET /BLA/resoluciones/RESOLUCIONES%202009/3816.pdf HTTP/1.1" 200 677877
66.249.73.155 - - [22/May/2015:02:27:57 -0500] "GET /BLA/resoluciones/AUTOS%202013/2320.pdf HTTP/1.1" 200 267115
180.76.15.23 - - [22/May/2015:02:28:01 -0500] "GET /BLA/boletinlegal;jsessionid=E99F7DCCD38FB57AE035DFD7F31F1400?/? HTTP/1.1" 404 1018
66.249.73.171 - - [22/May/2015:02:28:13 -0500] "GET /BLA/resoluciones/AUTOS%202013/2403.pdf HTTP/1.1" 200 967587
180.76.15.135 - - [22/May/2015:02:28:19 -0500] "GET /BLA/resoluciones/AUTOS%202012/2979.pdf HTTP/1.1" 200 283922
66.249.73.163 - - [22/May/2015:02:28:35 -0500] "GET /BLA/resoluciones/RESOLUCIONES%202007/RES%202007%202701%20AL%202800/RESOLUCION%202765%20DE%202007.pdf HTTP/1.1" 200 219405
180.76.15.34 - - [22/May/2015:02:28:36 -0500] "GET /BLA/resoluciones/AUTOS%202009/2853.pdf HTTP/1.1" 200 71891
190.252.152.228 - - [22/May/2015:02:28:37 -0500] "GET /galeria/galeria/jquery.fancybox.js?v=2.1.5 HTTP/1.1" 304 -
190.252.152.228 - - [22/May/2015:02:28:37 -0500] "GET /galeria/galeria/jquery.fancybox.css?v=2.1.5 HTTP/1.1" 304 -
190.252.152.228 - - [22/May/2015:02:28:40 -0500] "GET /BLA/boletinlegal/js/jquery.scrollTo-min.js HTTP/1.1" 200 1150
190.252.152.228 - - [22/May/2015:02:28:40 -0500] "GET /BLA/boletinlegal/js/jquery.scrollShow.js HTTP/1.1" 200 4586
190.252.152.228 - - [22/May/2015:02:28:40 -0500] "GET /galeria/galeria/jquery.fancybox.js?v=2.1.5 HTTP/1.1" 200 48706
190.252.152.228 - - [22/May/2015:02:28:40 -0500] "GET /galeria/galeria/jquery.fancybox.css?v=2.1.5 HTTP/1.1" 200 4895
66.249.73.155 - - [22/May/2015:02:28:46 -0500] "GET /BLA/resoluciones/RESOLUCIONES%202007/RES%202007%204101%20AL%204200/RESOLUCION%204168%20DE%202007.pdf HTTP/1.1" 200 370592
180.76.15.30 - - [22/May/2015:02:28:53 -0500] "GET /BLA/resoluciones/AUTOS%202012/0955.pdf HTTP/1.1" 200 172016
66.249.73.155 - - [22/May/2015:02:29:04 -0500] "GET /BLA/resoluciones/RESOLUCIONES%202011/2626.pdf HTTP/1.1" 200 509209
180.76.15.15 - - [22/May/2015:02:29:11 -0500] "GET /BLA/resoluciones/RESOLUCIONES%202009/1684.pdf HTTP/1.1" 200 565906
180.76.15.152 - - [22/May/2015:02:29:28 -0500] "GET /BLA/resoluciones/AUTOS%202009/2648.pdf HTTP/1.1" 200 72012
180.76.15.13 - - [22/May/2015:02:29:45 -0500] "GET /BLA/resoluciones/AUTOS%202010/5403.pdf HTTP/1.1" 200 1467681
180.76.15.141 - - [22/May/2015:02:30:02 -0500] "GET /BLA/boletinlegal;jsessionid=5B7AA99EC115C3E977EAFA1C19122897?/? HTTP/1.1" 404 1018
180.76.15.136 - - [22/May/2015:02:30:20 -0500] "GET /BLA/resoluciones/AUTOS%202012/1215.pdf HTTP/1.1" 200 183853
180.76.15.139 - - [22/May/2015:02:30:37 -0500] "GET /BLA/resoluciones/RESOLUCIONES%202010/0810.pdf HTTP/1.1" 200 107430
180.76.15.7 - - [22/May/2015:02:30:54 -0500] "GET /BLA/resoluciones/AUTOS%202013/0173.pdf HTTP/1.1" 200 441318
180.76.15.29 - - [22/May/2015:02:31:11 -0500] "GET /BLA/resoluciones/RESOLUCIONES%202007/RES%202007%20401%20AL%20500/RESOLUCION%200498%20DE%202007.pdf HTTP/1.1" 200 657655
180.76.15.134 - - [22/May/2015:02:31:29 -0500] "GET /BLA/resoluciones/AUTOS%202010/2363.pdf HTTP/1.1" 200 78840
66.249.73.163 - - [22/May/2015:02:31:31 -0500] "GET /BLA/resoluciones/AUTOS%202008/3346.pdf HTTP/1.1" 200 63715
74.86.158.107 - - [22/May/2015:02:31:37 -0500] "HEAD / HTTP/1.1" 200 -
180.76.15.153 - - [22/May/2015:02:31:46 -0500] "GET /BLA/resoluciones/RESOLUCIONES%202007/RES%202007%204301%20AL%204352/RESOLUCION%204341%20%20DE%202007.pdf HTTP/1.1" 200 649965
66.249.73.163 - - [22/May/2015:02:31:58 -0500] "GET /BLA/resoluciones/RESOLUCIONES%202006/RES%202006%202501-2550/00002547.tif HTTP/1.1" 304 -
180.76.15.7 - - [22/May/2015:02:32:03 -0500] "GET /BLA/resoluciones/RESOLUCIONES%202007/RES%202007%202601%20AL%202700/RESOLUCION%202613%20%20DE%202007.pdf HTTP/1.1" 200 140987
66.249.73.155 - - [22/May/2015:02:32:28 -0500] "GET /BLA/resoluciones/AUTOS%202006/AUTOS%202006%20701-800/00000756.tif HTTP/1.1" 200 156684
