186.84.48.226 - - [23/May/2015:11:13:36 -0500] "POST /forms/lservlet;jsessionid=ac16012b30d6056a262c314c4d03aa20de9b42f38786.e3iSbxaKaheRe3eNbhaPbhuQa41ynknvrkLOlQzNp65In0 HTTP/1.1" 200 2
186.84.48.226 - - [23/May/2015:11:13:36 -0500] "POST /forms/lservlet;jsessionid=ac16012b30d6056a262c314c4d03aa20de9b42f38786.e3iSbxaKaheRe3eNbhaPbhuQa41ynknvrkLOlQzNp65In0 HTTP/1.1" 200 2
201.185.18.134 - - [23/May/2015:11:13:37 -0500] "GET /galeria/galeria/jquery.fancybox.css?v=2.1.5 HTTP/1.1" 200 4895
201.185.18.134 - - [23/May/2015:11:13:37 -0500] "GET /BLA/boletinlegal/js/jquery.scrollTo-min.js HTTP/1.1" 200 1150
201.185.18.134 - - [23/May/2015:11:13:37 -0500] "GET /galeria/galeria/jquery.fancybox.js?v=2.1.5 HTTP/1.1" 200 48706
201.185.18.134 - - [23/May/2015:11:13:37 -0500] "GET /BLA/boletinlegal/js/jquery.scrollShow.js HTTP/1.1" 200 4586
186.84.48.226 - - [23/May/2015:11:13:37 -0500] "POST /forms/lservlet;jsessionid=ac16012b30d6056a262c314c4d03aa20de9b42f38786.e3iSbxaKaheRe3eNbhaPbhuQa41ynknvrkLOlQzNp65In0 HTTP/1.1" 200 2841
186.84.48.226 - - [23/May/2015:11:13:37 -0500] "POST /forms/lservlet;jsessionid=ac16012b30d6056a262c314c4d03aa20de9b42f38786.e3iSbxaKaheRe3eNbhaPbhuQa41ynknvrkLOlQzNp65In0 HTTP/1.1" 200 2
190.26.105.193 - - [23/May/2015:11:13:38 -0500] "GET /galeria/nivo-slider/demo/demo.html HTTP/1.1" 200 5017
190.26.105.193 - - [23/May/2015:11:13:39 -0500] "GET /galeria/nivo-slider/themes/default/default.css HTTP/1.1" 200 1569
190.26.105.193 - - [23/May/2015:11:13:39 -0500] "GET /galeria/nivo-slider/themes/pascal/pascal.css HTTP/1.1" 200 2258
186.84.48.226 - - [23/May/2015:11:13:39 -0500] "POST /forms/lservlet;jsessionid=ac16012b30d6056a262c314c4d03aa20de9b42f38786.e3iSbxaKaheRe3eNbhaPbhuQa41ynknvrkLOlQzNp65In0 HTTP/1.1" 200 2455
190.26.105.193 - - [23/May/2015:11:13:39 -0500] "GET /galeria/nivo-slider/themes/orman/orman.css HTTP/1.1" 200 2152
190.26.105.193 - - [23/May/2015:11:13:39 -0500] "GET /galeria/nivo-slider/nivo-slider.css HTTP/1.1" 200 1507
190.26.105.193 - - [23/May/2015:11:13:39 -0500] "GET /galeria/nivo-slider/demo/style.css HTTP/1.1" 200 2222
190.26.105.193 - - [23/May/2015:11:13:39 -0500] "GET /galeria/nivo-slider/demo/images/9Signos.jpg HTTP/1.1" 200 81776
190.26.105.193 - - [23/May/2015:11:13:39 -0500] "GET /galeria/nivo-slider/demo/scripts/jquery-1.7.1.min.js HTTP/1.1" 200 93868
190.26.105.193 - - [23/May/2015:11:13:39 -0500] "GET /galeria/nivo-slider/jquery.nivo.slider.pack.js HTTP/1.1" 200 11561
190.26.105.193 - - [23/May/2015:11:13:39 -0500] "GET /galeria/nivo-slider/demo/images/GAE-banner.jpg HTTP/1.1" 200 97208
190.26.105.193 - - [23/May/2015:11:13:39 -0500] "GET /galeria/nivo-slider/demo/images/Comparendo-ambiental-Banner.jpg HTTP/1.1" 200 83731
190.26.105.193 - - [23/May/2015:11:13:39 -0500] "GET /galeria/nivo-slider/demo/images/Banner-encuesta-de-percepscio.jpg HTTP/1.1" 200 201899
190.26.105.193 - - [23/May/2015:11:13:39 -0500] "GET /galeria/nivo-slider/demo/images/capacitaciones-de-ecourbanismo.jpg HTTP/1.1" 200 191490
190.26.105.193 - - [23/May/2015:11:13:39 -0500] "GET /galeria/nivo-slider/demo/images/banner-Pacto-por-la-madera.jpg HTTP/1.1" 200 209966
190.26.105.193 - - [23/May/2015:11:13:39 -0500] "GET /galeria/nivo-slider/demo/images/Banner-salud.jpg HTTP/1.1" 200 181685
181.53.15.18 - - [23/May/2015:11:13:39 -0500] "GET /galeria/galeria/jquery.fancybox.css?v=2.1.5 HTTP/1.1" 304 -
181.53.15.18 - - [23/May/2015:11:13:39 -0500] "GET /galeria/galeria/jquery.fancybox.js?v=2.1.5 HTTP/1.1" 304 -
181.53.15.18 - - [23/May/2015:11:13:39 -0500] "GET /BLA/boletinlegal/js/jquery.scrollShow.js HTTP/1.1" 304 -
181.53.15.18 - - [23/May/2015:11:13:39 -0500] "GET /BLA/boletinlegal/js/jquery.scrollTo-min.js HTTP/1.1" 304 -
190.26.105.193 - - [23/May/2015:11:13:40 -0500] "GET /galeria/nivo-slider/demo/images/mailling-acercar-xpress.jpg HTTP/1.1" 200 137233
190.26.105.193 - - [23/May/2015:11:13:40 -0500] "GET /galeria/nivo-slider/demo/images/acuerdo_569.jpg HTTP/1.1" 200 62670
190.26.105.193 - - [23/May/2015:11:13:40 -0500] "GET /galeria/nivo-slider/demo/images/Licitaciones-proyecto-paramo.jpg HTTP/1.1" 200 221877
190.26.105.193 - - [23/May/2015:11:13:40 -0500] "GET /galeria/nivo-slider/demo/images/4Simple_Slider.png HTTP/1.1" 200 11722
190.26.105.193 - - [23/May/2015:11:13:40 -0500] "GET /galeria/nivo-slider/themes/default/loading.gif HTTP/1.1" 200 1737
190.26.105.193 - - [23/May/2015:11:13:40 -0500] "GET /galeria/nivo-slider/demo/images/Banner-decreto1299.jpg HTTP/1.1" 200 182613
186.84.48.226 - - [23/May/2015:11:13:40 -0500] "POST /forms/lservlet;jsessionid=ac16012b30d6056a262c314c4d03aa20de9b42f38786.e3iSbxaKaheRe3eNbhaPbhuQa41ynknvrkLOlQzNp65In0 HTTP/1.1" 200 19
186.84.48.226 - - [23/May/2015:11:13:40 -0500] "POST /forms/lservlet;jsessionid=ac16012b30d6056a262c314c4d03aa20de9b42f38786.e3iSbxaKaheRe3eNbhaPbhuQa41ynknvrkLOlQzNp65In0 HTTP/1.1" 200 8
186.84.48.226 - - [23/May/2015:11:13:40 -0500] "POST /forms/lservlet;jsessionid=ac16012b30d6056a262c314c4d03aa20de9b42f38786.e3iSbxaKaheRe3eNbhaPbhuQa41ynknvrkLOlQzNp65In0 HTTP/1.1" 200 2
190.26.105.193 - - [23/May/2015:11:13:40 -0500] "GET /galeria/nivo-slider/demo/images/Ruta-vertimientos-01.jpg HTTP/1.1" 200 130151
190.26.105.193 - - [23/May/2015:11:13:41 -0500] "GET /galeria/nivo-slider/demo/images/bolsas-06.jpg HTTP/1.1" 200 90982
190.26.105.193 - - [23/May/2015:11:13:41 -0500] "GET /galeria/nivo-slider/demo/images/ecolecta-Dic2014.png HTTP/1.1" 200 288593
190.26.105.193 - - [23/May/2015:11:13:41 -0500] "GET /galeria/nivo-slider/demo/images/Banner-Caracol-Africano.jpg HTTP/1.1" 200 331986
190.26.105.193 - - [23/May/2015:11:13:41 -0500] "GET /galeria/nivo-slider/demo/images/Conoce-los-humedales.jpg HTTP/1.1" 200 294036
190.26.105.193 - - [23/May/2015:11:13:41 -0500] "GET /galeria/nivo-slider/demo/images/Banner-Directorio.jpg HTTP/1.1" 200 182068
190.26.105.193 - - [23/May/2015:11:13:41 -0500] "GET /galeria/nivo-slider/demo/images/banner-llantas2.jpg HTTP/1.1" 200 204644
190.26.105.193 - - [23/May/2015:11:13:44 -0500] "GET /galeria/nivo-slider/themes/default/arrows.png HTTP/1.1" 200 824
190.26.105.193 - - [23/May/2015:11:13:44 -0500] "GET /galeria/nivo-slider/themes/default/bullets.png HTTP/1.1" 200 1281
186.84.48.226 - - [23/May/2015:11:13:49 -0500] "POST /forms/lservlet;jsessionid=ac16012b30d6056a262c314c4d03aa20de9b42f38786.e3iSbxaKaheRe3eNbhaPbhuQa41ynknvrkLOlQzNp65In0 HTTP/1.1" 200 24
186.84.48.226 - - [23/May/2015:11:13:50 -0500] "POST /forms/lservlet;jsessionid=ac16012b30d6056a262c314c4d03aa20de9b42f38786.e3iSbxaKaheRe3eNbhaPbhuQa41ynknvrkLOlQzNp65In0 HTTP/1.1" 200 4693
186.84.48.226 - - [23/May/2015:11:13:50 -0500] "POST /forms/lservlet;jsessionid=ac16012b30d6056a262c314c4d03aa20de9b42f38786.e3iSbxaKaheRe3eNbhaPbhuQa41ynknvrkLOlQzNp65In0 HTTP/1.1" 200 20
186.84.48.226 - - [23/May/2015:11:13:52 -0500] "POST /forms/lservlet;jsessionid=ac16012b30d6056a262c314c4d03aa20de9b42f38786.e3iSbxaKaheRe3eNbhaPbhuQa41ynknvrkLOlQzNp65In0 HTTP/1.1" 200 2
186.84.48.226 - - [23/May/2015:11:13:52 -0500] "POST /forms/lservlet;jsessionid=ac16012b30d6056a262c314c4d03aa20de9b42f38786.e3iSbxaKaheRe3eNbhaPbhuQa41ynknvrkLOlQzNp65In0 HTTP/1.1" 200 2997
186.84.48.226 - - [23/May/2015:11:13:53 -0500] "POST /forms/lservlet;jsessionid=ac16012b30d6056a262c314c4d03aa20de9b42f38786.e3iSbxaKaheRe3eNbhaPbhuQa41ynknvrkLOlQzNp65In0 HTTP/1.1" 200 2
186.84.48.226 - - [23/May/2015:11:13:53 -0500] "POST /forms/lservlet;jsessionid=ac16012b30d6056a262c314c4d03aa20de9b42f38786.e3iSbxaKaheRe3eNbhaPbhuQa41ynknvrkLOlQzNp65In0 HTTP/1.1" 200 2
186.84.48.226 - - [23/May/2015:11:13:53 -0500] "POST /forms/lservlet;jsessionid=ac16012b30d6056a262c314c4d03aa20de9b42f38786.e3iSbxaKaheRe3eNbhaPbhuQa41ynknvrkLOlQzNp65In0 HTTP/1.1" 200 3305
186.84.48.226 - - [23/May/2015:11:13:54 -0500] "POST /forms/lservlet;jsessionid=ac16012b30d6056a262c314c4d03aa20de9b42f38786.e3iSbxaKaheRe3eNbhaPbhuQa41ynknvrkLOlQzNp65In0 HTTP/1.1" 200 2
186.84.48.226 - - [23/May/2015:11:13:54 -0500] "POST /forms/lservlet;jsessionid=ac16012b30d6056a262c314c4d03aa20de9b42f38786.e3iSbxaKaheRe3eNbhaPbhuQa41ynknvrkLOlQzNp65In0 HTTP/1.1" 200 2
186.84.48.226 - - [23/May/2015:11:13:54 -0500] "POST /forms/lservlet;jsessionid=ac16012b30d6056a262c314c4d03aa20de9b42f38786.e3iSbxaKaheRe3eNbhaPbhuQa41ynknvrkLOlQzNp65In0 HTTP/1.1" 200 3049
186.84.48.226 - - [23/May/2015:11:13:55 -0500] "POST /forms/lservlet;jsessionid=ac16012b30d6056a262c314c4d03aa20de9b42f38786.e3iSbxaKaheRe3eNbhaPbhuQa41ynknvrkLOlQzNp65In0 HTTP/1.1" 200 2
186.84.48.226 - - [23/May/2015:11:13:55 -0500] "POST /forms/lservlet;jsessionid=ac16012b30d6056a262c314c4d03aa20de9b42f38786.e3iSbxaKaheRe3eNbhaPbhuQa41ynknvrkLOlQzNp65In0 HTTP/1.1" 200 2
186.84.48.226 - - [23/May/2015:11:13:55 -0500] "POST /forms/lservlet;jsessionid=ac16012b30d6056a262c314c4d03aa20de9b42f38786.e3iSbxaKaheRe3eNbhaPbhuQa41ynknvrkLOlQzNp65In0 HTTP/1.1" 200 3200
186.84.48.226 - - [23/May/2015:11:13:56 -0500] "POST /forms/lservlet;jsessionid=ac16012b30d6056a262c314c4d03aa20de9b42f38786.e3iSbxaKaheRe3eNbhaPbhuQa41ynknvrkLOlQzNp65In0 HTTP/1.1" 200 2
186.84.48.226 - - [23/May/2015:11:13:56 -0500] "POST /forms/lservlet;jsessionid=ac16012b30d6056a262c314c4d03aa20de9b42f38786.e3iSbxaKaheRe3eNbhaPbhuQa41ynknvrkLOlQzNp65In0 HTTP/1.1" 200 2
186.84.48.226 - - [23/May/2015:11:13:56 -0500] "POST /forms/lservlet;jsessionid=ac16012b30d6056a262c314c4d03aa20de9b42f38786.e3iSbxaKaheRe3eNbhaPbhuQa41ynknvrkLOlQzNp65In0 HTTP/1.1" 200 3009
186.84.48.226 - - [23/May/2015:11:13:57 -0500] "POST /forms/lservlet;jsessionid=ac16012b30d6056a262c314c4d03aa20de9b42f38786.e3iSbxaKaheRe3eNbhaPbhuQa41ynknvrkLOlQzNp65In0 HTTP/1.1" 200 2
186.84.48.226 - - [23/May/2015:11:13:57 -0500] "POST /forms/lservlet;jsessionid=ac16012b30d6056a262c314c4d03aa20de9b42f38786.e3iSbxaKaheRe3eNbhaPbhuQa41ynknvrkLOlQzNp65In0 HTTP/1.1" 200 2
186.84.48.226 - - [23/May/2015:11:13:57 -0500] "POST /forms/lservlet;jsessionid=ac16012b30d6056a262c314c4d03aa20de9b42f38786.e3iSbxaKaheRe3eNbhaPbhuQa41ynknvrkLOlQzNp65In0 HTTP/1.1" 200 2844
186.84.48.226 - - [23/May/2015:11:13:58 -0500] "POST /forms/lservlet;jsessionid=ac16012b30d6056a262c314c4d03aa20de9b42f38786.e3iSbxaKaheRe3eNbhaPbhuQa41ynknvrkLOlQzNp65In0 HTTP/1.1" 200 2
186.84.48.226 - - [23/May/2015:11:13:58 -0500] "POST /forms/lservlet;jsessionid=ac16012b30d6056a262c314c4d03aa20de9b42f38786.e3iSbxaKaheRe3eNbhaPbhuQa41ynknvrkLOlQzNp65In0 HTTP/1.1" 200 2
186.84.48.226 - - [23/May/2015:11:13:58 -0500] "POST /forms/lservlet;jsessionid=ac16012b30d6056a262c314c4d03aa20de9b42f38786.e3iSbxaKaheRe3eNbhaPbhuQa41ynknvrkLOlQzNp65In0 HTTP/1.1" 200 3136
186.84.48.226 - - [23/May/2015:11:13:59 -0500] "POST /forms/lservlet;jsessionid=ac16012b30d6056a262c314c4d03aa20de9b42f38786.e3iSbxaKaheRe3eNbhaPbhuQa41ynknvrkLOlQzNp65In0 HTTP/1.1" 200 2
186.84.48.226 - - [23/May/2015:11:14:00 -0500] "POST /forms/lservlet;jsessionid=ac16012b30d6056a262c314c4d03aa20de9b42f38786.e3iSbxaKaheRe3eNbhaPbhuQa41ynknvrkLOlQzNp65In0 HTTP/1.1" 200 2
186.84.48.226 - - [23/May/2015:11:14:00 -0500] "POST /forms/lservlet;jsessionid=ac16012b30d6056a262c314c4d03aa20de9b42f38786.e3iSbxaKaheRe3eNbhaPbhuQa41ynknvrkLOlQzNp65In0 HTTP/1.1" 200 2793
186.84.48.226 - - [23/May/2015:11:14:00 -0500] "POST /forms/lservlet;jsessionid=ac16012b30d6056a262c314c4d03aa20de9b42f38786.e3iSbxaKaheRe3eNbhaPbhuQa41ynknvrkLOlQzNp65In0 HTTP/1.1" 200 2
186.84.48.226 - - [23/May/2015:11:14:01 -0500] "POST /forms/lservlet;jsessionid=ac16012b30d6056a262c314c4d03aa20de9b42f38786.e3iSbxaKaheRe3eNbhaPbhuQa41ynknvrkLOlQzNp65In0 HTTP/1.1" 200 2
186.84.48.226 - - [23/May/2015:11:14:01 -0500] "POST /forms/lservlet;jsessionid=ac16012b30d6056a262c314c4d03aa20de9b42f38786.e3iSbxaKaheRe3eNbhaPbhuQa41ynknvrkLOlQzNp65In0 HTTP/1.1" 200 2999
186.84.48.226 - - [23/May/2015:11:14:01 -0500] "POST /forms/lservlet;jsessionid=ac16012b30d6056a262c314c4d03aa20de9b42f38786.e3iSbxaKaheRe3eNbhaPbhuQa41ynknvrkLOlQzNp65In0 HTTP/1.1" 200 2
186.84.48.226 - - [23/May/2015:11:14:01 -0500] "POST /forms/lservlet;jsessionid=ac16012b30d6056a262c314c4d03aa20de9b42f38786.e3iSbxaKaheRe3eNbhaPbhuQa41ynknvrkLOlQzNp65In0 HTTP/1.1" 200 2
186.84.48.226 - - [23/May/2015:11:14:02 -0500] "POST /forms/lservlet;jsessionid=ac16012b30d6056a262c314c4d03aa20de9b42f38786.e3iSbxaKaheRe3eNbhaPbhuQa41ynknvrkLOlQzNp65In0 HTTP/1.1" 200 2793
186.84.48.226 - - [23/May/2015:11:14:02 -0500] "POST /forms/lservlet;jsessionid=ac16012b30d6056a262c314c4d03aa20de9b42f38786.e3iSbxaKaheRe3eNbhaPbhuQa41ynknvrkLOlQzNp65In0 HTTP/1.1" 200 2
186.84.48.226 - - [23/May/2015:11:14:02 -0500] "POST /forms/lservlet;jsessionid=ac16012b30d6056a262c314c4d03aa20de9b42f38786.e3iSbxaKaheRe3eNbhaPbhuQa41ynknvrkLOlQzNp65In0 HTTP/1.1" 200 2
186.84.48.226 - - [23/May/2015:11:14:02 -0500] "POST /forms/lservlet;jsessionid=ac16012b30d6056a262c314c4d03aa20de9b42f38786.e3iSbxaKaheRe3eNbhaPbhuQa41ynknvrkLOlQzNp65In0 HTTP/1.1" 200 2667
186.84.48.226 - - [23/May/2015:11:14:03 -0500] "POST /forms/lservlet;jsessionid=ac16012b30d6056a262c314c4d03aa20de9b42f38786.e3iSbxaKaheRe3eNbhaPbhuQa41ynknvrkLOlQzNp65In0 HTTP/1.1" 200 2
186.84.48.226 - - [23/May/2015:11:14:03 -0500] "POST /forms/lservlet;jsessionid=ac16012b30d6056a262c314c4d03aa20de9b42f38786.e3iSbxaKaheRe3eNbhaPbhuQa41ynknvrkLOlQzNp65In0 HTTP/1.1" 200 2
186.84.48.226 - - [23/May/2015:11:14:03 -0500] "POST /forms/lservlet;jsessionid=ac16012b30d6056a262c314c4d03aa20de9b42f38786.e3iSbxaKaheRe3eNbhaPbhuQa41ynknvrkLOlQzNp65In0 HTTP/1.1" 200 3289
186.84.48.226 - - [23/May/2015:11:14:04 -0500] "POST /forms/lservlet;jsessionid=ac16012b30d6056a262c314c4d03aa20de9b42f38786.e3iSbxaKaheRe3eNbhaPbhuQa41ynknvrkLOlQzNp65In0 HTTP/1.1" 200 2
186.84.48.226 - - [23/May/2015:11:14:04 -0500] "POST /forms/lservlet;jsessionid=ac16012b30d6056a262c314c4d03aa20de9b42f38786.e3iSbxaKaheRe3eNbhaPbhuQa41ynknvrkLOlQzNp65In0 HTTP/1.1" 200 2
186.84.48.226 - - [23/May/2015:11:14:04 -0500] "POST /forms/lservlet;jsessionid=ac16012b30d6056a262c314c4d03aa20de9b42f38786.e3iSbxaKaheRe3eNbhaPbhuQa41ynknvrkLOlQzNp65In0 HTTP/1.1" 200 2795
186.84.48.226 - - [23/May/2015:11:14:05 -0500] "POST /forms/lservlet;jsessionid=ac16012b30d6056a262c314c4d03aa20de9b42f38786.e3iSbxaKaheRe3eNbhaPbhuQa41ynknvrkLOlQzNp65In0 HTTP/1.1" 200 2
201.185.18.134 - - [23/May/2015:11:14:05 -0500] "GET /BLA/boletinlegal/js/jquery.scrollTo-min.js HTTP/1.1" 304 -
201.185.18.134 - - [23/May/2015:11:14:05 -0500] "GET /galeria/galeria/jquery.fancybox.js?v=2.1.5 HTTP/1.1" 304 -
201.185.18.134 - - [23/May/2015:11:14:05 -0500] "GET /galeria/galeria/jquery.fancybox.css?v=2.1.5 HTTP/1.1" 304 -
201.185.18.134 - - [23/May/2015:11:14:05 -0500] "GET /BLA/boletinlegal/js/jquery.scrollShow.js HTTP/1.1" 304 -
186.84.48.226 - - [23/May/2015:11:14:05 -0500] "POST /forms/lservlet;jsessionid=ac16012b30d6056a262c314c4d03aa20de9b42f38786.e3iSbxaKaheRe3eNbhaPbhuQa41ynknvrkLOlQzNp65In0 HTTP/1.1" 200 2
186.84.48.226 - - [23/May/2015:11:14:05 -0500] "POST /forms/lservlet;jsessionid=ac16012b30d6056a262c314c4d03aa20de9b42f38786.e3iSbxaKaheRe3eNbhaPbhuQa41ynknvrkLOlQzNp65In0 HTTP/1.1" 200 2430
186.84.48.226 - - [23/May/2015:11:14:06 -0500] "POST /forms/lservlet;jsessionid=ac16012b30d6056a262c314c4d03aa20de9b42f38786.e3iSbxaKaheRe3eNbhaPbhuQa41ynknvrkLOlQzNp65In0 HTTP/1.1" 200 2
186.84.48.226 - - [23/May/2015:11:14:06 -0500] "POST /forms/lservlet;jsessionid=ac16012b30d6056a262c314c4d03aa20de9b42f38786.e3iSbxaKaheRe3eNbhaPbhuQa41ynknvrkLOlQzNp65In0 HTTP/1.1" 200 2
186.84.48.226 - - [23/May/2015:11:14:06 -0500] "POST /forms/lservlet;jsessionid=ac16012b30d6056a262c314c4d03aa20de9b42f38786.e3iSbxaKaheRe3eNbhaPbhuQa41ynknvrkLOlQzNp65In0 HTTP/1.1" 200 2209
186.84.48.226 - - [23/May/2015:11:14:07 -0500] "POST /forms/lservlet;jsessionid=ac16012b30d6056a262c314c4d03aa20de9b42f38786.e3iSbxaKaheRe3eNbhaPbhuQa41ynknvrkLOlQzNp65In0 HTTP/1.1" 200 2
186.84.48.226 - - [23/May/2015:11:14:07 -0500] "POST /forms/lservlet;jsessionid=ac16012b30d6056a262c314c4d03aa20de9b42f38786.e3iSbxaKaheRe3eNbhaPbhuQa41ynknvrkLOlQzNp65In0 HTTP/1.1" 200 2
186.84.48.226 - - [23/May/2015:11:14:07 -0500] "POST /forms/lservlet;jsessionid=ac16012b30d6056a262c314c4d03aa20de9b42f38786.e3iSbxaKaheRe3eNbhaPbhuQa41ynknvrkLOlQzNp65In0 HTTP/1.1" 200 2286
186.84.48.226 - - [23/May/2015:11:14:08 -0500] "POST /forms/lservlet;jsessionid=ac16012b30d6056a262c314c4d03aa20de9b42f38786.e3iSbxaKaheRe3eNbhaPbhuQa41ynknvrkLOlQzNp65In0 HTTP/1.1" 200 2
186.29.114.54 - - [23/May/2015:11:14:08 -0500] "GET /forest/session.jsp?a=0.4646887395065278 HTTP/1.1" 200 4
186.84.48.226 - - [23/May/2015:11:14:08 -0500] "POST /forms/lservlet;jsessionid=ac16012b30d6056a262c314c4d03aa20de9b42f38786.e3iSbxaKaheRe3eNbhaPbhuQa41ynknvrkLOlQzNp65In0 HTTP/1.1" 200 2
186.84.48.226 - - [23/May/2015:11:14:08 -0500] "POST /forms/lservlet;jsessionid=ac16012b30d6056a262c314c4d03aa20de9b42f38786.e3iSbxaKaheRe3eNbhaPbhuQa41ynknvrkLOlQzNp65In0 HTTP/1.1" 200 3480
186.84.48.226 - - [23/May/2015:11:14:08 -0500] "POST /forms/lservlet;jsessionid=ac16012b30d6056a262c314c4d03aa20de9b42f38786.e3iSbxaKaheRe3eNbhaPbhuQa41ynknvrkLOlQzNp65In0 HTTP/1.1" 200 2
66.249.67.107 - - [23/May/2015:11:14:08 -0500] "GET /BLA/resoluciones/RESOLUCIONES%202009/7995.pdf HTTP/1.1" 200 120124
186.84.48.226 - - [23/May/2015:11:14:09 -0500] "POST /forms/lservlet;jsessionid=ac16012b30d6056a262c314c4d03aa20de9b42f38786.e3iSbxaKaheRe3eNbhaPbhuQa41ynknvrkLOlQzNp65In0 HTTP/1.1" 200 2
180.76.15.144 - - [23/May/2015:11:14:09 -0500] "GET /BLA/boletinlegal;jsessionid=599B496E8FA5FFEC0960CC2B10774F71?/? HTTP/1.1" 404 1018
186.84.48.226 - - [23/May/2015:11:14:09 -0500] "POST /forms/lservlet;jsessionid=ac16012b30d6056a262c314c4d03aa20de9b42f38786.e3iSbxaKaheRe3eNbhaPbhuQa41ynknvrkLOlQzNp65In0 HTTP/1.1" 200 3571
186.84.48.226 - - [23/May/2015:11:14:09 -0500] "POST /forms/lservlet;jsessionid=ac16012b30d6056a262c314c4d03aa20de9b42f38786.e3iSbxaKaheRe3eNbhaPbhuQa41ynknvrkLOlQzNp65In0 HTTP/1.1" 200 2
186.84.48.226 - - [23/May/2015:11:14:10 -0500] "POST /forms/lservlet;jsessionid=ac16012b30d6056a262c314c4d03aa20de9b42f38786.e3iSbxaKaheRe3eNbhaPbhuQa41ynknvrkLOlQzNp65In0 HTTP/1.1" 200 2
186.84.48.226 - - [23/May/2015:11:14:10 -0500] "POST /forms/lservlet;jsessionid=ac16012b30d6056a262c314c4d03aa20de9b42f38786.e3iSbxaKaheRe3eNbhaPbhuQa41ynknvrkLOlQzNp65In0 HTTP/1.1" 200 3170
186.84.48.226 - - [23/May/2015:11:14:10 -0500] "POST /forms/lservlet;jsessionid=ac16012b30d6056a262c314c4d03aa20de9b42f38786.e3iSbxaKaheRe3eNbhaPbhuQa41ynknvrkLOlQzNp65In0 HTTP/1.1" 200 2
186.84.48.226 - - [23/May/2015:11:14:11 -0500] "POST /forms/lservlet;jsessionid=ac16012b30d6056a262c314c4d03aa20de9b42f38786.e3iSbxaKaheRe3eNbhaPbhuQa41ynknvrkLOlQzNp65In0 HTTP/1.1" 200 2
186.84.48.226 - - [23/May/2015:11:14:11 -0500] "POST /forms/lservlet;jsessionid=ac16012b30d6056a262c314c4d03aa20de9b42f38786.e3iSbxaKaheRe3eNbhaPbhuQa41ynknvrkLOlQzNp65In0 HTTP/1.1" 200 2954
186.84.48.226 - - [23/May/2015:11:14:12 -0500] "POST /forms/lservlet;jsessionid=ac16012b30d6056a262c314c4d03aa20de9b42f38786.e3iSbxaKaheRe3eNbhaPbhuQa41ynknvrkLOlQzNp65In0 HTTP/1.1" 200 2
190.26.105.193 - - [23/May/2015:11:14:17 -0500] "GET /BLA/boletinlegal/js/jquery.scrollTo-min.js HTTP/1.1" 200 1150
190.26.105.193 - - [23/May/2015:11:14:17 -0500] "GET /BLA/boletinlegal/js/jquery.scrollShow.js HTTP/1.1" 200 4586
190.26.105.193 - - [23/May/2015:11:14:17 -0500] "GET /galeria/galeria/jquery.fancybox.js?v=2.1.5 HTTP/1.1" 200 48706
190.26.105.193 - - [23/May/2015:11:14:17 -0500] "GET /galeria/galeria/jquery.fancybox.css?v=2.1.5 HTTP/1.1" 200 4895
186.84.48.226 - - [23/May/2015:11:14:19 -0500] "POST /forms/lservlet;jsessionid=ac16012b30d6056a262c314c4d03aa20de9b42f38786.e3iSbxaKaheRe3eNbhaPbhuQa41ynknvrkLOlQzNp65In0 HTTP/1.1" 200 2
186.84.48.226 - - [23/May/2015:11:14:19 -0500] "POST /forms/lservlet;jsessionid=ac16012b30d6056a262c314c4d03aa20de9b42f38786.e3iSbxaKaheRe3eNbhaPbhuQa41ynknvrkLOlQzNp65In0 HTTP/1.1" 200 3016
186.84.48.226 - - [23/May/2015:11:14:19 -0500] "POST /forms/lservlet;jsessionid=ac16012b30d6056a262c314c4d03aa20de9b42f38786.e3iSbxaKaheRe3eNbhaPbhuQa41ynknvrkLOlQzNp65In0 HTTP/1.1" 200 2
186.84.48.226 - - [23/May/2015:11:14:20 -0500] "POST /forms/lservlet;jsessionid=ac16012b30d6056a262c314c4d03aa20de9b42f38786.e3iSbxaKaheRe3eNbhaPbhuQa41ynknvrkLOlQzNp65In0 HTTP/1.1" 200 2
186.84.48.226 - - [23/May/2015:11:14:20 -0500] "POST /forms/lservlet;jsessionid=ac16012b30d6056a262c314c4d03aa20de9b42f38786.e3iSbxaKaheRe3eNbhaPbhuQa41ynknvrkLOlQzNp65In0 HTTP/1.1" 200 3176
186.84.48.226 - - [23/May/2015:11:14:20 -0500] "POST /forms/lservlet;jsessionid=ac16012b30d6056a262c314c4d03aa20de9b42f38786.e3iSbxaKaheRe3eNbhaPbhuQa41ynknvrkLOlQzNp65In0 HTTP/1.1" 200 2
186.84.48.226 - - [23/May/2015:11:14:21 -0500] "POST /forms/lservlet;jsessionid=ac16012b30d6056a262c314c4d03aa20de9b42f38786.e3iSbxaKaheRe3eNbhaPbhuQa41ynknvrkLOlQzNp65In0 HTTP/1.1" 200 2
186.84.48.226 - - [23/May/2015:11:14:21 -0500] "POST /forms/lservlet;jsessionid=ac16012b30d6056a262c314c4d03aa20de9b42f38786.e3iSbxaKaheRe3eNbhaPbhuQa41ynknvrkLOlQzNp65In0 HTTP/1.1" 200 3603
186.84.48.226 - - [23/May/2015:11:14:21 -0500] "POST /forms/lservlet;jsessionid=ac16012b30d6056a262c314c4d03aa20de9b42f38786.e3iSbxaKaheRe3eNbhaPbhuQa41ynknvrkLOlQzNp65In0 HTTP/1.1" 200 2
186.84.48.226 - - [23/May/2015:11:14:21 -0500] "POST /forms/lservlet;jsessionid=ac16012b30d6056a262c314c4d03aa20de9b42f38786.e3iSbxaKaheRe3eNbhaPbhuQa41ynknvrkLOlQzNp65In0 HTTP/1.1" 200 2
186.84.48.226 - - [23/May/2015:11:14:22 -0500] "POST /forms/lservlet;jsessionid=ac16012b30d6056a262c314c4d03aa20de9b42f38786.e3iSbxaKaheRe3eNbhaPbhuQa41ynknvrkLOlQzNp65In0 HTTP/1.1" 200 2992
186.84.48.226 - - [23/May/2015:11:14:22 -0500] "POST /forms/lservlet;jsessionid=ac16012b30d6056a262c314c4d03aa20de9b42f38786.e3iSbxaKaheRe3eNbhaPbhuQa41ynknvrkLOlQzNp65In0 HTTP/1.1" 200 2
186.84.48.226 - - [23/May/2015:11:14:22 -0500] "POST /forms/lservlet;jsessionid=ac16012b30d6056a262c314c4d03aa20de9b42f38786.e3iSbxaKaheRe3eNbhaPbhuQa41ynknvrkLOlQzNp65In0 HTTP/1.1" 200 2
186.84.48.226 - - [23/May/2015:11:14:22 -0500] "POST /forms/lservlet;jsessionid=ac16012b30d6056a262c314c4d03aa20de9b42f38786.e3iSbxaKaheRe3eNbhaPbhuQa41ynknvrkLOlQzNp65In0 HTTP/1.1" 200 2944
186.84.48.226 - - [23/May/2015:11:14:23 -0500] "POST /forms/lservlet;jsessionid=ac16012b30d6056a262c314c4d03aa20de9b42f38786.e3iSbxaKaheRe3eNbhaPbhuQa41ynknvrkLOlQzNp65In0 HTTP/1.1" 200 2
186.84.48.226 - - [23/May/2015:11:14:23 -0500] "POST /forms/lservlet;jsessionid=ac16012b30d6056a262c314c4d03aa20de9b42f38786.e3iSbxaKaheRe3eNbhaPbhuQa41ynknvrkLOlQzNp65In0 HTTP/1.1" 200 2
186.84.48.226 - - [23/May/2015:11:14:23 -0500] "POST /forms/lservlet;jsessionid=ac16012b30d6056a262c314c4d03aa20de9b42f38786.e3iSbxaKaheRe3eNbhaPbhuQa41ynknvrkLOlQzNp65In0 HTTP/1.1" 200 3080
186.84.48.226 - - [23/May/2015:11:14:24 -0500] "POST /forms/lservlet;jsessionid=ac16012b30d6056a262c314c4d03aa20de9b42f38786.e3iSbxaKaheRe3eNbhaPbhuQa41ynknvrkLOlQzNp65In0 HTTP/1.1" 200 2
191.153.206.191 - - [23/May/2015:11:14:24 -0500] "GET /BLA/resoluciones/RESOLUCIONES%202011/6097.pdf HTTP/1.1" 200 1015929
181.50.97.189 - - [23/May/2015:11:08:25 -0500] "GET /ForestMSG_SDA/channelAsync/template_word_18213503?X-Atmosphere-tracking-id=80b377cd-ab7e-4519-b5ec-c66a6f98b9e6&X-Atmosphere-Framework=1.0.5&X-Atmosphere-Transport=long-polling&tabid=0.8077378508169204&X-Cache-Date=0&Content-Type=application/xml&_=1432397464724 HTTP/1.1" 200 8193
191.153.206.191 - - [23/May/2015:11:14:25 -0500] "GET /BLA/resoluciones/RESOLUCIONES%202011/6097.pdf HTTP/1.1" 200 1015929
180.76.15.20 - - [23/May/2015:11:14:26 -0500] "GET /BLA/resoluciones/RESOLUCIONES%202008/0619.pdf HTTP/1.1" 200 209100
195.154.163.223 - - [23/May/2015:11:14:36 -0500] "GET /robots.txt HTTP/1.0" 404 1019
123.125.71.75 - - [23/May/2015:11:14:36 -0500] "GET / HTTP/1.1" 200 10190
186.29.251.161 - - [23/May/2015:11:14:37 -0500] "GET /BLA/resoluciones/AUTOS%202011/6279.pdf HTTP/1.1" 200 236081
186.29.251.161 - - [23/May/2015:11:14:37 -0500] "GET /favicon.ico HTTP/1.1" 200 7782
195.154.163.223 - - [23/May/2015:11:14:42 -0500] "GET /huelladecarbono/soluciones3.html HTTP/1.0" 200 4631
201.228.79.129 - - [23/May/2015:11:14:57 -0500] "POST /forms/lservlet;jsessionid=ac16012b30d6dc2b9db4c8344ac78075cae4504d0696.e3iSbxaKaheRe3eNbhaPbhuQa41ynknvrkLOlQzNp65In0 HTTP/1.1" 200 2
186.84.48.226 - - [23/May/2015:11:15:07 -0500] "POST /forms/lservlet;jsessionid=ac16012b30d6056a262c314c4d03aa20de9b42f38786.e3iSbxaKaheRe3eNbhaPbhuQa41ynknvrkLOlQzNp65In0 HTTP/1.1" 200 2
181.48.9.60 - - [23/May/2015:11:15:10 -0500] "GET /BLA/boletinlegal/js/jquery.scrollShow.js HTTP/1.1" 304 -
181.48.9.60 - - [23/May/2015:11:15:10 -0500] "GET /galeria/galeria/jquery.fancybox.js?v=2.1.5 HTTP/1.1" 304 -
181.48.9.60 - - [23/May/2015:11:15:21 -0500] "GET /BLA/boletinlegal/js/jquery.scrollTo-min.js HTTP/1.1" 304 -
181.48.9.60 - - [23/May/2015:11:15:21 -0500] "GET /galeria/galeria/jquery.fancybox.css?v=2.1.5 HTTP/1.1" 304 -
180.76.15.152 - - [23/May/2015:11:15:36 -0500] "GET /BLA/resoluciones/RESOLUCIONES%202011/1496.pdf HTTP/1.1" 200 269549
201.245.192.253 - - [23/May/2015:11:15:39 -0500] "GET /forest/session.jsp?a=0.9906045389588838 HTTP/1.1" 200 4
201.245.192.253 - - [23/May/2015:11:15:42 -0500] "GET /forest/skins/gdocs-jar/popup/popup.jsp?width=1100&height=500&title=Buscar%20documentos&uri=/forest/buscar.do%3Ftype%3Ddocumentos&name=undefined&_a=0.26564069485197794&a=0.2327136217934872 HTTP/1.1" 200 1300
201.245.192.253 - - [23/May/2015:11:15:42 -0500] "GET /forest/buscar.do?type=documentos HTTP/1.1" 200 85133
201.245.192.253 - - [23/May/2015:11:15:42 -0500] "GET /forest/css/escritorio.css?version=1503.161801 HTTP/1.1" 304 -
201.245.192.253 - - [23/May/2015:11:15:42 -0500] "GET /forest/skins/gdocs-jar/css/tree.css?version=1503.161801 HTTP/1.1" 304 -
201.245.192.253 - - [23/May/2015:11:15:42 -0500] "GET /forest/css/autocomplete.css?version=1503.161801 HTTP/1.1" 304 -
201.245.192.253 - - [23/May/2015:11:15:42 -0500] "GET /forest/js/dialog.js?version=1503.161801 HTTP/1.1" 304 -
201.245.192.253 - - [23/May/2015:11:15:42 -0500] "GET /forest/js/sarissa.js?version=1503.161801 HTTP/1.1" 304 -
201.245.192.253 - - [23/May/2015:11:15:42 -0500] "GET /forest/js/escritorio/escritorio.js?version=1503.161801 HTTP/1.1" 304 -
201.245.192.253 - - [23/May/2015:11:15:42 -0500] "GET /forest/1ibre/protoaculous.js?version=1503.161801 HTTP/1.1" 304 -
201.245.192.253 - - [23/May/2015:11:15:42 -0500] "GET /forest/js/load_func.js?version=1503.161801 HTTP/1.1" 304 -
201.245.192.253 - - [23/May/2015:11:15:42 -0500] "GET /forest/js/internJS.js?version=1503.161801 HTTP/1.1" 304 -
201.245.192.253 - - [23/May/2015:11:15:42 -0500] "GET /forest/js/autocompletar2.js?version=1503.161801 HTTP/1.1" 304 -
201.245.192.253 - - [23/May/2015:11:15:42 -0500] "GET /forest/1ibre/jscalendar/calendar.js?version=1503.161801 HTTP/1.1" 304 -
201.245.192.253 - - [23/May/2015:11:15:42 -0500] "GET /forest/1ibre/jscalendar/calendar-setup.js?version=1503.161801 HTTP/1.1" 304 -
201.245.192.253 - - [23/May/2015:11:15:42 -0500] "GET /forest/1ibre/jscalendar/lang/calendar-es.js?version=1503.161801 HTTP/1.1" 304 -
201.245.192.253 - - [23/May/2015:11:15:42 -0500] "GET /forest/1ibre/1ibre.js?version=1503.161801 HTTP/1.1" 304 -
201.245.192.253 - - [23/May/2015:11:15:42 -0500] "GET /forest/js/xml_utilities.js?version=1503.161801 HTTP/1.1" 304 -
201.245.192.253 - - [23/May/2015:11:15:42 -0500] "GET /forest/json.do?query=versionListadas HTTP/1.1" 200 15
201.245.192.253 - - [23/May/2015:11:15:42 -0500] "GET /forest/json.do?query=procesIniciales HTTP/1.1" 200 10449
201.245.192.253 - - [23/May/2015:11:15:42 -0500] "GET /forest/json.do?query=bpmnIniciales HTTP/1.1" 200 938
201.245.192.253 - - [23/May/2015:11:15:43 -0500] "GET /forest/json.do?query=usersByDep&coddep=20 HTTP/1.1" 200 4480
201.245.192.253 - - [23/May/2015:11:15:43 -0500] "GET /forest/json.do?query=usersByDep&coddep=20 HTTP/1.1" 200 4480
201.245.192.253 - - [23/May/2015:11:15:45 -0500] "POST /forest/buscar.do? HTTP/1.1" 200 14490
201.245.192.253 - - [23/May/2015:11:15:45 -0500] "GET /forest/img/candado.gif HTTP/1.1" 304 -
190.29.161.39 - - [23/May/2015:11:15:48 -0500] "GET /BLA/boletinlegal/js/jquery.scrollTo-min.js HTTP/1.1" 200 1150
190.29.161.39 - - [23/May/2015:11:15:48 -0500] "GET /galeria/galeria/jquery.fancybox.js?v=2.1.5 HTTP/1.1" 200 48706
190.29.161.39 - - [23/May/2015:11:15:48 -0500] "GET /galeria/galeria/jquery.fancybox.css?v=2.1.5 HTTP/1.1" 200 4895
190.29.161.39 - - [23/May/2015:11:15:48 -0500] "GET /BLA/boletinlegal/js/jquery.scrollShow.js HTTP/1.1" 200 4586
180.76.15.21 - - [23/May/2015:11:15:53 -0500] "GET /BLA/resoluciones/RESOLUCIONES%202007/RES%202007%201%20AL%20100/RESOLUCION%200059%20DE%202007.pdf HTTP/1.1" 200 228127
190.29.161.39 - - [23/May/2015:11:15:55 -0500] "GET /BLA/boletinlegal/js/jquery.scrollTo-min.js HTTP/1.1" 200 1150
190.29.161.39 - - [23/May/2015:11:15:56 -0500] "GET /BLA/boletinlegal/js/jquery.scrollShow.js HTTP/1.1" 200 4586
190.29.161.39 - - [23/May/2015:11:15:56 -0500] "GET /galeria/galeria/jquery.fancybox.js?v=2.1.5 HTTP/1.1" 200 48706
190.29.161.39 - - [23/May/2015:11:15:56 -0500] "GET /galeria/galeria/jquery.fancybox.css?v=2.1.5 HTTP/1.1" 200 4895
186.29.114.54 - - [23/May/2015:11:10:07 -0500] "GET /ForestMSG_SDA/channelAsync/template_word_18207254?X-Atmosphere-tracking-id=9c38a392-5fb6-1134-b6ad-d111ad8fe6f6&X-Atmosphere-Framework=1.0.5&X-Atmosphere-Transport=long-polling&tabid=0.7313836016692221&X-Cache-Date=0&Content-Type=application/xml&_=1432397570119 HTTP/1.1" 200 8193
180.76.15.17 - - [23/May/2015:11:16:11 -0500] "GET /BLA/resoluciones/AUTOS%202013/1276.pdf HTTP/1.1" 200 1710575
87.111.76.136 - - [23/May/2015:11:16:23 -0500] "GET /BLA/boletinlegal/js/jquery.scrollTo-min.js HTTP/1.1" 200 1150
87.111.76.136 - - [23/May/2015:11:16:23 -0500] "GET /galeria/galeria/jquery.fancybox.css?v=2.1.5 HTTP/1.1" 200 4895
87.111.76.136 - - [23/May/2015:11:16:23 -0500] "GET /galeria/galeria/jquery.fancybox.js?v=2.1.5 HTTP/1.1" 200 48706
87.111.76.136 - - [23/May/2015:11:16:23 -0500] "GET /BLA/boletinlegal/js/jquery.scrollShow.js HTTP/1.1" 200 4586
66.249.67.120 - - [23/May/2015:11:16:28 -0500] "GET /BLA/resoluciones/AUTOS%202011/2055.pdf HTTP/1.1" 200 147936
200.118.175.140 - - [23/May/2015:11:16:28 -0500] "GET /galeria/nivo-slider/demo/scripts/jquery-1.7.1.min.js HTTP/1.1" 200 93868
200.118.175.140 - - [23/May/2015:11:16:31 -0500] "GET /galeria/nivo-slider/themes/default/arrows.png HTTP/1.1" 200 824
200.118.175.140 - - [23/May/2015:11:16:31 -0500] "GET /galeria/nivo-slider/themes/default/bullets.png HTTP/1.1" 200 1281
74.86.158.107 - - [23/May/2015:11:16:33 -0500] "HEAD / HTTP/1.1" 200 -
186.84.48.226 - - [23/May/2015:11:16:39 -0500] "POST /forms/lservlet;jsessionid=ac16012b30d6056a262c314c4d03aa20de9b42f38786.e3iSbxaKaheRe3eNbhaPbhuQa41ynknvrkLOlQzNp65In0 HTTP/1.1" 200 2
186.84.48.226 - - [23/May/2015:11:16:39 -0500] "POST /forms/lservlet;jsessionid=ac16012b30d6056a262c314c4d03aa20de9b42f38786.e3iSbxaKaheRe3eNbhaPbhuQa41ynknvrkLOlQzNp65In0 HTTP/1.1" 200 2657
186.84.48.226 - - [23/May/2015:11:16:39 -0500] "POST /forms/lservlet;jsessionid=ac16012b30d6056a262c314c4d03aa20de9b42f38786.e3iSbxaKaheRe3eNbhaPbhuQa41ynknvrkLOlQzNp65In0 HTTP/1.1" 200 2
186.84.48.226 - - [23/May/2015:11:16:40 -0500] "POST /forms/lservlet;jsessionid=ac16012b30d6056a262c314c4d03aa20de9b42f38786.e3iSbxaKaheRe3eNbhaPbhuQa41ynknvrkLOlQzNp65In0 HTTP/1.1" 200 2
186.84.48.226 - - [23/May/2015:11:16:40 -0500] "POST /forms/lservlet;jsessionid=ac16012b30d6056a262c314c4d03aa20de9b42f38786.e3iSbxaKaheRe3eNbhaPbhuQa41ynknvrkLOlQzNp65In0 HTTP/1.1" 200 2535
186.84.48.226 - - [23/May/2015:11:16:40 -0500] "POST /forms/lservlet;jsessionid=ac16012b30d6056a262c314c4d03aa20de9b42f38786.e3iSbxaKaheRe3eNbhaPbhuQa41ynknvrkLOlQzNp65In0 HTTP/1.1" 200 2
66.249.67.107 - - [23/May/2015:11:16:40 -0500] "GET /galeria/nivo-slider/demo/images/Conoce-los-humedales.jpg HTTP/1.1" 304 -
186.84.48.226 - - [23/May/2015:11:16:41 -0500] "POST /forms/lservlet;jsessionid=ac16012b30d6056a262c314c4d03aa20de9b42f38786.e3iSbxaKaheRe3eNbhaPbhuQa41ynknvrkLOlQzNp65In0 HTTP/1.1" 200 2
186.84.48.226 - - [23/May/2015:11:16:41 -0500] "POST /forms/lservlet;jsessionid=ac16012b30d6056a262c314c4d03aa20de9b42f38786.e3iSbxaKaheRe3eNbhaPbhuQa41ynknvrkLOlQzNp65In0 HTTP/1.1" 200 3006
186.84.48.226 - - [23/May/2015:11:16:42 -0500] "POST /forms/lservlet;jsessionid=ac16012b30d6056a262c314c4d03aa20de9b42f38786.e3iSbxaKaheRe3eNbhaPbhuQa41ynknvrkLOlQzNp65In0 HTTP/1.1" 200 2
186.84.48.226 - - [23/May/2015:11:16:42 -0500] "POST /forms/lservlet;jsessionid=ac16012b30d6056a262c314c4d03aa20de9b42f38786.e3iSbxaKaheRe3eNbhaPbhuQa41ynknvrkLOlQzNp65In0 HTTP/1.1" 200 2
186.84.48.226 - - [23/May/2015:11:16:42 -0500] "POST /forms/lservlet;jsessionid=ac16012b30d6056a262c314c4d03aa20de9b42f38786.e3iSbxaKaheRe3eNbhaPbhuQa41ynknvrkLOlQzNp65In0 HTTP/1.1" 200 3054
186.84.48.226 - - [23/May/2015:11:16:42 -0500] "POST /forms/lservlet;jsessionid=ac16012b30d6056a262c314c4d03aa20de9b42f38786.e3iSbxaKaheRe3eNbhaPbhuQa41ynknvrkLOlQzNp65In0 HTTP/1.1" 200 2
186.84.48.226 - - [23/May/2015:11:16:43 -0500] "POST /forms/lservlet;jsessionid=ac16012b30d6056a262c314c4d03aa20de9b42f38786.e3iSbxaKaheRe3eNbhaPbhuQa41ynknvrkLOlQzNp65In0 HTTP/1.1" 200 2
186.84.48.226 - - [23/May/2015:11:16:43 -0500] "POST /forms/lservlet;jsessionid=ac16012b30d6056a262c314c4d03aa20de9b42f38786.e3iSbxaKaheRe3eNbhaPbhuQa41ynknvrkLOlQzNp65In0 HTTP/1.1" 200 2919
186.84.48.226 - - [23/May/2015:11:16:43 -0500] "POST /forms/lservlet;jsessionid=ac16012b30d6056a262c314c4d03aa20de9b42f38786.e3iSbxaKaheRe3eNbhaPbhuQa41ynknvrkLOlQzNp65In0 HTTP/1.1" 200 2
186.84.48.226 - - [23/May/2015:11:16:43 -0500] "POST /forms/lservlet;jsessionid=ac16012b30d6056a262c314c4d03aa20de9b42f38786.e3iSbxaKaheRe3eNbhaPbhuQa41ynknvrkLOlQzNp65In0 HTTP/1.1" 200 2
186.84.48.226 - - [23/May/2015:11:16:44 -0500] "POST /forms/lservlet;jsessionid=ac16012b30d6056a262c314c4d03aa20de9b42f38786.e3iSbxaKaheRe3eNbhaPbhuQa41ynknvrkLOlQzNp65In0 HTTP/1.1" 200 2790
186.84.48.226 - - [23/May/2015:11:16:44 -0500] "POST /forms/lservlet;jsessionid=ac16012b30d6056a262c314c4d03aa20de9b42f38786.e3iSbxaKaheRe3eNbhaPbhuQa41ynknvrkLOlQzNp65In0 HTTP/1.1" 200 2
186.84.48.226 - - [23/May/2015:11:16:44 -0500] "POST /forms/lservlet;jsessionid=ac16012b30d6056a262c314c4d03aa20de9b42f38786.e3iSbxaKaheRe3eNbhaPbhuQa41ynknvrkLOlQzNp65In0 HTTP/1.1" 200 2
186.84.48.226 - - [23/May/2015:11:16:44 -0500] "POST /forms/lservlet;jsessionid=ac16012b30d6056a262c314c4d03aa20de9b42f38786.e3iSbxaKaheRe3eNbhaPbhuQa41ynknvrkLOlQzNp65In0 HTTP/1.1" 200 3057
186.84.48.226 - - [23/May/2015:11:16:45 -0500] "POST /forms/lservlet;jsessionid=ac16012b30d6056a262c314c4d03aa20de9b42f38786.e3iSbxaKaheRe3eNbhaPbhuQa41ynknvrkLOlQzNp65In0 HTTP/1.1" 200 2
186.84.48.226 - - [23/May/2015:11:16:45 -0500] "POST /forms/lservlet;jsessionid=ac16012b30d6056a262c314c4d03aa20de9b42f38786.e3iSbxaKaheRe3eNbhaPbhuQa41ynknvrkLOlQzNp65In0 HTTP/1.1" 200 2
186.84.48.226 - - [23/May/2015:11:16:45 -0500] "POST /forms/lservlet;jsessionid=ac16012b30d6056a262c314c4d03aa20de9b42f38786.e3iSbxaKaheRe3eNbhaPbhuQa41ynknvrkLOlQzNp65In0 HTTP/1.1" 200 2292
186.84.48.226 - - [23/May/2015:11:16:46 -0500] "POST /forms/lservlet;jsessionid=ac16012b30d6056a262c314c4d03aa20de9b42f38786.e3iSbxaKaheRe3eNbhaPbhuQa41ynknvrkLOlQzNp65In0 HTTP/1.1" 200 2
186.84.48.226 - - [23/May/2015:11:16:46 -0500] "POST /forms/lservlet;jsessionid=ac16012b30d6056a262c314c4d03aa20de9b42f38786.e3iSbxaKaheRe3eNbhaPbhuQa41ynknvrkLOlQzNp65In0 HTTP/1.1" 200 2
186.84.48.226 - - [23/May/2015:11:16:46 -0500] "POST /forms/lservlet;jsessionid=ac16012b30d6056a262c314c4d03aa20de9b42f38786.e3iSbxaKaheRe3eNbhaPbhuQa41ynknvrkLOlQzNp65In0 HTTP/1.1" 200 2964
186.84.48.226 - - [23/May/2015:11:16:47 -0500] "POST /forms/lservlet;jsessionid=ac16012b30d6056a262c314c4d03aa20de9b42f38786.e3iSbxaKaheRe3eNbhaPbhuQa41ynknvrkLOlQzNp65In0 HTTP/1.1" 200 2
186.84.48.226 - - [23/May/2015:11:16:47 -0500] "POST /forms/lservlet;jsessionid=ac16012b30d6056a262c314c4d03aa20de9b42f38786.e3iSbxaKaheRe3eNbhaPbhuQa41ynknvrkLOlQzNp65In0 HTTP/1.1" 200 2
186.84.48.226 - - [23/May/2015:11:16:47 -0500] "POST /forms/lservlet;jsessionid=ac16012b30d6056a262c314c4d03aa20de9b42f38786.e3iSbxaKaheRe3eNbhaPbhuQa41ynknvrkLOlQzNp65In0 HTTP/1.1" 200 3205
186.84.48.226 - - [23/May/2015:11:16:48 -0500] "POST /forms/lservlet;jsessionid=ac16012b30d6056a262c314c4d03aa20de9b42f38786.e3iSbxaKaheRe3eNbhaPbhuQa41ynknvrkLOlQzNp65In0 HTTP/1.1" 200 2
186.84.48.226 - - [23/May/2015:11:16:48 -0500] "POST /forms/lservlet;jsessionid=ac16012b30d6056a262c314c4d03aa20de9b42f38786.e3iSbxaKaheRe3eNbhaPbhuQa41ynknvrkLOlQzNp65In0 HTTP/1.1" 200 2
186.84.48.226 - - [23/May/2015:11:16:48 -0500] "POST /forms/lservlet;jsessionid=ac16012b30d6056a262c314c4d03aa20de9b42f38786.e3iSbxaKaheRe3eNbhaPbhuQa41ynknvrkLOlQzNp65In0 HTTP/1.1" 200 2228
186.84.48.226 - - [23/May/2015:11:16:49 -0500] "POST /forms/lservlet;jsessionid=ac16012b30d6056a262c314c4d03aa20de9b42f38786.e3iSbxaKaheRe3eNbhaPbhuQa41ynknvrkLOlQzNp65In0 HTTP/1.1" 200 2
186.84.48.226 - - [23/May/2015:11:16:49 -0500] "POST /forms/lservlet;jsessionid=ac16012b30d6056a262c314c4d03aa20de9b42f38786.e3iSbxaKaheRe3eNbhaPbhuQa41ynknvrkLOlQzNp65In0 HTTP/1.1" 200 2
186.84.48.226 - - [23/May/2015:11:16:49 -0500] "POST /forms/lservlet;jsessionid=ac16012b30d6056a262c314c4d03aa20de9b42f38786.e3iSbxaKaheRe3eNbhaPbhuQa41ynknvrkLOlQzNp65In0 HTTP/1.1" 200 2703
186.84.48.226 - - [23/May/2015:11:16:50 -0500] "POST /forms/lservlet;jsessionid=ac16012b30d6056a262c314c4d03aa20de9b42f38786.e3iSbxaKaheRe3eNbhaPbhuQa41ynknvrkLOlQzNp65In0 HTTP/1.1" 200 2
186.84.48.226 - - [23/May/2015:11:16:50 -0500] "POST /forms/lservlet;jsessionid=ac16012b30d6056a262c314c4d03aa20de9b42f38786.e3iSbxaKaheRe3eNbhaPbhuQa41ynknvrkLOlQzNp65In0 HTTP/1.1" 200 2
186.84.48.226 - - [23/May/2015:11:16:50 -0500] "POST /forms/lservlet;jsessionid=ac16012b30d6056a262c314c4d03aa20de9b42f38786.e3iSbxaKaheRe3eNbhaPbhuQa41ynknvrkLOlQzNp65In0 HTTP/1.1" 200 2212
186.84.48.226 - - [23/May/2015:11:16:51 -0500] "POST /forms/lservlet;jsessionid=ac16012b30d6056a262c314c4d03aa20de9b42f38786.e3iSbxaKaheRe3eNbhaPbhuQa41ynknvrkLOlQzNp65In0 HTTP/1.1" 200 2
186.84.48.226 - - [23/May/2015:11:16:51 -0500] "POST /forms/lservlet;jsessionid=ac16012b30d6056a262c314c4d03aa20de9b42f38786.e3iSbxaKaheRe3eNbhaPbhuQa41ynknvrkLOlQzNp65In0 HTTP/1.1" 200 2
201.245.192.253 - - [23/May/2015:11:16:51 -0500] "GET /forest/reportes.do?group_system_actual=5&_a=0.7155852470470082 HTTP/1.1" 302 -
186.84.48.226 - - [23/May/2015:11:16:51 -0500] "POST /forms/lservlet;jsessionid=ac16012b30d6056a262c314c4d03aa20de9b42f38786.e3iSbxaKaheRe3eNbhaPbhuQa41ynknvrkLOlQzNp65In0 HTTP/1.1" 200 2810
201.245.192.253 - - [23/May/2015:11:16:51 -0500] "GET /forest/reportes.do?menu=1&group_system_actual=5 HTTP/1.1" 200 32450
186.84.48.226 - - [23/May/2015:11:16:52 -0500] "POST /forms/lservlet;jsessionid=ac16012b30d6056a262c314c4d03aa20de9b42f38786.e3iSbxaKaheRe3eNbhaPbhuQa41ynknvrkLOlQzNp65In0 HTTP/1.1" 200 2
201.245.192.253 - - [23/May/2015:11:16:52 -0500] "GET /forest/skins/gdocs-jar/css/menu.css?version=1503.161801 HTTP/1.1" 304 -
201.245.192.253 - - [23/May/2015:11:16:52 -0500] "GET /forest/skins/gdocs-jar/css/forest.css?version=1503.161801 HTTP/1.1" 304 -
201.245.192.253 - - [23/May/2015:11:16:52 -0500] "GET /forest/skins/gdocs-jar/css/autocomplete.css?version=1503.161801 HTTP/1.1" 304 -
201.245.192.253 - - [23/May/2015:11:16:52 -0500] "GET /forest/css/escritorio.css?version=1503.161801 HTTP/1.1" 304 -
201.245.192.253 - - [23/May/2015:11:16:52 -0500] "GET /forest/css/index.css?version=1503.161801 HTTP/1.1" 304 -
201.245.192.253 - - [23/May/2015:11:16:52 -0500] "GET /forest/1ibre/jscalendar/calendar-win2k-1.css?version=1503.161801 HTTP/1.1" 304 -
201.245.192.253 - - [23/May/2015:11:16:52 -0500] "GET /forest/skins/gdocs-jar/css/forms.css?version=1503.161801 HTTP/1.1" 304 -
201.245.192.253 - - [23/May/2015:11:16:52 -0500] "GET /forest/skins/gdocs-jar/css/dialog.css?version=1503.161801 HTTP/1.1" 304 -
201.245.192.253 - - [23/May/2015:11:16:52 -0500] "GET /forest/img/forestIcon.gif?version=1503.161801 HTTP/1.1" 304 -
186.84.48.226 - - [23/May/2015:11:16:52 -0500] "POST /forms/lservlet;jsessionid=ac16012b30d6056a262c314c4d03aa20de9b42f38786.e3iSbxaKaheRe3eNbhaPbhuQa41ynknvrkLOlQzNp65In0 HTTP/1.1" 200 2
201.245.192.253 - - [23/May/2015:11:16:52 -0500] "GET /forest/session.jsp?a=0.4468367968433563 HTTP/1.1" 200 4
201.245.192.253 - - [23/May/2015:11:16:52 -0500] "GET /forest/parameter?action=listRpts&a=0.48894273331922045 HTTP/1.1" 200 81578
186.84.48.226 - - [23/May/2015:11:16:52 -0500] "POST /forms/lservlet;jsessionid=ac16012b30d6056a262c314c4d03aa20de9b42f38786.e3iSbxaKaheRe3eNbhaPbhuQa41ynknvrkLOlQzNp65In0 HTTP/1.1" 200 3033
186.84.48.226 - - [23/May/2015:11:16:53 -0500] "POST /forms/lservlet;jsessionid=ac16012b30d6056a262c314c4d03aa20de9b42f38786.e3iSbxaKaheRe3eNbhaPbhuQa41ynknvrkLOlQzNp65In0 HTTP/1.1" 200 2
186.84.48.226 - - [23/May/2015:11:16:53 -0500] "POST /forms/lservlet;jsessionid=ac16012b30d6056a262c314c4d03aa20de9b42f38786.e3iSbxaKaheRe3eNbhaPbhuQa41ynknvrkLOlQzNp65In0 HTTP/1.1" 200 2
186.84.48.226 - - [23/May/2015:11:16:53 -0500] "POST /forms/lservlet;jsessionid=ac16012b30d6056a262c314c4d03aa20de9b42f38786.e3iSbxaKaheRe3eNbhaPbhuQa41ynknvrkLOlQzNp65In0 HTTP/1.1" 200 2700
186.84.48.226 - - [23/May/2015:11:16:54 -0500] "POST /forms/lservlet;jsessionid=ac16012b30d6056a262c314c4d03aa20de9b42f38786.e3iSbxaKaheRe3eNbhaPbhuQa41ynknvrkLOlQzNp65In0 HTTP/1.1" 200 2
87.111.76.136 - - [23/May/2015:11:16:54 -0500] "GET /BLA/boletinlegal/js/jquery.scrollShow.js HTTP/1.1" 200 4586
87.111.76.136 - - [23/May/2015:11:16:54 -0500] "GET /galeria/galeria/jquery.fancybox.css?v=2.1.5 HTTP/1.1" 200 4895
87.111.76.136 - - [23/May/2015:11:16:54 -0500] "GET /BLA/boletinlegal/js/jquery.scrollTo-min.js HTTP/1.1" 200 1150
87.111.76.136 - - [23/May/2015:11:16:54 -0500] "GET /galeria/galeria/jquery.fancybox.js?v=2.1.5 HTTP/1.1" 200 48706
186.84.48.226 - - [23/May/2015:11:16:54 -0500] "POST /forms/lservlet;jsessionid=ac16012b30d6056a262c314c4d03aa20de9b42f38786.e3iSbxaKaheRe3eNbhaPbhuQa41ynknvrkLOlQzNp65In0 HTTP/1.1" 200 2
186.84.48.226 - - [23/May/2015:11:16:54 -0500] "POST /forms/lservlet;jsessionid=ac16012b30d6056a262c314c4d03aa20de9b42f38786.e3iSbxaKaheRe3eNbhaPbhuQa41ynknvrkLOlQzNp65In0 HTTP/1.1" 200 2715
186.84.48.226 - - [23/May/2015:11:16:55 -0500] "POST /forms/lservlet;jsessionid=ac16012b30d6056a262c314c4d03aa20de9b42f38786.e3iSbxaKaheRe3eNbhaPbhuQa41ynknvrkLOlQzNp65In0 HTTP/1.1" 200 2
201.245.192.253 - - [23/May/2015:11:16:55 -0500] "GET /forest/parameter?action=parametersReportMDX&id_rpt=117&currentTab=tab_presentacion&a=0.9551338120419413 HTTP/1.1" 200 6434
201.245.192.253 - - [23/May/2015:11:16:55 -0500] "GET /forestReports/webcontent/birt/admin/img/popup/close.gif HTTP/1.1" 304 -
201.245.192.253 - - [23/May/2015:11:16:55 -0500] "GET /forestReports/webcontent/birt/admin/img/popup/cancel.gif HTTP/1.1" 304 -
186.84.48.226 - - [23/May/2015:11:16:55 -0500] "POST /forms/lservlet;jsessionid=ac16012b30d6056a262c314c4d03aa20de9b42f38786.e3iSbxaKaheRe3eNbhaPbhuQa41ynknvrkLOlQzNp65In0 HTTP/1.1" 200 2
186.84.48.226 - - [23/May/2015:11:16:56 -0500] "POST /forms/lservlet;jsessionid=ac16012b30d6056a262c314c4d03aa20de9b42f38786.e3iSbxaKaheRe3eNbhaPbhuQa41ynknvrkLOlQzNp65In0 HTTP/1.1" 200 2902
186.84.48.226 - - [23/May/2015:11:16:56 -0500] "POST /forms/lservlet;jsessionid=ac16012b30d6056a262c314c4d03aa20de9b42f38786.e3iSbxaKaheRe3eNbhaPbhuQa41ynknvrkLOlQzNp65In0 HTTP/1.1" 200 2
186.84.48.226 - - [23/May/2015:11:16:56 -0500] "POST /forms/lservlet;jsessionid=ac16012b30d6056a262c314c4d03aa20de9b42f38786.e3iSbxaKaheRe3eNbhaPbhuQa41ynknvrkLOlQzNp65In0 HTTP/1.1" 200 2
201.228.79.129 - - [23/May/2015:11:16:57 -0500] "POST /forms/lservlet;jsessionid=ac16012b30d6dc2b9db4c8344ac78075cae4504d0696.e3iSbxaKaheRe3eNbhaPbhuQa41ynknvrkLOlQzNp65In0 HTTP/1.1" 200 2
186.84.48.226 - - [23/May/2015:11:16:57 -0500] "POST /forms/lservlet;jsessionid=ac16012b30d6056a262c314c4d03aa20de9b42f38786.e3iSbxaKaheRe3eNbhaPbhuQa41ynknvrkLOlQzNp65In0 HTTP/1.1" 200 2898
186.84.48.226 - - [23/May/2015:11:16:57 -0500] "POST /forms/lservlet;jsessionid=ac16012b30d6056a262c314c4d03aa20de9b42f38786.e3iSbxaKaheRe3eNbhaPbhuQa41ynknvrkLOlQzNp65In0 HTTP/1.1" 200 2
186.84.48.226 - - [23/May/2015:11:16:57 -0500] "POST /forms/lservlet;jsessionid=ac16012b30d6056a262c314c4d03aa20de9b42f38786.e3iSbxaKaheRe3eNbhaPbhuQa41ynknvrkLOlQzNp65In0 HTTP/1.1" 200 2
186.84.48.226 - - [23/May/2015:11:16:58 -0500] "POST /forms/lservlet;jsessionid=ac16012b30d6056a262c314c4d03aa20de9b42f38786.e3iSbxaKaheRe3eNbhaPbhuQa41ynknvrkLOlQzNp65In0 HTTP/1.1" 200 3109
186.84.48.226 - - [23/May/2015:11:16:58 -0500] "POST /forms/lservlet;jsessionid=ac16012b30d6056a262c314c4d03aa20de9b42f38786.e3iSbxaKaheRe3eNbhaPbhuQa41ynknvrkLOlQzNp65In0 HTTP/1.1" 200 2
186.84.48.226 - - [23/May/2015:11:16:58 -0500] "POST /forms/lservlet;jsessionid=ac16012b30d6056a262c314c4d03aa20de9b42f38786.e3iSbxaKaheRe3eNbhaPbhuQa41ynknvrkLOlQzNp65In0 HTTP/1.1" 200 2
186.84.48.226 - - [23/May/2015:11:16:59 -0500] "POST /forms/lservlet;jsessionid=ac16012b30d6056a262c314c4d03aa20de9b42f38786.e3iSbxaKaheRe3eNbhaPbhuQa41ynknvrkLOlQzNp65In0 HTTP/1.1" 200 2411
186.84.48.226 - - [23/May/2015:11:16:59 -0500] "POST /forms/lservlet;jsessionid=ac16012b30d6056a262c314c4d03aa20de9b42f38786.e3iSbxaKaheRe3eNbhaPbhuQa41ynknvrkLOlQzNp65In0 HTTP/1.1" 200 2
186.84.48.226 - - [23/May/2015:11:17:00 -0500] "POST /forms/lservlet;jsessionid=ac16012b30d6056a262c314c4d03aa20de9b42f38786.e3iSbxaKaheRe3eNbhaPbhuQa41ynknvrkLOlQzNp65In0 HTTP/1.1" 200 2
186.84.48.226 - - [23/May/2015:11:17:00 -0500] "POST /forms/lservlet;jsessionid=ac16012b30d6056a262c314c4d03aa20de9b42f38786.e3iSbxaKaheRe3eNbhaPbhuQa41ynknvrkLOlQzNp65In0 HTTP/1.1" 200 2998
186.84.48.226 - - [23/May/2015:11:17:00 -0500] "POST /forms/lservlet;jsessionid=ac16012b30d6056a262c314c4d03aa20de9b42f38786.e3iSbxaKaheRe3eNbhaPbhuQa41ynknvrkLOlQzNp65In0 HTTP/1.1" 200 2
186.84.48.226 - - [23/May/2015:11:17:01 -0500] "POST /forms/lservlet;jsessionid=ac16012b30d6056a262c314c4d03aa20de9b42f38786.e3iSbxaKaheRe3eNbhaPbhuQa41ynknvrkLOlQzNp65In0 HTTP/1.1" 200 2
186.84.48.226 - - [23/May/2015:11:17:01 -0500] "POST /forms/lservlet;jsessionid=ac16012b30d6056a262c314c4d03aa20de9b42f38786.e3iSbxaKaheRe3eNbhaPbhuQa41ynknvrkLOlQzNp65In0 HTTP/1.1" 200 2504
186.84.48.226 - - [23/May/2015:11:17:02 -0500] "POST /forms/lservlet;jsessionid=ac16012b30d6056a262c314c4d03aa20de9b42f38786.e3iSbxaKaheRe3eNbhaPbhuQa41ynknvrkLOlQzNp65In0 HTTP/1.1" 200 2
180.76.15.15 - - [23/May/2015:11:17:02 -0500] "GET /BLA/resoluciones/RESOLUCIONES%202007/RES%202007%202201%20AL%202300/RESOLUCION%202270%20DE%202007.pdf HTTP/1.1" 200 502473
186.84.48.226 - - [23/May/2015:11:17:02 -0500] "POST /forms/lservlet;jsessionid=ac16012b30d6056a262c314c4d03aa20de9b42f38786.e3iSbxaKaheRe3eNbhaPbhuQa41ynknvrkLOlQzNp65In0 HTTP/1.1" 200 2
186.84.48.226 - - [23/May/2015:11:17:02 -0500] "POST /forms/lservlet;jsessionid=ac16012b30d6056a262c314c4d03aa20de9b42f38786.e3iSbxaKaheRe3eNbhaPbhuQa41ynknvrkLOlQzNp65In0 HTTP/1.1" 200 2816
186.84.48.226 - - [23/May/2015:11:17:02 -0500] "POST /forms/lservlet;jsessionid=ac16012b30d6056a262c314c4d03aa20de9b42f38786.e3iSbxaKaheRe3eNbhaPbhuQa41ynknvrkLOlQzNp65In0 HTTP/1.1" 200 2
186.84.48.226 - - [23/May/2015:11:17:03 -0500] "POST /forms/lservlet;jsessionid=ac16012b30d6056a262c314c4d03aa20de9b42f38786.e3iSbxaKaheRe3eNbhaPbhuQa41ynknvrkLOlQzNp65In0 HTTP/1.1" 200 2
186.84.48.226 - - [23/May/2015:11:17:03 -0500] "POST /forms/lservlet;jsessionid=ac16012b30d6056a262c314c4d03aa20de9b42f38786.e3iSbxaKaheRe3eNbhaPbhuQa41ynknvrkLOlQzNp65In0 HTTP/1.1" 200 2916
186.84.48.226 - - [23/May/2015:11:17:04 -0500] "POST /forms/lservlet;jsessionid=ac16012b30d6056a262c314c4d03aa20de9b42f38786.e3iSbxaKaheRe3eNbhaPbhuQa41ynknvrkLOlQzNp65In0 HTTP/1.1" 200 2
201.245.192.253 - - [23/May/2015:11:17:04 -0500] "POST /forest/parameter?action=runReportMDX&json=true&listdep=tercero&id_rpt=117&a=0.8364304582296843 HTTP/1.1" 200 540
186.84.48.226 - - [23/May/2015:11:17:05 -0500] "POST /forms/lservlet;jsessionid=ac16012b30d6056a262c314c4d03aa20de9b42f38786.e3iSbxaKaheRe3eNbhaPbhuQa41ynknvrkLOlQzNp65In0 HTTP/1.1" 200 2
201.245.192.253 - - [23/May/2015:11:17:05 -0500] "POST /forest/parameter?action=runReportMDX&json=true&listdep=tercero&id_rpt=117&a=0.33152042396337666 HTTP/1.1" 200 603
186.84.48.226 - - [23/May/2015:11:17:05 -0500] "POST /forms/lservlet;jsessionid=ac16012b30d6056a262c314c4d03aa20de9b42f38786.e3iSbxaKaheRe3eNbhaPbhuQa41ynknvrkLOlQzNp65In0 HTTP/1.1" 200 2859
186.84.48.226 - - [23/May/2015:11:17:05 -0500] "POST /forms/lservlet;jsessionid=ac16012b30d6056a262c314c4d03aa20de9b42f38786.e3iSbxaKaheRe3eNbhaPbhuQa41ynknvrkLOlQzNp65In0 HTTP/1.1" 200 2
201.245.192.253 - - [23/May/2015:11:17:05 -0500] "POST /forest/parameter?action=runReportMDX&json=true&listdep=tercero&id_rpt=117&a=0.5097672014197597 HTTP/1.1" 200 652
186.84.48.226 - - [23/May/2015:11:17:06 -0500] "POST /forms/lservlet;jsessionid=ac16012b30d6056a262c314c4d03aa20de9b42f38786.e3iSbxaKaheRe3eNbhaPbhuQa41ynknvrkLOlQzNp65In0 HTTP/1.1" 200 2
186.84.48.226 - - [23/May/2015:11:17:06 -0500] "POST /forms/lservlet;jsessionid=ac16012b30d6056a262c314c4d03aa20de9b42f38786.e3iSbxaKaheRe3eNbhaPbhuQa41ynknvrkLOlQzNp65In0 HTTP/1.1" 200 2899
186.84.48.226 - - [23/May/2015:11:17:06 -0500] "POST /forms/lservlet;jsessionid=ac16012b30d6056a262c314c4d03aa20de9b42f38786.e3iSbxaKaheRe3eNbhaPbhuQa41ynknvrkLOlQzNp65In0 HTTP/1.1" 200 2
201.245.192.253 - - [23/May/2015:11:17:07 -0500] "POST /forest/parameter?action=runReportMDX&json=true&listdep=tercero&id_rpt=117&a=0.806117914891195 HTTP/1.1" 200 600
186.84.48.226 - - [23/May/2015:11:17:07 -0500] "POST /forms/lservlet;jsessionid=ac16012b30d6056a262c314c4d03aa20de9b42f38786.e3iSbxaKaheRe3eNbhaPbhuQa41ynknvrkLOlQzNp65In0 HTTP/1.1" 200 2
200.118.75.35 - - [23/May/2015:11:17:07 -0500] "GET /BLA/resoluciones/AUTOS%202013/3446.pdf HTTP/1.1" 200 363192
201.245.192.253 - - [23/May/2015:11:17:07 -0500] "POST /forest/parameter?action=runReportMDX&json=true&listdep=tercero&id_rpt=117&a=0.5923189036623282 HTTP/1.1" 200 603
