186.113.64.88 - - [31/May/2015:05:29:14 -0500] "GET /galeria/nivo-slider/demo/style.css HTTP/1.1" 200 2222
186.113.64.88 - - [31/May/2015:05:29:14 -0500] "GET /galeria/nivo-slider/demo/scripts/jquery-1.7.1.min.js HTTP/1.1" 200 93868
186.113.64.88 - - [31/May/2015:05:29:14 -0500] "GET /galeria/nivo-slider/demo/images/9Signos.jpg HTTP/1.1" 200 81776
186.113.64.88 - - [31/May/2015:05:29:14 -0500] "GET /galeria/nivo-slider/demo/images/GAE-banner.jpg HTTP/1.1" 200 97208
186.113.64.88 - - [31/May/2015:05:29:14 -0500] "GET /galeria/nivo-slider/jquery.nivo.slider.pack.js HTTP/1.1" 200 11561
186.113.64.88 - - [31/May/2015:05:29:14 -0500] "GET /galeria/nivo-slider/demo/images/Semana-Ambiental.jpg HTTP/1.1" 200 79049
186.113.64.88 - - [31/May/2015:05:29:14 -0500] "GET /galeria/nivo-slider/demo/images/Comparendo-ambiental-Banner.jpg HTTP/1.1" 200 83731
186.113.64.88 - - [31/May/2015:05:29:14 -0500] "GET /galeria/nivo-slider/demo/images/4Simple_Slider.png HTTP/1.1" 200 11722
186.113.64.88 - - [31/May/2015:05:29:15 -0500] "GET /galeria/nivo-slider/themes/default/loading.gif HTTP/1.1" 200 1737
186.113.64.88 - - [31/May/2015:05:29:15 -0500] "GET /galeria/nivo-slider/demo/images/Banner-encuesta-de-percepscio.jpg HTTP/1.1" 200 201899
186.113.64.88 - - [31/May/2015:05:29:16 -0500] "GET /galeria/nivo-slider/demo/images/capacitaciones-de-ecourbanismo.jpg HTTP/1.1" 200 191490
186.113.64.88 - - [31/May/2015:05:29:17 -0500] "GET /galeria/nivo-slider/demo/images/banner-Pacto-por-la-madera.jpg HTTP/1.1" 200 209966
186.113.64.88 - - [31/May/2015:05:29:17 -0500] "GET /galeria/nivo-slider/demo/images/Banner-salud.jpg HTTP/1.1" 200 181685
186.113.64.88 - - [31/May/2015:05:29:17 -0500] "GET /galeria/nivo-slider/demo/images/mailling-acercar-xpress.jpg HTTP/1.1" 200 137233
186.113.64.88 - - [31/May/2015:05:29:20 -0500] "GET /galeria/nivo-slider/demo/images/acuerdo_569.jpg HTTP/1.1" 200 62670
186.113.64.88 - - [31/May/2015:05:29:20 -0500] "GET /galeria/nivo-slider/demo/images/Licitaciones-proyecto-paramo.jpg HTTP/1.1" 200 221877
186.113.64.88 - - [31/May/2015:05:29:21 -0500] "GET /galeria/nivo-slider/demo/images/Banner-decreto1299.jpg HTTP/1.1" 200 182613
186.113.64.88 - - [31/May/2015:05:29:22 -0500] "GET /galeria/nivo-slider/demo/images/Banner-Directorio.jpg HTTP/1.1" 200 182068
186.113.64.88 - - [31/May/2015:05:29:23 -0500] "GET /galeria/nivo-slider/demo/images/bolsas-06.jpg HTTP/1.1" 200 90982
186.113.64.88 - - [31/May/2015:05:29:23 -0500] "GET /galeria/nivo-slider/demo/images/Ruta-vertimientos-01.jpg HTTP/1.1" 200 130151
186.113.64.88 - - [31/May/2015:05:29:24 -0500] "GET /galeria/nivo-slider/demo/images/Conoce-los-humedales.jpg HTTP/1.1" 200 294036
186.113.64.88 - - [31/May/2015:05:29:26 -0500] "GET /galeria/nivo-slider/demo/images/ecolecta-Dic2014.png HTTP/1.1" 200 288593
186.113.64.88 - - [31/May/2015:05:29:27 -0500] "GET /galeria/nivo-slider/demo/images/Banner-Caracol-Africano.jpg HTTP/1.1" 200 331986
186.113.64.88 - - [31/May/2015:05:29:27 -0500] "GET /galeria/nivo-slider/demo/images/banner-llantas2.jpg HTTP/1.1" 200 204644
186.113.64.88 - - [31/May/2015:05:29:31 -0500] "GET /galeria/nivo-slider/themes/default/arrows.png HTTP/1.1" 200 824
186.113.64.88 - - [31/May/2015:05:29:31 -0500] "GET /galeria/nivo-slider/themes/default/bullets.png HTTP/1.1" 200 1281
74.86.158.107 - - [31/May/2015:05:29:35 -0500] "HEAD / HTTP/1.1" 200 -
180.76.15.159 - - [31/May/2015:05:29:58 -0500] "GET /BLA/resoluciones/AUTOS%202009/3427.pdf HTTP/1.1" 200 97210
180.76.15.30 - - [31/May/2015:05:30:18 -0500] "GET /BLA/resoluciones/AUTOS%202009/2210.pdf HTTP/1.1" 200 112780
180.76.15.161 - - [31/May/2015:05:31:00 -0500] "GET /BLA/boletinlegal;jsessionid=74187EE3F2BF0237D48BBD0C64509706?/? HTTP/1.1" 404 1018
180.76.15.18 - - [31/May/2015:05:31:09 -0500] "GET /BLA/resoluciones/AUTOS%202015/0822.pdf HTTP/1.1" 200 352053
180.76.15.33 - - [31/May/2015:05:31:20 -0500] "GET /BLA/resoluciones/AUTOS%202011/1719.pdf HTTP/1.1" 200 149667
186.113.64.88 - - [31/May/2015:05:31:34 -0500] "GET /galeria/nivo-slider/demo/demo.html HTTP/1.1" 304 -
180.76.15.150 - - [31/May/2015:05:31:37 -0500] "GET /BLA/resoluciones/AUTOS%202009/3029.pdf HTTP/1.1" 200 185645
207.46.13.138 - - [31/May/2015:05:31:47 -0500] "GET /dama/libreria/php/decide.php?patron=02.1611 HTTP/1.1" 404 1019
66.249.64.228 - - [31/May/2015:05:31:56 -0500] "GET /BLA/resoluciones/RESOLUCIONES%202013/1197.pdf HTTP/1.1" 304 -
180.76.15.22 - - [31/May/2015:05:32:00 -0500] "GET /BLA/boletinlegal;jsessionid=B44E7C2C1AE9B2A258A155688F219DEC?/? HTTP/1.1" 404 1018
180.76.15.162 - - [31/May/2015:05:32:11 -0500] "GET /BLA/resoluciones/AUTOS%202013/0451.pdf HTTP/1.1" 200 1987451
180.76.15.18 - - [31/May/2015:05:32:26 -0500] "GET /BLA/resoluciones/RESOLUCIONES%202007/RES%202007%202801%20AL%202900/RESOLUCION%202845%20DE%202007.pdf HTTP/1.1" 200 1345395
157.56.1.129 - - [31/May/2015:05:32:38 -0500] "GET /BLA/boletinlegal/js/jquery.scrollTo-min.js HTTP/1.1" 200 1150
157.56.1.129 - - [31/May/2015:05:32:39 -0500] "GET /galeria/galeria/jquery.fancybox.js?v=2.1.5 HTTP/1.1" 200 48706
157.56.1.129 - - [31/May/2015:05:32:41 -0500] "GET /galeria/galeria/jquery.fancybox.css?v=2.1.5 HTTP/1.1" 200 4895
157.56.1.129 - - [31/May/2015:05:32:43 -0500] "GET /BLA/boletinlegal/js/jquery.scrollShow.js HTTP/1.1" 200 4586
180.76.15.25 - - [31/May/2015:05:32:44 -0500] "GET /BLA/resoluciones/AUTOS%202011/1542.pdf HTTP/1.1" 200 154415
157.56.1.129 - - [31/May/2015:05:32:57 -0500] "GET /videos/galeria-cronicas/2playlist.htm? HTTP/1.1" 200 5449
157.56.1.129 - - [31/May/2015:05:32:57 -0500] "GET /videos/galeria-cronicas/skin/blue.monday/jplayer.blue.monday.css HTTP/1.1" 200 12518
157.56.1.129 - - [31/May/2015:05:32:57 -0500] "GET /videos/galeria-cronicas/js/jquery.jplayer.min.js HTTP/1.1" 200 43668
157.56.1.129 - - [31/May/2015:05:32:58 -0500] "GET /videos/galeria-cronicas/js/jplayer.playlist.min.js HTTP/1.1" 200 8608
66.249.64.233 - - [31/May/2015:05:32:58 -0500] "GET /galeria/nivo-slider/demo/images/ApagonNov8.jpg HTTP/1.1" 200 35260
180.76.15.154 - - [31/May/2015:05:32:59 -0500] "GET /BLA/resoluciones/AUTOS%202009/2941.pdf HTTP/1.1" 200 177825
157.56.1.129 - - [31/May/2015:05:33:10 -0500] "GET /BLA/boletinlegal/js/jquery.scrollTo-min.js HTTP/1.1" 200 1150
157.56.1.129 - - [31/May/2015:05:33:10 -0500] "GET /BLA/boletinlegal/js/jquery.scrollShow.js HTTP/1.1" 200 4586
157.56.1.129 - - [31/May/2015:05:33:10 -0500] "GET /galeria/galeria/jquery.fancybox.js?v=2.1.5 HTTP/1.1" 200 48706
157.56.1.129 - - [31/May/2015:05:33:11 -0500] "GET /galeria/galeria/jquery.fancybox.css?v=2.1.5 HTTP/1.1" 200 4895
180.76.15.151 - - [31/May/2015:05:33:36 -0500] "GET /BLA/resoluciones/AUTOS%202012/0986.pdf HTTP/1.1" 200 245056
180.76.15.141 - - [31/May/2015:05:33:54 -0500] "GET /BLA/resoluciones/AUTOS%202009/1471.pdf HTTP/1.1" 200 170634
180.76.15.9 - - [31/May/2015:05:34:09 -0500] "GET /BLA/resoluciones/AUTOS%202012/2671.pdf HTTP/1.1" 200 313261
180.76.15.25 - - [31/May/2015:05:34:18 -0500] "GET /BLA/resoluciones/AUTOS%202009/3112.pdf HTTP/1.1" 200 153801
74.86.158.107 - - [31/May/2015:05:34:35 -0500] "HEAD / HTTP/1.1" 200 -
180.76.15.159 - - [31/May/2015:05:34:39 -0500] "GET /BLA/boletinlegal;jsessionid=9F53ABA69A8FBE6B687A28F9A3EF936D?/? HTTP/1.1" 404 1018
180.76.15.21 - - [31/May/2015:05:34:57 -0500] "GET /BLA/resoluciones/AUTOS%202009/0616.pdf HTTP/1.1" 200 120882
180.76.15.11 - - [31/May/2015:05:35:12 -0500] "GET /BLA/boletinlegal;jsessionid=C270798A19CBAAD4D9E3F9BECD680975?/? HTTP/1.1" 404 1018
180.76.15.137 - - [31/May/2015:05:36:13 -0500] "GET /BLA/resoluciones/AUTOS%202010/6616.pdf HTTP/1.1" 200 1584355
66.249.64.116 - - [31/May/2015:05:36:36 -0500] "GET /portalsiaccapacitaciones/Soportes%20Capacitaciones%202013/0049.%20ADOPCI%C3%93N%20DEL%20PROGRAMA%20DE%20ECOCOCONDUCCION%20EN%20PICA%2017-10-2013.pdf HTTP/1.1" 304 -
180.76.15.19 - - [31/May/2015:05:37:15 -0500] "GET /BLA/resoluciones/AUTOS%202014/4185.pdf HTTP/1.1" 200 299361
180.76.15.141 - - [31/May/2015:05:37:20 -0500] "GET /BLA/boletinlegal;jsessionid=1697E7262663A15C9FD6F1400FB66646?/? HTTP/1.1" 404 1018
180.76.15.150 - - [31/May/2015:05:37:40 -0500] "GET /BLA/boletinlegal;jsessionid=CA4DC0469D7F2D48518977471B195558?/? HTTP/1.1" 404 1018
66.249.64.228 - - [31/May/2015:05:37:44 -0500] "GET /BLA/resoluciones/RESOLUCIONES%202010/1613.pdf HTTP/1.1" 200 283191
180.76.15.159 - - [31/May/2015:05:38:18 -0500] "GET /BLA/boletinlegal;jsessionid=D6E62DA937445B34C9D14748B13CE411?/? HTTP/1.1" 404 1018
180.76.15.22 - - [31/May/2015:05:38:25 -0500] "GET /BLA/resoluciones/RESOLUCIONES%202008/0569.pdf HTTP/1.1" 200 115575
180.76.15.157 - - [31/May/2015:05:38:44 -0500] "GET /BLA/resoluciones/AUTOS%202011/1136.pdf HTTP/1.1" 200 285357
66.249.64.121 - - [31/May/2015:05:39:00 -0500] "GET /Anexos%20estudio%20Organizacional%20SDA/index.php?dir=ANEXO+No.+8+-+MATRICES+DE+REGISTRO+Y+DE+SALIDA+MEDICI%D3N+CARGAS+LABORALES+SDA%2F1.+Despacho+del+Secretario%2F HTTP/1.1" 200 2954
66.249.64.223 - - [31/May/2015:05:39:10 -0500] "GET /BLA/resoluciones/RESOLUCIONES%202005/RES%202005%203101-3150/00003131.tif HTTP/1.1" 304 -
180.76.15.20 - - [31/May/2015:05:39:18 -0500] "GET /BLA/boletinlegal;jsessionid=B8B6A2DD08C974DD93354DA1F3C6CB85?/? HTTP/1.1" 404 1018
74.86.158.107 - - [31/May/2015:05:39:35 -0500] "HEAD / HTTP/1.1" 200 -
180.76.15.148 - - [31/May/2015:05:39:47 -0500] "GET /BLA/resoluciones/AUTOS%202010/5458.pdf HTTP/1.1" 200 588955
180.76.15.24 - - [31/May/2015:05:40:18 -0500] "GET /BLA/boletinlegal;jsessionid=46E353E4520296AE59AEF1ED761040D3?/? HTTP/1.1" 404 1018
180.76.15.12 - - [31/May/2015:05:40:27 -0500] "GET /BLA/boletinlegal;jsessionid=ED2466734C308D6449AF70FF63AA2027?/? HTTP/1.1" 404 1018
180.76.15.134 - - [31/May/2015:05:40:50 -0500] "GET /BLA/resoluciones/AUTOS%202010/4624.pdf HTTP/1.1" 200 365852
180.76.15.30 - - [31/May/2015:05:40:59 -0500] "GET /BLA/resoluciones/AUTOS%202009/2193.pdf HTTP/1.1" 200 113256
180.76.15.138 - - [31/May/2015:05:41:19 -0500] "GET /BLA/resoluciones/AUTOS%202009/2855.pdf HTTP/1.1" 200 91040
180.76.15.32 - - [31/May/2015:05:41:35 -0500] "GET /BLA/resoluciones/AUTOS%202013/2699.pdf HTTP/1.1" 200 493775
180.76.15.6 - - [31/May/2015:05:41:54 -0500] "GET /BLA/resoluciones/AUTOS%202010/1349.pdf HTTP/1.1" 200 173520
180.76.15.135 - - [31/May/2015:05:42:28 -0500] "GET /BLA/resoluciones/AUTOS%202012/2610.pdf HTTP/1.1" 200 410660
180.76.15.149 - - [31/May/2015:05:42:46 -0500] "GET /BLA/boletinlegal;jsessionid=C31C91E30580B78D581B62B4963C5226?/? HTTP/1.1" 404 1018
66.249.64.223 - - [31/May/2015:05:43:32 -0500] "GET /BLA/resoluciones/RESOLUCIONES%202010/2895.pdf HTTP/1.1" 200 499821
180.76.15.153 - - [31/May/2015:05:43:47 -0500] "GET /BLA/resoluciones/AUTOS%202014/3228.pdf HTTP/1.1" 200 471942
74.86.158.107 - - [31/May/2015:05:44:35 -0500] "HEAD / HTTP/1.1" 200 -
180.76.15.145 - - [31/May/2015:05:44:50 -0500] "GET /BLA/boletinlegal;jsessionid=C89F948E3493768F207CF75DE2AB2791?/? HTTP/1.1" 404 1018
157.55.39.94 - - [31/May/2015:05:45:12 -0500] "GET /robots.txt HTTP/1.1" 404 1018
180.76.15.6 - - [31/May/2015:05:45:31 -0500] "GET /BLA/resoluciones/AUTOS%202013/0131.pdf HTTP/1.1" 200 1825486
180.76.15.6 - - [31/May/2015:05:45:51 -0500] "GET /BLA/resoluciones/RESOLUCIONES%202008/1183.pdf HTTP/1.1" 200 112988
180.76.15.27 - - [31/May/2015:05:46:03 -0500] "GET /BLA/boletinlegal;jsessionid=9A400CC88E83E53253F14BB32178726C?/? HTTP/1.1" 404 1018
180.76.15.10 - - [31/May/2015:05:46:12 -0500] "GET /BLA/resoluciones/AUTOS%202012/0855.pdf HTTP/1.1" 200 457195
180.76.15.140 - - [31/May/2015:05:46:34 -0500] "GET /BLA/resoluciones/AUTOS%202012/2979.pdf HTTP/1.1" 200 283922
180.76.15.161 - - [31/May/2015:05:46:53 -0500] "GET /BLA/resoluciones/AUTOS%202009/2419.pdf HTTP/1.1" 200 104139
180.76.15.8 - - [31/May/2015:05:47:37 -0500] "GET /BLA/boletinlegal;jsessionid=F65BA7CF296D6103F394F72381DD124D?/? HTTP/1.1" 404 1018
180.76.15.141 - - [31/May/2015:05:49:04 -0500] "GET /BLA/resoluciones/RESOLUCIONES%202008/4611.pdf HTTP/1.1" 200 250220
207.46.13.138 - - [31/May/2015:05:49:21 -0500] "GET /robots.txt HTTP/1.1" 404 1015
66.249.64.233 - - [31/May/2015:05:49:21 -0500] "GET /sig/ECS/126PM04-PR77.pdf HTTP/1.1" 200 5650676
207.46.13.138 - - [31/May/2015:05:49:28 -0500] "GET /inc/ HTTP/1.1" 404 1015
74.86.158.107 - - [31/May/2015:05:49:35 -0500] "HEAD / HTTP/1.1" 200 -
66.249.64.228 - - [31/May/2015:05:49:43 -0500] "GET /BLA/resoluciones/AUTOS%202011/5891.pdf HTTP/1.1" 200 157975
180.76.15.134 - - [31/May/2015:05:49:56 -0500] "GET /BLA/boletinlegal;jsessionid=BAADA9A578CE0620854BF348593824FB?/? HTTP/1.1" 404 1018
180.76.15.14 - - [31/May/2015:05:50:05 -0500] "GET /BLA/boletinlegal;jsessionid=91AFD73DF86F0337115677B05AED885D?/? HTTP/1.1" 404 1018
180.76.15.12 - - [31/May/2015:05:50:38 -0500] "GET /BLA/resoluciones/AUTOS%202013/0065.pdf HTTP/1.1" 200 1041949
207.46.13.14 - - [31/May/2015:05:50:44 -0500] "GET /dama/libreria/gd2/jpg/300hu_p1.jpg HTTP/1.1" 404 1019
180.76.15.151 - - [31/May/2015:05:50:57 -0500] "GET /BLA/boletinlegal;jsessionid=0041317B96D1EC892720ED62340B7E87?/? HTTP/1.1" 404 1018
180.76.15.26 - - [31/May/2015:05:51:05 -0500] "GET /BLA/resoluciones/AUTOS%202012/1868.pdf HTTP/1.1" 200 270392
180.76.15.11 - - [31/May/2015:05:51:58 -0500] "GET /BLA/resoluciones/AUTOS%202013/2854.pdf HTTP/1.1" 200 380209
180.76.15.31 - - [31/May/2015:05:52:09 -0500] "GET /BLA/boletinlegal/;jsessionid=9FA6340A5415D409618BABA1ED766B2E? HTTP/1.1" 404 1018
180.76.15.9 - - [31/May/2015:05:53:01 -0500] "GET /BLA/boletinlegal;jsessionid=0F1837E008D553544148F654AD45E0DA?/? HTTP/1.1" 404 1018
186.28.75.15 - - [31/May/2015:05:53:02 -0500] "GET /galeria/galeria/jquery.fancybox.css?v=2.1.5 HTTP/1.1" 304 -
186.28.75.15 - - [31/May/2015:05:53:02 -0500] "GET /BLA/boletinlegal/js/jquery.scrollTo-min.js HTTP/1.1" 304 -
186.28.75.15 - - [31/May/2015:05:53:02 -0500] "GET /galeria/galeria/jquery.fancybox.js?v=2.1.5 HTTP/1.1" 304 -
186.28.75.15 - - [31/May/2015:05:53:02 -0500] "GET /BLA/boletinlegal/js/jquery.scrollShow.js HTTP/1.1" 304 -
66.249.64.121 - - [31/May/2015:05:53:13 -0500] "GET /galeria/nivo-slider/demo/images/acrilicos.jpg HTTP/1.1" 200 51750
180.76.15.26 - - [31/May/2015:05:53:16 -0500] "GET /BLA/resoluciones/AUTOS%202009/3324.pdf HTTP/1.1" 200 109731
180.76.15.136 - - [31/May/2015:05:53:41 -0500] "GET /BLA/resoluciones/AUTOS%202010/0346.pdf HTTP/1.1" 200 267569
180.76.15.149 - - [31/May/2015:05:54:03 -0500] "GET /BLA/resoluciones/AUTOS%202012/1481.pdf HTTP/1.1" 200 217790
180.76.15.13 - - [31/May/2015:05:54:17 -0500] "GET /BLA/resoluciones/RESOLUCIONES%202007/RES%202007%20601%20AL%20700/RESOLUCION%200660%20DE%202007.pdf HTTP/1.1" 200 303443
74.86.158.107 - - [31/May/2015:05:54:35 -0500] "HEAD / HTTP/1.1" 200 -
180.76.15.7 - - [31/May/2015:05:54:44 -0500] "GET /BLA/resoluciones/AUTOS%202011/0181.pdf HTTP/1.1" 200 156969
66.249.64.233 - - [31/May/2015:05:55:09 -0500] "GET /sig/ECS/126PM04-PR35.pdf HTTP/1.1" 200 2913733
180.76.15.6 - - [31/May/2015:05:55:46 -0500] "GET /BLA/resoluciones/AUTOS%202013/0607.pdf HTTP/1.1" 200 1801573
180.76.15.29 - - [31/May/2015:05:56:06 -0500] "GET /BLA/resoluciones/RESOLUCIONES%202007/RES%202007%202301%20AL%202400/RESOLUCION%202371%20DE%202007.pdf HTTP/1.1" 200 360282
180.76.15.23 - - [31/May/2015:05:56:49 -0500] "GET /BLA/resoluciones/AUTOS%202013/0050.pdf HTTP/1.1" 200 1465409
180.76.15.28 - - [31/May/2015:05:57:09 -0500] "GET /BLA/resoluciones/RESOLUCIONES%202008/0278.pdf HTTP/1.1" 200 298998
180.76.15.157 - - [31/May/2015:05:57:53 -0500] "GET /BLA/resoluciones/AUTOS%202009/1171.pdf HTTP/1.1" 200 75805
188.165.15.98 - - [31/May/2015:05:57:59 -0500] "GET /BLA/resoluciones/AUTOS%202006/AUTOS%202006%201-100/00000068.tif HTTP/1.1" 200 96044
74.86.158.107 - - [31/May/2015:05:59:35 -0500] "HEAD / HTTP/1.1" 200 -
180.76.15.160 - - [31/May/2015:06:00:55 -0500] "GET /BLA/resoluciones/RESOLUCIONES%202008/0812.pdf HTTP/1.1" 200 63878
152.61.128.66 - - [31/May/2015:06:00:57 -0500] "HEAD / HTTP/1.1" 200 -
66.249.64.223 - - [31/May/2015:06:00:58 -0500] "GET /sig/ECS/126PM04-PR08.pdf HTTP/1.1" 200 3507449
152.61.128.66 - - [31/May/2015:06:00:57 -0500] "GET /arcgis/services/Calidad_del_Agua_WQI/MapServer/WMSServer?request=GetCapabilities&service=WMS HTTP/1.1" 200 32135
152.61.128.66 - - [31/May/2015:06:00:58 -0500] "GET /arcgis/services/Calidad_del_Agua_WQI/MapServer/WMSServer?request=GetCapabilities&service=WMS HTTP/1.0" 200 32135
152.61.128.66 - - [31/May/2015:06:00:59 -0500] "GET /arcgis/services/Calidad_del_Agua_WQI/MapServer/WMSServer?request=GetCapabilities&service=WMS HTTP/1.0" 200 32135
180.76.15.17 - - [31/May/2015:06:01:01 -0500] "GET /BLA/resoluciones/AUTOS%202013/2372.pdf HTTP/1.1" 200 633094
180.76.15.144 - - [31/May/2015:06:01:00 -0500] "GET /BLA/resoluciones/AUTOS%202013/2372.pdf HTTP/1.1" 200 633094
152.61.128.66 - - [31/May/2015:06:01:00 -0500] "GET /arcgis/services/Calidad_del_Agua_WQI/MapServer/WMSServer?request=GetCapabilities&service=WMS HTTP/1.0" 200 32135
152.61.128.66 - - [31/May/2015:06:01:01 -0500] "GET /arcgis/services/Calidad_del_Agua_WQI/MapServer/WMSServer?VERSION=1.1.1&REQUEST=GetMap&LAYERS=0&SRS=EPSG:4326&BBOX=-74.473395,3.674381,-73.963300,4.920569&WIDTH=250&HEIGHT=250&FORMAT=image/bmp&STYLES=& HTTP/1.1" 200 188054
180.76.15.139 - - [31/May/2015:06:02:00 -0500] "GET /BLA/resoluciones/AUTOS%202010/1729.pdf HTTP/1.1" 200 338053
66.249.64.223 - - [31/May/2015:06:02:47 -0500] "GET /BLA/resoluciones/RESOLUCIONES%202009/4698.pdf HTTP/1.1" 200 326782
180.76.15.161 - - [31/May/2015:06:03:05 -0500] "GET /BLA/resoluciones/AUTOS%202013/1760.pdf HTTP/1.1" 200 241405
180.76.15.23 - - [31/May/2015:06:03:12 -0500] "GET /BLA/resoluciones/AUTOS%202014/1206.pdf HTTP/1.1" 200 934466
181.137.179.95 - - [31/May/2015:06:03:44 -0500] "GET /galeria/galeria/jquery.fancybox.css?v=2.1.5 HTTP/1.1" 304 -
181.137.179.95 - - [31/May/2015:06:03:44 -0500] "GET /galeria/galeria/jquery.fancybox.js?v=2.1.5 HTTP/1.1" 304 -
180.76.15.162 - - [31/May/2015:06:04:22 -0500] "GET /BLA/resoluciones/index.php?dir=RESOLUCIONES%202007/RES%202007%203701%20AL%203800/&sort=size&order=desc HTTP/1.1" 200 26850
74.86.158.107 - - [31/May/2015:06:04:35 -0500] "HEAD / HTTP/1.1" 200 -
66.249.64.228 - - [31/May/2015:06:06:46 -0500] "GET /BLA/resoluciones/RESOLUCIONES%202013/0581.pdf HTTP/1.1" 304 -
161.18.60.122 - - [31/May/2015:06:07:00 -0500] "GET /galeria/galeria/fotos/juan-amarillo3G.jpg HTTP/1.1" 200 328975
186.113.64.88 - - [31/May/2015:06:07:06 -0500] "GET /BLA/boletinlegal/js/jquery.scrollTo-min.js HTTP/1.1" 304 -
186.113.64.88 - - [31/May/2015:06:07:06 -0500] "GET /galeria/galeria/jquery.fancybox.css?v=2.1.5 HTTP/1.1" 304 -
186.113.64.88 - - [31/May/2015:06:07:06 -0500] "GET /BLA/boletinlegal/js/jquery.scrollShow.js HTTP/1.1" 304 -
186.113.64.88 - - [31/May/2015:06:07:06 -0500] "GET /galeria/galeria/jquery.fancybox.js?v=2.1.5 HTTP/1.1" 304 -
180.76.15.148 - - [31/May/2015:06:07:25 -0500] "GET /BLA/resoluciones/AUTOS%202011/1534.pdf HTTP/1.1" 200 147689
180.76.15.24 - - [31/May/2015:06:08:27 -0500] "GET /BLA/resoluciones/AUTOS%202009/2114.pdf HTTP/1.1" 200 327552
180.76.15.26 - - [31/May/2015:06:08:54 -0500] "GET /BLA/resoluciones/RESOLUCIONES%202008/2214.pdf HTTP/1.1" 200 457013
66.249.64.223 - - [31/May/2015:06:08:55 -0500] "GET /BLA/resoluciones/RESOLUCIONES%202005/RES%202005%202801-2850/00002805.tif HTTP/1.1" 304 -
180.76.15.26 - - [31/May/2015:06:08:59 -0500] "GET /BLA/resoluciones/AUTOS%202011/0988.pdf HTTP/1.1" 200 147545
180.76.15.34 - - [31/May/2015:06:09:08 -0500] "GET /BLA/boletinlegal;jsessionid=AAA55AA83ABBA3A72EB3F9E60D8147EE?/? HTTP/1.1" 404 1018
180.76.15.10 - - [31/May/2015:06:09:29 -0500] "GET /BLA/boletinlegal;jsessionid=67010B4F35AE85E6FC5ADC70B9D5C41F?/? HTTP/1.1" 404 1018
74.86.158.107 - - [31/May/2015:06:09:35 -0500] "HEAD / HTTP/1.1" 200 -
181.60.225.92 - - [31/May/2015:06:09:51 -0500] "GET /galeria/galeria/jquery.fancybox.css?v=2.1.5 HTTP/1.1" 200 4895
181.60.225.92 - - [31/May/2015:06:09:51 -0500] "GET /galeria/carrusel/Carrusel/jquery.thumbnailScroller.css HTTP/1.1" 200 2066
181.60.225.92 - - [31/May/2015:06:09:51 -0500] "GET /BLA/boletinlegal/js/jquery.scrollTo-min.js HTTP/1.1" 200 1150
181.60.225.92 - - [31/May/2015:06:09:51 -0500] "GET /galeria/carrusel/Carrusel/jquery.thumbnailScroller.js HTTP/1.1" 200 8157
181.60.225.92 - - [31/May/2015:06:09:51 -0500] "GET /galeria/carrusel/Carrusel/jquery-ui-1.8.13.custom.min.js HTTP/1.1" 200 10800
181.60.225.92 - - [31/May/2015:06:09:51 -0500] "GET /BLA/boletinlegal/js/jquery.scrollShow.js HTTP/1.1" 200 4586
181.60.225.92 - - [31/May/2015:06:09:51 -0500] "GET /galeria/galeria/jquery.fancybox.js?v=2.1.5 HTTP/1.1" 200 48706
180.76.15.135 - - [31/May/2015:06:09:57 -0500] "GET /BLA/resoluciones/RESOLUCIONES%202007/RES%202007%201901%20AL%202000/RESOLUCION%201937%20DE%202007.pdf HTTP/1.1" 200 596293
180.76.15.9 - - [31/May/2015:06:10:08 -0500] "GET /BLA/resoluciones/AUTOS%202009/0601.pdf HTTP/1.1" 200 127553
181.60.225.92 - - [31/May/2015:06:10:08 -0500] "GET /galeria/galeria/jquery.fancybox.js?v=2.1.5 HTTP/1.1" 206 1
181.60.225.92 - - [31/May/2015:06:10:08 -0500] "GET /galeria/galeria/jquery.fancybox.js?v=2.1.5 HTTP/1.1" 206 28719
181.60.225.92 - - [31/May/2015:06:10:10 -0500] "GET /galeria/nivo-slider/demo/demo.html HTTP/1.1" 200 5171
181.60.225.92 - - [31/May/2015:06:10:11 -0500] "GET /galeria/nivo-slider/themes/pascal/pascal.css HTTP/1.1" 200 2258
181.60.225.92 - - [31/May/2015:06:10:11 -0500] "GET /galeria/nivo-slider/themes/default/default.css HTTP/1.1" 200 1569
181.60.225.92 - - [31/May/2015:06:10:11 -0500] "GET /galeria/nivo-slider/nivo-slider.css HTTP/1.1" 200 1507
181.60.225.92 - - [31/May/2015:06:10:11 -0500] "GET /galeria/nivo-slider/themes/orman/orman.css HTTP/1.1" 200 2152
181.60.225.92 - - [31/May/2015:06:10:11 -0500] "GET /galeria/nivo-slider/demo/style.css HTTP/1.1" 200 2222
181.60.225.92 - - [31/May/2015:06:10:11 -0500] "GET /galeria/nivo-slider/demo/scripts/jquery-1.7.1.min.js HTTP/1.1" 200 93868
181.60.225.92 - - [31/May/2015:06:10:11 -0500] "GET /galeria/nivo-slider/jquery.nivo.slider.pack.js HTTP/1.1" 200 11561
181.60.225.92 - - [31/May/2015:06:10:11 -0500] "GET /galeria/nivo-slider/demo/images/Semana-Ambiental.jpg HTTP/1.1" 200 79049
181.60.225.92 - - [31/May/2015:06:10:11 -0500] "GET /galeria/nivo-slider/demo/images/9Signos.jpg HTTP/1.1" 200 81776
181.60.225.92 - - [31/May/2015:06:10:11 -0500] "GET /galeria/nivo-slider/demo/images/GAE-banner.jpg HTTP/1.1" 200 97208
181.60.225.92 - - [31/May/2015:06:10:12 -0500] "GET /galeria/nivo-slider/demo/images/Comparendo-ambiental-Banner.jpg HTTP/1.1" 200 83731
181.60.225.92 - - [31/May/2015:06:10:12 -0500] "GET /galeria/nivo-slider/demo/images/Banner-encuesta-de-percepscio.jpg HTTP/1.1" 200 201899
181.60.225.92 - - [31/May/2015:06:10:12 -0500] "GET /galeria/nivo-slider/demo/images/capacitaciones-de-ecourbanismo.jpg HTTP/1.1" 200 191490
181.60.225.92 - - [31/May/2015:06:10:12 -0500] "GET /galeria/nivo-slider/demo/images/banner-Pacto-por-la-madera.jpg HTTP/1.1" 200 209966
181.60.225.92 - - [31/May/2015:06:10:12 -0500] "GET /galeria/nivo-slider/demo/images/Banner-salud.jpg HTTP/1.1" 200 181685
181.60.225.92 - - [31/May/2015:06:10:13 -0500] "GET /galeria/nivo-slider/demo/images/mailling-acercar-xpress.jpg HTTP/1.1" 200 137233
181.60.225.92 - - [31/May/2015:06:10:14 -0500] "GET /galeria/nivo-slider/demo/images/acuerdo_569.jpg HTTP/1.1" 200 62670
181.60.225.92 - - [31/May/2015:06:10:14 -0500] "GET /galeria/nivo-slider/demo/images/Licitaciones-proyecto-paramo.jpg HTTP/1.1" 200 221877
181.60.225.92 - - [31/May/2015:06:10:14 -0500] "GET /galeria/nivo-slider/demo/images/Banner-decreto1299.jpg HTTP/1.1" 200 182613
181.60.225.92 - - [31/May/2015:06:10:14 -0500] "GET /galeria/nivo-slider/demo/images/Banner-Directorio.jpg HTTP/1.1" 200 182068
181.60.225.92 - - [31/May/2015:06:10:14 -0500] "GET /galeria/nivo-slider/demo/images/Ruta-vertimientos-01.jpg HTTP/1.1" 200 130151
181.60.225.92 - - [31/May/2015:06:10:14 -0500] "GET /galeria/nivo-slider/demo/images/bolsas-06.jpg HTTP/1.1" 200 90982
181.60.225.92 - - [31/May/2015:06:10:15 -0500] "GET /galeria/nivo-slider/demo/images/Conoce-los-humedales.jpg HTTP/1.1" 200 294036
181.60.225.92 - - [31/May/2015:06:10:15 -0500] "GET /galeria/nivo-slider/demo/images/ecolecta-Dic2014.png HTTP/1.1" 200 288593
181.60.225.92 - - [31/May/2015:06:10:15 -0500] "GET /galeria/nivo-slider/demo/images/Banner-Caracol-Africano.jpg HTTP/1.1" 200 331986
181.60.225.92 - - [31/May/2015:06:10:15 -0500] "GET /galeria/nivo-slider/demo/images/banner-llantas2.jpg HTTP/1.1" 200 204644
181.60.225.92 - - [31/May/2015:06:10:16 -0500] "GET /galeria/nivo-slider/demo/images/4Simple_Slider.png HTTP/1.1" 200 11722
181.60.225.92 - - [31/May/2015:06:10:16 -0500] "GET /galeria/nivo-slider/themes/default/loading.gif HTTP/1.1" 200 1737
181.60.225.92 - - [31/May/2015:06:10:20 -0500] "GET /galeria/nivo-slider/themes/default/arrows.png HTTP/1.1" 200 824
181.60.225.92 - - [31/May/2015:06:10:20 -0500] "GET /galeria/nivo-slider/themes/default/bullets.png HTTP/1.1" 200 1281
180.76.15.5 - - [31/May/2015:06:10:26 -0500] "GET /BLA/resoluciones/AUTOS%202012/0056.pdf HTTP/1.1" 200 155837
180.76.15.157 - - [31/May/2015:06:10:44 -0500] "GET /BLA/boletinlegal;jsessionid=D9364ACF0449A48B484ECD3EFF394A6A?/? HTTP/1.1" 404 1018
114.154.203.101 - - [31/May/2015:06:10:45 -0500] "GET /BLA/resoluciones/RESOLUCIONES%202012/0738.pdf HTTP/1.1" 200 638270
152.61.128.66 - - [31/May/2015:06:10:53 -0500] "HEAD / HTTP/1.1" 200 -
152.61.128.66 - - [31/May/2015:06:10:54 -0500] "GET /arcgis/services/Calidad_del_Agua_WQI/MapServer/WMSServer?SERVICE=WMS&REQUEST=GetCapabilities HTTP/1.1" 200 32135
152.61.128.66 - - [31/May/2015:06:10:54 -0500] "GET /arcgis/services/Calidad_del_Agua_WQI/MapServer/WMSServer?SERVICE=WMS&REQUEST=GetCapabilities HTTP/1.0" 200 32135
152.61.128.66 - - [31/May/2015:06:10:55 -0500] "GET /arcgis/services/Calidad_del_Agua_WQI/MapServer/WMSServer?SERVICE=WMS&REQUEST=GetCapabilities HTTP/1.0" 200 32135
152.61.128.66 - - [31/May/2015:06:10:56 -0500] "GET /arcgis/services/Calidad_del_Agua_WQI/MapServer/WMSServer?SERVICE=WMS&REQUEST=GetCapabilities HTTP/1.0" 200 32135
152.61.128.66 - - [31/May/2015:06:10:57 -0500] "GET /arcgis/services/Calidad_del_Agua_WQI/MapServer/WMSServer?VERSION=1.1.1&REQUEST=GetMap&LAYERS=0&SRS=EPSG:4326&BBOX=-74.473395,3.674381,-73.963300,4.920569&WIDTH=250&HEIGHT=250&FORMAT=image/bmp&STYLES=& HTTP/1.1" 200 188054
180.76.15.158 - - [31/May/2015:06:11:00 -0500] "GET /BLA/resoluciones/RESOLUCIONES%202007/RES%202007%202301%20AL%202400/RESOLUCION%202303%20DE%202007.pdf HTTP/1.1" 200 770779
180.76.15.163 - - [31/May/2015:06:11:18 -0500] "GET /BLA/resoluciones/RESOLUCIONES%202008/0142.pdf HTTP/1.1" 200 247175
200.1.126.10 - - [31/May/2015:06:11:49 -0500] "GET /galeria/nivo-slider/demo/images/acuerdo_569.jpg HTTP/1.1" 304 -
180.76.15.26 - - [31/May/2015:06:11:50 -0500] "GET /BLA/resoluciones/AUTOS%202012/2744.pdf HTTP/1.1" 200 233343
180.76.15.138 - - [31/May/2015:06:12:10 -0500] "GET /BLA/resoluciones/AUTOS%202009/1297.pdf HTTP/1.1" 200 295116
66.249.64.233 - - [31/May/2015:06:12:34 -0500] "GET /BLA/resoluciones/AUTOS%202010/0853.pdf HTTP/1.1" 304 -
180.76.15.6 - - [31/May/2015:06:12:52 -0500] "GET /BLA/resoluciones/AUTOS%202009/0227.pdf HTTP/1.1" 200 77833
180.76.15.19 - - [31/May/2015:06:13:54 -0500] "GET /BLA/resoluciones/RESOLUCIONES%202007/RES%202007%20101%20AL%20200/RESOLUCION%200128%20%20DE%202007.pdf HTTP/1.1" 200 341223
115.164.189.235 - - [31/May/2015:06:14:14 -0500] "GET /webdav/x32.php HTTP/1.1" 404 1018
115.164.189.235 - - [31/May/2015:06:14:14 -0500] "GET /webdav/x32.php HTTP/1.1" 404 1018
74.86.158.107 - - [31/May/2015:06:14:35 -0500] "HEAD / HTTP/1.1" 200 -
180.76.15.21 - - [31/May/2015:06:15:29 -0500] "GET /BLA/boletinlegal;jsessionid=27847E3437B769E2EB6FB2177DC643B1?/? HTTP/1.1" 404 1018
207.46.13.146 - - [31/May/2015:06:15:37 -0500] "GET /galeria/galeria/fotos/Humedal-Santa-Mar%C3%ADa-del-Lago2G.jpg HTTP/1.1" 200 313606
66.249.64.223 - - [31/May/2015:06:15:52 -0500] "GET /BLA/resoluciones/RESOLUCIONES%202010/0834.pdf HTTP/1.1" 200 103248
180.76.15.156 - - [31/May/2015:06:15:57 -0500] "GET /BLA/resoluciones/AUTOS%202009/2202.pdf HTTP/1.1" 200 112399
66.249.64.116 - - [31/May/2015:06:16:13 -0500] "GET /galeria/nivo-slider/demo/images/Miparche2.jpg HTTP/1.1" 200 51822
180.76.15.154 - - [31/May/2015:06:16:29 -0500] "GET /BLA/resoluciones/RESOLUCIONES%202007/RES%202007%202001%20AL%202100/RESOLUCION%202037%20DE%202007.pdf HTTP/1.1" 200 438015
180.76.15.7 - - [31/May/2015:06:16:31 -0500] "GET /BLA/boletinlegal;jsessionid=09A5876A2CE3842D330AEC79D2AB6432?/? HTTP/1.1" 404 1018
180.76.15.144 - - [31/May/2015:06:17:13 -0500] "GET /BLA/resoluciones/AUTOS%202009/2946.pdf HTTP/1.1" 200 187742
180.76.15.158 - - [31/May/2015:06:17:30 -0500] "GET /BLA/resoluciones/AUTOS%202013/1437.pdf HTTP/1.1" 200 1052243
180.76.15.157 - - [31/May/2015:06:18:15 -0500] "GET /BLA/resoluciones/AUTOS%202014/0858.pdf HTTP/1.1" 200 957949
66.249.64.228 - - [31/May/2015:06:18:23 -0500] "GET /BLA/resoluciones/RESOLUCIONES%202007/RES%202007%204201%20AL%204300/RESOLUCION%204252%20DE%202007.pdf HTTP/1.1" 304 -
180.76.15.135 - - [31/May/2015:06:18:31 -0500] "GET /BLA/boletinlegal;jsessionid=032B55F5FB71494C2BF9B1FD56731A55?/? HTTP/1.1" 404 1018
180.76.15.17 - - [31/May/2015:06:18:50 -0500] "GET /BLA/resoluciones/AUTOS%202010/1719.pdf HTTP/1.1" 200 143545
115.164.189.235 - - [31/May/2015:06:19:05 -0500] "GET /webdav/x32.php HTTP/1.1" 404 1018
180.76.15.11 - - [31/May/2015:06:19:18 -0500] "GET /BLA/boletinlegal;jsessionid=D569E2630677F3E8BED196A94BA3B6FC?/? HTTP/1.1" 404 1018
180.76.15.15 - - [31/May/2015:06:19:32 -0500] "GET /BLA/resoluciones/AUTOS%202010/5577.pdf HTTP/1.1" 200 185941
74.86.158.107 - - [31/May/2015:06:19:35 -0500] "HEAD / HTTP/1.1" 200 -
180.76.15.153 - - [31/May/2015:06:19:58 -0500] "GET /BLA/resoluciones/RESOLUCIONES%202007/RES%202007%202001%20AL%202100/RESOLUCION%202061%20DE%202007.pdf HTTP/1.1" 200 444107
115.164.189.235 - - [31/May/2015:06:20:05 -0500] "GET /webdav/x32.php HTTP/1.1" 404 1018
180.76.15.149 - - [31/May/2015:06:20:18 -0500] "GET /BLA/resoluciones/AUTOS%202009/2021.pdf HTTP/1.1" 200 99507
180.76.15.28 - - [31/May/2015:06:20:53 -0500] "GET /BLA/resoluciones/AUTOS%202012/1178.pdf HTTP/1.1" 200 152175
180.76.15.144 - - [31/May/2015:06:21:01 -0500] "GET /BLA/resoluciones/AUTOS%202011/0245.pdf HTTP/1.1" 200 156801
180.76.15.7 - - [31/May/2015:06:21:35 -0500] "GET /BLA/boletinlegal;jsessionid=207450BBECB7C92F6F85209D877EE529?/? HTTP/1.1" 404 1018
181.137.179.95 - - [31/May/2015:06:21:57 -0500] "GET /BLA/boletinlegal/js/jquery.scrollTo-min.js HTTP/1.1" 304 -
181.137.179.95 - - [31/May/2015:06:21:57 -0500] "GET /BLA/boletinlegal/js/jquery.scrollShow.js HTTP/1.1" 304 -
181.137.179.95 - - [31/May/2015:06:21:57 -0500] "GET /galeria/galeria/jquery.fancybox.css?v=2.1.5 HTTP/1.1" 304 -
181.137.179.95 - - [31/May/2015:06:21:57 -0500] "GET /galeria/galeria/jquery.fancybox.js?v=2.1.5 HTTP/1.1" 304 -
186.80.103.243 - - [31/May/2015:06:22:02 -0500] "GET /galeria/galeria/jquery.fancybox.css?v=2.1.5 HTTP/1.1" 200 4895
186.80.103.243 - - [31/May/2015:06:22:02 -0500] "GET /BLA/boletinlegal/js/jquery.scrollTo-min.js HTTP/1.1" 200 1150
186.80.103.243 - - [31/May/2015:06:22:02 -0500] "GET /BLA/boletinlegal/js/jquery.scrollShow.js HTTP/1.1" 200 4586
186.80.103.243 - - [31/May/2015:06:22:02 -0500] "GET /galeria/galeria/jquery.fancybox.js?v=2.1.5 HTTP/1.1" 200 48706
186.80.103.243 - - [31/May/2015:06:22:12 -0500] "GET /BLA/boletinlegal/js/jquery.scrollTo-min.js HTTP/1.1" 304 -
186.80.103.243 - - [31/May/2015:06:22:12 -0500] "GET /galeria/galeria/jquery.fancybox.css?v=2.1.5 HTTP/1.1" 304 -
186.80.103.243 - - [31/May/2015:06:22:12 -0500] "GET /BLA/boletinlegal/js/jquery.scrollShow.js HTTP/1.1" 304 -
186.80.103.243 - - [31/May/2015:06:22:12 -0500] "GET /galeria/galeria/jquery.fancybox.js?v=2.1.5 HTTP/1.1" 304 -
180.76.15.24 - - [31/May/2015:06:22:36 -0500] "GET /BLA/resoluciones/AUTOS%202012/2755.pdf HTTP/1.1" 200 228395
180.76.15.146 - - [31/May/2015:06:23:03 -0500] "GET /BLA/resoluciones/AUTOS%202009/2398.pdf HTTP/1.1" 200 141858
180.76.15.14 - - [31/May/2015:06:23:20 -0500] "GET /BLA/boletinlegal;jsessionid=CF9C0DDF6FD781825E76C901CA67BC85?/? HTTP/1.1" 404 1018
180.76.15.20 - - [31/May/2015:06:23:37 -0500] "GET /BLA/resoluciones/AUTOS%202009/0519.pdf HTTP/1.1" 200 280475
180.76.15.141 - - [31/May/2015:06:24:05 -0500] "GET /BLA/resoluciones/AUTOS%202012/0306.pdf HTTP/1.1" 200 181049
66.249.64.228 - - [31/May/2015:06:24:11 -0500] "GET /BLA/resoluciones/RESOLUCIONES%202011/3099.pdf HTTP/1.1" 304 -
180.76.15.26 - - [31/May/2015:06:24:21 -0500] "GET /BLA/resoluciones/AUTOS%202009/2626.pdf HTTP/1.1" 200 119173
74.86.158.107 - - [31/May/2015:06:24:35 -0500] "HEAD / HTTP/1.1" 200 -
180.76.15.161 - - [31/May/2015:06:24:40 -0500] "GET /BLA/resoluciones/RESOLUCIONES%202007/RES%202007%20201%20AL%20300/RESOLUCION%200291%20DE%202007.pdf HTTP/1.1" 200 380076
115.164.189.235 - - [31/May/2015:06:24:52 -0500] "GET /webdav/x32.php HTTP/1.1" 404 1018
180.76.15.141 - - [31/May/2015:06:24:54 -0500] "GET /BLA/resoluciones/AUTOS%202012/2896.pdf HTTP/1.1" 200 2067855
180.76.15.31 - - [31/May/2015:06:25:06 -0500] "GET /BLA/resoluciones/AUTOS%202011/0187.pdf HTTP/1.1" 200 345405
180.76.15.138 - - [31/May/2015:06:25:23 -0500] "GET /BLA/boletinlegal;jsessionid=028BA79E4F45431DDCE7151BB8AD3F25?/? HTTP/1.1" 404 1018
186.31.139.39 - - [31/May/2015:06:25:29 -0500] "GET /galeria/galeria/jquery.fancybox.css?v=2.1.5 HTTP/1.1" 200 4895
186.31.139.39 - - [31/May/2015:06:25:29 -0500] "GET /BLA/boletinlegal/js/jquery.scrollTo-min.js HTTP/1.1" 200 1150
186.31.139.39 - - [31/May/2015:06:25:29 -0500] "GET /BLA/boletinlegal/js/jquery.scrollShow.js HTTP/1.1" 200 4586
186.31.139.39 - - [31/May/2015:06:25:29 -0500] "GET /galeria/galeria/jquery.fancybox.js?v=2.1.5 HTTP/1.1" 200 48706
180.76.15.157 - - [31/May/2015:06:25:40 -0500] "GET /BLA/resoluciones/AUTOS%202009/0777.pdf HTTP/1.1" 200 343849
190.127.234.157 - - [31/May/2015:06:25:46 -0500] "GET /BLA/boletinlegal/js/jquery.scrollTo-min.js HTTP/1.1" 200 1150
190.127.234.157 - - [31/May/2015:06:25:46 -0500] "GET /BLA/boletinlegal/js/jquery.scrollShow.js HTTP/1.1" 200 4586
190.127.234.157 - - [31/May/2015:06:25:46 -0500] "GET /galeria/galeria/jquery.fancybox.js?v=2.1.5 HTTP/1.1" 200 48706
190.127.234.157 - - [31/May/2015:06:25:46 -0500] "GET /galeria/galeria/jquery.fancybox.css?v=2.1.5 HTTP/1.1" 200 4895
186.31.139.39 - - [31/May/2015:06:25:47 -0500] "GET /galeria/galeria/jquery.fancybox.css?v=2.1.5 HTTP/1.1" 304 -
186.31.139.39 - - [31/May/2015:06:25:47 -0500] "GET /BLA/boletinlegal/js/jquery.scrollTo-min.js HTTP/1.1" 304 -
186.31.139.39 - - [31/May/2015:06:25:47 -0500] "GET /BLA/boletinlegal/js/jquery.scrollShow.js HTTP/1.1" 304 -
186.31.139.39 - - [31/May/2015:06:25:47 -0500] "GET /galeria/galeria/jquery.fancybox.js?v=2.1.5 HTTP/1.1" 304 -
180.76.15.137 - - [31/May/2015:06:25:57 -0500] "GET /BLA/resoluciones/AUTOS%202009/2787.pdf HTTP/1.1" 200 99591
180.76.15.157 - - [31/May/2015:06:26:03 -0500] "GET /BLA/resoluciones/AUTOS%202013/0063.pdf HTTP/1.1" 200 1383002
180.76.15.143 - - [31/May/2015:06:26:08 -0500] "GET /BLA/boletinlegal;jsessionid=CD987F4DC271A651A74ABE9197C09529?/? HTTP/1.1" 404 1018
180.76.15.10 - - [31/May/2015:06:26:24 -0500] "GET /BLA/resoluciones/RESOLUCIONES%202007/RES%202007%203701%20AL%203800/RESOLUCION%203752%20DE%202007.pdf HTTP/1.1" 200 1136304
190.127.234.157 - - [31/May/2015:06:26:27 -0500] "GET /BLA/boletinlegal/js/jquery.scrollTo-min.js HTTP/1.1" 304 -
190.127.234.157 - - [31/May/2015:06:26:27 -0500] "GET /BLA/boletinlegal/js/jquery.scrollShow.js HTTP/1.1" 304 -
190.127.234.157 - - [31/May/2015:06:26:27 -0500] "GET /galeria/galeria/jquery.fancybox.js?v=2.1.5 HTTP/1.1" 304 -
190.127.234.157 - - [31/May/2015:06:26:27 -0500] "GET /galeria/galeria/jquery.fancybox.css?v=2.1.5 HTTP/1.1" 304 -
180.76.15.149 - - [31/May/2015:06:26:42 -0500] "GET /BLA/resoluciones/AUTOS%202013/0063.pdf HTTP/1.1" 200 1383002
180.76.15.32 - - [31/May/2015:06:26:43 -0500] "GET /BLA/resoluciones/AUTOS%202013/0063.pdf HTTP/1.1" 200 1383002
180.76.15.159 - - [31/May/2015:06:26:57 -0500] "GET /BLA/boletinlegal;jsessionid=BAF5DEDAEF85C5CEED2CFA02EAC7C30A?/? HTTP/1.1" 404 1018
180.76.15.15 - - [31/May/2015:06:27:46 -0500] "GET /BLA/resoluciones/AUTOS%202012/0029.pdf HTTP/1.1" 200 190048
180.76.15.143 - - [31/May/2015:06:28:06 -0500] "GET /BLA/resoluciones/AUTOS%202010/6297.pdf HTTP/1.1" 200 474205
180.76.15.162 - - [31/May/2015:06:28:14 -0500] "GET /BLA/boletinlegal;jsessionid=680156395D522961EE2F952BE3B30527?/? HTTP/1.1" 404 1018
66.249.64.223 - - [31/May/2015:06:28:28 -0500] "GET /BLA/resoluciones/AUTOS%202008/0520.pdf HTTP/1.1" 304 -
180.76.15.162 - - [31/May/2015:06:28:51 -0500] "GET /BLA/boletinlegal/;jsessionid=2C3FAE03E37F32745D9E2BC946A14AED? HTTP/1.1" 404 1018
66.249.64.233 - - [31/May/2015:06:28:58 -0500] "GET /BLA/resoluciones/RESOLUCIONES%202013/1262.pdf HTTP/1.1" 200 7313637
180.76.15.19 - - [31/May/2015:06:29:09 -0500] "GET /BLA/resoluciones/AUTOS%202010/2905.pdf HTTP/1.1" 200 741488
180.76.15.149 - - [31/May/2015:06:29:32 -0500] "GET /BLA/resoluciones/AUTOS%202009/5435.pdf HTTP/1.1" 200 2046361
74.86.158.107 - - [31/May/2015:06:29:35 -0500] "HEAD / HTTP/1.1" 200 -
123.125.71.116 - - [31/May/2015:06:29:38 -0500] "GET / HTTP/1.1" 200 10190
180.76.15.25 - - [31/May/2015:06:29:52 -0500] "GET /BLA/resoluciones/RESOLUCIONES%202008/2299.pdf HTTP/1.1" 200 356626
66.249.64.233 - - [31/May/2015:06:30:06 -0500] "GET /sig/ECS/126PM04-PR76.pdf HTTP/1.1" 200 2726316
180.76.15.136 - - [31/May/2015:06:30:12 -0500] "GET /BLA/resoluciones/AUTOS%202009/2161.pdf HTTP/1.1" 200 105391
180.76.15.5 - - [31/May/2015:06:30:15 -0500] "GET /BLA/boletinlegal;jsessionid=2205F12C348FC9331008F52B079B7FAD?/? HTTP/1.1" 404 1018
180.76.15.140 - - [31/May/2015:06:30:36 -0500] "GET /BLA/resoluciones/AUTOS%202010/5512.pdf HTTP/1.1" 200 154469
157.55.39.167 - - [31/May/2015:06:31:13 -0500] "GET /BLA/boletinlegal/Circulares/2014/Circular%20No.%202%20del%2021%20de%20septiembre%20de%202014.pdf HTTP/1.1" 200 143376
180.76.15.5 - - [31/May/2015:06:31:16 -0500] "GET /BLA/resoluciones/AUTOS%202013/2265.pdf HTTP/1.1" 200 466507
180.76.15.18 - - [31/May/2015:06:31:38 -0500] "GET /BLA/resoluciones/AUTOS%202012/0521.pdf HTTP/1.1" 200 270537
180.76.15.7 - - [31/May/2015:06:31:54 -0500] "GET /BLA/resoluciones/AUTOS%202009/2117.pdf HTTP/1.1" 200 89409
157.55.39.112 - - [31/May/2015:06:32:38 -0500] "GET /autoliquidacion HTTP/1.1" 301 310
157.55.39.112 - - [31/May/2015:06:32:39 -0500] "GET /autoliquidacion/ HTTP/1.1" 200 6375
180.76.15.26 - - [31/May/2015:06:33:14 -0500] "GET /BLA/resoluciones/AUTOS%202011/0036.pdf HTTP/1.1" 200 168503
180.76.15.155 - - [31/May/2015:06:33:41 -0500] "GET /BLA/boletinlegal;jsessionid=8DC7C3CFB85C16DA5EF5A2CD298AA338?/? HTTP/1.1" 404 1018
180.76.15.27 - - [31/May/2015:06:33:56 -0500] "GET /BLA/resoluciones/RESOLUCIONES%202007/RES%202007%203701%20AL%203800/RESOLUCION%203781%20DE%202007.pdf HTTP/1.1" 200 28307
201.234.75.11 - - [31/May/2015:06:34:09 -0500] "GET /StormSDA/stormWeb/presentacion.html HTTP/1.1" 304 -
220.181.108.155 - - [31/May/2015:06:34:16 -0500] "GET / HTTP/1.1" 200 10190
180.76.15.27 - - [31/May/2015:06:34:16 -0500] "GET /BLA/resoluciones/AUTOS%202009/1215.pdf HTTP/1.1" 200 119473
74.86.158.107 - - [31/May/2015:06:34:35 -0500] "HEAD / HTTP/1.1" 200 -
180.76.15.134 - - [31/May/2015:06:34:42 -0500] "GET /BLA/resoluciones/RESOLUCIONES%202007/RES%202007%202401%20AL%202500/RESOLUCION%202437%20DE%202007.pdf HTTP/1.1" 200 513081
180.76.15.10 - - [31/May/2015:06:34:58 -0500] "GET /BLA/resoluciones/AUTOS%202009/1796.pdf HTTP/1.1" 200 98800
180.76.15.10 - - [31/May/2015:06:35:19 -0500] "GET /BLA/resoluciones/AUTOS%202009/1673.pdf HTTP/1.1" 200 124650
201.244.131.177 - - [31/May/2015:06:35:38 -0500] "GET /crossdomain.xml HTTP/1.1" 404 1462
180.76.15.140 - - [31/May/2015:06:35:39 -0500] "GET /BLA/boletinlegal;jsessionid=58CE72751D27731A5E6491975004B0DB?/? HTTP/1.1" 404 1018
201.244.131.177 - - [31/May/2015:06:35:39 -0500] "GET /arcgis/services/Calidad_del_Agua_WQI/MapServer/WMSServer?FORMAT=image%2Fpng&SRS=EPSG%3A4686&REQUEST=GetMap&WIDTH=1680&HEIGHT=941&STYLES=&LAYERS=3%2C4%2C5%2C6%2C7&BBOX=%2D74%2E19981810798362%2C4%2E5841734536971455%2C%2D74%2E15984316308567%2C4%2E606564181762009&VERSION=1%2E1%2E1&TRANSPARENT=TRUE&SERVICE=WMS HTTP/1.1" 200 9702
201.244.131.177 - - [31/May/2015:06:35:46 -0500] "GET /arcgis/services/Calidad_del_Agua_WQI/MapServer/WMSServer?FORMAT=image%2Fpng&SRS=EPSG%3A4686&REQUEST=GetMap&WIDTH=1680&HEIGHT=941&STYLES=&LAYERS=3%2C4%2C5%2C6%2C7&BBOX=%2D74%2E18548185542349%2C4%2E589051348759098%2C%2D74%2E16549438297452%2C4%2E600246712791529&VERSION=1%2E1%2E1&TRANSPARENT=TRUE&SERVICE=WMS HTTP/1.1" 200 8082
66.249.64.223 - - [31/May/2015:06:35:48 -0500] "GET /BLA/resoluciones/AUTOS%202013/0653.pdf HTTP/1.1" 200 1103843
180.76.15.158 - - [31/May/2015:06:35:51 -0500] "GET /BLA/boletinlegal;jsessionid=307AE9DCDF19236B09ED02C270E70C7A?/? HTTP/1.1" 404 1018
201.244.131.177 - - [31/May/2015:06:35:53 -0500] "GET /crossdomain.xml HTTP/1.1" 404 1462
201.244.131.177 - - [31/May/2015:06:35:54 -0500] "GET /arcgis/services/Calidad_del_Agua_WQI/MapServer/WMSServer?FORMAT=image%2Fpng&SRS=EPSG%3A4686&REQUEST=GetMap&WIDTH=1680&HEIGHT=941&STYLES=&LAYERS=3%2C4%2C5%2C6%2C7&BBOX=%2D74%2E18571833987691%2C4%2E5879912646501975%2C%2D74%2E16573086742794%2C4%2E599186628682629&VERSION=1%2E1%2E1&TRANSPARENT=TRUE&SERVICE=WMS HTTP/1.1" 200 8082
201.244.131.177 - - [31/May/2015:06:36:00 -0500] "GET /arcgis/services/Calidad_del_Agua_WQI/MapServer/WMSServer?FORMAT=image%2Fpng&SRS=EPSG%3A4686&REQUEST=GetMap&WIDTH=1680&HEIGHT=941&STYLES=&LAYERS=3%2C4%2C5%2C6%2C7&BBOX=%2D74%2E19821051015752%2C4%2E581031341208144%2C%2D74%2E15823556525957%2C4%2E603422069273007&VERSION=1%2E1%2E1&TRANSPARENT=TRUE&SERVICE=WMS HTTP/1.1" 200 8407
201.244.131.177 - - [31/May/2015:06:36:10 -0500] "GET /crossdomain.xml HTTP/1.1" 404 1462
201.244.131.177 - - [31/May/2015:06:36:10 -0500] "GET /arcgis/services/Calidad_del_Agua_WQI/MapServer/WMSServer?FORMAT=image%2Fpng&SRS=EPSG%3A4686&REQUEST=GetMap&WIDTH=1680&HEIGHT=941&STYLES=&LAYERS=3%2C4%2C5%2C6%2C7&BBOX=%2D74%2E19525972929677%2C4%2E583984153157927%2C%2D74%2E15528478439882%2C4%2E6063748812227905&VERSION=1%2E1%2E1&TRANSPARENT=TRUE&SERVICE=WMS HTTP/1.1" 200 10057
47.60.44.34 - - [31/May/2015:06:36:20 -0500] "GET /galeria/galeria/jquery.fancybox.css?v=2.1.5 HTTP/1.1" 200 4895
47.60.44.34 - - [31/May/2015:06:36:20 -0500] "GET /BLA/boletinlegal/js/jquery.scrollTo-min.js HTTP/1.1" 200 1150
47.60.44.34 - - [31/May/2015:06:36:20 -0500] "GET /BLA/boletinlegal/js/jquery.scrollShow.js HTTP/1.1" 200 4586
47.60.44.34 - - [31/May/2015:06:36:20 -0500] "GET /galeria/galeria/jquery.fancybox.js?v=2.1.5 HTTP/1.1" 200 48706
180.76.15.142 - - [31/May/2015:06:36:22 -0500] "GET /BLA/boletinlegal;jsessionid=C8782D95CA77EA36A8E870243746EAE1?/? HTTP/1.1" 404 1018
180.76.15.140 - - [31/May/2015:06:36:40 -0500] "GET /BLA/resoluciones/AUTOS%202009/1833.pdf HTTP/1.1" 200 107278
180.76.15.144 - - [31/May/2015:06:36:46 -0500] "GET /BLA/boletinlegal;jsessionid=17A316C07DFB4C56F5B949D7B82BC28E?/? HTTP/1.1" 404 1018
152.200.43.135 - - [31/May/2015:06:37:10 -0500] "GET /BLA/resoluciones/RESOLUCIONES%202007/RES%202007%20701%20AL%20800/RESOLUCION%200705%20DE%202007.pdf HTTP/1.1" 200 1060513
180.76.15.29 - - [31/May/2015:06:37:22 -0500] "GET /BLA/resoluciones/AUTOS%202010/1132.pdf HTTP/1.1" 200 177375
180.76.15.5 - - [31/May/2015:06:37:43 -0500] "GET /BLA/boletinlegal;jsessionid=44EB35EECF9926C6CACD8396715FDE24?/? HTTP/1.1" 404 1018
180.76.15.153 - - [31/May/2015:06:37:56 -0500] "GET /BLA/boletinlegal;jsessionid=2FAED23CCCC5810F69A73133BD51CDFA?/? HTTP/1.1" 404 1018
157.55.39.112 - - [31/May/2015:06:38:02 -0500] "GET /galeria/galeria/fotos/Humedal-Santa-Mar%C3%ADa-del-Lago1G.jpg HTTP/1.1" 200 290867
180.76.15.8 - - [31/May/2015:06:38:25 -0500] "GET /BLA/resoluciones/AUTOS%202012/2114.pdf HTTP/1.1" 200 417683
66.249.64.233 - - [31/May/2015:06:38:44 -0500] "GET /BLA/resoluciones/RESOLUCIONES%202005/RES%202005%202351-2400/00002375.tif HTTP/1.1" 304 -
66.249.64.233 - - [31/May/2015:06:38:45 -0500] "GET /galeria/nivo-slider/demo/images/premioPNUD.jpg HTTP/1.1" 200 41918
180.76.15.5 - - [31/May/2015:06:38:56 -0500] "GET /BLA/resoluciones/AUTOS%202013/0114.pdf HTTP/1.1" 200 1157714
180.76.15.153 - - [31/May/2015:06:39:13 -0500] "GET /BLA/boletinlegal;jsessionid=BC8CD298DCF4510ED73DB654636C3388?/? HTTP/1.1" 404 1018
180.76.15.138 - - [31/May/2015:06:39:28 -0500] "GET /BLA/boletinlegal;jsessionid=663A56F636D7495BAB22BB317E131A2C?/? HTTP/1.1" 404 1018
74.86.158.107 - - [31/May/2015:06:39:35 -0500] "HEAD / HTTP/1.1" 200 -
180.76.15.8 - - [31/May/2015:06:39:44 -0500] "GET /BLA/resoluciones/AUTOS%202013/2012.pdf HTTP/1.1" 200 1273633
180.76.15.163 - - [31/May/2015:06:39:59 -0500] "GET /BLA/boletinlegal;jsessionid=47F79005D36DDD1EDA8EF85E21140040?/? HTTP/1.1" 404 1018
180.76.15.24 - - [31/May/2015:06:40:15 -0500] "GET /BLA/boletinlegal;jsessionid=96C0563D5B298826B907F4A926D353E7?/? HTTP/1.1" 404 1018
180.76.15.16 - - [31/May/2015:06:40:29 -0500] "GET /BLA/boletinlegal;jsessionid=42E6012611DCF9338894E49B3965B12E?/? HTTP/1.1" 404 1018
180.76.15.135 - - [31/May/2015:06:40:41 -0500] "GET /BLA/resoluciones/AUTOS%202009/2927.pdf HTTP/1.1" 200 169909
66.249.64.223 - - [31/May/2015:06:41:36 -0500] "GET /BLA/resoluciones/RESOLUCIONES%202014/1941.pdf HTTP/1.1" 304 -
180.76.15.158 - - [31/May/2015:06:41:38 -0500] "GET /BLA/resoluciones/AUTOS%202012/1829.pdf HTTP/1.1" 200 302384
180.76.15.24 - - [31/May/2015:06:41:40 -0500] "GET /BLA/resoluciones/AUTOS%202009/1444.pdf HTTP/1.1" 200 119124
180.76.15.138 - - [31/May/2015:06:41:55 -0500] "GET /BLA/resoluciones/AUTOS%202012/1156.pdf HTTP/1.1" 200 170693
157.55.39.86 - - [31/May/2015:06:42:02 -0500] "GET /galeria/galeria/fotos/Humedal-Santa-Mar%C3%ADa-del-Lago1P.jpg HTTP/1.1" 200 26912
66.249.64.121 - - [31/May/2015:06:42:14 -0500] "GET /POT-2013/Cartografia/15_Sistema%20de%20Movilidad%20_Secciones%20Viales_Circuitos_movilida.pdf HTTP/1.1" 200 4830571
180.76.15.153 - - [31/May/2015:06:42:40 -0500] "GET /BLA/boletinlegal;jsessionid=96AC224F8F3CDB7D2F57B8BD60657A58?/? HTTP/1.1" 404 1018
180.76.15.149 - - [31/May/2015:06:42:49 -0500] "GET /BLA/resoluciones/AUTOS%202009/0552.pdf HTTP/1.1" 200 125613
180.76.15.150 - - [31/May/2015:06:43:04 -0500] "GET /BLA/resoluciones/AUTOS%202009/2408.pdf HTTP/1.1" 200 101374
180.76.15.156 - - [31/May/2015:06:43:41 -0500] "GET /BLA/resoluciones/AUTOS%202009/0917.pdf HTTP/1.1" 200 120609
180.76.15.19 - - [31/May/2015:06:43:49 -0500] "GET /BLA/resoluciones/AUTOS%202010/5429.pdf HTTP/1.1" 200 1517323
180.76.15.21 - - [31/May/2015:06:44:05 -0500] "GET /BLA/resoluciones/AUTOS%202009/0415.pdf HTTP/1.1" 200 275430
180.76.15.139 - - [31/May/2015:06:44:23 -0500] "GET /BLA/boletinlegal;jsessionid=C63F8DECB920C3742D9A82DA28DE63FB?/? HTTP/1.1" 404 1018
74.86.158.107 - - [31/May/2015:06:44:35 -0500] "HEAD / HTTP/1.1" 200 -
180.76.15.134 - - [31/May/2015:06:44:43 -0500] "GET /BLA/resoluciones/AUTOS%202012/1345.pdf HTTP/1.1" 200 161352
180.76.15.14 - - [31/May/2015:06:44:52 -0500] "GET /BLA/resoluciones/RESOLUCIONES%202008/1182.pdf HTTP/1.1" 200 169450
180.76.15.147 - - [31/May/2015:06:45:24 -0500] "GET /BLA/boletinlegal;jsessionid=E9ED11A4C5618E2715AD80AC7B432D4D?/? HTTP/1.1" 404 1018
66.249.64.223 - - [31/May/2015:06:45:31 -0500] "GET /galeria/galeria/jquery.fancybox.css?v=2.1.5 HTTP/1.1" 200 4895
66.249.64.233 - - [31/May/2015:06:45:32 -0500] "GET /BLA/boletinlegal/js/jquery.scrollShow.js HTTP/1.1" 200 4586
66.249.64.233 - - [31/May/2015:06:45:32 -0500] "GET /BLA/boletinlegal/js/jquery.scrollTo-min.js HTTP/1.1" 200 1150
66.249.64.223 - - [31/May/2015:06:45:33 -0500] "GET /galeria/galeria/jquery.fancybox.js?v=2.1.5 HTTP/1.1" 200 48706
180.76.15.142 - - [31/May/2015:06:45:45 -0500] "GET /BLA/boletinlegal;jsessionid=52436B5497164994F7660968C5C8A3C5?/? HTTP/1.1" 404 1018
180.76.15.147 - - [31/May/2015:06:46:07 -0500] "GET /BLA/resoluciones/AUTOS%202009/2416.pdf HTTP/1.1" 200 100667
180.76.15.142 - - [31/May/2015:06:46:25 -0500] "GET /BLA/boletinlegal;jsessionid=963159C8779564FB24D08160463AAE2C?/? HTTP/1.1" 404 1018
180.76.15.27 - - [31/May/2015:06:46:46 -0500] "GET /BLA/boletinlegal;jsessionid=2769725CC74835AFE26A1425627B9A0E?/? HTTP/1.1" 404 1018
180.76.15.156 - - [31/May/2015:06:47:00 -0500] "GET /BLA/resoluciones/RESOLUCIONES%202007/RES%202007%202501%20AL%202600/RESOLUCION%202562%20DE%202007.pdf HTTP/1.1" 200 408702
180.76.15.159 - - [31/May/2015:06:47:07 -0500] "GET /BLA/boletinlegal;jsessionid=6F1B6F70797F0726A9DC8DB4B26DEFA0?/? HTTP/1.1" 404 1018
66.249.64.126 - - [31/May/2015:06:47:24 -0500] "GET /videos/ambiente-ciudad/skin/circle.skin/ HTTP/1.1" 200 2122
180.76.15.17 - - [31/May/2015:06:47:26 -0500] "GET /BLA/resoluciones/AUTOS%202010/3459.pdf HTTP/1.1" 200 451567
180.76.15.151 - - [31/May/2015:06:47:47 -0500] "GET /BLA/resoluciones/AUTOS%202009/2173.pdf HTTP/1.1" 200 106227
180.76.15.10 - - [31/May/2015:06:48:03 -0500] "GET /BLA/boletinlegal;jsessionid=67BC57CD6B212301FD70490090597925?/? HTTP/1.1" 404 1018
180.76.15.7 - - [31/May/2015:06:48:52 -0500] "GET /BLA/resoluciones/AUTOS%202012/2985.pdf HTTP/1.1" 200 474112
157.55.39.112 - - [31/May/2015:06:48:53 -0500] "GET /galeria/galeria/fotos/Humedal-Santa-Mar%C3%ADa-del-Lago4P.jpg HTTP/1.1" 200 33121
180.76.15.24 - - [31/May/2015:06:49:10 -0500] "GET /BLA/resoluciones/AUTOS%202009/3147.pdf HTTP/1.1" 200 132498
74.86.158.107 - - [31/May/2015:06:49:35 -0500] "HEAD / HTTP/1.1" 200 -
180.76.15.19 - - [31/May/2015:06:49:55 -0500] "GET /BLA/boletinlegal;jsessionid=B423B6E4023B8FF90A4D437567A6D41F?/? HTTP/1.1" 404 1018
180.76.15.22 - - [31/May/2015:06:50:15 -0500] "GET /BLA/resoluciones/AUTOS%202009/0607.pdf HTTP/1.1" 200 127047
180.76.15.9 - - [31/May/2015:06:50:34 -0500] "GET /BLA/resoluciones/AUTOS%202013/0933.pdf HTTP/1.1" 200 1388757
180.76.15.138 - - [31/May/2015:06:50:55 -0500] "GET /BLA/resoluciones/AUTOS%202009/0567.pdf HTTP/1.1" 200 126064
