!C99Shell v. 1.0 pre-release build #13!

Software: Apache. PHP/5.5.15 

uname -a: Windows NT SVR-DMZ 6.1 build 7600 (Windows Server 2008 R2 Enterprise Edition) i586 

SYSTEM 

Safe-mode: OFF (not secure)

E:\nuevo\apache\logs\   drwxrwxrwx
Free 8.02 GB of 239.26 GB (3.35%)
Detected drives: [ a ] [ c ] [ d ] [ e ] [ f ]
Home    Back    Forward    UPDIR    Refresh    Search    Buffer    Encoder    Tools    Proc.    FTP brute    Sec.    SQL    PHP-code    Update    Feedback    Self remove    Logout    


Viewing file:     access.2015.06.05.log (16.7 MB)      -rw-rw-rw-
Select action/file-type:
(+) | (+) | (+) | Code (+) | Session (+) | (+) | SDB (+) | (+) | (+) | (+) | (+) | (+) |
66.249.67.107 - - [05/Jun/2015:00:00:02 -0500] "GET /BLA/resoluciones/AUTOS%202007/0898.pdf HTTP/1.1" 200 57138
180.76.15.154 - - [05/Jun/2015:00:00:05 -0500] "GET /BLA/resoluciones/RESOLUCIONES%202014/3129.pdf HTTP/1.1" 200 486457
207.46.13.98 - - [05/Jun/2015:00:00:07 -0500] "GET /BLA/resoluciones/RESOLUCIONES%202011/0826.pdf HTTP/1.1" 200 75635
207.46.13.98 - - [05/Jun/2015:00:00:07 -0500] "GET /BLA/resoluciones/AUTOS%202011/4233.pdf HTTP/1.1" 200 206233
207.46.13.98 - - [05/Jun/2015:00:00:08 -0500] "GET /bla/resoluciones/resoluciones%202009/1196.pdf HTTP/1.1" 200 668994
207.46.13.98 - - [05/Jun/2015:00:00:09 -0500] "GET /BLA/resoluciones/RESOLUCIONES%202010/3050.pdf HTTP/1.1" 200 732166
157.55.39.10 - - [05/Jun/2015:00:00:13 -0500] "GET /BLA/resoluciones/RESOLUCIONES%202010/1425.pdf HTTP/1.1" 200 1479312
157.55.39.10 - - [05/Jun/2015:00:00:14 -0500] "GET /BLA/resoluciones/AUTOS%202011/3336.pdf HTTP/1.1" 200 303292
157.55.39.10 - - [05/Jun/2015:00:00:16 -0500] "GET /BLA/resoluciones/RESOLUCIONES%202010/0190.pdf HTTP/1.1" 200 546364
157.55.39.10 - - [05/Jun/2015:00:00:16 -0500] "GET /BLA/resoluciones/AUTOS%202009/2094.pdf HTTP/1.1" 200 100043
207.46.13.104 - - [05/Jun/2015:00:00:20 -0500] "GET /BLA/resoluciones/RESOLUCIONES%202008/0546.pdf HTTP/1.1" 200 266403
207.46.13.104 - - [05/Jun/2015:00:00:21 -0500] "GET /bla/resoluciones/resoluciones%202009/1302.pdf HTTP/1.1" 200 506369
207.46.13.104 - - [05/Jun/2015:00:00:22 -0500] "GET /bla/resoluciones/resoluciones%202009/4534.pdf HTTP/1.1" 200 107398
207.46.13.98 - - [05/Jun/2015:00:00:25 -0500] "GET /BLA/resoluciones/RESOLUCIONES%202012/1307.pdf HTTP/1.1" 200 5715295
207.46.13.98 - - [05/Jun/2015:00:00:26 -0500] "GET /BLA/resoluciones/RESOLUCIONES%202010/3050.pdf HTTP/1.1" 200 732166
66.249.67.133 - - [05/Jun/2015:00:00:30 -0500] "GET /portalsiaccapacitaciones/Soportes%20Capacitaciones%20A%C3%B1o%202013/0032.%20PRESENTACI%C3%93N%20FUENTES%20FIJAS%20-%2015%20de%20Agosto.pdf HTTP/1.1" 404 1018
157.55.39.10 - - [05/Jun/2015:00:00:32 -0500] "GET /bla/resoluciones/resoluciones%202009/1710.pdf HTTP/1.1" 200 681032
157.55.39.10 - - [05/Jun/2015:00:00:32 -0500] "GET /BLA/resoluciones/AUTOS%202009/0846.pdf HTTP/1.1" 200 88377
157.55.39.10 - - [05/Jun/2015:00:00:33 -0500] "GET /BLA/resoluciones/RESOLUCIONES%202008/5007.pdf HTTP/1.1" 200 263007
157.55.39.10 - - [05/Jun/2015:00:00:36 -0500] "GET /bla/resoluciones/resoluciones%202009/3898.pdf HTTP/1.1" 200 253141
207.46.13.104 - - [05/Jun/2015:00:00:37 -0500] "GET /BLA/resoluciones/RESOLUCIONES%202010/1630.pdf HTTP/1.1" 200 438683
207.46.13.104 - - [05/Jun/2015:00:00:37 -0500] "GET /BLA/resoluciones/Resoluciones%202011/4978.pdf HTTP/1.1" 200 351701
157.55.39.65 - - [05/Jun/2015:00:00:39 -0500] "GET /BLA/resoluciones/RESOLUCIONES%202008/2117.pdf HTTP/1.1" 200 159741
207.46.13.104 - - [05/Jun/2015:00:00:48 -0500] "GET /BLA/resoluciones/RESOLUCIONES%202009/1259.pdf HTTP/1.1" 200 645849
157.55.39.134 - - [05/Jun/2015:00:00:52 -0500] "GET /BLA/resoluciones/RESOLUCIONES%202010/7135.pdf HTTP/1.1" 200 372786
157.55.39.134 - - [05/Jun/2015:00:00:53 -0500] "GET /bla/resoluciones/RESOLUCIONES%202011/0610.pdf HTTP/1.1" 200 798456
157.55.39.65 - - [05/Jun/2015:00:00:58 -0500] "GET /BLA/resoluciones/RESOLUCIONES%202010/0053.pdf HTTP/1.1" 200 500269
207.46.13.98 - - [05/Jun/2015:00:01:02 -0500] "GET /BLA/resoluciones/Autos%202008/0699.pdf HTTP/1.1" 200 67502
207.46.13.104 - - [05/Jun/2015:00:01:07 -0500] "GET /BLA/resoluciones/AUTOS%202011/5518.pdf HTTP/1.1" 200 140346
207.46.13.104 - - [05/Jun/2015:00:01:08 -0500] "GET /BLA/resoluciones/RESOLUCIONES%202008/1828.pdf HTTP/1.1" 200 251803
157.55.39.64 - - [05/Jun/2015:00:01:13 -0500] "GET /BLA/resoluciones/RESOLUCIONES%202010/7091.pdf HTTP/1.1" 200 267681
157.55.39.64 - - [05/Jun/2015:00:01:13 -0500] "GET /BLA/resoluciones/RESOLUCIONES%202010/0131.pdf HTTP/1.1" 200 384949
180.76.15.7 - - [05/Jun/2015:00:01:15 -0500] "GET /BLA/resoluciones/RESOLUCIONES%202008/0110.pdf HTTP/1.1" 200 14877
207.46.13.98 - - [05/Jun/2015:00:01:17 -0500] "GET /BLA/resoluciones/RESOLUCIONES%202008/4881.pdf HTTP/1.1" 200 255582
157.55.39.65 - - [05/Jun/2015:00:01:24 -0500] "GET /BLA/resoluciones/RESOLUCIONES%202008/2367.pdf HTTP/1.1" 200 288636
66.249.67.107 - - [05/Jun/2015:00:01:26 -0500] "GET /BLA/resoluciones/RESOLUCIONES%202007/RES%202007%201201%20AL%201300/RESOLUCION%201300%20DE%202007.pdf HTTP/1.1" 304 -
207.46.13.104 - - [05/Jun/2015:00:01:28 -0500] "GET /BLA/resoluciones/RESOLUCIONES%202014/1328.pdf HTTP/1.1" 200 1254665
157.55.39.65 - - [05/Jun/2015:00:01:41 -0500] "GET /BLA/resoluciones/AUTOS%202009/1452.pdf HTTP/1.1" 200 183636
74.86.158.107 - - [05/Jun/2015:00:01:42 -0500] "HEAD / HTTP/1.1" 200 -
157.55.39.11 - - [05/Jun/2015:00:01:48 -0500] "GET /BLA/resoluciones/RESOLUCIONES%202010/5875.pdf HTTP/1.1" 200 199095
180.76.15.153 - - [05/Jun/2015:00:01:50 -0500] "GET /BLA/resoluciones/AUTOS%202009/3031.pdf HTTP/1.1" 200 185151
207.46.13.98 - - [05/Jun/2015:00:02:05 -0500] "GET /BLA/resoluciones/Autos%202008/2200.pdf HTTP/1.1" 200 97524
207.46.13.98 - - [05/Jun/2015:00:02:05 -0500] "GET /BLA/resoluciones/RESOLUCIONES%202010/2924.pdf HTTP/1.1" 200 118686
207.46.13.98 - - [05/Jun/2015:00:02:05 -0500] "GET /BLA/resoluciones/RESOLUCIONES%202008/3386.pdf HTTP/1.1" 200 322241
180.76.15.161 - - [05/Jun/2015:00:02:07 -0500] "GET /BLA/resoluciones/RESOLUCIONES%202008/0828.pdf HTTP/1.1" 200 184764
207.46.13.104 - - [05/Jun/2015:00:02:11 -0500] "GET /BLA/resoluciones/AUTOS%202010/5437.pdf HTTP/1.1" 200 206640
207.46.13.104 - - [05/Jun/2015:00:02:11 -0500] "GET /BLA/resoluciones/RESOLUCIONES%202010/1353.pdf HTTP/1.1" 200 345074
207.46.13.104 - - [05/Jun/2015:00:02:13 -0500] "GET /BLA/resoluciones/AUTOS%202010/5946.pdf HTTP/1.1" 200 203495
157.55.39.65 - - [05/Jun/2015:00:02:16 -0500] "GET /BLA/resoluciones/RESOLUCIONES%202010/2084.pdf HTTP/1.1" 200 106776
180.76.15.23 - - [05/Jun/2015:00:02:24 -0500] "GET /BLA/resoluciones/RESOLUCIONES%202007/RES%202007%203501%20AL%203600/RESOLUCION%203532%20DE%202007.pdf HTTP/1.1" 200 609564
157.55.39.10 - - [05/Jun/2015:00:02:32 -0500] "GET /BLA/resoluciones/RESOLUCIONES%202010/0752.pdf HTTP/1.1" 200 437179
157.55.39.10 - - [05/Jun/2015:00:02:32 -0500] "GET /BLA/resoluciones/AUTOS%202011/4023.pdf HTTP/1.1" 200 259829
157.55.39.10 - - [05/Jun/2015:00:02:33 -0500] "GET /bla/resoluciones/RESOLUCIONES%202011/1668.pdf HTTP/1.1" 200 73411
157.55.39.65 - - [05/Jun/2015:00:02:33 -0500] "GET /BLA/resoluciones/RESOLUCIONES%202008/1019.pdf HTTP/1.1" 200 201683
157.55.39.10 - - [05/Jun/2015:00:02:33 -0500] "GET /BLA/resoluciones/RESOLUCIONES%202011/1316.pdf HTTP/1.1" 200 75341
157.55.39.10 - - [05/Jun/2015:00:02:34 -0500] "GET /bla/resoluciones/RESOLUCIONES%202011/1226.pdf HTTP/1.1" 200 525455
207.46.13.104 - - [05/Jun/2015:00:02:40 -0500] "GET /BLA/resoluciones/RESOLUCIONES%202010/1724.pdf HTTP/1.1" 200 410664
180.76.15.23 - - [05/Jun/2015:00:02:42 -0500] "GET /BLA/resoluciones/AUTOS%202009/1327.pdf HTTP/1.1" 200 60703
207.46.13.98 - - [05/Jun/2015:00:02:44 -0500] "GET /BLA/resoluciones/RESOLUCIONES%202009/5825.pdf HTTP/1.1" 200 97347
207.46.13.98 - - [05/Jun/2015:00:02:44 -0500] "GET /BLA/resoluciones/RESOLUCIONES%202008/3912.pdf HTTP/1.1" 200 464386
207.46.13.98 - - [05/Jun/2015:00:02:45 -0500] "GET /BLA/resoluciones/RESOLUCIONES%202009/1387.pdf HTTP/1.1" 200 1644927
186.113.10.143 - - [05/Jun/2015:00:02:52 -0500] "GET /galeria/nivo-slider/demo/images/capacitaciones-de-ecourbanismo.jpg HTTP/1.1" 304 -
157.55.39.134 - - [05/Jun/2015:00:02:55 -0500] "GET /BLA/resoluciones/Resoluciones%202011/3259.pdf HTTP/1.1" 200 134838
157.55.39.134 - - [05/Jun/2015:00:02:55 -0500] "GET /BLA/resoluciones/RESOLUCIONES%202008/1667.pdf HTTP/1.1" 200 160150
180.76.15.8 - - [05/Jun/2015:00:02:59 -0500] "GET /BLA/resoluciones/AUTOS%202009/0596.pdf HTTP/1.1" 200 128267
180.76.15.9 - - [05/Jun/2015:00:03:16 -0500] "GET /BLA/resoluciones/RESOLUCIONES%202007/RES%202007%20201%20AL%20300/RESOLUCION%200246%20DE%202007.pdf HTTP/1.1" 200 397732
186.28.67.4 - - [05/Jun/2015:00:03:29 -0500] "GET /forest/session.jsp?a=0.2426982948090881 HTTP/1.1" 200 4
180.76.15.23 - - [05/Jun/2015:00:03:34 -0500] "GET /BLA/resoluciones/AUTOS%202009/1768.pdf HTTP/1.1" 200 108202
157.55.39.65 - - [05/Jun/2015:00:03:39 -0500] "GET /BLA/resoluciones/AUTOS%202009/2922.pdf HTTP/1.1" 200 102625
207.46.13.98 - - [05/Jun/2015:00:03:44 -0500] "GET /bla/resoluciones/RESOLUCIONES%202009/1013.pdf HTTP/1.1" 200 210994
180.76.15.25 - - [05/Jun/2015:00:03:51 -0500] "GET /BLA/resoluciones/RESOLUCIONES%202010/1991.pdf HTTP/1.1" 200 338020
157.55.39.65 - - [05/Jun/2015:00:03:59 -0500] "GET /BLA/resoluciones/AUTOS%202007/0641.pdf HTTP/1.1" 200 71580
207.46.13.104 - - [05/Jun/2015:00:04:05 -0500] "GET /BLA/resoluciones/RESOLUCIONES%202010/2386.pdf HTTP/1.1" 200 437592
180.76.15.138 - - [05/Jun/2015:00:04:08 -0500] "GET /BLA/resoluciones/AUTOS%202009/0824.pdf HTTP/1.1" 200 75385
157.55.39.64 - - [05/Jun/2015:00:04:08 -0500] "GET /BLA/resoluciones/RESOLUCIONES%202014/1004.pdf HTTP/1.1" 200 969674
157.55.39.64 - - [05/Jun/2015:00:04:09 -0500] "GET /bla/resoluciones/RESOLUCIONES%202011/2970.pdf HTTP/1.1" 200 513702
207.46.13.98 - - [05/Jun/2015:00:04:19 -0500] "GET /BLA/resoluciones/AUTOS%202007/2204.pdf HTTP/1.1" 200 144554
207.46.13.98 - - [05/Jun/2015:00:04:20 -0500] "GET /BLA/resoluciones/RESOLUCIONES%202008/0694.pdf HTTP/1.1" 200 207592
157.55.39.65 - - [05/Jun/2015:00:04:24 -0500] "GET /BLA/resoluciones/RESOLUCIONES%202008/0157.pdf HTTP/1.1" 200 261787
157.55.39.65 - - [05/Jun/2015:00:04:25 -0500] "GET /BLA/resoluciones/RESOLUCIONES%202010/2325.pdf HTTP/1.1" 200 540837
180.76.15.34 - - [05/Jun/2015:00:04:25 -0500] "GET /BLA/resoluciones/AUTOS%202009/2547.pdf HTTP/1.1" 200 103385
157.55.39.65 - - [05/Jun/2015:00:04:26 -0500] "GET /BLA/resoluciones/AUTOS%202009/1703.pdf HTTP/1.1" 200 124092
207.46.13.104 - - [05/Jun/2015:00:04:30 -0500] "GET /BLA/resoluciones/RESOLUCIONES%202010/1640.pdf HTTP/1.1" 200 435511
207.46.13.104 - - [05/Jun/2015:00:04:30 -0500] "GET /BLA/resoluciones/AUTOS%202011/4880.pdf HTTP/1.1" 200 633643
207.46.13.104 - - [05/Jun/2015:00:04:31 -0500] "GET /BLA/resoluciones/AUTOS%202011/0106.pdf HTTP/1.1" 200 203174
207.46.13.98 - - [05/Jun/2015:00:04:34 -0500] "GET /BLA/resoluciones/RESOLUCIONES%202010/2481.pdf HTTP/1.1" 200 286819
207.46.13.98 - - [05/Jun/2015:00:04:36 -0500] "GET /bla/resoluciones/RESOLUCIONES%202009/2089.pdf HTTP/1.1" 200 443675
207.46.13.98 - - [05/Jun/2015:00:04:37 -0500] "GET /BLA/resoluciones/AUTOS%202011/4830.pdf HTTP/1.1" 200 605367
207.46.13.98 - - [05/Jun/2015:00:04:39 -0500] "GET /BLA/resoluciones/AUTOS%202007/0624.pdf HTTP/1.1" 200 68699
207.46.13.98 - - [05/Jun/2015:00:04:39 -0500] "GET /BLA/resoluciones/AUTOS%202011/4270.pdf HTTP/1.1" 200 336635
157.55.39.11 - - [05/Jun/2015:00:04:42 -0500] "GET /BLA/resoluciones/AUTOS%202011/4023.pdf HTTP/1.1" 200 259829
157.55.39.11 - - [05/Jun/2015:00:04:43 -0500] "GET /BLA/resoluciones/RESOLUCIONES%202010/1632.pdf HTTP/1.1" 200 439409
180.76.15.136 - - [05/Jun/2015:00:04:43 -0500] "GET /BLA/resoluciones/AUTOS%202009/1815.pdf HTTP/1.1" 200 201510
157.55.39.11 - - [05/Jun/2015:00:04:43 -0500] "GET /bla/resoluciones/resoluciones%202009/0232.pdf HTTP/1.1" 200 177819
157.55.39.11 - - [05/Jun/2015:00:04:44 -0500] "GET /BLA/resoluciones/AUTOS%202007/2766.pdf HTTP/1.1" 200 145601
157.55.39.11 - - [05/Jun/2015:00:04:44 -0500] "GET /bla/resoluciones/RESOLUCIONES%202011/0708.pdf HTTP/1.1" 200 75303
157.55.39.11 - - [05/Jun/2015:00:04:44 -0500] "GET /BLA/resoluciones/AUTOS%202010/5467.pdf HTTP/1.1" 200 919345
181.130.50.39 - - [05/Jun/2015:00:04:47 -0500] "GET /BLA/boletinlegal/js/jquery.scrollTo-min.js HTTP/1.1" 200 1150
181.130.50.39 - - [05/Jun/2015:00:04:47 -0500] "GET /galeria/galeria/jquery.fancybox.css?v=2.1.5 HTTP/1.1" 200 4895
181.130.50.39 - - [05/Jun/2015:00:04:47 -0500] "GET /galeria/galeria/jquery.fancybox.js?v=2.1.5 HTTP/1.1" 200 48706
181.130.50.39 - - [05/Jun/2015:00:04:47 -0500] "GET /BLA/boletinlegal/js/jquery.scrollShow.js HTTP/1.1" 200 4586
186.145.73.219 - - [05/Jun/2015:00:04:48 -0500] "GET /BLA/boletinlegal/js/jquery.scrollTo-min.js HTTP/1.1" 200 1150
186.145.73.219 - - [05/Jun/2015:00:04:48 -0500] "GET /galeria/galeria/jquery.fancybox.css?v=2.1.5 HTTP/1.1" 200 4895
186.145.73.219 - - [05/Jun/2015:00:04:48 -0500] "GET /galeria/galeria/jquery.fancybox.js?v=2.1.5 HTTP/1.1" 200 48706
186.145.73.219 - - [05/Jun/2015:00:04:48 -0500] "GET /BLA/boletinlegal/js/jquery.scrollShow.js HTTP/1.1" 200 4586
207.46.13.98 - - [05/Jun/2015:00:04:50 -0500] "GET /BLA/resoluciones/RESOLUCIONES%202008/2053.pdf HTTP/1.1" 200 67355
157.55.39.134 - - [05/Jun/2015:00:05:03 -0500] "GET /BLA/resoluciones/AUTOS%202009/1871.pdf HTTP/1.1" 200 102713
157.55.39.134 - - [05/Jun/2015:00:05:03 -0500] "GET /BLA/resoluciones/RESOLUCIONES%202009/1257.pdf HTTP/1.1" 200 659992
180.76.15.8 - - [05/Jun/2015:00:05:17 -0500] "GET /BLA/resoluciones/AUTOS%202009/0207.pdf HTTP/1.1" 200 219207
157.55.39.10 - - [05/Jun/2015:00:05:30 -0500] "GET /BLA/resoluciones/RESOLUCIONES%202008/0849.pdf HTTP/1.1" 200 45488
207.46.13.104 - - [05/Jun/2015:00:05:31 -0500] "GET /BLA/resoluciones/RESOLUCIONES%202009/0870.pdf HTTP/1.1" 200 343267
207.46.13.98 - - [05/Jun/2015:00:05:42 -0500] "GET /BLA/resoluciones/RESOLUCIONES%202014/0250.pdf HTTP/1.1" 200 420116
157.55.39.65 - - [05/Jun/2015:00:05:50 -0500] "GET /bla/resoluciones/RESOLUCIONES%202009/2120.pdf HTTP/1.1" 200 541151
207.46.13.98 - - [05/Jun/2015:00:05:54 -0500] "GET /BLA/resoluciones/RESOLUCIONES%202009/8503.pdf HTTP/1.1" 200 49044
207.46.13.98 - - [05/Jun/2015:00:05:55 -0500] "GET /bla/resoluciones/RESOLUCIONES%202009/1403.pdf HTTP/1.1" 200 277776
207.46.13.104 - - [05/Jun/2015:00:06:02 -0500] "GET /BLA/resoluciones/Autos%202008/?C=M;O=A HTTP/1.1" 200 665480
207.46.13.104 - - [05/Jun/2015:00:06:05 -0500] "GET /BLA/resoluciones/RESOLUCIONES%202010/1522.pdf HTTP/1.1" 200 569647
207.46.13.104 - - [05/Jun/2015:00:06:06 -0500] "GET /BLA/resoluciones/RESOLUCIONES%202010/2197.pdf HTTP/1.1" 200 524427
180.76.15.33 - - [05/Jun/2015:00:06:09 -0500] "GET /BLA/resoluciones/AUTOS%202009/3416.pdf HTTP/1.1" 200 96855
157.55.39.65 - - [05/Jun/2015:00:06:15 -0500] "GET /bla/resoluciones/RESOLUCIONES%202009/1109.pdf HTTP/1.1" 200 287500
157.55.39.65 - - [05/Jun/2015:00:06:20 -0500] "GET /bla/resoluciones/RESOLUCIONES%202011/1126.pdf HTTP/1.1" 200 303858
157.55.39.65 - - [05/Jun/2015:00:06:21 -0500] "GET /BLA/resoluciones/AUTOS%202011/0125.pdf HTTP/1.1" 200 141465
207.46.13.104 - - [05/Jun/2015:00:06:24 -0500] "GET /bla/resoluciones/resoluciones%202009/0876.pdf HTTP/1.1" 200 309014
180.76.15.145 - - [05/Jun/2015:00:06:26 -0500] "GET /BLA/resoluciones/AUTOS%202009/1831.pdf HTTP/1.1" 200 123577
157.55.39.10 - - [05/Jun/2015:00:06:30 -0500] "GET /bla/resoluciones/resoluciones%202009/1262.pdf HTTP/1.1" 200 616840
157.55.39.10 - - [05/Jun/2015:00:06:30 -0500] "GET /BLA/resoluciones/RESOLUCIONES%202008/5025.pdf HTTP/1.1" 200 239640
157.55.39.10 - - [05/Jun/2015:00:06:30 -0500] "GET /bla/resoluciones/RESOLUCIONES%202009/1753.pdf HTTP/1.1" 200 483921
157.55.39.10 - - [05/Jun/2015:00:06:33 -0500] "GET /bla/resoluciones/RESOLUCIONES%202009/0645.pdf HTTP/1.1" 200 297172
157.55.39.10 - - [05/Jun/2015:00:06:33 -0500] "GET /bla/resoluciones/resoluciones%202009/2088.pdf HTTP/1.1" 200 333599
157.55.39.65 - - [05/Jun/2015:00:06:35 -0500] "GET /BLA/resoluciones/AUTOS%202009/0040.pdf HTTP/1.1" 200 104675
66.249.67.120 - - [05/Jun/2015:00:06:35 -0500] "GET /BLA/resoluciones/RESOLUCIONES%202007/RES%202007%202001%20AL%202100/RESOLUCION%202089%20%20DE%202007.pdf HTTP/1.1" 200 193876
157.55.39.65 - - [05/Jun/2015:00:06:35 -0500] "GET /BLA/resoluciones/Autos%202008/2177.pdf HTTP/1.1" 200 77978
74.86.158.107 - - [05/Jun/2015:00:06:42 -0500] "HEAD / HTTP/1.1" 200 -
207.46.13.98 - - [05/Jun/2015:00:06:43 -0500] "GET /BLA/resoluciones/RESOLUCIONES%202009/0659.pdf HTTP/1.1" 200 130585
180.76.15.28 - - [05/Jun/2015:00:06:44 -0500] "GET /BLA/resoluciones/RESOLUCIONES%202010/1445.pdf HTTP/1.1" 200 695021
157.55.39.65 - - [05/Jun/2015:00:06:46 -0500] "GET /BLA/resoluciones/RESOLUCIONES%202010/1227.pdf HTTP/1.1" 200 100764
207.46.13.98 - - [05/Jun/2015:00:06:59 -0500] "GET /bla/resoluciones/RESOLUCIONES%202011/2494.pdf HTTP/1.1" 200 847488
180.76.15.149 - - [05/Jun/2015:00:07:01 -0500] "GET /BLA/resoluciones/RESOLUCIONES%202013/0277.pdf HTTP/1.1" 200 2346888
157.55.39.134 - - [05/Jun/2015:00:07:04 -0500] "GET /BLA/resoluciones/RESOLUCIONES%202008/1649.pdf HTTP/1.1" 200 206661
157.55.39.134 - - [05/Jun/2015:00:07:04 -0500] "GET /BLA/resoluciones/Resoluciones%202011/4952.pdf HTTP/1.1" 200 359779
157.55.39.10 - - [05/Jun/2015:00:07:05 -0500] "GET /BLA/resoluciones/RESOLUCIONES%202010/5297.pdf HTTP/1.1" 200 752323
207.46.13.104 - - [05/Jun/2015:00:07:15 -0500] "GET /bla/resoluciones/resoluciones%202009/0240.pdf HTTP/1.1" 200 639959
180.76.15.31 - - [05/Jun/2015:00:07:18 -0500] "GET /BLA/resoluciones/AUTOS%202009/1570.pdf HTTP/1.1" 200 123106
157.55.39.65 - - [05/Jun/2015:00:07:19 -0500] "GET /BLA/resoluciones/AUTOS%202010/6289.pdf HTTP/1.1" 200 399654
157.55.39.65 - - [05/Jun/2015:00:07:19 -0500] "GET /BLA/resoluciones/RESOLUCIONES%202011/0122.pdf HTTP/1.1" 200 271319
157.55.39.10 - - [05/Jun/2015:00:07:27 -0500] "GET /bla/resoluciones/resoluciones%202009/0071.pdf HTTP/1.1" 200 603413
157.55.39.10 - - [05/Jun/2015:00:07:27 -0500] "GET /BLA/resoluciones/AUTOS%202011/4172.pdf HTTP/1.1" 200 165073
66.249.67.107 - - [05/Jun/2015:00:07:27 -0500] "GET /portel_dama/libreria/php/2006/ECOSISTEMAS%20FINAL%20web_mz27/x%20restauracion/sitio/22_proye/xtras_in/cni_3.pdf HTTP/1.1" 404 1018
207.46.13.104 - - [05/Jun/2015:00:07:31 -0500] "GET /bla/resoluciones/resoluciones%202009/2270.pdf HTTP/1.1" 200 342785
207.46.13.98 - - [05/Jun/2015:00:07:37 -0500] "GET /BLA/resoluciones/RESOLUCIONES%202008/3447.pdf HTTP/1.1" 200 334097
157.55.39.65 - - [05/Jun/2015:00:07:44 -0500] "GET /BLA/resoluciones/RESOLUCIONES%202009/1228.pdf HTTP/1.1" 200 414890
207.46.13.98 - - [05/Jun/2015:00:07:47 -0500] "GET /BLA/resoluciones/RESOLUCIONES%202012/1533.pdf HTTP/1.1" 200 833066
207.46.13.98 - - [05/Jun/2015:00:07:48 -0500] "GET /BLA/resoluciones/AUTOS%202010/5625.pdf HTTP/1.1" 200 635533
157.55.39.134 - - [05/Jun/2015:00:07:52 -0500] "GET /bla/resoluciones/resoluciones%202009/1759.pdf HTTP/1.1" 200 501772
157.55.39.134 - - [05/Jun/2015:00:07:52 -0500] "GET /bla/resoluciones/resoluciones%202009/2144.pdf HTTP/1.1" 200 473237
180.76.15.135 - - [05/Jun/2015:00:07:53 -0500] "GET /BLA/resoluciones/RESOLUCIONES%202007/RES%202007%201501%20AL%201600/RESOLUCION%201591%20DE%202007.pdf HTTP/1.1" 200 423290
207.46.13.104 - - [05/Jun/2015:00:07:57 -0500] "GET /BLA/resoluciones/RESOLUCIONES%202008/4115.pdf HTTP/1.1" 200 343593
207.46.13.104 - - [05/Jun/2015:00:07:58 -0500] "GET /BLA/resoluciones/Autos%202008/0183.pdf HTTP/1.1" 200 107726
157.55.39.65 - - [05/Jun/2015:00:08:02 -0500] "GET /BLA/resoluciones/RESOLUCIONES%202011/1260.pdf HTTP/1.1" 200 351553
180.76.15.147 - - [05/Jun/2015:00:08:10 -0500] "GET /BLA/resoluciones/AUTOS%202009/1227.pdf HTTP/1.1" 200 166736
157.55.39.65 - - [05/Jun/2015:00:08:17 -0500] "GET /BLA/resoluciones/AUTOS%202007/2261.pdf HTTP/1.1" 200 79898
157.55.39.10 - - [05/Jun/2015:00:08:21 -0500] "GET /bla/resoluciones/resoluciones%202009/1257.pdf HTTP/1.1" 200 659992
157.55.39.65 - - [05/Jun/2015:00:08:26 -0500] "GET /BLA/resoluciones/RESOLUCIONES%202011/1652.pdf HTTP/1.1" 200 68569
186.28.67.4 - - [05/Jun/2015:00:08:29 -0500] "GET /forest/session.jsp?a=0.7904644401278347 HTTP/1.1" 200 4
207.46.13.104 - - [05/Jun/2015:00:08:31 -0500] "GET /BLA/resoluciones/AUTOS%202010/0104.pdf HTTP/1.1" 200 255747
157.55.39.11 - - [05/Jun/2015:00:08:36 -0500] "GET /BLA/resoluciones/RESOLUCIONES%202010/7742.pdf HTTP/1.1" 200 506040
180.76.15.150 - - [05/Jun/2015:00:08:45 -0500] "GET /BLA/resoluciones/AUTOS%202009/0234.pdf HTTP/1.1" 200 124616
157.55.39.65 - - [05/Jun/2015:00:08:46 -0500] "GET /bla/resoluciones/RESOLUCIONES%202011/1491.pdf HTTP/1.1" 200 66971
123.125.71.89 - - [05/Jun/2015:00:08:47 -0500] "GET / HTTP/1.1" 200 10190
157.55.39.134 - - [05/Jun/2015:00:08:51 -0500] "GET /BLA/resoluciones/AUTOS%202011/4633.pdf HTTP/1.1" 200 240177
190.159.145.170 - - [05/Jun/2015:00:08:52 -0500] "GET /galeria/galeria/jquery.fancybox.css?v=2.1.5 HTTP/1.1" 200 4895
190.159.145.170 - - [05/Jun/2015:00:08:52 -0500] "GET /galeria/galeria/jquery.fancybox.js?v=2.1.5 HTTP/1.1" 200 48706
190.159.145.170 - - [05/Jun/2015:00:08:52 -0500] "GET /BLA/boletinlegal/js/jquery.scrollShow.js HTTP/1.1" 200 4586
190.159.145.170 - - [05/Jun/2015:00:08:52 -0500] "GET /BLA/boletinlegal/js/jquery.scrollTo-min.js HTTP/1.1" 200 1150
207.46.13.104 - - [05/Jun/2015:00:09:00 -0500] "GET /BLA/resoluciones/RESOLUCIONES%202009/0426.pdf HTTP/1.1" 200 201164
180.76.15.12 - - [05/Jun/2015:00:09:02 -0500] "GET /BLA/resoluciones/AUTOS%202009/2663.pdf HTTP/1.1" 200 100312
207.46.13.104 - - [05/Jun/2015:00:09:03 -0500] "GET /BLA/resoluciones/RESOLUCIONES%202011/1763.pdf HTTP/1.1" 200 517280
152.61.128.66 - - [05/Jun/2015:00:09:05 -0500] "HEAD / HTTP/1.1" 200 -
152.61.128.66 - - [05/Jun/2015:00:09:05 -0500] "GET /arcgis/services/Calidad_del_Agua_WQI/MapServer/WMSServer?request=GetCapabilities&service=WMS HTTP/1.1" 200 32135
152.61.128.66 - - [05/Jun/2015:00:09:06 -0500] "GET /arcgis/services/Calidad_del_Agua_WQI/MapServer/WMSServer?request=GetCapabilities&service=WMS HTTP/1.0" 200 32135
207.46.13.98 - - [05/Jun/2015:00:09:07 -0500] "GET /BLA/resoluciones/AUTOS%202011/7229.pdf HTTP/1.1" 200 174942
207.46.13.98 - - [05/Jun/2015:00:09:07 -0500] "GET /BLA/resoluciones/AUTOS%202007/3588.pdf HTTP/1.1" 200 235676
152.61.128.66 - - [05/Jun/2015:00:09:07 -0500] "GET /arcgis/services/Calidad_del_Agua_WQI/MapServer/WMSServer?request=GetCapabilities&service=WMS HTTP/1.0" 200 32135
152.61.128.66 - - [05/Jun/2015:00:09:08 -0500] "GET /arcgis/services/Calidad_del_Agua_WQI/MapServer/WMSServer?request=GetCapabilities&service=WMS HTTP/1.0" 200 32135
152.61.128.66 - - [05/Jun/2015:00:09:09 -0500] "GET /arcgis/services/Calidad_del_Agua_WQI/MapServer/WMSServer?VERSION=1.1.1&REQUEST=GetMap&LAYERS=0&SRS=EPSG:4326&BBOX=-74.473395,3.674381,-73.963300,4.920569&WIDTH=250&HEIGHT=250&FORMAT=image/bmp&STYLES=& HTTP/1.1" 200 188054
190.159.145.170 - - [05/Jun/2015:00:09:14 -0500] "GET /galeria/galeria/jquery.fancybox.css?v=2.1.5 HTTP/1.1" 304 -
190.159.145.170 - - [05/Jun/2015:00:09:14 -0500] "GET /galeria/galeria/jquery.fancybox.js?v=2.1.5 HTTP/1.1" 304 -
190.159.145.170 - - [05/Jun/2015:00:09:14 -0500] "GET /BLA/boletinlegal/js/jquery.scrollShow.js HTTP/1.1" 304 -
190.159.145.170 - - [05/Jun/2015:00:09:14 -0500] "GET /BLA/boletinlegal/js/jquery.scrollTo-min.js HTTP/1.1" 304 -
180.76.15.34 - - [05/Jun/2015:00:09:19 -0500] "GET /BLA/resoluciones/RESOLUCIONES%202007/RES%202007%201501%20AL%201600/RESOLUCION%201523%20DE%202007.pdf HTTP/1.1" 200 515186
180.76.15.18 - - [05/Jun/2015:00:09:37 -0500] "GET /BLA/resoluciones/AUTOS%202014/0547.pdf HTTP/1.1" 200 622813
207.46.13.104 - - [05/Jun/2015:00:09:38 -0500] "GET /BLA/boletinlegal/Circulares/2013/Circular%20No.%205%20del%2013%20de%20junio%20de%202013.pdf HTTP/1.1" 200 110904
157.55.39.65 - - [05/Jun/2015:00:09:42 -0500] "GET /BLA/resoluciones/RESOLUCIONES%202011/1238.pdf HTTP/1.1" 200 475533
157.55.39.65 - - [05/Jun/2015:00:09:43 -0500] "GET /BLA/resoluciones/RESOLUCIONES%202010/0266.pdf HTTP/1.1" 200 501087
157.55.39.65 - - [05/Jun/2015:00:09:43 -0500] "GET /bla/resoluciones/RESOLUCIONES%202011/2803.pdf HTTP/1.1" 200 761814
157.55.39.65 - - [05/Jun/2015:00:09:44 -0500] "GET /BLA/resoluciones/RESOLUCIONES%202009/2156.pdf HTTP/1.1" 200 544183
207.46.13.104 - - [05/Jun/2015:00:09:50 -0500] "GET /BLA/resoluciones/RESOLUCIONES%202011/1052.pdf HTTP/1.1" 200 68813
66.249.67.133 - - [05/Jun/2015:00:09:51 -0500] "GET /BLA/resoluciones/AUTOS%202013/2118.pdf HTTP/1.1" 304 -
207.46.13.104 - - [05/Jun/2015:00:09:52 -0500] "GET /bla/resoluciones/resoluciones%202009/1942.pdf HTTP/1.1" 200 467795
207.46.13.104 - - [05/Jun/2015:00:09:52 -0500] "GET /BLA/resoluciones/RESOLUCIONES%202009/6935.pdf HTTP/1.1" 200 118024
207.46.13.104 - - [05/Jun/2015:00:09:53 -0500] "GET /bla/resoluciones/RESOLUCIONES%202011/0129.pdf HTTP/1.1" 200 353001
180.76.15.137 - - [05/Jun/2015:00:09:54 -0500] "GET /BLA/resoluciones/RESOLUCIONES%202011/4208.pdf HTTP/1.1" 200 487489
157.55.39.134 - - [05/Jun/2015:00:09:54 -0500] "GET /BLA/resoluciones/RESOLUCIONES%202010/7111.pdf HTTP/1.1" 200 335684
157.55.39.134 - - [05/Jun/2015:00:09:55 -0500] "GET /BLA/resoluciones/Resoluciones%202011/5605.pdf HTTP/1.1" 200 1291587
157.55.39.134 - - [05/Jun/2015:00:09:55 -0500] "GET /BLA/resoluciones/RESOLUCIONES%202009/9767.pdf HTTP/1.1" 200 292617
157.55.39.65 - - [05/Jun/2015:00:09:59 -0500] "GET /BLA/resoluciones/AUTOS%202009/1066.pdf HTTP/1.1" 200 185794
207.46.13.98 - - [05/Jun/2015:00:10:04 -0500] "GET /bla/resoluciones/RESOLUCIONES%202011/0971.pdf HTTP/1.1" 200 67735
207.46.13.98 - - [05/Jun/2015:00:10:05 -0500] "GET /bla/resoluciones/RESOLUCIONES%202009/1134.pdf HTTP/1.1" 200 2413169
207.46.13.98 - - [05/Jun/2015:00:10:05 -0500] "GET /BLA/resoluciones/RESOLUCIONES%202010/5779.pdf HTTP/1.1" 200 384855
207.46.13.98 - - [05/Jun/2015:00:10:06 -0500] "GET /BLA/resoluciones/Autos%202008/0590.pdf HTTP/1.1" 200 134361
207.46.13.98 - - [05/Jun/2015:00:10:06 -0500] "GET /BLA/resoluciones/RESOLUCIONES%202011/1596.pdf HTTP/1.1" 200 83923
181.58.217.232 - - [05/Jun/2015:00:10:06 -0500] "GET /galeria/galeria/jquery.fancybox.css?v=2.1.5 HTTP/1.1" 200 4895
181.58.217.232 - - [05/Jun/2015:00:10:06 -0500] "GET /BLA/boletinlegal/js/jquery.scrollShow.js HTTP/1.1" 200 4586
181.58.217.232 - - [05/Jun/2015:00:10:06 -0500] "GET /BLA/boletinlegal/js/jquery.scrollTo-min.js HTTP/1.1" 200 1150
181.58.217.232 - - [05/Jun/2015:00:10:06 -0500] "GET /galeria/galeria/jquery.fancybox.js?v=2.1.5 HTTP/1.1" 200 48706
207.46.13.98 - - [05/Jun/2015:00:10:07 -0500] "GET /bla/resoluciones/resoluciones%202009/2085.pdf HTTP/1.1" 200 701600
207.46.13.98 - - [05/Jun/2015:00:10:07 -0500] "GET /BLA/resoluciones/RESOLUCIONES%202011/1534.pdf HTTP/1.1" 200 65369
207.46.13.98 - - [05/Jun/2015:00:10:07 -0500] "GET /BLA/resoluciones/AUTOS%202007/2689.pdf HTTP/1.1" 200 172628
180.76.15.30 - - [05/Jun/2015:00:10:11 -0500] "GET /BLA/resoluciones/AUTOS%202009/2662.pdf HTTP/1.1" 200 102409
186.28.207.125 - - [05/Jun/2015:00:10:12 -0500] "GET /galeria/galeria/jquery.fancybox.css?v=2.1.5 HTTP/1.1" 200 4895
186.28.207.125 - - [05/Jun/2015:00:10:12 -0500] "GET /BLA/boletinlegal/js/jquery.scrollTo-min.js HTTP/1.1" 200 1150
186.28.207.125 - - [05/Jun/2015:00:10:12 -0500] "GET /galeria/galeria/jquery.fancybox.js?v=2.1.5 HTTP/1.1" 200 48706
186.28.207.125 - - [05/Jun/2015:00:10:12 -0500] "GET /BLA/boletinlegal/js/jquery.scrollShow.js HTTP/1.1" 200 4586
157.55.39.64 - - [05/Jun/2015:00:10:12 -0500] "GET /BLA/resoluciones/RESOLUCIONES%202014/0708.pdf HTTP/1.1" 200 837947
157.55.39.64 - - [05/Jun/2015:00:10:13 -0500] "GET /BLA/resoluciones/Resoluciones%202011/3483.pdf HTTP/1.1" 200 522558
181.58.217.232 - - [05/Jun/2015:00:10:18 -0500] "GET /galeria/galeria/jquery.fancybox.css?v=2.1.5 HTTP/1.1" 304 -
181.58.217.232 - - [05/Jun/2015:00:10:18 -0500] "GET /BLA/boletinlegal/js/jquery.scrollTo-min.js HTTP/1.1" 304 -
181.58.217.232 - - [05/Jun/2015:00:10:18 -0500] "GET /galeria/galeria/jquery.fancybox.js?v=2.1.5 HTTP/1.1" 304 -
181.58.217.232 - - [05/Jun/2015:00:10:18 -0500] "GET /BLA/boletinlegal/js/jquery.scrollShow.js HTTP/1.1" 304 -
207.46.13.104 - - [05/Jun/2015:00:10:19 -0500] "GET /bla/resoluciones/RESOLUCIONES%202009/1443.pdf HTTP/1.1" 200 1021725
181.55.181.218 - - [05/Jun/2015:00:10:22 -0500] "GET /BLA/resoluciones/RESOLUCIONES%202010/3849.pdf HTTP/1.1" 200 709968
181.55.181.218 - - [05/Jun/2015:00:10:22 -0500] "GET /favicon.ico HTTP/1.1" 200 7782
157.55.39.65 - - [05/Jun/2015:00:10:22 -0500] "GET /BLA/resoluciones/RESOLUCIONES%202014/3048.pdf HTTP/1.1" 200 9582967
157.55.39.65 - - [05/Jun/2015:00:10:27 -0500] "GET /BLA/resoluciones/RESOLUCIONES%202008/5008.pdf HTTP/1.1" 200 282830
157.55.39.65 - - [05/Jun/2015:00:10:28 -0500] "GET /BLA/resoluciones/Autos%202008/1581.pdf HTTP/1.1" 200 210779
207.46.13.98 - - [05/Jun/2015:00:10:32 -0500] "GET /bla/resoluciones/resoluciones%202009/0565.pdf HTTP/1.1" 200 299400
207.46.13.98 - - [05/Jun/2015:00:10:33 -0500] "GET /BLA/resoluciones/RESOLUCIONES%202008/2467.pdf HTTP/1.1" 200 287501
207.46.13.98 - - [05/Jun/2015:00:10:33 -0500] "GET /BLA/resoluciones/RESOLUCIONES%202012/0252.pdf HTTP/1.1" 200 120648
207.46.13.98 - - [05/Jun/2015:00:10:34 -0500] "GET /BLA/resoluciones/RESOLUCIONES%202008/5054.pdf HTTP/1.1" 200 305663
207.46.13.98 - - [05/Jun/2015:00:10:34 -0500] "GET /BLA/resoluciones/RESOLUCIONES%202008/2649.pdf HTTP/1.1" 200 208008
207.46.13.98 - - [05/Jun/2015:00:10:35 -0500] "GET /BLA/resoluciones/RESOLUCIONES%202009/8417.pdf HTTP/1.1" 200 210909
207.46.13.98 - - [05/Jun/2015:00:10:35 -0500] "GET /bla/resoluciones/RESOLUCIONES%202009/1196.pdf HTTP/1.1" 200 668994
186.28.207.125 - - [05/Jun/2015:00:10:39 -0500] "GET /galeria/galeria/jquery.fancybox.css?v=2.1.5 HTTP/1.1" 304 -
186.28.207.125 - - [05/Jun/2015:00:10:39 -0500] "GET /BLA/boletinlegal/js/jquery.scrollTo-min.js HTTP/1.1" 304 -
186.28.207.125 - - [05/Jun/2015:00:10:39 -0500] "GET /BLA/boletinlegal/js/jquery.scrollShow.js HTTP/1.1" 304 -
186.28.207.125 - - [05/Jun/2015:00:10:39 -0500] "GET /galeria/galeria/jquery.fancybox.js?v=2.1.5 HTTP/1.1" 304 -
207.46.13.104 - - [05/Jun/2015:00:10:40 -0500] "GET /BLA/resoluciones/RESOLUCIONES%202011/0019.pdf HTTP/1.1" 200 277930
207.46.13.104 - - [05/Jun/2015:00:10:41 -0500] "GET /BLA/resoluciones/RESOLUCIONES%202010/6822.pdf HTTP/1.1" 200 874752
207.46.13.104 - - [05/Jun/2015:00:10:41 -0500] "GET /BLA/resoluciones/RESOLUCIONES%202009/8640.pdf HTTP/1.1" 200 303170
157.55.39.11 - - [05/Jun/2015:00:10:45 -0500] "GET /BLA/resoluciones/RESOLUCIONES%202009/8875.pdf HTTP/1.1" 200 345260
190.84.66.103 - - [05/Jun/2015:00:10:45 -0500] "GET /galeria/galeria/jquery.fancybox.css?v=2.1.5 HTTP/1.1" 200 4895
190.84.66.103 - - [05/Jun/2015:00:10:45 -0500] "GET /BLA/boletinlegal/js/jquery.scrollShow.js HTTP/1.1" 200 4586
190.84.66.103 - - [05/Jun/2015:00:10:45 -0500] "GET /galeria/galeria/jquery.fancybox.js?v=2.1.5 HTTP/1.1" 200 48706
190.84.66.103 - - [05/Jun/2015:00:10:45 -0500] "GET /BLA/boletinlegal/js/jquery.scrollTo-min.js HTTP/1.1" 200 1150
180.76.15.140 - - [05/Jun/2015:00:10:46 -0500] "GET /BLA/resoluciones/AUTOS%202009/2608.pdf HTTP/1.1" 200 112899
157.55.39.11 - - [05/Jun/2015:00:10:46 -0500] "GET /bla/resoluciones/RESOLUCIONES%202009/0794.pdf HTTP/1.1" 200 405476
157.55.39.65 - - [05/Jun/2015:00:10:50 -0500] "GET /BLA/resoluciones/RESOLUCIONES%202011/2254.pdf HTTP/1.1" 200 388466
66.249.67.107 - - [05/Jun/2015:00:10:50 -0500] "GET /galeria/nivo-slider/demo/images/banner-Pacto-por-la-madera.jpg HTTP/1.1" 304 -
190.84.66.103 - - [05/Jun/2015:00:10:52 -0500] "GET /galeria/galeria/jquery.fancybox.css?v=2.1.5 HTTP/1.1" 304 -
190.84.66.103 - - [05/Jun/2015:00:10:52 -0500] "GET /BLA/boletinlegal/js/jquery.scrollTo-min.js HTTP/1.1" 304 -
190.84.66.103 - - [05/Jun/2015:00:10:52 -0500] "GET /galeria/galeria/jquery.fancybox.js?v=2.1.5 HTTP/1.1" 304 -
190.84.66.103 - - [05/Jun/2015:00:10:52 -0500] "GET /BLA/boletinlegal/js/jquery.scrollShow.js HTTP/1.1" 304 -
207.46.13.98 - - [05/Jun/2015:00:11:00 -0500] "GET /BLA/resoluciones/AUTOS%202011/4039.pdf HTTP/1.1" 200 253231
180.76.15.24 - - [05/Jun/2015:00:11:03 -0500] "GET /BLA/resoluciones/AUTOS%202009/1546.pdf HTTP/1.1" 200 111675
207.46.13.104 - - [05/Jun/2015:00:11:13 -0500] "GET /BLA/resoluciones/RESOLUCIONES%202008/2978.pdf HTTP/1.1" 200 258258
180.76.15.150 - - [05/Jun/2015:00:11:20 -0500] "GET /BLA/resoluciones/AUTOS%202009/2117.pdf HTTP/1.1" 200 89409
190.26.230.163 - - [05/Jun/2015:00:11:29 -0500] "GET /galeria/galeria/jquery.fancybox.css?v=2.1.5 HTTP/1.1" 200 4895
190.26.230.163 - - [05/Jun/2015:00:11:29 -0500] "GET /BLA/boletinlegal/js/jquery.scrollTo-min.js HTTP/1.1" 200 1150
190.26.230.163 - - [05/Jun/2015:00:11:29 -0500] "GET /BLA/boletinlegal/js/jquery.scrollShow.js HTTP/1.1" 200 4586
190.26.230.163 - - [05/Jun/2015:00:11:29 -0500] "GET /galeria/galeria/jquery.fancybox.js?v=2.1.5 HTTP/1.1" 200 48706
207.46.13.104 - - [05/Jun/2015:00:11:31 -0500] "GET /BLA/resoluciones/RESOLUCIONES%202010/3126.pdf HTTP/1.1" 200 687669
207.46.13.104 - - [05/Jun/2015:00:11:31 -0500] "GET /BLA/resoluciones/Resoluciones%202011/3613.pdf HTTP/1.1" 200 411814
190.26.230.163 - - [05/Jun/2015:00:11:37 -0500] "GET /galeria/galeria/jquery.fancybox.css?v=2.1.5 HTTP/1.1" 304 -
190.26.230.163 - - [05/Jun/2015:00:11:37 -0500] "GET /BLA/boletinlegal/js/jquery.scrollTo-min.js HTTP/1.1" 304 -
190.26.230.163 - - [05/Jun/2015:00:11:37 -0500] "GET /BLA/boletinlegal/js/jquery.scrollShow.js HTTP/1.1" 304 -
190.26.230.163 - - [05/Jun/2015:00:11:37 -0500] "GET /galeria/galeria/jquery.fancybox.js?v=2.1.5 HTTP/1.1" 304 -
180.76.15.138 - - [05/Jun/2015:00:11:37 -0500] "GET /BLA/resoluciones/AUTOS%202009/1788.pdf HTTP/1.1" 200 98903
190.27.158.134 - - [05/Jun/2015:00:11:42 -0500] "GET /galeria/galeria/jquery.fancybox.css?v=2.1.5 HTTP/1.1" 200 4895
190.27.158.134 - - [05/Jun/2015:00:11:42 -0500] "GET /BLA/boletinlegal/js/jquery.scrollTo-min.js HTTP/1.1" 200 1150
190.27.158.134 - - [05/Jun/2015:00:11:42 -0500] "GET /BLA/boletinlegal/js/jquery.scrollShow.js HTTP/1.1" 200 4586
190.27.158.134 - - [05/Jun/2015:00:11:42 -0500] "GET /galeria/galeria/jquery.fancybox.js?v=2.1.5 HTTP/1.1" 200 48706
74.86.158.107 - - [05/Jun/2015:00:11:42 -0500] "HEAD / HTTP/1.1" 200 -
207.46.13.98 - - [05/Jun/2015:00:11:43 -0500] "GET /BLA/resoluciones/RESOLUCIONES%202014/0381.pdf HTTP/1.1" 200 515806
157.55.39.134 - - [05/Jun/2015:00:11:50 -0500] "GET /BLA/resoluciones/RESOLUCIONES%202010/5550.pdf HTTP/1.1" 200 338377
157.55.39.134 - - [05/Jun/2015:00:11:50 -0500] "GET /BLA/resoluciones/Resoluciones%202011/1190.pdf HTTP/1.1" 200 252614
157.55.39.134 - - [05/Jun/2015:00:11:51 -0500] "GET /BLA/resoluciones/Resoluciones%202011/0362.pdf HTTP/1.1" 200 70597
180.76.15.11 - - [05/Jun/2015:00:11:55 -0500] "GET /BLA/resoluciones/AUTOS%202009/2695.pdf HTTP/1.1" 200 79250
207.46.13.98 - - [05/Jun/2015:00:12:03 -0500] "GET /BLA/resoluciones/RESOLUCIONES%202010/2017.pdf HTTP/1.1" 200 339030
207.46.13.98 - - [05/Jun/2015:00:12:04 -0500] "GET /BLA/resoluciones/RESOLUCIONES%202008/3858.pdf HTTP/1.1" 200 784883
190.27.158.134 - - [05/Jun/2015:00:12:04 -0500] "GET /galeria/galeria/jquery.fancybox.css?v=2.1.5 HTTP/1.1" 304 -
190.27.158.134 - - [05/Jun/2015:00:12:04 -0500] "GET /BLA/boletinlegal/js/jquery.scrollTo-min.js HTTP/1.1" 304 -
190.27.158.134 - - [05/Jun/2015:00:12:04 -0500] "GET /BLA/boletinlegal/js/jquery.scrollShow.js HTTP/1.1" 304 -
190.27.158.134 - - [05/Jun/2015:00:12:04 -0500] "GET /galeria/galeria/jquery.fancybox.js?v=2.1.5 HTTP/1.1" 304 -
207.46.13.98 - - [05/Jun/2015:00:12:04 -0500] "GET /BLA/resoluciones/Autos%202008/1071.pdf HTTP/1.1" 200 172326
207.46.13.98 - - [05/Jun/2015:00:12:05 -0500] "GET /BLA/resoluciones/RESOLUCIONES%202010/2642.pdf HTTP/1.1" 200 338530
207.46.13.98 - - [05/Jun/2015:00:12:05 -0500] "GET /BLA/resoluciones/RESOLUCIONES%202011/4253.pdf HTTP/1.1" 200 655582
207.46.13.104 - - [05/Jun/2015:00:12:09 -0500] "GET /BLA/resoluciones/RESOLUCIONES%202007/RES%202007%203401%20AL%203500/RESOLUCION%203490%20DE%202007.pdf HTTP/1.1" 200 648673
207.46.13.104 - - [05/Jun/2015:00:12:11 -0500] "GET /BLA/resoluciones/RESOLUCIONES%202009/0040.pdf HTTP/1.1" 200 283691
157.55.39.64 - - [05/Jun/2015:00:12:13 -0500] "GET /BLA/resoluciones/RESOLUCIONES%202008/2674.pdf HTTP/1.1" 200 72510
157.55.39.64 - - [05/Jun/2015:00:12:13 -0500] "GET /BLA/resoluciones/RESOLUCIONES%202008/3907.pdf HTTP/1.1" 200 199784
207.46.13.98 - - [05/Jun/2015:00:12:18 -0500] "GET /BLA/resoluciones/AUTOS%202011/7804.pdf HTTP/1.1" 200 568533
207.46.13.98 - - [05/Jun/2015:00:12:18 -0500] "GET /BLA/resoluciones/RESOLUCIONES%202010/0075.pdf HTTP/1.1" 200 501047
207.46.13.98 - - [05/Jun/2015:00:12:20 -0500] "GET /BLA/resoluciones/AUTOS%202011/4157.pdf HTTP/1.1" 200 451445
207.46.13.98 - - [05/Jun/2015:00:12:20 -0500] "GET /BLA/resoluciones/RESOLUCIONES%202010/6782.pdf HTTP/1.1" 200 247056
207.46.13.98 - - [05/Jun/2015:00:12:21 -0500] "GET /BLA/resoluciones/RESOLUCIONES%202014/0026.pdf HTTP/1.1" 200 488083
157.55.39.65 - - [05/Jun/2015:00:12:23 -0500] "GET /bla/resoluciones/RESOLUCIONES%202009/0668.pdf HTTP/1.1" 200 302089
157.55.39.65 - - [05/Jun/2015:00:12:24 -0500] "GET /BLA/resoluciones/AUTOS%202011/4026.pdf HTTP/1.1" 200 340871
157.55.39.65 - - [05/Jun/2015:00:12:24 -0500] "GET /BLA/resoluciones/RESOLUCIONES%202011/4431.pdf HTTP/1.1" 200 234645
157.55.39.65 - - [05/Jun/2015:00:12:24 -0500] "GET /BLA/resoluciones/AUTOS%202007/3215.pdf HTTP/1.1" 200 72841
157.55.39.10 - - [05/Jun/2015:00:12:29 -0500] "GET /BLA/resoluciones/RESOLUCIONES%202011/1848.pdf HTTP/1.1" 200 474646
157.55.39.10 - - [05/Jun/2015:00:12:29 -0500] "GET /BLA/resoluciones/RESOLUCIONES%202010/6691.pdf HTTP/1.1" 200 859819
157.55.39.10 - - [05/Jun/2015:00:12:30 -0500] "GET /BLA/resoluciones/RESOLUCIONES%202010/3079.pdf HTTP/1.1" 200 247311
66.249.67.133 - - [05/Jun/2015:00:12:32 -0500] "GET /BLA/resoluciones/RESOLUCIONES%202010/0937.pdf HTTP/1.1" 200 105620
157.55.39.65 - - [05/Jun/2015:00:12:33 -0500] "GET /BLA/resoluciones/Autos%202008/0955.pdf HTTP/1.1" 200 178318
157.55.39.65 - - [05/Jun/2015:00:12:33 -0500] "GET /BLA/resoluciones/AUTOS%202007/0699.pdf HTTP/1.1" 200 75079
207.46.13.104 - - [05/Jun/2015:00:12:53 -0500] "GET /BLA/resoluciones/RESOLUCIONES%202010/5664.pdf HTTP/1.1" 200 79152
207.46.13.104 - - [05/Jun/2015:00:12:53 -0500] "GET /bla/resoluciones/RESOLUCIONES%202011/1303.pdf HTTP/1.1" 200 67227
207.46.13.104 - - [05/Jun/2015:00:12:54 -0500] "GET /BLA/resoluciones/AUTOS%202011/0100.pdf HTTP/1.1" 200 161351
157.55.39.134 - - [05/Jun/2015:00:12:56 -0500] "GET /BLA/resoluciones/AUTOS%202011/2733.pdf HTTP/1.1" 200 213981
181.142.23.121 - - [05/Jun/2015:00:13:03 -0500] "GET /BLA/boletinlegal/js/jquery.scrollTo-min.js HTTP/1.1" 200 1150
181.142.23.121 - - [05/Jun/2015:00:13:03 -0500] "GET /BLA/boletinlegal/js/jquery.scrollShow.js HTTP/1.1" 200 4586
157.55.39.65 - - [05/Jun/2015:00:13:03 -0500] "GET /BLA/resoluciones/AUTOS%202007/3535.pdf HTTP/1.1" 200 155069
181.142.23.121 - - [05/Jun/2015:00:13:03 -0500] "GET /galeria/galeria/jquery.fancybox.js?v=2.1.5 HTTP/1.1" 200 48706
181.142.23.121 - - [05/Jun/2015:00:13:03 -0500] "GET /galeria/galeria/jquery.fancybox.css?v=2.1.5 HTTP/1.1" 200 4895
181.142.23.121 - - [05/Jun/2015:00:13:09 -0500] "GET /galeria/galeria/jquery.fancybox.css?v=2.1.5 HTTP/1.1" 304 -
181.142.23.121 - - [05/Jun/2015:00:13:09 -0500] "GET /BLA/boletinlegal/js/jquery.scrollTo-min.js HTTP/1.1" 304 -
181.142.23.121 - - [05/Jun/2015:00:13:09 -0500] "GET /BLA/boletinlegal/js/jquery.scrollShow.js HTTP/1.1" 304 -
181.142.23.121 - - [05/Jun/2015:00:13:09 -0500] "GET /galeria/galeria/jquery.fancybox.js?v=2.1.5 HTTP/1.1" 304 -
207.46.13.104 - - [05/Jun/2015:00:13:13 -0500] "GET /BLA/resoluciones/AUTOS%202011/4298.pdf HTTP/1.1" 200 250809
207.46.13.104 - - [05/Jun/2015:00:13:13 -0500] "GET /BLA/resoluciones/RESOLUCIONES%202008/2418.pdf HTTP/1.1" 200 216721
157.55.39.10 - - [05/Jun/2015:00:13:18 -0500] "GET /BLA/resoluciones/AUTOS%202009/2766.pdf HTTP/1.1" 200 91438
157.55.39.10 - - [05/Jun/2015:00:13:18 -0500] "GET /BLA/resoluciones/RESOLUCIONES%202008/4930.pdf HTTP/1.1" 200 331719
157.55.39.10 - - [05/Jun/2015:00:13:19 -0500] "GET /BLA/resoluciones/RESOLUCIONES%202010/2119.pdf HTTP/1.1" 200 398754
157.55.39.10 - - [05/Jun/2015:00:13:19 -0500] "GET /BLA/resoluciones/Resoluciones%202011/3783.pdf HTTP/1.1" 200 530061
157.55.39.177 - - [05/Jun/2015:00:13:27 -0500] "GET /dama/libreria/jpg/externos/2006/pread_exc/smurfitt.jpg HTTP/1.1" 404 1019
190.252.232.159 - - [05/Jun/2015:00:13:28 -0500] "GET /galeria/galeria/jquery.fancybox.css?v=2.1.5 HTTP/1.1" 200 4895
190.252.232.159 - - [05/Jun/2015:00:13:28 -0500] "GET /BLA/boletinlegal/js/jquery.scrollTo-min.js HTTP/1.1" 200 1150
157.55.39.65 - - [05/Jun/2015:00:13:28 -0500] "GET /BLA/resoluciones/AUTOS%202011/3335.pdf HTTP/1.1" 200 231293
190.252.232.159 - - [05/Jun/2015:00:13:28 -0500] "GET /BLA/boletinlegal/js/jquery.scrollShow.js HTTP/1.1" 200 4586
190.252.232.159 - - [05/Jun/2015:00:13:28 -0500] "GET /galeria/galeria/jquery.fancybox.js?v=2.1.5 HTTP/1.1" 200 48706
157.55.39.65 - - [05/Jun/2015:00:13:29 -0500] "GET /BLA/resoluciones/Autos%202008/1285.pdf HTTP/1.1" 200 78153
207.46.13.98 - - [05/Jun/2015:00:13:46 -0500] "GET /BLA/resoluciones/RESOLUCIONES%202008/1648.pdf HTTP/1.1" 200 294500
207.46.13.98 - - [05/Jun/2015:00:13:48 -0500] "GET /BLA/resoluciones/RESOLUCIONES%202010/7284.pdf HTTP/1.1" 200 1561626
157.55.39.65 - - [05/Jun/2015:00:13:50 -0500] "GET /BLA/resoluciones/RESOLUCIONES%202010/0514.pdf HTTP/1.1" 200 373772
157.55.39.65 - - [05/Jun/2015:00:13:50 -0500] "GET /BLA/resoluciones/RESOLUCIONES%202008/1506.pdf HTTP/1.1" 200 183561
157.55.39.65 - - [05/Jun/2015:00:13:51 -0500] "GET /BLA/resoluciones/RESOLUCIONES%202009/1814.pdf HTTP/1.1" 200 577885
157.55.39.65 - - [05/Jun/2015:00:13:58 -0500] "GET /BLA/resoluciones/RESOLUCIONES%202010/0512.pdf HTTP/1.1" 200 105006
180.76.15.159 - - [05/Jun/2015:00:14:01 -0500] "GET /BLA/resoluciones/AUTOS%202009/0570.pdf HTTP/1.1" 200 125743
207.46.13.98 - - [05/Jun/2015:00:14:10 -0500] "GET /BLA/resoluciones/Resoluciones%202011/1682.pdf HTTP/1.1" 200 214281
207.46.13.104 - - [05/Jun/2015:00:14:15 -0500] "GET /BLA/resoluciones/RESOLUCIONES%202008/5349.pdf HTTP/1.1" 200 215161
180.76.15.146 - - [05/Jun/2015:00:14:18 -0500] "GET /BLA/resoluciones/RESOLUCIONES%202008/0304.pdf HTTP/1.1" 200 46278
190.158.218.37 - - [05/Jun/2015:00:14:21 -0500] "GET /galeria/galeria/jquery.fancybox.css?v=2.1.5 HTTP/1.1" 200 4895
190.158.218.37 - - [05/Jun/2015:00:14:21 -0500] "GET /BLA/boletinlegal/js/jquery.scrollShow.js HTTP/1.1" 200 4586
190.158.218.37 - - [05/Jun/2015:00:14:21 -0500] "GET /BLA/boletinlegal/js/jquery.scrollTo-min.js HTTP/1.1" 200 1150
190.158.218.37 - - [05/Jun/2015:00:14:21 -0500] "GET /galeria/galeria/jquery.fancybox.js?v=2.1.5 HTTP/1.1" 200 48706
207.46.13.98 - - [05/Jun/2015:00:14:22 -0500] "GET /bla/resoluciones/resoluciones%202009/0648.pdf HTTP/1.1" 200 265326
157.55.39.65 - - [05/Jun/2015:00:14:28 -0500] "GET /bla/resoluciones/RESOLUCIONES%202011/2648.pdf HTTP/1.1" 200 517567
190.158.218.37 - - [05/Jun/2015:00:14:28 -0500] "GET /BLA/boletinlegal/js/jquery.scrollTo-min.js HTTP/1.1" 200 1150
190.158.218.37 - - [05/Jun/2015:00:14:28 -0500] "GET /BLA/boletinlegal/js/jquery.scrollShow.js HTTP/1.1" 200 4586
190.158.218.37 - - [05/Jun/2015:00:14:28 -0500] "GET /galeria/galeria/jquery.fancybox.js?v=2.1.5 HTTP/1.1" 200 48706
190.158.218.37 - - [05/Jun/2015:00:14:28 -0500] "GET /galeria/galeria/jquery.fancybox.css?v=2.1.5 HTTP/1.1" 200 4895
207.46.13.104 - - [05/Jun/2015:00:14:32 -0500] "GET /BLA/resoluciones/RESOLUCIONES%202011/2369.pdf HTTP/1.1" 200 883860
207.46.13.104 - - [05/Jun/2015:00:14:33 -0500] "GET /BLA/resoluciones/RESOLUCIONES%202009/4431.pdf HTTP/1.1" 200 104856
180.76.15.20 - - [05/Jun/2015:00:14:36 -0500] "GET /BLA/resoluciones/AUTOS%202009/1050.pdf HTTP/1.1" 200 102190
186.28.143.93 - - [05/Jun/2015:00:14:39 -0500] "GET /BLA/boletinlegal/js/jquery.scrollTo-min.js HTTP/1.1" 200 1150
186.28.143.93 - - [05/Jun/2015:00:14:39 -0500] "GET /galeria/galeria/jquery.fancybox.js?v=2.1.5 HTTP/1.1" 200 48706
186.28.143.93 - - [05/Jun/2015:00:14:39 -0500] "GET /BLA/boletinlegal/js/jquery.scrollShow.js HTTP/1.1" 200 4586
186.28.143.93 - - [05/Jun/2015:00:14:39 -0500] "GET /galeria/galeria/jquery.fancybox.css?v=2.1.5 HTTP/1.1" 200 4895
157.55.39.11 - - [05/Jun/2015:00:14:40 -0500] "GET /BLA/resoluciones/AUTOS%202010/1461.pdf HTTP/1.1" 200 250993
157.55.39.65 - - [05/Jun/2015:00:14:42 -0500] "GET /BLA/resoluciones/RESOLUCIONES%202008/0022.pdf HTTP/1.1" 200 26372
207.46.13.98 - - [05/Jun/2015:00:14:48 -0500] "GET /BLA/resoluciones/AUTOS%202007/2278.pdf HTTP/1.1" 200 328296
207.46.13.98 - - [05/Jun/2015:00:14:48 -0500] "GET /BLA/resoluciones/RESOLUCIONES%202009/9781.pdf HTTP/1.1" 200 306901
186.28.143.93 - - [05/Jun/2015:00:14:52 -0500] "GET /BLA/boletinlegal/js/jquery.scrollShow.js HTTP/1.1" 304 -
207.46.13.104 - - [05/Jun/2015:00:14:52 -0500] "GET /BLA/resoluciones/AUTOS%202011/1987.pdf HTTP/1.1" 200 11680
186.28.143.93 - - [05/Jun/2015:00:14:52 -0500] "GET /galeria/galeria/jquery.fancybox.css?v=2.1.5 HTTP/1.1" 304 -
186.28.143.93 - - [05/Jun/2015:00:14:52 -0500] "GET /galeria/galeria/jquery.fancybox.js?v=2.1.5 HTTP/1.1" 304 -
186.28.143.93 - - [05/Jun/2015:00:14:52 -0500] "GET /BLA/boletinlegal/js/jquery.scrollTo-min.js HTTP/1.1" 304 -
180.76.15.138 - - [05/Jun/2015:00:14:53 -0500] "GET /BLA/resoluciones/RESOLUCIONES%202008/0102.pdf HTTP/1.1" 200 124409
220.181.108.102 - - [05/Jun/2015:00:15:00 -0500] "GET / HTTP/1.1" 200 10190
180.76.15.147 - - [05/Jun/2015:00:15:10 -0500] "GET /BLA/resoluciones/RESOLUCIONES%202008/1714.pdf HTTP/1.1" 200 267027
207.46.13.98 - - [05/Jun/2015:00:15:27 -0500] "GET /BLA/resoluciones/AUTOS%202011/4192.pdf HTTP/1.1" 200 236221
207.46.13.98 - - [05/Jun/2015:00:15:27 -0500] "GET /BLA/resoluciones/Resoluciones%202011/4953.pdf HTTP/1.1" 200 352933
207.46.13.98 - - [05/Jun/2015:00:15:27 -0500] "GET /BLA/resoluciones/RESOLUCIONES%202008/2948.pdf HTTP/1.1" 200 203604
180.76.15.162 - - [05/Jun/2015:00:15:27 -0500] "GET /BLA/resoluciones/AUTOS%202009/2417.pdf HTTP/1.1" 200 102210
207.46.13.98 - - [05/Jun/2015:00:15:28 -0500] "GET /BLA/resoluciones/RESOLUCIONES%202010/2681.pdf HTTP/1.1" 200 374786
157.55.39.10 - - [05/Jun/2015:00:15:33 -0500] "GET /BLA/resoluciones/AUTOS%202007/0625.pdf HTTP/1.1" 200 75343
157.55.39.10 - - [05/Jun/2015:00:15:34 -0500] "GET /BLA/resoluciones/RESOLUCIONES%202008/5372.pdf HTTP/1.1" 200 207635
157.55.39.10 - - [05/Jun/2015:00:15:35 -0500] "GET /BLA/resoluciones/Resoluciones%202011/3445.pdf HTTP/1.1" 200 562642
157.55.39.65 - - [05/Jun/2015:00:15:37 -0500] "GET /BLA/resoluciones/RESOLUCIONES%202009/2454.pdf HTTP/1.1" 200 374470
207.46.13.104 - - [05/Jun/2015:00:15:43 -0500] "GET /BLA/resoluciones/AUTOS%202007/1438.pdf HTTP/1.1" 200 27376
180.76.15.149 - - [05/Jun/2015:00:15:45 -0500] "GET /BLA/resoluciones/AUTOS%202009/2276.pdf HTTP/1.1" 200 122762
157.55.39.65 - - [05/Jun/2015:00:15:47 -0500] "GET /BLA/resoluciones/RESOLUCIONES%202008/2973.pdf HTTP/1.1" 200 252863
157.55.39.65 - - [05/Jun/2015:00:15:48 -0500] "GET /BLA/resoluciones/RESOLUCIONES%202010/1989.pdf HTTP/1.1" 200 339200
157.55.39.65 - - [05/Jun/2015:00:15:50 -0500] "GET /BLA/resoluciones/RESOLUCIONES%202008/3395.pdf HTTP/1.1" 200 244287
207.46.13.104 - - [05/Jun/2015:00:15:53 -0500] "GET /BLA/resoluciones/RESOLUCIONES%202008/3179.pdf HTTP/1.1" 200 214179
207.46.13.98 - - [05/Jun/2015:00:15:58 -0500] "GET /BLA/resoluciones/RESOLUCIONES%202011/1426.pdf HTTP/1.1" 200 977342
207.46.13.98 - - [05/Jun/2015:00:15:59 -0500] "GET /BLA/resoluciones/AUTOS%202009/1176.pdf HTTP/1.1" 200 117544
207.46.13.98 - - [05/Jun/2015:00:15:59 -0500] "GET /BLA/resoluciones/Resoluciones%202011/6524.pdf HTTP/1.1" 200 3833230
180.76.15.28 - - [05/Jun/2015:00:16:02 -0500] "GET /BLA/resoluciones/RESOLUCIONES%202008/1328.pdf HTTP/1.1" 200 1208451
157.55.39.10 - - [05/Jun/2015:00:16:05 -0500] "GET /BLA/resoluciones/AUTOS%202009/2089.pdf HTTP/1.1" 200 98333
157.55.39.64 - - [05/Jun/2015:00:16:09 -0500] "GET /BLA/resoluciones/AUTOS%202007/1847.pdf HTTP/1.1" 200 315326
207.46.13.104 - - [05/Jun/2015:00:16:23 -0500] "GET /BLA/resoluciones/RESOLUCIONES%202008/5180.pdf HTTP/1.1" 200 107804
157.55.39.11 - - [05/Jun/2015:00:16:38 -0500] "GET /BLA/resoluciones/AUTOS%202007/2729.pdf HTTP/1.1" 200 91607
157.55.39.11 - - [05/Jun/2015:00:16:41 -0500] "GET /BLA/resoluciones/RESOLUCIONES%202011/3808.pdf HTTP/1.1" 200 433637
74.86.158.107 - - [05/Jun/2015:00:16:42 -0500] "HEAD / HTTP/1.1" 200 -
157.55.39.65 - - [05/Jun/2015:00:16:43 -0500] "GET /BLA/resoluciones/Autos%202008/0331.pdf HTTP/1.1" 200 88796
207.46.13.104 - - [05/Jun/2015:00:16:48 -0500] "GET /BLA/resoluciones/RESOLUCIONES%202008/3715.pdf HTTP/1.1" 200 178698
207.46.13.104 - - [05/Jun/2015:00:16:48 -0500] "GET /BLA/resoluciones/AUTOS%202007/0468.pdf HTTP/1.1" 200 95218
207.46.13.104 - - [05/Jun/2015:00:16:49 -0500] "GET /bla/resoluciones/RESOLUCIONES%202011/2536.pdf HTTP/1.1" 200 766676
186.145.121.222 - - [05/Jun/2015:00:16:50 -0500] "GET /BLA/boletinlegal/js/jquery.scrollTo-min.js HTTP/1.1" 200 1150
186.145.121.222 - - [05/Jun/2015:00:16:51 -0500] "GET /BLA/boletinlegal/js/jquery.scrollShow.js HTTP/1.1" 200 4586
186.145.121.222 - - [05/Jun/2015:00:16:51 -0500] "GET /galeria/galeria/jquery.fancybox.js?v=2.1.5 HTTP/1.1" 200 48706
186.145.121.222 - - [05/Jun/2015:00:16:51 -0500] "GET /galeria/galeria/jquery.fancybox.css?v=2.1.5 HTTP/1.1" 200 4895
186.145.121.222 - - [05/Jun/2015:00:16:51 -0500] "GET /galeria/carrusel/Carrusel/jquery.thumbnailScroller.css HTTP/1.1" 200 2066
186.145.121.222 - - [05/Jun/2015:00:16:51 -0500] "GET /galeria/carrusel/Carrusel/jquery-ui-1.8.13.custom.min.js HTTP/1.1" 200 10800
186.145.121.222 - - [05/Jun/2015:00:16:52 -0500] "GET /galeria/carrusel/Carrusel/jquery.thumbnailScroller.js HTTP/1.1" 200 8157
157.55.39.65 - - [05/Jun/2015:00:16:52 -0500] "GET /BLA/resoluciones/RESOLUCIONES%202009/0752.pdf HTTP/1.1" 200 579799
