207.46.13.98 - - [05/Jun/2015:04:35:16 -0500] "GET /BLA/resoluciones/RESOLUCIONES%202010/1996.pdf HTTP/1.1" 200 340462
180.76.15.162 - - [05/Jun/2015:04:35:18 -0500] "GET /BLA/resoluciones/RESOLUCIONES%202009/1534.pdf HTTP/1.1" 200 807620
207.46.13.104 - - [05/Jun/2015:04:35:22 -0500] "GET /BLA/resoluciones/RESOLUCIONES%202008/1744.pdf HTTP/1.1" 200 152446
157.55.39.65 - - [05/Jun/2015:04:35:32 -0500] "GET /BLA/resoluciones/RESOLUCIONES%202009/8619.pdf HTTP/1.1" 200 121626
180.76.15.162 - - [05/Jun/2015:04:35:35 -0500] "GET /BLA/resoluciones/AUTOS%202012/1612.pdf HTTP/1.1" 200 420757
157.55.39.11 - - [05/Jun/2015:04:35:38 -0500] "GET /BLA/resoluciones/AUTOS%202007/1860.pdf HTTP/1.1" 200 63600
157.55.39.11 - - [05/Jun/2015:04:35:39 -0500] "GET /BLA/resoluciones/RESOLUCIONES%202011/3259.pdf HTTP/1.1" 200 134838
207.46.13.104 - - [05/Jun/2015:04:35:43 -0500] "GET /BLA/resoluciones/AUTOS%202007/0123.pdf HTTP/1.1" 200 46632
157.55.39.65 - - [05/Jun/2015:04:35:48 -0500] "GET /BLA/resoluciones/AUTOS%202011/3328.pdf HTTP/1.1" 200 225681
180.76.15.27 - - [05/Jun/2015:04:35:52 -0500] "GET /BLA/resoluciones/RESOLUCIONES%202011/4238.pdf HTTP/1.1" 200 445622
157.55.39.134 - - [05/Jun/2015:04:35:52 -0500] "GET /BLA/resoluciones/RESOLUCIONES%202011/3514.pdf HTTP/1.1" 200 440045
207.46.13.98 - - [05/Jun/2015:04:36:06 -0500] "GET /BLA/resoluciones/AUTOS%202009/1663.pdf HTTP/1.1" 200 160868
180.76.15.21 - - [05/Jun/2015:04:36:10 -0500] "GET /BLA/resoluciones/AUTOS%202014/2111.pdf HTTP/1.1" 200 270221
207.46.13.104 - - [05/Jun/2015:04:36:11 -0500] "GET /bla/resoluciones/RESOLUCIONES%202011/2007.pdf HTTP/1.1" 200 778902
157.55.39.10 - - [05/Jun/2015:04:36:18 -0500] "GET /BLA/resoluciones/RESOLUCIONES%202010/0947.pdf HTTP/1.1" 200 96539
157.55.39.10 - - [05/Jun/2015:04:36:20 -0500] "GET /BLA/resoluciones/RESOLUCIONES%202008/2864.pdf HTTP/1.1" 200 192458
207.46.13.98 - - [05/Jun/2015:04:36:23 -0500] "GET /BLA/resoluciones/RESOLUCIONES%202010/7877.pdf HTTP/1.1" 200 472928
180.76.15.142 - - [05/Jun/2015:04:36:27 -0500] "GET /BLA/resoluciones/RESOLUCIONES%202008/3434.pdf HTTP/1.1" 200 262551
157.55.39.65 - - [05/Jun/2015:04:36:28 -0500] "GET /BLA/resoluciones/AUTOS%202009/3015.pdf HTTP/1.1" 200 185427
157.55.39.65 - - [05/Jun/2015:04:36:29 -0500] "GET /BLA/resoluciones/RESOLUCIONES%202010/0313.pdf HTTP/1.1" 200 114886
207.46.13.98 - - [05/Jun/2015:04:36:33 -0500] "GET /BLA/resoluciones/AUTOS%202007/1822.pdf HTTP/1.1" 200 31355
207.46.13.104 - - [05/Jun/2015:04:36:38 -0500] "GET /bla/resoluciones/resoluciones%202009/1916.pdf HTTP/1.1" 200 393237
207.46.13.104 - - [05/Jun/2015:04:36:38 -0500] "GET /BLA/resoluciones/RESOLUCIONES%202010/2057.pdf HTTP/1.1" 200 195939
207.46.13.104 - - [05/Jun/2015:04:36:39 -0500] "GET /BLA/resoluciones/RESOLUCIONES%202010/2012.pdf HTTP/1.1" 200 335888
190.25.70.26 - - [05/Jun/2015:04:36:39 -0500] "POST /forms/lservlet;jsessionid=ac16012b30d6596ab180ecfe474981dcdd9b6a216eb7.e3iSbxaKaheRe34MbhmNaxqNb41ynknvrkLOlQzNp65In0 HTTP/1.1" 200 2
207.46.13.104 - - [05/Jun/2015:04:36:39 -0500] "GET /BLA/resoluciones/RESOLUCIONES%202014/2982.pdf HTTP/1.1" 200 801584
207.46.13.104 - - [05/Jun/2015:04:36:40 -0500] "GET /BLA/resoluciones/AUTOS%202007/3674.pdf HTTP/1.1" 200 202134
74.86.158.107 - - [05/Jun/2015:04:36:42 -0500] "HEAD / HTTP/1.1" 200 -
180.76.15.136 - - [05/Jun/2015:04:36:44 -0500] "GET /BLA/resoluciones/AUTOS%202014/5669.pdf HTTP/1.1" 200 211505
207.46.13.104 - - [05/Jun/2015:04:36:47 -0500] "GET /BLA/resoluciones/RESOLUCIONES%202011/0591.pdf HTTP/1.1" 200 267996
157.55.39.134 - - [05/Jun/2015:04:37:00 -0500] "GET /BLA/resoluciones/RESOLUCIONES%202014/2677.pdf HTTP/1.1" 200 443621
157.55.39.134 - - [05/Jun/2015:04:37:01 -0500] "GET /BLA/resoluciones/RESOLUCIONES%202008/3832.pdf HTTP/1.1" 200 354071
157.55.39.134 - - [05/Jun/2015:04:37:01 -0500] "GET /bla/resoluciones/resoluciones%202009/0667.pdf HTTP/1.1" 200 212667
180.76.15.143 - - [05/Jun/2015:04:37:01 -0500] "GET /BLA/resoluciones/RESOLUCIONES%202009/9026.pdf HTTP/1.1" 200 503621
207.46.13.104 - - [05/Jun/2015:04:37:07 -0500] "GET /BLA/resoluciones/AUTOS%202007/2611.pdf HTTP/1.1" 200 28523
157.55.39.10 - - [05/Jun/2015:04:37:18 -0500] "GET /BLA/resoluciones/RESOLUCIONES%202008/4744.pdf HTTP/1.1" 200 478485
180.76.15.31 - - [05/Jun/2015:04:37:19 -0500] "GET /BLA/resoluciones/AUTOS%202013/2189.pdf HTTP/1.1" 200 402001
157.55.39.65 - - [05/Jun/2015:04:37:23 -0500] "GET /BLA/resoluciones/RESOLUCIONES%202010/7006.pdf HTTP/1.1" 200 62973
207.46.13.98 - - [05/Jun/2015:04:37:28 -0500] "GET /bla/resoluciones/RESOLUCIONES%202009/1627.pdf HTTP/1.1" 200 480351
207.46.13.98 - - [05/Jun/2015:04:37:28 -0500] "GET /bla/resoluciones/RESOLUCIONES%202011/1678.pdf HTTP/1.1" 200 68047
180.76.15.30 - - [05/Jun/2015:04:37:36 -0500] "GET /BLA/resoluciones/RESOLUCIONES%202007/RES%202007%20601%20AL%20700/RESOLUCION%200622%20DE%202007.pdf HTTP/1.1" 200 125205
207.46.13.104 - - [05/Jun/2015:04:37:37 -0500] "GET /bla/resoluciones/RESOLUCIONES%202009/0152.pdf HTTP/1.1" 200 294750
207.46.13.98 - - [05/Jun/2015:04:37:42 -0500] "GET /BLA/resoluciones/RESOLUCIONES%202010/2917.pdf HTTP/1.1" 200 504053
180.76.15.12 - - [05/Jun/2015:04:37:53 -0500] "GET /BLA/resoluciones/RESOLUCIONES%202010/1505.pdf HTTP/1.1" 200 493129
207.46.13.98 - - [05/Jun/2015:04:38:02 -0500] "GET /BLA/resoluciones/RESOLUCIONES%202009/0364.pdf HTTP/1.1" 200 353369
207.46.13.104 - - [05/Jun/2015:04:38:06 -0500] "GET /BLA/resoluciones/RESOLUCIONES%202011/0749.pdf HTTP/1.1" 200 350662
207.46.13.104 - - [05/Jun/2015:04:38:07 -0500] "GET /BLA/resoluciones/AUTOS%202011/0839.pdf HTTP/1.1" 200 168165
157.55.39.64 - - [05/Jun/2015:04:38:11 -0500] "GET /BLA/resoluciones/AUTOS%202010/6619.pdf HTTP/1.1" 200 155131
207.46.13.98 - - [05/Jun/2015:04:38:22 -0500] "GET /BLA/resoluciones/AUTOS%202007/1854.pdf HTTP/1.1" 200 90122
207.46.13.98 - - [05/Jun/2015:04:38:23 -0500] "GET /bla/resoluciones/RESOLUCIONES%202009/1037.pdf HTTP/1.1" 200 213643
207.46.13.98 - - [05/Jun/2015:04:38:24 -0500] "GET /BLA/resoluciones/RESOLUCIONES%202009/7691.pdf HTTP/1.1" 200 128210
207.46.13.98 - - [05/Jun/2015:04:38:25 -0500] "GET /BLA/resoluciones/RESOLUCIONES%202011/2110.pdf HTTP/1.1" 200 507497
37.163.72.18 - - [05/Jun/2015:04:38:25 -0500] "GET /galeria/galeria/jquery.fancybox.css?v=2.1.5 HTTP/1.1" 200 4895
37.163.72.18 - - [05/Jun/2015:04:38:25 -0500] "GET /BLA/boletinlegal/js/jquery.scrollTo-min.js HTTP/1.1" 200 1150
37.163.72.18 - - [05/Jun/2015:04:38:25 -0500] "GET /BLA/boletinlegal/js/jquery.scrollShow.js HTTP/1.1" 200 4586
37.163.72.18 - - [05/Jun/2015:04:38:25 -0500] "GET /galeria/galeria/jquery.fancybox.js?v=2.1.5 HTTP/1.1" 200 48706
207.46.13.104 - - [05/Jun/2015:04:38:27 -0500] "GET /BLA/resoluciones/AUTOS%202011/0264.pdf HTTP/1.1" 200 154649
180.76.15.27 - - [05/Jun/2015:04:38:28 -0500] "GET /BLA/resoluciones/AUTOS%202013/0715.pdf HTTP/1.1" 200 2882239
207.46.13.104 - - [05/Jun/2015:04:38:28 -0500] "GET /BLA/resoluciones/Resoluciones%202011/3695.pdf HTTP/1.1" 200 215536
37.163.72.18 - - [05/Jun/2015:04:38:35 -0500] "GET /galeria/galeria/jquery.fancybox.css?v=2.1.5 HTTP/1.1" 304 -
37.163.72.18 - - [05/Jun/2015:04:38:35 -0500] "GET /BLA/boletinlegal/js/jquery.scrollTo-min.js HTTP/1.1" 304 -
37.163.72.18 - - [05/Jun/2015:04:38:35 -0500] "GET /BLA/boletinlegal/js/jquery.scrollShow.js HTTP/1.1" 304 -
37.163.72.18 - - [05/Jun/2015:04:38:35 -0500] "GET /galeria/galeria/jquery.fancybox.js?v=2.1.5 HTTP/1.1" 304 -
157.55.39.10 - - [05/Jun/2015:04:38:37 -0500] "GET /BLA/resoluciones/RESOLUCIONES%202010/1280.pdf HTTP/1.1" 200 100422
157.55.39.10 - - [05/Jun/2015:04:38:38 -0500] "GET /BLA/resoluciones/RESOLUCIONES%202008/3913.pdf HTTP/1.1" 200 231636
157.55.39.65 - - [05/Jun/2015:04:38:39 -0500] "GET /BLA/resoluciones/AUTOS%202009/1652.pdf HTTP/1.1" 200 98710
190.25.70.26 - - [05/Jun/2015:04:38:39 -0500] "POST /forms/lservlet;jsessionid=ac16012b30d6596ab180ecfe474981dcdd9b6a216eb7.e3iSbxaKaheRe34MbhmNaxqNb41ynknvrkLOlQzNp65In0 HTTP/1.1" 200 2
207.46.13.98 - - [05/Jun/2015:04:38:43 -0500] "GET /bla/resoluciones/resoluciones%202009/1913.pdf HTTP/1.1" 200 327764
207.46.13.98 - - [05/Jun/2015:04:38:44 -0500] "GET /BLA/resoluciones/AUTOS%202011/3802.pdf HTTP/1.1" 200 195355
190.28.124.241 - - [05/Jun/2015:04:38:44 -0500] "GET /galeria/galeria/jquery.fancybox.css?v=2.1.5 HTTP/1.1" 200 4895
190.28.124.241 - - [05/Jun/2015:04:38:44 -0500] "GET /BLA/boletinlegal/js/jquery.scrollTo-min.js HTTP/1.1" 200 1150
190.28.124.241 - - [05/Jun/2015:04:38:44 -0500] "GET /BLA/boletinlegal/js/jquery.scrollShow.js HTTP/1.1" 200 4586
190.28.124.241 - - [05/Jun/2015:04:38:44 -0500] "GET /galeria/galeria/jquery.fancybox.js?v=2.1.5 HTTP/1.1" 200 48706
207.46.13.98 - - [05/Jun/2015:04:38:44 -0500] "GET /BLA/resoluciones/RESOLUCIONES%202014/2384.pdf HTTP/1.1" 200 752020
180.76.15.154 - - [05/Jun/2015:04:38:45 -0500] "GET /BLA/resoluciones/RESOLUCIONES%202014/0524.pdf HTTP/1.1" 200 332415
157.55.39.65 - - [05/Jun/2015:04:38:48 -0500] "GET /bla/resoluciones/RESOLUCIONES%202011/3002.pdf HTTP/1.1" 200 605850
207.46.13.104 - - [05/Jun/2015:04:38:53 -0500] "GET /BLA/resoluciones/RESOLUCIONES%202014/0971.pdf HTTP/1.1" 200 2570223
190.28.124.241 - - [05/Jun/2015:04:38:55 -0500] "GET /galeria/galeria/jquery.fancybox.css?v=2.1.5 HTTP/1.1" 304 -
190.28.124.241 - - [05/Jun/2015:04:38:55 -0500] "GET /BLA/boletinlegal/js/jquery.scrollTo-min.js HTTP/1.1" 304 -
190.28.124.241 - - [05/Jun/2015:04:38:55 -0500] "GET /BLA/boletinlegal/js/jquery.scrollShow.js HTTP/1.1" 304 -
190.28.124.241 - - [05/Jun/2015:04:38:55 -0500] "GET /galeria/galeria/jquery.fancybox.js?v=2.1.5 HTTP/1.1" 304 -
207.46.13.98 - - [05/Jun/2015:04:39:03 -0500] "GET /BLA/resoluciones/Autos%202008/2410.pdf HTTP/1.1" 200 83388
207.46.13.98 - - [05/Jun/2015:04:39:04 -0500] "GET /bla/resoluciones/resoluciones%202009/0121.pdf HTTP/1.1" 200 292758
157.55.39.10 - - [05/Jun/2015:04:39:10 -0500] "GET /BLA/resoluciones/RESOLUCIONES%202008/3360.pdf HTTP/1.1" 200 412675
157.55.39.10 - - [05/Jun/2015:04:39:10 -0500] "GET /bla/resoluciones/RESOLUCIONES%202009/1839.pdf HTTP/1.1" 200 528240
157.55.39.65 - - [05/Jun/2015:04:39:15 -0500] "GET /BLA/resoluciones/AUTOS%202011/1879.pdf HTTP/1.1" 200 148723
157.55.39.65 - - [05/Jun/2015:04:39:17 -0500] "GET /BLA/resoluciones/RESOLUCIONES%202014/1247.pdf HTTP/1.1" 200 1979376
207.46.13.104 - - [05/Jun/2015:04:39:23 -0500] "GET /BLA/resoluciones/RESOLUCIONES%202008/3039.pdf HTTP/1.1" 200 209542
157.55.39.65 - - [05/Jun/2015:04:39:28 -0500] "GET /bla/resoluciones/RESOLUCIONES%202011/1010.pdf HTTP/1.1" 200 72377
66.249.67.120 - - [05/Jun/2015:04:39:33 -0500] "GET /BLA/resoluciones/RESOLUCIONES%202007/RES%202007%203801%20AL%203900/RESOLUCION%203888%20DE%202007.pdf HTTP/1.1" 304 -
207.46.13.98 - - [05/Jun/2015:04:39:37 -0500] "GET /bla/resoluciones/RESOLUCIONES%202009/0550.pdf HTTP/1.1" 200 593675
157.55.39.65 - - [05/Jun/2015:04:39:41 -0500] "GET /BLA/resoluciones/RESOLUCIONES%202010/6095.pdf HTTP/1.1" 200 646892
157.55.39.134 - - [05/Jun/2015:04:39:47 -0500] "GET /BLA/resoluciones/Autos%202008/0931.pdf HTTP/1.1" 200 78470
157.55.39.65 - - [05/Jun/2015:04:40:07 -0500] "GET /bla/resoluciones/resoluciones%202009/3682.pdf HTTP/1.1" 200 63608
157.55.39.65 - - [05/Jun/2015:04:40:07 -0500] "GET /BLA/resoluciones/RESOLUCIONES%202009/4524.pdf HTTP/1.1" 200 55148
157.55.39.65 - - [05/Jun/2015:04:40:19 -0500] "GET /BLA/resoluciones/RESOLUCIONES%202010/6231.pdf HTTP/1.1" 200 92833
157.55.39.65 - - [05/Jun/2015:04:40:19 -0500] "GET /BLA/resoluciones/RESOLUCIONES%202009/6899.pdf HTTP/1.1" 200 342961
157.55.39.65 - - [05/Jun/2015:04:40:20 -0500] "GET /BLA/resoluciones/RESOLUCIONES%202014/3411.pdf HTTP/1.1" 200 452726
207.46.13.104 - - [05/Jun/2015:04:40:23 -0500] "GET /BLA/resoluciones/AUTOS%202007/0974.pdf HTTP/1.1" 200 184480
207.46.13.98 - - [05/Jun/2015:04:40:28 -0500] "GET /bla/resoluciones/resoluciones%202009/3736.pdf HTTP/1.1" 200 118835
207.46.13.98 - - [05/Jun/2015:04:40:29 -0500] "GET /BLA/resoluciones/Autos%202008/0663.pdf HTTP/1.1" 200 307730
207.46.13.98 - - [05/Jun/2015:04:40:30 -0500] "GET /BLA/resoluciones/Resoluciones%202011/4060.pdf HTTP/1.1" 200 888250
157.55.39.65 - - [05/Jun/2015:04:40:32 -0500] "GET /BLA/resoluciones/AUTOS%202009/0577.pdf HTTP/1.1" 200 127424
157.55.39.65 - - [05/Jun/2015:04:40:33 -0500] "GET /BLA/resoluciones/RESOLUCIONES%202010/2999.pdf HTTP/1.1" 200 1030201
157.55.39.65 - - [05/Jun/2015:04:40:33 -0500] "GET /BLA/resoluciones/RESOLUCIONES%202010/6664.pdf HTTP/1.1" 200 249006
180.76.15.144 - - [05/Jun/2015:04:40:37 -0500] "GET /BLA/resoluciones/AUTOS%202009/2848.pdf HTTP/1.1" 200 89217
190.25.70.26 - - [05/Jun/2015:04:40:39 -0500] "POST /forms/lservlet;jsessionid=ac16012b30d6596ab180ecfe474981dcdd9b6a216eb7.e3iSbxaKaheRe34MbhmNaxqNb41ynknvrkLOlQzNp65In0 HTTP/1.1" 200 2
157.55.39.65 - - [05/Jun/2015:04:40:48 -0500] "GET /BLA/resoluciones/Autos%202008/1516.pdf HTTP/1.1" 200 76776
207.46.13.104 - - [05/Jun/2015:04:40:54 -0500] "GET /bla/resoluciones/resoluciones%202009/1527.pdf HTTP/1.1" 200 500474
207.46.13.104 - - [05/Jun/2015:04:40:54 -0500] "GET /BLA/resoluciones/RESOLUCIONES%202010/0105.pdf HTTP/1.1" 200 500485
180.76.15.20 - - [05/Jun/2015:04:40:54 -0500] "GET /BLA/resoluciones/RESOLUCIONES%202014/1394.pdf HTTP/1.1" 200 566945
157.55.39.10 - - [05/Jun/2015:04:41:06 -0500] "GET /BLA/resoluciones/Resoluciones%202011/5838.pdf HTTP/1.1" 200 416739
157.55.39.64 - - [05/Jun/2015:04:41:10 -0500] "GET /BLA/resoluciones/AUTOS%202007/1714.pdf HTTP/1.1" 200 36800
157.55.39.64 - - [05/Jun/2015:04:41:11 -0500] "GET /bla/resoluciones/RESOLUCIONES%202009/2172.pdf HTTP/1.1" 200 678221
180.76.15.142 - - [05/Jun/2015:04:41:11 -0500] "GET /BLA/resoluciones/AUTOS%202009/2652.pdf HTTP/1.1" 200 78262
207.46.13.98 - - [05/Jun/2015:04:41:16 -0500] "GET /BLA/resoluciones/RESOLUCIONES%202010/5709.pdf HTTP/1.1" 200 77452
180.76.15.32 - - [05/Jun/2015:04:41:29 -0500] "GET /BLA/resoluciones/RESOLUCIONES%202010/0456.pdf HTTP/1.1" 200 102764
207.46.13.104 - - [05/Jun/2015:04:41:38 -0500] "GET /BLA/resoluciones/RESOLUCIONES%202010/1381.pdf HTTP/1.1" 200 368384
207.46.13.104 - - [05/Jun/2015:04:41:40 -0500] "GET /BLA/resoluciones/RESOLUCIONES%202009/0170.pdf HTTP/1.1" 200 134299
74.86.158.107 - - [05/Jun/2015:04:41:42 -0500] "HEAD / HTTP/1.1" 200 -
157.55.39.65 - - [05/Jun/2015:04:41:44 -0500] "GET /BLA/resoluciones/AUTOS%202011/2901.pdf HTTP/1.1" 200 144738
157.55.39.65 - - [05/Jun/2015:04:41:44 -0500] "GET /bla/resoluciones/RESOLUCIONES%202009/2210.pdf HTTP/1.1" 200 619151
180.76.15.159 - - [05/Jun/2015:04:41:46 -0500] "GET /BLA/resoluciones/AUTOS%202009/0568.pdf HTTP/1.1" 200 126947
207.46.13.98 - - [05/Jun/2015:04:41:47 -0500] "GET /BLA/resoluciones/RESOLUCIONES%202012/0741.pdf HTTP/1.1" 200 165813
207.46.13.98 - - [05/Jun/2015:04:42:04 -0500] "GET /BLA/resoluciones/RESOLUCIONES%202008/2686.pdf HTTP/1.1" 200 414391
157.55.39.64 - - [05/Jun/2015:04:42:10 -0500] "GET /BLA/resoluciones/RESOLUCIONES%202011/1514.pdf HTTP/1.1" 200 74079
157.55.39.64 - - [05/Jun/2015:04:42:10 -0500] "GET /bla/resoluciones/resoluciones%202009/3672.pdf HTTP/1.1" 200 73537
157.55.39.64 - - [05/Jun/2015:04:42:11 -0500] "GET /BLA/resoluciones/Autos%202008/2310.pdf HTTP/1.1" 200 85070
157.55.39.64 - - [05/Jun/2015:04:42:13 -0500] "GET /BLA/resoluciones/RESOLUCIONES%202012/0334.pdf HTTP/1.1" 200 360967
157.55.39.64 - - [05/Jun/2015:04:42:13 -0500] "GET /bla/resoluciones/RESOLUCIONES%202011/0688.pdf HTTP/1.1" 200 70171
207.46.13.104 - - [05/Jun/2015:04:42:19 -0500] "GET /BLA/resoluciones/AUTOS%202010/4884.pdf HTTP/1.1" 200 254727
180.76.15.14 - - [05/Jun/2015:04:42:21 -0500] "GET /BLA/resoluciones/AUTOS%202009/2866.pdf HTTP/1.1" 200 95510
207.46.13.98 - - [05/Jun/2015:04:42:36 -0500] "GET /BLA/resoluciones/AUTOS%202007/1361.pdf HTTP/1.1" 200 27589
207.46.13.98 - - [05/Jun/2015:04:42:36 -0500] "GET /BLA/resoluciones/RESOLUCIONES%202010/1815.pdf HTTP/1.1" 200 496451
190.25.70.26 - - [05/Jun/2015:04:42:39 -0500] "POST /forms/lservlet;jsessionid=ac16012b30d6596ab180ecfe474981dcdd9b6a216eb7.e3iSbxaKaheRe34MbhmNaxqNb41ynknvrkLOlQzNp65In0 HTTP/1.1" 200 2
157.55.39.11 - - [05/Jun/2015:04:42:40 -0500] "GET /BLA/resoluciones/AUTOS%202011/4108.pdf HTTP/1.1" 200 230613
157.55.39.11 - - [05/Jun/2015:04:42:40 -0500] "GET /BLA/resoluciones/AUTOS%202011/1608.pdf HTTP/1.1" 200 151567
207.46.13.98 - - [05/Jun/2015:04:42:44 -0500] "GET /BLA/resoluciones/RESOLUCIONES%202010/0725.pdf HTTP/1.1" 200 64051
157.55.39.65 - - [05/Jun/2015:04:42:51 -0500] "GET /BLA/resoluciones/AUTOS%202011/1911.pdf HTTP/1.1" 200 156681
157.55.39.65 - - [05/Jun/2015:04:42:52 -0500] "GET /BLA/resoluciones/RESOLUCIONES%202008/1561.pdf HTTP/1.1" 200 335203
180.76.15.144 - - [05/Jun/2015:04:42:55 -0500] "GET /BLA/resoluciones/AUTOS%202014/0995.pdf HTTP/1.1" 200 373720
207.46.13.98 - - [05/Jun/2015:04:43:06 -0500] "GET /BLA/resoluciones/Resoluciones%202011/4248.pdf HTTP/1.1" 200 439980
207.46.13.104 - - [05/Jun/2015:04:43:11 -0500] "GET /BLA/resoluciones/Resoluciones%202011/5765.pdf HTTP/1.1" 200 574489
207.46.13.104 - - [05/Jun/2015:04:43:11 -0500] "GET /BLA/resoluciones/RESOLUCIONES%202010/0666.pdf HTTP/1.1" 200 349035
157.55.39.65 - - [05/Jun/2015:04:43:18 -0500] "GET /bla/resoluciones/resoluciones%202009/0041.pdf HTTP/1.1" 200 112972
157.55.39.10 - - [05/Jun/2015:04:43:23 -0500] "GET /bla/resoluciones/RESOLUCIONES%202011/0827.pdf HTTP/1.1" 200 71439
157.55.39.10 - - [05/Jun/2015:04:43:24 -0500] "GET /BLA/resoluciones/RESOLUCIONES%202014/0154.pdf HTTP/1.1" 200 710188
180.76.15.26 - - [05/Jun/2015:04:43:30 -0500] "GET /BLA/resoluciones/RESOLUCIONES%202011/2619.pdf HTTP/1.1" 200 747986
157.55.39.11 - - [05/Jun/2015:04:43:38 -0500] "GET /BLA/resoluciones/AUTOS%202011/6293.pdf HTTP/1.1" 200 316949
157.55.39.11 - - [05/Jun/2015:04:43:40 -0500] "GET /BLA/resoluciones/RESOLUCIONES%202010/0668.pdf HTTP/1.1" 200 369713
180.76.15.136 - - [05/Jun/2015:04:43:47 -0500] "GET /BLA/boletinlegal;jsessionid=FBED0D10C729D50E6AEA8B9886E732BC?/? HTTP/1.1" 404 1018
180.76.15.24 - - [05/Jun/2015:04:44:04 -0500] "GET /BLA/resoluciones/AUTOS%202009/1404.pdf HTTP/1.1" 200 199044
207.46.13.104 - - [05/Jun/2015:04:44:09 -0500] "GET /BLA/resoluciones/AUTOS%202009/2059.pdf HTTP/1.1" 200 99365
207.46.13.104 - - [05/Jun/2015:04:44:20 -0500] "GET /BLA/resoluciones/RESOLUCIONES%202009/5847.pdf HTTP/1.1" 200 99191
180.76.15.146 - - [05/Jun/2015:04:44:22 -0500] "GET /BLA/resoluciones/AUTOS%202009/0504.pdf HTTP/1.1" 200 166295
207.46.13.98 - - [05/Jun/2015:04:44:24 -0500] "GET /BLA/resoluciones/RESOLUCIONES%202010/2805.pdf HTTP/1.1" 200 1434669
207.46.13.98 - - [05/Jun/2015:04:44:25 -0500] "GET /BLA/resoluciones/RESOLUCIONES%202010/1583.pdf HTTP/1.1" 200 494763
157.55.39.10 - - [05/Jun/2015:04:44:30 -0500] "GET /bla/resoluciones/resoluciones%202009/1030.pdf HTTP/1.1" 200 208573
66.249.67.107 - - [05/Jun/2015:04:44:30 -0500] "GET /BLA/resoluciones/RESOLUCIONES%202010/4717.pdf HTTP/1.1" 200 609081
157.55.39.65 - - [05/Jun/2015:04:44:35 -0500] "GET /BLA/resoluciones/AUTOS%202010/5265.pdf HTTP/1.1" 200 179989
157.55.39.65 - - [05/Jun/2015:04:44:35 -0500] "GET /BLA/resoluciones/AUTOS%202011/0148.pdf HTTP/1.1" 200 304058
157.55.39.65 - - [05/Jun/2015:04:44:36 -0500] "GET /BLA/resoluciones/RESOLUCIONES%202008/3266.pdf HTTP/1.1" 200 251494
180.76.15.10 - - [05/Jun/2015:04:44:39 -0500] "GET /BLA/resoluciones/RESOLUCIONES%202008/5462.pdf HTTP/1.1" 200 227765
190.25.70.26 - - [05/Jun/2015:04:44:39 -0500] "POST /forms/lservlet;jsessionid=ac16012b30d6596ab180ecfe474981dcdd9b6a216eb7.e3iSbxaKaheRe34MbhmNaxqNb41ynknvrkLOlQzNp65In0 HTTP/1.1" 200 2
207.46.13.104 - - [05/Jun/2015:04:44:40 -0500] "GET /BLA/resoluciones/Resoluciones%202011/3354.pdf HTTP/1.1" 200 364026
207.46.13.104 - - [05/Jun/2015:04:44:41 -0500] "GET /BLA/resoluciones/RESOLUCIONES%202009/8920.pdf HTTP/1.1" 200 247985
207.46.13.104 - - [05/Jun/2015:04:44:41 -0500] "GET /BLA/resoluciones/Resoluciones%202011/0908.pdf HTTP/1.1" 200 83897
207.46.13.104 - - [05/Jun/2015:04:44:54 -0500] "GET /BLA/resoluciones/Resoluciones%202011/3122.pdf HTTP/1.1" 200 670370
180.76.15.7 - - [05/Jun/2015:04:44:56 -0500] "GET /BLA/resoluciones/RESOLUCIONES%202010/0536.pdf HTTP/1.1" 200 395816
157.55.39.134 - - [05/Jun/2015:04:44:59 -0500] "GET /BLA/resoluciones/RESOLUCIONES%202010/2882.pdf HTTP/1.1" 200 413700
157.55.39.134 - - [05/Jun/2015:04:45:00 -0500] "GET /BLA/resoluciones/RESOLUCIONES%202014/0306.pdf HTTP/1.1" 200 862440
157.55.39.134 - - [05/Jun/2015:04:45:01 -0500] "GET /BLA/resoluciones/Autos%202008/0078.pdf HTTP/1.1" 200 78641
207.46.13.98 - - [05/Jun/2015:04:45:04 -0500] "GET /BLA/resoluciones/RESOLUCIONES%202011/1441.pdf HTTP/1.1" 200 62911
157.55.39.10 - - [05/Jun/2015:04:45:09 -0500] "GET /bla/resoluciones/resoluciones%202009/0042.pdf HTTP/1.1" 200 72289
157.55.39.10 - - [05/Jun/2015:04:45:09 -0500] "GET /bla/resoluciones/RESOLUCIONES%202009/1300.pdf HTTP/1.1" 200 531111
157.55.39.10 - - [05/Jun/2015:04:45:10 -0500] "GET /BLA/resoluciones/RESOLUCIONES%202010/1708.pdf HTTP/1.1" 200 414620
180.76.15.154 - - [05/Jun/2015:04:45:14 -0500] "GET /BLA/resoluciones/AUTOS%202009/2118.pdf HTTP/1.1" 200 498997
207.46.13.104 - - [05/Jun/2015:04:45:14 -0500] "GET /BLA/resoluciones/RESOLUCIONES%202010/6073.pdf HTTP/1.1" 200 620249
157.55.39.65 - - [05/Jun/2015:04:45:27 -0500] "GET /bla/resoluciones/RESOLUCIONES%202009/1655.pdf HTTP/1.1" 200 409405
157.55.39.65 - - [05/Jun/2015:04:45:27 -0500] "GET /BLA/resoluciones/RESOLUCIONES%202008/2538.pdf HTTP/1.1" 200 288902
207.46.13.98 - - [05/Jun/2015:04:45:31 -0500] "GET /bla/resoluciones/RESOLUCIONES%202011/2567.pdf HTTP/1.1" 200 291400
180.76.15.134 - - [05/Jun/2015:04:45:31 -0500] "GET /BLA/resoluciones/AUTOS%202014/0072.pdf HTTP/1.1" 200 1091209
207.46.13.98 - - [05/Jun/2015:04:45:32 -0500] "GET /BLA/resoluciones/AUTOS%202011/5155.pdf HTTP/1.1" 200 616711
207.46.13.104 - - [05/Jun/2015:04:45:37 -0500] "GET /bla/resoluciones/RESOLUCIONES%202009/0678.pdf HTTP/1.1" 200 201300
207.46.13.104 - - [05/Jun/2015:04:45:38 -0500] "GET /BLA/resoluciones/Resoluciones%202011/2060.pdf HTTP/1.1" 200 514729
157.55.39.65 - - [05/Jun/2015:04:45:41 -0500] "GET /bla/resoluciones/RESOLUCIONES%202009/1803.pdf HTTP/1.1" 200 613104
157.55.39.65 - - [05/Jun/2015:04:45:41 -0500] "GET /BLA/resoluciones/AUTOS%202010/4648.pdf HTTP/1.1" 200 479621
207.46.13.104 - - [05/Jun/2015:04:45:46 -0500] "GET /BLA/resoluciones/RESOLUCIONES%202009/1815.pdf HTTP/1.1" 200 395703
180.76.15.6 - - [05/Jun/2015:04:45:48 -0500] "GET /BLA/resoluciones/RESOLUCIONES%202011/1735.pdf HTTP/1.1" 200 525586
207.46.13.104 - - [05/Jun/2015:04:45:56 -0500] "GET /BLA/resoluciones/Resoluciones%202011/1980.pdf HTTP/1.1" 200 824494
207.46.13.98 - - [05/Jun/2015:04:46:00 -0500] "GET /BLA/resoluciones/RESOLUCIONES%202011/3487.pdf HTTP/1.1" 200 393169
157.55.39.10 - - [05/Jun/2015:04:46:05 -0500] "GET /BLA/resoluciones/AUTOS%202007/2710.pdf HTTP/1.1" 200 80269
180.76.15.139 - - [05/Jun/2015:04:46:05 -0500] "GET /BLA/resoluciones/AUTOS%202009/0446.pdf HTTP/1.1" 200 232852
157.55.39.10 - - [05/Jun/2015:04:46:06 -0500] "GET /BLA/resoluciones/AUTOS%202011/0691.pdf HTTP/1.1" 200 99725
207.46.13.104 - - [05/Jun/2015:04:46:11 -0500] "GET /BLA/resoluciones/RESOLUCIONES%202008/1465.pdf HTTP/1.1" 200 301045
207.46.13.104 - - [05/Jun/2015:04:46:11 -0500] "GET /BLA/resoluciones/RESOLUCIONES%202008/2256.pdf HTTP/1.1" 200 196578
207.46.13.104 - - [05/Jun/2015:04:46:12 -0500] "GET /BLA/resoluciones/AUTOS%202007/2201.pdf HTTP/1.1" 200 70241
157.55.39.65 - - [05/Jun/2015:04:46:16 -0500] "GET /BLA/resoluciones/RESOLUCIONES%202010/0802.pdf HTTP/1.1" 200 101400
157.55.39.65 - - [05/Jun/2015:04:46:16 -0500] "GET /BLA/resoluciones/RESOLUCIONES%202014/0991.pdf HTTP/1.1" 200 2758048
180.76.15.15 - - [05/Jun/2015:04:46:23 -0500] "GET /BLA/resoluciones/AUTOS%202009/0607.pdf HTTP/1.1" 200 127047
157.55.39.65 - - [05/Jun/2015:04:46:25 -0500] "GET /BLA/resoluciones/RESOLUCIONES%202008/5072.pdf HTTP/1.1" 200 202705
157.55.39.10 - - [05/Jun/2015:04:46:30 -0500] "GET /BLA/resoluciones/RESOLUCIONES%202010/6757.pdf HTTP/1.1" 200 612922
157.55.39.10 - - [05/Jun/2015:04:46:31 -0500] "GET /BLA/resoluciones/RESOLUCIONES%202010/7613.pdf HTTP/1.1" 200 340342
207.46.13.104 - - [05/Jun/2015:04:46:37 -0500] "GET /BLA/resoluciones/RESOLUCIONES%202009/2067.pdf HTTP/1.1" 200 419222
190.25.70.26 - - [05/Jun/2015:04:46:39 -0500] "POST /forms/lservlet;jsessionid=ac16012b30d6596ab180ecfe474981dcdd9b6a216eb7.e3iSbxaKaheRe34MbhmNaxqNb41ynknvrkLOlQzNp65In0 HTTP/1.1" 200 2
180.76.15.158 - - [05/Jun/2015:04:46:40 -0500] "GET /BLA/resoluciones/AUTOS%202009/0330.pdf HTTP/1.1" 200 121952
207.46.13.98 - - [05/Jun/2015:04:46:41 -0500] "GET /BLA/resoluciones/AUTOS%202011/5552.pdf HTTP/1.1" 200 608369
74.86.158.107 - - [05/Jun/2015:04:46:42 -0500] "HEAD / HTTP/1.1" 200 -
181.55.128.252 - - [05/Jun/2015:04:46:45 -0500] "GET /galeria/galeria/jquery.fancybox.css?v=2.1.5 HTTP/1.1" 200 4895
181.55.128.252 - - [05/Jun/2015:04:46:45 -0500] "GET /BLA/boletinlegal/js/jquery.scrollTo-min.js HTTP/1.1" 200 1150
181.55.128.252 - - [05/Jun/2015:04:46:45 -0500] "GET /BLA/boletinlegal/js/jquery.scrollShow.js HTTP/1.1" 200 4586
181.55.128.252 - - [05/Jun/2015:04:46:45 -0500] "GET /galeria/galeria/jquery.fancybox.js?v=2.1.5 HTTP/1.1" 200 48706
157.55.39.65 - - [05/Jun/2015:04:46:49 -0500] "GET /BLA/resoluciones/RESOLUCIONES%202011/4684.pdf HTTP/1.1" 200 595027
157.55.39.65 - - [05/Jun/2015:04:46:49 -0500] "GET /BLA/resoluciones/RESOLUCIONES%202010/6204.pdf HTTP/1.1" 200 860269
207.46.13.104 - - [05/Jun/2015:04:46:53 -0500] "GET /BLA/resoluciones/AUTOS%202007/3843.pdf HTTP/1.1" 200 83892
207.46.13.104 - - [05/Jun/2015:04:46:53 -0500] "GET /BLA/resoluciones/RESOLUCIONES%202010/2083.pdf HTTP/1.1" 200 53100
181.55.128.252 - - [05/Jun/2015:04:46:54 -0500] "GET /galeria/galeria/jquery.fancybox.css?v=2.1.5 HTTP/1.1" 304 -
181.55.128.252 - - [05/Jun/2015:04:46:54 -0500] "GET /BLA/boletinlegal/js/jquery.scrollTo-min.js HTTP/1.1" 304 -
181.55.128.252 - - [05/Jun/2015:04:46:54 -0500] "GET /BLA/boletinlegal/js/jquery.scrollShow.js HTTP/1.1" 304 -
181.55.128.252 - - [05/Jun/2015:04:46:54 -0500] "GET /galeria/galeria/jquery.fancybox.js?v=2.1.5 HTTP/1.1" 304 -
186.154.143.73 - - [05/Jun/2015:04:46:57 -0500] "GET /galeria/galeria/jquery.fancybox.css?v=2.1.5 HTTP/1.1" 200 4895
186.154.143.73 - - [05/Jun/2015:04:46:57 -0500] "GET /BLA/boletinlegal/js/jquery.scrollTo-min.js HTTP/1.1" 200 1150
186.154.143.73 - - [05/Jun/2015:04:46:57 -0500] "GET /BLA/boletinlegal/js/jquery.scrollShow.js HTTP/1.1" 200 4586
186.154.143.73 - - [05/Jun/2015:04:46:57 -0500] "GET /galeria/galeria/jquery.fancybox.js?v=2.1.5 HTTP/1.1" 200 48706
180.76.15.149 - - [05/Jun/2015:04:46:57 -0500] "GET /BLA/resoluciones/AUTOS%202009/0427.pdf HTTP/1.1" 200 137597
186.154.143.73 - - [05/Jun/2015:04:47:03 -0500] "GET /galeria/galeria/jquery.fancybox.css?v=2.1.5 HTTP/1.1" 304 -
186.154.143.73 - - [05/Jun/2015:04:47:03 -0500] "GET /BLA/boletinlegal/js/jquery.scrollTo-min.js HTTP/1.1" 304 -
186.154.143.73 - - [05/Jun/2015:04:47:03 -0500] "GET /BLA/boletinlegal/js/jquery.scrollShow.js HTTP/1.1" 304 -
186.154.143.73 - - [05/Jun/2015:04:47:03 -0500] "GET /galeria/galeria/jquery.fancybox.js?v=2.1.5 HTTP/1.1" 304 -
207.46.13.98 - - [05/Jun/2015:04:47:08 -0500] "GET /BLA/resoluciones/Resoluciones%202011/1602.pdf HTTP/1.1" 200 71447
157.55.39.10 - - [05/Jun/2015:04:47:14 -0500] "GET /BLA/resoluciones/RESOLUCIONES%202010/1851.pdf HTTP/1.1" 200 489755
180.76.15.153 - - [05/Jun/2015:04:47:15 -0500] "GET /BLA/resoluciones/RESOLUCIONES%202007/RES%202007%202401%20AL%202500/RESOLUCION%202433%20DE%202007.pdf HTTP/1.1" 200 363102
157.55.39.10 - - [05/Jun/2015:04:47:15 -0500] "GET /BLA/resoluciones/AUTOS%202007/2311.pdf HTTP/1.1" 200 32936
157.55.39.65 - - [05/Jun/2015:04:47:19 -0500] "GET /BLA/resoluciones/AUTOS%202011/2452.pdf HTTP/1.1" 200 175315
157.55.39.65 - - [05/Jun/2015:04:47:19 -0500] "GET /BLA/resoluciones/Resoluciones%202011/1308.pdf HTTP/1.1" 200 71993
207.46.13.98 - - [05/Jun/2015:04:47:23 -0500] "GET /BLA/resoluciones/AUTOS%202007/3655.pdf HTTP/1.1" 200 114911
207.46.13.104 - - [05/Jun/2015:04:47:30 -0500] "GET /BLA/resoluciones/RESOLUCIONES%202010/0935.pdf HTTP/1.1" 200 107878
207.46.13.104 - - [05/Jun/2015:04:47:31 -0500] "GET /bla/resoluciones/resoluciones%202009/3698.pdf HTTP/1.1" 200 50524
207.46.13.104 - - [05/Jun/2015:04:47:31 -0500] "GET /bla/resoluciones/RESOLUCIONES%202011/2255.pdf HTTP/1.1" 200 749368
207.46.13.104 - - [05/Jun/2015:04:47:32 -0500] "GET /BLA/resoluciones/RESOLUCIONES%202008/3513.pdf HTTP/1.1" 200 391784
207.46.13.98 - - [05/Jun/2015:04:47:38 -0500] "GET /BLA/resoluciones/AUTOS%202009/2657.pdf HTTP/1.1" 200 86887
207.46.13.104 - - [05/Jun/2015:04:47:42 -0500] "GET /bla/resoluciones/RESOLUCIONES%202011/3012.pdf HTTP/1.1" 200 462276
207.46.13.104 - - [05/Jun/2015:04:47:42 -0500] "GET /BLA/resoluciones/RESOLUCIONES%202008/1940.pdf HTTP/1.1" 200 208148
180.76.15.30 - - [05/Jun/2015:04:47:49 -0500] "GET /BLA/resoluciones/RESOLUCIONES%202007/RES%202007%203401%20AL%203500/RESOLUCION%203497%20DE%202007.pdf HTTP/1.1" 200 421317
207.46.13.98 - - [05/Jun/2015:04:47:58 -0500] "GET /BLA/resoluciones/RESOLUCIONES%202012/1549.pdf HTTP/1.1" 200 1163828
207.46.13.98 - - [05/Jun/2015:04:47:58 -0500] "GET /BLA/resoluciones/Resoluciones%202011/0255.pdf HTTP/1.1" 200 303680
180.76.15.31 - - [05/Jun/2015:04:48:06 -0500] "GET /BLA/resoluciones/AUTOS%202009/2918.pdf HTTP/1.1" 200 96732
66.249.67.164 - - [05/Jun/2015:04:48:12 -0500] "GET /Anexos%20estudio%20Organizacional%20SDA/index.php?dir=ANEXO%20No.%201-%20NORMAS%20LEGALES%20DE%20ESTRUCTURA%20Y%20PLANTA/Ley%2099%20de%201993%20-%20Crea%20MimAmbiente_files/&sort=name&order=desc HTTP/1.1" 200 9692
207.46.13.104 - - [05/Jun/2015:04:48:28 -0500] "GET /BLA/resoluciones/Resoluciones%202011/0316.pdf HTTP/1.1" 200 87119
157.55.39.10 - - [05/Jun/2015:04:48:33 -0500] "GET /BLA/resoluciones/RESOLUCIONES%202011/2548.pdf HTTP/1.1" 200 779134
157.55.39.10 - - [05/Jun/2015:04:48:35 -0500] "GET /bla/resoluciones/resoluciones%202009/2651.pdf HTTP/1.1" 200 65962
207.46.13.98 - - [05/Jun/2015:04:48:37 -0500] "GET /bla/resoluciones/RESOLUCIONES%202011/0178.pdf HTTP/1.1" 200 370341
207.46.13.98 - - [05/Jun/2015:04:48:37 -0500] "GET /bla/resoluciones/resoluciones%202009/0778.pdf HTTP/1.1" 200 262633
207.46.13.98 - - [05/Jun/2015:04:48:38 -0500] "GET /bla/resoluciones/resoluciones%202009/1739.pdf HTTP/1.1" 200 420763
207.46.13.98 - - [05/Jun/2015:04:48:39 -0500] "GET /BLA/resoluciones/Autos%202008/2312.pdf HTTP/1.1" 200 82839
190.25.70.26 - - [05/Jun/2015:04:48:39 -0500] "POST /forms/lservlet;jsessionid=ac16012b30d6596ab180ecfe474981dcdd9b6a216eb7.e3iSbxaKaheRe34MbhmNaxqNb41ynknvrkLOlQzNp65In0 HTTP/1.1" 200 2
181.139.185.49 - - [05/Jun/2015:04:48:47 -0500] "GET /galeria/galeria/jquery.fancybox.css?v=2.1.5 HTTP/1.1" 200 4895
181.139.185.49 - - [05/Jun/2015:04:48:47 -0500] "GET /BLA/boletinlegal/js/jquery.scrollTo-min.js HTTP/1.1" 200 1150
181.139.185.49 - - [05/Jun/2015:04:48:47 -0500] "GET /galeria/galeria/jquery.fancybox.js?v=2.1.5 HTTP/1.1" 200 48706
181.139.185.49 - - [05/Jun/2015:04:48:47 -0500] "GET /BLA/boletinlegal/js/jquery.scrollShow.js HTTP/1.1" 200 4586
207.46.13.104 - - [05/Jun/2015:04:48:52 -0500] "GET /BLA/resoluciones/RESOLUCIONES%202008/0131.pdf HTTP/1.1" 200 284642
181.139.185.49 - - [05/Jun/2015:04:48:53 -0500] "GET /galeria/galeria/jquery.fancybox.js?v=2.1.5 HTTP/1.1" 304 -
181.139.185.49 - - [05/Jun/2015:04:48:53 -0500] "GET /BLA/boletinlegal/js/jquery.scrollShow.js HTTP/1.1" 304 -
181.139.185.49 - - [05/Jun/2015:04:48:53 -0500] "GET /BLA/boletinlegal/js/jquery.scrollTo-min.js HTTP/1.1" 304 -
181.139.185.49 - - [05/Jun/2015:04:48:53 -0500] "GET /galeria/galeria/jquery.fancybox.css?v=2.1.5 HTTP/1.1" 304 -
207.46.13.98 - - [05/Jun/2015:04:48:56 -0500] "GET /BLA/resoluciones/Resoluciones%202011/1176.pdf HTTP/1.1" 200 648856
157.55.39.134 - - [05/Jun/2015:04:49:01 -0500] "GET /BLA/resoluciones/RESOLUCIONES%202010/3128.pdf HTTP/1.1" 200 692579
157.55.39.134 - - [05/Jun/2015:04:49:01 -0500] "GET /bla/resoluciones/resoluciones%202009/2204.pdf HTTP/1.1" 200 619565
186.118.111.7 - - [05/Jun/2015:04:49:05 -0500] "GET /BLA/boletinlegal/js/jquery.scrollTo-min.js HTTP/1.1" 200 1150
186.118.111.7 - - [05/Jun/2015:04:49:05 -0500] "GET /galeria/galeria/jquery.fancybox.js?v=2.1.5 HTTP/1.1" 200 48706
186.118.111.7 - - [05/Jun/2015:04:49:05 -0500] "GET /galeria/galeria/jquery.fancybox.css?v=2.1.5 HTTP/1.1" 200 4895
186.118.111.7 - - [05/Jun/2015:04:49:05 -0500] "GET /BLA/boletinlegal/js/jquery.scrollShow.js HTTP/1.1" 200 4586
157.55.39.65 - - [05/Jun/2015:04:49:06 -0500] "GET /bla/resoluciones/RESOLUCIONES%202009/1883.pdf HTTP/1.1" 200 418895
157.55.39.65 - - [05/Jun/2015:04:49:06 -0500] "GET /bla/resoluciones/RESOLUCIONES%202011/2846.pdf HTTP/1.1" 200 695124
157.55.39.65 - - [05/Jun/2015:04:49:06 -0500] "GET /bla/resoluciones/RESOLUCIONES%202009/1022.pdf HTTP/1.1" 200 217436
186.118.111.7 - - [05/Jun/2015:04:49:12 -0500] "GET /BLA/boletinlegal/js/jquery.scrollTo-min.js HTTP/1.1" 304 -
186.118.111.7 - - [05/Jun/2015:04:49:12 -0500] "GET /BLA/boletinlegal/js/jquery.scrollShow.js HTTP/1.1" 304 -
186.118.111.7 - - [05/Jun/2015:04:49:13 -0500] "GET /galeria/galeria/jquery.fancybox.css?v=2.1.5 HTTP/1.1" 304 -
186.118.111.7 - - [05/Jun/2015:04:49:13 -0500] "GET /galeria/galeria/jquery.fancybox.js?v=2.1.5 HTTP/1.1" 304 -
207.46.13.104 - - [05/Jun/2015:04:49:32 -0500] "GET /BLA/resoluciones/Resoluciones%202011/1383.pdf HTTP/1.1" 200 77787
207.46.13.104 - - [05/Jun/2015:04:49:32 -0500] "GET /bla/resoluciones/resoluciones%202009/4180.pdf HTTP/1.1" 200 136052
207.46.13.98 - - [05/Jun/2015:04:49:36 -0500] "GET /bla/resoluciones/resoluciones%202009/1842.pdf HTTP/1.1" 200 243649
207.46.13.98 - - [05/Jun/2015:04:49:37 -0500] "GET /BLA/resoluciones/RESOLUCIONES%202011/3632.pdf HTTP/1.1" 200 332120
66.249.67.133 - - [05/Jun/2015:04:49:41 -0500] "GET /BLA/resoluciones/RESOLUCIONES%202008/5142.pdf HTTP/1.1" 200 192040
157.55.39.11 - - [05/Jun/2015:04:49:43 -0500] "GET /bla/resoluciones/resoluciones%202009/1688.pdf HTTP/1.1" 200 509293
157.55.39.11 - - [05/Jun/2015:04:49:43 -0500] "GET /bla/resoluciones/resoluciones%202009/0841.pdf HTTP/1.1" 200 321523
157.55.39.11 - - [05/Jun/2015:04:49:44 -0500] "GET /BLA/resoluciones/RESOLUCIONES%202014/0079.pdf HTTP/1.1" 200 459960
207.46.13.104 - - [05/Jun/2015:04:49:48 -0500] "GET /BLA/resoluciones/RESOLUCIONES%202010/2264.pdf HTTP/1.1" 200 613219
207.46.13.104 - - [05/Jun/2015:04:49:49 -0500] "GET /BLA/resoluciones/AUTOS%202011/4300.pdf HTTP/1.1" 200 260279
207.46.13.104 - - [05/Jun/2015:04:49:50 -0500] "GET /BLA/resoluciones/RESOLUCIONES%202009/1815.pdf HTTP/1.1" 200 395703
157.55.39.65 - - [05/Jun/2015:04:49:52 -0500] "GET /BLA/resoluciones/AUTOS%202009/1789.pdf HTTP/1.1" 200 99374
157.55.39.65 - - [05/Jun/2015:04:49:53 -0500] "GET /bla/resoluciones/RESOLUCIONES%202009/1935.pdf HTTP/1.1" 200 537721
157.55.39.65 - - [05/Jun/2015:04:49:53 -0500] "GET /BLA/resoluciones/RESOLUCIONES%202008/0653.pdf HTTP/1.1" 200 97914
157.55.39.65 - - [05/Jun/2015:04:49:54 -0500] "GET /BLA/resoluciones/RESOLUCIONES%202008/0836.pdf HTTP/1.1" 200 192123
157.55.39.65 - - [05/Jun/2015:04:49:56 -0500] "GET /bla/resoluciones/resoluciones%202009/1168.pdf HTTP/1.1" 200 57373
157.55.39.134 - - [05/Jun/2015:04:50:01 -0500] "GET /BLA/resoluciones/RESOLUCIONES%202010/2865.pdf HTTP/1.1" 200 101949
157.55.39.65 - - [05/Jun/2015:04:50:06 -0500] "GET /BLA/resoluciones/RESOLUCIONES%202010/0372.pdf HTTP/1.1" 200 498488
157.55.39.10 - - [05/Jun/2015:04:50:12 -0500] "GET /bla/resoluciones/RESOLUCIONES%202009/1441.pdf HTTP/1.1" 200 729785
157.55.39.10 - - [05/Jun/2015:04:50:12 -0500] "GET /BLA/resoluciones/AUTOS%202009/1829.pdf HTTP/1.1" 200 129461
207.46.13.98 - - [05/Jun/2015:04:50:16 -0500] "GET /BLA/resoluciones/Resoluciones%202011/1003.pdf HTTP/1.1" 200 68261
207.46.13.104 - - [05/Jun/2015:04:50:28 -0500] "GET /BLA/resoluciones/RESOLUCIONES%202010/6716.pdf HTTP/1.1" 200 121988
207.46.13.98 - - [05/Jun/2015:04:50:35 -0500] "GET /BLA/resoluciones/RESOLUCIONES%202009/0574.pdf HTTP/1.1" 200 303417
207.46.13.98 - - [05/Jun/2015:04:50:36 -0500] "GET /bla/resoluciones/RESOLUCIONES%202009/0840.pdf HTTP/1.1" 200 389907
180.76.15.159 - - [05/Jun/2015:04:50:39 -0500] "GET /BLA/resoluciones/AUTOS%202009/2442.pdf HTTP/1.1" 200 103007
190.25.70.26 - - [05/Jun/2015:04:50:39 -0500] "POST /forms/lservlet;jsessionid=ac16012b30d6596ab180ecfe474981dcdd9b6a216eb7.e3iSbxaKaheRe34MbhmNaxqNb41ynknvrkLOlQzNp65In0 HTTP/1.1" 200 2
157.55.39.65 - - [05/Jun/2015:04:50:47 -0500] "GET /bla/resoluciones/resoluciones%202009/4528.pdf HTTP/1.1" 200 61126
207.46.13.98 - - [05/Jun/2015:04:50:49 -0500] "GET /BLA/resoluciones/RESOLUCIONES%202010/5315.pdf HTTP/1.1" 200 523877
207.46.13.98 - - [05/Jun/2015:04:50:49 -0500] "GET /BLA/resoluciones/Resoluciones%202011/2570.pdf HTTP/1.1" 200 197485
207.46.13.104 - - [05/Jun/2015:04:51:02 -0500] "GET /BLA/resoluciones/AUTOS%202009/0390.pdf HTTP/1.1" 200 76619
207.46.13.98 - - [05/Jun/2015:04:51:06 -0500] "GET /BLA/resoluciones/Resoluciones%202011/5180.pdf HTTP/1.1" 200 343553
180.76.15.161 - - [05/Jun/2015:04:51:13 -0500] "GET /BLA/resoluciones/AUTOS%202009/0858.pdf HTTP/1.1" 200 65325
157.55.39.65 - - [05/Jun/2015:04:51:17 -0500] "GET /BLA/resoluciones/Resoluciones%202011/1060.pdf HTTP/1.1" 200 367728
157.55.39.65 - - [05/Jun/2015:04:51:17 -0500] "GET /bla/resoluciones/RESOLUCIONES%202009/1235.pdf HTTP/1.1" 200 739667
157.55.39.65 - - [05/Jun/2015:04:51:19 -0500] "GET /BLA/resoluciones/RESOLUCIONES%202010/0445.pdf HTTP/1.1" 200 107682
180.76.15.162 - - [05/Jun/2015:04:51:31 -0500] "GET /BLA/resoluciones/AUTOS%202011/0845.pdf HTTP/1.1" 200 149593
157.55.39.10 - - [05/Jun/2015:04:51:31 -0500] "GET /BLA/resoluciones/RESOLUCIONES%202010/0711.pdf HTTP/1.1" 200 103817
157.55.39.10 - - [05/Jun/2015:04:51:32 -0500] "GET /BLA/resoluciones/AUTOS%202007/0648.pdf HTTP/1.1" 200 68444
66.249.67.107 - - [05/Jun/2015:04:51:41 -0500] "GET /BLA/resoluciones/RESOLUCIONES%202005/RES%202005%202801-2850/00002817.tif HTTP/1.1" 304 -
74.86.158.107 - - [05/Jun/2015:04:51:42 -0500] "HEAD / HTTP/1.1" 200 -
157.55.39.11 - - [05/Jun/2015:04:51:42 -0500] "GET /BLA/resoluciones/RESOLUCIONES%202008/1874.pdf HTTP/1.1" 200 197800
157.55.39.65 - - [05/Jun/2015:04:51:48 -0500] "GET /BLA/resoluciones/RESOLUCIONES%202010/0551.pdf HTTP/1.1" 200 495000
180.76.15.138 - - [05/Jun/2015:04:51:48 -0500] "GET /BLA/resoluciones/AUTOS%202014/1143.pdf HTTP/1.1" 200 930008
207.46.13.104 - - [05/Jun/2015:04:52:03 -0500] "GET /BLA/resoluciones/RESOLUCIONES%202009/0128.pdf HTTP/1.1" 200 29543
207.46.13.104 - - [05/Jun/2015:04:52:04 -0500] "GET /BLA/resoluciones/Autos%202008/2441.pdf HTTP/1.1" 200 78915
180.76.15.30 - - [05/Jun/2015:04:52:05 -0500] "GET /BLA/resoluciones/RESOLUCIONES%202009/6963.pdf HTTP/1.1" 200 109752
207.46.13.98 - - [05/Jun/2015:04:52:11 -0500] "GET /BLA/resoluciones/RESOLUCIONES%202008/3051.pdf HTTP/1.1" 200 319234
207.46.13.98 - - [05/Jun/2015:04:52:11 -0500] "GET /bla/resoluciones/RESOLUCIONES%202009/1597.pdf HTTP/1.1" 200 621102
207.46.13.98 - - [05/Jun/2015:04:52:13 -0500] "GET /BLA/resoluciones/RESOLUCIONES%202008/0284.pdf HTTP/1.1" 200 264054
207.46.13.104 - - [05/Jun/2015:04:52:16 -0500] "GET /BLA/resoluciones/Resoluciones%202011/2406.pdf HTTP/1.1" 200 468364
207.46.13.104 - - [05/Jun/2015:04:52:16 -0500] "GET /BLA/resoluciones/Resoluciones%202011/3744.pdf HTTP/1.1" 200 467862
157.55.39.10 - - [05/Jun/2015:04:52:23 -0500] "GET /bla/resoluciones/RESOLUCIONES%202009/2492.pdf HTTP/1.1" 200 314541
180.76.15.138 - - [05/Jun/2015:04:52:23 -0500] "GET /BLA/resoluciones/RESOLUCIONES%202010/1668.pdf HTTP/1.1" 200 1009029
157.55.39.10 - - [05/Jun/2015:04:52:23 -0500] "GET /BLA/resoluciones/RESOLUCIONES%202010/7367.pdf HTTP/1.1" 200 339716
157.55.39.65 - - [05/Jun/2015:04:52:28 -0500] "GET /BLA/resoluciones/RESOLUCIONES%202009/6901.pdf HTTP/1.1" 200 337181
157.55.39.65 - - [05/Jun/2015:04:52:28 -0500] "GET /BLA/resoluciones/RESOLUCIONES%202008/0086.pdf HTTP/1.1" 200 618139
207.46.13.98 - - [05/Jun/2015:04:52:32 -0500] "GET /bla/resoluciones/resoluciones%202009/2230.pdf HTTP/1.1" 200 715131
207.46.13.104 - - [05/Jun/2015:04:52:37 -0500] "GET /BLA/resoluciones/AUTOS%202007/1911.pdf HTTP/1.1" 200 166465
207.46.13.104 - - [05/Jun/2015:04:52:39 -0500] "GET /BLA/resoluciones/AUTOS%202009/2319.pdf HTTP/1.1" 200 150274
190.25.70.26 - - [05/Jun/2015:04:52:39 -0500] "POST /forms/lservlet;jsessionid=ac16012b30d6596ab180ecfe474981dcdd9b6a216eb7.e3iSbxaKaheRe34MbhmNaxqNb41ynknvrkLOlQzNp65In0 HTTP/1.1" 200 2
207.46.13.98 - - [05/Jun/2015:04:52:42 -0500] "GET /BLA/resoluciones/RESOLUCIONES%202010/1356.pdf HTTP/1.1" 200 356046
157.55.39.11 - - [05/Jun/2015:04:52:47 -0500] "GET /BLA/resoluciones/RESOLUCIONES%202008/1010.pdf HTTP/1.1" 200 180599
157.55.39.11 - - [05/Jun/2015:04:52:49 -0500] "GET /BLA/resoluciones/RESOLUCIONES%202011/2386.pdf HTTP/1.1" 200 519748
157.55.39.65 - - [05/Jun/2015:04:52:56 -0500] "GET /bla/resoluciones/RESOLUCIONES%202009/0549.pdf HTTP/1.1" 200 582268
157.55.39.65 - - [05/Jun/2015:04:52:57 -0500] "GET /bla/resoluciones/RESOLUCIONES%202011/2058.pdf HTTP/1.1" 200 510905
180.76.15.30 - - [05/Jun/2015:04:52:57 -0500] "GET /BLA/resoluciones/AUTOS%202009/1539.pdf HTTP/1.1" 200 117609
157.55.39.65 - - [05/Jun/2015:04:52:57 -0500] "GET /BLA/resoluciones/Resoluciones%202011/6114.pdf HTTP/1.1" 200 1061557
157.55.39.65 - - [05/Jun/2015:04:52:58 -0500] "GET /BLA/resoluciones/RESOLUCIONES%202008/0513.pdf HTTP/1.1" 200 213714
157.55.39.65 - - [05/Jun/2015:04:52:58 -0500] "GET /BLA/resoluciones/RESOLUCIONES%202014/1110.pdf HTTP/1.1" 200 2345414
157.55.39.65 - - [05/Jun/2015:04:52:59 -0500] "GET /BLA/resoluciones/AUTOS%202007/2267.pdf HTTP/1.1" 200 151386
157.55.39.65 - - [05/Jun/2015:04:52:59 -0500] "GET /BLA/boletinlegal/Circulares/2011/Circular%20No.%202%20del%2031%20de%20Mayo%20de%202011.pdf HTTP/1.1" 200 496778
157.55.39.134 - - [05/Jun/2015:04:53:04 -0500] "GET /BLA/resoluciones/Autos%202008/1868.pdf HTTP/1.1" 200 100523
157.55.39.134 - - [05/Jun/2015:04:53:04 -0500] "GET /bla/resoluciones/resoluciones%202009/3625.pdf HTTP/1.1" 200 211212
207.46.13.98 - - [05/Jun/2015:04:53:13 -0500] "GET /BLA/resoluciones/RESOLUCIONES%202011/0768.pdf HTTP/1.1" 200 60847
207.46.13.98 - - [05/Jun/2015:04:53:13 -0500] "GET /BLA/resoluciones/Resoluciones%202011/5465.pdf HTTP/1.1" 200 1619135
180.76.15.152 - - [05/Jun/2015:04:53:14 -0500] "GET /BLA/resoluciones/RESOLUCIONES%202010/1594.pdf HTTP/1.1" 200 382216
207.46.13.104 - - [05/Jun/2015:04:53:16 -0500] "GET /BLA/resoluciones/AUTOS%202009/2611.pdf HTTP/1.1" 200 87902
157.55.39.65 - - [05/Jun/2015:04:53:22 -0500] "GET /BLA/resoluciones/AUTOS%202007/1813.pdf HTTP/1.1" 200 30629
157.55.39.65 - - [05/Jun/2015:04:53:23 -0500] "GET /BLA/resoluciones/AUTOS%202007/2392.pdf HTTP/1.1" 200 72563
157.55.39.65 - - [05/Jun/2015:04:53:23 -0500] "GET /BLA/resoluciones/RESOLUCIONES%202008/5148.pdf HTTP/1.1" 200 5967225
207.46.13.98 - - [05/Jun/2015:04:53:32 -0500] "GET /BLA/resoluciones/RESOLUCIONES%202010/7387.pdf HTTP/1.1" 200 97301
180.76.15.14 - - [05/Jun/2015:04:53:32 -0500] "GET /BLA/resoluciones/AUTOS%202009/1288.pdf HTTP/1.1" 200 295794
207.46.13.98 - - [05/Jun/2015:04:53:32 -0500] "GET /BLA/resoluciones/AUTOS%202011/3042.pdf HTTP/1.1" 200 160627
157.55.39.65 - - [05/Jun/2015:04:53:43 -0500] "GET /bla/resoluciones/RESOLUCIONES%202011/0180.pdf HTTP/1.1" 200 471258
207.46.13.98 - - [05/Jun/2015:04:53:46 -0500] "GET /BLA/resoluciones/AUTOS%202007/2050.pdf HTTP/1.1" 200 230046
180.76.15.20 - - [05/Jun/2015:04:53:49 -0500] "GET /BLA/resoluciones/AUTOS%202009/2280.pdf HTTP/1.1" 200 121383
157.55.39.65 - - [05/Jun/2015:04:53:57 -0500] "GET /bla/resoluciones/RESOLUCIONES%202009/0549.pdf HTTP/1.1" 200 582268
157.55.39.65 - - [05/Jun/2015:04:53:58 -0500] "GET /bla/resoluciones/RESOLUCIONES%202011/1895.pdf HTTP/1.1" 200 481656
180.76.15.162 - - [05/Jun/2015:04:54:06 -0500] "GET /BLA/resoluciones/AUTOS%202009/2236.pdf HTTP/1.1" 200 124170
207.46.13.98 - - [05/Jun/2015:04:54:12 -0500] "GET /BLA/resoluciones/RESOLUCIONES%202011/0789.pdf HTTP/1.1" 200 788762
157.55.39.10 - - [05/Jun/2015:04:54:19 -0500] "GET /BLA/resoluciones/RESOLUCIONES%202009/1236.pdf HTTP/1.1" 200 668135
180.76.15.155 - - [05/Jun/2015:04:54:24 -0500] "GET /BLA/resoluciones/AUTOS%202009/3245.pdf HTTP/1.1" 200 193007
157.55.39.10 - - [05/Jun/2015:04:54:33 -0500] "GET /BLA/resoluciones/AUTOS%202010/1470.pdf HTTP/1.1" 200 271233
207.46.13.104 - - [05/Jun/2015:04:54:38 -0500] "GET /BLA/resoluciones/Resoluciones%202011/3787.pdf HTTP/1.1" 200 538737
190.25.70.26 - - [05/Jun/2015:04:54:39 -0500] "POST /forms/lservlet;jsessionid=ac16012b30d6596ab180ecfe474981dcdd9b6a216eb7.e3iSbxaKaheRe34MbhmNaxqNb41ynknvrkLOlQzNp65In0 HTTP/1.1" 200 2
180.76.15.138 - - [05/Jun/2015:04:54:41 -0500] "GET /BLA/resoluciones/AUTOS%202010/4587.pdf HTTP/1.1" 200 156965
157.55.39.65 - - [05/Jun/2015:04:54:43 -0500] "GET /BLA/resoluciones/AUTOS%202009/0246.pdf HTTP/1.1" 200 77890
207.46.13.98 - - [05/Jun/2015:04:54:48 -0500] "GET /bla/resoluciones/RESOLUCIONES%202011/0546.pdf HTTP/1.1" 200 73049
207.46.13.98 - - [05/Jun/2015:04:54:48 -0500] "GET /BLA/resoluciones/Autos%202008/0968.pdf HTTP/1.1" 200 86147
157.55.39.134 - - [05/Jun/2015:04:54:53 -0500] "GET /BLA/resoluciones/RESOLUCIONES%202010/0711.pdf HTTP/1.1" 200 103817
186.118.111.7 - - [05/Jun/2015:04:54:53 -0500] "GET /BLA/boletinlegal/js/jquery.scrollTo-min.js HTTP/1.1" 304 -
186.118.111.7 - - [05/Jun/2015:04:54:53 -0500] "GET /BLA/boletinlegal/js/jquery.scrollShow.js HTTP/1.1" 304 -
186.118.111.7 - - [05/Jun/2015:04:54:53 -0500] "GET /galeria/galeria/jquery.fancybox.js?v=2.1.5 HTTP/1.1" 304 -
186.118.111.7 - - [05/Jun/2015:04:54:53 -0500] "GET /galeria/galeria/jquery.fancybox.css?v=2.1.5 HTTP/1.1" 304 -
180.76.15.163 - - [05/Jun/2015:04:54:58 -0500] "GET /BLA/resoluciones/RESOLUCIONES%202008/0073.pdf HTTP/1.1" 200 418254
157.55.39.65 - - [05/Jun/2015:04:55:06 -0500] "GET /BLA/resoluciones/AUTOS%202011/5772.pdf HTTP/1.1" 200 224015
157.55.39.65 - - [05/Jun/2015:04:55:06 -0500] "GET /bla/resoluciones/resoluciones%202009/1818.pdf HTTP/1.1" 200 1383507
207.46.13.104 - - [05/Jun/2015:04:55:09 -0500] "GET /bla/resoluciones/RESOLUCIONES%202009/0450.pdf HTTP/1.1" 200 1201430
157.55.39.10 - - [05/Jun/2015:04:55:14 -0500] "GET /BLA/resoluciones/RESOLUCIONES%202009/0802.pdf HTTP/1.1" 200 226186
157.55.39.10 - - [05/Jun/2015:04:55:14 -0500] "GET /bla/resoluciones/RESOLUCIONES%202009/0895.pdf HTTP/1.1" 200 152503
180.76.15.16 - - [05/Jun/2015:04:55:15 -0500] "GET /BLA/resoluciones/AUTOS%202009/2857.pdf HTTP/1.1" 200 93641
157.55.39.10 - - [05/Jun/2015:04:55:16 -0500] "GET /BLA/resoluciones/AUTOS%202011/3788.pdf HTTP/1.1" 200 278301
157.55.39.10 - - [05/Jun/2015:04:55:16 -0500] "GET /BLA/resoluciones/Resoluciones%202011/0625.pdf HTTP/1.1" 200 69776
157.55.39.65 - - [05/Jun/2015:04:55:20 -0500] "GET /BLA/resoluciones/RESOLUCIONES%202010/1998.pdf HTTP/1.1" 200 337692
157.55.39.65 - - [05/Jun/2015:04:55:21 -0500] "GET /BLA/resoluciones/AUTOS%202009/3409.pdf HTTP/1.1" 200 100089
207.46.13.98 - - [05/Jun/2015:04:55:24 -0500] "GET /BLA/resoluciones/AUTOS%202009/2974.pdf HTTP/1.1" 200 106067
207.46.13.98 - - [05/Jun/2015:04:55:24 -0500] "GET /BLA/resoluciones/AUTOS%202007/2733.pdf HTTP/1.1" 200 236926
207.46.13.98 - - [05/Jun/2015:04:55:24 -0500] "GET /bla/resoluciones/resoluciones%202009/2447.pdf HTTP/1.1" 200 441320
207.46.13.98 - - [05/Jun/2015:04:55:26 -0500] "GET /BLA/resoluciones/RESOLUCIONES%202011/3222.pdf HTTP/1.1" 200 79593
213.191.167.59 - - [05/Jun/2015:04:55:27 -0500] "GET /galeria/galeria/jquery.fancybox.css?v=2.1.5 HTTP/1.1" 200 4895
213.191.167.59 - - [05/Jun/2015:04:55:27 -0500] "GET /galeria/carrusel/Carrusel/jquery.thumbnailScroller.css HTTP/1.1" 200 2066
213.191.167.59 - - [05/Jun/2015:04:55:27 -0500] "GET /BLA/boletinlegal/js/jquery.scrollTo-min.js HTTP/1.1" 200 1150
213.191.167.59 - - [05/Jun/2015:04:55:27 -0500] "GET /BLA/boletinlegal/js/jquery.scrollShow.js HTTP/1.1" 200 4586
213.191.167.59 - - [05/Jun/2015:04:55:27 -0500] "GET /galeria/carrusel/Carrusel/jquery-ui-1.8.13.custom.min.js HTTP/1.1" 200 10800
213.191.167.59 - - [05/Jun/2015:04:55:27 -0500] "GET /galeria/galeria/jquery.fancybox.js?v=2.1.5 HTTP/1.1" 200 48706
213.191.167.59 - - [05/Jun/2015:04:55:27 -0500] "GET /galeria/carrusel/Carrusel/jquery.thumbnailScroller.js HTTP/1.1" 200 8157
157.55.39.65 - - [05/Jun/2015:04:55:29 -0500] "GET /BLA/resoluciones/RESOLUCIONES%202010/6072.pdf HTTP/1.1" 200 562340
213.191.167.59 - - [05/Jun/2015:04:55:30 -0500] "GET /galeria/nivo-slider/demo/demo.html HTTP/1.1" 200 5219
213.191.167.59 - - [05/Jun/2015:04:55:33 -0500] "GET /galeria/nivo-slider/themes/orman/orman.css HTTP/1.1" 200 2152
213.191.167.59 - - [05/Jun/2015:04:55:33 -0500] "GET /galeria/nivo-slider/nivo-slider.css HTTP/1.1" 200 1507
213.191.167.59 - - [05/Jun/2015:04:55:33 -0500] "GET /galeria/nivo-slider/demo/style.css HTTP/1.1" 200 2222
213.191.167.59 - - [05/Jun/2015:04:55:33 -0500] "GET /galeria/nivo-slider/themes/default/default.css HTTP/1.1" 200 1569
213.191.167.59 - - [05/Jun/2015:04:55:33 -0500] "GET /galeria/nivo-slider/demo/images/Semana-Ambiental.jpg HTTP/1.1" 200 62910
213.191.167.59 - - [05/Jun/2015:04:55:33 -0500] "GET /galeria/nivo-slider/themes/pascal/pascal.css HTTP/1.1" 200 2258
213.191.167.59 - - [05/Jun/2015:04:55:33 -0500] "GET /galeria/nivo-slider/demo/scripts/jquery-1.7.1.min.js HTTP/1.1" 200 93868
213.191.167.59 - - [05/Jun/2015:04:55:33 -0500] "GET /galeria/nivo-slider/jquery.nivo.slider.pack.js HTTP/1.1" 200 11561
213.191.167.59 - - [05/Jun/2015:04:55:33 -0500] "GET /galeria/nivo-slider/demo/images/medio-ambiente.jpg HTTP/1.1" 200 105259
213.191.167.59 - - [05/Jun/2015:04:55:33 -0500] "GET /galeria/nivo-slider/demo/images/Comparendo-ambiental-Banner.jpg HTTP/1.1" 200 83731
213.191.167.59 - - [05/Jun/2015:04:55:33 -0500] "GET /galeria/nivo-slider/demo/images/4Simple_Slider.png HTTP/1.1" 200 11722
180.76.15.5 - - [05/Jun/2015:04:55:33 -0500] "GET /BLA/resoluciones/RESOLUCIONES%202011/0692.pdf HTTP/1.1" 200 89571
