207.46.13.98 - - [05/Jun/2015:03:40:29 -0500] "GET /BLA/resoluciones/RESOLUCIONES%202008/5024.pdf HTTP/1.1" 200 233601
180.76.15.32 - - [05/Jun/2015:03:40:29 -0500] "GET /BLA/resoluciones/AUTOS%202009/1366.pdf HTTP/1.1" 200 116621
157.55.39.10 - - [05/Jun/2015:03:40:33 -0500] "GET /BLA/resoluciones/RESOLUCIONES%202009/2072.pdf HTTP/1.1" 200 550139
157.55.39.10 - - [05/Jun/2015:03:40:34 -0500] "GET /BLA/resoluciones/RESOLUCIONES%202010/6229.pdf HTTP/1.1" 200 802945
207.46.13.98 - - [05/Jun/2015:03:40:38 -0500] "GET /BLA/resoluciones/Autos%202008/0415.pdf HTTP/1.1" 200 310740
207.46.13.98 - - [05/Jun/2015:03:40:38 -0500] "GET /BLA/resoluciones/RESOLUCIONES%202008/4485.pdf HTTP/1.1" 200 454364
207.46.13.104 - - [05/Jun/2015:03:40:43 -0500] "GET /BLA/resoluciones/RESOLUCIONES%202008/4223.pdf HTTP/1.1" 200 343032
157.55.39.65 - - [05/Jun/2015:03:40:48 -0500] "GET /BLA/resoluciones/AUTOS%202009/0656.pdf HTTP/1.1" 200 102082
157.55.39.65 - - [05/Jun/2015:03:40:49 -0500] "GET /BLA/resoluciones/AUTOS%202011/4908.pdf HTTP/1.1" 200 240559
157.55.39.134 - - [05/Jun/2015:03:40:53 -0500] "GET /BLA/resoluciones/AUTOS%202011/4102.pdf HTTP/1.1" 200 314219
157.55.39.134 - - [05/Jun/2015:03:40:54 -0500] "GET /BLA/resoluciones/AUTOS%202011/5870.pdf HTTP/1.1" 200 506930
157.55.39.134 - - [05/Jun/2015:03:40:55 -0500] "GET /BLA/resoluciones/AUTOS%202011/7772.pdf HTTP/1.1" 200 244254
157.55.39.134 - - [05/Jun/2015:03:40:55 -0500] "GET /BLA/resoluciones/RESOLUCIONES%202010/0099.pdf HTTP/1.1" 200 502741
207.46.13.98 - - [05/Jun/2015:03:40:58 -0500] "GET /BLA/resoluciones/Autos%202008/1622.pdf HTTP/1.1" 200 81002
207.46.13.104 - - [05/Jun/2015:03:41:16 -0500] "GET /BLA/resoluciones/RESOLUCIONES%202010/7034.pdf HTTP/1.1" 200 1311550
157.55.39.65 - - [05/Jun/2015:03:41:35 -0500] "GET /bla/resoluciones/resoluciones%202009/0866.pdf HTTP/1.1" 200 388556
74.86.158.107 - - [05/Jun/2015:03:41:42 -0500] "HEAD / HTTP/1.1" 200 -
157.55.39.65 - - [05/Jun/2015:03:41:45 -0500] "GET /bla/resoluciones/RESOLUCIONES%202011/5794.pdf HTTP/1.1" 200 495227
66.249.67.177 - - [05/Jun/2015:03:41:46 -0500] "GET /galeria/nivo-slider/demo/images/Rio20Bogota.jpg HTTP/1.1" 200 281500
207.46.13.98 - - [05/Jun/2015:03:41:49 -0500] "GET /BLA/resoluciones/Resoluciones%202011/3481.pdf HTTP/1.1" 200 544034
207.46.13.98 - - [05/Jun/2015:03:41:50 -0500] "GET /BLA/resoluciones/RESOLUCIONES%202014/1601.pdf HTTP/1.1" 200 1638060
207.46.13.98 - - [05/Jun/2015:03:41:51 -0500] "GET /BLA/resoluciones/RESOLUCIONES%202009/0569.pdf HTTP/1.1" 200 303812
207.46.13.98 - - [05/Jun/2015:03:41:51 -0500] "GET /bla/resoluciones/RESOLUCIONES%202011/1376.pdf HTTP/1.1" 200 64663
207.46.13.98 - - [05/Jun/2015:03:41:52 -0500] "GET /BLA/resoluciones/RESOLUCIONES%202011/3607.pdf HTTP/1.1" 200 343671
157.55.39.134 - - [05/Jun/2015:03:42:03 -0500] "GET /galeria/nivo-slider/demo/demo.html HTTP/1.1" 200 5219
180.76.15.20 - - [05/Jun/2015:03:42:07 -0500] "GET /BLA/resoluciones/AUTOS%202009/0736.pdf HTTP/1.1" 200 1058035
207.46.13.104 - - [05/Jun/2015:03:42:08 -0500] "GET /BLA/resoluciones/AUTOS%202009/1054.pdf HTTP/1.1" 200 173187
207.46.13.104 - - [05/Jun/2015:03:42:08 -0500] "GET /bla/resoluciones/RESOLUCIONES%202011/1127.pdf HTTP/1.1" 200 299473
207.46.13.104 - - [05/Jun/2015:03:42:09 -0500] "GET /BLA/resoluciones/RESOLUCIONES%202010/2089.pdf HTTP/1.1" 200 198337
207.46.13.104 - - [05/Jun/2015:03:42:09 -0500] "GET /bla/resoluciones/RESOLUCIONES%202011/0204.pdf HTTP/1.1" 200 291045
207.46.13.98 - - [05/Jun/2015:03:42:18 -0500] "GET /bla/resoluciones/RESOLUCIONES%202009/2094.pdf HTTP/1.1" 200 862927
180.76.15.12 - - [05/Jun/2015:03:42:24 -0500] "GET /BLA/resoluciones/AUTOS%202009/1213.pdf HTTP/1.1" 200 123326
157.55.39.65 - - [05/Jun/2015:03:42:25 -0500] "GET /BLA/resoluciones/AUTOS%202011/5945.pdf HTTP/1.1" 200 131360
190.25.70.26 - - [05/Jun/2015:03:42:25 -0500] "GET /forms/frmservlet?config=sia HTTP/1.1" 200 4028
207.46.13.104 - - [05/Jun/2015:03:42:29 -0500] "GET /BLA/resoluciones/RESOLUCIONES%202011/1432.pdf HTTP/1.1" 200 66055
157.55.39.65 - - [05/Jun/2015:03:42:34 -0500] "GET /BLA/resoluciones/Resoluciones%202011/1374.pdf HTTP/1.1" 200 68425
190.25.70.26 - - [05/Jun/2015:03:42:35 -0500] "GET /forms/java/frmall_jinit.jar HTTP/1.1" 304 -
190.25.70.26 - - [05/Jun/2015:03:42:35 -0500] "GET /forms/java/icons.jar HTTP/1.1" 304 -
190.25.70.26 - - [05/Jun/2015:03:42:35 -0500] "GET /forms/java/java/awt/KeyboardFocusManager.class HTTP/1.1" 404 352
190.25.70.26 - - [05/Jun/2015:03:42:36 -0500] "GET /forms/java/java/awt/KeyboardFocusManager.class HTTP/1.1" 404 352
190.25.70.26 - - [05/Jun/2015:03:42:36 -0500] "GET /forms/java/java/awt/event/MouseWheelListener.class HTTP/1.1" 404 356
190.25.70.26 - - [05/Jun/2015:03:42:36 -0500] "GET /forms/java/java/awt/event/MouseWheelListener.class HTTP/1.1" 404 356
190.25.70.26 - - [05/Jun/2015:03:42:37 -0500] "GET /forms/java/oracle/forms/registry/Registry.dat HTTP/1.1" 200 4213
190.25.70.26 - - [05/Jun/2015:03:42:37 -0500] "GET /forms/java/oracle/forms/registry/default.dat HTTP/1.1" 404 350
190.25.70.26 - - [05/Jun/2015:03:42:37 -0500] "GET /forms/frmservlet?config=sia&acceptLanguage=es-CO&ifcmd=startsession HTTP/1.1" 200 118
190.25.70.26 - - [05/Jun/2015:03:42:37 -0500] "GET /forms/lservlet;jsessionid=ac16012b30d6596ab180ecfe474981dcdd9b6a216eb7.e3iSbxaKaheRe34MbhmNaxqNb41ynknvrkLOlQzNp65In0?ifcmd=getinfo&ifhost=VIOLETTA&ifip=192.168.0.5 HTTP/1.1" 200 8
190.25.70.26 - - [05/Jun/2015:03:42:37 -0500] "POST /forms/lservlet;jsessionid=ac16012b30d6596ab180ecfe474981dcdd9b6a216eb7.e3iSbxaKaheRe34MbhmNaxqNb41ynknvrkLOlQzNp65In0 HTTP/1.1" 200 8
190.25.70.26 - - [05/Jun/2015:03:42:38 -0500] "GET /forms/java/oracle/forms/engine/RunformBundle_es_CO.class HTTP/1.1" 404 362
190.25.70.26 - - [05/Jun/2015:03:42:38 -0500] "GET /forms/java/oracle/forms/engine/RunformBundle_es_CO.class HTTP/1.1" 404 362
190.25.70.26 - - [05/Jun/2015:03:42:38 -0500] "GET /forms/java/oracle/forms/engine/RunformBundle_es_CO.properties HTTP/1.1" 404 367
190.25.70.26 - - [05/Jun/2015:03:42:38 -0500] "POST /forms/lservlet;jsessionid=ac16012b30d6596ab180ecfe474981dcdd9b6a216eb7.e3iSbxaKaheRe34MbhmNaxqNb41ynknvrkLOlQzNp65In0 HTTP/1.1" 200 64000
190.25.70.26 - - [05/Jun/2015:03:42:39 -0500] "POST /forms/lservlet;jsessionid=ac16012b30d6596ab180ecfe474981dcdd9b6a216eb7.e3iSbxaKaheRe34MbhmNaxqNb41ynknvrkLOlQzNp65In0 HTTP/1.1" 200 64000
190.25.70.26 - - [05/Jun/2015:03:42:39 -0500] "POST /forms/lservlet;jsessionid=ac16012b30d6596ab180ecfe474981dcdd9b6a216eb7.e3iSbxaKaheRe34MbhmNaxqNb41ynknvrkLOlQzNp65In0 HTTP/1.1" 200 63623
207.46.13.104 - - [05/Jun/2015:03:42:39 -0500] "GET /BLA/resoluciones/RESOLUCIONES%202008/4764.pdf HTTP/1.1" 200 528914
190.25.70.26 - - [05/Jun/2015:03:42:41 -0500] "HEAD /imagenes/dama_logo.gif HTTP/1.1" 200 -
207.46.13.104 - - [05/Jun/2015:03:42:41 -0500] "GET /BLA/resoluciones/RESOLUCIONES%202009/9011.pdf HTTP/1.1" 200 310033
190.25.70.26 - - [05/Jun/2015:03:42:41 -0500] "GET /imagenes/dama_logo.gif HTTP/1.1" 200 21482
207.46.13.104 - - [05/Jun/2015:03:42:41 -0500] "GET /BLA/resoluciones/Autos%202008/0827.pdf HTTP/1.1" 200 142313
190.25.70.26 - - [05/Jun/2015:03:42:41 -0500] "POST /forms/lservlet;jsessionid=ac16012b30d6596ab180ecfe474981dcdd9b6a216eb7.e3iSbxaKaheRe34MbhmNaxqNb41ynknvrkLOlQzNp65In0 HTTP/1.1" 200 2
190.25.70.26 - - [05/Jun/2015:03:42:41 -0500] "POST /forms/lservlet;jsessionid=ac16012b30d6596ab180ecfe474981dcdd9b6a216eb7.e3iSbxaKaheRe34MbhmNaxqNb41ynknvrkLOlQzNp65In0 HTTP/1.1" 200 2
180.76.15.157 - - [05/Jun/2015:03:42:42 -0500] "GET /BLA/resoluciones/RESOLUCIONES%202008/0958.pdf HTTP/1.1" 200 197708
207.46.13.104 - - [05/Jun/2015:03:42:42 -0500] "GET /BLA/resoluciones/Resoluciones%202011/6232.pdf HTTP/1.1" 200 1242364
207.46.13.98 - - [05/Jun/2015:03:42:44 -0500] "GET /BLA/resoluciones/RESOLUCIONES%202009/9701.pdf HTTP/1.1" 200 335242
66.249.67.133 - - [05/Jun/2015:03:42:47 -0500] "GET /BLA/resoluciones/RESOLUCIONES%202010/4009.pdf HTTP/1.1" 304 -
157.55.39.11 - - [05/Jun/2015:03:42:49 -0500] "GET /BLA/resoluciones/RESOLUCIONES%202011/3971.pdf HTTP/1.1" 200 786028
157.55.39.134 - - [05/Jun/2015:03:42:50 -0500] "GET /BLA/resoluciones/RESOLUCIONES%202010/1610.pdf HTTP/1.1" 200 936560
157.55.39.134 - - [05/Jun/2015:03:42:50 -0500] "GET /BLA/resoluciones/AUTOS%202010/0608.pdf HTTP/1.1" 200 157522
157.55.39.65 - - [05/Jun/2015:03:43:00 -0500] "GET /BLA/resoluciones/AUTOS%202011/1922.pdf HTTP/1.1" 200 156255
207.46.13.98 - - [05/Jun/2015:03:43:05 -0500] "GET /BLA/resoluciones/RESOLUCIONES%202010/5841.pdf HTTP/1.1" 200 906390
157.55.39.10 - - [05/Jun/2015:03:43:16 -0500] "GET /BLA/resoluciones/AUTOS%202011/4740.pdf HTTP/1.1" 200 238193
180.76.15.5 - - [05/Jun/2015:03:43:16 -0500] "GET /BLA/resoluciones/AUTOS%202009/3408.pdf HTTP/1.1" 200 97104
157.55.39.65 - - [05/Jun/2015:03:43:20 -0500] "GET /bla/resoluciones/resoluciones%202009/3669.pdf HTTP/1.1" 200 80419
180.76.15.161 - - [05/Jun/2015:03:43:33 -0500] "GET /BLA/resoluciones/AUTOS%202009/3443.pdf HTTP/1.1" 200 98412
207.46.13.98 - - [05/Jun/2015:03:43:35 -0500] "GET /bla/resoluciones/resoluciones%202009/1366.pdf HTTP/1.1" 200 509408
207.46.13.98 - - [05/Jun/2015:03:43:36 -0500] "GET /BLA/resoluciones/AUTOS%202007/1158.pdf HTTP/1.1" 200 41678
207.46.13.98 - - [05/Jun/2015:03:43:38 -0500] "GET /BLA/resoluciones/RESOLUCIONES%202011/3805.pdf HTTP/1.1" 200 637900
207.46.13.98 - - [05/Jun/2015:03:43:39 -0500] "GET /bla/resoluciones/resoluciones%202009/3740.pdf HTTP/1.1" 200 244063
157.55.39.65 - - [05/Jun/2015:03:43:39 -0500] "GET /BLA/resoluciones/Resoluciones%202011/2793.pdf HTTP/1.1" 200 403003
207.46.13.104 - - [05/Jun/2015:03:43:48 -0500] "GET /bla/resoluciones/RESOLUCIONES%202011/1211.pdf HTTP/1.1" 200 428962
207.46.13.104 - - [05/Jun/2015:03:43:48 -0500] "GET /BLA/resoluciones/AUTOS%202007/2131.pdf HTTP/1.1" 200 84752
207.46.13.104 - - [05/Jun/2015:03:43:49 -0500] "GET /bla/resoluciones/RESOLUCIONES%202011/2592.pdf HTTP/1.1" 200 610758
207.46.13.104 - - [05/Jun/2015:03:43:50 -0500] "GET /BLA/resoluciones/RESOLUCIONES%202008/1620.pdf HTTP/1.1" 200 246100
190.25.70.26 - - [05/Jun/2015:03:43:51 -0500] "POST /forms/lservlet;jsessionid=ac16012b30d6596ab180ecfe474981dcdd9b6a216eb7.e3iSbxaKaheRe34MbhmNaxqNb41ynknvrkLOlQzNp65In0 HTTP/1.1" 200 7997
65.55.210.142 - - [05/Jun/2015:03:43:52 -0500] "GET /galeria/nivo-slider/demo/demo.html HTTP/1.1" 200 5219
190.25.70.26 - - [05/Jun/2015:03:43:52 -0500] "POST /forms/lservlet;jsessionid=ac16012b30d6596ab180ecfe474981dcdd9b6a216eb7.e3iSbxaKaheRe34MbhmNaxqNb41ynknvrkLOlQzNp65In0 HTTP/1.1" 200 64
190.25.70.26 - - [05/Jun/2015:03:43:52 -0500] "POST /forms/lservlet;jsessionid=ac16012b30d6596ab180ecfe474981dcdd9b6a216eb7.e3iSbxaKaheRe34MbhmNaxqNb41ynknvrkLOlQzNp65In0 HTTP/1.1" 200 2
190.25.70.26 - - [05/Jun/2015:03:43:52 -0500] "POST /forms/lservlet;jsessionid=ac16012b30d6596ab180ecfe474981dcdd9b6a216eb7.e3iSbxaKaheRe34MbhmNaxqNb41ynknvrkLOlQzNp65In0 HTTP/1.1" 200 2
190.25.70.26 - - [05/Jun/2015:03:43:52 -0500] "POST /forms/lservlet;jsessionid=ac16012b30d6596ab180ecfe474981dcdd9b6a216eb7.e3iSbxaKaheRe34MbhmNaxqNb41ynknvrkLOlQzNp65In0 HTTP/1.1" 200 2
65.55.210.142 - - [05/Jun/2015:03:43:52 -0500] "GET /galeria/nivo-slider/themes/default/default.css HTTP/1.1" 200 1569
65.55.210.142 - - [05/Jun/2015:03:43:53 -0500] "GET /galeria/nivo-slider/themes/pascal/pascal.css HTTP/1.1" 200 2258
65.55.210.142 - - [05/Jun/2015:03:43:53 -0500] "GET /galeria/nivo-slider/themes/orman/orman.css HTTP/1.1" 200 2152
65.55.210.142 - - [05/Jun/2015:03:43:53 -0500] "GET /galeria/nivo-slider/nivo-slider.css HTTP/1.1" 200 1507
65.55.210.142 - - [05/Jun/2015:03:43:53 -0500] "GET /galeria/nivo-slider/demo/scripts/jquery-1.7.1.min.js HTTP/1.1" 200 93868
65.55.210.142 - - [05/Jun/2015:03:43:53 -0500] "GET /galeria/nivo-slider/demo/style.css HTTP/1.1" 200 2222
157.55.39.65 - - [05/Jun/2015:03:43:54 -0500] "GET /BLA/resoluciones/RESOLUCIONES%202008/0868.pdf HTTP/1.1" 200 19194
65.55.210.142 - - [05/Jun/2015:03:43:54 -0500] "GET /galeria/nivo-slider/jquery.nivo.slider.pack.js HTTP/1.1" 200 11561
157.55.39.65 - - [05/Jun/2015:03:43:56 -0500] "GET /BLA/resoluciones/RESOLUCIONES%202008/1250.pdf HTTP/1.1" 200 386024
190.25.70.26 - - [05/Jun/2015:03:43:56 -0500] "POST /forms/lservlet;jsessionid=ac16012b30d6596ab180ecfe474981dcdd9b6a216eb7.e3iSbxaKaheRe34MbhmNaxqNb41ynknvrkLOlQzNp65In0 HTTP/1.1" 200 34711
190.25.70.26 - - [05/Jun/2015:03:43:57 -0500] "GET /imagenes/listval.gif HTTP/1.1" 200 905
190.25.70.26 - - [05/Jun/2015:03:43:57 -0500] "GET /imagenes/tree1.gif HTTP/1.1" 200 1161
190.25.70.26 - - [05/Jun/2015:03:43:57 -0500] "GET /imagenes/listval.gif HTTP/1.1" 200 905
190.25.70.26 - - [05/Jun/2015:03:43:58 -0500] "GET /imagenes/CAMERA3.gif HTTP/1.1" 200 4150
190.25.70.26 - - [05/Jun/2015:03:43:58 -0500] "GET /imagenes/SLIDE1.gif HTTP/1.1" 200 1111
190.25.70.26 - - [05/Jun/2015:03:43:58 -0500] "GET /imagenes/flexcomb.gif HTTP/1.1" 200 1169
190.25.70.26 - - [05/Jun/2015:03:43:58 -0500] "GET /imagenes/GO.gif HTTP/1.1" 200 904
190.25.70.26 - - [05/Jun/2015:03:43:58 -0500] "GET /imagenes/HRTOOLS.gif HTTP/1.1" 200 2238
190.25.70.26 - - [05/Jun/2015:03:43:58 -0500] "GET /imagenes/rt_rec1.gif HTTP/1.1" 200 867
190.25.70.26 - - [05/Jun/2015:03:43:58 -0500] "GET /imagenes/apply.gif HTTP/1.1" 200 903
190.25.70.26 - - [05/Jun/2015:03:43:58 -0500] "GET /imagenes/exit.gif HTTP/1.1" 200 916
190.25.70.26 - - [05/Jun/2015:03:43:58 -0500] "GET /imagenes/LISTVAL.gif HTTP/1.1" 200 905
190.25.70.26 - - [05/Jun/2015:03:43:58 -0500] "GET /imagenes/edit.gif HTTP/1.1" 200 919
190.25.70.26 - - [05/Jun/2015:03:43:58 -0500] "GET /imagenes/rt_rec4.gif HTTP/1.1" 200 865
190.25.70.26 - - [05/Jun/2015:03:43:58 -0500] "GET /imagenes/rt_rec3.gif HTTP/1.1" 200 844
190.25.70.26 - - [05/Jun/2015:03:43:58 -0500] "GET /imagenes/rt_rec2.gif HTTP/1.1" 200 847
190.25.70.26 - - [05/Jun/2015:03:43:58 -0500] "GET /imagenes/rt_rdel.gif HTTP/1.1" 200 899
190.25.70.26 - - [05/Jun/2015:03:43:58 -0500] "GET /imagenes/rt_radd.gif HTTP/1.1" 200 907
190.25.70.26 - - [05/Jun/2015:03:43:58 -0500] "GET /imagenes/rt_quer3.gif HTTP/1.1" 200 939
190.25.70.26 - - [05/Jun/2015:03:43:58 -0500] "GET /imagenes/rt_quer2.gif HTTP/1.1" 200 936
190.25.70.26 - - [05/Jun/2015:03:43:58 -0500] "GET /imagenes/rt_quer1.gif HTTP/1.1" 200 930
190.25.70.26 - - [05/Jun/2015:03:43:58 -0500] "GET /imagenes/rt_save.gif HTTP/1.1" 200 903
190.25.70.26 - - [05/Jun/2015:03:43:58 -0500] "GET /imagenes/rt_pset.gif HTTP/1.1" 200 914
190.25.70.26 - - [05/Jun/2015:03:43:58 -0500] "GET /imagenes/QUEJA.gif HTTP/1.1" 200 1091
190.25.70.26 - - [05/Jun/2015:03:43:58 -0500] "GET /imagenes/ARBOL.gif HTTP/1.1" 200 1026
190.25.70.26 - - [05/Jun/2015:03:43:58 -0500] "GET /imagenes/Clipboard.gif HTTP/1.1" 200 1466
190.25.70.26 - - [05/Jun/2015:03:43:58 -0500] "GET /imagenes/DINERO.gif HTTP/1.1" 200 1766
190.25.70.26 - - [05/Jun/2015:03:43:58 -0500] "GET /imagenes/URGENTE.gif HTTP/1.1" 200 964
190.25.70.26 - - [05/Jun/2015:03:43:58 -0500] "GET /imagenes/TREE4.gif HTTP/1.1" 200 4150
190.25.70.26 - - [05/Jun/2015:03:43:58 -0500] "POST /forms/lservlet;jsessionid=ac16012b30d6596ab180ecfe474981dcdd9b6a216eb7.e3iSbxaKaheRe34MbhmNaxqNb41ynknvrkLOlQzNp65In0 HTTP/1.1" 200 7
190.25.70.26 - - [05/Jun/2015:03:43:59 -0500] "POST /forms/lservlet;jsessionid=ac16012b30d6596ab180ecfe474981dcdd9b6a216eb7.e3iSbxaKaheRe34MbhmNaxqNb41ynknvrkLOlQzNp65In0 HTTP/1.1" 200 34
190.25.70.26 - - [05/Jun/2015:03:43:59 -0500] "POST /forms/lservlet;jsessionid=ac16012b30d6596ab180ecfe474981dcdd9b6a216eb7.e3iSbxaKaheRe34MbhmNaxqNb41ynknvrkLOlQzNp65In0 HTTP/1.1" 200 2
190.25.70.26 - - [05/Jun/2015:03:44:00 -0500] "POST /forms/lservlet;jsessionid=ac16012b30d6596ab180ecfe474981dcdd9b6a216eb7.e3iSbxaKaheRe34MbhmNaxqNb41ynknvrkLOlQzNp65In0 HTTP/1.1" 200 2
190.25.70.26 - - [05/Jun/2015:03:44:00 -0500] "POST /forms/lservlet;jsessionid=ac16012b30d6596ab180ecfe474981dcdd9b6a216eb7.e3iSbxaKaheRe34MbhmNaxqNb41ynknvrkLOlQzNp65In0 HTTP/1.1" 200 699
190.25.70.26 - - [05/Jun/2015:03:44:00 -0500] "GET /imagenes/Srch_frw.gif HTTP/1.1" 200 925
190.25.70.26 - - [05/Jun/2015:03:44:00 -0500] "POST /forms/lservlet;jsessionid=ac16012b30d6596ab180ecfe474981dcdd9b6a216eb7.e3iSbxaKaheRe34MbhmNaxqNb41ynknvrkLOlQzNp65In0 HTTP/1.1" 200 10
207.46.13.104 - - [05/Jun/2015:03:44:06 -0500] "GET /bla/resoluciones/resoluciones%202009/0734.pdf HTTP/1.1" 200 14990
207.46.13.104 - - [05/Jun/2015:03:44:07 -0500] "GET /BLA/resoluciones/RESOLUCIONES%202010/1683.pdf HTTP/1.1" 200 443735
207.46.13.104 - - [05/Jun/2015:03:44:07 -0500] "GET /bla/resoluciones/resoluciones%202009/1783.pdf HTTP/1.1" 200 512515
207.46.13.104 - - [05/Jun/2015:03:44:08 -0500] "GET /BLA/resoluciones/RESOLUCIONES%202014/3531.pdf HTTP/1.1" 200 403423
190.25.70.26 - - [05/Jun/2015:03:44:10 -0500] "POST /forms/lservlet;jsessionid=ac16012b30d6596ab180ecfe474981dcdd9b6a216eb7.e3iSbxaKaheRe34MbhmNaxqNb41ynknvrkLOlQzNp65In0 HTTP/1.1" 200 64
190.25.70.26 - - [05/Jun/2015:03:44:11 -0500] "POST /forms/lservlet;jsessionid=ac16012b30d6596ab180ecfe474981dcdd9b6a216eb7.e3iSbxaKaheRe34MbhmNaxqNb41ynknvrkLOlQzNp65In0 HTTP/1.1" 200 2
190.25.70.26 - - [05/Jun/2015:03:44:12 -0500] "POST /forms/lservlet;jsessionid=ac16012b30d6596ab180ecfe474981dcdd9b6a216eb7.e3iSbxaKaheRe34MbhmNaxqNb41ynknvrkLOlQzNp65In0 HTTP/1.1" 200 593
190.25.70.26 - - [05/Jun/2015:03:44:12 -0500] "POST /forms/lservlet;jsessionid=ac16012b30d6596ab180ecfe474981dcdd9b6a216eb7.e3iSbxaKaheRe34MbhmNaxqNb41ynknvrkLOlQzNp65In0 HTTP/1.1" 200 11
190.25.70.26 - - [05/Jun/2015:03:44:15 -0500] "POST /forms/lservlet;jsessionid=ac16012b30d6596ab180ecfe474981dcdd9b6a216eb7.e3iSbxaKaheRe34MbhmNaxqNb41ynknvrkLOlQzNp65In0 HTTP/1.1" 200 32
190.25.70.26 - - [05/Jun/2015:03:44:15 -0500] "POST /forms/lservlet;jsessionid=ac16012b30d6596ab180ecfe474981dcdd9b6a216eb7.e3iSbxaKaheRe34MbhmNaxqNb41ynknvrkLOlQzNp65In0 HTTP/1.1" 200 487
190.25.70.26 - - [05/Jun/2015:03:44:15 -0500] "POST /forms/lservlet;jsessionid=ac16012b30d6596ab180ecfe474981dcdd9b6a216eb7.e3iSbxaKaheRe34MbhmNaxqNb41ynknvrkLOlQzNp65In0 HTTP/1.1" 200 11
190.25.70.26 - - [05/Jun/2015:03:44:23 -0500] "POST /forms/lservlet;jsessionid=ac16012b30d6596ab180ecfe474981dcdd9b6a216eb7.e3iSbxaKaheRe34MbhmNaxqNb41ynknvrkLOlQzNp65In0 HTTP/1.1" 200 64
190.25.70.26 - - [05/Jun/2015:03:44:24 -0500] "POST /forms/lservlet;jsessionid=ac16012b30d6596ab180ecfe474981dcdd9b6a216eb7.e3iSbxaKaheRe34MbhmNaxqNb41ynknvrkLOlQzNp65In0 HTTP/1.1" 200 2
180.76.15.142 - - [05/Jun/2015:03:44:24 -0500] "GET /BLA/resoluciones/AUTOS%202009/0880.pdf HTTP/1.1" 200 65072
190.25.70.26 - - [05/Jun/2015:03:44:24 -0500] "POST /forms/lservlet;jsessionid=ac16012b30d6596ab180ecfe474981dcdd9b6a216eb7.e3iSbxaKaheRe34MbhmNaxqNb41ynknvrkLOlQzNp65In0 HTTP/1.1" 200 14
190.25.70.26 - - [05/Jun/2015:03:44:25 -0500] "POST /forms/lservlet;jsessionid=ac16012b30d6596ab180ecfe474981dcdd9b6a216eb7.e3iSbxaKaheRe34MbhmNaxqNb41ynknvrkLOlQzNp65In0 HTTP/1.1" 200 14
190.25.70.26 - - [05/Jun/2015:03:44:27 -0500] "POST /forms/lservlet;jsessionid=ac16012b30d6596ab180ecfe474981dcdd9b6a216eb7.e3iSbxaKaheRe34MbhmNaxqNb41ynknvrkLOlQzNp65In0 HTTP/1.1" 200 4042
190.25.70.26 - - [05/Jun/2015:03:44:27 -0500] "POST /forms/lservlet;jsessionid=ac16012b30d6596ab180ecfe474981dcdd9b6a216eb7.e3iSbxaKaheRe34MbhmNaxqNb41ynknvrkLOlQzNp65In0 HTTP/1.1" 200 10
157.55.39.65 - - [05/Jun/2015:03:44:37 -0500] "GET /BLA/resoluciones/Autos%202008/1176.pdf HTTP/1.1" 200 85599
190.25.70.26 - - [05/Jun/2015:03:44:38 -0500] "POST /forms/lservlet;jsessionid=ac16012b30d6596ab180ecfe474981dcdd9b6a216eb7.e3iSbxaKaheRe34MbhmNaxqNb41ynknvrkLOlQzNp65In0 HTTP/1.1" 200 2
180.76.15.150 - - [05/Jun/2015:03:44:41 -0500] "GET /BLA/resoluciones/AUTOS%202009/2001.pdf HTTP/1.1" 200 103831
207.46.13.104 - - [05/Jun/2015:03:44:43 -0500] "GET /BLA/resoluciones/AUTOS%202007/2740.pdf HTTP/1.1" 200 68773
157.55.39.134 - - [05/Jun/2015:03:44:47 -0500] "GET /bla/resoluciones/resoluciones%202009/2307.pdf HTTP/1.1" 200 658503
157.55.39.134 - - [05/Jun/2015:03:44:50 -0500] "GET /BLA/resoluciones/AUTOS%202009/2251.pdf HTTP/1.1" 200 122086
207.46.13.98 - - [05/Jun/2015:03:44:55 -0500] "GET /BLA/boletinlegal/Circulares/2013/Circular%20No.%207%20del%201%20de%20Agosto%20de%202013.pdf HTTP/1.1" 200 340934
180.76.15.10 - - [05/Jun/2015:03:44:59 -0500] "GET /BLA/resoluciones/AUTOS%202009/0551.pdf HTTP/1.1" 200 127250
24.228.164.47 - - [05/Jun/2015:03:44:59 -0500] "GET /webdav/x32.php?host=73.21.12.251&time=60&port=80 HTTP/1.1" 404 1018
207.46.13.104 - - [05/Jun/2015:03:45:02 -0500] "GET /BLA/resoluciones/AUTOS%202010/6231.pdf HTTP/1.1" 200 1970407
157.55.39.65 - - [05/Jun/2015:03:45:07 -0500] "GET /BLA/resoluciones/Autos%202008/2418.pdf HTTP/1.1" 200 97302
157.55.39.10 - - [05/Jun/2015:03:45:13 -0500] "GET /BLA/resoluciones/RESOLUCIONES%202010/6987.pdf HTTP/1.1" 200 283250
157.55.39.10 - - [05/Jun/2015:03:45:13 -0500] "GET /BLA/resoluciones/Resoluciones%202011/2040.pdf HTTP/1.1" 200 775214
180.76.15.16 - - [05/Jun/2015:03:45:16 -0500] "GET /BLA/resoluciones/AUTOS%202013/0135.pdf HTTP/1.1" 200 1261327
207.46.13.104 - - [05/Jun/2015:03:45:17 -0500] "GET /BLA/resoluciones/RESOLUCIONES%202010/2186.pdf HTTP/1.1" 200 488451
157.55.39.65 - - [05/Jun/2015:03:45:22 -0500] "GET /BLA/resoluciones/RESOLUCIONES%202014/2205.pdf HTTP/1.1" 200 441292
207.46.13.104 - - [05/Jun/2015:03:45:28 -0500] "GET /BLA/resoluciones/RESOLUCIONES%202008/2580.pdf HTTP/1.1" 200 830963
207.46.13.104 - - [05/Jun/2015:03:45:28 -0500] "GET /bla/resoluciones/RESOLUCIONES%202011/0947.pdf HTTP/1.1" 200 323762
180.76.15.135 - - [05/Jun/2015:03:45:33 -0500] "GET /BLA/resoluciones/AUTOS%202009/0426.pdf HTTP/1.1" 200 205634
157.55.39.11 - - [05/Jun/2015:03:45:41 -0500] "GET /BLA/resoluciones/RESOLUCIONES%202010/0706.pdf HTTP/1.1" 200 103662
157.55.39.65 - - [05/Jun/2015:03:45:46 -0500] "GET /BLA/resoluciones/RESOLUCIONES%202009/1610.pdf HTTP/1.1" 200 659368
180.76.15.10 - - [05/Jun/2015:03:45:51 -0500] "GET /BLA/resoluciones/RESOLUCIONES%202008/5470.pdf HTTP/1.1" 200 215263
207.46.13.104 - - [05/Jun/2015:03:45:53 -0500] "GET /BLA/resoluciones/AUTOS%202010/2371.pdf HTTP/1.1" 200 295057
207.46.13.98 - - [05/Jun/2015:03:45:57 -0500] "GET /bla/resoluciones/RESOLUCIONES%202009/0623.pdf HTTP/1.1" 200 339470
157.55.39.65 - - [05/Jun/2015:03:46:02 -0500] "GET /bla/resoluciones/resoluciones%202009/0215.pdf HTTP/1.1" 200 256191
157.55.39.10 - - [05/Jun/2015:03:46:07 -0500] "GET /BLA/resoluciones/AUTOS%202011/3595.pdf HTTP/1.1" 200 206003
207.46.13.104 - - [05/Jun/2015:03:46:13 -0500] "GET /BLA/resoluciones/RESOLUCIONES%202010/0696.pdf HTTP/1.1" 200 104444
157.55.39.10 - - [05/Jun/2015:03:46:18 -0500] "GET /BLA/resoluciones/AUTOS%202010/5422.pdf HTTP/1.1" 200 389976
157.55.39.10 - - [05/Jun/2015:03:46:18 -0500] "GET /BLA/resoluciones/AUTOS%202011/2069.pdf HTTP/1.1" 200 255923
157.55.39.10 - - [05/Jun/2015:03:46:19 -0500] "GET /BLA/resoluciones/RESOLUCIONES%202010/0993.pdf HTTP/1.1" 200 117900
157.55.39.65 - - [05/Jun/2015:03:46:23 -0500] "GET /BLA/resoluciones/RESOLUCIONES%202008/0297.pdf HTTP/1.1" 200 100495
157.55.39.65 - - [05/Jun/2015:03:46:23 -0500] "GET /bla/resoluciones/resoluciones%202009/1778.pdf HTTP/1.1" 200 409696
180.76.15.142 - - [05/Jun/2015:03:46:25 -0500] "GET /BLA/resoluciones/AUTOS%202009/1712.pdf HTTP/1.1" 200 124349
207.46.13.104 - - [05/Jun/2015:03:46:30 -0500] "GET /BLA/resoluciones/AUTOS%202010/3719.pdf HTTP/1.1" 200 249455
207.46.13.104 - - [05/Jun/2015:03:46:31 -0500] "GET /BLA/resoluciones/AUTOS%202010/6436.pdf HTTP/1.1" 200 1536224
207.46.13.104 - - [05/Jun/2015:03:46:31 -0500] "GET /BLA/resoluciones/Autos%202008/1153.pdf HTTP/1.1" 200 137764
157.55.39.10 - - [05/Jun/2015:03:46:32 -0500] "GET /BLA/resoluciones/AUTOS%202009/2725.pdf HTTP/1.1" 200 74677
157.55.39.10 - - [05/Jun/2015:03:46:33 -0500] "GET /BLA/resoluciones/RESOLUCIONES%202010/7098.pdf HTTP/1.1" 200 268630
190.25.70.26 - - [05/Jun/2015:03:46:35 -0500] "POST /forms/lservlet;jsessionid=ac16012b30d6596ab180ecfe474981dcdd9b6a216eb7.e3iSbxaKaheRe34MbhmNaxqNb41ynknvrkLOlQzNp65In0 HTTP/1.1" 200 2
190.25.70.26 - - [05/Jun/2015:03:46:35 -0500] "POST /forms/lservlet;jsessionid=ac16012b30d6596ab180ecfe474981dcdd9b6a216eb7.e3iSbxaKaheRe34MbhmNaxqNb41ynknvrkLOlQzNp65In0 HTTP/1.1" 200 14
190.25.70.26 - - [05/Jun/2015:03:46:36 -0500] "POST /forms/lservlet;jsessionid=ac16012b30d6596ab180ecfe474981dcdd9b6a216eb7.e3iSbxaKaheRe34MbhmNaxqNb41ynknvrkLOlQzNp65In0 HTTP/1.1" 200 14
207.46.13.98 - - [05/Jun/2015:03:46:37 -0500] "GET /BLA/resoluciones/RESOLUCIONES%202008/2895.pdf HTTP/1.1" 200 303670
207.46.13.98 - - [05/Jun/2015:03:46:38 -0500] "GET /BLA/resoluciones/AUTOS%202011/3001.pdf HTTP/1.1" 200 277165
190.25.70.26 - - [05/Jun/2015:03:46:37 -0500] "POST /forms/lservlet;jsessionid=ac16012b30d6596ab180ecfe474981dcdd9b6a216eb7.e3iSbxaKaheRe34MbhmNaxqNb41ynknvrkLOlQzNp65In0 HTTP/1.1" 200 14
190.25.70.26 - - [05/Jun/2015:03:46:39 -0500] "POST /forms/lservlet;jsessionid=ac16012b30d6596ab180ecfe474981dcdd9b6a216eb7.e3iSbxaKaheRe34MbhmNaxqNb41ynknvrkLOlQzNp65In0 HTTP/1.1" 200 130
190.25.70.26 - - [05/Jun/2015:03:46:39 -0500] "POST /forms/lservlet;jsessionid=ac16012b30d6596ab180ecfe474981dcdd9b6a216eb7.e3iSbxaKaheRe34MbhmNaxqNb41ynknvrkLOlQzNp65In0 HTTP/1.1" 200 2
190.25.70.26 - - [05/Jun/2015:03:46:40 -0500] "GET /reports/rwservlet/getjobid351777?server=rep_srvapsda HTTP/1.1" 200 484821
74.86.158.107 - - [05/Jun/2015:03:46:42 -0500] "HEAD / HTTP/1.1" 200 -
157.55.39.65 - - [05/Jun/2015:03:46:43 -0500] "GET /BLA/resoluciones/Resoluciones%202011/5617.pdf HTTP/1.1" 200 759090
157.55.39.65 - - [05/Jun/2015:03:46:47 -0500] "GET /bla/resoluciones/RESOLUCIONES%202011/0732.pdf HTTP/1.1" 200 247574
157.55.39.134 - - [05/Jun/2015:03:46:52 -0500] "GET /BLA/resoluciones/RESOLUCIONES%202009/0016.pdf HTTP/1.1" 200 223651
157.55.39.134 - - [05/Jun/2015:03:46:53 -0500] "GET /BLA/resoluciones/RESOLUCIONES%202014/3134.pdf HTTP/1.1" 200 490139
157.55.39.134 - - [05/Jun/2015:03:46:54 -0500] "GET /BLA/resoluciones/Resoluciones%202011/3399.pdf HTTP/1.1" 200 429254
207.46.13.104 - - [05/Jun/2015:03:46:58 -0500] "GET /BLA/resoluciones/Resoluciones%202011/5900.pdf HTTP/1.1" 200 620450
180.76.15.34 - - [05/Jun/2015:03:47:00 -0500] "GET /BLA/resoluciones/RESOLUCIONES%202008/0048.pdf HTTP/1.1" 200 574865
207.46.13.98 - - [05/Jun/2015:03:47:02 -0500] "GET /BLA/resoluciones/Autos%202008/2228.pdf HTTP/1.1" 200 69324
181.53.13.63 - - [05/Jun/2015:03:47:03 -0500] "GET /BLA/boletinlegal/js/jquery.scrollTo-min.js HTTP/1.1" 200 1150
181.53.13.63 - - [05/Jun/2015:03:47:07 -0500] "GET /BLA/boletinlegal/js/jquery.scrollShow.js HTTP/1.1" 200 4586
207.46.13.104 - - [05/Jun/2015:03:47:08 -0500] "GET /BLA/resoluciones/AUTOS%202007/1043.pdf HTTP/1.1" 200 26073
181.53.13.63 - - [05/Jun/2015:03:47:08 -0500] "GET /galeria/galeria/jquery.fancybox.js?v=2.1.5 HTTP/1.1" 200 48706
181.53.13.63 - - [05/Jun/2015:03:47:09 -0500] "GET /galeria/galeria/jquery.fancybox.css?v=2.1.5 HTTP/1.1" 200 4895
157.55.39.64 - - [05/Jun/2015:03:47:13 -0500] "GET /BLA/resoluciones/Resoluciones%202011/2911.pdf HTTP/1.1" 200 515406
180.76.15.26 - - [05/Jun/2015:03:47:17 -0500] "GET /BLA/resoluciones/RESOLUCIONES%202010/1619.pdf HTTP/1.1" 200 148268
157.55.39.10 - - [05/Jun/2015:03:47:21 -0500] "GET /BLA/resoluciones/RESOLUCIONES%202008/5313.pdf HTTP/1.1" 200 176309
157.55.39.10 - - [05/Jun/2015:03:47:22 -0500] "GET /BLA/resoluciones/Resoluciones%202011/5528.pdf HTTP/1.1" 200 684658
157.55.39.10 - - [05/Jun/2015:03:47:22 -0500] "GET /BLA/resoluciones/AUTOS%202007/0224.pdf HTTP/1.1" 200 16917
157.55.39.10 - - [05/Jun/2015:03:47:23 -0500] "GET /BLA/resoluciones/RESOLUCIONES%202008/4230.pdf HTTP/1.1" 200 557902
180.76.15.12 - - [05/Jun/2015:03:47:34 -0500] "GET /BLA/resoluciones/RESOLUCIONES%202009/9119.pdf HTTP/1.1" 200 416736
207.46.13.104 - - [05/Jun/2015:03:47:44 -0500] "GET /BLA/resoluciones/RESOLUCIONES%202010/5694.pdf HTTP/1.1" 200 107187
207.46.13.104 - - [05/Jun/2015:03:47:46 -0500] "GET /BLA/resoluciones/AUTOS%202009/1519.pdf HTTP/1.1" 200 97512
207.46.13.104 - - [05/Jun/2015:03:47:46 -0500] "GET /bla/resoluciones/resoluciones%202009/1583.pdf HTTP/1.1" 200 569692
207.46.13.104 - - [05/Jun/2015:03:47:47 -0500] "GET /BLA/resoluciones/Resoluciones%202011/1954.pdf HTTP/1.1" 200 1327147
207.46.13.98 - - [05/Jun/2015:03:47:49 -0500] "GET /BLA/resoluciones/RESOLUCIONES%202010/2803.pdf HTTP/1.1" 200 541315
157.55.39.134 - - [05/Jun/2015:03:47:54 -0500] "GET /BLA/resoluciones/RESOLUCIONES%202008/3570.pdf HTTP/1.1" 200 194465
207.46.13.104 - - [05/Jun/2015:03:48:03 -0500] "GET /BLA/resoluciones/Autos%202008/1196.pdf HTTP/1.1" 200 421739
207.46.13.104 - - [05/Jun/2015:03:48:04 -0500] "GET /BLA/resoluciones/AUTOS%202009/2388.pdf HTTP/1.1" 200 178624
157.55.39.10 - - [05/Jun/2015:03:48:18 -0500] "GET /BLA/resoluciones/RESOLUCIONES%202008/5454.pdf HTTP/1.1" 200 256084
180.76.15.25 - - [05/Jun/2015:03:48:28 -0500] "GET /BLA/resoluciones/AUTOS%202009/1335.pdf HTTP/1.1" 200 96339
157.55.39.10 - - [05/Jun/2015:03:48:33 -0500] "GET /BLA/resoluciones/RESOLUCIONES%202009/8660.pdf HTTP/1.1" 200 120211
157.55.39.10 - - [05/Jun/2015:03:48:33 -0500] "GET /BLA/resoluciones/RESOLUCIONES%202014/2200.pdf HTTP/1.1" 200 1737427
157.55.39.10 - - [05/Jun/2015:03:48:34 -0500] "GET /BLA/resoluciones/Autos%202008/2081.pdf HTTP/1.1" 200 117875
207.46.13.98 - - [05/Jun/2015:03:48:38 -0500] "GET /BLA/resoluciones/AUTOS%202011/1646.pdf HTTP/1.1" 200 224940
190.25.70.26 - - [05/Jun/2015:03:48:38 -0500] "POST /forms/lservlet;jsessionid=ac16012b30d6596ab180ecfe474981dcdd9b6a216eb7.e3iSbxaKaheRe34MbhmNaxqNb41ynknvrkLOlQzNp65In0 HTTP/1.1" 200 2
181.53.13.63 - - [05/Jun/2015:03:48:40 -0500] "GET /galeria/galeria/jquery.fancybox.css?v=2.1.5 HTTP/1.1" 304 -
181.53.13.63 - - [05/Jun/2015:03:48:40 -0500] "GET /BLA/boletinlegal/js/jquery.scrollTo-min.js HTTP/1.1" 304 -
181.53.13.63 - - [05/Jun/2015:03:48:40 -0500] "GET /BLA/boletinlegal/js/jquery.scrollShow.js HTTP/1.1" 304 -
181.53.13.63 - - [05/Jun/2015:03:48:40 -0500] "GET /galeria/galeria/jquery.fancybox.js?v=2.1.5 HTTP/1.1" 304 -
157.55.39.11 - - [05/Jun/2015:03:48:41 -0500] "GET /bla/resoluciones/RESOLUCIONES%202011/3244.pdf HTTP/1.1" 200 438884
157.55.39.65 - - [05/Jun/2015:03:48:47 -0500] "GET /BLA/resoluciones/AUTOS%202011/5033.pdf HTTP/1.1" 200 255465
207.46.13.104 - - [05/Jun/2015:03:48:52 -0500] "GET /BLA/resoluciones/RESOLUCIONES%202008/1992.pdf HTTP/1.1" 200 265967
207.46.13.104 - - [05/Jun/2015:03:48:58 -0500] "GET /BLA/boletinlegal/Circulares/2012/Circular%20No.%2015%20del%2022%20de%20octubre%20de%202012.pdf HTTP/1.1" 200 486506
157.55.39.65 - - [05/Jun/2015:03:49:03 -0500] "GET /BLA/resoluciones/RESOLUCIONES%202009/1233.pdf HTTP/1.1" 200 439155
157.55.39.65 - - [05/Jun/2015:03:49:05 -0500] "GET /BLA/resoluciones/RESOLUCIONES%202010/1975.pdf HTTP/1.1" 200 212737
157.55.39.10 - - [05/Jun/2015:03:49:08 -0500] "GET /BLA/resoluciones/RESOLUCIONES%202009/3898.pdf HTTP/1.1" 200 253141
207.46.13.98 - - [05/Jun/2015:03:49:13 -0500] "GET /BLA/resoluciones/AUTOS%202007/2295.pdf HTTP/1.1" 200 33065
207.46.13.98 - - [05/Jun/2015:03:49:14 -0500] "GET /BLA/resoluciones/RESOLUCIONES%202009/1919.pdf HTTP/1.1" 200 426949
207.46.13.98 - - [05/Jun/2015:03:49:14 -0500] "GET /BLA/resoluciones/RESOLUCIONES%202009/6870.pdf HTTP/1.1" 200 280623
207.46.13.98 - - [05/Jun/2015:03:49:15 -0500] "GET /bla/resoluciones/RESOLUCIONES%202011/0225.pdf HTTP/1.1" 200 78805
207.46.13.104 - - [05/Jun/2015:03:49:24 -0500] "GET /bla/resoluciones/RESOLUCIONES%202009/2179.pdf HTTP/1.1" 200 609831
157.55.39.10 - - [05/Jun/2015:03:49:30 -0500] "GET /BLA/resoluciones/Resoluciones%202011/1668.pdf HTTP/1.1" 200 73411
157.55.39.10 - - [05/Jun/2015:03:49:31 -0500] "GET /BLA/resoluciones/RESOLUCIONES%202010/0609.pdf HTTP/1.1" 200 512753
157.55.39.10 - - [05/Jun/2015:03:49:32 -0500] "GET /BLA/resoluciones/RESOLUCIONES%202010/1713.pdf HTTP/1.1" 200 380330
207.46.13.104 - - [05/Jun/2015:03:49:48 -0500] "GET /BLA/resoluciones/Autos%202008/1533.pdf HTTP/1.1" 200 143682
207.46.13.104 - - [05/Jun/2015:03:49:56 -0500] "GET /BLA/resoluciones/RESOLUCIONES%202011/4612.pdf HTTP/1.1" 200 595894
207.46.13.104 - - [05/Jun/2015:03:49:57 -0500] "GET /bla/resoluciones/resoluciones%202009/1313.pdf HTTP/1.1" 200 104979
157.55.39.65 - - [05/Jun/2015:03:49:58 -0500] "GET /BLA/resoluciones/RESOLUCIONES%202010/1650.pdf HTTP/1.1" 200 385658
157.55.39.64 - - [05/Jun/2015:03:50:08 -0500] "GET /BLA/resoluciones/RESOLUCIONES%202009/0241.pdf HTTP/1.1" 200 569465
157.55.39.10 - - [05/Jun/2015:03:50:12 -0500] "GET /BLA/resoluciones/AUTOS%202011/5167.pdf HTTP/1.1" 200 633789
207.46.13.98 - - [05/Jun/2015:03:50:17 -0500] "GET /BLA/resoluciones/RESOLUCIONES%202008/5017.pdf HTTP/1.1" 200 295828
207.46.13.98 - - [05/Jun/2015:03:50:18 -0500] "GET /BLA/resoluciones/RESOLUCIONES%202009/2143.pdf HTTP/1.1" 200 477471
207.46.13.104 - - [05/Jun/2015:03:50:23 -0500] "GET /BLA/resoluciones/AUTOS%202011/1633.pdf HTTP/1.1" 200 201729
190.25.70.26 - - [05/Jun/2015:03:50:23 -0500] "POST /forms/lservlet;jsessionid=ac16012b30d6596ab180ecfe474981dcdd9b6a216eb7.e3iSbxaKaheRe34MbhmNaxqNb41ynknvrkLOlQzNp65In0 HTTP/1.1" 200 2
190.25.70.26 - - [05/Jun/2015:03:50:23 -0500] "POST /forms/lservlet;jsessionid=ac16012b30d6596ab180ecfe474981dcdd9b6a216eb7.e3iSbxaKaheRe34MbhmNaxqNb41ynknvrkLOlQzNp65In0 HTTP/1.1" 200 2344
190.25.70.26 - - [05/Jun/2015:03:50:23 -0500] "GET /imagenes/Srch_frw.gif HTTP/1.1" 200 925
190.25.70.26 - - [05/Jun/2015:03:50:23 -0500] "POST /forms/lservlet;jsessionid=ac16012b30d6596ab180ecfe474981dcdd9b6a216eb7.e3iSbxaKaheRe34MbhmNaxqNb41ynknvrkLOlQzNp65In0 HTTP/1.1" 200 10
190.25.70.26 - - [05/Jun/2015:03:50:24 -0500] "POST /forms/lservlet;jsessionid=ac16012b30d6596ab180ecfe474981dcdd9b6a216eb7.e3iSbxaKaheRe34MbhmNaxqNb41ynknvrkLOlQzNp65In0 HTTP/1.1" 200 64
207.46.13.104 - - [05/Jun/2015:03:50:24 -0500] "GET /BLA/resoluciones/RESOLUCIONES%202014/0959.pdf HTTP/1.1" 200 627409
190.25.70.26 - - [05/Jun/2015:03:50:26 -0500] "POST /forms/lservlet;jsessionid=ac16012b30d6596ab180ecfe474981dcdd9b6a216eb7.e3iSbxaKaheRe34MbhmNaxqNb41ynknvrkLOlQzNp65In0 HTTP/1.1" 200 2
190.25.70.26 - - [05/Jun/2015:03:50:26 -0500] "POST /forms/lservlet;jsessionid=ac16012b30d6596ab180ecfe474981dcdd9b6a216eb7.e3iSbxaKaheRe34MbhmNaxqNb41ynknvrkLOlQzNp65In0 HTTP/1.1" 200 3988
190.25.70.26 - - [05/Jun/2015:03:50:26 -0500] "POST /forms/lservlet;jsessionid=ac16012b30d6596ab180ecfe474981dcdd9b6a216eb7.e3iSbxaKaheRe34MbhmNaxqNb41ynknvrkLOlQzNp65In0 HTTP/1.1" 200 10
157.55.39.65 - - [05/Jun/2015:03:50:28 -0500] "GET /BLA/resoluciones/AUTOS%202011/1862.pdf HTTP/1.1" 200 94623
157.55.39.65 - - [05/Jun/2015:03:50:28 -0500] "GET /BLA/resoluciones/RESOLUCIONES%202010/0156.pdf HTTP/1.1" 200 510849
190.25.70.26 - - [05/Jun/2015:03:50:28 -0500] "POST /forms/lservlet;jsessionid=ac16012b30d6596ab180ecfe474981dcdd9b6a216eb7.e3iSbxaKaheRe34MbhmNaxqNb41ynknvrkLOlQzNp65In0 HTTP/1.1" 200 2
190.25.70.26 - - [05/Jun/2015:03:50:29 -0500] "POST /forms/lservlet;jsessionid=ac16012b30d6596ab180ecfe474981dcdd9b6a216eb7.e3iSbxaKaheRe34MbhmNaxqNb41ynknvrkLOlQzNp65In0 HTTP/1.1" 200 14
190.25.70.26 - - [05/Jun/2015:03:50:30 -0500] "POST /forms/lservlet;jsessionid=ac16012b30d6596ab180ecfe474981dcdd9b6a216eb7.e3iSbxaKaheRe34MbhmNaxqNb41ynknvrkLOlQzNp65In0 HTTP/1.1" 200 111
190.25.70.26 - - [05/Jun/2015:03:50:30 -0500] "POST /forms/lservlet;jsessionid=ac16012b30d6596ab180ecfe474981dcdd9b6a216eb7.e3iSbxaKaheRe34MbhmNaxqNb41ynknvrkLOlQzNp65In0 HTTP/1.1" 200 2
190.25.70.26 - - [05/Jun/2015:03:50:30 -0500] "GET /reports/rwservlet/getjobid351778?server=rep_srvapsda HTTP/1.1" 200 560718
207.46.13.98 - - [05/Jun/2015:03:50:32 -0500] "GET /BLA/resoluciones/RESOLUCIONES%202010/6726.pdf HTTP/1.1" 200 84964
190.25.70.26 - - [05/Jun/2015:03:50:38 -0500] "POST /forms/lservlet;jsessionid=ac16012b30d6596ab180ecfe474981dcdd9b6a216eb7.e3iSbxaKaheRe34MbhmNaxqNb41ynknvrkLOlQzNp65In0 HTTP/1.1" 200 2
180.76.15.134 - - [05/Jun/2015:03:50:39 -0500] "GET /BLA/resoluciones/RESOLUCIONES%202008/0027.pdf HTTP/1.1" 200 325317
157.55.39.65 - - [05/Jun/2015:03:50:43 -0500] "GET /bla/resoluciones/RESOLUCIONES%202011/1878.pdf HTTP/1.1" 200 514919
220.181.108.146 - - [05/Jun/2015:03:50:48 -0500] "GET /BLA/boletinlegal/js/jquery.scrollTo-min.js HTTP/1.1" 200 1150
220.181.108.145 - - [05/Jun/2015:03:50:49 -0500] "GET /BLA/boletinlegal/js/jquery.scrollShow.js HTTP/1.1" 200 4586
207.46.13.104 - - [05/Jun/2015:03:50:50 -0500] "GET /BLA/resoluciones/RESOLUCIONES%202010/1282.pdf HTTP/1.1" 200 101316
66.249.67.120 - - [05/Jun/2015:03:50:52 -0500] "GET /BLA/resoluciones/RESOLUCIONES%202006/RES%202006%201801-1850/00001829.tif HTTP/1.1" 200 174394
220.181.108.167 - - [05/Jun/2015:03:50:52 -0500] "GET /galeria/galeria/jquery.fancybox.js?v=2.1.5 HTTP/1.1" 200 48706
220.181.108.139 - - [05/Jun/2015:03:50:56 -0500] "GET /galeria/galeria/jquery.fancybox.css?v=2.1.5 HTTP/1.1" 200 4895
180.76.15.149 - - [05/Jun/2015:03:50:57 -0500] "GET /BLA/resoluciones/RESOLUCIONES%202008/2272.pdf HTTP/1.1" 200 215263
207.46.13.98 - - [05/Jun/2015:03:51:00 -0500] "GET /BLA/resoluciones/AUTOS%202011/3372.pdf HTTP/1.1" 200 331052
207.46.13.104 - - [05/Jun/2015:03:51:04 -0500] "GET /BLA/resoluciones/Resoluciones%202011/5632.pdf HTTP/1.1" 200 499811
207.46.13.104 - - [05/Jun/2015:03:51:04 -0500] "GET /BLA/resoluciones/RESOLUCIONES%202008/5604.pdf HTTP/1.1" 200 249095
207.46.13.104 - - [05/Jun/2015:03:51:06 -0500] "GET /BLA/resoluciones/AUTOS%202007/1690.pdf HTTP/1.1" 200 179101
207.46.13.104 - - [05/Jun/2015:03:51:06 -0500] "GET /BLA/resoluciones/RESOLUCIONES%202008/2838.pdf HTTP/1.1" 200 256975
157.55.39.64 - - [05/Jun/2015:03:51:09 -0500] "GET /BLA/resoluciones/RESOLUCIONES%202008/4261.pdf HTTP/1.1" 200 434644
180.76.15.148 - - [05/Jun/2015:03:51:14 -0500] "GET /BLA/resoluciones/AUTOS%202009/1084.pdf HTTP/1.1" 200 106400
157.55.39.65 - - [05/Jun/2015:03:51:22 -0500] "GET /BLA/resoluciones/Resoluciones%202011/0030.pdf HTTP/1.1" 200 356365
157.55.39.65 - - [05/Jun/2015:03:51:23 -0500] "GET /bla/resoluciones/RESOLUCIONES%202011/0345.pdf HTTP/1.1" 200 71051
180.76.15.21 - - [05/Jun/2015:03:51:31 -0500] "GET /BLA/resoluciones/AUTOS%202009/1714.pdf HTTP/1.1" 200 124189
207.46.13.98 - - [05/Jun/2015:03:51:35 -0500] "GET /BLA/resoluciones/RESOLUCIONES%202010/0973.pdf HTTP/1.1" 200 59042
207.46.13.98 - - [05/Jun/2015:03:51:36 -0500] "GET /bla/resoluciones/RESOLUCIONES%202011/0443.pdf HTTP/1.1" 200 88115
207.46.13.98 - - [05/Jun/2015:03:51:37 -0500] "GET /BLA/resoluciones/AUTOS%202011/3010.pdf HTTP/1.1" 200 149435
24.228.164.47 - - [05/Jun/2015:03:51:39 -0500] "GET /webdav/x32.php?host=24.228.164.47&time=60&port=80 HTTP/1.1" 404 1018
207.46.13.104 - - [05/Jun/2015:03:51:40 -0500] "GET /BLA/resoluciones/RESOLUCIONES%202010/6018.pdf HTTP/1.1" 200 577482
207.46.13.104 - - [05/Jun/2015:03:51:40 -0500] "GET /BLA/resoluciones/RESOLUCIONES%202014/0966.pdf HTTP/1.1" 200 724786
190.25.70.26 - - [05/Jun/2015:03:51:40 -0500] "-" 408 -
207.46.13.104 - - [05/Jun/2015:03:51:41 -0500] "GET /BLA/resoluciones/Autos%202008/2285.pdf HTTP/1.1" 200 105987
74.86.158.107 - - [05/Jun/2015:03:51:42 -0500] "HEAD / HTTP/1.1" 200 -
157.55.39.65 - - [05/Jun/2015:03:51:45 -0500] "GET /BLA/resoluciones/RESOLUCIONES%202009/0902.pdf HTTP/1.1" 200 403636
157.55.39.65 - - [05/Jun/2015:03:51:45 -0500] "GET /bla/resoluciones/resoluciones%202009/1375.pdf HTTP/1.1" 200 228656
157.55.39.65 - - [05/Jun/2015:03:51:46 -0500] "GET /BLA/resoluciones/RESOLUCIONES%202011/3612.pdf HTTP/1.1" 200 396418
180.76.15.142 - - [05/Jun/2015:03:51:49 -0500] "GET /BLA/resoluciones/AUTOS%202009/1507.pdf HTTP/1.1" 200 100487
207.46.13.98 - - [05/Jun/2015:03:51:49 -0500] "GET /BLA/resoluciones/Resoluciones%202011/3864.pdf HTTP/1.1" 200 188080
207.46.13.98 - - [05/Jun/2015:03:51:50 -0500] "GET /BLA/resoluciones/RESOLUCIONES%202014/1513.pdf HTTP/1.1" 200 355614
157.55.39.134 - - [05/Jun/2015:03:51:59 -0500] "GET /BLA/resoluciones/Autos%202008/1157.pdf HTTP/1.1" 200 141669
66.249.67.120 - - [05/Jun/2015:03:52:01 -0500] "GET /BLA/resoluciones/RESOLUCIONES%202007/RES%202007%202401%20AL%202500/RESOLUCION%202469%20DE%202007.pdf HTTP/1.1" 200 166921
207.46.13.104 - - [05/Jun/2015:03:52:04 -0500] "GET /BLA/resoluciones/RESOLUCIONES%202010/7388.pdf HTTP/1.1" 200 501012
180.76.15.143 - - [05/Jun/2015:03:52:06 -0500] "GET /BLA/resoluciones/RESOLUCIONES%202008/0795.pdf HTTP/1.1" 200 319412
207.46.13.104 - - [05/Jun/2015:03:52:20 -0500] "GET /BLA/resoluciones/Resoluciones%202011/1185.pdf HTTP/1.1" 200 282978
180.76.15.146 - - [05/Jun/2015:03:52:23 -0500] "GET /BLA/resoluciones/RESOLUCIONES%202008/5153.pdf HTTP/1.1" 200 199065
207.46.13.98 - - [05/Jun/2015:03:52:24 -0500] "GET /BLA/resoluciones/RESOLUCIONES%202008/3073.pdf HTTP/1.1" 200 377696
207.46.13.98 - - [05/Jun/2015:03:52:31 -0500] "GET /BLA/resoluciones/RESOLUCIONES%202008/5267.pdf HTTP/1.1" 200 334113
207.46.13.98 - - [05/Jun/2015:03:52:31 -0500] "GET /BLA/resoluciones/AUTOS%202007/0575.pdf HTTP/1.1" 200 22662
207.46.13.98 - - [05/Jun/2015:03:52:31 -0500] "GET /BLA/resoluciones/AUTOS%202007/3130.pdf HTTP/1.1" 200 76820
157.55.39.10 - - [05/Jun/2015:03:52:35 -0500] "GET /BLA/resoluciones/AUTOS%202009/3518.pdf HTTP/1.1" 200 131820
190.25.70.26 - - [05/Jun/2015:03:52:38 -0500] "POST /forms/lservlet;jsessionid=ac16012b30d6596ab180ecfe474981dcdd9b6a216eb7.e3iSbxaKaheRe34MbhmNaxqNb41ynknvrkLOlQzNp65In0 HTTP/1.1" 200 2
180.76.15.22 - - [05/Jun/2015:03:52:40 -0500] "GET /BLA/resoluciones/AUTOS%202009/2948.pdf HTTP/1.1" 200 188352
157.55.39.65 - - [05/Jun/2015:03:52:50 -0500] "GET /BLA/resoluciones/AUTOS%202009/1594.pdf HTTP/1.1" 200 125623
157.55.39.134 - - [05/Jun/2015:03:52:53 -0500] "GET /BLA/resoluciones/RESOLUCIONES%202008/5400.pdf HTTP/1.1" 200 178807
180.76.15.142 - - [05/Jun/2015:03:52:58 -0500] "GET /BLA/resoluciones/RESOLUCIONES%202010/2850.pdf HTTP/1.1" 200 346360
207.46.13.104 - - [05/Jun/2015:03:52:59 -0500] "GET /BLA/resoluciones/AUTOS%202011/0197.pdf HTTP/1.1" 200 183821
207.46.13.104 - - [05/Jun/2015:03:52:59 -0500] "GET /BLA/resoluciones/RESOLUCIONES%202010/1807.pdf HTTP/1.1" 200 908247
190.25.70.26 - - [05/Jun/2015:03:53:00 -0500] "POST /forms/lservlet;jsessionid=ac16012b30d6596ab180ecfe474981dcdd9b6a216eb7.e3iSbxaKaheRe34MbhmNaxqNb41ynknvrkLOlQzNp65In0 HTTP/1.1" 200 2
190.25.70.26 - - [05/Jun/2015:03:53:00 -0500] "POST /forms/lservlet;jsessionid=ac16012b30d6596ab180ecfe474981dcdd9b6a216eb7.e3iSbxaKaheRe34MbhmNaxqNb41ynknvrkLOlQzNp65In0 HTTP/1.1" 200 2303
190.25.70.26 - - [05/Jun/2015:03:53:00 -0500] "GET /imagenes/Srch_frw.gif HTTP/1.1" 200 925
190.25.70.26 - - [05/Jun/2015:03:53:00 -0500] "POST /forms/lservlet;jsessionid=ac16012b30d6596ab180ecfe474981dcdd9b6a216eb7.e3iSbxaKaheRe34MbhmNaxqNb41ynknvrkLOlQzNp65In0 HTTP/1.1" 200 10
190.25.70.26 - - [05/Jun/2015:03:53:01 -0500] "POST /forms/lservlet;jsessionid=ac16012b30d6596ab180ecfe474981dcdd9b6a216eb7.e3iSbxaKaheRe34MbhmNaxqNb41ynknvrkLOlQzNp65In0 HTTP/1.1" 200 64
190.25.70.26 - - [05/Jun/2015:03:53:03 -0500] "POST /forms/lservlet;jsessionid=ac16012b30d6596ab180ecfe474981dcdd9b6a216eb7.e3iSbxaKaheRe34MbhmNaxqNb41ynknvrkLOlQzNp65In0 HTTP/1.1" 200 2
190.25.70.26 - - [05/Jun/2015:03:53:03 -0500] "POST /forms/lservlet;jsessionid=ac16012b30d6596ab180ecfe474981dcdd9b6a216eb7.e3iSbxaKaheRe34MbhmNaxqNb41ynknvrkLOlQzNp65In0 HTTP/1.1" 200 3660
190.25.70.26 - - [05/Jun/2015:03:53:03 -0500] "POST /forms/lservlet;jsessionid=ac16012b30d6596ab180ecfe474981dcdd9b6a216eb7.e3iSbxaKaheRe34MbhmNaxqNb41ynknvrkLOlQzNp65In0 HTTP/1.1" 200 10
190.25.70.26 - - [05/Jun/2015:03:53:05 -0500] "POST /forms/lservlet;jsessionid=ac16012b30d6596ab180ecfe474981dcdd9b6a216eb7.e3iSbxaKaheRe34MbhmNaxqNb41ynknvrkLOlQzNp65In0 HTTP/1.1" 200 2
207.46.13.98 - - [05/Jun/2015:03:53:06 -0500] "GET /BLA/resoluciones/AUTOS%202007/2353.pdf HTTP/1.1" 200 92616
190.25.70.26 - - [05/Jun/2015:03:53:05 -0500] "POST /forms/lservlet;jsessionid=ac16012b30d6596ab180ecfe474981dcdd9b6a216eb7.e3iSbxaKaheRe34MbhmNaxqNb41ynknvrkLOlQzNp65In0 HTTP/1.1" 200 14
207.46.13.98 - - [05/Jun/2015:03:53:06 -0500] "GET /BLA/resoluciones/AUTOS%202011/6849.pdf HTTP/1.1" 200 163699
190.25.70.26 - - [05/Jun/2015:03:53:06 -0500] "POST /forms/lservlet;jsessionid=ac16012b30d6596ab180ecfe474981dcdd9b6a216eb7.e3iSbxaKaheRe34MbhmNaxqNb41ynknvrkLOlQzNp65In0 HTTP/1.1" 200 111
190.25.70.26 - - [05/Jun/2015:03:53:07 -0500] "POST /forms/lservlet;jsessionid=ac16012b30d6596ab180ecfe474981dcdd9b6a216eb7.e3iSbxaKaheRe34MbhmNaxqNb41ynknvrkLOlQzNp65In0 HTTP/1.1" 200 2
190.25.70.26 - - [05/Jun/2015:03:53:07 -0500] "GET /reports/rwservlet/getjobid351779?server=rep_srvapsda HTTP/1.1" 200 304512
157.55.39.10 - - [05/Jun/2015:03:53:09 -0500] "GET /BLA/resoluciones/RESOLUCIONES%202010/1330.pdf HTTP/1.1" 200 54218
180.76.15.163 - - [05/Jun/2015:03:53:15 -0500] "GET /BLA/resoluciones/RESOLUCIONES%202009/8962.pdf HTTP/1.1" 200 289793
157.55.39.65 - - [05/Jun/2015:03:53:15 -0500] "GET /bla/resoluciones/RESOLUCIONES%202009/1309.pdf HTTP/1.1" 200 528455
207.46.13.98 - - [05/Jun/2015:03:53:20 -0500] "GET /BLA/resoluciones/Autos%202008/1564.pdf HTTP/1.1" 200 88308
66.249.67.120 - - [05/Jun/2015:03:53:23 -0500] "GET /BLA/resoluciones/RESOLUCIONES%202007/RES%202007%201501%20AL%201600/RESOLUCION%201544%20DE%202007.pdf HTTP/1.1" 304 -
207.46.13.98 - - [05/Jun/2015:03:53:25 -0500] "GET /BLA/resoluciones/RESOLUCIONES%202008/3835.pdf HTTP/1.1" 200 1189745
207.46.13.98 - - [05/Jun/2015:03:53:26 -0500] "GET /BLA/resoluciones/AUTOS%202007/1909.pdf HTTP/1.1" 200 44866
157.55.39.65 - - [05/Jun/2015:03:53:31 -0500] "GET /BLA/resoluciones/RESOLUCIONES%202012/0231.pdf HTTP/1.1" 200 461411
180.76.15.29 - - [05/Jun/2015:03:53:32 -0500] "GET /BLA/resoluciones/AUTOS%202009/1713.pdf HTTP/1.1" 200 123676
157.55.39.65 - - [05/Jun/2015:03:53:40 -0500] "GET /BLA/resoluciones/RESOLUCIONES%202011/2239.pdf HTTP/1.1" 200 760266
207.46.13.104 - - [05/Jun/2015:03:53:41 -0500] "GET /BLA/resoluciones/RESOLUCIONES%202008/5009.pdf HTTP/1.1" 200 343680
207.46.13.104 - - [05/Jun/2015:03:53:49 -0500] "GET /BLA/resoluciones/Resoluciones%202011/1873.pdf HTTP/1.1" 200 515112
180.76.15.144 - - [05/Jun/2015:03:53:49 -0500] "GET /BLA/resoluciones/RESOLUCIONES%202009/1879.pdf HTTP/1.1" 200 352066
207.46.13.98 - - [05/Jun/2015:03:53:51 -0500] "GET /bla/resoluciones/resoluciones%202009/1733.pdf HTTP/1.1" 200 534244
207.46.13.98 - - [05/Jun/2015:03:53:51 -0500] "GET /bla/resoluciones/RESOLUCIONES%202009/0588.pdf HTTP/1.1" 200 315114
207.46.13.98 - - [05/Jun/2015:03:53:52 -0500] "GET /BLA/resoluciones/AUTOS%202007/0762.pdf HTTP/1.1" 200 105711
207.46.13.98 - - [05/Jun/2015:03:53:53 -0500] "GET /BLA/resoluciones/RESOLUCIONES%202008/2207.pdf HTTP/1.1" 200 446971
157.55.39.134 - - [05/Jun/2015:03:53:57 -0500] "GET /bla/resoluciones/RESOLUCIONES%202009/1701.pdf HTTP/1.1" 200 406068
157.55.39.65 - - [05/Jun/2015:03:54:05 -0500] "GET /BLA/resoluciones/AUTOS%202007/3475.pdf HTTP/1.1" 200 139316
180.76.15.24 - - [05/Jun/2015:03:54:07 -0500] "GET /BLA/resoluciones/AUTOS%202009/0215.pdf HTTP/1.1" 200 93169
207.46.13.104 - - [05/Jun/2015:03:54:16 -0500] "GET /BLA/resoluciones/Resoluciones%202011/0982.pdf HTTP/1.1" 200 82289
66.249.67.107 - - [05/Jun/2015:03:54:18 -0500] "GET /galeria/bibloteca/contentflow.css HTTP/1.1" 200 3201
207.46.13.98 - - [05/Jun/2015:03:54:21 -0500] "GET /bla/resoluciones/resoluciones%202009/0280.pdf HTTP/1.1" 200 17968
207.46.13.98 - - [05/Jun/2015:03:54:21 -0500] "GET /bla/resoluciones/RESOLUCIONES%202011/3330.pdf HTTP/1.1" 200 805568
207.46.13.98 - - [05/Jun/2015:03:54:22 -0500] "GET /BLA/resoluciones/RESOLUCIONES%202012/?C=M;O=A HTTP/1.1" 200 165810
180.76.15.140 - - [05/Jun/2015:03:54:24 -0500] "GET /BLA/resoluciones/AUTOS%202009/2867.pdf HTTP/1.1" 200 103440
190.25.70.26 - - [05/Jun/2015:03:54:38 -0500] "POST /forms/lservlet;jsessionid=ac16012b30d6596ab180ecfe474981dcdd9b6a216eb7.e3iSbxaKaheRe34MbhmNaxqNb41ynknvrkLOlQzNp65In0 HTTP/1.1" 200 2
157.55.39.65 - - [05/Jun/2015:03:54:41 -0500] "GET /BLA/resoluciones/Autos%202008/2181.pdf HTTP/1.1" 200 175542
180.76.15.24 - - [05/Jun/2015:03:54:41 -0500] "GET /BLA/resoluciones/RESOLUCIONES%202007/RES%202007%202301%20AL%202400/RESOLUCION%202377%20DE%202007.pdf HTTP/1.1" 200 312000
157.55.39.65 - - [05/Jun/2015:03:54:42 -0500] "GET /BLA/resoluciones/Autos%202008/1085.pdf HTTP/1.1" 200 213033
157.55.39.65 - - [05/Jun/2015:03:54:48 -0500] "GET /BLA/resoluciones/AUTOS%202011/3507.pdf HTTP/1.1" 200 279440
157.55.39.65 - - [05/Jun/2015:03:54:49 -0500] "GET /BLA/resoluciones/RESOLUCIONES%202010/6724.pdf HTTP/1.1" 200 368165
157.55.39.134 - - [05/Jun/2015:03:54:52 -0500] "GET /bla/resoluciones/resoluciones%202009/1122.pdf HTTP/1.1" 200 555839
207.46.13.104 - - [05/Jun/2015:03:55:07 -0500] "GET /BLA/resoluciones/RESOLUCIONES%202008/1975.pdf HTTP/1.1" 200 54065
157.55.39.65 - - [05/Jun/2015:03:55:19 -0500] "GET /BLA/resoluciones/AUTOS%202010/0846.pdf HTTP/1.1" 200 131454
207.46.13.104 - - [05/Jun/2015:03:55:23 -0500] "GET /BLA/resoluciones/RESOLUCIONES%202012/0613.pdf HTTP/1.1" 200 385355
207.46.13.104 - - [05/Jun/2015:03:55:23 -0500] "GET /BLA/resoluciones/RESOLUCIONES%202010/1390.pdf HTTP/1.1" 200 348250
207.46.13.104 - - [05/Jun/2015:03:55:24 -0500] "GET /BLA/resoluciones/AUTOS%202007/0855.pdf HTTP/1.1" 200 68781
207.46.13.98 - - [05/Jun/2015:03:55:29 -0500] "GET /BLA/resoluciones/AUTOS%202011/3296.pdf HTTP/1.1" 200 211585
157.55.39.65 - - [05/Jun/2015:03:55:33 -0500] "GET /BLA/resoluciones/AUTOS%202007/0979.pdf HTTP/1.1" 200 93742
157.55.39.65 - - [05/Jun/2015:03:55:34 -0500] "GET /BLA/resoluciones/Autos%202008/1946.pdf HTTP/1.1" 200 95740
157.55.39.65 - - [05/Jun/2015:03:55:35 -0500] "GET /BLA/resoluciones/Autos%202008/0382.pdf HTTP/1.1" 200 63424
157.55.39.134 - - [05/Jun/2015:03:55:47 -0500] "GET /BLA/resoluciones/AUTOS%202010/6731.pdf HTTP/1.1" 200 450928
157.55.39.134 - - [05/Jun/2015:03:55:48 -0500] "GET /BLA/resoluciones/RESOLUCIONES%202010/1519.pdf HTTP/1.1" 200 414040
207.46.13.104 - - [05/Jun/2015:03:55:57 -0500] "GET /BLA/resoluciones/RESOLUCIONES%202010/1293.pdf HTTP/1.1" 200 105522
207.46.13.104 - - [05/Jun/2015:03:56:08 -0500] "GET /BLA/resoluciones/AUTOS%202009/1578.pdf HTTP/1.1" 200 120611
207.46.13.104 - - [05/Jun/2015:03:56:08 -0500] "GET /bla/resoluciones/resoluciones%202009/0979.pdf HTTP/1.1" 200 303805
