207.46.13.68 - - [06/Jun/2015:03:55:14 -0500] "GET /bla/resoluciones/RESOLUCIONES%202009/0593.pdf HTTP/1.1" 200 306514
207.46.13.68 - - [06/Jun/2015:03:55:23 -0500] "GET /BLA/resoluciones/RESOLUCIONES%202010/0891.pdf HTTP/1.1" 200 112800
207.46.13.104 - - [06/Jun/2015:03:55:27 -0500] "GET /BLA/resoluciones/RESOLUCIONES%202008/3943.pdf HTTP/1.1" 200 17460
180.76.15.9 - - [06/Jun/2015:03:55:29 -0500] "GET /BLA/resoluciones/RESOLUCIONES%202009/7829.pdf HTTP/1.1" 200 570579
157.55.39.11 - - [06/Jun/2015:03:55:37 -0500] "GET /BLA/resoluciones/Autos%202008/0125.pdf HTTP/1.1" 200 156593
157.55.39.11 - - [06/Jun/2015:03:55:38 -0500] "GET /BLA/resoluciones/AUTOS%202009/2553.pdf HTTP/1.1" 200 101093
157.55.39.11 - - [06/Jun/2015:03:55:38 -0500] "GET /BLA/resoluciones/RESOLUCIONES%202008/0608.pdf HTTP/1.1" 200 326495
66.249.64.233 - - [06/Jun/2015:03:55:39 -0500] "GET /BLA/resoluciones/RESOLUCIONES%202013/1086.pdf HTTP/1.1" 200 743686
207.46.13.104 - - [06/Jun/2015:03:55:45 -0500] "GET /BLA/resoluciones/AUTOS%202007/0673.pdf HTTP/1.1" 200 84969
180.76.15.33 - - [06/Jun/2015:03:55:47 -0500] "GET /BLA/resoluciones/AUTOS%202011/1548.pdf HTTP/1.1" 200 157425
88.208.252.221 - - [06/Jun/2015:03:55:47 -0500] "GET /test/wp-admin/ HTTP/1.1" 404 1018
207.46.13.68 - - [06/Jun/2015:03:55:53 -0500] "GET /BLA/resoluciones/RESOLUCIONES%202010/7483.pdf HTTP/1.1" 200 67051
207.46.13.68 - - [06/Jun/2015:03:55:54 -0500] "GET /BLA/resoluciones/RESOLUCIONES%202008/3057.pdf HTTP/1.1" 200 408103
66.249.64.223 - - [06/Jun/2015:03:56:03 -0500] "GET /BLA/resoluciones/RESOLUCIONES%202013/0869.pdf HTTP/1.1" 200 1650984
180.76.15.138 - - [06/Jun/2015:03:56:04 -0500] "GET /BLA/resoluciones/AUTOS%202013/3001.pdf HTTP/1.1" 200 356095
207.46.13.68 - - [06/Jun/2015:03:56:11 -0500] "GET /BLA/resoluciones/RESOLUCIONES%202010/6818.pdf HTTP/1.1" 200 859379
180.76.15.134 - - [06/Jun/2015:03:56:21 -0500] "GET /BLA/resoluciones/AUTOS%202009/1943.pdf HTTP/1.1" 200 273738
207.46.13.68 - - [06/Jun/2015:03:56:26 -0500] "GET /BLA/resoluciones/RESOLUCIONES%202010/6357.pdf HTTP/1.1" 200 758341
201.245.192.253 - - [06/Jun/2015:03:53:36 -0500] "GET /ForestMSG_SDA/channelAsync/template_word_18303147?X-Atmosphere-tracking-id=ef7b8cca-22a0-3631-7219-93916646b115&X-Atmosphere-Framework=1.0.5&X-Atmosphere-Transport=long-polling&tabid=0.1128270248301344&X-Cache-Date=0&Content-Type=application/xml&_=1433580872854 HTTP/1.1" 200 8193
180.76.15.12 - - [06/Jun/2015:03:56:38 -0500] "GET /BLA/resoluciones/AUTOS%202009/2092.pdf HTTP/1.1" 200 99826
157.55.39.134 - - [06/Jun/2015:03:56:54 -0500] "GET /BLA/resoluciones/RESOLUCIONES%202010/1173.pdf HTTP/1.1" 200 110864
180.76.15.160 - - [06/Jun/2015:03:56:56 -0500] "GET /BLA/resoluciones/AUTOS%202009/2234.pdf HTTP/1.1" 200 121784
207.46.13.104 - - [06/Jun/2015:03:56:57 -0500] "GET /BLA/resoluciones/AUTOS%202011/3307.pdf HTTP/1.1" 200 265033
207.46.13.68 - - [06/Jun/2015:03:57:11 -0500] "GET /BLA/resoluciones/RESOLUCIONES%202010/0456.pdf HTTP/1.1" 200 102764
180.76.15.10 - - [06/Jun/2015:03:57:13 -0500] "GET /BLA/resoluciones/RESOLUCIONES%202009/7861.pdf HTTP/1.1" 200 758829
207.46.13.68 - - [06/Jun/2015:03:57:16 -0500] "GET /bla/resoluciones/resoluciones%202009/2036.pdf HTTP/1.1" 200 843487
66.249.64.233 - - [06/Jun/2015:03:57:23 -0500] "GET /BLA/resoluciones/RESOLUCIONES%202010/2836.pdf HTTP/1.1" 200 434266
207.46.13.104 - - [06/Jun/2015:03:57:25 -0500] "GET /BLA/resoluciones/AUTOS%202007/2856.pdf HTTP/1.1" 200 167469
157.55.39.11 - - [06/Jun/2015:03:57:37 -0500] "GET /BLA/resoluciones/Resoluciones%202011/4958.pdf HTTP/1.1" 200 349181
157.55.39.11 - - [06/Jun/2015:03:57:37 -0500] "GET /BLA/resoluciones/AUTOS%202010/3475.pdf HTTP/1.1" 200 373591
207.46.13.104 - - [06/Jun/2015:03:57:41 -0500] "GET /BLA/resoluciones/RESOLUCIONES%202011/2884.pdf HTTP/1.1" 200 825022
207.46.13.68 - - [06/Jun/2015:03:57:45 -0500] "GET /BLA/resoluciones/RESOLUCIONES%202011/0225.pdf HTTP/1.1" 200 78805
207.46.13.68 - - [06/Jun/2015:03:57:46 -0500] "GET /BLA/resoluciones/AUTOS%202007/0029.pdf HTTP/1.1" 200 49432
180.76.15.152 - - [06/Jun/2015:03:57:48 -0500] "GET /BLA/resoluciones/RESOLUCIONES%202011/1767.pdf HTTP/1.1" 200 520542
157.55.39.134 - - [06/Jun/2015:03:58:01 -0500] "GET /BLA/resoluciones/RESOLUCIONES%202010/1471.pdf HTTP/1.1" 200 441385
157.55.39.10 - - [06/Jun/2015:03:58:02 -0500] "GET /BLA/resoluciones/RESOLUCIONES%202009/8939.pdf HTTP/1.1" 200 279745
157.55.39.10 - - [06/Jun/2015:03:58:02 -0500] "GET /BLA/resoluciones/RESOLUCIONES%202009/1663.pdf HTTP/1.1" 200 426061
180.76.15.5 - - [06/Jun/2015:03:58:05 -0500] "GET /BLA/resoluciones/AUTOS%202012/2961.pdf HTTP/1.1" 200 237288
207.46.13.68 - - [06/Jun/2015:03:58:17 -0500] "GET /BLA/resoluciones/Resoluciones%202011/1828.pdf HTTP/1.1" 200 500784
180.76.15.154 - - [06/Jun/2015:03:58:22 -0500] "GET /BLA/resoluciones/RESOLUCIONES%202013/0330.pdf HTTP/1.1" 200 7007118
207.46.13.68 - - [06/Jun/2015:03:58:27 -0500] "GET /BLA/resoluciones/RESOLUCIONES%202009/1627.pdf HTTP/1.1" 200 480351
207.46.13.68 - - [06/Jun/2015:03:58:27 -0500] "GET /BLA/resoluciones/RESOLUCIONES%202008/4123.pdf HTTP/1.1" 200 600542
207.46.13.68 - - [06/Jun/2015:03:58:28 -0500] "GET /BLA/resoluciones/Autos%202008/2261.pdf HTTP/1.1" 200 183577
207.46.13.104 - - [06/Jun/2015:03:58:36 -0500] "GET /BLA/resoluciones/Resoluciones%202011/4316.pdf HTTP/1.1" 200 495198
180.76.15.136 - - [06/Jun/2015:03:58:39 -0500] "GET /BLA/resoluciones/AUTOS%202013/1230.pdf HTTP/1.1" 200 278402
207.46.13.68 - - [06/Jun/2015:03:58:41 -0500] "GET /BLA/resoluciones/RESOLUCIONES%202012/0416.pdf HTTP/1.1" 200 412829
66.249.64.228 - - [06/Jun/2015:03:58:42 -0500] "GET /BLA/resoluciones/RESOLUCIONES%202007/RES%202007%203801%20AL%203900/RESOLUCION%203849%20DE%202007.pdf HTTP/1.1" 200 657300
207.46.13.68 - - [06/Jun/2015:03:58:43 -0500] "GET /BLA/resoluciones/RESOLUCIONES%202010/1232.pdf HTTP/1.1" 200 136620
207.46.13.68 - - [06/Jun/2015:03:58:43 -0500] "GET /BLA/resoluciones/RESOLUCIONES%202010/0790.pdf HTTP/1.1" 200 124988
207.46.13.68 - - [06/Jun/2015:03:58:49 -0500] "GET /bla/resoluciones/RESOLUCIONES%202009/2386.pdf HTTP/1.1" 200 422142
74.86.158.107 - - [06/Jun/2015:03:58:53 -0500] "HEAD / HTTP/1.1" 200 -
181.48.9.61 - - [06/Jun/2015:03:58:54 -0500] "GET /galeria/galeria/jquery.fancybox.css?v=2.1.5 HTTP/1.1" 304 -
181.48.9.61 - - [06/Jun/2015:03:58:54 -0500] "GET /BLA/boletinlegal/js/jquery.scrollTo-min.js HTTP/1.1" 304 -
157.55.39.134 - - [06/Jun/2015:03:58:55 -0500] "GET /BLA/resoluciones/RESOLUCIONES%202009/0281.pdf HTTP/1.1" 200 212780
181.48.9.61 - - [06/Jun/2015:03:58:55 -0500] "GET /BLA/boletinlegal/js/jquery.scrollShow.js HTTP/1.1" 304 -
181.48.9.61 - - [06/Jun/2015:03:58:55 -0500] "GET /galeria/galeria/jquery.fancybox.js?v=2.1.5 HTTP/1.1" 304 -
157.55.39.134 - - [06/Jun/2015:03:58:56 -0500] "GET /BLA/resoluciones/AUTOS%202010/2889.pdf HTTP/1.1" 200 146313
180.76.15.149 - - [06/Jun/2015:03:58:57 -0500] "GET /BLA/resoluciones/RESOLUCIONES%202007/RES%202007%20301%20AL%20400/RESOLUCION%200321%20DE%202007.pdf HTTP/1.1" 200 220016
207.46.13.104 - - [06/Jun/2015:03:58:59 -0500] "GET /BLA/resoluciones/Resoluciones%202011/3979.pdf HTTP/1.1" 200 428691
207.46.13.104 - - [06/Jun/2015:03:59:00 -0500] "GET /BLA/resoluciones/RESOLUCIONES%202010/1926.pdf HTTP/1.1" 200 60618
207.46.13.104 - - [06/Jun/2015:03:59:01 -0500] "GET /BLA/resoluciones/RESOLUCIONES%202011/0558.pdf HTTP/1.1" 200 71673
207.46.13.68 - - [06/Jun/2015:03:59:04 -0500] "GET /bla/resoluciones/RESOLUCIONES%202009/1065.pdf HTTP/1.1" 200 141276
180.76.15.139 - - [06/Jun/2015:03:59:14 -0500] "GET /BLA/resoluciones/AUTOS%202013/0953.pdf HTTP/1.1" 200 485939
180.76.15.142 - - [06/Jun/2015:03:59:31 -0500] "GET /BLA/resoluciones/RESOLUCIONES%202010/0258.pdf HTTP/1.1" 200 474215
201.245.192.253 - - [06/Jun/2015:03:56:36 -0500] "GET /ForestMSG_SDA/channelAsync/template_word_18303147?X-Atmosphere-tracking-id=ef7b8cca-22a0-3631-7219-93916646b115&X-Atmosphere-Framework=1.0.5&X-Atmosphere-Transport=long-polling&tabid=0.1128270248301344&X-Cache-Date=0&Content-Type=application/xml&_=1433581053159 HTTP/1.1" 200 8193
207.46.13.68 - - [06/Jun/2015:03:59:39 -0500] "GET /BLA/resoluciones/RESOLUCIONES%202008/5537.pdf HTTP/1.1" 200 190631
207.46.13.104 - - [06/Jun/2015:03:59:56 -0500] "GET /BLA/resoluciones/RESOLUCIONES%202012/1775.pdf HTTP/1.1" 200 520600
24.157.201.73 - - [06/Jun/2015:04:00:02 -0500] "GET /webdav/x32.php?host=67.219.77.145&time=60&port=3074 HTTP/1.1" 404 1018
66.249.64.223 - - [06/Jun/2015:04:00:02 -0500] "GET /BLA/resoluciones/RESOLUCIONES%202009/3549.pdf HTTP/1.1" 200 711249
207.46.13.68 - - [06/Jun/2015:04:00:19 -0500] "GET /BLA/resoluciones/AUTOS%202011/4720.pdf HTTP/1.1" 200 139957
207.46.13.68 - - [06/Jun/2015:04:00:19 -0500] "GET /BLA/resoluciones/Resoluciones%202011/2685.pdf HTTP/1.1" 200 752020
157.55.39.10 - - [06/Jun/2015:04:00:33 -0500] "GET /BLA/resoluciones/Resoluciones%202011/0862.pdf HTTP/1.1" 200 213082
157.55.39.10 - - [06/Jun/2015:04:00:34 -0500] "GET /BLA/resoluciones/AUTOS%202009/3428.pdf HTTP/1.1" 200 97875
157.55.39.10 - - [06/Jun/2015:04:00:34 -0500] "GET /BLA/resoluciones/Resoluciones%202011/0448.pdf HTTP/1.1" 200 370919
207.46.13.68 - - [06/Jun/2015:04:00:34 -0500] "GET /BLA/resoluciones/RESOLUCIONES%202014/0396.pdf HTTP/1.1" 200 610188
207.46.13.68 - - [06/Jun/2015:04:00:35 -0500] "GET /BLA/resoluciones/AUTOS%202011/6845.pdf HTTP/1.1" 200 175090
207.46.13.68 - - [06/Jun/2015:04:00:35 -0500] "GET /BLA/resoluciones/AUTOS%202009/3291.pdf HTTP/1.1" 200 151991
180.76.15.21 - - [06/Jun/2015:04:00:37 -0500] "GET /BLA/resoluciones/AUTOS%202012/2155.pdf HTTP/1.1" 200 375919
207.46.13.68 - - [06/Jun/2015:04:00:46 -0500] "GET /BLA/resoluciones/Resoluciones%202011/5637.pdf HTTP/1.1" 200 1023681
207.46.13.104 - - [06/Jun/2015:04:00:53 -0500] "GET /BLA/resoluciones/AUTOS%202011/5893.pdf HTTP/1.1" 200 276168
207.46.13.104 - - [06/Jun/2015:04:00:54 -0500] "GET /BLA/resoluciones/Resoluciones%202011/4926.pdf HTTP/1.1" 200 351059
180.76.15.18 - - [06/Jun/2015:04:00:54 -0500] "GET /BLA/resoluciones/RESOLUCIONES%202009/0478.pdf HTTP/1.1" 200 601449
66.249.64.228 - - [06/Jun/2015:04:01:22 -0500] "GET /BLA/resoluciones/RESOLUCIONES%202008/2958.pdf HTTP/1.1" 200 238241
207.46.13.104 - - [06/Jun/2015:04:01:22 -0500] "GET /BLA/resoluciones/RESOLUCIONES%202010/6876.pdf HTTP/1.1" 200 189366
207.46.13.104 - - [06/Jun/2015:04:01:23 -0500] "GET /BLA/resoluciones/AUTOS%202007/2029.pdf HTTP/1.1" 200 358250
207.46.13.104 - - [06/Jun/2015:04:01:24 -0500] "GET /BLA/resoluciones/RESOLUCIONES%202011/4360.pdf HTTP/1.1" 200 630564
207.46.13.68 - - [06/Jun/2015:04:01:27 -0500] "GET /bla/resoluciones/RESOLUCIONES%202011/1441.pdf HTTP/1.1" 200 62911
207.46.13.68 - - [06/Jun/2015:04:01:27 -0500] "GET /BLA/resoluciones/AUTOS%202011/5586.pdf HTTP/1.1" 200 413239
157.55.39.10 - - [06/Jun/2015:04:01:34 -0500] "GET /BLA/resoluciones/RESOLUCIONES%202010/0978.pdf HTTP/1.1" 200 126124
157.55.39.11 - - [06/Jun/2015:04:01:37 -0500] "GET /BLA/resoluciones/RESOLUCIONES%202008/0903.pdf HTTP/1.1" 200 278789
157.55.39.11 - - [06/Jun/2015:04:01:37 -0500] "GET /bla/resoluciones/RESOLUCIONES%202009/0060.pdf HTTP/1.1" 200 186022
207.46.13.104 - - [06/Jun/2015:04:01:42 -0500] "GET /BLA/resoluciones/RESOLUCIONES%202009/0488.pdf HTTP/1.1" 200 198469
24.157.201.73 - - [06/Jun/2015:04:01:44 -0500] "GET /webdav/x32.php?host=67.219.77.145&time=60&port=3074 HTTP/1.1" 404 1018
88.198.233.69 - - [06/Jun/2015:04:01:52 -0500] "GET / HTTP/1.1" 200 10190
207.46.13.68 - - [06/Jun/2015:04:01:57 -0500] "GET /BLA/resoluciones/RESOLUCIONES%202008/3221.pdf HTTP/1.1" 200 29517
207.46.13.68 - - [06/Jun/2015:04:01:58 -0500] "GET /BLA/resoluciones/Autos%202008/2194.pdf HTTP/1.1" 200 93599
180.76.15.23 - - [06/Jun/2015:04:02:10 -0500] "GET /BLA/resoluciones/RESOLUCIONES%202009/1414.pdf HTTP/1.1" 200 448937
207.46.13.104 - - [06/Jun/2015:04:02:13 -0500] "GET /BLA/resoluciones/AUTOS%202007/0511.pdf HTTP/1.1" 200 116592
207.46.13.68 - - [06/Jun/2015:04:02:17 -0500] "GET /bla/resoluciones/RESOLUCIONES%202011/2278.pdf HTTP/1.1" 200 502122
180.76.15.141 - - [06/Jun/2015:04:02:27 -0500] "GET /BLA/resoluciones/RESOLUCIONES%202009/2657.pdf HTTP/1.1" 200 716934
201.245.192.253 - - [06/Jun/2015:03:59:36 -0500] "GET /ForestMSG_SDA/channelAsync/template_word_18303147?X-Atmosphere-tracking-id=ef7b8cca-22a0-3631-7219-93916646b115&X-Atmosphere-Framework=1.0.5&X-Atmosphere-Transport=long-polling&tabid=0.1128270248301344&X-Cache-Date=0&Content-Type=application/xml&_=1433581233554 HTTP/1.1" 200 8193
207.46.13.104 - - [06/Jun/2015:04:02:39 -0500] "GET /BLA/resoluciones/AUTOS%202010/6810.pdf HTTP/1.1" 200 142620
207.46.13.104 - - [06/Jun/2015:04:02:39 -0500] "GET /BLA/resoluciones/Resoluciones%202011/3771.pdf HTTP/1.1" 200 355884
66.249.64.233 - - [06/Jun/2015:04:02:41 -0500] "GET /BLA/resoluciones/AUTOS%202014/5975.pdf HTTP/1.1" 200 2328829
180.76.15.135 - - [06/Jun/2015:04:02:45 -0500] "GET /BLA/resoluciones/RESOLUCIONES%202007/RES%202007%20201%20AL%20300/RESOLUCION%200265%20DE%202007.pdf HTTP/1.1" 200 370824
52.4.188.30 - - [06/Jun/2015:04:02:56 -0500] "GET /BLA/boletinlegal/js/jquery.scrollShow.js HTTP/1.1" 200 4586
52.4.188.30 - - [06/Jun/2015:04:02:56 -0500] "GET /galeria/galeria/jquery.fancybox.css?v=2.1.5 HTTP/1.1" 200 4895
52.4.188.30 - - [06/Jun/2015:04:02:56 -0500] "GET /galeria/carrusel/Carrusel/jquery-ui-1.8.13.custom.min.js HTTP/1.1" 200 10800
52.4.188.30 - - [06/Jun/2015:04:02:56 -0500] "GET /BLA/boletinlegal/js/jquery.scrollTo-min.js HTTP/1.1" 200 1150
52.4.188.30 - - [06/Jun/2015:04:02:56 -0500] "GET /galeria/galeria/jquery.fancybox.js?v=2.1.5 HTTP/1.1" 200 48706
52.4.188.30 - - [06/Jun/2015:04:02:56 -0500] "GET /galeria/carrusel/Carrusel/jquery.thumbnailScroller.css HTTP/1.1" 200 2066
52.4.188.30 - - [06/Jun/2015:04:02:56 -0500] "GET /galeria/carrusel/Carrusel/jquery.thumbnailScroller.js HTTP/1.1" 200 8157
52.4.188.30 - - [06/Jun/2015:04:02:57 -0500] "GET /galeria/nivo-slider/demo/demo.html HTTP/1.1" 200 5219
52.4.188.30 - - [06/Jun/2015:04:02:57 -0500] "GET /galeria/nivo-slider/themes/default/default.css HTTP/1.1" 200 1569
52.4.188.30 - - [06/Jun/2015:04:02:57 -0500] "GET /galeria/nivo-slider/themes/orman/orman.css HTTP/1.1" 200 2152
52.4.188.30 - - [06/Jun/2015:04:02:57 -0500] "GET /galeria/nivo-slider/themes/pascal/pascal.css HTTP/1.1" 200 2258
52.4.188.30 - - [06/Jun/2015:04:02:57 -0500] "GET /galeria/nivo-slider/demo/style.css HTTP/1.1" 200 2222
52.4.188.30 - - [06/Jun/2015:04:02:57 -0500] "GET /galeria/nivo-slider/nivo-slider.css HTTP/1.1" 200 1507
52.4.188.30 - - [06/Jun/2015:04:02:57 -0500] "GET /galeria/nivo-slider/demo/images/Semana-Ambiental.jpg HTTP/1.1" 200 62910
52.4.188.30 - - [06/Jun/2015:04:02:57 -0500] "GET /galeria/nivo-slider/demo/images/medio-ambiente.jpg HTTP/1.1" 200 105259
52.4.188.30 - - [06/Jun/2015:04:02:57 -0500] "GET /galeria/nivo-slider/demo/images/9Signos.jpg HTTP/1.1" 200 81776
52.4.188.30 - - [06/Jun/2015:04:02:57 -0500] "GET /galeria/nivo-slider/demo/images/Banner-encuesta-de-percepscio.jpg HTTP/1.1" 200 201899
52.4.188.30 - - [06/Jun/2015:04:02:57 -0500] "GET /galeria/nivo-slider/demo/images/Comparendo-ambiental-Banner.jpg HTTP/1.1" 200 83731
52.4.188.30 - - [06/Jun/2015:04:02:57 -0500] "GET /galeria/nivo-slider/demo/images/GAE-banner.jpg HTTP/1.1" 200 97556
52.4.188.30 - - [06/Jun/2015:04:02:57 -0500] "GET /galeria/nivo-slider/demo/images/banner-Pacto-por-la-madera.jpg HTTP/1.1" 200 209966
52.4.188.30 - - [06/Jun/2015:04:02:57 -0500] "GET /galeria/nivo-slider/demo/images/Banner-salud.jpg HTTP/1.1" 200 181685
52.4.188.30 - - [06/Jun/2015:04:02:57 -0500] "GET /galeria/nivo-slider/demo/scripts/jquery-1.7.1.min.js HTTP/1.1" 200 93868
52.4.188.30 - - [06/Jun/2015:04:02:58 -0500] "GET /galeria/nivo-slider/jquery.nivo.slider.pack.js HTTP/1.1" 200 11561
52.4.188.30 - - [06/Jun/2015:04:02:58 -0500] "GET /galeria/nivo-slider/demo/images/mailling-acercar-xpress.jpg HTTP/1.1" 200 137233
52.4.188.30 - - [06/Jun/2015:04:02:58 -0500] "GET /galeria/nivo-slider/demo/images/acuerdo_569.jpg HTTP/1.1" 200 62670
52.4.188.30 - - [06/Jun/2015:04:02:58 -0500] "GET /galeria/nivo-slider/demo/images/Licitaciones-proyecto-paramo.jpg HTTP/1.1" 200 221877
52.4.188.30 - - [06/Jun/2015:04:02:58 -0500] "GET /galeria/nivo-slider/demo/images/Banner-decreto1299.jpg HTTP/1.1" 200 182613
52.4.188.30 - - [06/Jun/2015:04:02:58 -0500] "GET /galeria/nivo-slider/demo/images/Banner-Directorio.jpg HTTP/1.1" 200 182068
52.4.188.30 - - [06/Jun/2015:04:02:59 -0500] "GET /galeria/nivo-slider/demo/images/Ruta-vertimientos-01.jpg HTTP/1.1" 200 130151
52.4.188.30 - - [06/Jun/2015:04:02:59 -0500] "GET /galeria/nivo-slider/demo/images/bolsas-06.jpg HTTP/1.1" 200 90982
52.4.188.30 - - [06/Jun/2015:04:02:59 -0500] "GET /galeria/nivo-slider/demo/images/Conoce-los-humedales.jpg HTTP/1.1" 200 294036
52.4.188.30 - - [06/Jun/2015:04:02:59 -0500] "GET /galeria/nivo-slider/demo/images/ecolecta-Dic2014.png HTTP/1.1" 200 288593
52.4.188.30 - - [06/Jun/2015:04:02:59 -0500] "GET /galeria/nivo-slider/demo/images/Banner-Caracol-Africano.jpg HTTP/1.1" 200 331986
52.4.188.30 - - [06/Jun/2015:04:02:59 -0500] "GET /galeria/nivo-slider/demo/images/banner-llantas2.jpg HTTP/1.1" 200 204644
52.4.188.30 - - [06/Jun/2015:04:02:59 -0500] "GET /galeria/nivo-slider/demo/images/4Simple_Slider.png HTTP/1.1" 200 11722
52.4.188.30 - - [06/Jun/2015:04:02:59 -0500] "GET /galeria/nivo-slider/themes/default/loading.gif HTTP/1.1" 200 1737
52.4.188.30 - - [06/Jun/2015:04:03:01 -0500] "GET /galeria/nivo-slider/themes/default/bullets.png HTTP/1.1" 200 1281
52.4.188.30 - - [06/Jun/2015:04:03:01 -0500] "GET /galeria/nivo-slider/themes/default/arrows.png HTTP/1.1" 200 824
157.55.39.10 - - [06/Jun/2015:04:03:02 -0500] "GET /BLA/resoluciones/AUTOS%202007/2354.pdf HTTP/1.1" 200 102455
180.76.15.13 - - [06/Jun/2015:04:03:02 -0500] "GET /BLA/resoluciones/AUTOS%202014/4168.pdf HTTP/1.1" 200 2437897
157.55.39.10 - - [06/Jun/2015:04:03:02 -0500] "GET /BLA/resoluciones/Resoluciones%202011/1196.pdf HTTP/1.1" 200 241352
157.55.39.10 - - [06/Jun/2015:04:03:03 -0500] "GET /BLA/resoluciones/RESOLUCIONES%202008/0534.pdf HTTP/1.1" 200 248025
157.55.39.10 - - [06/Jun/2015:04:03:03 -0500] "GET /BLA/resoluciones/RESOLUCIONES%202010/2115.pdf HTTP/1.1" 200 329577
157.55.39.10 - - [06/Jun/2015:04:03:03 -0500] "GET /BLA/resoluciones/AUTOS%202007/3667.pdf HTTP/1.1" 200 180888
207.46.13.68 - - [06/Jun/2015:04:03:13 -0500] "GET /BLA/resoluciones/AUTOS%202010/5429.pdf HTTP/1.1" 200 1517323
180.76.15.135 - - [06/Jun/2015:04:03:19 -0500] "GET /BLA/resoluciones/AUTOS%202009/0910.pdf HTTP/1.1" 200 122677
207.46.13.104 - - [06/Jun/2015:04:03:23 -0500] "GET /bla/resoluciones/resoluciones%202009/0777.pdf HTTP/1.1" 200 416876
207.46.13.68 - - [06/Jun/2015:04:03:28 -0500] "GET /BLA/resoluciones/RESOLUCIONES%202010/1449.pdf HTTP/1.1" 200 624584
207.46.13.68 - - [06/Jun/2015:04:03:29 -0500] "GET /BLA/resoluciones/AUTOS%202011/3652.pdf HTTP/1.1" 200 269667
207.46.13.68 - - [06/Jun/2015:04:03:29 -0500] "GET /bla/resoluciones/RESOLUCIONES%202009/1177.pdf HTTP/1.1" 200 251348
180.76.15.20 - - [06/Jun/2015:04:03:37 -0500] "GET /BLA/resoluciones/RESOLUCIONES%202010/2867.pdf HTTP/1.1" 200 507549
207.46.13.68 - - [06/Jun/2015:04:03:50 -0500] "GET /bla/resoluciones/RESOLUCIONES%202009/0416.pdf HTTP/1.1" 200 198089
74.86.158.107 - - [06/Jun/2015:04:03:53 -0500] "HEAD / HTTP/1.1" 200 -
180.76.15.25 - - [06/Jun/2015:04:03:54 -0500] "GET /BLA/resoluciones/RESOLUCIONES%202009/1651.pdf HTTP/1.1" 200 438389
66.249.64.126 - - [06/Jun/2015:04:04:01 -0500] "GET /hidrico/ HTTP/1.1" 404 1019
207.46.13.68 - - [06/Jun/2015:04:04:04 -0500] "GET /BLA/resoluciones/Resoluciones%202011/6307.pdf HTTP/1.1" 200 1210446
207.46.13.68 - - [06/Jun/2015:04:04:09 -0500] "GET /BLA/resoluciones/AUTOS%202007/3531.pdf HTTP/1.1" 200 418120
180.76.15.20 - - [06/Jun/2015:04:04:11 -0500] "GET /BLA/resoluciones/RESOLUCIONES%202009/1180.pdf HTTP/1.1" 200 275118
66.249.64.233 - - [06/Jun/2015:04:04:15 -0500] "GET /BLA/resoluciones/RESOLUCIONES%202006/RES%202006%201601-1650/00001609.tif HTTP/1.1" 200 171978
207.46.13.68 - - [06/Jun/2015:04:04:16 -0500] "GET /BLA/resoluciones/AUTOS%202010/0101.pdf HTTP/1.1" 200 395976
207.46.13.68 - - [06/Jun/2015:04:04:17 -0500] "GET /BLA/resoluciones/Autos%202008/1232.pdf HTTP/1.1" 200 90946
207.46.13.68 - - [06/Jun/2015:04:04:18 -0500] "GET /BLA/resoluciones/AUTOS%202011/4634.pdf HTTP/1.1" 200 617453
180.76.15.19 - - [06/Jun/2015:04:04:28 -0500] "GET /BLA/resoluciones/RESOLUCIONES%202011/0399.pdf HTTP/1.1" 200 69327
207.46.13.104 - - [06/Jun/2015:04:04:34 -0500] "GET /BLA/resoluciones/RESOLUCIONES%202009/1439.pdf HTTP/1.1" 200 739116
157.55.39.11 - - [06/Jun/2015:04:04:45 -0500] "GET /BLA/resoluciones/RESOLUCIONES%202010/7262.pdf HTTP/1.1" 200 258697
157.55.39.11 - - [06/Jun/2015:04:04:45 -0500] "GET /BLA/resoluciones/AUTOS%202009/2441.pdf HTTP/1.1" 200 100337
180.76.15.152 - - [06/Jun/2015:04:04:46 -0500] "GET /BLA/resoluciones/RESOLUCIONES%202009/1513.pdf HTTP/1.1" 200 537624
157.55.39.11 - - [06/Jun/2015:04:04:46 -0500] "GET /BLA/resoluciones/AUTOS%202009/2386.pdf HTTP/1.1" 200 237571
157.55.39.11 - - [06/Jun/2015:04:04:46 -0500] "GET /BLA/resoluciones/Resoluciones%202011/3059.pdf HTTP/1.1" 200 120506
157.55.39.11 - - [06/Jun/2015:04:04:47 -0500] "GET /BLA/resoluciones/RESOLUCIONES%202010/7560.pdf HTTP/1.1" 200 69143
157.55.39.11 - - [06/Jun/2015:04:04:47 -0500] "GET /BLA/resoluciones/AUTOS%202007/3077.pdf HTTP/1.1" 200 209558
157.55.39.11 - - [06/Jun/2015:04:04:47 -0500] "GET /BLA/resoluciones/Autos%202008/0015.pdf HTTP/1.1" 200 74441
157.55.39.11 - - [06/Jun/2015:04:04:48 -0500] "GET /BLA/resoluciones/RESOLUCIONES%202008/1932.pdf HTTP/1.1" 200 214454
157.55.39.11 - - [06/Jun/2015:04:04:48 -0500] "GET /BLA/resoluciones/AUTOS%202007/2833.pdf HTTP/1.1" 200 281522
157.55.39.11 - - [06/Jun/2015:04:04:49 -0500] "GET /BLA/resoluciones/RESOLUCIONES%202012/0740.pdf HTTP/1.1" 200 177881
157.55.39.11 - - [06/Jun/2015:04:04:49 -0500] "GET /BLA/resoluciones/Autos%202008/2281.pdf HTTP/1.1" 200 100271
207.46.13.68 - - [06/Jun/2015:04:04:50 -0500] "GET /BLA/resoluciones/RESOLUCIONES%202008/2229.pdf HTTP/1.1" 200 197799
207.46.13.68 - - [06/Jun/2015:04:04:50 -0500] "GET /BLA/resoluciones/RESOLUCIONES%202009/0471.pdf HTTP/1.1" 200 306977
180.76.15.30 - - [06/Jun/2015:04:05:03 -0500] "GET /BLA/resoluciones/RESOLUCIONES%202007/RES%202007%202901%20AL%203000/RESOLUCION%202970%20DE%202007.pdf HTTP/1.1" 200 755892
207.46.13.104 - - [06/Jun/2015:04:05:04 -0500] "GET /BLA/resoluciones/RESOLUCIONES%202010/0086.pdf HTTP/1.1" 200 512955
207.46.13.104 - - [06/Jun/2015:04:05:06 -0500] "GET /BLA/resoluciones/RESOLUCIONES%202009/1486.pdf HTTP/1.1" 200 438540
207.46.13.68 - - [06/Jun/2015:04:05:08 -0500] "GET /BLA/resoluciones/RESOLUCIONES%202010/7301.pdf HTTP/1.1" 200 385865
207.46.13.68 - - [06/Jun/2015:04:05:08 -0500] "GET /BLA/resoluciones/RESOLUCIONES%202014/1453.pdf HTTP/1.1" 200 578870
207.46.13.68 - - [06/Jun/2015:04:05:09 -0500] "GET /BLA/resoluciones/RESOLUCIONES%202008/3415.pdf HTTP/1.1" 200 260803
207.46.13.68 - - [06/Jun/2015:04:05:17 -0500] "GET /BLA/resoluciones/RESOLUCIONES%202008/2331.pdf HTTP/1.1" 200 91516
180.76.15.157 - - [06/Jun/2015:04:05:20 -0500] "GET /BLA/resoluciones/RESOLUCIONES%202009/1434.pdf HTTP/1.1" 200 459460
66.249.64.228 - - [06/Jun/2015:04:05:21 -0500] "GET /BLA/resoluciones/RESOLUCIONES%202008/3567.pdf HTTP/1.1" 304 -
24.157.201.73 - - [06/Jun/2015:04:05:21 -0500] "GET /webdav/x32.php?host=108.61.73.171&time=60&port=3074 HTTP/1.1" 404 1018
88.208.252.221 - - [06/Jun/2015:04:05:23 -0500] "GET /wordpress/wp-admin/ HTTP/1.1" 404 1018
201.245.192.253 - - [06/Jun/2015:04:02:36 -0500] "GET /ForestMSG_SDA/channelAsync/template_word_18303147?X-Atmosphere-tracking-id=ef7b8cca-22a0-3631-7219-93916646b115&X-Atmosphere-Framework=1.0.5&X-Atmosphere-Transport=long-polling&tabid=0.1128270248301344&X-Cache-Date=0&Content-Type=application/xml&_=1433581413632 HTTP/1.1" 200 8193
180.76.15.5 - - [06/Jun/2015:04:05:38 -0500] "GET /BLA/resoluciones/RESOLUCIONES%202009/0022.pdf HTTP/1.1" 200 337973
190.242.74.236 - - [06/Jun/2015:04:05:42 -0500] "GET /BLA/resoluciones/AUTOS%202011/2139.pdf HTTP/1.1" 200 254053
207.46.13.68 - - [06/Jun/2015:04:05:45 -0500] "GET /bla/resoluciones/RESOLUCIONES%202011/1620.pdf HTTP/1.1" 200 66239
180.76.15.163 - - [06/Jun/2015:04:05:55 -0500] "GET /BLA/resoluciones/RESOLUCIONES%202008/5346.pdf HTTP/1.1" 200 236331
157.55.39.134 - - [06/Jun/2015:04:05:58 -0500] "GET /BLA/resoluciones/RESOLUCIONES%202011/2590.pdf HTTP/1.1" 200 173143
157.55.39.134 - - [06/Jun/2015:04:05:58 -0500] "GET /BLA/resoluciones/RESOLUCIONES%202009/2325.pdf HTTP/1.1" 200 78014
207.46.13.68 - - [06/Jun/2015:04:06:09 -0500] "GET /bla/resoluciones/RESOLUCIONES%202009/0741.pdf HTTP/1.1" 200 326996
180.76.15.148 - - [06/Jun/2015:04:06:12 -0500] "GET /BLA/resoluciones/AUTOS%202012/2291.pdf HTTP/1.1" 200 206407
207.46.13.104 - - [06/Jun/2015:04:06:25 -0500] "GET /BLA/resoluciones/AUTOS%202011/3941.pdf HTTP/1.1" 200 270859
180.76.15.8 - - [06/Jun/2015:04:06:29 -0500] "GET /BLA/resoluciones/AUTOS%202012/2869.pdf HTTP/1.1" 200 446894
207.46.13.68 - - [06/Jun/2015:04:06:30 -0500] "GET /BLA/resoluciones/AUTOS%202009/0730.pdf HTTP/1.1" 200 164918
157.55.39.10 - - [06/Jun/2015:04:06:37 -0500] "GET /BLA/resoluciones/AUTOS%202007/3428.pdf HTTP/1.1" 200 227401
157.55.39.10 - - [06/Jun/2015:04:06:37 -0500] "GET /bla/resoluciones/RESOLUCIONES%202009/0505.pdf HTTP/1.1" 200 16413
157.55.39.10 - - [06/Jun/2015:04:06:38 -0500] "GET /BLA/resoluciones/RESOLUCIONES%202009/8765.pdf HTTP/1.1" 200 56052
157.55.39.10 - - [06/Jun/2015:04:06:38 -0500] "GET /BLA/resoluciones/Autos%202008/1305.pdf HTTP/1.1" 200 217309
207.46.13.68 - - [06/Jun/2015:04:06:39 -0500] "GET /BLA/resoluciones/RESOLUCIONES%202008/1086.pdf HTTP/1.1" 200 310280
207.46.13.68 - - [06/Jun/2015:04:06:40 -0500] "GET /BLA/resoluciones/RESOLUCIONES%202008/5644.pdf HTTP/1.1" 200 213014
66.249.64.228 - - [06/Jun/2015:04:06:41 -0500] "GET /BLA/resoluciones/RESOLUCIONES%202010/2482.pdf HTTP/1.1" 304 -
180.76.15.140 - - [06/Jun/2015:04:06:47 -0500] "GET /BLA/resoluciones/AUTOS%202012/1820.pdf HTTP/1.1" 200 276015
207.46.13.104 - - [06/Jun/2015:04:06:56 -0500] "GET /BLA/resoluciones/RESOLUCIONES%202010/7296.pdf HTTP/1.1" 200 336315
180.76.15.13 - - [06/Jun/2015:04:07:04 -0500] "GET /BLA/resoluciones/RESOLUCIONES%202009/8551.pdf HTTP/1.1" 200 513474
207.46.13.68 - - [06/Jun/2015:04:07:21 -0500] "GET /BLA/resoluciones/AUTOS%202009/0856.pdf HTTP/1.1" 200 93071
180.76.15.143 - - [06/Jun/2015:04:07:21 -0500] "GET /BLA/resoluciones/RESOLUCIONES%202007/RES%202007%203401%20AL%203500/RESOLUCION%203440%20DE%202007.pdf HTTP/1.1" 200 535664
207.46.13.104 - - [06/Jun/2015:04:07:33 -0500] "GET /BLA/resoluciones/RESOLUCIONES%202010/1065.pdf HTTP/1.1" 200 122660
207.46.13.104 - - [06/Jun/2015:04:07:33 -0500] "GET /BLA/resoluciones/AUTOS%202010/4882.pdf HTTP/1.1" 200 1667700
157.55.39.10 - - [06/Jun/2015:04:07:36 -0500] "GET /bla/resoluciones/resoluciones%202009/4925.pdf HTTP/1.1" 200 50114
207.46.13.104 - - [06/Jun/2015:04:07:36 -0500] "GET /BLA/resoluciones/Resoluciones%202011/0859.pdf HTTP/1.1" 200 370709
157.55.39.10 - - [06/Jun/2015:04:07:36 -0500] "GET /bla/resoluciones/resoluciones%202009/5849.pdf HTTP/1.1" 200 102084
157.55.39.11 - - [06/Jun/2015:04:07:38 -0500] "GET /BLA/resoluciones/RESOLUCIONES%202008/3468.pdf HTTP/1.1" 200 447952
180.76.15.23 - - [06/Jun/2015:04:07:39 -0500] "GET /BLA/resoluciones/AUTOS%202010/4887.pdf HTTP/1.1" 200 164211
207.46.13.68 - - [06/Jun/2015:04:07:41 -0500] "GET /BLA/resoluciones/Autos%202008/0205.pdf HTTP/1.1" 200 108457
180.76.15.136 - - [06/Jun/2015:04:07:56 -0500] "GET /BLA/resoluciones/RESOLUCIONES%202007/RES%202007%202901%20AL%203000/RESOLUCION%202945%20DE%202007.pdf HTTP/1.1" 200 74521
207.46.13.104 - - [06/Jun/2015:04:08:10 -0500] "GET /bla/resoluciones/resoluciones%202009/1680.pdf HTTP/1.1" 200 695250
207.46.13.104 - - [06/Jun/2015:04:08:11 -0500] "GET /BLA/resoluciones/RESOLUCIONES%202009/2114.pdf HTTP/1.1" 200 578667
207.46.13.104 - - [06/Jun/2015:04:08:13 -0500] "GET /bla/resoluciones/RESOLUCIONES%202011/1243.pdf HTTP/1.1" 200 283145
180.76.15.134 - - [06/Jun/2015:04:08:13 -0500] "GET /BLA/resoluciones/RESOLUCIONES%202008/3260.pdf HTTP/1.1" 200 162459
24.157.201.73 - - [06/Jun/2015:04:08:25 -0500] "GET /webdav/x32.php?host=108.61.73.171&time=60&port=3074 HTTP/1.1" 404 1018
180.76.15.146 - - [06/Jun/2015:04:08:30 -0500] "GET /BLA/resoluciones/AUTOS%202009/0837.pdf HTTP/1.1" 200 85528
157.55.39.168 - - [06/Jun/2015:04:08:34 -0500] "GET /BLA/resoluciones/RESOLUCIONES%202010/7508.pdf HTTP/1.1" 200 35733
157.55.39.168 - - [06/Jun/2015:04:08:34 -0500] "GET /BLA/resoluciones/AUTOS%202009/0036.pdf HTTP/1.1" 200 103096
157.55.39.168 - - [06/Jun/2015:04:08:35 -0500] "GET /BLA/resoluciones/RESOLUCIONES%202011/4246.pdf HTTP/1.1" 200 437851
157.55.39.168 - - [06/Jun/2015:04:08:35 -0500] "GET /BLA/resoluciones/RESOLUCIONES%202011/2648.pdf HTTP/1.1" 200 517567
157.55.39.168 - - [06/Jun/2015:04:08:36 -0500] "GET /BLA/resoluciones/RESOLUCIONES%202008/1761.pdf HTTP/1.1" 200 234314
157.55.39.168 - - [06/Jun/2015:04:08:37 -0500] "GET /BLA/resoluciones/RESOLUCIONES%202009/1130.pdf HTTP/1.1" 200 162486
201.245.192.253 - - [06/Jun/2015:04:05:36 -0500] "GET /ForestMSG_SDA/channelAsync/template_word_18303147?X-Atmosphere-tracking-id=ef7b8cca-22a0-3631-7219-93916646b115&X-Atmosphere-Framework=1.0.5&X-Atmosphere-Transport=long-polling&tabid=0.1128270248301344&X-Cache-Date=0&Content-Type=application/xml&_=1433581593694 HTTP/1.1" 200 8193
157.55.39.168 - - [06/Jun/2015:04:08:38 -0500] "GET /BLA/resoluciones/RESOLUCIONES%202008/1295.pdf HTTP/1.1" 200 871057
157.55.39.168 - - [06/Jun/2015:04:08:38 -0500] "GET /BLA/resoluciones/AUTOS%202011/6820.pdf HTTP/1.1" 200 501432
157.55.39.168 - - [06/Jun/2015:04:08:39 -0500] "GET /BLA/resoluciones/RESOLUCIONES%202009/2199.pdf HTTP/1.1" 200 631932
207.46.13.104 - - [06/Jun/2015:04:08:42 -0500] "GET /bla/resoluciones/resoluciones%202009/1794.pdf HTTP/1.1" 200 217789
207.46.13.104 - - [06/Jun/2015:04:08:42 -0500] "GET /BLA/resoluciones/RESOLUCIONES%202011/3738.pdf HTTP/1.1" 200 271578
207.46.13.68 - - [06/Jun/2015:04:08:47 -0500] "GET /bla/resoluciones/RESOLUCIONES%202011/2237.pdf HTTP/1.1" 200 319037
180.76.15.158 - - [06/Jun/2015:04:08:48 -0500] "GET /BLA/resoluciones/RESOLUCIONES%202008/4385.pdf HTTP/1.1" 200 42847
74.86.158.107 - - [06/Jun/2015:04:08:53 -0500] "HEAD / HTTP/1.1" 200 -
180.76.15.31 - - [06/Jun/2015:04:09:05 -0500] "GET /BLA/resoluciones/RESOLUCIONES%202007/RES%202007%203701%20AL%203800/RESOLUCION%203717%20DE%202007.pdf HTTP/1.1" 200 479226
207.46.13.104 - - [06/Jun/2015:04:09:06 -0500] "GET /BLA/resoluciones/RESOLUCIONES%202009/1007.pdf HTTP/1.1" 200 318803
207.46.13.68 - - [06/Jun/2015:04:09:11 -0500] "GET /BLA/resoluciones/RESOLUCIONES%202009/7718.pdf HTTP/1.1" 200 62162
207.46.13.68 - - [06/Jun/2015:04:09:12 -0500] "GET /BLA/resoluciones/AUTOS%202009/3206.pdf HTTP/1.1" 200 213589
207.46.13.68 - - [06/Jun/2015:04:09:12 -0500] "GET /BLA/resoluciones/RESOLUCIONES%202009/3661.pdf HTTP/1.1" 200 110022
207.46.13.68 - - [06/Jun/2015:04:09:17 -0500] "GET /BLA/resoluciones/RESOLUCIONES%202014/2259.pdf HTTP/1.1" 200 727833
66.249.64.121 - - [06/Jun/2015:04:09:20 -0500] "GET /POT-2013/Cartografia/34_EST_ORDENAMIENTO%20PARA%20EL%20SUELO_RURAL.pdf HTTP/1.1" 304 -
207.46.13.104 - - [06/Jun/2015:04:09:40 -0500] "GET /bla/resoluciones/RESOLUCIONES%202011/3143.pdf HTTP/1.1" 200 61603
207.46.13.104 - - [06/Jun/2015:04:09:51 -0500] "GET /BLA/resoluciones/RESOLUCIONES%202010/2236.pdf HTTP/1.1" 200 477189
207.46.13.104 - - [06/Jun/2015:04:09:51 -0500] "GET /BLA/resoluciones/RESOLUCIONES%202014/0113.pdf HTTP/1.1" 200 216977
207.46.13.104 - - [06/Jun/2015:04:09:51 -0500] "GET /BLA/resoluciones/Resoluciones%202011/0269.pdf HTTP/1.1" 200 61330
207.46.13.104 - - [06/Jun/2015:04:09:52 -0500] "GET /bla/resoluciones/resoluciones%202009/5034.pdf HTTP/1.1" 200 56230
180.76.15.147 - - [06/Jun/2015:04:10:03 -0500] "GET /BLA/resoluciones/RESOLUCIONES%202007/RES%202007%202201%20AL%202300/RESOLUCION%202235%20DE%202007.pdf HTTP/1.1" 200 615343
207.46.13.104 - - [06/Jun/2015:04:10:10 -0500] "GET /BLA/resoluciones/AUTOS%202011/4135.pdf HTTP/1.1" 200 202644
207.46.13.68 - - [06/Jun/2015:04:10:14 -0500] "GET /bla/resoluciones/RESOLUCIONES%202009/1159.pdf HTTP/1.1" 200 368100
157.55.39.167 - - [06/Jun/2015:04:10:20 -0500] "GET /BLA/resoluciones/Autos%202008/0232.pdf HTTP/1.1" 200 182808
157.55.39.168 - - [06/Jun/2015:04:10:21 -0500] "GET /BLA/resoluciones/RESOLUCIONES%202008/1110.pdf HTTP/1.1" 200 59457
157.55.39.168 - - [06/Jun/2015:04:10:21 -0500] "GET /BLA/resoluciones/RESOLUCIONES%202008/0862.pdf HTTP/1.1" 200 24884
157.55.39.168 - - [06/Jun/2015:04:10:22 -0500] "GET /BLA/resoluciones/RESOLUCIONES%202010/0010.pdf HTTP/1.1" 200 438562
157.55.39.168 - - [06/Jun/2015:04:10:22 -0500] "GET /BLA/resoluciones/Resoluciones%202011/3941.pdf HTTP/1.1" 200 722790
207.46.13.104 - - [06/Jun/2015:04:10:51 -0500] "GET /BLA/resoluciones/RESOLUCIONES%202010/6367.pdf HTTP/1.1" 200 73528
180.76.15.15 - - [06/Jun/2015:04:10:57 -0500] "GET /BLA/resoluciones/AUTOS%202012/1850.pdf HTTP/1.1" 200 250050
157.55.39.167 - - [06/Jun/2015:04:10:59 -0500] "GET /BLA/resoluciones/AUTOS%202007/3722.pdf HTTP/1.1" 200 316266
157.55.39.167 - - [06/Jun/2015:04:10:59 -0500] "GET /BLA/resoluciones/RESOLUCIONES%202008/1522.pdf HTTP/1.1" 200 324675
157.55.39.167 - - [06/Jun/2015:04:10:59 -0500] "GET /BLA/resoluciones/Autos%202008/0794.pdf HTTP/1.1" 200 69942
207.46.13.104 - - [06/Jun/2015:04:11:03 -0500] "GET /bla/resoluciones/RESOLUCIONES%202011/0494.pdf HTTP/1.1" 200 71489
207.46.13.68 - - [06/Jun/2015:04:11:09 -0500] "GET /BLA/resoluciones/RESOLUCIONES%202010/6911.pdf HTTP/1.1" 200 315331
207.46.13.68 - - [06/Jun/2015:04:11:10 -0500] "GET /BLA/resoluciones/index.php?dir=RESOLUCIONES+2011%2F HTTP/1.1" 200 673117
180.76.15.140 - - [06/Jun/2015:04:11:14 -0500] "GET /BLA/resoluciones/AUTOS%202009/1155.pdf HTTP/1.1" 200 63532
207.46.13.68 - - [06/Jun/2015:04:11:14 -0500] "GET /BLA/resoluciones/AUTOS%202010/5610.pdf HTTP/1.1" 200 425862
207.46.13.68 - - [06/Jun/2015:04:11:15 -0500] "GET /BLA/resoluciones/AUTOS%202011/7779.pdf HTTP/1.1" 200 312190
207.46.13.68 - - [06/Jun/2015:04:11:15 -0500] "GET /bla/resoluciones/RESOLUCIONES%202011/0071.pdf HTTP/1.1" 200 343592
207.46.13.68 - - [06/Jun/2015:04:11:24 -0500] "GET /BLA/resoluciones/RESOLUCIONES%202010/0738.pdf HTTP/1.1" 200 109622
207.46.13.68 - - [06/Jun/2015:04:11:25 -0500] "GET /BLA/resoluciones/RESOLUCIONES%202008/0941.pdf HTTP/1.1" 200 205467
180.76.15.10 - - [06/Jun/2015:04:11:31 -0500] "GET /BLA/resoluciones/RESOLUCIONES%202009/1007.pdf HTTP/1.1" 200 318803
207.46.13.104 - - [06/Jun/2015:04:11:32 -0500] "GET /BLA/resoluciones/RESOLUCIONES%202012/0311.pdf HTTP/1.1" 200 472455
157.55.39.10 - - [06/Jun/2015:04:11:37 -0500] "GET /BLA/resoluciones/AUTOS%202009/1421.pdf HTTP/1.1" 200 108886
157.55.39.10 - - [06/Jun/2015:04:11:37 -0500] "GET /BLA/resoluciones/AUTOS%202010/0488.pdf HTTP/1.1" 200 189311
157.55.39.10 - - [06/Jun/2015:04:11:37 -0500] "GET /BLA/resoluciones/RESOLUCIONES%202010/7328.pdf HTTP/1.1" 200 379336
157.55.39.10 - - [06/Jun/2015:04:11:38 -0500] "GET /BLA/resoluciones/RESOLUCIONES%202008/0209.pdf HTTP/1.1" 200 276983
201.245.192.253 - - [06/Jun/2015:04:08:36 -0500] "GET /ForestMSG_SDA/channelAsync/template_word_18303147?X-Atmosphere-tracking-id=ef7b8cca-22a0-3631-7219-93916646b115&X-Atmosphere-Framework=1.0.5&X-Atmosphere-Transport=long-polling&tabid=0.1128270248301344&X-Cache-Date=0&Content-Type=application/xml&_=1433581773749 HTTP/1.1" 200 8193
157.55.39.10 - - [06/Jun/2015:04:11:38 -0500] "GET /BLA/resoluciones/RESOLUCIONES%202011/3120.pdf HTTP/1.1" 200 683382
157.55.39.10 - - [06/Jun/2015:04:11:39 -0500] "GET /bla/resoluciones/resoluciones%202009/1748.pdf HTTP/1.1" 200 539252
157.55.39.10 - - [06/Jun/2015:04:11:39 -0500] "GET /BLA/resoluciones/AUTOS%202009/1095.pdf HTTP/1.1" 200 98942
157.55.39.10 - - [06/Jun/2015:04:11:39 -0500] "GET /BLA/resoluciones/RESOLUCIONES%202010/0745.pdf HTTP/1.1" 200 443137
157.55.39.10 - - [06/Jun/2015:04:11:40 -0500] "GET /BLA/resoluciones/RESOLUCIONES%202014/2715.pdf HTTP/1.1" 200 1127486
157.55.39.10 - - [06/Jun/2015:04:11:40 -0500] "GET /BLA/resoluciones/RESOLUCIONES%202010/2207.pdf HTTP/1.1" 200 494327
157.55.39.168 - - [06/Jun/2015:04:11:47 -0500] "GET /bla/resoluciones/RESOLUCIONES%202009/0381.pdf HTTP/1.1" 200 229347
180.76.15.13 - - [06/Jun/2015:04:11:49 -0500] "GET /BLA/resoluciones/AUTOS%202014/3717.pdf HTTP/1.1" 200 220365
207.46.13.104 - - [06/Jun/2015:04:11:51 -0500] "GET /BLA/resoluciones/RESOLUCIONES%202009/1633.pdf HTTP/1.1" 200 503009
207.46.13.68 - - [06/Jun/2015:04:11:59 -0500] "GET /BLA/resoluciones/RESOLUCIONES%202008/0570.pdf HTTP/1.1" 200 116940
207.46.13.68 - - [06/Jun/2015:04:11:59 -0500] "GET /bla/resoluciones/RESOLUCIONES%202011/0428.pdf HTTP/1.1" 200 70781
66.249.64.248 - - [06/Jun/2015:04:11:59 -0500] "GET /dama/libreria/php/2006/pigas/jardinb.php HTTP/1.1" 404 1015
207.46.13.68 - - [06/Jun/2015:04:12:04 -0500] "GET /BLA/resoluciones/AUTOS%202007/2132.pdf HTTP/1.1" 200 159284
207.46.13.68 - - [06/Jun/2015:04:12:05 -0500] "GET /BLA/resoluciones/RESOLUCIONES%202011/3211.pdf HTTP/1.1" 200 694881
207.46.13.104 - - [06/Jun/2015:04:12:11 -0500] "GET /bla/resoluciones/RESOLUCIONES%202009/0335.pdf HTTP/1.1" 200 194557
207.46.13.104 - - [06/Jun/2015:04:12:12 -0500] "GET /BLA/resoluciones/AUTOS%202011/7739.pdf HTTP/1.1" 200 267481
157.55.39.167 - - [06/Jun/2015:04:12:16 -0500] "GET /BLA/resoluciones/Autos%202008/2371.pdf HTTP/1.1" 200 99095
157.55.39.167 - - [06/Jun/2015:04:12:17 -0500] "GET /bla/resoluciones/RESOLUCIONES%202009/0462.pdf HTTP/1.1" 200 286201
157.55.39.167 - - [06/Jun/2015:04:12:18 -0500] "GET /BLA/resoluciones/RESOLUCIONES%202010/0568.pdf HTTP/1.1" 200 121022
157.55.39.167 - - [06/Jun/2015:04:12:19 -0500] "GET /BLA/resoluciones/RESOLUCIONES%202009/1607.pdf HTTP/1.1" 200 494649
180.76.15.150 - - [06/Jun/2015:04:12:23 -0500] "GET /BLA/resoluciones/RESOLUCIONES%202007/RES%202007%202401%20AL%202500/RESOLUCION%202410%20DE%202007.pdf HTTP/1.1" 200 396489
157.55.39.168 - - [06/Jun/2015:04:12:37 -0500] "GET /BLA/resoluciones/RESOLUCIONES%202012/0683.pdf HTTP/1.1" 200 252213
180.76.15.16 - - [06/Jun/2015:04:12:41 -0500] "GET /BLA/resoluciones/RESOLUCIONES%202009/8129.pdf HTTP/1.1" 200 96587
207.46.13.104 - - [06/Jun/2015:04:12:46 -0500] "GET /bla/resoluciones/RESOLUCIONES%202009/1038.pdf HTTP/1.1" 200 232997
157.55.39.167 - - [06/Jun/2015:04:12:55 -0500] "GET /BLA/resoluciones/RESOLUCIONES%202008/0258.pdf HTTP/1.1" 200 359986
207.46.13.68 - - [06/Jun/2015:04:13:03 -0500] "GET /BLA/resoluciones/RESOLUCIONES%202014/1892.pdf HTTP/1.1" 200 783016
207.46.13.104 - - [06/Jun/2015:04:13:08 -0500] "GET /BLA/resoluciones/RESOLUCIONES%202009/4335.pdf HTTP/1.1" 200 55628
207.46.13.104 - - [06/Jun/2015:04:13:08 -0500] "GET /BLA/resoluciones/RESOLUCIONES%202008/0779.pdf HTTP/1.1" 200 25018
66.249.64.133 - - [06/Jun/2015:04:13:19 -0500] "GET /dama/libreria/php/frame_detalle.php?h_id=615 HTTP/1.1" 404 1015
157.55.39.168 - - [06/Jun/2015:04:13:31 -0500] "GET /BLA/resoluciones/Autos%202008/0395.pdf HTTP/1.1" 200 701297
180.76.15.147 - - [06/Jun/2015:04:13:41 -0500] "GET /BLA/resoluciones/RESOLUCIONES%202009/0175.pdf HTTP/1.1" 200 212192
207.46.13.104 - - [06/Jun/2015:04:13:43 -0500] "GET /BLA/resoluciones/AUTOS%202011/3816.pdf HTTP/1.1" 200 217925
207.46.13.104 - - [06/Jun/2015:04:13:44 -0500] "GET /bla/resoluciones/resoluciones%202009/0604.pdf HTTP/1.1" 200 407700
74.86.158.107 - - [06/Jun/2015:04:13:53 -0500] "HEAD / HTTP/1.1" 200 -
180.76.15.154 - - [06/Jun/2015:04:13:58 -0500] "GET /BLA/resoluciones/RESOLUCIONES%202009/7442.pdf HTTP/1.1" 200 143890
207.46.13.104 - - [06/Jun/2015:04:14:03 -0500] "GET /bla/resoluciones/RESOLUCIONES%202009/2460.pdf HTTP/1.1" 200 299095
207.46.13.68 - - [06/Jun/2015:04:14:07 -0500] "GET /BLA/resoluciones/Autos%202008/1242.pdf HTTP/1.1" 200 68754
207.46.13.68 - - [06/Jun/2015:04:14:08 -0500] "GET /BLA/resoluciones/AUTOS%202007/1781.pdf HTTP/1.1" 200 34175
157.55.39.10 - - [06/Jun/2015:04:14:13 -0500] "GET /BLA/resoluciones/Autos%202008/1035.pdf HTTP/1.1" 200 80980
157.55.39.10 - - [06/Jun/2015:04:14:13 -0500] "GET /BLA/resoluciones/RESOLUCIONES%202008/1907.pdf HTTP/1.1" 200 188765
157.55.39.10 - - [06/Jun/2015:04:14:14 -0500] "GET /BLA/resoluciones/AUTOS%202007/1586.pdf HTTP/1.1" 200 29253
157.55.39.10 - - [06/Jun/2015:04:14:14 -0500] "GET /BLA/resoluciones/RESOLUCIONES%202010/0492.pdf HTTP/1.1" 200 121492
157.55.39.10 - - [06/Jun/2015:04:14:15 -0500] "GET /BLA/resoluciones/AUTOS%202011/7784.pdf HTTP/1.1" 200 138755
157.55.39.10 - - [06/Jun/2015:04:14:15 -0500] "GET /BLA/resoluciones/Resoluciones%202011/5020.pdf HTTP/1.1" 200 695824
157.55.39.10 - - [06/Jun/2015:04:14:15 -0500] "GET /BLA/resoluciones/RESOLUCIONES%202010/1788.pdf HTTP/1.1" 200 567664
157.55.39.10 - - [06/Jun/2015:04:14:16 -0500] "GET /BLA/resoluciones/Autos%202008/1487.pdf HTTP/1.1" 200 199583
157.55.39.10 - - [06/Jun/2015:04:14:16 -0500] "GET /BLA/resoluciones/AUTOS%202011/3997.pdf HTTP/1.1" 200 594714
157.55.39.10 - - [06/Jun/2015:04:14:16 -0500] "GET /BLA/resoluciones/RESOLUCIONES%202010/0074.pdf HTTP/1.1" 200 526700
157.55.39.168 - - [06/Jun/2015:04:14:22 -0500] "GET /BLA/resoluciones/Resoluciones%202011/0951.pdf HTTP/1.1" 200 206620
157.55.39.168 - - [06/Jun/2015:04:14:23 -0500] "GET /BLA/resoluciones/RESOLUCIONES%202009/0993.pdf HTTP/1.1" 200 502017
207.46.13.68 - - [06/Jun/2015:04:14:28 -0500] "GET /BLA/resoluciones/RESOLUCIONES%202014/0749.pdf HTTP/1.1" 200 526807
207.46.13.68 - - [06/Jun/2015:04:14:29 -0500] "GET /BLA/resoluciones/AUTOS%202009/1587.pdf HTTP/1.1" 200 125489
207.46.13.68 - - [06/Jun/2015:04:14:29 -0500] "GET /BLA/resoluciones/RESOLUCIONES%202010/0796.pdf HTTP/1.1" 200 1454704
207.46.13.68 - - [06/Jun/2015:04:14:31 -0500] "GET /BLA/resoluciones/AUTOS%202007/1615.pdf HTTP/1.1" 200 152270
180.76.15.148 - - [06/Jun/2015:04:14:32 -0500] "GET /BLA/resoluciones/RESOLUCIONES%202010/2383.pdf HTTP/1.1" 200 476024
189.202.188.34 - - [06/Jun/2015:04:14:36 -0500] "GET /autoliquidacion/TR%C3%81MITES%20VERTIMIENTOS/PERMISOS%20DE%20VERTIMIENTOS/ANEXO%20%205.%20%20MATRIZ%20PAR%C3%81METRSO%20ACTIVDADES%20PRODUCTIVAS.xls HTTP/1.1" 200 86528
201.245.192.253 - - [06/Jun/2015:04:11:37 -0500] "GET /ForestMSG_SDA/channelAsync/template_word_18303147?X-Atmosphere-tracking-id=ef7b8cca-22a0-3631-7219-93916646b115&X-Atmosphere-Framework=1.0.5&X-Atmosphere-Transport=long-polling&tabid=0.1128270248301344&X-Cache-Date=0&Content-Type=application/xml&_=1433581954483 HTTP/1.1" 200 8193
157.55.39.168 - - [06/Jun/2015:04:14:40 -0500] "GET /BLA/resoluciones/RESOLUCIONES%202014/1605.pdf HTTP/1.1" 200 6731303
189.202.188.34 - - [06/Jun/2015:04:14:41 -0500] "GET /autoliquidacion/TR%C3%81MITES%20VERTIMIENTOS/PERMISOS%20DE%20VERTIMIENTOS/ANEXO%20%205.%20%20MATRIZ%20PAR%C3%81METRSO%20ACTIVDADES%20PRODUCTIVAS.xls HTTP/1.1" 206 81332
207.46.13.104 - - [06/Jun/2015:04:14:41 -0500] "GET /bla/resoluciones/RESOLUCIONES%202011/1864.pdf HTTP/1.1" 200 516927
189.202.188.34 - - [06/Jun/2015:04:14:44 -0500] "OPTIONS /autoliquidacion/TR%C3%81MITES%20VERTIMIENTOS/PERMISOS%20DE%20VERTIMIENTOS/ HTTP/1.1" 200 -
189.202.188.34 - - [06/Jun/2015:04:14:46 -0500] "HEAD /autoliquidacion/TR%C3%81MITES%20VERTIMIENTOS/PERMISOS%20DE%20VERTIMIENTOS/ANEXO%20%205.%20%20MATRIZ%20PAR%C3%81METRSO%20ACTIVDADES%20PRODUCTIVAS.xls HTTP/1.1" 200 -
207.46.13.68 - - [06/Jun/2015:04:14:46 -0500] "GET /bla/resoluciones/RESOLUCIONES%202009/1739.pdf HTTP/1.1" 200 420763
189.202.188.34 - - [06/Jun/2015:04:14:47 -0500] "OPTIONS /autoliquidacion/TR%C3%81MITES%20VERTIMIENTOS/PERMISOS%20DE%20VERTIMIENTOS HTTP/1.1" 301 368
189.202.188.34 - - [06/Jun/2015:04:14:47 -0500] "OPTIONS /autoliquidacion/TR%c3%81MITES%20VERTIMIENTOS/PERMISOS%20DE%20VERTIMIENTOS/ HTTP/1.1" 200 -
189.202.188.34 - - [06/Jun/2015:04:14:48 -0500] "PROPFIND /autoliquidacion/TR%C3%81MITES%20VERTIMIENTOS/PERMISOS%20DE%20VERTIMIENTOS HTTP/1.1" 301 368
189.202.188.34 - - [06/Jun/2015:04:14:48 -0500] "PROPFIND /autoliquidacion/TR%c3%81MITES%20VERTIMIENTOS/PERMISOS%20DE%20VERTIMIENTOS/ HTTP/1.1" 405 943
189.202.188.34 - - [06/Jun/2015:04:14:49 -0500] "PROPFIND /autoliquidacion/TR%C3%81MITES%20VERTIMIENTOS HTTP/1.1" 301 339
189.202.188.34 - - [06/Jun/2015:04:14:49 -0500] "PROPFIND /autoliquidacion/TR%c3%81MITES%20VERTIMIENTOS/ HTTP/1.1" 405 943
180.76.15.138 - - [06/Jun/2015:04:14:50 -0500] "GET /BLA/resoluciones/RESOLUCIONES%202009/1537.pdf HTTP/1.1" 200 803702
189.202.188.34 - - [06/Jun/2015:04:14:50 -0500] "PROPFIND /autoliquidacion/TR%C3%81MITES%20VERTIMIENTOS HTTP/1.1" 301 339
189.202.188.34 - - [06/Jun/2015:04:14:51 -0500] "PROPFIND /autoliquidacion/TR%c3%81MITES%20VERTIMIENTOS/ HTTP/1.1" 405 943
189.202.188.34 - - [06/Jun/2015:04:14:51 -0500] "PROPFIND /autoliquidacion HTTP/1.1" 301 310
189.202.188.34 - - [06/Jun/2015:04:14:52 -0500] "PROPFIND /autoliquidacion/ HTTP/1.1" 200 6375
207.46.13.104 - - [06/Jun/2015:04:14:53 -0500] "GET /BLA/resoluciones/RESOLUCIONES%202008/1012.pdf HTTP/1.1" 200 548953
189.202.188.34 - - [06/Jun/2015:04:14:53 -0500] "PROPFIND /autoliquidacion/TR%C3%81MITES%20VERTIMIENTOS/PERMISOS%20DE%20VERTIMIENTOS HTTP/1.1" 301 368
189.202.188.34 - - [06/Jun/2015:04:14:53 -0500] "PROPFIND /autoliquidacion/TR%c3%81MITES%20VERTIMIENTOS/PERMISOS%20DE%20VERTIMIENTOS/ HTTP/1.1" 405 943
88.208.252.221 - - [06/Jun/2015:04:14:54 -0500] "GET /blog/wp-admin/ HTTP/1.1" 404 1018
189.202.188.34 - - [06/Jun/2015:04:14:55 -0500] "PROPFIND /autoliquidacion/TR%C3%81MITES%20VERTIMIENTOS HTTP/1.1" 301 339
189.202.188.34 - - [06/Jun/2015:04:14:55 -0500] "PROPFIND /autoliquidacion/TR%c3%81MITES%20VERTIMIENTOS/ HTTP/1.1" 405 943
189.202.188.34 - - [06/Jun/2015:04:14:55 -0500] "HEAD /autoliquidacion/TR%C3%81MITES%20VERTIMIENTOS/PERMISOS%20DE%20VERTIMIENTOS/ANEXO%20%205.%20%20MATRIZ%20PAR%C3%81METRSO%20ACTIVDADES%20PRODUCTIVAS.xls HTTP/1.1" 200 -
189.202.188.34 - - [06/Jun/2015:04:14:58 -0500] "PROPFIND / HTTP/1.1" 405 943
189.202.188.34 - - [06/Jun/2015:04:14:59 -0500] "PROPFIND / HTTP/1.1" 405 943
157.55.39.167 - - [06/Jun/2015:04:15:01 -0500] "GET /BLA/resoluciones/RESOLUCIONES%202008/5278.pdf HTTP/1.1" 200 291654
189.202.188.34 - - [06/Jun/2015:04:15:01 -0500] "PROPFIND /autoliquidacion/TR%C3%81MITES%20VERTIMIENTOS HTTP/1.1" 301 339
189.202.188.34 - - [06/Jun/2015:04:15:01 -0500] "PROPFIND /autoliquidacion/TR%c3%81MITES%20VERTIMIENTOS/ HTTP/1.1" 405 943
189.202.188.34 - - [06/Jun/2015:04:15:03 -0500] "PROPFIND /autoliquidacion HTTP/1.1" 301 310
189.202.188.34 - - [06/Jun/2015:04:15:03 -0500] "PROPFIND /autoliquidacion/ HTTP/1.1" 200 6375
189.202.188.34 - - [06/Jun/2015:04:15:04 -0500] "PROPFIND /autoliquidacion/TR%C3%81MITES%20VERTIMIENTOS/PERMISOS%20DE%20VERTIMIENTOS HTTP/1.1" 301 368
189.202.188.34 - - [06/Jun/2015:04:15:04 -0500] "PROPFIND /autoliquidacion/TR%c3%81MITES%20VERTIMIENTOS/PERMISOS%20DE%20VERTIMIENTOS/ HTTP/1.1" 405 943
189.202.188.34 - - [06/Jun/2015:04:15:06 -0500] "PROPFIND /autoliquidacion/TR%C3%81MITES%20VERTIMIENTOS HTTP/1.1" 301 339
189.202.188.34 - - [06/Jun/2015:04:15:06 -0500] "PROPFIND /autoliquidacion/TR%c3%81MITES%20VERTIMIENTOS/ HTTP/1.1" 405 943
189.202.188.34 - - [06/Jun/2015:04:15:08 -0500] "GET /autoliquidacion/TR%C3%81MITES%20VERTIMIENTOS/PERMISOS%20DE%20VERTIMIENTOS/ANEXO%20%205.%20%20MATRIZ%20PAR%C3%81METRSO%20ACTIVDADES%20PRODUCTIVAS.xls HTTP/1.1" 200 86528
189.202.188.34 - - [06/Jun/2015:04:15:09 -0500] "HEAD /autoliquidacion/TR%C3%81MITES%20VERTIMIENTOS/PERMISOS%20DE%20VERTIMIENTOS/ANEXO%20%205.%20%20MATRIZ%20PAR%C3%81METRSO%20ACTIVDADES%20PRODUCTIVAS.xls HTTP/1.1" 200 -
207.46.13.68 - - [06/Jun/2015:04:15:16 -0500] "GET /bla/resoluciones/RESOLUCIONES%202011/2263.pdf HTTP/1.1" 200 665672
207.46.13.104 - - [06/Jun/2015:04:15:20 -0500] "GET /BLA/resoluciones/Resoluciones%202011/1814.pdf HTTP/1.1" 200 517290
66.249.64.228 - - [06/Jun/2015:04:15:23 -0500] "GET /BLA/resoluciones/RESOLUCIONES%202006/RES%202006%201601-1650/00001612.tif HTTP/1.1" 200 135212
157.55.39.168 - - [06/Jun/2015:04:15:26 -0500] "GET /BLA/resoluciones/RESOLUCIONES%202011/2531.pdf HTTP/1.1" 200 494806
157.55.39.168 - - [06/Jun/2015:04:15:27 -0500] "GET /BLA/resoluciones/RESOLUCIONES%202010/1018.pdf HTTP/1.1" 200 113972
157.55.39.168 - - [06/Jun/2015:04:15:27 -0500] "GET /BLA/resoluciones/RESOLUCIONES%202008/1078.pdf HTTP/1.1" 200 293798
157.55.39.168 - - [06/Jun/2015:04:15:30 -0500] "GET /BLA/resoluciones/AUTOS%202009/0415.pdf HTTP/1.1" 200 275430
207.46.13.68 - - [06/Jun/2015:04:15:39 -0500] "GET /BLA/resoluciones/RESOLUCIONES%202012/1552.pdf HTTP/1.1" 200 450745
157.55.39.168 - - [06/Jun/2015:04:15:46 -0500] "GET /bla/resoluciones/RESOLUCIONES%202009/1112.pdf HTTP/1.1" 200 392708
207.46.13.104 - - [06/Jun/2015:04:15:50 -0500] "GET /BLA/resoluciones/AUTOS%202011/7722.pdf HTTP/1.1" 200 193109
180.76.15.145 - - [06/Jun/2015:04:15:54 -0500] "GET /BLA/resoluciones/RESOLUCIONES%202009/9683.pdf HTTP/1.1" 200 481199
180.76.15.23 - - [06/Jun/2015:04:16:12 -0500] "GET /BLA/resoluciones/AUTOS%202013/3595.pdf HTTP/1.1" 200 379696
207.46.13.68 - - [06/Jun/2015:04:16:22 -0500] "GET /BLA/resoluciones/AUTOS%202007/0579.pdf HTTP/1.1" 200 60471
157.55.39.168 - - [06/Jun/2015:04:16:22 -0500] "GET /bla/resoluciones/RESOLUCIONES%202011/3099.pdf HTTP/1.1" 200 871338
157.55.39.168 - - [06/Jun/2015:04:16:23 -0500] "GET /bla/resoluciones/RESOLUCIONES%202011/3689.pdf HTTP/1.1" 200 721884
157.55.39.168 - - [06/Jun/2015:04:16:26 -0500] "GET /BLA/resoluciones/RESOLUCIONES%202009/0904.pdf HTTP/1.1" 200 403713
180.76.15.31 - - [06/Jun/2015:04:16:29 -0500] "GET /BLA/resoluciones/AUTOS%202010/3703.pdf HTTP/1.1" 200 242751
207.46.13.68 - - [06/Jun/2015:04:16:32 -0500] "GET /BLA/resoluciones/Resoluciones%202011/4384.pdf HTTP/1.1" 200 630261
207.46.13.68 - - [06/Jun/2015:04:16:33 -0500] "GET /BLA/resoluciones/RESOLUCIONES%202011/0792.pdf HTTP/1.1" 200 277845
207.46.13.68 - - [06/Jun/2015:04:16:36 -0500] "GET /BLA/resoluciones/Resoluciones%202011/0320.pdf HTTP/1.1" 200 85043
