201.244.208.230 - - [06/Jun/2015:05:55:56 -0500] "GET /galeria/galeria/jquery.fancybox.css?v=2.1.5 HTTP/1.1" 304 -
207.46.13.68 - - [06/Jun/2015:05:55:58 -0500] "GET /BLA/resoluciones/RESOLUCIONES%202014/1330.pdf HTTP/1.1" 200 809526
201.244.208.230 - - [06/Jun/2015:05:55:48 -0500] "GET /videos/CRRFFS.mp4 HTTP/1.1" 200 286784363
74.86.158.107 - - [06/Jun/2015:05:56:02 -0500] "HEAD / HTTP/1.1" 200 -
186.81.153.223 - - [06/Jun/2015:05:56:04 -0500] "GET /galeria/nivo-slider/themes/default/arrows.png HTTP/1.1" 200 824
186.81.153.223 - - [06/Jun/2015:05:56:07 -0500] "GET /galeria/nivo-slider/themes/default/bullets.png HTTP/1.1" 200 1281
180.76.15.20 - - [06/Jun/2015:05:56:11 -0500] "GET /BLA/resoluciones/AUTOS%202012/2536.pdf HTTP/1.1" 200 258151
180.76.15.12 - - [06/Jun/2015:05:56:29 -0500] "GET /BLA/resoluciones/AUTOS%202013/0832.pdf HTTP/1.1" 200 1759583
157.55.39.11 - - [06/Jun/2015:05:56:35 -0500] "GET /bla/resoluciones/resoluciones%202009/2226.pdf HTTP/1.1" 200 555926
201.245.192.253 - - [06/Jun/2015:05:53:40 -0500] "GET /ForestMSG_SDA/channelAsync/template_word_18303147?X-Atmosphere-tracking-id=ef7b8cca-22a0-3631-7219-93916646b115&X-Atmosphere-Framework=1.0.5&X-Atmosphere-Transport=long-polling&tabid=0.1128270248301344&X-Cache-Date=0&Content-Type=application/xml&_=1433588077689 HTTP/1.1" 200 8193
180.76.15.30 - - [06/Jun/2015:05:56:46 -0500] "GET /BLA/resoluciones/RESOLUCIONES%202008/3482.pdf HTTP/1.1" 200 207791
157.55.39.134 - - [06/Jun/2015:05:56:46 -0500] "GET /BLA/resoluciones/RESOLUCIONES%202010/0651.pdf HTTP/1.1" 200 499962
66.249.64.233 - - [06/Jun/2015:05:56:56 -0500] "GET /BLA/resoluciones/AUTOS%202012/2065.pdf HTTP/1.1" 200 373992
157.55.39.134 - - [06/Jun/2015:05:57:00 -0500] "GET /bla/resoluciones/RESOLUCIONES%202011/1767.pdf HTTP/1.1" 200 520542
157.55.39.134 - - [06/Jun/2015:05:57:01 -0500] "GET /BLA/resoluciones/RESOLUCIONES%202011/0616.pdf HTTP/1.1" 200 74453
180.76.15.11 - - [06/Jun/2015:05:57:03 -0500] "GET /BLA/resoluciones/AUTOS%202010/0105.pdf HTTP/1.1" 200 366492
207.46.13.104 - - [06/Jun/2015:05:57:08 -0500] "GET /BLA/resoluciones/RESOLUCIONES%202010/2447.pdf HTTP/1.1" 200 491891
207.46.13.104 - - [06/Jun/2015:05:57:10 -0500] "GET /BLA/resoluciones/AUTOS%202009/1442.pdf HTTP/1.1" 200 111367
180.76.15.140 - - [06/Jun/2015:05:57:20 -0500] "GET /BLA/resoluciones/RESOLUCIONES%202009/0088.pdf HTTP/1.1" 200 360488
186.81.153.223 - - [06/Jun/2015:05:57:24 -0500] "GET /BLA/boletinlegal/js/jquery.scrollTo-min.js HTTP/1.1" 304 -
186.81.153.223 - - [06/Jun/2015:05:57:24 -0500] "GET /galeria/galeria/jquery.fancybox.js?v=2.1.5 HTTP/1.1" 304 -
186.81.153.223 - - [06/Jun/2015:05:57:24 -0500] "GET /BLA/boletinlegal/js/jquery.scrollShow.js HTTP/1.1" 304 -
186.81.153.223 - - [06/Jun/2015:05:57:24 -0500] "GET /galeria/galeria/jquery.fancybox.css?v=2.1.5 HTTP/1.1" 304 -
180.76.15.28 - - [06/Jun/2015:05:57:38 -0500] "GET /BLA/resoluciones/AUTOS%202013/0408.pdf HTTP/1.1" 200 902005
207.46.13.104 - - [06/Jun/2015:05:57:39 -0500] "GET /BLA/resoluciones/RESOLUCIONES%202008/1306.pdf HTTP/1.1" 200 759912
157.55.39.134 - - [06/Jun/2015:05:57:49 -0500] "GET /BLA/resoluciones/RESOLUCIONES%202008/4221.pdf HTTP/1.1" 200 220353
157.55.39.134 - - [06/Jun/2015:05:57:50 -0500] "GET /BLA/resoluciones/Resoluciones%202011/1834.pdf HTTP/1.1" 200 502532
207.46.13.104 - - [06/Jun/2015:05:57:55 -0500] "GET /BLA/resoluciones/RESOLUCIONES%202010/1082.pdf HTTP/1.1" 200 113006
180.76.15.30 - - [06/Jun/2015:05:57:55 -0500] "GET /BLA/resoluciones/AUTOS%202012/0481.pdf HTTP/1.1" 200 323769
207.46.13.104 - - [06/Jun/2015:05:57:55 -0500] "GET /BLA/resoluciones/AUTOS%202009/1373.pdf HTTP/1.1" 200 117832
180.76.15.18 - - [06/Jun/2015:05:58:12 -0500] "GET /BLA/resoluciones/RESOLUCIONES%202008/5626.pdf HTTP/1.1" 200 236406
66.249.64.228 - - [06/Jun/2015:05:58:15 -0500] "GET /BLA/resoluciones/RESOLUCIONES%202007/RES%202007%204001%20AL%204100/RESOLUCION%204027%20DE%202007.pdf HTTP/1.1" 200 792243
66.249.64.116 - - [06/Jun/2015:05:58:17 -0500] "GET /ecodirectorio/files/res/pages/page_0061.swf HTTP/1.1" 200 119666
207.46.13.68 - - [06/Jun/2015:05:58:21 -0500] "GET /bla/resoluciones/RESOLUCIONES%202011/2293.pdf HTTP/1.1" 200 211606
207.46.13.68 - - [06/Jun/2015:05:58:21 -0500] "GET /BLA/resoluciones/RESOLUCIONES%202010/1820.pdf HTTP/1.1" 200 350984
207.46.13.68 - - [06/Jun/2015:05:58:22 -0500] "GET /BLA/resoluciones/RESOLUCIONES%202010/0094.pdf HTTP/1.1" 200 502486
207.46.13.68 - - [06/Jun/2015:05:58:24 -0500] "GET /BLA/resoluciones/RESOLUCIONES%202010/6455.pdf HTTP/1.1" 200 306797
207.46.13.68 - - [06/Jun/2015:05:58:25 -0500] "GET /BLA/resoluciones/RESOLUCIONES%202014/3349.pdf HTTP/1.1" 200 462959
157.55.39.10 - - [06/Jun/2015:05:58:25 -0500] "GET /bla/resoluciones/RESOLUCIONES%202011/3259.pdf HTTP/1.1" 200 134838
207.46.13.104 - - [06/Jun/2015:05:58:29 -0500] "GET /BLA/resoluciones/Autos%202008/0623.pdf HTTP/1.1" 200 92516
180.76.15.23 - - [06/Jun/2015:05:58:29 -0500] "GET /BLA/resoluciones/AUTOS%202013/0136.pdf HTTP/1.1" 200 1633802
157.55.39.11 - - [06/Jun/2015:05:58:40 -0500] "GET /BLA/resoluciones/RESOLUCIONES%202010/1607.pdf HTTP/1.1" 200 1011881
157.55.39.11 - - [06/Jun/2015:05:58:41 -0500] "GET /bla/resoluciones/resoluciones%202009/0034.pdf HTTP/1.1" 200 410406
157.55.39.134 - - [06/Jun/2015:05:58:41 -0500] "GET /BLA/resoluciones/RESOLUCIONES%202008/4465.pdf HTTP/1.1" 200 330202
157.55.39.134 - - [06/Jun/2015:05:58:42 -0500] "GET /BLA/resoluciones/AUTOS%202011/5909.pdf HTTP/1.1" 200 198526
207.46.13.104 - - [06/Jun/2015:05:58:45 -0500] "GET /BLA/resoluciones/RESOLUCIONES%202008/0841.pdf HTTP/1.1" 200 436306
207.46.13.104 - - [06/Jun/2015:05:59:00 -0500] "GET /BLA/resoluciones/AUTOS%202007/3516.pdf HTTP/1.1" 200 197870
207.46.13.104 - - [06/Jun/2015:05:59:02 -0500] "GET /BLA/resoluciones/RESOLUCIONES%202009/1229.pdf HTTP/1.1" 200 433973
207.46.13.68 - - [06/Jun/2015:05:59:06 -0500] "GET /BLA/resoluciones/RESOLUCIONES%202010/0221.pdf HTTP/1.1" 200 393867
207.46.13.68 - - [06/Jun/2015:05:59:06 -0500] "GET /bla/resoluciones/RESOLUCIONES%202009/0970.pdf HTTP/1.1" 200 362738
207.46.13.68 - - [06/Jun/2015:05:59:07 -0500] "GET /bla/resoluciones/RESOLUCIONES%202009/1636.pdf HTTP/1.1" 200 379115
180.76.15.137 - - [06/Jun/2015:05:59:21 -0500] "GET /BLA/resoluciones/AUTOS%202012/2587.pdf HTTP/1.1" 200 281890
207.46.13.104 - - [06/Jun/2015:05:59:26 -0500] "GET /BLA/resoluciones/RESOLUCIONES%202008/4934.pdf HTTP/1.1" 200 214749
190.3.245.166 - - [06/Jun/2015:05:59:27 -0500] "GET /galeria/galeria/jquery.fancybox.css?v=2.1.5 HTTP/1.1" 200 4895
207.46.13.104 - - [06/Jun/2015:05:59:27 -0500] "GET /bla/resoluciones/RESOLUCIONES%202011/1249.pdf HTTP/1.1" 200 219533
190.3.245.166 - - [06/Jun/2015:05:59:27 -0500] "GET /BLA/boletinlegal/js/jquery.scrollTo-min.js HTTP/1.1" 200 1150
190.3.245.166 - - [06/Jun/2015:05:59:27 -0500] "GET /galeria/galeria/jquery.fancybox.js?v=2.1.5 HTTP/1.1" 200 48706
190.3.245.166 - - [06/Jun/2015:05:59:27 -0500] "GET /BLA/boletinlegal/js/jquery.scrollShow.js HTTP/1.1" 200 4586
157.55.39.10 - - [06/Jun/2015:05:59:30 -0500] "GET /BLA/resoluciones/AUTOS%202007/2333.pdf HTTP/1.1" 200 160116
157.55.39.10 - - [06/Jun/2015:05:59:31 -0500] "GET /BLA/resoluciones/RESOLUCIONES%202010/5945.pdf HTTP/1.1" 200 313647
157.55.39.10 - - [06/Jun/2015:05:59:31 -0500] "GET /bla/resoluciones/resoluciones%202009/0034.pdf HTTP/1.1" 200 410406
157.55.39.10 - - [06/Jun/2015:05:59:31 -0500] "GET /BLA/resoluciones/RESOLUCIONES%202008/4465.pdf HTTP/1.1" 200 330202
157.55.39.10 - - [06/Jun/2015:05:59:32 -0500] "GET /BLA/resoluciones/AUTOS%202011/5909.pdf HTTP/1.1" 200 198526
190.3.245.166 - - [06/Jun/2015:05:59:34 -0500] "GET /galeria/galeria/jquery.fancybox.css?v=2.1.5 HTTP/1.1" 304 -
190.3.245.166 - - [06/Jun/2015:05:59:34 -0500] "GET /BLA/boletinlegal/js/jquery.scrollTo-min.js HTTP/1.1" 304 -
190.3.245.166 - - [06/Jun/2015:05:59:34 -0500] "GET /galeria/galeria/jquery.fancybox.js?v=2.1.5 HTTP/1.1" 304 -
190.3.245.166 - - [06/Jun/2015:05:59:34 -0500] "GET /BLA/boletinlegal/js/jquery.scrollShow.js HTTP/1.1" 304 -
66.249.64.233 - - [06/Jun/2015:05:59:35 -0500] "GET /BLA/resoluciones/AUTOS%202013/3512.pdf HTTP/1.1" 304 -
157.55.39.11 - - [06/Jun/2015:05:59:38 -0500] "GET /bla/resoluciones/RESOLUCIONES%202011/1580.pdf HTTP/1.1" 200 61755
180.76.15.144 - - [06/Jun/2015:05:59:38 -0500] "GET /BLA/resoluciones/AUTOS%202010/0780.pdf HTTP/1.1" 200 189963
201.245.192.253 - - [06/Jun/2015:05:56:40 -0500] "GET /ForestMSG_SDA/channelAsync/template_word_18303147?X-Atmosphere-tracking-id=ef7b8cca-22a0-3631-7219-93916646b115&X-Atmosphere-Framework=1.0.5&X-Atmosphere-Transport=long-polling&tabid=0.1128270248301344&X-Cache-Date=0&Content-Type=application/xml&_=1433588257734 HTTP/1.1" 200 8193
207.46.13.104 - - [06/Jun/2015:05:59:56 -0500] "GET /BLA/resoluciones/RESOLUCIONES%202008/4645.pdf HTTP/1.1" 200 452145
180.76.15.144 - - [06/Jun/2015:05:59:56 -0500] "GET /BLA/resoluciones/AUTOS%202011/2138.pdf HTTP/1.1" 200 262659
157.55.39.134 - - [06/Jun/2015:06:00:00 -0500] "GET /BLA/resoluciones/AUTOS%202009/2921.pdf HTTP/1.1" 200 102689
157.55.39.134 - - [06/Jun/2015:06:00:01 -0500] "GET /BLA/resoluciones/RESOLUCIONES%202010/0630.pdf HTTP/1.1" 200 530275
180.76.15.144 - - [06/Jun/2015:06:00:13 -0500] "GET /BLA/resoluciones/AUTOS%202010/6411.pdf HTTP/1.1" 200 163574
207.46.13.68 - - [06/Jun/2015:06:00:15 -0500] "GET /bla/resoluciones/RESOLUCIONES%202011/2646.pdf HTTP/1.1" 200 415043
207.46.13.68 - - [06/Jun/2015:06:00:15 -0500] "GET /BLA/resoluciones/RESOLUCIONES%202010/6671.pdf HTTP/1.1" 200 612818
207.46.13.68 - - [06/Jun/2015:06:00:15 -0500] "GET /BLA/resoluciones/RESOLUCIONES%202014/1267.pdf HTTP/1.1" 200 694604
207.46.13.68 - - [06/Jun/2015:06:00:16 -0500] "GET /BLA/resoluciones/AUTOS%202011/4513.pdf HTTP/1.1" 200 239597
207.46.13.68 - - [06/Jun/2015:06:00:17 -0500] "GET /BLA/resoluciones/Autos%202008/1304.pdf HTTP/1.1" 200 223148
207.46.13.68 - - [06/Jun/2015:06:00:17 -0500] "GET /bla/resoluciones/RESOLUCIONES%202011/0497.pdf HTTP/1.1" 200 92861
207.46.13.68 - - [06/Jun/2015:06:00:18 -0500] "GET /BLA/resoluciones/AUTOS%202011/3923.pdf HTTP/1.1" 200 224431
207.46.13.68 - - [06/Jun/2015:06:00:18 -0500] "GET /BLA/resoluciones/AUTOS%202007/0090.pdf HTTP/1.1" 200 115960
157.55.39.10 - - [06/Jun/2015:06:00:21 -0500] "GET /BLA/resoluciones/RESOLUCIONES%202010/0446.pdf HTTP/1.1" 200 115496
157.55.39.10 - - [06/Jun/2015:06:00:22 -0500] "GET /BLA/resoluciones/RESOLUCIONES%202010/1351.pdf HTTP/1.1" 200 341642
157.55.39.10 - - [06/Jun/2015:06:00:22 -0500] "GET /BLA/resoluciones/RESOLUCIONES%202010/1821.pdf HTTP/1.1" 200 371572
180.76.15.161 - - [06/Jun/2015:06:00:30 -0500] "GET /BLA/resoluciones/AUTOS%202010/3463.pdf HTTP/1.1" 200 392277
152.61.128.66 - - [06/Jun/2015:06:00:32 -0500] "HEAD / HTTP/1.1" 200 -
152.61.128.66 - - [06/Jun/2015:06:00:32 -0500] "GET /arcgis/services/Calidad_del_Agua_WQI/MapServer/WMSServer?request=GetCapabilities&service=WMS HTTP/1.1" 200 32135
207.46.13.68 - - [06/Jun/2015:06:00:33 -0500] "GET /BLA/resoluciones/RESOLUCIONES%202011/1264.pdf HTTP/1.1" 200 366198
152.61.128.66 - - [06/Jun/2015:06:00:32 -0500] "GET /arcgis/services/Calidad_del_Agua_WQI/MapServer/WMSServer?request=GetCapabilities&service=WMS HTTP/1.0" 200 32135
207.46.13.68 - - [06/Jun/2015:06:00:33 -0500] "GET /BLA/resoluciones/RESOLUCIONES%202011/1051.pdf HTTP/1.1" 200 296910
152.61.128.66 - - [06/Jun/2015:06:00:33 -0500] "GET /arcgis/services/Calidad_del_Agua_WQI/MapServer/WMSServer?request=GetCapabilities&service=WMS HTTP/1.0" 200 32135
152.61.128.66 - - [06/Jun/2015:06:00:34 -0500] "GET /arcgis/services/Calidad_del_Agua_WQI/MapServer/WMSServer?request=GetCapabilities&service=WMS HTTP/1.0" 200 32135
152.61.128.66 - - [06/Jun/2015:06:00:35 -0500] "GET /arcgis/services/Calidad_del_Agua_WQI/MapServer/WMSServer?VERSION=1.1.1&REQUEST=GetMap&LAYERS=0&SRS=EPSG:4326&BBOX=-74.473395,3.674381,-73.963300,4.920569&WIDTH=250&HEIGHT=250&FORMAT=image/bmp&STYLES=& HTTP/1.1" 200 188054
180.76.15.136 - - [06/Jun/2015:06:00:48 -0500] "GET /BLA/resoluciones/AUTOS%202012/1800.pdf HTTP/1.1" 200 333593
157.55.39.168 - - [06/Jun/2015:06:00:49 -0500] "GET /BLA/resoluciones/AUTOS%202011/5466.pdf HTTP/1.1" 200 141947
157.55.39.168 - - [06/Jun/2015:06:00:50 -0500] "GET /bla/resoluciones/resoluciones%202009/2435.pdf HTTP/1.1" 200 429121
157.55.39.168 - - [06/Jun/2015:06:00:50 -0500] "GET /BLA/resoluciones/RESOLUCIONES%202010/0399.pdf HTTP/1.1" 200 98273
157.55.39.168 - - [06/Jun/2015:06:00:50 -0500] "GET /bla/resoluciones/RESOLUCIONES%202011/1955.pdf HTTP/1.1" 200 301371
157.55.39.168 - - [06/Jun/2015:06:00:51 -0500] "GET /BLA/resoluciones/RESOLUCIONES%202011/3685.pdf HTTP/1.1" 200 785442
157.55.39.168 - - [06/Jun/2015:06:00:51 -0500] "GET /BLA/resoluciones/AUTOS%202010/5332.pdf HTTP/1.1" 200 1079712
157.55.39.168 - - [06/Jun/2015:06:00:52 -0500] "GET /bla/resoluciones/RESOLUCIONES%202009/1541.pdf HTTP/1.1" 200 432233
157.55.39.168 - - [06/Jun/2015:06:00:52 -0500] "GET /BLA/resoluciones/RESOLUCIONES%202010/0044.pdf HTTP/1.1" 200 515398
157.55.39.167 - - [06/Jun/2015:06:00:54 -0500] "GET /bla/resoluciones/resoluciones%202009/1162.pdf HTTP/1.1" 200 395274
157.55.39.167 - - [06/Jun/2015:06:00:54 -0500] "GET /BLA/resoluciones/AUTOS%202011/4037.pdf HTTP/1.1" 200 305592
66.249.64.228 - - [06/Jun/2015:06:00:55 -0500] "GET /BLA/resoluciones/AUTOS%202007/0816.pdf HTTP/1.1" 304 -
157.55.39.167 - - [06/Jun/2015:06:00:57 -0500] "GET /BLA/resoluciones/RESOLUCIONES%202010/2937.pdf HTTP/1.1" 200 335588
157.55.39.167 - - [06/Jun/2015:06:00:58 -0500] "GET /bla/resoluciones/resoluciones%202009/0761.pdf HTTP/1.1" 200 346872
157.55.39.167 - - [06/Jun/2015:06:00:58 -0500] "GET /BLA/resoluciones/AUTOS%202009/2385.pdf HTTP/1.1" 200 275961
157.55.39.167 - - [06/Jun/2015:06:01:01 -0500] "GET /BLA/resoluciones/RESOLUCIONES%202011/1025.pdf HTTP/1.1" 200 77821
157.55.39.167 - - [06/Jun/2015:06:01:01 -0500] "GET /BLA/resoluciones/RESOLUCIONES%202010/7194.pdf HTTP/1.1" 200 280720
157.55.39.167 - - [06/Jun/2015:06:01:01 -0500] "GET /BLA/resoluciones/RESOLUCIONES%202010/5787.pdf HTTP/1.1" 200 218493
157.55.39.167 - - [06/Jun/2015:06:01:02 -0500] "GET /BLA/resoluciones/RESOLUCIONES%202009/1799.pdf HTTP/1.1" 200 557330
74.86.158.107 - - [06/Jun/2015:06:01:02 -0500] "HEAD / HTTP/1.1" 200 -
157.55.39.167 - - [06/Jun/2015:06:01:02 -0500] "GET /BLA/resoluciones/RESOLUCIONES%202009/0524.pdf HTTP/1.1" 200 446151
157.55.39.167 - - [06/Jun/2015:06:01:03 -0500] "GET /BLA/resoluciones/AUTOS%202007/2280.pdf HTTP/1.1" 200 409657
157.55.39.167 - - [06/Jun/2015:06:01:03 -0500] "GET /BLA/resoluciones/AUTOS%202011/6955.pdf HTTP/1.1" 200 192357
157.55.39.167 - - [06/Jun/2015:06:01:04 -0500] "GET /BLA/resoluciones/RESOLUCIONES%202011/1802.pdf HTTP/1.1" 200 516782
157.55.39.167 - - [06/Jun/2015:06:01:04 -0500] "GET /BLA/resoluciones/AUTOS%202011/3367.pdf HTTP/1.1" 200 220353
157.55.39.167 - - [06/Jun/2015:06:01:04 -0500] "GET /BLA/resoluciones/AUTOS%202011/7781.pdf HTTP/1.1" 200 154895
207.46.13.104 - - [06/Jun/2015:06:01:11 -0500] "GET /BLA/resoluciones/RESOLUCIONES%202010/1711.pdf HTTP/1.1" 200 388982
157.55.39.10 - - [06/Jun/2015:06:01:16 -0500] "GET /BLA/resoluciones/AUTOS%202009/1791.pdf HTTP/1.1" 200 99212
157.55.39.10 - - [06/Jun/2015:06:01:16 -0500] "GET /BLA/resoluciones/AUTOS%202009/1204.pdf HTTP/1.1" 200 123280
157.55.39.10 - - [06/Jun/2015:06:01:17 -0500] "GET /BLA/resoluciones/RESOLUCIONES%202011/2339.pdf HTTP/1.1" 200 306129
157.55.39.10 - - [06/Jun/2015:06:01:17 -0500] "GET /BLA/resoluciones/RESOLUCIONES%202011/3059.pdf HTTP/1.1" 200 120506
207.46.13.68 - - [06/Jun/2015:06:01:21 -0500] "GET /BLA/resoluciones/RESOLUCIONES%202009/1353.pdf HTTP/1.1" 200 536754
207.46.13.68 - - [06/Jun/2015:06:01:31 -0500] "GET /BLA/resoluciones/Resoluciones%202011/2545.pdf HTTP/1.1" 200 610444
207.46.13.104 - - [06/Jun/2015:06:01:35 -0500] "GET /BLA/resoluciones/RESOLUCIONES%202014/3157.pdf HTTP/1.1" 200 167320
207.46.13.104 - - [06/Jun/2015:06:01:35 -0500] "GET /BLA/resoluciones/AUTOS%202011/0111.pdf HTTP/1.1" 200 214451
157.55.39.134 - - [06/Jun/2015:06:01:43 -0500] "GET /bla/resoluciones/RESOLUCIONES%202011/3113.pdf HTTP/1.1" 200 894938
157.55.39.134 - - [06/Jun/2015:06:01:44 -0500] "GET /BLA/resoluciones/RESOLUCIONES%202010/6837.pdf HTTP/1.1" 200 40755
157.55.39.134 - - [06/Jun/2015:06:01:44 -0500] "GET /bla/resoluciones/resoluciones%202009/1465.pdf HTTP/1.1" 200 519658
207.46.13.68 - - [06/Jun/2015:06:01:48 -0500] "GET /BLA/resoluciones/AUTOS%202011/4261.pdf HTTP/1.1" 200 194019
207.46.13.68 - - [06/Jun/2015:06:01:49 -0500] "GET /BLA/resoluciones/RESOLUCIONES%202011/3616.pdf HTTP/1.1" 200 511510
207.46.13.68 - - [06/Jun/2015:06:01:49 -0500] "GET /BLA/resoluciones/RESOLUCIONES%202008/1235.pdf HTTP/1.1" 200 436867
88.198.233.69 - - [06/Jun/2015:06:01:49 -0500] "GET / HTTP/1.1" 200 10190
157.55.39.134 - - [06/Jun/2015:06:01:54 -0500] "GET /BLA/resoluciones/RESOLUCIONES%202011/0429.pdf HTTP/1.1" 200 66579
157.55.39.134 - - [06/Jun/2015:06:01:54 -0500] "GET /bla/resoluciones/RESOLUCIONES%202009/1426.pdf HTTP/1.1" 200 418274
180.76.15.154 - - [06/Jun/2015:06:01:57 -0500] "GET /BLA/resoluciones/AUTOS%202012/2214.pdf HTTP/1.1" 200 375184
207.46.13.104 - - [06/Jun/2015:06:01:58 -0500] "GET /BLA/resoluciones/RESOLUCIONES%202010/2559.pdf HTTP/1.1" 200 664250
207.46.13.68 - - [06/Jun/2015:06:02:02 -0500] "GET /BLA/resoluciones/Resoluciones%202011/4326.pdf HTTP/1.1" 200 730842
201.244.208.230 - - [06/Jun/2015:05:56:03 -0500] "GET /videos/CRRFFS.mp4 HTTP/1.1" 200 286784363
66.249.64.228 - - [06/Jun/2015:06:02:15 -0500] "GET /BLA/resoluciones/AUTOS%202014/3228.pdf HTTP/1.1" 304 -
207.46.13.68 - - [06/Jun/2015:06:02:22 -0500] "GET /BLA/resoluciones/AUTOS%202010/1477.pdf HTTP/1.1" 200 265509
207.46.13.68 - - [06/Jun/2015:06:02:27 -0500] "GET /bla/resoluciones/RESOLUCIONES%202011/1985.pdf HTTP/1.1" 200 498194
180.76.15.160 - - [06/Jun/2015:06:02:31 -0500] "GET /BLA/boletinlegal;jsessionid=5DF0A569299C53BB2F4CD9A5394CC729?/? HTTP/1.1" 404 1018
207.46.13.104 - - [06/Jun/2015:06:02:32 -0500] "GET /BLA/resoluciones/RESOLUCIONES%202009/5762.pdf HTTP/1.1" 200 310914
207.46.13.104 - - [06/Jun/2015:06:02:32 -0500] "GET /bla/resoluciones/RESOLUCIONES%202011/3139.pdf HTTP/1.1" 200 1048479
207.46.13.104 - - [06/Jun/2015:06:02:32 -0500] "GET /BLA/resoluciones/Resoluciones%202011/1346.pdf HTTP/1.1" 200 70969
157.55.39.11 - - [06/Jun/2015:06:02:38 -0500] "GET /BLA/resoluciones/RESOLUCIONES%202008/1746.pdf HTTP/1.1" 200 372941
157.55.39.11 - - [06/Jun/2015:06:02:39 -0500] "GET /BLA/resoluciones/Autos%202008/0920.pdf HTTP/1.1" 200 159126
201.245.192.253 - - [06/Jun/2015:05:59:40 -0500] "GET /ForestMSG_SDA/channelAsync/template_word_18303147?X-Atmosphere-tracking-id=ef7b8cca-22a0-3631-7219-93916646b115&X-Atmosphere-Framework=1.0.5&X-Atmosphere-Transport=long-polling&tabid=0.1128270248301344&X-Cache-Date=0&Content-Type=application/xml&_=1433588437717 HTTP/1.1" 200 8193
180.76.15.155 - - [06/Jun/2015:06:02:49 -0500] "GET /BLA/resoluciones/RESOLUCIONES%202009/9202.pdf HTTP/1.1" 200 550235
207.46.13.68 - - [06/Jun/2015:06:03:03 -0500] "GET /BLA/resoluciones/RESOLUCIONES%202010/6434.pdf HTTP/1.1" 200 664797
180.76.15.139 - - [06/Jun/2015:06:03:06 -0500] "GET /BLA/resoluciones/AUTOS%202012/0999.pdf HTTP/1.1" 200 267865
207.46.13.104 - - [06/Jun/2015:06:03:13 -0500] "GET /BLA/resoluciones/AUTOS%202007/3283.pdf HTTP/1.1" 200 181749
207.46.13.104 - - [06/Jun/2015:06:03:13 -0500] "GET /BLA/resoluciones/AUTOS%202007/0181.pdf HTTP/1.1" 200 110867
157.55.39.10 - - [06/Jun/2015:06:03:17 -0500] "GET /BLA/resoluciones/RESOLUCIONES%202010/6382.pdf HTTP/1.1" 200 2489844
180.76.15.10 - - [06/Jun/2015:06:03:23 -0500] "GET /BLA/resoluciones/RESOLUCIONES%202008/5399.pdf HTTP/1.1" 200 211857
157.55.39.10 - - [06/Jun/2015:06:03:24 -0500] "GET /BLA/resoluciones/AUTOS%202009/1360.pdf HTTP/1.1" 200 139506
157.55.39.10 - - [06/Jun/2015:06:03:24 -0500] "GET /BLA/resoluciones/RESOLUCIONES%202009/1723.pdf HTTP/1.1" 200 275340
157.55.39.10 - - [06/Jun/2015:06:03:25 -0500] "GET /BLA/resoluciones/RESOLUCIONES%202008/0292.pdf HTTP/1.1" 200 18682
207.46.13.104 - - [06/Jun/2015:06:03:28 -0500] "GET /BLA/resoluciones/RESOLUCIONES%202008/2204.pdf HTTP/1.1" 200 386165
207.46.13.68 - - [06/Jun/2015:06:03:34 -0500] "GET /BLA/resoluciones/Autos%202008/0333.pdf HTTP/1.1" 200 61194
66.249.64.223 - - [06/Jun/2015:06:03:34 -0500] "GET /BLA/resoluciones/RESOLUCIONES%202011/5299.pdf HTTP/1.1" 200 581256
157.55.39.11 - - [06/Jun/2015:06:03:39 -0500] "GET /BLA/resoluciones/RESOLUCIONES%202010/5726.pdf HTTP/1.1" 200 809565
157.55.39.11 - - [06/Jun/2015:06:03:39 -0500] "GET /BLA/resoluciones/RESOLUCIONES%202010/0421.pdf HTTP/1.1" 200 2819084
180.76.15.134 - - [06/Jun/2015:06:03:41 -0500] "GET /BLA/resoluciones/AUTOS%202010/2353.pdf HTTP/1.1" 200 1657173
207.46.13.68 - - [06/Jun/2015:06:03:45 -0500] "GET /BLA/resoluciones/RESOLUCIONES%202011/1602.pdf HTTP/1.1" 200 71447
157.55.39.134 - - [06/Jun/2015:06:03:54 -0500] "GET /BLA/resoluciones/Resoluciones%202011/0660.pdf HTTP/1.1" 200 399716
207.46.13.104 - - [06/Jun/2015:06:03:58 -0500] "GET /BLA/resoluciones/RESOLUCIONES%202010/1095.pdf HTTP/1.1" 200 98647
180.76.15.152 - - [06/Jun/2015:06:03:58 -0500] "GET /BLA/resoluciones/AUTOS%202012/2090.pdf HTTP/1.1" 200 338288
207.46.13.104 - - [06/Jun/2015:06:03:58 -0500] "GET /BLA/resoluciones/RESOLUCIONES%202014/0281.pdf HTTP/1.1" 200 577827
207.46.13.104 - - [06/Jun/2015:06:03:59 -0500] "GET /BLA/resoluciones/RESOLUCIONES%202010/6918.pdf HTTP/1.1" 200 1281285
207.46.13.104 - - [06/Jun/2015:06:03:59 -0500] "GET /BLA/resoluciones/RESOLUCIONES%202011/4204.pdf HTTP/1.1" 200 166219
207.46.13.104 - - [06/Jun/2015:06:04:00 -0500] "GET /BLA/resoluciones/RESOLUCIONES%202011/1520.pdf HTTP/1.1" 200 285508
157.55.39.10 - - [06/Jun/2015:06:04:14 -0500] "GET /BLA/resoluciones/Resoluciones%202011/3428.pdf HTTP/1.1" 200 524030
157.55.39.10 - - [06/Jun/2015:06:04:15 -0500] "GET /BLA/resoluciones/AUTOS%202009/3530.pdf HTTP/1.1" 200 209279
180.76.15.137 - - [06/Jun/2015:06:04:15 -0500] "GET /BLA/resoluciones/AUTOS%202009/1426.pdf HTTP/1.1" 200 197203
207.46.13.68 - - [06/Jun/2015:06:04:18 -0500] "GET /BLA/resoluciones/RESOLUCIONES%202010/0833.pdf HTTP/1.1" 200 108124
207.46.13.68 - - [06/Jun/2015:06:04:19 -0500] "GET /BLA/resoluciones/Autos%202008/1281.pdf HTTP/1.1" 200 236880
207.46.13.68 - - [06/Jun/2015:06:04:19 -0500] "GET /bla/resoluciones/RESOLUCIONES%202009/0459.pdf HTTP/1.1" 200 401492
207.46.13.68 - - [06/Jun/2015:06:04:20 -0500] "GET /BLA/resoluciones/RESOLUCIONES%202010/0964.pdf HTTP/1.1" 200 433581
207.46.13.104 - - [06/Jun/2015:06:04:25 -0500] "GET /BLA/resoluciones/RESOLUCIONES%202010/5284.pdf HTTP/1.1" 200 759787
207.46.13.104 - - [06/Jun/2015:06:04:25 -0500] "GET /BLA/resoluciones/RESOLUCIONES%202008/5094.pdf HTTP/1.1" 200 210769
66.249.64.223 - - [06/Jun/2015:06:04:29 -0500] "GET /m/BLA/resoluciones/RESOLUCIONES%202013/2000.pdf HTTP/1.1" 404 1018
180.76.15.160 - - [06/Jun/2015:06:04:32 -0500] "GET /BLA/resoluciones/RESOLUCIONES%202007/RES%202007%203501%20AL%203600/RESOLUCION%203567%20DE%202007.pdf HTTP/1.1" 200 26448
207.46.13.68 - - [06/Jun/2015:06:04:35 -0500] "GET /bla/resoluciones/resoluciones%202009/4379.pdf HTTP/1.1" 200 302495
207.46.13.68 - - [06/Jun/2015:06:04:36 -0500] "GET /bla/resoluciones/RESOLUCIONES%202009/1430.pdf HTTP/1.1" 200 932837
157.55.39.134 - - [06/Jun/2015:06:04:45 -0500] "GET /BLA/resoluciones/RESOLUCIONES%202008/0030.pdf HTTP/1.1" 200 327321
180.76.15.161 - - [06/Jun/2015:06:04:50 -0500] "GET /BLA/resoluciones/AUTOS%202015/0251-.pdf HTTP/1.1" 200 129332
66.249.64.233 - - [06/Jun/2015:06:04:54 -0500] "GET /BLA/resoluciones/RESOLUCIONES%202008/0701.pdf HTTP/1.1" 304 -
157.55.39.167 - - [06/Jun/2015:06:04:56 -0500] "GET /bla/resoluciones/RESOLUCIONES%202011/0631.pdf HTTP/1.1" 200 521026
157.55.39.167 - - [06/Jun/2015:06:04:56 -0500] "GET /bla/resoluciones/RESOLUCIONES%202011/1259.pdf HTTP/1.1" 200 369848
157.55.39.167 - - [06/Jun/2015:06:04:57 -0500] "GET /BLA/resoluciones/RESOLUCIONES%202010/2338.pdf HTTP/1.1" 200 522885
157.55.39.167 - - [06/Jun/2015:06:04:57 -0500] "GET /BLA/resoluciones/AUTOS%202007/1518.pdf HTTP/1.1" 200 67461
157.55.39.167 - - [06/Jun/2015:06:04:58 -0500] "GET /bla/resoluciones/RESOLUCIONES%202011/1193.pdf HTTP/1.1" 200 245488
157.55.39.167 - - [06/Jun/2015:06:04:58 -0500] "GET /BLA/resoluciones/RESOLUCIONES%202009/1666.pdf HTTP/1.1" 200 493351
157.55.39.167 - - [06/Jun/2015:06:04:58 -0500] "GET /BLA/resoluciones/RESOLUCIONES%202010/0363.pdf HTTP/1.1" 200 515447
157.55.39.167 - - [06/Jun/2015:06:04:59 -0500] "GET /BLA/resoluciones/AUTOS%202011/3891.pdf HTTP/1.1" 200 251412
157.55.39.167 - - [06/Jun/2015:06:04:59 -0500] "GET /BLA/resoluciones/AUTOS%202009/3405.pdf HTTP/1.1" 200 95959
157.55.39.167 - - [06/Jun/2015:06:04:59 -0500] "GET /bla/resoluciones/RESOLUCIONES%202011/2136.pdf HTTP/1.1" 200 783772
157.55.39.167 - - [06/Jun/2015:06:05:00 -0500] "GET /BLA/resoluciones/AUTOS%202009/2883.pdf HTTP/1.1" 200 97848
157.55.39.167 - - [06/Jun/2015:06:05:01 -0500] "GET /BLA/resoluciones/RESOLUCIONES%202010/7814.pdf HTTP/1.1" 200 448059
157.55.39.167 - - [06/Jun/2015:06:05:02 -0500] "GET /bla/resoluciones/RESOLUCIONES%202009/2315.pdf HTTP/1.1" 200 477369
157.55.39.167 - - [06/Jun/2015:06:05:02 -0500] "GET /BLA/resoluciones/RESOLUCIONES%202010/?C=S;O=A HTTP/1.1" 200 737656
157.55.39.167 - - [06/Jun/2015:06:05:06 -0500] "GET /BLA/resoluciones/Autos%202008/0884.pdf HTTP/1.1" 200 128496
157.55.39.167 - - [06/Jun/2015:06:05:06 -0500] "GET /BLA/resoluciones/RESOLUCIONES%202010/6612.pdf HTTP/1.1" 200 298272
157.55.39.167 - - [06/Jun/2015:06:05:07 -0500] "GET /BLA/resoluciones/AUTOS%202011/0084.pdf HTTP/1.1" 200 163059
180.76.15.153 - - [06/Jun/2015:06:05:07 -0500] "GET /BLA/resoluciones/RESOLUCIONES%202008/4873.pdf HTTP/1.1" 200 256622
157.55.39.167 - - [06/Jun/2015:06:05:07 -0500] "GET /BLA/resoluciones/Resoluciones%202011/2666.pdf HTTP/1.1" 200 471038
157.55.39.167 - - [06/Jun/2015:06:05:08 -0500] "GET /BLA/resoluciones/AUTOS%202009/1826.pdf HTTP/1.1" 200 129082
157.55.39.167 - - [06/Jun/2015:06:05:08 -0500] "GET /bla/resoluciones/resoluciones%202009/4031.pdf HTTP/1.1" 200 36410
157.55.39.167 - - [06/Jun/2015:06:05:08 -0500] "GET /BLA/resoluciones/RESOLUCIONES%202014/1101.pdf HTTP/1.1" 200 796024
157.55.39.167 - - [06/Jun/2015:06:05:09 -0500] "GET /BLA/resoluciones/RESOLUCIONES%202010/0034.pdf HTTP/1.1" 200 431229
207.46.13.104 - - [06/Jun/2015:06:05:16 -0500] "GET /BLA/resoluciones/RESOLUCIONES%202011/3145.pdf HTTP/1.1" 200 586512
207.46.13.104 - - [06/Jun/2015:06:05:16 -0500] "GET /bla/resoluciones/resoluciones%202009/2305.pdf HTTP/1.1" 200 467577
207.46.13.68 - - [06/Jun/2015:06:05:21 -0500] "GET /BLA/resoluciones/AUTOS%202009/1488.pdf HTTP/1.1" 200 188735
180.76.15.154 - - [06/Jun/2015:06:05:24 -0500] "GET /BLA/resoluciones/AUTOS%202012/2733.pdf HTTP/1.1" 200 395805
157.55.39.11 - - [06/Jun/2015:06:05:34 -0500] "GET /BLA/resoluciones/RESOLUCIONES%202010/1696.pdf HTTP/1.1" 200 422222
207.46.13.104 - - [06/Jun/2015:06:05:39 -0500] "GET /BLA/resoluciones/RESOLUCIONES%202008/0971.pdf HTTP/1.1" 200 197709
207.46.13.104 - - [06/Jun/2015:06:05:40 -0500] "GET /bla/resoluciones/RESOLUCIONES%202011/2714.pdf HTTP/1.1" 200 712640
207.46.13.104 - - [06/Jun/2015:06:05:40 -0500] "GET /bla/resoluciones/resoluciones%202009/1802.pdf HTTP/1.1" 200 757250
201.245.192.253 - - [06/Jun/2015:06:02:40 -0500] "GET /ForestMSG_SDA/channelAsync/template_word_18303147?X-Atmosphere-tracking-id=ef7b8cca-22a0-3631-7219-93916646b115&X-Atmosphere-Framework=1.0.5&X-Atmosphere-Transport=long-polling&tabid=0.1128270248301344&X-Cache-Date=0&Content-Type=application/xml&_=1433588617713 HTTP/1.1" 200 8193
180.76.15.13 - - [06/Jun/2015:06:05:42 -0500] "GET /Autoliquidacion/Grupo%20Forestal%20-%20Industria%20de%20la%20Madera/APLICATIVO%20COSTO%20EVALUACION%20SALVOCONDUCTO%202015-.xls HTTP/1.1" 200 108544
207.46.13.68 - - [06/Jun/2015:06:05:43 -0500] "GET /BLA/resoluciones/RESOLUCIONES%202010/5819.pdf HTTP/1.1" 200 84398
207.46.13.68 - - [06/Jun/2015:06:05:44 -0500] "GET /BLA/resoluciones/RESOLUCIONES%202010/2252.pdf HTTP/1.1" 200 511525
207.46.13.104 - - [06/Jun/2015:06:05:49 -0500] "GET /BLA/boletinlegal/Circulares/2012/Circular%20No.%206%20del%2025%20de%20Mayo%20de%202012.pdf HTTP/1.1" 200 387391
157.55.39.134 - - [06/Jun/2015:06:05:54 -0500] "GET /BLA/resoluciones/AUTOS%202009/0681.pdf HTTP/1.1" 200 70685
157.55.39.134 - - [06/Jun/2015:06:05:54 -0500] "GET /BLA/resoluciones/Resoluciones%202011/2083.pdf HTTP/1.1" 200 569226
180.76.15.149 - - [06/Jun/2015:06:05:59 -0500] "GET /BLA/resoluciones/AUTOS%202014/4392.pdf HTTP/1.1" 200 318031
207.46.13.68 - - [06/Jun/2015:06:06:00 -0500] "GET /BLA/resoluciones/RESOLUCIONES%202008/2337.pdf HTTP/1.1" 200 201888
74.86.158.107 - - [06/Jun/2015:06:06:02 -0500] "HEAD / HTTP/1.1" 200 -
207.46.13.104 - - [06/Jun/2015:06:06:05 -0500] "GET /bla/resoluciones/RESOLUCIONES%202011/1814.pdf HTTP/1.1" 200 517290
66.249.64.233 - - [06/Jun/2015:06:06:14 -0500] "GET /BLA/resoluciones/AUTOS%202014/3322.pdf HTTP/1.1" 200 1283245
180.76.15.24 - - [06/Jun/2015:06:06:16 -0500] "GET /BLA/resoluciones/AUTOS%202014/3070.pdf HTTP/1.1" 200 240377
207.46.13.104 - - [06/Jun/2015:06:06:21 -0500] "GET /BLA/resoluciones/RESOLUCIONES%202011/2029.pdf HTTP/1.1" 200 512703
207.46.13.68 - - [06/Jun/2015:06:06:26 -0500] "GET /BLA/resoluciones/AUTOS%202011/6128.pdf HTTP/1.1" 200 185400
207.46.13.68 - - [06/Jun/2015:06:06:26 -0500] "GET /BLA/resoluciones/RESOLUCIONES%202009/0772.pdf HTTP/1.1" 200 356715
207.46.13.68 - - [06/Jun/2015:06:06:27 -0500] "GET /BLA/resoluciones/RESOLUCIONES%202008/3246.pdf HTTP/1.1" 200 192370
180.76.15.15 - - [06/Jun/2015:06:06:33 -0500] "GET /BLA/resoluciones/RESOLUCIONES%202007/RES%202007%202801%20AL%202900/RESOLUCION%202866%20DE%202007.pdf HTTP/1.1" 200 487308
207.46.13.104 - - [06/Jun/2015:06:06:38 -0500] "GET /BLA/resoluciones/RESOLUCIONES%202010/0502.pdf HTTP/1.1" 200 62231
207.46.13.104 - - [06/Jun/2015:06:06:39 -0500] "GET /bla/resoluciones/RESOLUCIONES%202009/1210.pdf HTTP/1.1" 200 396851
66.249.64.233 - - [06/Jun/2015:06:06:39 -0500] "GET /galeria/galeria/fotos/2GuaymaralTorcaP2.jpg HTTP/1.1" 304 -
66.249.64.126 - - [06/Jun/2015:06:06:40 -0500] "GET /galeria/nivo-slider/demo/images/luciernaga6.jpg HTTP/1.1" 200 113705
207.46.13.104 - - [06/Jun/2015:06:06:40 -0500] "GET /BLA/resoluciones/RESOLUCIONES%202011/2347.pdf HTTP/1.1" 200 531974
157.55.39.134 - - [06/Jun/2015:06:06:41 -0500] "GET /BLA/resoluciones/RESOLUCIONES%202011/0496.pdf HTTP/1.1" 200 76413
207.46.13.104 - - [06/Jun/2015:06:06:42 -0500] "GET /BLA/resoluciones/RESOLUCIONES%202012/1071.pdf HTTP/1.1" 200 586088
157.55.39.134 - - [06/Jun/2015:06:06:42 -0500] "GET /BLA/resoluciones/Resoluciones%202011/1050.pdf HTTP/1.1" 200 273587
207.46.13.104 - - [06/Jun/2015:06:06:50 -0500] "GET /BLA/resoluciones/RESOLUCIONES%202011/1444.pdf HTTP/1.1" 200 81359
207.46.13.104 - - [06/Jun/2015:06:06:50 -0500] "GET /bla/resoluciones/RESOLUCIONES%202009/1557.pdf HTTP/1.1" 200 424747
180.76.15.143 - - [06/Jun/2015:06:06:51 -0500] "GET /BLA/resoluciones/AUTOS%202012/1757.pdf HTTP/1.1" 200 289660
180.76.15.10 - - [06/Jun/2015:06:07:08 -0500] "GET /BLA/resoluciones/AUTOS%202010/6629.pdf HTTP/1.1" 200 141963
157.55.39.10 - - [06/Jun/2015:06:07:15 -0500] "GET /BLA/resoluciones/RESOLUCIONES%202010/6779.pdf HTTP/1.1" 200 218591
207.46.13.104 - - [06/Jun/2015:06:07:21 -0500] "GET /BLA/resoluciones/RESOLUCIONES%202008/1613.pdf HTTP/1.1" 200 211648
207.46.13.104 - - [06/Jun/2015:06:07:22 -0500] "GET /BLA/resoluciones/AUTOS%202011/2151.pdf HTTP/1.1" 200 197761
207.46.13.104 - - [06/Jun/2015:06:07:22 -0500] "GET /BLA/resoluciones/RESOLUCIONES%202010/5807.pdf HTTP/1.1" 200 747955
123.125.71.52 - - [06/Jun/2015:06:07:23 -0500] "GET / HTTP/1.1" 200 10190
180.76.15.19 - - [06/Jun/2015:06:07:25 -0500] "GET /BLA/resoluciones/AUTOS%202010/3469.pdf HTTP/1.1" 200 358749
157.55.39.168 - - [06/Jun/2015:06:07:33 -0500] "GET /BLA/resoluciones/RESOLUCIONES%202010/1122.pdf HTTP/1.1" 200 101530
66.249.64.233 - - [06/Jun/2015:06:07:33 -0500] "GET /BLA/resoluciones/AUTOS%202014/1623.pdf HTTP/1.1" 304 -
157.55.39.168 - - [06/Jun/2015:06:07:34 -0500] "GET /BLA/resoluciones/AUTOS%202007/2704.pdf HTTP/1.1" 200 147172
157.55.39.168 - - [06/Jun/2015:06:07:34 -0500] "GET /BLA/resoluciones/AUTOS%202011/3647.pdf HTTP/1.1" 200 291676
157.55.39.168 - - [06/Jun/2015:06:07:35 -0500] "GET /BLA/resoluciones/RESOLUCIONES%202011/3913.pdf HTTP/1.1" 200 548334
157.55.39.168 - - [06/Jun/2015:06:07:35 -0500] "GET /BLA/resoluciones/RESOLUCIONES%202010/0071.pdf HTTP/1.1" 200 502063
157.55.39.168 - - [06/Jun/2015:06:07:35 -0500] "GET /BLA/resoluciones/AUTOS%202010/4593.pdf HTTP/1.1" 200 156975
157.55.39.168 - - [06/Jun/2015:06:07:36 -0500] "GET /bla/resoluciones/resoluciones%202009/0263.pdf HTTP/1.1" 200 174212
157.55.39.168 - - [06/Jun/2015:06:07:36 -0500] "GET /bla/resoluciones/RESOLUCIONES%202009/2232.pdf HTTP/1.1" 200 617632
157.55.39.168 - - [06/Jun/2015:06:07:37 -0500] "GET /BLA/resoluciones/AUTOS%202011/4403.pdf HTTP/1.1" 200 205884
157.55.39.168 - - [06/Jun/2015:06:07:37 -0500] "GET /BLA/resoluciones/AUTOS%202011/7465.pdf HTTP/1.1" 200 134999
157.55.39.168 - - [06/Jun/2015:06:07:38 -0500] "GET /BLA/resoluciones/AUTOS%202009/2933.pdf HTTP/1.1" 200 160277
180.76.15.25 - - [06/Jun/2015:06:07:43 -0500] "GET /BLA/resoluciones/RESOLUCIONES%202007/RES%202007%20701%20AL%20800/RESOLUCION%200761%20DE%202007.pdf HTTP/1.1" 200 295632
89.15.209.150 - - [06/Jun/2015:06:07:48 -0500] "GET /BLA/boletinlegal/js/jquery.scrollTo-min.js HTTP/1.1" 200 1150
89.15.209.150 - - [06/Jun/2015:06:07:48 -0500] "GET /galeria/galeria/jquery.fancybox.css?v=2.1.5 HTTP/1.1" 200 4895
89.15.209.150 - - [06/Jun/2015:06:07:48 -0500] "GET /BLA/boletinlegal/js/jquery.scrollShow.js HTTP/1.1" 200 4586
89.15.209.150 - - [06/Jun/2015:06:07:48 -0500] "GET /galeria/galeria/jquery.fancybox.js?v=2.1.5 HTTP/1.1" 200 48706
180.76.15.142 - - [06/Jun/2015:06:08:00 -0500] "GET /BLA/boletinlegal/;jsessionid=323FC04BD968C57FD6E451C3DE8A540C? HTTP/1.1" 404 1018
157.55.39.134 - - [06/Jun/2015:06:08:01 -0500] "GET /BLA/resoluciones/AUTOS%202011/3642.pdf HTTP/1.1" 200 241239
207.46.13.104 - - [06/Jun/2015:06:08:05 -0500] "GET /BLA/resoluciones/AUTOS%202007/1889.pdf HTTP/1.1" 200 162433
207.46.13.68 - - [06/Jun/2015:06:08:10 -0500] "GET /BLA/resoluciones/RESOLUCIONES%202010/6327.pdf HTTP/1.1" 200 550237
207.46.13.68 - - [06/Jun/2015:06:08:10 -0500] "GET /bla/resoluciones/RESOLUCIONES%202009/1576.pdf HTTP/1.1" 200 95217
207.46.13.68 - - [06/Jun/2015:06:08:11 -0500] "GET /BLA/resoluciones/RESOLUCIONES%202009/9626.pdf HTTP/1.1" 200 342866
207.46.13.68 - - [06/Jun/2015:06:08:12 -0500] "GET /BLA/resoluciones/AUTOS%202011/0958.pdf HTTP/1.1" 200 154963
180.76.15.30 - - [06/Jun/2015:06:08:17 -0500] "GET /BLA/resoluciones/RESOLUCIONES%202009/1931.pdf HTTP/1.1" 200 590321
207.46.13.104 - - [06/Jun/2015:06:08:25 -0500] "GET /BLA/resoluciones/RESOLUCIONES%202009/4289.pdf HTTP/1.1" 200 312934
180.76.15.153 - - [06/Jun/2015:06:08:34 -0500] "GET /BLA/resoluciones/AUTOS%202011/2053.pdf HTTP/1.1" 200 1603212
201.245.192.253 - - [06/Jun/2015:06:05:40 -0500] "GET /ForestMSG_SDA/channelAsync/template_word_18303147?X-Atmosphere-tracking-id=ef7b8cca-22a0-3631-7219-93916646b115&X-Atmosphere-Framework=1.0.5&X-Atmosphere-Transport=long-polling&tabid=0.1128270248301344&X-Cache-Date=0&Content-Type=application/xml&_=1433588797695 HTTP/1.1" 200 8193
66.249.64.228 - - [06/Jun/2015:06:08:53 -0500] "GET /BLA/resoluciones/AUTOS%202013/2693.pdf HTTP/1.1" 200 1169360
89.15.209.150 - - [06/Jun/2015:06:08:58 -0500] "GET /BLA/boletinlegal/js/jquery.scrollTo-min.js HTTP/1.1" 304 -
89.15.209.150 - - [06/Jun/2015:06:08:58 -0500] "GET /BLA/boletinlegal/js/jquery.scrollShow.js HTTP/1.1" 304 -
89.15.209.150 - - [06/Jun/2015:06:08:58 -0500] "GET /galeria/galeria/jquery.fancybox.css?v=2.1.5 HTTP/1.1" 304 -
89.15.209.150 - - [06/Jun/2015:06:08:58 -0500] "GET /galeria/galeria/jquery.fancybox.js?v=2.1.5 HTTP/1.1" 304 -
207.46.13.68 - - [06/Jun/2015:06:09:02 -0500] "GET /bla/resoluciones/resoluciones%202009/1692.pdf HTTP/1.1" 200 770474
207.46.13.104 - - [06/Jun/2015:06:09:14 -0500] "GET /BLA/resoluciones/AUTOS%202011/4122.pdf HTTP/1.1" 200 214637
207.46.13.68 - - [06/Jun/2015:06:09:22 -0500] "GET /BLA/resoluciones/RESOLUCIONES%202009/3712.pdf HTTP/1.1" 200 109490
207.46.13.68 - - [06/Jun/2015:06:09:29 -0500] "GET /BLA/resoluciones/AUTOS%202010/5644.pdf HTTP/1.1" 200 165580
157.55.39.134 - - [06/Jun/2015:06:09:42 -0500] "GET /bla/resoluciones/RESOLUCIONES%202011/0235.pdf HTTP/1.1" 200 1320887
157.55.39.134 - - [06/Jun/2015:06:09:43 -0500] "GET /BLA/resoluciones/Autos%202008/1704.pdf HTTP/1.1" 200 205390
181.51.40.244 - - [06/Jun/2015:06:09:45 -0500] "GET /BLA/boletinlegal/js/jquery.scrollTo-min.js HTTP/1.1" 200 1150
181.51.40.244 - - [06/Jun/2015:06:09:46 -0500] "GET /BLA/boletinlegal/js/jquery.scrollShow.js HTTP/1.1" 200 4586
181.51.40.244 - - [06/Jun/2015:06:09:46 -0500] "GET /galeria/galeria/jquery.fancybox.js?v=2.1.5 HTTP/1.1" 200 48706
181.51.40.244 - - [06/Jun/2015:06:09:46 -0500] "GET /galeria/galeria/jquery.fancybox.css?v=2.1.5 HTTP/1.1" 200 4895
207.46.13.104 - - [06/Jun/2015:06:09:46 -0500] "GET /BLA/resoluciones/RESOLUCIONES%202014/0195.pdf HTTP/1.1" 200 668457
181.51.40.244 - - [06/Jun/2015:06:09:54 -0500] "GET /BLA/boletinlegal/js/jquery.scrollTo-min.js HTTP/1.1" 304 -
181.51.40.244 - - [06/Jun/2015:06:09:54 -0500] "GET /galeria/galeria/jquery.fancybox.js?v=2.1.5 HTTP/1.1" 304 -
181.51.40.244 - - [06/Jun/2015:06:09:54 -0500] "GET /BLA/boletinlegal/js/jquery.scrollShow.js HTTP/1.1" 304 -
181.51.40.244 - - [06/Jun/2015:06:09:54 -0500] "GET /galeria/galeria/jquery.fancybox.css?v=2.1.5 HTTP/1.1" 304 -
180.76.15.159 - - [06/Jun/2015:06:09:59 -0500] "GET /BLA/resoluciones/RESOLUCIONES%202010/1368.pdf HTTP/1.1" 200 356246
207.46.13.68 - - [06/Jun/2015:06:10:03 -0500] "GET /BLA/resoluciones/RESOLUCIONES%202010/5393.pdf HTTP/1.1" 200 344212
207.46.13.68 - - [06/Jun/2015:06:10:03 -0500] "GET /bla/resoluciones/RESOLUCIONES%202011/1845.pdf HTTP/1.1" 200 518070
157.55.39.10 - - [06/Jun/2015:06:10:06 -0500] "GET /BLA/resoluciones/AUTOS%202011/5176.pdf HTTP/1.1" 200 283711
157.55.39.10 - - [06/Jun/2015:06:10:07 -0500] "GET /BLA/resoluciones/Autos%202008/1000.pdf HTTP/1.1" 200 82901
66.249.64.228 - - [06/Jun/2015:06:10:13 -0500] "GET /POT-2013/Cartografia/32_Altura%20para%20c%C3%A1lculo%20de%20edificabilidad%20predominante%20y%20aisl.pdf HTTP/1.1" 200 3984236
180.76.15.22 - - [06/Jun/2015:06:10:16 -0500] "GET /BLA/resoluciones/RESOLUCIONES%202007/RES%202007%204001%20AL%204100/RESOLUCION%204042%20DE%202007.pdf HTTP/1.1" 200 218714
207.46.13.68 - - [06/Jun/2015:06:10:25 -0500] "GET /BLA/resoluciones/RESOLUCIONES%202010/2490.pdf HTTP/1.1" 200 446050
180.76.15.147 - - [06/Jun/2015:06:10:33 -0500] "GET /BLA/resoluciones/AUTOS%202013/2261.pdf HTTP/1.1" 200 554759
207.46.13.104 - - [06/Jun/2015:06:10:36 -0500] "GET /BLA/resoluciones/RESOLUCIONES%202008/3778.pdf HTTP/1.1" 200 97855
207.46.13.104 - - [06/Jun/2015:06:10:36 -0500] "GET /BLA/resoluciones/AUTOS%202007/0256.pdf HTTP/1.1" 200 66165
180.76.15.15 - - [06/Jun/2015:06:10:51 -0500] "GET /BLA/resoluciones/AUTOS%202013/1346.pdf HTTP/1.1" 200 719884
157.55.39.134 - - [06/Jun/2015:06:10:52 -0500] "GET /BLA/resoluciones/RESOLUCIONES%202008/4544.pdf HTTP/1.1" 200 307442
157.55.39.134 - - [06/Jun/2015:06:10:53 -0500] "GET /bla/resoluciones/RESOLUCIONES%202011/2376.pdf HTTP/1.1" 200 891874
157.55.39.134 - - [06/Jun/2015:06:10:53 -0500] "GET /bla/resoluciones/RESOLUCIONES%202011/1533.pdf HTTP/1.1" 200 69361
74.86.158.107 - - [06/Jun/2015:06:11:02 -0500] "HEAD / HTTP/1.1" 200 -
180.76.15.29 - - [06/Jun/2015:06:11:08 -0500] "GET /BLA/resoluciones/RESOLUCIONES%202007/RES%202007%202401%20AL%202500/RESOLUCION%202402%20DE%202007.pdf HTTP/1.1" 200 972246
207.46.13.104 - - [06/Jun/2015:06:11:09 -0500] "GET /bla/resoluciones/RESOLUCIONES%202011/1610.pdf HTTP/1.1" 200 77567
207.46.13.104 - - [06/Jun/2015:06:11:10 -0500] "GET /bla/resoluciones/resoluciones%202009/0324.pdf HTTP/1.1" 200 237787
152.61.128.66 - - [06/Jun/2015:06:11:10 -0500] "HEAD / HTTP/1.1" 200 -
152.61.128.66 - - [06/Jun/2015:06:11:10 -0500] "GET /arcgis/services/Calidad_del_Agua_WQI/MapServer/WMSServer?SERVICE=WMS&REQUEST=GetCapabilities HTTP/1.1" 200 32135
152.61.128.66 - - [06/Jun/2015:06:11:11 -0500] "GET /arcgis/services/Calidad_del_Agua_WQI/MapServer/WMSServer?SERVICE=WMS&REQUEST=GetCapabilities HTTP/1.0" 200 32135
152.61.128.66 - - [06/Jun/2015:06:11:12 -0500] "GET /arcgis/services/Calidad_del_Agua_WQI/MapServer/WMSServer?SERVICE=WMS&REQUEST=GetCapabilities HTTP/1.0" 200 32135
157.55.39.10 - - [06/Jun/2015:06:11:13 -0500] "GET /BLA/resoluciones/RESOLUCIONES%202010/7555.pdf HTTP/1.1" 200 468466
152.61.128.66 - - [06/Jun/2015:06:11:13 -0500] "GET /arcgis/services/Calidad_del_Agua_WQI/MapServer/WMSServer?SERVICE=WMS&REQUEST=GetCapabilities HTTP/1.0" 200 32135
157.55.39.10 - - [06/Jun/2015:06:11:15 -0500] "GET /BLA/resoluciones/AUTOS%202010/6812.pdf HTTP/1.1" 200 147835
157.55.39.10 - - [06/Jun/2015:06:11:15 -0500] "GET /bla/resoluciones/RESOLUCIONES%202009/1734.pdf HTTP/1.1" 200 238398
152.61.128.66 - - [06/Jun/2015:06:11:14 -0500] "GET /arcgis/services/Calidad_del_Agua_WQI/MapServer/WMSServer?VERSION=1.1.1&REQUEST=GetMap&LAYERS=0&SRS=EPSG:4326&BBOX=-74.473395,3.674381,-73.963300,4.920569&WIDTH=250&HEIGHT=250&FORMAT=image/bmp&STYLES=& HTTP/1.1" 200 188054
157.55.39.167 - - [06/Jun/2015:06:11:21 -0500] "GET /BLA/resoluciones/AUTOS%202007/1869.pdf HTTP/1.1" 200 238707
157.55.39.167 - - [06/Jun/2015:06:11:22 -0500] "GET /BLA/resoluciones/AUTOS%202007/3047.pdf HTTP/1.1" 200 71914
157.55.39.167 - - [06/Jun/2015:06:11:22 -0500] "GET /BLA/resoluciones/RESOLUCIONES%202008/4588.pdf HTTP/1.1" 200 200779
157.55.39.167 - - [06/Jun/2015:06:11:22 -0500] "GET /bla/resoluciones/RESOLUCIONES%202009/2304.pdf HTTP/1.1" 200 562171
157.55.39.167 - - [06/Jun/2015:06:11:23 -0500] "GET /BLA/resoluciones/Autos%202008/0461.pdf HTTP/1.1" 200 98328
157.55.39.167 - - [06/Jun/2015:06:11:23 -0500] "GET /bla/resoluciones/resoluciones%202009/0013.pdf HTTP/1.1" 200 364033
157.55.39.167 - - [06/Jun/2015:06:11:24 -0500] "GET /BLA/resoluciones/index.php?dir=RESOLUCIONES+2005%2F HTTP/1.1" 200 24431
66.249.64.223 - - [06/Jun/2015:06:11:24 -0500] "GET /BLA/resoluciones/AUTOS%202013/2558.pdf HTTP/1.1" 200 2060179
157.55.39.167 - - [06/Jun/2015:06:11:25 -0500] "GET /BLA/resoluciones/RESOLUCIONES%202010/0393.pdf HTTP/1.1" 200 93681
180.76.15.10 - - [06/Jun/2015:06:11:25 -0500] "GET /BLA/resoluciones/AUTOS%202011/0223.pdf HTTP/1.1" 200 140201
157.55.39.167 - - [06/Jun/2015:06:11:25 -0500] "GET /bla/resoluciones/resoluciones%202009/4355.pdf HTTP/1.1" 200 50814
157.55.39.167 - - [06/Jun/2015:06:11:26 -0500] "GET /BLA/resoluciones/AUTOS%202011/7699.pdf HTTP/1.1" 200 201782
157.55.39.167 - - [06/Jun/2015:06:11:26 -0500] "GET /BLA/resoluciones/RESOLUCIONES%202010/7109.pdf HTTP/1.1" 200 158374
157.55.39.167 - - [06/Jun/2015:06:11:26 -0500] "GET /BLA/resoluciones/AUTOS%202007/2526.pdf HTTP/1.1" 200 74264
157.55.39.167 - - [06/Jun/2015:06:11:27 -0500] "GET /BLA/resoluciones/AUTOS%202010/5462.pdf HTTP/1.1" 200 782401
186.154.146.118 - - [06/Jun/2015:06:11:30 -0500] "GET /galeria/nivo-slider/demo/demo.html HTTP/1.1" 304 -
186.154.146.118 - - [06/Jun/2015:06:11:31 -0500] "GET /galeria/nivo-slider/demo/images/Semana-Ambiental.jpg HTTP/1.1" 304 -
186.154.146.118 - - [06/Jun/2015:06:11:31 -0500] "GET /galeria/nivo-slider/demo/images/medio-ambiente.jpg HTTP/1.1" 304 -
186.154.146.118 - - [06/Jun/2015:06:11:31 -0500] "GET /galeria/nivo-slider/demo/images/GAE-banner.jpg HTTP/1.1" 304 -
157.55.39.167 - - [06/Jun/2015:06:11:31 -0500] "GET /BLA/resoluciones/RESOLUCIONES%202009/0786.pdf HTTP/1.1" 200 230482
66.249.64.228 - - [06/Jun/2015:06:11:33 -0500] "GET /BLA/resoluciones/RESOLUCIONES%202009/7104.pdf HTTP/1.1" 304 -
207.46.13.68 - - [06/Jun/2015:06:11:35 -0500] "GET /BLA/resoluciones/RESOLUCIONES%202011/3961.pdf HTTP/1.1" 200 430962
207.46.13.68 - - [06/Jun/2015:06:11:36 -0500] "GET /bla/resoluciones/resoluciones%202009/2073.pdf HTTP/1.1" 200 436046
207.46.13.68 - - [06/Jun/2015:06:11:36 -0500] "GET /BLA/resoluciones/RESOLUCIONES%202010/0613.pdf HTTP/1.1" 200 532501
207.46.13.68 - - [06/Jun/2015:06:11:39 -0500] "GET /BLA/resoluciones/RESOLUCIONES%202012/0885.pdf HTTP/1.1" 200 443099
207.46.13.104 - - [06/Jun/2015:06:11:40 -0500] "GET /BLA/resoluciones/RESOLUCIONES%202010/7326.pdf HTTP/1.1" 200 516527
201.245.192.253 - - [06/Jun/2015:06:08:40 -0500] "GET /ForestMSG_SDA/channelAsync/template_word_18303147?X-Atmosphere-tracking-id=ef7b8cca-22a0-3631-7219-93916646b115&X-Atmosphere-Framework=1.0.5&X-Atmosphere-Transport=long-polling&tabid=0.1128270248301344&X-Cache-Date=0&Content-Type=application/xml&_=1433588977729 HTTP/1.1" 200 8193
180.76.15.144 - - [06/Jun/2015:06:11:42 -0500] "GET /BLA/resoluciones/AUTOS%202010/5482.pdf HTTP/1.1" 200 413814
157.55.39.134 - - [06/Jun/2015:06:11:44 -0500] "GET /bla/resoluciones/resoluciones%202009/1240.pdf HTTP/1.1" 200 632854
157.55.39.134 - - [06/Jun/2015:06:11:45 -0500] "GET /BLA/resoluciones/RESOLUCIONES%202010/1945.pdf HTTP/1.1" 200 410824
66.249.64.223 - - [06/Jun/2015:06:11:59 -0500] "GET /galeria/bibloteca/ContentFlowAddOn_white.css HTTP/1.1" 200 3355
66.249.64.233 - - [06/Jun/2015:06:11:59 -0500] "GET /galeria/bibloteca/mycontentflow.css HTTP/1.1" 200 3110
157.55.39.10 - - [06/Jun/2015:06:12:03 -0500] "GET /BLA/resoluciones/RESOLUCIONES%202010/2048.pdf HTTP/1.1" 200 205625
207.46.13.68 - - [06/Jun/2015:06:12:07 -0500] "GET /BLA/resoluciones/AUTOS%202007/1930.pdf HTTP/1.1" 200 118468
207.46.13.104 - - [06/Jun/2015:06:12:16 -0500] "GET /BLA/resoluciones/RESOLUCIONES%202008/2288.pdf HTTP/1.1" 200 363168
207.46.13.104 - - [06/Jun/2015:06:12:16 -0500] "GET /BLA/resoluciones/RESOLUCIONES%202014/1089.pdf HTTP/1.1" 200 2544414
207.46.13.104 - - [06/Jun/2015:06:12:17 -0500] "GET /BLA/resoluciones/AUTOS%202010/4575.pdf HTTP/1.1" 200 170591
207.46.13.68 - - [06/Jun/2015:06:12:32 -0500] "GET /BLA/resoluciones/AUTOS%202007/3006.pdf HTTP/1.1" 200 121364
150.70.173.6 - - [06/Jun/2015:06:12:35 -0500] "GET /galeria/nivo-slider/demo/demo.html HTTP/1.1" 200 5219
180.76.15.134 - - [06/Jun/2015:06:12:35 -0500] "GET /BLA/resoluciones/AUTOS%202010/1430.pdf HTTP/1.1" 200 234861
157.55.39.11 - - [06/Jun/2015:06:12:36 -0500] "GET /BLA/resoluciones/AUTOS%202007/2268.pdf HTTP/1.1" 200 147729
157.55.39.11 - - [06/Jun/2015:06:12:37 -0500] "GET /BLA/resoluciones/RESOLUCIONES%202008/0197.pdf HTTP/1.1" 200 835354
157.55.39.11 - - [06/Jun/2015:06:12:37 -0500] "GET /BLA/resoluciones/Resoluciones%202011/2817.pdf HTTP/1.1" 200 342086
207.46.13.104 - - [06/Jun/2015:06:12:45 -0500] "GET /bla/resoluciones/RESOLUCIONES%202011/1933.pdf HTTP/1.1" 200 127025
207.46.13.104 - - [06/Jun/2015:06:12:46 -0500] "GET /BLA/resoluciones/RESOLUCIONES%202008/4048.pdf HTTP/1.1" 200 332852
66.249.64.228 - - [06/Jun/2015:06:12:52 -0500] "GET /BLA/resoluciones/RESOLUCIONES%202010/5810.pdf HTTP/1.1" 200 304342
180.76.15.139 - - [06/Jun/2015:06:12:52 -0500] "GET /BLA/resoluciones/AUTOS%202010/6562.pdf HTTP/1.1" 200 135954
157.55.39.134 - - [06/Jun/2015:06:12:59 -0500] "GET /BLA/resoluciones/AUTOS%202009/3126.pdf HTTP/1.1" 200 380826
207.46.13.104 - - [06/Jun/2015:06:13:25 -0500] "GET /BLA/resoluciones/Resoluciones%202011/2981.pdf HTTP/1.1" 200 509150
207.46.13.104 - - [06/Jun/2015:06:13:26 -0500] "GET /BLA/resoluciones/RESOLUCIONES%202010/5988.pdf HTTP/1.1" 200 1954100
180.76.15.155 - - [06/Jun/2015:06:13:27 -0500] "GET /BLA/resoluciones/AUTOS%202012/2716.pdf HTTP/1.1" 200 446349
207.46.13.68 - - [06/Jun/2015:06:13:35 -0500] "GET /BLA/resoluciones/AUTOS%202011/0883.pdf HTTP/1.1" 200 102192
180.76.15.29 - - [06/Jun/2015:06:13:44 -0500] "GET /BLA/resoluciones/AUTOS%202010/4423.pdf HTTP/1.1" 200 145377
212.52.166.61 - - [06/Jun/2015:06:13:44 -0500] "GET /wp-admin/ HTTP/1.1" 404 1018
207.46.13.104 - - [06/Jun/2015:06:13:45 -0500] "GET /BLA/resoluciones/RESOLUCIONES%202008/0639.pdf HTTP/1.1" 200 272070
207.46.13.104 - - [06/Jun/2015:06:13:46 -0500] "GET /BLA/resoluciones/AUTOS%202009/0694.pdf HTTP/1.1" 200 71616
207.46.13.104 - - [06/Jun/2015:06:13:47 -0500] "GET /bla/resoluciones/RESOLUCIONES%202011/2113.pdf HTTP/1.1" 200 510431
207.46.13.104 - - [06/Jun/2015:06:13:47 -0500] "GET /BLA/resoluciones/RESOLUCIONES%202009/1907.pdf HTTP/1.1" 200 455615
207.46.13.104 - - [06/Jun/2015:06:13:47 -0500] "GET /BLA/resoluciones/RESOLUCIONES%202010/1580.pdf HTTP/1.1" 200 492515
157.55.39.134 - - [06/Jun/2015:06:13:50 -0500] "GET /BLA/resoluciones/RESOLUCIONES%202010/1175.pdf HTTP/1.1" 200 98619
180.76.15.149 - - [06/Jun/2015:06:14:02 -0500] "GET /BLA/resoluciones/AUTOS%202010/0609.pdf HTTP/1.1" 200 155304
157.55.39.10 - - [06/Jun/2015:06:14:09 -0500] "GET /bla/resoluciones/RESOLUCIONES%202011/3029.pdf HTTP/1.1" 200 654020
66.249.64.233 - - [06/Jun/2015:06:14:12 -0500] "GET /BLA/resoluciones/AUTOS%202009/0983.pdf HTTP/1.1" 304 -
180.76.15.12 - - [06/Jun/2015:06:14:19 -0500] "GET /BLA/resoluciones/RESOLUCIONES%202009/8639.pdf HTTP/1.1" 200 314477
207.46.13.104 - - [06/Jun/2015:06:14:21 -0500] "GET /BLA/resoluciones/RESOLUCIONES%202008/5128.pdf HTTP/1.1" 200 419004
157.55.39.10 - - [06/Jun/2015:06:14:29 -0500] "GET /BLA/resoluciones/Resoluciones%202011/0702.pdf HTTP/1.1" 200 270732
207.46.13.68 - - [06/Jun/2015:06:14:34 -0500] "GET /BLA/resoluciones/AUTOS%202010/1784.pdf HTTP/1.1" 200 2782097
207.46.13.68 - - [06/Jun/2015:06:14:35 -0500] "GET /BLA/resoluciones/RESOLUCIONES%202011/1415.pdf HTTP/1.1" 200 71815
207.46.13.68 - - [06/Jun/2015:06:14:35 -0500] "GET /BLA/resoluciones/RESOLUCIONES%202014/0745.pdf HTTP/1.1" 200 577718
207.46.13.68 - - [06/Jun/2015:06:14:35 -0500] "GET /BLA/resoluciones/Resoluciones%202011/4253.pdf HTTP/1.1" 200 655582
180.76.15.135 - - [06/Jun/2015:06:14:36 -0500] "GET /BLA/resoluciones/AUTOS%202009/0240.pdf HTTP/1.1" 200 127201
