207.46.13.68 - - [07/Jun/2015:09:36:29 -0500] "GET /bla/resoluciones/resoluciones%202009/4638.pdf HTTP/1.1" 200 644143
207.46.13.68 - - [07/Jun/2015:09:36:31 -0500] "GET /robots.txt HTTP/1.1" 404 1018
85.236.157.21 - - [07/Jun/2015:09:36:35 -0500] "GET /wp-admin/ HTTP/1.1" 404 1018
157.55.39.168 - - [07/Jun/2015:09:36:35 -0500] "GET /BLA/resoluciones/RESOLUCIONES%202011/4957.pdf HTTP/1.1" 200 358301
157.55.39.168 - - [07/Jun/2015:09:36:36 -0500] "GET /BLA/resoluciones/RESOLUCIONES%202011/3142.pdf HTTP/1.1" 200 296297
157.55.39.168 - - [07/Jun/2015:09:36:36 -0500] "GET /BLA/resoluciones/AUTOS%202009/1703.pdf HTTP/1.1" 200 124092
157.55.39.168 - - [07/Jun/2015:09:36:36 -0500] "GET /BLA/resoluciones/RESOLUCIONES%202010/3425.pdf HTTP/1.1" 200 741191
207.46.13.104 - - [07/Jun/2015:09:36:37 -0500] "GET /BLA/resoluciones/AUTOS%202009/2120.pdf HTTP/1.1" 200 97690
180.76.15.12 - - [07/Jun/2015:09:36:41 -0500] "GET /BLA/resoluciones/RESOLUCIONES%202014/0115.pdf HTTP/1.1" 200 1123490
186.112.69.213 - - [07/Jun/2015:09:36:42 -0500] "GET /BLA/boletinlegal/js/jquery.scrollTo-min.js HTTP/1.1" 200 1150
186.112.69.213 - - [07/Jun/2015:09:36:42 -0500] "GET /galeria/carrusel/Carrusel/jquery.thumbnailScroller.css HTTP/1.1" 200 2066
186.112.69.213 - - [07/Jun/2015:09:36:42 -0500] "GET /galeria/galeria/jquery.fancybox.css?v=2.1.5 HTTP/1.1" 200 4895
186.112.69.213 - - [07/Jun/2015:09:36:42 -0500] "GET /BLA/boletinlegal/js/jquery.scrollShow.js HTTP/1.1" 200 4586
186.112.69.213 - - [07/Jun/2015:09:36:42 -0500] "GET /galeria/galeria/jquery.fancybox.js?v=2.1.5 HTTP/1.1" 200 48706
186.112.69.213 - - [07/Jun/2015:09:36:44 -0500] "GET /galeria/carrusel/Carrusel/jquery-ui-1.8.13.custom.min.js HTTP/1.1" 200 10800
186.112.69.213 - - [07/Jun/2015:09:36:44 -0500] "GET /galeria/carrusel/Carrusel/jquery.thumbnailScroller.js HTTP/1.1" 200 8157
181.54.211.212 - - [07/Jun/2015:09:36:46 -0500] "GET /BLA/resoluciones/RESOLUCIONES%202009/0111.pdf HTTP/1.1" 200 198384
181.54.211.212 - - [07/Jun/2015:09:36:47 -0500] "GET /BLA/resoluciones/RESOLUCIONES%202009/0111.pdf HTTP/1.1" 206 65536
181.54.211.212 - - [07/Jun/2015:09:36:47 -0500] "GET /BLA/resoluciones/RESOLUCIONES%202009/0111.pdf HTTP/1.1" 206 1776
181.54.211.212 - - [07/Jun/2015:09:36:47 -0500] "GET /favicon.ico HTTP/1.1" 200 7782
190.25.157.12 - - [07/Jun/2015:09:36:53 -0500] "POST /forms/lservlet;jsessionid=ac16012b30d67dd1c4332bdc4e6abfa7ee3712da9004.e3iSbxaKaheRe34MbhmNaxqNb41ynknvrkLOlQzNp65In0 HTTP/1.1" 200 24
190.25.157.12 - - [07/Jun/2015:09:36:53 -0500] "POST /forms/lservlet;jsessionid=ac16012b30d67dd1c4332bdc4e6abfa7ee3712da9004.e3iSbxaKaheRe34MbhmNaxqNb41ynknvrkLOlQzNp65In0 HTTP/1.1" 200 4063
190.25.157.12 - - [07/Jun/2015:09:36:54 -0500] "POST /forms/lservlet;jsessionid=ac16012b30d67dd1c4332bdc4e6abfa7ee3712da9004.e3iSbxaKaheRe34MbhmNaxqNb41ynknvrkLOlQzNp65In0 HTTP/1.1" 200 2
207.46.13.68 - - [07/Jun/2015:09:36:56 -0500] "GET /bla/resoluciones/RESOLUCIONES%202009/7863.pdf HTTP/1.1" 200 764127
207.46.13.68 - - [07/Jun/2015:09:36:56 -0500] "GET /BLA/resoluciones/AUTOS%202009/0996.pdf HTTP/1.1" 200 163857
190.25.157.12 - - [07/Jun/2015:09:36:57 -0500] "POST /forms/lservlet;jsessionid=ac16012b30d67dd1c4332bdc4e6abfa7ee3712da9004.e3iSbxaKaheRe34MbhmNaxqNb41ynknvrkLOlQzNp65In0 HTTP/1.1" 200 2
207.46.13.68 - - [07/Jun/2015:09:36:57 -0500] "GET /bla/resoluciones/RESOLUCIONES%202009/3007.pdf HTTP/1.1" 200 610800
190.25.157.12 - - [07/Jun/2015:09:36:57 -0500] "POST /forms/lservlet;jsessionid=ac16012b30d67dd1c4332bdc4e6abfa7ee3712da9004.e3iSbxaKaheRe34MbhmNaxqNb41ynknvrkLOlQzNp65In0 HTTP/1.1" 200 14
180.76.15.139 - - [07/Jun/2015:09:36:58 -0500] "GET /BLA/resoluciones/RESOLUCIONES%202012/0768.pdf HTTP/1.1" 200 520937
190.25.157.12 - - [07/Jun/2015:09:36:58 -0500] "POST /forms/lservlet;jsessionid=ac16012b30d67dd1c4332bdc4e6abfa7ee3712da9004.e3iSbxaKaheRe34MbhmNaxqNb41ynknvrkLOlQzNp65In0 HTTP/1.1" 200 112
190.25.157.12 - - [07/Jun/2015:09:36:59 -0500] "POST /forms/lservlet;jsessionid=ac16012b30d67dd1c4332bdc4e6abfa7ee3712da9004.e3iSbxaKaheRe34MbhmNaxqNb41ynknvrkLOlQzNp65In0 HTTP/1.1" 200 2
190.25.157.12 - - [07/Jun/2015:09:36:59 -0500] "GET /reports/rwservlet/getjobid352532?server=rep_srvapsda HTTP/1.1" 200 1401030
157.55.39.10 - - [07/Jun/2015:09:37:15 -0500] "GET /BLA/resoluciones/RESOLUCIONES%202009/8076.pdf HTTP/1.1" 200 1288721
180.76.15.153 - - [07/Jun/2015:09:37:15 -0500] "GET /BLA/resoluciones/RESOLUCIONES%202014/1998.pdf HTTP/1.1" 200 461088
157.55.39.10 - - [07/Jun/2015:09:37:17 -0500] "GET /bla/resoluciones/resoluciones%202009/8006.pdf HTTP/1.1" 200 264450
157.55.39.10 - - [07/Jun/2015:09:37:17 -0500] "GET /BLA/resoluciones/RESOLUCIONES%202010/5017.pdf HTTP/1.1" 200 751683
157.55.39.10 - - [07/Jun/2015:09:37:17 -0500] "GET /BLA/resoluciones/RESOLUCIONES%202014/2112.pdf HTTP/1.1" 200 309573
157.55.39.10 - - [07/Jun/2015:09:37:18 -0500] "GET /BLA/resoluciones/AUTOS%202012/2695.pdf HTTP/1.1" 200 2139050
207.46.13.104 - - [07/Jun/2015:09:37:20 -0500] "GET /bla/resoluciones/RESOLUCIONES%202009/8241.pdf HTTP/1.1" 200 291793
207.46.13.104 - - [07/Jun/2015:09:37:21 -0500] "GET /bla/resoluciones/RESOLUCIONES%202009/5667.pdf HTTP/1.1" 200 677263
207.46.13.104 - - [07/Jun/2015:09:37:21 -0500] "GET /BLA/resoluciones/RESOLUCIONES%202007/RES%202007%204201%20AL%204300/RESOLUCION%204269%20DE%202007.pdf HTTP/1.1" 200 315712
207.46.13.104 - - [07/Jun/2015:09:37:22 -0500] "GET /bla/resoluciones/resoluciones%202010/1786.pdf HTTP/1.1" 200 561008
190.25.157.12 - - [07/Jun/2015:09:37:23 -0500] "POST /forms/lservlet;jsessionid=ac16012b30d67dd1c4332bdc4e6abfa7ee3712da9004.e3iSbxaKaheRe34MbhmNaxqNb41ynknvrkLOlQzNp65In0 HTTP/1.1" 200 2
190.25.157.12 - - [07/Jun/2015:09:37:23 -0500] "POST /forms/lservlet;jsessionid=ac16012b30d67dd1c4332bdc4e6abfa7ee3712da9004.e3iSbxaKaheRe34MbhmNaxqNb41ynknvrkLOlQzNp65In0 HTTP/1.1" 200 14
190.25.157.12 - - [07/Jun/2015:09:37:25 -0500] "POST /forms/lservlet;jsessionid=ac16012b30d67dd1c4332bdc4e6abfa7ee3712da9004.e3iSbxaKaheRe34MbhmNaxqNb41ynknvrkLOlQzNp65In0 HTTP/1.1" 200 116
190.25.157.12 - - [07/Jun/2015:09:37:25 -0500] "POST /forms/lservlet;jsessionid=ac16012b30d67dd1c4332bdc4e6abfa7ee3712da9004.e3iSbxaKaheRe34MbhmNaxqNb41ynknvrkLOlQzNp65In0 HTTP/1.1" 200 2
190.25.157.12 - - [07/Jun/2015:09:37:25 -0500] "GET /reports/rwservlet/getjobid352533?server=rep_srvapsda HTTP/1.1" 200 48200
191.102.73.51 - - [07/Jun/2015:09:37:26 -0500] "GET /BLA/resoluciones/RESOLUCIONES%202008/1915.pdf HTTP/1.1" 200 375101
191.102.73.51 - - [07/Jun/2015:09:37:26 -0500] "GET /favicon.ico HTTP/1.1" 200 7782
191.102.73.51 - - [07/Jun/2015:09:37:28 -0500] "GET /BLA/resoluciones/RESOLUCIONES%202008/1915.pdf HTTP/1.1" 206 32768
191.102.73.51 - - [07/Jun/2015:09:37:28 -0500] "GET /BLA/resoluciones/RESOLUCIONES%202008/1915.pdf HTTP/1.1" 206 342333
207.46.13.68 - - [07/Jun/2015:09:37:29 -0500] "GET /BLA/resoluciones/RESOLUCIONES%202013/0084.pdf HTTP/1.1" 200 2600458
207.46.13.68 - - [07/Jun/2015:09:37:29 -0500] "GET /BLA/resoluciones/RESOLUCIONES%202014/3003.pdf HTTP/1.1" 200 447115
207.46.13.68 - - [07/Jun/2015:09:37:30 -0500] "GET /BLA/resoluciones/RESOLUCIONES%202008/2907.pdf HTTP/1.1" 200 1599588
207.46.13.68 - - [07/Jun/2015:09:37:30 -0500] "GET /BLA/resoluciones/AUTOS%202009/3179.pdf HTTP/1.1" 200 130459
180.76.15.28 - - [07/Jun/2015:09:37:33 -0500] "GET /BLA/resoluciones/RESOLUCIONES%202008/0881.pdf HTTP/1.1" 200 387961
190.25.157.12 - - [07/Jun/2015:09:37:39 -0500] "POST /forms/lservlet;jsessionid=ac16012b30d67dd1c4332bdc4e6abfa7ee3712da9004.e3iSbxaKaheRe34MbhmNaxqNb41ynknvrkLOlQzNp65In0 HTTP/1.1" 200 2
190.25.157.12 - - [07/Jun/2015:09:37:39 -0500] "POST /forms/lservlet;jsessionid=ac16012b30d67dd1c4332bdc4e6abfa7ee3712da9004.e3iSbxaKaheRe34MbhmNaxqNb41ynknvrkLOlQzNp65In0 HTTP/1.1" 200 14
190.25.157.12 - - [07/Jun/2015:09:37:40 -0500] "POST /forms/lservlet;jsessionid=ac16012b30d67dd1c4332bdc4e6abfa7ee3712da9004.e3iSbxaKaheRe34MbhmNaxqNb41ynknvrkLOlQzNp65In0 HTTP/1.1" 200 113
190.25.157.12 - - [07/Jun/2015:09:37:40 -0500] "POST /forms/lservlet;jsessionid=ac16012b30d67dd1c4332bdc4e6abfa7ee3712da9004.e3iSbxaKaheRe34MbhmNaxqNb41ynknvrkLOlQzNp65In0 HTTP/1.1" 200 2
190.25.157.12 - - [07/Jun/2015:09:37:40 -0500] "GET /reports/rwservlet/getjobid352534?server=rep_srvapsda HTTP/1.1" 200 58531
207.46.13.68 - - [07/Jun/2015:09:37:46 -0500] "GET /BLA/resoluciones/RESOLUCIONES%202009/6744.pdf HTTP/1.1" 200 405634
186.28.90.64 - - [07/Jun/2015:09:37:47 -0500] "GET /galeria/nivo-slider/demo/demo.html HTTP/1.1" 304 -
186.28.90.64 - - [07/Jun/2015:09:37:49 -0500] "GET /galeria/nivo-slider/demo/images/Semana-Ambiental.jpg HTTP/1.1" 304 -
186.28.90.64 - - [07/Jun/2015:09:37:49 -0500] "GET /galeria/nivo-slider/demo/images/medio-ambiente.jpg HTTP/1.1" 304 -
186.28.90.64 - - [07/Jun/2015:09:37:49 -0500] "GET /galeria/nivo-slider/demo/images/GAE-banner.jpg HTTP/1.1" 304 -
186.28.90.64 - - [07/Jun/2015:09:37:49 -0500] "GET /galeria/nivo-slider/demo/images/acuerdo_569.jpg HTTP/1.1" 304 -
180.76.15.144 - - [07/Jun/2015:09:37:50 -0500] "GET /BLA/resoluciones/RESOLUCIONES%202012/1902.pdf HTTP/1.1" 200 435417
190.25.157.12 - - [07/Jun/2015:09:37:56 -0500] "POST /forms/lservlet;jsessionid=ac16012b30d67dd1c4332bdc4e6abfa7ee3712da9004.e3iSbxaKaheRe34MbhmNaxqNb41ynknvrkLOlQzNp65In0 HTTP/1.1" 200 2356
74.86.158.107 - - [07/Jun/2015:09:38:04 -0500] "HEAD / HTTP/1.1" 200 -
180.76.15.148 - - [07/Jun/2015:09:38:07 -0500] "GET /BLA/resoluciones/RESOLUCIONES%202014/1604.pdf HTTP/1.1" 200 4082127
190.25.157.12 - - [07/Jun/2015:09:38:08 -0500] "POST /forms/lservlet;jsessionid=ac16012b30d67dd1c4332bdc4e6abfa7ee3712da9004.e3iSbxaKaheRe34MbhmNaxqNb41ynknvrkLOlQzNp65In0 HTTP/1.1" 200 24
190.25.157.12 - - [07/Jun/2015:09:38:08 -0500] "POST /forms/lservlet;jsessionid=ac16012b30d67dd1c4332bdc4e6abfa7ee3712da9004.e3iSbxaKaheRe34MbhmNaxqNb41ynknvrkLOlQzNp65In0 HTTP/1.1" 200 4245
190.25.157.12 - - [07/Jun/2015:09:38:09 -0500] "POST /forms/lservlet;jsessionid=ac16012b30d67dd1c4332bdc4e6abfa7ee3712da9004.e3iSbxaKaheRe34MbhmNaxqNb41ynknvrkLOlQzNp65In0 HTTP/1.1" 200 2
190.25.157.12 - - [07/Jun/2015:09:38:11 -0500] "POST /forms/lservlet;jsessionid=ac16012b30d67dd1c4332bdc4e6abfa7ee3712da9004.e3iSbxaKaheRe34MbhmNaxqNb41ynknvrkLOlQzNp65In0 HTTP/1.1" 200 2
190.25.157.12 - - [07/Jun/2015:09:38:11 -0500] "POST /forms/lservlet;jsessionid=ac16012b30d67dd1c4332bdc4e6abfa7ee3712da9004.e3iSbxaKaheRe34MbhmNaxqNb41ynknvrkLOlQzNp65In0 HTTP/1.1" 200 14
190.25.157.12 - - [07/Jun/2015:09:38:12 -0500] "POST /forms/lservlet;jsessionid=ac16012b30d67dd1c4332bdc4e6abfa7ee3712da9004.e3iSbxaKaheRe34MbhmNaxqNb41ynknvrkLOlQzNp65In0 HTTP/1.1" 200 14
190.25.157.12 - - [07/Jun/2015:09:38:14 -0500] "POST /forms/lservlet;jsessionid=ac16012b30d67dd1c4332bdc4e6abfa7ee3712da9004.e3iSbxaKaheRe34MbhmNaxqNb41ynknvrkLOlQzNp65In0 HTTP/1.1" 200 112
190.25.157.12 - - [07/Jun/2015:09:38:14 -0500] "POST /forms/lservlet;jsessionid=ac16012b30d67dd1c4332bdc4e6abfa7ee3712da9004.e3iSbxaKaheRe34MbhmNaxqNb41ynknvrkLOlQzNp65In0 HTTP/1.1" 200 2
190.25.157.12 - - [07/Jun/2015:09:38:14 -0500] "GET /reports/rwservlet/getjobid352535?server=rep_srvapsda HTTP/1.1" 200 1297399
66.249.67.190 - - [07/Jun/2015:09:38:19 -0500] "GET /galeria/nivo-slider/demo/images/Basuracero1.jpg HTTP/1.1" 200 123450
207.46.13.104 - - [07/Jun/2015:09:38:21 -0500] "GET /bla/resoluciones/RESOLUCIONES%202009/8265.pdf HTTP/1.1" 200 286533
207.46.13.104 - - [07/Jun/2015:09:38:21 -0500] "GET /BLA/resoluciones/RESOLUCIONES%202013/1300.pdf HTTP/1.1" 200 564371
207.46.13.104 - - [07/Jun/2015:09:38:23 -0500] "GET /BLA/resoluciones/AUTOS%202010/1154.pdf HTTP/1.1" 200 147222
66.249.67.107 - - [07/Jun/2015:09:38:24 -0500] "GET /BLA/resoluciones/RESOLUCIONES%202010/4499.pdf HTTP/1.1" 304 -
180.76.15.31 - - [07/Jun/2015:09:38:24 -0500] "GET /BLA/resoluciones/RESOLUCIONES%202008/2861.pdf HTTP/1.1" 200 301118
207.46.13.68 - - [07/Jun/2015:09:38:26 -0500] "GET /bla/resoluciones/resoluciones%202009/6474.pdf HTTP/1.1" 200 107000
190.25.157.12 - - [07/Jun/2015:09:38:31 -0500] "POST /forms/lservlet;jsessionid=ac16012b30d67dd1c4332bdc4e6abfa7ee3712da9004.e3iSbxaKaheRe34MbhmNaxqNb41ynknvrkLOlQzNp65In0 HTTP/1.1" 200 2
190.25.157.12 - - [07/Jun/2015:09:38:31 -0500] "POST /forms/lservlet;jsessionid=ac16012b30d67dd1c4332bdc4e6abfa7ee3712da9004.e3iSbxaKaheRe34MbhmNaxqNb41ynknvrkLOlQzNp65In0 HTTP/1.1" 200 27
190.25.157.12 - - [07/Jun/2015:09:38:31 -0500] "POST /forms/lservlet;jsessionid=ac16012b30d67dd1c4332bdc4e6abfa7ee3712da9004.e3iSbxaKaheRe34MbhmNaxqNb41ynknvrkLOlQzNp65In0 HTTP/1.1" 200 2
190.25.157.12 - - [07/Jun/2015:09:38:32 -0500] "POST /forms/lservlet;jsessionid=ac16012b30d67dd1c4332bdc4e6abfa7ee3712da9004.e3iSbxaKaheRe34MbhmNaxqNb41ynknvrkLOlQzNp65In0 HTTP/1.1" 200 2
190.25.157.12 - - [07/Jun/2015:09:38:34 -0500] "POST /forms/lservlet;jsessionid=ac16012b30d67dd1c4332bdc4e6abfa7ee3712da9004.e3iSbxaKaheRe34MbhmNaxqNb41ynknvrkLOlQzNp65In0 HTTP/1.1" 200 28
157.55.39.168 - - [07/Jun/2015:09:38:34 -0500] "GET /BLA/resoluciones/RESOLUCIONES%202008/4490.pdf HTTP/1.1" 200 431096
157.55.39.168 - - [07/Jun/2015:09:38:35 -0500] "GET /BLA/resoluciones/Autos%202008/2853.pdf HTTP/1.1" 200 76356
190.25.157.12 - - [07/Jun/2015:09:38:35 -0500] "POST /forms/lservlet;jsessionid=ac16012b30d67dd1c4332bdc4e6abfa7ee3712da9004.e3iSbxaKaheRe34MbhmNaxqNb41ynknvrkLOlQzNp65In0 HTTP/1.1" 200 2
157.55.39.168 - - [07/Jun/2015:09:38:35 -0500] "GET /bla/resoluciones/autos%202010/5278.pdf HTTP/1.1" 200 194795
157.55.39.168 - - [07/Jun/2015:09:38:35 -0500] "GET /BLA/resoluciones/AUTOS%202009/1287.pdf HTTP/1.1" 200 204317
190.25.157.12 - - [07/Jun/2015:09:38:35 -0500] "POST /forms/lservlet;jsessionid=ac16012b30d67dd1c4332bdc4e6abfa7ee3712da9004.e3iSbxaKaheRe34MbhmNaxqNb41ynknvrkLOlQzNp65In0 HTTP/1.1" 200 111
190.25.157.12 - - [07/Jun/2015:09:38:36 -0500] "POST /forms/lservlet;jsessionid=ac16012b30d67dd1c4332bdc4e6abfa7ee3712da9004.e3iSbxaKaheRe34MbhmNaxqNb41ynknvrkLOlQzNp65In0 HTTP/1.1" 200 2
190.25.157.12 - - [07/Jun/2015:09:38:36 -0500] "GET /reports/rwservlet/getjobid352536?server=rep_srvapsda HTTP/1.1" 200 58372
157.55.39.168 - - [07/Jun/2015:09:38:36 -0500] "GET /BLA/resoluciones/RESOLUCIONES%202011/4849.pdf HTTP/1.1" 200 326631
157.55.39.168 - - [07/Jun/2015:09:38:36 -0500] "GET /BLA/resoluciones/RESOLUCIONES%202011/2830.pdf HTTP/1.1" 200 768066
157.55.39.168 - - [07/Jun/2015:09:38:37 -0500] "GET /bla/resoluciones/resoluciones%202009/7482.pdf HTTP/1.1" 200 494385
180.76.15.13 - - [07/Jun/2015:09:38:42 -0500] "GET /BLA/resoluciones/RESOLUCIONES%202012/0295.pdf HTTP/1.1" 200 197186
190.84.38.65 - - [07/Jun/2015:09:38:45 -0500] "GET /BLA/boletinlegal/js/jquery.scrollShow.js HTTP/1.1" 200 4586
190.84.38.65 - - [07/Jun/2015:09:38:45 -0500] "GET /BLA/boletinlegal/js/jquery.scrollTo-min.js HTTP/1.1" 200 1150
190.84.38.65 - - [07/Jun/2015:09:38:45 -0500] "GET /galeria/galeria/jquery.fancybox.js?v=2.1.5 HTTP/1.1" 200 48706
190.84.38.65 - - [07/Jun/2015:09:38:45 -0500] "GET /galeria/galeria/jquery.fancybox.css?v=2.1.5 HTTP/1.1" 200 4895
190.84.38.65 - - [07/Jun/2015:09:38:54 -0500] "GET /BLA/boletinlegal/js/jquery.scrollTo-min.js HTTP/1.1" 304 -
190.84.38.65 - - [07/Jun/2015:09:38:54 -0500] "GET /galeria/galeria/jquery.fancybox.css?v=2.1.5 HTTP/1.1" 304 -
190.84.38.65 - - [07/Jun/2015:09:38:54 -0500] "GET /galeria/galeria/jquery.fancybox.js?v=2.1.5 HTTP/1.1" 304 -
190.84.38.65 - - [07/Jun/2015:09:38:54 -0500] "GET /BLA/boletinlegal/js/jquery.scrollShow.js HTTP/1.1" 304 -
207.46.13.104 - - [07/Jun/2015:09:38:55 -0500] "GET /BLA/resoluciones/AUTOS%202012/1756.pdf HTTP/1.1" 200 898499
207.46.13.104 - - [07/Jun/2015:09:38:56 -0500] "GET /bla/resoluciones/resoluciones%202010/7363.pdf HTTP/1.1" 200 337571
207.46.13.104 - - [07/Jun/2015:09:38:57 -0500] "GET /BLA/resoluciones/RESOLUCIONES%202008/2597.pdf HTTP/1.1" 200 107784
207.46.13.104 - - [07/Jun/2015:09:38:58 -0500] "GET /BLA/resoluciones/AUTOS%202010/2263.pdf HTTP/1.1" 200 1646517
207.46.13.104 - - [07/Jun/2015:09:38:59 -0500] "GET /BLA/resoluciones/RESOLUCIONES%202009/4912.pdf HTTP/1.1" 200 708740
180.76.15.163 - - [07/Jun/2015:09:38:59 -0500] "GET /BLA/resoluciones/RESOLUCIONES%202008/2720.pdf HTTP/1.1" 200 340165
207.46.13.68 - - [07/Jun/2015:09:39:04 -0500] "GET /bla/resoluciones/resoluciones%202011/0872.pdf HTTP/1.1" 200 256913
190.25.157.12 - - [07/Jun/2015:09:39:04 -0500] "POST /forms/lservlet;jsessionid=ac16012b30d67dd1c4332bdc4e6abfa7ee3712da9004.e3iSbxaKaheRe34MbhmNaxqNb41ynknvrkLOlQzNp65In0 HTTP/1.1" 200 2377
190.25.157.12 - - [07/Jun/2015:09:39:04 -0500] "POST /forms/lservlet;jsessionid=ac16012b30d67dd1c4332bdc4e6abfa7ee3712da9004.e3iSbxaKaheRe34MbhmNaxqNb41ynknvrkLOlQzNp65In0 HTTP/1.1" 200 2
207.46.13.68 - - [07/Jun/2015:09:39:04 -0500] "GET /BLA/resoluciones/RESOLUCIONES%202009/7411.pdf HTTP/1.1" 200 503351
207.46.13.68 - - [07/Jun/2015:09:39:05 -0500] "GET /BLA/resoluciones/RESOLUCIONES%202012/0906.pdf HTTP/1.1" 200 328589
207.46.13.68 - - [07/Jun/2015:09:39:06 -0500] "GET /bla/resoluciones/resoluciones%202010/2183.pdf HTTP/1.1" 200 486877
207.46.13.68 - - [07/Jun/2015:09:39:06 -0500] "GET /bla/resoluciones/RESOLUCIONES%202009/7893.pdf HTTP/1.1" 200 419183
207.46.13.68 - - [07/Jun/2015:09:39:07 -0500] "GET /BLA/resoluciones/RESOLUCIONES%202014/0353.pdf HTTP/1.1" 200 1863863
207.46.13.68 - - [07/Jun/2015:09:39:08 -0500] "GET /bla/resoluciones/autos%202010/0614.pdf HTTP/1.1" 200 153962
207.46.13.68 - - [07/Jun/2015:09:39:08 -0500] "GET /bla/resoluciones/resoluciones%202010/0975.pdf HTTP/1.1" 200 105980
201.245.192.253 - - [07/Jun/2015:09:36:09 -0500] "GET /ForestMSG_SDA/channelAsync/template_word_18303147?X-Atmosphere-tracking-id=ef7b8cca-22a0-3631-7219-93916646b115&X-Atmosphere-Framework=1.0.5&X-Atmosphere-Transport=long-polling&tabid=0.1128270248301344&X-Cache-Date=0&Content-Type=application/xml&_=1433687828960 HTTP/1.1" 200 8193
207.46.13.104 - - [07/Jun/2015:09:39:12 -0500] "GET /BLA/resoluciones/RESOLUCIONES%202011/1109.pdf HTTP/1.1" 200 262443
207.46.13.104 - - [07/Jun/2015:09:39:12 -0500] "GET /BLA/resoluciones/RESOLUCIONES%202010/6251.pdf HTTP/1.1" 200 601116
190.25.157.12 - - [07/Jun/2015:09:39:12 -0500] "POST /forms/lservlet;jsessionid=ac16012b30d67dd1c4332bdc4e6abfa7ee3712da9004.e3iSbxaKaheRe34MbhmNaxqNb41ynknvrkLOlQzNp65In0 HTTP/1.1" 200 24
190.25.157.12 - - [07/Jun/2015:09:39:12 -0500] "POST /forms/lservlet;jsessionid=ac16012b30d67dd1c4332bdc4e6abfa7ee3712da9004.e3iSbxaKaheRe34MbhmNaxqNb41ynknvrkLOlQzNp65In0 HTTP/1.1" 200 3792
190.25.157.12 - - [07/Jun/2015:09:39:13 -0500] "POST /forms/lservlet;jsessionid=ac16012b30d67dd1c4332bdc4e6abfa7ee3712da9004.e3iSbxaKaheRe34MbhmNaxqNb41ynknvrkLOlQzNp65In0 HTTP/1.1" 200 2
207.46.13.104 - - [07/Jun/2015:09:39:13 -0500] "GET /BLA/resoluciones/RESOLUCIONES%202008/2580.pdf HTTP/1.1" 200 830963
207.46.13.104 - - [07/Jun/2015:09:39:14 -0500] "GET /bla/resoluciones/resoluciones%202009/6958.pdf HTTP/1.1" 200 266486
157.55.39.10 - - [07/Jun/2015:09:39:16 -0500] "GET /bla/resoluciones/resoluciones%202010/6388.pdf HTTP/1.1" 200 607919
180.76.15.32 - - [07/Jun/2015:09:39:16 -0500] "GET /BLA/resoluciones/RESOLUCIONES%202012/1540.pdf HTTP/1.1" 200 809481
157.55.39.10 - - [07/Jun/2015:09:39:16 -0500] "GET /bla/resoluciones/RESOLUCIONES%202011/5440.pdf HTTP/1.1" 200 574614
157.55.39.10 - - [07/Jun/2015:09:39:17 -0500] "GET /BLA/resoluciones/AUTOS%202012/1947.pdf HTTP/1.1" 200 376882
157.55.39.10 - - [07/Jun/2015:09:39:17 -0500] "GET /bla/resoluciones/autos%202010/4828.pdf HTTP/1.1" 200 376671
157.55.39.10 - - [07/Jun/2015:09:39:19 -0500] "GET /bla/resoluciones/resoluciones%202010/1211.pdf HTTP/1.1" 200 107000
190.25.157.12 - - [07/Jun/2015:09:39:20 -0500] "POST /forms/lservlet;jsessionid=ac16012b30d67dd1c4332bdc4e6abfa7ee3712da9004.e3iSbxaKaheRe34MbhmNaxqNb41ynknvrkLOlQzNp65In0 HTTP/1.1" 200 2
207.46.13.68 - - [07/Jun/2015:09:39:21 -0500] "GET /bla/resoluciones/resoluciones%202009/7296.pdf HTTP/1.1" 200 248489
190.25.157.12 - - [07/Jun/2015:09:39:21 -0500] "POST /forms/lservlet;jsessionid=ac16012b30d67dd1c4332bdc4e6abfa7ee3712da9004.e3iSbxaKaheRe34MbhmNaxqNb41ynknvrkLOlQzNp65In0 HTTP/1.1" 200 14
207.46.13.68 - - [07/Jun/2015:09:39:22 -0500] "GET /BLA/resoluciones/RESOLUCIONES%202011/0948.pdf HTTP/1.1" 200 69797
190.25.157.12 - - [07/Jun/2015:09:39:22 -0500] "POST /forms/lservlet;jsessionid=ac16012b30d67dd1c4332bdc4e6abfa7ee3712da9004.e3iSbxaKaheRe34MbhmNaxqNb41ynknvrkLOlQzNp65In0 HTTP/1.1" 200 112
190.25.157.12 - - [07/Jun/2015:09:39:22 -0500] "POST /forms/lservlet;jsessionid=ac16012b30d67dd1c4332bdc4e6abfa7ee3712da9004.e3iSbxaKaheRe34MbhmNaxqNb41ynknvrkLOlQzNp65In0 HTTP/1.1" 200 2
190.25.157.12 - - [07/Jun/2015:09:39:22 -0500] "GET /reports/rwservlet/getjobid352537?server=rep_srvapsda HTTP/1.1" 200 293173
180.76.15.26 - - [07/Jun/2015:09:39:34 -0500] "GET /BLA/resoluciones/RESOLUCIONES%202014/1750.pdf HTTP/1.1" 200 257589
190.25.157.12 - - [07/Jun/2015:09:39:42 -0500] "POST /forms/lservlet;jsessionid=ac16012b30d67dd1c4332bdc4e6abfa7ee3712da9004.e3iSbxaKaheRe34MbhmNaxqNb41ynknvrkLOlQzNp65In0 HTTP/1.1" 200 2
190.25.157.12 - - [07/Jun/2015:09:39:42 -0500] "POST /forms/lservlet;jsessionid=ac16012b30d67dd1c4332bdc4e6abfa7ee3712da9004.e3iSbxaKaheRe34MbhmNaxqNb41ynknvrkLOlQzNp65In0 HTTP/1.1" 200 14
190.25.157.12 - - [07/Jun/2015:09:39:43 -0500] "POST /forms/lservlet;jsessionid=ac16012b30d67dd1c4332bdc4e6abfa7ee3712da9004.e3iSbxaKaheRe34MbhmNaxqNb41ynknvrkLOlQzNp65In0 HTTP/1.1" 200 14
190.25.157.12 - - [07/Jun/2015:09:39:44 -0500] "POST /forms/lservlet;jsessionid=ac16012b30d67dd1c4332bdc4e6abfa7ee3712da9004.e3iSbxaKaheRe34MbhmNaxqNb41ynknvrkLOlQzNp65In0 HTTP/1.1" 200 116
190.25.157.12 - - [07/Jun/2015:09:39:44 -0500] "POST /forms/lservlet;jsessionid=ac16012b30d67dd1c4332bdc4e6abfa7ee3712da9004.e3iSbxaKaheRe34MbhmNaxqNb41ynknvrkLOlQzNp65In0 HTTP/1.1" 200 2
190.25.157.12 - - [07/Jun/2015:09:39:44 -0500] "GET /reports/rwservlet/getjobid352538?server=rep_srvapsda HTTP/1.1" 200 47703
180.76.15.33 - - [07/Jun/2015:09:39:51 -0500] "GET /BLA/resoluciones/RESOLUCIONES%202012/1431.pdf HTTP/1.1" 200 388891
190.25.157.12 - - [07/Jun/2015:09:40:08 -0500] "POST /forms/lservlet;jsessionid=ac16012b30d67dd1c4332bdc4e6abfa7ee3712da9004.e3iSbxaKaheRe34MbhmNaxqNb41ynknvrkLOlQzNp65In0 HTTP/1.1" 200 2307
180.76.15.143 - - [07/Jun/2015:09:40:08 -0500] "GET /BLA/resoluciones/RESOLUCIONES%202012/0522.pdf HTTP/1.1" 200 968016
66.249.67.164 - - [07/Jun/2015:09:40:09 -0500] "GET /htdocs/counter/digits/drpglds/ HTTP/1.1" 404 1019
207.46.13.68 - - [07/Jun/2015:09:40:12 -0500] "GET /robots.txt HTTP/1.1" 404 1018
190.25.157.12 - - [07/Jun/2015:09:40:20 -0500] "POST /forms/lservlet;jsessionid=ac16012b30d67dd1c4332bdc4e6abfa7ee3712da9004.e3iSbxaKaheRe34MbhmNaxqNb41ynknvrkLOlQzNp65In0 HTTP/1.1" 200 24
190.25.157.12 - - [07/Jun/2015:09:40:20 -0500] "POST /forms/lservlet;jsessionid=ac16012b30d67dd1c4332bdc4e6abfa7ee3712da9004.e3iSbxaKaheRe34MbhmNaxqNb41ynknvrkLOlQzNp65In0 HTTP/1.1" 200 3940
190.25.157.12 - - [07/Jun/2015:09:40:21 -0500] "POST /forms/lservlet;jsessionid=ac16012b30d67dd1c4332bdc4e6abfa7ee3712da9004.e3iSbxaKaheRe34MbhmNaxqNb41ynknvrkLOlQzNp65In0 HTTP/1.1" 200 2
190.25.157.12 - - [07/Jun/2015:09:40:22 -0500] "POST /forms/lservlet;jsessionid=ac16012b30d67dd1c4332bdc4e6abfa7ee3712da9004.e3iSbxaKaheRe34MbhmNaxqNb41ynknvrkLOlQzNp65In0 HTTP/1.1" 200 2
190.25.157.12 - - [07/Jun/2015:09:40:22 -0500] "POST /forms/lservlet;jsessionid=ac16012b30d67dd1c4332bdc4e6abfa7ee3712da9004.e3iSbxaKaheRe34MbhmNaxqNb41ynknvrkLOlQzNp65In0 HTTP/1.1" 200 112
190.25.157.12 - - [07/Jun/2015:09:40:23 -0500] "POST /forms/lservlet;jsessionid=ac16012b30d67dd1c4332bdc4e6abfa7ee3712da9004.e3iSbxaKaheRe34MbhmNaxqNb41ynknvrkLOlQzNp65In0 HTTP/1.1" 200 2
190.25.157.12 - - [07/Jun/2015:09:40:23 -0500] "GET /reports/rwservlet/getjobid352539?server=rep_srvapsda HTTP/1.1" 200 674118
180.76.15.144 - - [07/Jun/2015:09:40:25 -0500] "GET /BLA/resoluciones/RESOLUCIONES%202012/1849.pdf HTTP/1.1" 200 409602
157.55.39.168 - - [07/Jun/2015:09:40:32 -0500] "GET /BLA/resoluciones/AUTOS%202012/1826.pdf HTTP/1.1" 200 279530
157.55.39.168 - - [07/Jun/2015:09:40:32 -0500] "GET /bla/resoluciones/autos%202010/6927.pdf HTTP/1.1" 200 257878
157.55.39.168 - - [07/Jun/2015:09:40:33 -0500] "GET /bla/resoluciones/RESOLUCIONES%202009/8510.pdf HTTP/1.1" 200 624324
157.55.39.168 - - [07/Jun/2015:09:40:33 -0500] "GET /bla/resoluciones/RESOLUCIONES%202009/5588.pdf HTTP/1.1" 200 675093
157.55.39.168 - - [07/Jun/2015:09:40:34 -0500] "GET /bla/resoluciones/resoluciones%202010/6451.pdf HTTP/1.1" 200 274834
157.55.39.168 - - [07/Jun/2015:09:40:34 -0500] "GET /BLA/resoluciones/AUTOS%202009/1356.pdf HTTP/1.1" 200 179110
157.55.39.168 - - [07/Jun/2015:09:40:35 -0500] "GET /bla/resoluciones/resoluciones%202010/1062.pdf HTTP/1.1" 200 94871
157.55.39.168 - - [07/Jun/2015:09:40:35 -0500] "GET /BLA/resoluciones/AUTOS%202012/2840.pdf HTTP/1.1" 200 222286
207.46.13.104 - - [07/Jun/2015:09:40:36 -0500] "GET /BLA/resoluciones/AUTOS%202009/1217.pdf HTTP/1.1" 200 123865
207.46.13.104 - - [07/Jun/2015:09:40:37 -0500] "GET /BLA/resoluciones/AUTOS%202012/1997.pdf HTTP/1.1" 200 2382635
157.55.39.11 - - [07/Jun/2015:09:40:40 -0500] "GET /bla/resoluciones/resoluciones%202010/7759.pdf HTTP/1.1" 200 80621
157.55.39.11 - - [07/Jun/2015:09:40:41 -0500] "GET /BLA/resoluciones/RESOLUCIONES%202011/3411.pdf HTTP/1.1" 200 597072
157.55.39.11 - - [07/Jun/2015:09:40:41 -0500] "GET /bla/resoluciones/resoluciones%202011/0280.pdf HTTP/1.1" 200 85667
157.55.39.11 - - [07/Jun/2015:09:40:42 -0500] "GET /BLA/resoluciones/RESOLUCIONES%202010/2497.pdf HTTP/1.1" 200 408956
180.76.15.28 - - [07/Jun/2015:09:40:43 -0500] "GET /BLA/resoluciones/RESOLUCIONES%202012/1572.pdf HTTP/1.1" 200 627358
157.55.39.11 - - [07/Jun/2015:09:40:43 -0500] "GET /BLA/resoluciones/AUTOS%202007/0318.pdf HTTP/1.1" 200 145164
190.25.157.12 - - [07/Jun/2015:09:40:46 -0500] "POST /forms/lservlet;jsessionid=ac16012b30d67dd1c4332bdc4e6abfa7ee3712da9004.e3iSbxaKaheRe34MbhmNaxqNb41ynknvrkLOlQzNp65In0 HTTP/1.1" 200 2
190.25.157.12 - - [07/Jun/2015:09:40:46 -0500] "POST /forms/lservlet;jsessionid=ac16012b30d67dd1c4332bdc4e6abfa7ee3712da9004.e3iSbxaKaheRe34MbhmNaxqNb41ynknvrkLOlQzNp65In0 HTTP/1.1" 200 14
190.25.157.12 - - [07/Jun/2015:09:40:47 -0500] "POST /forms/lservlet;jsessionid=ac16012b30d67dd1c4332bdc4e6abfa7ee3712da9004.e3iSbxaKaheRe34MbhmNaxqNb41ynknvrkLOlQzNp65In0 HTTP/1.1" 200 14
190.25.157.12 - - [07/Jun/2015:09:40:48 -0500] "POST /forms/lservlet;jsessionid=ac16012b30d67dd1c4332bdc4e6abfa7ee3712da9004.e3iSbxaKaheRe34MbhmNaxqNb41ynknvrkLOlQzNp65In0 HTTP/1.1" 200 116
190.25.157.12 - - [07/Jun/2015:09:40:48 -0500] "POST /forms/lservlet;jsessionid=ac16012b30d67dd1c4332bdc4e6abfa7ee3712da9004.e3iSbxaKaheRe34MbhmNaxqNb41ynknvrkLOlQzNp65In0 HTTP/1.1" 200 2
190.25.157.12 - - [07/Jun/2015:09:40:48 -0500] "GET /reports/rwservlet/getjobid352540?server=rep_srvapsda HTTP/1.1" 200 47877
207.46.13.68 - - [07/Jun/2015:09:40:49 -0500] "GET /bla/resoluciones/resoluciones%202011/0624.pdf HTTP/1.1" 200 72963
207.46.13.68 - - [07/Jun/2015:09:40:49 -0500] "GET /BLA/resoluciones/RESOLUCIONES%202007/RES%202007%201401%20AL%201500/RESOLUCION%201448%20DE%202007.pdf HTTP/1.1" 200 700461
207.46.13.68 - - [07/Jun/2015:09:40:49 -0500] "GET /BLA/resoluciones/RESOLUCIONES%202011/5833.pdf HTTP/1.1" 200 423831
207.46.13.68 - - [07/Jun/2015:09:40:50 -0500] "GET /BLA/resoluciones/RESOLUCIONES%202010/6383.pdf HTTP/1.1" 200 740307
207.46.13.68 - - [07/Jun/2015:09:40:50 -0500] "GET /bla/resoluciones/resoluciones%202010/7558.pdf HTTP/1.1" 200 71133
66.249.67.133 - - [07/Jun/2015:09:40:52 -0500] "GET /BLA/resoluciones/RESOLUCIONES%202007/RES%202007%20901%20AL%201000/RESOLUCION%200961%20DE%202007.pdf HTTP/1.1" 200 246786
207.46.13.68 - - [07/Jun/2015:09:40:54 -0500] "GET /BLA/resoluciones/RESOLUCIONES%202011/0573.pdf HTTP/1.1" 200 67393
207.46.13.68 - - [07/Jun/2015:09:40:54 -0500] "GET /bla/resoluciones/resoluciones%202010/7728.pdf HTTP/1.1" 200 72447
207.46.13.68 - - [07/Jun/2015:09:40:55 -0500] "GET /BLA/resoluciones/RESOLUCIONES%202008/3268.pdf HTTP/1.1" 200 445502
207.46.13.104 - - [07/Jun/2015:09:40:58 -0500] "GET /bla/resoluciones/resoluciones%202010/6695.pdf HTTP/1.1" 200 285983
190.25.157.12 - - [07/Jun/2015:09:40:58 -0500] "POST /forms/lservlet;jsessionid=ac16012b30d67dd1c4332bdc4e6abfa7ee3712da9004.e3iSbxaKaheRe34MbhmNaxqNb41ynknvrkLOlQzNp65In0 HTTP/1.1" 200 2
180.76.15.138 - - [07/Jun/2015:09:41:00 -0500] "GET /BLA/resoluciones/RESOLUCIONES%202012/0969.pdf HTTP/1.1" 200 355580
207.46.13.68 - - [07/Jun/2015:09:41:03 -0500] "GET /BLA/resoluciones/RESOLUCIONES%202011/6125.pdf HTTP/1.1" 200 516465
190.25.157.12 - - [07/Jun/2015:09:41:03 -0500] "POST /forms/lservlet;jsessionid=ac16012b30d67dd1c4332bdc4e6abfa7ee3712da9004.e3iSbxaKaheRe34MbhmNaxqNb41ynknvrkLOlQzNp65In0 HTTP/1.1" 200 2
190.25.157.12 - - [07/Jun/2015:09:41:03 -0500] "POST /forms/lservlet;jsessionid=ac16012b30d67dd1c4332bdc4e6abfa7ee3712da9004.e3iSbxaKaheRe34MbhmNaxqNb41ynknvrkLOlQzNp65In0 HTTP/1.1" 200 113
190.25.157.12 - - [07/Jun/2015:09:41:04 -0500] "POST /forms/lservlet;jsessionid=ac16012b30d67dd1c4332bdc4e6abfa7ee3712da9004.e3iSbxaKaheRe34MbhmNaxqNb41ynknvrkLOlQzNp65In0 HTTP/1.1" 200 2
190.25.157.12 - - [07/Jun/2015:09:41:04 -0500] "GET /reports/rwservlet/getjobid352541?server=rep_srvapsda HTTP/1.1" 200 57818
207.46.13.104 - - [07/Jun/2015:09:41:08 -0500] "GET /BLA/resoluciones/RESOLUCIONES%202010/5807.pdf HTTP/1.1" 200 747955
207.46.13.104 - - [07/Jun/2015:09:41:09 -0500] "GET /BLA/resoluciones/AUTOS%202012/2981.pdf HTTP/1.1" 200 281725
190.25.157.12 - - [07/Jun/2015:09:41:10 -0500] "POST /forms/lservlet;jsessionid=ac16012b30d67dd1c4332bdc4e6abfa7ee3712da9004.e3iSbxaKaheRe34MbhmNaxqNb41ynknvrkLOlQzNp65In0 HTTP/1.1" 200 2334
180.76.15.24 - - [07/Jun/2015:09:41:17 -0500] "GET /BLA/resoluciones/RESOLUCIONES%202012/1257.pdf HTTP/1.1" 200 362351
207.46.13.68 - - [07/Jun/2015:09:41:18 -0500] "GET /BLA/resoluciones/RESOLUCIONES%202009/3025.pdf HTTP/1.1" 200 606570
190.25.157.12 - - [07/Jun/2015:09:41:24 -0500] "POST /forms/lservlet;jsessionid=ac16012b30d67dd1c4332bdc4e6abfa7ee3712da9004.e3iSbxaKaheRe34MbhmNaxqNb41ynknvrkLOlQzNp65In0 HTTP/1.1" 200 24
190.25.157.12 - - [07/Jun/2015:09:41:24 -0500] "POST /forms/lservlet;jsessionid=ac16012b30d67dd1c4332bdc4e6abfa7ee3712da9004.e3iSbxaKaheRe34MbhmNaxqNb41ynknvrkLOlQzNp65In0 HTTP/1.1" 200 3735
190.25.157.12 - - [07/Jun/2015:09:41:24 -0500] "POST /forms/lservlet;jsessionid=ac16012b30d67dd1c4332bdc4e6abfa7ee3712da9004.e3iSbxaKaheRe34MbhmNaxqNb41ynknvrkLOlQzNp65In0 HTTP/1.1" 200 2
190.25.157.12 - - [07/Jun/2015:09:41:33 -0500] "POST /forms/lservlet;jsessionid=ac16012b30d67dd1c4332bdc4e6abfa7ee3712da9004.e3iSbxaKaheRe34MbhmNaxqNb41ynknvrkLOlQzNp65In0 HTTP/1.1" 200 2
157.55.39.11 - - [07/Jun/2015:09:41:33 -0500] "GET /bla/resoluciones/RESOLUCIONES%202009/8309.pdf HTTP/1.1" 200 435352
157.55.39.11 - - [07/Jun/2015:09:41:34 -0500] "GET /bla/resoluciones/RESOLUCIONES%202011/5446.pdf HTTP/1.1" 200 578852
190.25.157.12 - - [07/Jun/2015:09:41:33 -0500] "POST /forms/lservlet;jsessionid=ac16012b30d67dd1c4332bdc4e6abfa7ee3712da9004.e3iSbxaKaheRe34MbhmNaxqNb41ynknvrkLOlQzNp65In0 HTTP/1.1" 200 14
157.55.39.11 - - [07/Jun/2015:09:41:34 -0500] "GET /BLA/resoluciones/AUTOS%202012/1855.pdf HTTP/1.1" 200 262761
190.25.157.12 - - [07/Jun/2015:09:41:34 -0500] "POST /forms/lservlet;jsessionid=ac16012b30d67dd1c4332bdc4e6abfa7ee3712da9004.e3iSbxaKaheRe34MbhmNaxqNb41ynknvrkLOlQzNp65In0 HTTP/1.1" 200 112
190.25.157.12 - - [07/Jun/2015:09:41:34 -0500] "POST /forms/lservlet;jsessionid=ac16012b30d67dd1c4332bdc4e6abfa7ee3712da9004.e3iSbxaKaheRe34MbhmNaxqNb41ynknvrkLOlQzNp65In0 HTTP/1.1" 200 2
190.25.157.12 - - [07/Jun/2015:09:41:34 -0500] "GET /reports/rwservlet/getjobid352542?server=rep_srvapsda HTTP/1.1" 200 292761
157.55.39.11 - - [07/Jun/2015:09:41:35 -0500] "GET /BLA/resoluciones/RESOLUCIONES%202010/3273.pdf HTTP/1.1" 200 751321
180.76.15.143 - - [07/Jun/2015:09:41:35 -0500] "GET /BLA/resoluciones/RESOLUCIONES%202011/6523.pdf HTTP/1.1" 200 4659570
157.55.39.11 - - [07/Jun/2015:09:41:35 -0500] "GET /BLA/resoluciones/RESOLUCIONES%202011/3878.pdf HTTP/1.1" 200 559422
180.76.15.143 - - [07/Jun/2015:09:41:52 -0500] "GET /BLA/boletinlegal/Circulares/2013/Circular%20No.%208%20del%201%20de%20Noviembre%20de%202013.pdf HTTP/1.1" 200 385156
207.46.13.104 - - [07/Jun/2015:09:41:59 -0500] "GET /bla/resoluciones/resoluciones%202009/9708.pdf HTTP/1.1" 200 320383
201.245.192.253 - - [07/Jun/2015:09:39:09 -0500] "GET /ForestMSG_SDA/channelAsync/template_word_18303147?X-Atmosphere-tracking-id=ef7b8cca-22a0-3631-7219-93916646b115&X-Atmosphere-Framework=1.0.5&X-Atmosphere-Transport=long-polling&tabid=0.1128270248301344&X-Cache-Date=0&Content-Type=application/xml&_=1433688008906 HTTP/1.1" 200 8193
180.76.15.31 - - [07/Jun/2015:09:42:09 -0500] "GET /BLA/resoluciones/RESOLUCIONES%202012/1803.pdf HTTP/1.1" 200 1173408
207.46.13.104 - - [07/Jun/2015:09:42:18 -0500] "GET /BLA/resoluciones/AUTOS%202012/1151.pdf HTTP/1.1" 200 154247
180.76.15.142 - - [07/Jun/2015:09:42:26 -0500] "GET /BLA/resoluciones/RESOLUCIONES%202008/0988.pdf HTTP/1.1" 200 215509
190.25.157.12 - - [07/Jun/2015:09:42:29 -0500] "POST /forms/lservlet;jsessionid=ac16012b30d67dd1c4332bdc4e6abfa7ee3712da9004.e3iSbxaKaheRe34MbhmNaxqNb41ynknvrkLOlQzNp65In0 HTTP/1.1" 200 2
190.25.157.12 - - [07/Jun/2015:09:42:29 -0500] "POST /forms/lservlet;jsessionid=ac16012b30d67dd1c4332bdc4e6abfa7ee3712da9004.e3iSbxaKaheRe34MbhmNaxqNb41ynknvrkLOlQzNp65In0 HTTP/1.1" 200 14
207.46.13.104 - - [07/Jun/2015:09:42:30 -0500] "GET /BLA/resoluciones/AUTOS%202009/2697.pdf HTTP/1.1" 200 77456
207.46.13.104 - - [07/Jun/2015:09:42:31 -0500] "GET /BLA/resoluciones/RESOLUCIONES%202011/4609.pdf HTTP/1.1" 200 533313
190.25.157.12 - - [07/Jun/2015:09:42:30 -0500] "POST /forms/lservlet;jsessionid=ac16012b30d67dd1c4332bdc4e6abfa7ee3712da9004.e3iSbxaKaheRe34MbhmNaxqNb41ynknvrkLOlQzNp65In0 HTTP/1.1" 200 14
190.25.157.12 - - [07/Jun/2015:09:42:31 -0500] "POST /forms/lservlet;jsessionid=ac16012b30d67dd1c4332bdc4e6abfa7ee3712da9004.e3iSbxaKaheRe34MbhmNaxqNb41ynknvrkLOlQzNp65In0 HTTP/1.1" 200 116
190.25.157.12 - - [07/Jun/2015:09:42:32 -0500] "POST /forms/lservlet;jsessionid=ac16012b30d67dd1c4332bdc4e6abfa7ee3712da9004.e3iSbxaKaheRe34MbhmNaxqNb41ynknvrkLOlQzNp65In0 HTTP/1.1" 200 2
190.25.157.12 - - [07/Jun/2015:09:42:32 -0500] "GET /reports/rwservlet/getjobid352543?server=rep_srvapsda HTTP/1.1" 200 47743
180.76.15.138 - - [07/Jun/2015:09:42:44 -0500] "GET /BLA/resoluciones/RESOLUCIONES%202008/2226.pdf HTTP/1.1" 200 39963
157.55.39.168 - - [07/Jun/2015:09:42:45 -0500] "GET /BLA/resoluciones/RESOLUCIONES%202008/1457.pdf HTTP/1.1" 200 300420
157.55.39.168 - - [07/Jun/2015:09:42:45 -0500] "GET /bla/resoluciones/resoluciones%202010/3394.pdf HTTP/1.1" 200 317558
157.55.39.168 - - [07/Jun/2015:09:42:45 -0500] "GET /BLA/resoluciones/RESOLUCIONES%202014/0261.pdf HTTP/1.1" 200 3144011
157.55.39.168 - - [07/Jun/2015:09:42:46 -0500] "GET /BLA/resoluciones/RESOLUCIONES%202011/6416.pdf HTTP/1.1" 200 3596143
157.55.39.168 - - [07/Jun/2015:09:42:46 -0500] "GET /BLA/resoluciones/RESOLUCIONES%202011/1182.pdf HTTP/1.1" 200 682738
157.55.39.168 - - [07/Jun/2015:09:42:47 -0500] "GET /bla/resoluciones/RESOLUCIONES%202009/3817.pdf HTTP/1.1" 200 765846
157.55.39.168 - - [07/Jun/2015:09:42:47 -0500] "GET /bla/resoluciones/resoluciones%202009/8397.pdf HTTP/1.1" 200 447295
157.55.39.168 - - [07/Jun/2015:09:42:48 -0500] "GET /BLA/resoluciones/RESOLUCIONES%202010/4925.pdf HTTP/1.1" 200 758029
157.55.39.168 - - [07/Jun/2015:09:42:48 -0500] "GET /bla/resoluciones/resoluciones%202009/8380.pdf HTTP/1.1" 200 519773
157.55.39.168 - - [07/Jun/2015:09:42:49 -0500] "GET /BLA/resoluciones/RESOLUCIONES%202014/2596.pdf HTTP/1.1" 200 229960
190.25.157.12 - - [07/Jun/2015:09:42:50 -0500] "POST /forms/lservlet;jsessionid=ac16012b30d67dd1c4332bdc4e6abfa7ee3712da9004.e3iSbxaKaheRe34MbhmNaxqNb41ynknvrkLOlQzNp65In0 HTTP/1.1" 200 2307
207.46.13.68 - - [07/Jun/2015:09:42:52 -0500] "GET /BLA/resoluciones/RESOLUCIONES%202011/3713.pdf HTTP/1.1" 200 657998
207.46.13.68 - - [07/Jun/2015:09:42:53 -0500] "GET /bla/resoluciones/RESOLUCIONES%202011/5128.pdf HTTP/1.1" 200 469577
207.46.13.68 - - [07/Jun/2015:09:42:54 -0500] "GET /bla/resoluciones/resoluciones%202010/6708.pdf HTTP/1.1" 200 367904
207.46.13.104 - - [07/Jun/2015:09:42:57 -0500] "GET /BLA/resoluciones/RESOLUCIONES%202008/1197.pdf HTTP/1.1" 200 749734
207.46.13.104 - - [07/Jun/2015:09:42:58 -0500] "GET /BLA/resoluciones/AUTOS%202012/1453.pdf HTTP/1.1" 200 1515790
207.46.13.104 - - [07/Jun/2015:09:42:58 -0500] "GET /BLA/resoluciones/RESOLUCIONES%202010/2656.pdf HTTP/1.1" 200 339156
190.25.157.12 - - [07/Jun/2015:09:42:58 -0500] "POST /forms/lservlet;jsessionid=ac16012b30d67dd1c4332bdc4e6abfa7ee3712da9004.e3iSbxaKaheRe34MbhmNaxqNb41ynknvrkLOlQzNp65In0 HTTP/1.1" 200 24
207.46.13.104 - - [07/Jun/2015:09:42:59 -0500] "GET /bla/resoluciones/RESOLUCIONES%202009/4246.pdf HTTP/1.1" 200 6585958
180.76.15.137 - - [07/Jun/2015:09:43:01 -0500] "GET /BLA/resoluciones/RESOLUCIONES%202012/1095.pdf HTTP/1.1" 200 495146
190.25.157.12 - - [07/Jun/2015:09:43:03 -0500] "POST /forms/lservlet;jsessionid=ac16012b30d67dd1c4332bdc4e6abfa7ee3712da9004.e3iSbxaKaheRe34MbhmNaxqNb41ynknvrkLOlQzNp65In0 HTTP/1.1" 200 2
190.25.157.12 - - [07/Jun/2015:09:43:03 -0500] "POST /forms/lservlet;jsessionid=ac16012b30d67dd1c4332bdc4e6abfa7ee3712da9004.e3iSbxaKaheRe34MbhmNaxqNb41ynknvrkLOlQzNp65In0 HTTP/1.1" 200 4013
190.25.157.12 - - [07/Jun/2015:09:43:03 -0500] "POST /forms/lservlet;jsessionid=ac16012b30d67dd1c4332bdc4e6abfa7ee3712da9004.e3iSbxaKaheRe34MbhmNaxqNb41ynknvrkLOlQzNp65In0 HTTP/1.1" 200 2
207.46.13.68 - - [07/Jun/2015:09:43:04 -0500] "GET /bla/resoluciones/RESOLUCIONES%202011/5324.pdf HTTP/1.1" 200 958144
74.86.158.107 - - [07/Jun/2015:09:43:04 -0500] "HEAD / HTTP/1.1" 200 -
207.46.13.68 - - [07/Jun/2015:09:43:04 -0500] "GET /BLA/resoluciones/RESOLUCIONES%202011/5100.pdf HTTP/1.1" 200 2116905
207.46.13.68 - - [07/Jun/2015:09:43:05 -0500] "GET /BLA/resoluciones/AUTOS%202012/2278.pdf HTTP/1.1" 200 615085
190.25.157.12 - - [07/Jun/2015:09:43:05 -0500] "POST /forms/lservlet;jsessionid=ac16012b30d67dd1c4332bdc4e6abfa7ee3712da9004.e3iSbxaKaheRe34MbhmNaxqNb41ynknvrkLOlQzNp65In0 HTTP/1.1" 200 2
190.25.157.12 - - [07/Jun/2015:09:43:05 -0500] "POST /forms/lservlet;jsessionid=ac16012b30d67dd1c4332bdc4e6abfa7ee3712da9004.e3iSbxaKaheRe34MbhmNaxqNb41ynknvrkLOlQzNp65In0 HTTP/1.1" 200 14
190.25.157.12 - - [07/Jun/2015:09:43:06 -0500] "POST /forms/lservlet;jsessionid=ac16012b30d67dd1c4332bdc4e6abfa7ee3712da9004.e3iSbxaKaheRe34MbhmNaxqNb41ynknvrkLOlQzNp65In0 HTTP/1.1" 200 14
207.46.13.68 - - [07/Jun/2015:09:43:08 -0500] "GET /BLA/resoluciones/RESOLUCIONES%202008/3835.pdf HTTP/1.1" 200 1189745
190.25.157.12 - - [07/Jun/2015:09:43:08 -0500] "POST /forms/lservlet;jsessionid=ac16012b30d67dd1c4332bdc4e6abfa7ee3712da9004.e3iSbxaKaheRe34MbhmNaxqNb41ynknvrkLOlQzNp65In0 HTTP/1.1" 200 112
190.25.157.12 - - [07/Jun/2015:09:43:08 -0500] "POST /forms/lservlet;jsessionid=ac16012b30d67dd1c4332bdc4e6abfa7ee3712da9004.e3iSbxaKaheRe34MbhmNaxqNb41ynknvrkLOlQzNp65In0 HTTP/1.1" 200 2
207.46.13.68 - - [07/Jun/2015:09:43:08 -0500] "GET /BLA/resoluciones/AUTOS%202009/1604.pdf HTTP/1.1" 200 107003
190.25.157.12 - - [07/Jun/2015:09:43:08 -0500] "GET /reports/rwservlet/getjobid352544?server=rep_srvapsda HTTP/1.1" 200 1332247
207.46.13.104 - - [07/Jun/2015:09:43:13 -0500] "GET /BLA/resoluciones/RESOLUCIONES%202008/4521.pdf HTTP/1.1" 200 255728
157.55.39.10 - - [07/Jun/2015:09:43:17 -0500] "GET /BLA/resoluciones/AUTOS%202010/1480.pdf HTTP/1.1" 200 260305
157.55.39.10 - - [07/Jun/2015:09:43:18 -0500] "GET /BLA/resoluciones/RESOLUCIONES%202008/5119.pdf HTTP/1.1" 200 502149
180.76.15.139 - - [07/Jun/2015:09:43:18 -0500] "GET /BLA/resoluciones/RESOLUCIONES%202008/0605.pdf HTTP/1.1" 200 168813
157.55.39.10 - - [07/Jun/2015:09:43:19 -0500] "GET /bla/resoluciones/resoluciones%202010/1875.pdf HTTP/1.1" 200 449387
157.55.39.10 - - [07/Jun/2015:09:43:19 -0500] "GET /bla/resoluciones/RESOLUCIONES%202009/3769.pdf HTTP/1.1" 200 798874
157.55.39.10 - - [07/Jun/2015:09:43:20 -0500] "GET /bla/resoluciones/RESOLUCIONES%202009/9533.pdf HTTP/1.1" 200 499705
207.46.13.68 - - [07/Jun/2015:09:43:21 -0500] "GET /BLA/resoluciones/RESOLUCIONES%202010/5826.pdf HTTP/1.1" 200 629618
207.46.13.68 - - [07/Jun/2015:09:43:22 -0500] "GET /bla/resoluciones/RESOLUCIONES%202009/7439.pdf HTTP/1.1" 200 99537
190.25.157.12 - - [07/Jun/2015:09:43:29 -0500] "POST /forms/lservlet;jsessionid=ac16012b30d67dd1c4332bdc4e6abfa7ee3712da9004.e3iSbxaKaheRe34MbhmNaxqNb41ynknvrkLOlQzNp65In0 HTTP/1.1" 200 2
190.25.157.12 - - [07/Jun/2015:09:43:29 -0500] "POST /forms/lservlet;jsessionid=ac16012b30d67dd1c4332bdc4e6abfa7ee3712da9004.e3iSbxaKaheRe34MbhmNaxqNb41ynknvrkLOlQzNp65In0 HTTP/1.1" 200 14
190.25.157.12 - - [07/Jun/2015:09:43:31 -0500] "POST /forms/lservlet;jsessionid=ac16012b30d67dd1c4332bdc4e6abfa7ee3712da9004.e3iSbxaKaheRe34MbhmNaxqNb41ynknvrkLOlQzNp65In0 HTTP/1.1" 200 116
190.25.157.12 - - [07/Jun/2015:09:43:31 -0500] "POST /forms/lservlet;jsessionid=ac16012b30d67dd1c4332bdc4e6abfa7ee3712da9004.e3iSbxaKaheRe34MbhmNaxqNb41ynknvrkLOlQzNp65In0 HTTP/1.1" 200 2
190.25.157.12 - - [07/Jun/2015:09:43:31 -0500] "GET /reports/rwservlet/getjobid352545?server=rep_srvapsda HTTP/1.1" 200 47897
207.46.13.104 - - [07/Jun/2015:09:43:33 -0500] "GET /bla/resoluciones/resoluciones%202009/6556.pdf HTTP/1.1" 200 85805
180.76.15.17 - - [07/Jun/2015:09:43:36 -0500] "GET /BLA/resoluciones/RESOLUCIONES%202012/1023.pdf HTTP/1.1" 200 655188
207.46.13.68 - - [07/Jun/2015:09:43:39 -0500] "GET /BLA/resoluciones/AUTOS%202009/0847.pdf HTTP/1.1" 200 71277
190.25.157.12 - - [07/Jun/2015:09:43:44 -0500] "POST /forms/lservlet;jsessionid=ac16012b30d67dd1c4332bdc4e6abfa7ee3712da9004.e3iSbxaKaheRe34MbhmNaxqNb41ynknvrkLOlQzNp65In0 HTTP/1.1" 200 2
157.55.39.134 - - [07/Jun/2015:09:43:45 -0500] "GET /BLA/resoluciones/RESOLUCIONES%202011/0623.pdf HTTP/1.1" 200 75702
190.25.157.12 - - [07/Jun/2015:09:43:44 -0500] "POST /forms/lservlet;jsessionid=ac16012b30d67dd1c4332bdc4e6abfa7ee3712da9004.e3iSbxaKaheRe34MbhmNaxqNb41ynknvrkLOlQzNp65In0 HTTP/1.1" 200 113
190.25.157.12 - - [07/Jun/2015:09:43:45 -0500] "POST /forms/lservlet;jsessionid=ac16012b30d67dd1c4332bdc4e6abfa7ee3712da9004.e3iSbxaKaheRe34MbhmNaxqNb41ynknvrkLOlQzNp65In0 HTTP/1.1" 200 2
190.25.157.12 - - [07/Jun/2015:09:43:45 -0500] "GET /reports/rwservlet/getjobid352546?server=rep_srvapsda HTTP/1.1" 200 58615
66.249.67.120 - - [07/Jun/2015:09:43:45 -0500] "GET /BLA/resoluciones/RESOLUCIONES%202009/9239.pdf HTTP/1.1" 200 492432
157.55.39.134 - - [07/Jun/2015:09:43:45 -0500] "GET /BLA/resoluciones/AUTOS%202012/1767.pdf HTTP/1.1" 200 296570
180.76.15.139 - - [07/Jun/2015:09:43:53 -0500] "GET /BLA/resoluciones/RESOLUCIONES%202012/1811.pdf HTTP/1.1" 200 1161409
190.25.157.12 - - [07/Jun/2015:09:44:00 -0500] "POST /forms/lservlet;jsessionid=ac16012b30d67dd1c4332bdc4e6abfa7ee3712da9004.e3iSbxaKaheRe34MbhmNaxqNb41ynknvrkLOlQzNp65In0 HTTP/1.1" 200 2366
180.76.15.153 - - [07/Jun/2015:09:44:10 -0500] "GET /BLA/resoluciones/AUTOS%202009/2131.pdf HTTP/1.1" 200 99321
190.25.157.12 - - [07/Jun/2015:09:44:12 -0500] "POST /forms/lservlet;jsessionid=ac16012b30d67dd1c4332bdc4e6abfa7ee3712da9004.e3iSbxaKaheRe34MbhmNaxqNb41ynknvrkLOlQzNp65In0 HTTP/1.1" 200 24
190.25.157.12 - - [07/Jun/2015:09:44:12 -0500] "POST /forms/lservlet;jsessionid=ac16012b30d67dd1c4332bdc4e6abfa7ee3712da9004.e3iSbxaKaheRe34MbhmNaxqNb41ynknvrkLOlQzNp65In0 HTTP/1.1" 200 3866
190.25.157.12 - - [07/Jun/2015:09:44:13 -0500] "POST /forms/lservlet;jsessionid=ac16012b30d67dd1c4332bdc4e6abfa7ee3712da9004.e3iSbxaKaheRe34MbhmNaxqNb41ynknvrkLOlQzNp65In0 HTTP/1.1" 200 2
207.46.13.104 - - [07/Jun/2015:09:44:15 -0500] "GET /BLA/resoluciones/RESOLUCIONES%202008/1817.pdf HTTP/1.1" 200 264745
190.25.157.12 - - [07/Jun/2015:09:44:16 -0500] "POST /forms/lservlet;jsessionid=ac16012b30d67dd1c4332bdc4e6abfa7ee3712da9004.e3iSbxaKaheRe34MbhmNaxqNb41ynknvrkLOlQzNp65In0 HTTP/1.1" 200 2
190.25.157.12 - - [07/Jun/2015:09:44:16 -0500] "POST /forms/lservlet;jsessionid=ac16012b30d67dd1c4332bdc4e6abfa7ee3712da9004.e3iSbxaKaheRe34MbhmNaxqNb41ynknvrkLOlQzNp65In0 HTTP/1.1" 200 14
190.25.157.12 - - [07/Jun/2015:09:44:17 -0500] "POST /forms/lservlet;jsessionid=ac16012b30d67dd1c4332bdc4e6abfa7ee3712da9004.e3iSbxaKaheRe34MbhmNaxqNb41ynknvrkLOlQzNp65In0 HTTP/1.1" 200 112
190.25.157.12 - - [07/Jun/2015:09:44:18 -0500] "POST /forms/lservlet;jsessionid=ac16012b30d67dd1c4332bdc4e6abfa7ee3712da9004.e3iSbxaKaheRe34MbhmNaxqNb41ynknvrkLOlQzNp65In0 HTTP/1.1" 200 2
190.25.157.12 - - [07/Jun/2015:09:44:18 -0500] "GET /reports/rwservlet/getjobid352547?server=rep_srvapsda HTTP/1.1" 200 1293605
180.76.15.14 - - [07/Jun/2015:09:44:27 -0500] "GET /BLA/resoluciones/RESOLUCIONES%202012/0879.pdf HTTP/1.1" 200 470086
186.5.83.31 - - [07/Jun/2015:09:44:38 -0500] "GET /galeria/galeria/jquery.fancybox.js?v=2.1.5 HTTP/1.1" 200 48706
186.5.83.31 - - [07/Jun/2015:09:44:38 -0500] "GET /galeria/galeria/jquery.fancybox.css?v=2.1.5 HTTP/1.1" 200 4895
186.5.83.31 - - [07/Jun/2015:09:44:38 -0500] "GET /BLA/boletinlegal/js/jquery.scrollShow.js HTTP/1.1" 200 4586
186.5.83.31 - - [07/Jun/2015:09:44:38 -0500] "GET /BLA/boletinlegal/js/jquery.scrollTo-min.js HTTP/1.1" 200 1150
180.76.15.136 - - [07/Jun/2015:09:44:45 -0500] "GET /BLA/resoluciones/RESOLUCIONES%202012/0226.pdf HTTP/1.1" 200 229416
186.5.83.31 - - [07/Jun/2015:09:44:46 -0500] "GET /BLA/boletinlegal/js/jquery.scrollShow.js HTTP/1.1" 200 4586
186.5.83.31 - - [07/Jun/2015:09:44:46 -0500] "GET /galeria/galeria/jquery.fancybox.js?v=2.1.5 HTTP/1.1" 200 48706
186.5.83.31 - - [07/Jun/2015:09:44:46 -0500] "GET /galeria/galeria/jquery.fancybox.css?v=2.1.5 HTTP/1.1" 200 4895
186.5.83.31 - - [07/Jun/2015:09:44:46 -0500] "GET /BLA/boletinlegal/js/jquery.scrollTo-min.js HTTP/1.1" 200 1150
190.25.157.12 - - [07/Jun/2015:09:44:46 -0500] "POST /forms/lservlet;jsessionid=ac16012b30d67dd1c4332bdc4e6abfa7ee3712da9004.e3iSbxaKaheRe34MbhmNaxqNb41ynknvrkLOlQzNp65In0 HTTP/1.1" 200 2
190.25.157.12 - - [07/Jun/2015:09:44:46 -0500] "POST /forms/lservlet;jsessionid=ac16012b30d67dd1c4332bdc4e6abfa7ee3712da9004.e3iSbxaKaheRe34MbhmNaxqNb41ynknvrkLOlQzNp65In0 HTTP/1.1" 200 14
207.46.13.68 - - [07/Jun/2015:09:44:48 -0500] "GET /BLA/resoluciones/Autos%202008/2788.pdf HTTP/1.1" 200 109432
190.25.157.12 - - [07/Jun/2015:09:44:47 -0500] "POST /forms/lservlet;jsessionid=ac16012b30d67dd1c4332bdc4e6abfa7ee3712da9004.e3iSbxaKaheRe34MbhmNaxqNb41ynknvrkLOlQzNp65In0 HTTP/1.1" 200 14
207.46.13.68 - - [07/Jun/2015:09:44:48 -0500] "GET /bla/resoluciones/resoluciones%202009/9036.pdf HTTP/1.1" 200 533864
207.46.13.68 - - [07/Jun/2015:09:44:49 -0500] "GET /bla/resoluciones/resoluciones%202010/6574.pdf HTTP/1.1" 200 356116
190.25.157.12 - - [07/Jun/2015:09:44:48 -0500] "POST /forms/lservlet;jsessionid=ac16012b30d67dd1c4332bdc4e6abfa7ee3712da9004.e3iSbxaKaheRe34MbhmNaxqNb41ynknvrkLOlQzNp65In0 HTTP/1.1" 200 14
207.46.13.68 - - [07/Jun/2015:09:44:50 -0500] "GET /BLA/resoluciones/RESOLUCIONES%202011/0727.pdf HTTP/1.1" 200 78811
207.46.13.68 - - [07/Jun/2015:09:44:50 -0500] "GET /bla/resoluciones/resoluciones%202010/1888.pdf HTTP/1.1" 200 726952
190.25.157.12 - - [07/Jun/2015:09:44:50 -0500] "POST /forms/lservlet;jsessionid=ac16012b30d67dd1c4332bdc4e6abfa7ee3712da9004.e3iSbxaKaheRe34MbhmNaxqNb41ynknvrkLOlQzNp65In0 HTTP/1.1" 200 116
190.25.157.12 - - [07/Jun/2015:09:44:51 -0500] "POST /forms/lservlet;jsessionid=ac16012b30d67dd1c4332bdc4e6abfa7ee3712da9004.e3iSbxaKaheRe34MbhmNaxqNb41ynknvrkLOlQzNp65In0 HTTP/1.1" 200 2
190.25.157.12 - - [07/Jun/2015:09:44:51 -0500] "GET /reports/rwservlet/getjobid352548?server=rep_srvapsda HTTP/1.1" 200 47999
85.236.157.21 - - [07/Jun/2015:09:44:58 -0500] "GET /test/wp-admin/ HTTP/1.1" 404 1018
190.25.157.12 - - [07/Jun/2015:09:44:58 -0500] "POST /forms/lservlet;jsessionid=ac16012b30d67dd1c4332bdc4e6abfa7ee3712da9004.e3iSbxaKaheRe34MbhmNaxqNb41ynknvrkLOlQzNp65In0 HTTP/1.1" 200 2
157.55.39.10 - - [07/Jun/2015:09:45:02 -0500] "GET /BLA/resoluciones/RESOLUCIONES%202010/2564.pdf HTTP/1.1" 200 500121
180.76.15.33 - - [07/Jun/2015:09:45:02 -0500] "GET /BLA/resoluciones/RESOLUCIONES%202008/1530.pdf HTTP/1.1" 200 694060
157.55.39.10 - - [07/Jun/2015:09:45:03 -0500] "GET /bla/resoluciones/RESOLUCIONES%202009/4193.pdf HTTP/1.1" 200 1041610
157.55.39.10 - - [07/Jun/2015:09:45:04 -0500] "GET /BLA/resoluciones/RESOLUCIONES%202010/5022.pdf HTTP/1.1" 200 751455
157.55.39.10 - - [07/Jun/2015:09:45:04 -0500] "GET /BLA/resoluciones/RESOLUCIONES%202009/3291.pdf HTTP/1.1" 200 612695
207.46.13.68 - - [07/Jun/2015:09:45:07 -0500] "GET /bla/resoluciones/resoluciones%202010/6006.pdf HTTP/1.1" 200 632255
207.46.13.68 - - [07/Jun/2015:09:45:07 -0500] "GET /bla/resoluciones/resoluciones%202009/5004.pdf HTTP/1.1" 200 704049
201.245.192.253 - - [07/Jun/2015:09:42:09 -0500] "GET /ForestMSG_SDA/channelAsync/template_word_18303147?X-Atmosphere-tracking-id=ef7b8cca-22a0-3631-7219-93916646b115&X-Atmosphere-Framework=1.0.5&X-Atmosphere-Transport=long-polling&tabid=0.1128270248301344&X-Cache-Date=0&Content-Type=application/xml&_=1433688188861 HTTP/1.1" 200 8193
207.46.13.68 - - [07/Jun/2015:09:45:09 -0500] "GET /bla/resoluciones/resoluciones%202009/6800.pdf HTTP/1.1" 200 832809
190.25.157.12 - - [07/Jun/2015:09:45:10 -0500] "POST /forms/lservlet;jsessionid=ac16012b30d67dd1c4332bdc4e6abfa7ee3712da9004.e3iSbxaKaheRe34MbhmNaxqNb41ynknvrkLOlQzNp65In0 HTTP/1.1" 200 2
190.25.157.12 - - [07/Jun/2015:09:45:10 -0500] "POST /forms/lservlet;jsessionid=ac16012b30d67dd1c4332bdc4e6abfa7ee3712da9004.e3iSbxaKaheRe34MbhmNaxqNb41ynknvrkLOlQzNp65In0 HTTP/1.1" 200 14
190.25.157.12 - - [07/Jun/2015:09:45:11 -0500] "POST /forms/lservlet;jsessionid=ac16012b30d67dd1c4332bdc4e6abfa7ee3712da9004.e3iSbxaKaheRe34MbhmNaxqNb41ynknvrkLOlQzNp65In0 HTTP/1.1" 200 113
190.25.157.12 - - [07/Jun/2015:09:45:11 -0500] "POST /forms/lservlet;jsessionid=ac16012b30d67dd1c4332bdc4e6abfa7ee3712da9004.e3iSbxaKaheRe34MbhmNaxqNb41ynknvrkLOlQzNp65In0 HTTP/1.1" 200 2
190.25.157.12 - - [07/Jun/2015:09:45:11 -0500] "GET /reports/rwservlet/getjobid352549?server=rep_srvapsda HTTP/1.1" 200 57818
