181.129.116.112 - - [07/Jun/2015:10:14:44 -0500] "GET /galeria/nivo-slider/demo/images/Comparendo-ambiental-Banner.jpg HTTP/1.1" 200 83731
181.129.116.112 - - [07/Jun/2015:10:14:44 -0500] "GET /galeria/nivo-slider/demo/images/GAE-banner.jpg HTTP/1.1" 200 97556
181.129.116.112 - - [07/Jun/2015:10:14:45 -0500] "GET /galeria/nivo-slider/demo/images/4Simple_Slider.png HTTP/1.1" 200 11722
181.129.116.112 - - [07/Jun/2015:10:14:46 -0500] "GET /galeria/nivo-slider/themes/default/loading.gif HTTP/1.1" 200 1737
181.129.116.112 - - [07/Jun/2015:10:14:50 -0500] "GET /galeria/nivo-slider/demo/images/9Signos.jpg HTTP/1.1" 200 81776
181.129.116.112 - - [07/Jun/2015:10:14:50 -0500] "GET /galeria/nivo-slider/demo/images/Banner-encuesta-de-percepscio.jpg HTTP/1.1" 200 201899
181.129.116.112 - - [07/Jun/2015:10:14:50 -0500] "GET /galeria/nivo-slider/demo/images/banner-Pacto-por-la-madera.jpg HTTP/1.1" 200 209966
181.129.116.112 - - [07/Jun/2015:10:14:50 -0500] "GET /galeria/nivo-slider/demo/images/Banner-salud.jpg HTTP/1.1" 200 181685
181.129.116.112 - - [07/Jun/2015:10:14:53 -0500] "GET /galeria/nivo-slider/demo/images/mailling-acercar-xpress.jpg HTTP/1.1" 200 137233
181.129.116.112 - - [07/Jun/2015:10:14:53 -0500] "GET /galeria/nivo-slider/demo/images/acuerdo_569.jpg HTTP/1.1" 200 62670
181.129.116.112 - - [07/Jun/2015:10:14:53 -0500] "GET /galeria/nivo-slider/demo/images/Licitaciones-proyecto-paramo.jpg HTTP/1.1" 200 221877
181.129.116.112 - - [07/Jun/2015:10:14:53 -0500] "GET /galeria/nivo-slider/demo/images/Banner-decreto1299.jpg HTTP/1.1" 200 182613
181.129.116.112 - - [07/Jun/2015:10:14:53 -0500] "GET /galeria/nivo-slider/demo/images/Banner-Directorio.jpg HTTP/1.1" 200 182068
181.129.116.112 - - [07/Jun/2015:10:14:54 -0500] "GET /galeria/nivo-slider/demo/images/Ruta-vertimientos-01.jpg HTTP/1.1" 200 130151
181.129.116.112 - - [07/Jun/2015:10:14:54 -0500] "GET /galeria/nivo-slider/demo/images/bolsas-06.jpg HTTP/1.1" 200 90982
181.129.116.112 - - [07/Jun/2015:10:14:54 -0500] "GET /galeria/nivo-slider/demo/images/Conoce-los-humedales.jpg HTTP/1.1" 200 294036
181.129.116.112 - - [07/Jun/2015:10:14:54 -0500] "GET /galeria/nivo-slider/demo/images/ecolecta-Dic2014.png HTTP/1.1" 200 288593
207.46.13.104 - - [07/Jun/2015:10:14:55 -0500] "GET /bla/resoluciones/resoluciones%202010/7059.pdf HTTP/1.1" 200 534937
181.129.116.112 - - [07/Jun/2015:10:14:55 -0500] "GET /galeria/nivo-slider/demo/images/Banner-Caracol-Africano.jpg HTTP/1.1" 200 331986
207.46.13.104 - - [07/Jun/2015:10:14:56 -0500] "GET /bla/resoluciones/resoluciones%202010/1988.pdf HTTP/1.1" 200 337688
181.129.116.112 - - [07/Jun/2015:10:14:56 -0500] "GET /galeria/nivo-slider/demo/images/banner-llantas2.jpg HTTP/1.1" 200 204644
180.76.15.34 - - [07/Jun/2015:10:15:00 -0500] "GET /BLA/resoluciones/RESOLUCIONES%202012/0542.pdf HTTP/1.1" 200 413444
201.245.192.253 - - [07/Jun/2015:10:12:09 -0500] "GET /ForestMSG_SDA/channelAsync/template_word_18303147?X-Atmosphere-tracking-id=ef7b8cca-22a0-3631-7219-93916646b115&X-Atmosphere-Framework=1.0.5&X-Atmosphere-Transport=long-polling&tabid=0.1128270248301344&X-Cache-Date=0&Content-Type=application/xml&_=1433689989354 HTTP/1.1" 200 8193
207.46.13.104 - - [07/Jun/2015:10:15:10 -0500] "GET /BLA/resoluciones/AUTOS%202009/1318.pdf HTTP/1.1" 200 104620
207.46.13.104 - - [07/Jun/2015:10:15:12 -0500] "GET /BLA/resoluciones/RESOLUCIONES%202010/3869.pdf HTTP/1.1" 200 1037619
180.76.15.23 - - [07/Jun/2015:10:15:17 -0500] "GET /BLA/resoluciones/RESOLUCIONES%202008/1344.pdf HTTP/1.1" 200 226540
207.46.13.104 - - [07/Jun/2015:10:15:20 -0500] "GET /bla/resoluciones/RESOLUCIONES%202009/4124.pdf HTTP/1.1" 200 778753
207.46.13.104 - - [07/Jun/2015:10:15:20 -0500] "GET /BLA/resoluciones/RESOLUCIONES%202010/2849.pdf HTTP/1.1" 200 652188
186.145.58.53 - - [07/Jun/2015:10:15:22 -0500] "POST /forms/lservlet;jsessionid=ac16012b30d6f60052f5c28f47cb9396acf5fe64f0c9.e3iSbxaKaheRe34MbhmNaxqNb41ynknvrkLOlQzNp65In0 HTTP/1.1" 200 2
207.46.13.104 - - [07/Jun/2015:10:15:22 -0500] "GET /BLA/resoluciones/AUTOS%202009/1466.pdf HTTP/1.1" 200 201898
157.55.39.11 - - [07/Jun/2015:10:15:34 -0500] "GET /BLA/resoluciones/Autos%202008/2512.pdf HTTP/1.1" 200 79365
180.76.15.25 - - [07/Jun/2015:10:15:34 -0500] "GET /BLA/resoluciones/RESOLUCIONES%202012/1384.pdf HTTP/1.1" 200 632967
157.55.39.11 - - [07/Jun/2015:10:15:34 -0500] "GET /bla/resoluciones/RESOLUCIONES%202009/8453.pdf HTTP/1.1" 200 111778
157.55.39.11 - - [07/Jun/2015:10:15:35 -0500] "GET /bla/resoluciones/resoluciones%202009/8836.pdf HTTP/1.1" 200 493061
157.55.39.11 - - [07/Jun/2015:10:15:35 -0500] "GET /bla/resoluciones/autos%202010/1422.pdf HTTP/1.1" 200 257893
157.55.39.11 - - [07/Jun/2015:10:15:36 -0500] "GET /BLA/resoluciones/RESOLUCIONES%202010/5045.pdf HTTP/1.1" 200 757449
200.118.242.209 - - [07/Jun/2015:10:15:36 -0500] "GET /isolucionsda/bancoconocimiento/C/ConsultayPrestamodeDocumentos_v4/ConsultayPrestamodeDocumentos_v4.asp?IdArticulo=1955 HTTP/1.1" 302 236
200.118.242.209 - - [07/Jun/2015:10:15:37 -0500] "GET /isolucionsda/bancoconocimiento/C/ConsultayPrestamodeDocumentos_v5/ConsultayPrestamodeDocumentos_v5.asp?Id_Articulo=5150 HTTP/1.1" 200 50385
180.76.15.25 - - [07/Jun/2015:10:15:51 -0500] "GET /BLA/resoluciones/RESOLUCIONES%202008/5164.pdf HTTP/1.1" 200 348765
181.129.116.112 - - [07/Jun/2015:10:16:01 -0500] "GET /galeria/nivo-slider/themes/default/arrows.png HTTP/1.1" 200 824
207.46.13.104 - - [07/Jun/2015:10:16:01 -0500] "GET /bla/resoluciones/resoluciones%202010/6631.pdf HTTP/1.1" 200 1144333
200.118.242.209 - - [07/Jun/2015:10:16:02 -0500] "GET /isolucionsda/bancoconocimiento/O/OrganizacionyTransferenciaDocumental_v4/OrganizacionyTransferenciaDocumental_v4.asp?IdArticulo=3551 HTTP/1.1" 200 53872
181.129.116.112 - - [07/Jun/2015:10:16:02 -0500] "GET /galeria/nivo-slider/themes/default/bullets.png HTTP/1.1" 200 1281
180.76.15.154 - - [07/Jun/2015:10:16:09 -0500] "GET /BLA/resoluciones/RESOLUCIONES%202012/1247.pdf HTTP/1.1" 200 273120
207.46.13.68 - - [07/Jun/2015:10:16:12 -0500] "GET /BLA/resoluciones/RESOLUCIONES%202011/1180.pdf HTTP/1.1" 200 259186
207.46.13.68 - - [07/Jun/2015:10:16:12 -0500] "GET /BLA/resoluciones/RESOLUCIONES%202008/2417.pdf HTTP/1.1" 200 173103
207.46.13.68 - - [07/Jun/2015:10:16:12 -0500] "GET /bla/resoluciones/RESOLUCIONES%202009/8044.pdf HTTP/1.1" 200 418776
207.46.13.68 - - [07/Jun/2015:10:16:13 -0500] "GET /BLA/resoluciones/Autos%202008/2737.pdf HTTP/1.1" 200 104481
207.46.13.68 - - [07/Jun/2015:10:16:13 -0500] "GET /BLA/resoluciones/AUTOS%202012/0714.pdf HTTP/1.1" 200 198116
207.46.13.68 - - [07/Jun/2015:10:16:14 -0500] "GET /bla/resoluciones/RESOLUCIONES%202011/4680.pdf HTTP/1.1" 200 768980
207.46.13.68 - - [07/Jun/2015:10:16:14 -0500] "GET /BLA/resoluciones/RESOLUCIONES%202008/3426.pdf HTTP/1.1" 200 255758
207.46.13.68 - - [07/Jun/2015:10:16:14 -0500] "GET /bla/resoluciones/resoluciones%202009/4644.pdf HTTP/1.1" 200 679360
207.46.13.68 - - [07/Jun/2015:10:16:15 -0500] "GET /BLA/resoluciones/RESOLUCIONES%202008/4026.pdf HTTP/1.1" 200 245319
207.46.13.68 - - [07/Jun/2015:10:16:15 -0500] "GET /BLA/resoluciones/Autos%202008/2556.pdf HTTP/1.1" 200 207149
207.46.13.68 - - [07/Jun/2015:10:16:16 -0500] "GET /BLA/resoluciones/RESOLUCIONES%202010/4036.pdf HTTP/1.1" 200 760961
190.25.157.12 - - [07/Jun/2015:10:16:16 -0500] "GET /forms/frmservlet?config=sia HTTP/1.1" 200 4088
190.25.157.12 - - [07/Jun/2015:10:16:16 -0500] "GET /favicon.ico HTTP/1.1" 200 7782
207.46.13.68 - - [07/Jun/2015:10:16:16 -0500] "GET /BLA/resoluciones/RESOLUCIONES%202011/1456.pdf HTTP/1.1" 200 521506
207.46.13.68 - - [07/Jun/2015:10:16:17 -0500] "GET /bla/resoluciones/resoluciones%202009/7661.pdf HTTP/1.1" 200 489029
190.25.157.12 - - [07/Jun/2015:10:16:17 -0500] "GET /forms/frmservlet?config=sia HTTP/1.1" 200 4088
190.25.157.12 - - [07/Jun/2015:10:16:17 -0500] "GET /forms/java/frmall_jinit.jar HTTP/1.1" 304 -
207.46.13.68 - - [07/Jun/2015:10:16:17 -0500] "GET /BLA/resoluciones/RESOLUCIONES%202010/4781.pdf HTTP/1.1" 200 477170
190.25.157.12 - - [07/Jun/2015:10:16:17 -0500] "GET /forms/java/icons.jar HTTP/1.1" 304 -
190.25.157.12 - - [07/Jun/2015:10:16:17 -0500] "GET /forms/java/java/awt/KeyboardFocusManager.class HTTP/1.1" 404 352
190.25.157.12 - - [07/Jun/2015:10:16:17 -0500] "GET /forms/java/java/awt/event/MouseWheelListener.class HTTP/1.1" 404 356
190.25.157.12 - - [07/Jun/2015:10:16:17 -0500] "GET /forms/java/oracle/forms/registry/Registry.dat HTTP/1.1" 200 4213
190.25.157.12 - - [07/Jun/2015:10:16:17 -0500] "GET /forms/java/oracle/forms/registry/default.dat HTTP/1.1" 404 350
190.25.157.12 - - [07/Jun/2015:10:16:17 -0500] "GET /forms/frmservlet?config=sia&acceptLanguage=es-ar,es;q=0.8,en-us;q=0.5,en;q=0.3&ifcmd=startsession HTTP/1.1" 200 118
207.46.13.68 - - [07/Jun/2015:10:16:17 -0500] "GET /BLA/resoluciones/RESOLUCIONES%202009/8592.pdf HTTP/1.1" 200 362362
190.25.157.12 - - [07/Jun/2015:10:16:17 -0500] "GET /forms/lservlet;jsessionid=ac16012b30d6085298b126d44e32affe8dc6e6652057.e3iSbxaKaheRe34MbhmNaxqNb41ynknvrkLOlQzNp65In0?ifcmd=getinfo&ifhost=arb012382&ifip=192.168.11.78 HTTP/1.1" 200 8
207.46.13.68 - - [07/Jun/2015:10:16:18 -0500] "GET /BLA/resoluciones/AUTOS%202012/0521.pdf HTTP/1.1" 200 270537
207.46.13.68 - - [07/Jun/2015:10:16:18 -0500] "GET /BLA/resoluciones/RESOLUCIONES%202009/9499.pdf HTTP/1.1" 200 457538
190.25.157.12 - - [07/Jun/2015:10:16:17 -0500] "POST /forms/lservlet;jsessionid=ac16012b30d6085298b126d44e32affe8dc6e6652057.e3iSbxaKaheRe34MbhmNaxqNb41ynknvrkLOlQzNp65In0 HTTP/1.1" 200 8
190.25.157.12 - - [07/Jun/2015:10:16:18 -0500] "GET /forms/java/oracle/forms/engine/RunformBundle_es_CO.class HTTP/1.1" 404 362
190.25.157.12 - - [07/Jun/2015:10:16:18 -0500] "GET /forms/java/oracle/forms/engine/RunformBundle_es_CO.properties HTTP/1.1" 404 367
181.55.182.143 - - [07/Jun/2015:10:15:34 -0500] "GET /BLA/boletinlegal/ HTTP/1.1" 200 50649
207.46.13.68 - - [07/Jun/2015:10:16:19 -0500] "GET /BLA/resoluciones/RESOLUCIONES%202009/8977.pdf HTTP/1.1" 200 523005
190.25.157.12 - - [07/Jun/2015:10:16:19 -0500] "POST /forms/lservlet;jsessionid=ac16012b30d6085298b126d44e32affe8dc6e6652057.e3iSbxaKaheRe34MbhmNaxqNb41ynknvrkLOlQzNp65In0 HTTP/1.1" 200 64000
207.46.13.68 - - [07/Jun/2015:10:16:19 -0500] "GET /BLA/resoluciones/RESOLUCIONES%202008/2585.pdf HTTP/1.1" 200 142877
190.25.157.12 - - [07/Jun/2015:10:16:19 -0500] "POST /forms/lservlet;jsessionid=ac16012b30d6085298b126d44e32affe8dc6e6652057.e3iSbxaKaheRe34MbhmNaxqNb41ynknvrkLOlQzNp65In0 HTTP/1.1" 200 64000
190.25.157.12 - - [07/Jun/2015:10:16:19 -0500] "POST /forms/lservlet;jsessionid=ac16012b30d6085298b126d44e32affe8dc6e6652057.e3iSbxaKaheRe34MbhmNaxqNb41ynknvrkLOlQzNp65In0 HTTP/1.1" 200 63623
190.25.157.12 - - [07/Jun/2015:10:16:19 -0500] "HEAD /imagenes/dama_logo.gif HTTP/1.1" 200 -
207.46.13.68 - - [07/Jun/2015:10:16:19 -0500] "GET /bla/resoluciones/RESOLUCIONES%202009/9534.pdf HTTP/1.1" 200 515029
190.25.157.12 - - [07/Jun/2015:10:16:19 -0500] "GET /imagenes/dama_logo.gif HTTP/1.1" 200 21482
190.25.157.12 - - [07/Jun/2015:10:16:20 -0500] "POST /forms/lservlet;jsessionid=ac16012b30d6085298b126d44e32affe8dc6e6652057.e3iSbxaKaheRe34MbhmNaxqNb41ynknvrkLOlQzNp65In0 HTTP/1.1" 200 2
190.25.157.12 - - [07/Jun/2015:10:16:20 -0500] "POST /forms/lservlet;jsessionid=ac16012b30d6085298b126d44e32affe8dc6e6652057.e3iSbxaKaheRe34MbhmNaxqNb41ynknvrkLOlQzNp65In0 HTTP/1.1" 200 2
207.46.13.68 - - [07/Jun/2015:10:16:20 -0500] "GET /bla/resoluciones/RESOLUCIONES%202009/9257.pdf HTTP/1.1" 200 487051
207.46.13.68 - - [07/Jun/2015:10:16:20 -0500] "GET /bla/resoluciones/resoluciones%202010/1661.pdf HTTP/1.1" 200 433745
207.46.13.68 - - [07/Jun/2015:10:16:21 -0500] "GET /BLA/resoluciones/AUTOS%202012/1845.pdf HTTP/1.1" 200 380073
207.46.13.68 - - [07/Jun/2015:10:16:21 -0500] "GET /BLA/resoluciones/RESOLUCIONES%202008/5708.pdf HTTP/1.1" 200 215010
188.165.15.138 - - [07/Jun/2015:10:16:22 -0500] "GET /BLA/resoluciones/AUTOS%202006/AUTOS%202006%20701-800/00000767.tif HTTP/1.1" 200 105476
207.46.13.68 - - [07/Jun/2015:10:16:22 -0500] "GET /BLA/resoluciones/RESOLUCIONES%202011/5005.pdf HTTP/1.1" 200 358011
186.28.171.87 - - [07/Jun/2015:10:16:22 -0500] "GET /galeria/galeria/jquery.fancybox.css?v=2.1.5 HTTP/1.1" 200 4895
186.28.171.87 - - [07/Jun/2015:10:16:22 -0500] "GET /galeria/galeria/jquery.fancybox.js?v=2.1.5 HTTP/1.1" 200 48706
207.46.13.68 - - [07/Jun/2015:10:16:22 -0500] "GET /bla/resoluciones/resoluciones%202010/6690.pdf HTTP/1.1" 200 637907
207.46.13.68 - - [07/Jun/2015:10:16:23 -0500] "GET /bla/resoluciones/resoluciones%202009/8302.pdf HTTP/1.1" 200 779846
186.28.171.87 - - [07/Jun/2015:10:16:23 -0500] "GET /galeria/galeria/fotos/Soratama1P.jpg HTTP/1.1" 200 9622
207.46.13.68 - - [07/Jun/2015:10:16:23 -0500] "GET /bla/resoluciones/resoluciones%202011/0259.pdf HTTP/1.1" 200 205307
207.46.13.68 - - [07/Jun/2015:10:16:23 -0500] "GET /bla/resoluciones/resoluciones%202010/7576.pdf HTTP/1.1" 200 101124
207.46.13.68 - - [07/Jun/2015:10:16:24 -0500] "GET /bla/resoluciones/resoluciones%202009/4578.pdf HTTP/1.1" 200 637015
186.28.171.87 - - [07/Jun/2015:10:16:24 -0500] "GET /galeria/galeria/fotos/Soratama2P.jpg HTTP/1.1" 200 10548
186.28.171.87 - - [07/Jun/2015:10:16:25 -0500] "GET /galeria/galeria/fotos/Soratama3P.jpg HTTP/1.1" 200 11298
186.28.171.87 - - [07/Jun/2015:10:16:25 -0500] "GET /galeria/galeria/fotos/Soratama4P.jpg HTTP/1.1" 200 10482
180.76.15.136 - - [07/Jun/2015:10:16:26 -0500] "GET /BLA/resoluciones/RESOLUCIONES%202012/0681.pdf HTTP/1.1" 200 472851
190.25.157.12 - - [07/Jun/2015:10:16:39 -0500] "POST /forms/lservlet;jsessionid=ac16012b30d6085298b126d44e32affe8dc6e6652057.e3iSbxaKaheRe34MbhmNaxqNb41ynknvrkLOlQzNp65In0 HTTP/1.1" 200 7971
190.25.157.12 - - [07/Jun/2015:10:16:40 -0500] "POST /forms/lservlet;jsessionid=ac16012b30d6085298b126d44e32affe8dc6e6652057.e3iSbxaKaheRe34MbhmNaxqNb41ynknvrkLOlQzNp65In0 HTTP/1.1" 200 64
190.25.157.12 - - [07/Jun/2015:10:16:40 -0500] "POST /forms/lservlet;jsessionid=ac16012b30d6085298b126d44e32affe8dc6e6652057.e3iSbxaKaheRe34MbhmNaxqNb41ynknvrkLOlQzNp65In0 HTTP/1.1" 200 2
190.25.157.12 - - [07/Jun/2015:10:16:40 -0500] "POST /forms/lservlet;jsessionid=ac16012b30d6085298b126d44e32affe8dc6e6652057.e3iSbxaKaheRe34MbhmNaxqNb41ynknvrkLOlQzNp65In0 HTTP/1.1" 200 2
190.25.157.12 - - [07/Jun/2015:10:16:40 -0500] "POST /forms/lservlet;jsessionid=ac16012b30d6085298b126d44e32affe8dc6e6652057.e3iSbxaKaheRe34MbhmNaxqNb41ynknvrkLOlQzNp65In0 HTTP/1.1" 200 2
200.118.242.209 - - [07/Jun/2015:10:16:43 -0500] "GET /isolucionsda/g/Bot_DocumentosOver_ESP.jpg HTTP/1.1" 304 -
180.76.15.18 - - [07/Jun/2015:10:16:43 -0500] "GET /BLA/resoluciones/RESOLUCIONES%202008/1511.pdf HTTP/1.1" 200 401534
157.55.39.11 - - [07/Jun/2015:10:16:43 -0500] "GET /BLA/resoluciones/RESOLUCIONES%202011/5567.pdf HTTP/1.1" 200 542813
157.55.39.11 - - [07/Jun/2015:10:16:44 -0500] "GET /BLA/resoluciones/RESOLUCIONES%202010/3335.pdf HTTP/1.1" 200 752223
190.25.157.12 - - [07/Jun/2015:10:16:44 -0500] "POST /forms/lservlet;jsessionid=ac16012b30d6085298b126d44e32affe8dc6e6652057.e3iSbxaKaheRe34MbhmNaxqNb41ynknvrkLOlQzNp65In0 HTTP/1.1" 200 34710
200.118.242.209 - - [07/Jun/2015:10:16:44 -0500] "GET /isolucionsda/g/Bot_Documentos_ESP.jpg HTTP/1.1" 304 -
157.55.39.11 - - [07/Jun/2015:10:16:44 -0500] "GET /bla/resoluciones/RESOLUCIONES%202009/9342.pdf HTTP/1.1" 200 494947
190.25.157.12 - - [07/Jun/2015:10:16:44 -0500] "GET /imagenes/listval.gif HTTP/1.1" 200 905
190.25.157.12 - - [07/Jun/2015:10:16:44 -0500] "GET /imagenes/tree1.gif HTTP/1.1" 200 1161
190.25.157.12 - - [07/Jun/2015:10:16:44 -0500] "GET /imagenes/listval.gif HTTP/1.1" 200 905
190.25.157.12 - - [07/Jun/2015:10:16:44 -0500] "GET /imagenes/CAMERA3.gif HTTP/1.1" 200 4150
190.25.157.12 - - [07/Jun/2015:10:16:44 -0500] "GET /imagenes/SLIDE1.gif HTTP/1.1" 200 1111
190.25.157.12 - - [07/Jun/2015:10:16:44 -0500] "GET /imagenes/flexcomb.gif HTTP/1.1" 200 1169
190.25.157.12 - - [07/Jun/2015:10:16:44 -0500] "GET /imagenes/GO.gif HTTP/1.1" 200 904
190.25.157.12 - - [07/Jun/2015:10:16:44 -0500] "GET /imagenes/HRTOOLS.gif HTTP/1.1" 200 2238
190.25.157.12 - - [07/Jun/2015:10:16:45 -0500] "GET /imagenes/rt_rec1.gif HTTP/1.1" 200 867
190.25.157.12 - - [07/Jun/2015:10:16:45 -0500] "GET /imagenes/apply.gif HTTP/1.1" 200 903
190.25.157.12 - - [07/Jun/2015:10:16:45 -0500] "GET /imagenes/exit.gif HTTP/1.1" 200 916
190.25.157.12 - - [07/Jun/2015:10:16:45 -0500] "GET /imagenes/LISTVAL.gif HTTP/1.1" 200 905
190.25.157.12 - - [07/Jun/2015:10:16:45 -0500] "GET /imagenes/edit.gif HTTP/1.1" 200 919
190.25.157.12 - - [07/Jun/2015:10:16:45 -0500] "GET /imagenes/rt_rec4.gif HTTP/1.1" 200 865
190.25.157.12 - - [07/Jun/2015:10:16:45 -0500] "GET /imagenes/rt_rec3.gif HTTP/1.1" 200 844
190.25.157.12 - - [07/Jun/2015:10:16:45 -0500] "GET /imagenes/rt_rec2.gif HTTP/1.1" 200 847
190.25.157.12 - - [07/Jun/2015:10:16:45 -0500] "GET /imagenes/rt_rdel.gif HTTP/1.1" 200 899
190.25.157.12 - - [07/Jun/2015:10:16:45 -0500] "GET /imagenes/rt_radd.gif HTTP/1.1" 200 907
190.25.157.12 - - [07/Jun/2015:10:16:45 -0500] "GET /imagenes/rt_quer3.gif HTTP/1.1" 200 939
190.25.157.12 - - [07/Jun/2015:10:16:45 -0500] "GET /imagenes/rt_quer2.gif HTTP/1.1" 200 936
190.25.157.12 - - [07/Jun/2015:10:16:45 -0500] "GET /imagenes/rt_quer1.gif HTTP/1.1" 200 930
190.25.157.12 - - [07/Jun/2015:10:16:45 -0500] "GET /imagenes/rt_save.gif HTTP/1.1" 200 903
190.25.157.12 - - [07/Jun/2015:10:16:45 -0500] "GET /imagenes/rt_pset.gif HTTP/1.1" 200 914
190.25.157.12 - - [07/Jun/2015:10:16:45 -0500] "GET /imagenes/QUEJA.gif HTTP/1.1" 200 1091
190.25.157.12 - - [07/Jun/2015:10:16:45 -0500] "GET /imagenes/ARBOL.gif HTTP/1.1" 200 1026
190.25.157.12 - - [07/Jun/2015:10:16:45 -0500] "GET /imagenes/Clipboard.gif HTTP/1.1" 200 1466
190.25.157.12 - - [07/Jun/2015:10:16:45 -0500] "GET /imagenes/DINERO.gif HTTP/1.1" 200 1766
190.25.157.12 - - [07/Jun/2015:10:16:45 -0500] "GET /imagenes/URGENTE.gif HTTP/1.1" 200 964
190.25.157.12 - - [07/Jun/2015:10:16:45 -0500] "GET /imagenes/TREE4.gif HTTP/1.1" 200 4150
190.25.157.12 - - [07/Jun/2015:10:16:45 -0500] "POST /forms/lservlet;jsessionid=ac16012b30d6085298b126d44e32affe8dc6e6652057.e3iSbxaKaheRe34MbhmNaxqNb41ynknvrkLOlQzNp65In0 HTTP/1.1" 200 7
190.25.157.12 - - [07/Jun/2015:10:16:45 -0500] "POST /forms/lservlet;jsessionid=ac16012b30d6085298b126d44e32affe8dc6e6652057.e3iSbxaKaheRe34MbhmNaxqNb41ynknvrkLOlQzNp65In0 HTTP/1.1" 200 34
190.25.157.12 - - [07/Jun/2015:10:16:45 -0500] "POST /forms/lservlet;jsessionid=ac16012b30d6085298b126d44e32affe8dc6e6652057.e3iSbxaKaheRe34MbhmNaxqNb41ynknvrkLOlQzNp65In0 HTTP/1.1" 200 2
157.55.39.134 - - [07/Jun/2015:10:16:46 -0500] "GET /BLA/resoluciones/RESOLUCIONES%202009/2722.pdf HTTP/1.1" 200 600508
207.46.13.104 - - [07/Jun/2015:10:16:46 -0500] "GET /BLA/resoluciones/RESOLUCIONES%202010/2790.pdf HTTP/1.1" 200 499217
157.55.39.134 - - [07/Jun/2015:10:16:47 -0500] "GET /bla/resoluciones/resoluciones%202010/2337.pdf HTTP/1.1" 200 540815
207.46.13.104 - - [07/Jun/2015:10:16:47 -0500] "GET /BLA/resoluciones/RESOLUCIONES%202009/8533.pdf HTTP/1.1" 200 518840
190.25.157.12 - - [07/Jun/2015:10:16:49 -0500] "POST /forms/lservlet;jsessionid=ac16012b30d6085298b126d44e32affe8dc6e6652057.e3iSbxaKaheRe34MbhmNaxqNb41ynknvrkLOlQzNp65In0 HTTP/1.1" 200 647
200.118.242.209 - - [07/Jun/2015:10:16:49 -0500] "GET /isolucionsda/bancoconocimiento/I/IngresoyOrganizaciondelaDocumentacionalArchivoCentral_v4/IngresoyOrganizaciondelaDocumentacionalArchivoCentral_v4.asp?IdArticulo=3543 HTTP/1.1" 302 284
200.118.242.209 - - [07/Jun/2015:10:16:49 -0500] "GET /isolucionsda/bancoconocimiento/I/IngresoyOrganizaciondelaDocumentacionalArchivoCentral_v5/IngresoyOrganizaciondelaDocumentacionalArchivoCentral_v5.asp?Id_Articulo=5154 HTTP/1.1" 200 50195
180.76.15.12 - - [07/Jun/2015:10:17:00 -0500] "GET /BLA/resoluciones/RESOLUCIONES%202014/1298.pdf HTTP/1.1" 200 915074
190.25.157.12 - - [07/Jun/2015:10:17:04 -0500] "POST /forms/lservlet;jsessionid=ac16012b30d6085298b126d44e32affe8dc6e6652057.e3iSbxaKaheRe34MbhmNaxqNb41ynknvrkLOlQzNp65In0 HTTP/1.1" 200 24
190.25.157.12 - - [07/Jun/2015:10:17:05 -0500] "POST /forms/lservlet;jsessionid=ac16012b30d6085298b126d44e32affe8dc6e6652057.e3iSbxaKaheRe34MbhmNaxqNb41ynknvrkLOlQzNp65In0 HTTP/1.1" 200 5426
190.25.157.12 - - [07/Jun/2015:10:17:05 -0500] "POST /forms/lservlet;jsessionid=ac16012b30d6085298b126d44e32affe8dc6e6652057.e3iSbxaKaheRe34MbhmNaxqNb41ynknvrkLOlQzNp65In0 HTTP/1.1" 200 2
190.25.157.12 - - [07/Jun/2015:10:17:08 -0500] "POST /forms/lservlet;jsessionid=ac16012b30d6085298b126d44e32affe8dc6e6652057.e3iSbxaKaheRe34MbhmNaxqNb41ynknvrkLOlQzNp65In0 HTTP/1.1" 200 2
190.25.157.12 - - [07/Jun/2015:10:17:08 -0500] "POST /forms/lservlet;jsessionid=ac16012b30d6085298b126d44e32affe8dc6e6652057.e3iSbxaKaheRe34MbhmNaxqNb41ynknvrkLOlQzNp65In0 HTTP/1.1" 200 90
190.25.157.12 - - [07/Jun/2015:10:17:09 -0500] "POST /forms/lservlet;jsessionid=ac16012b30d6085298b126d44e32affe8dc6e6652057.e3iSbxaKaheRe34MbhmNaxqNb41ynknvrkLOlQzNp65In0 HTTP/1.1" 200 2
190.25.157.12 - - [07/Jun/2015:10:17:09 -0500] "POST /forms/lservlet;jsessionid=ac16012b30d6085298b126d44e32affe8dc6e6652057.e3iSbxaKaheRe34MbhmNaxqNb41ynknvrkLOlQzNp65In0 HTTP/1.1" 200 2
157.55.39.167 - - [07/Jun/2015:10:17:12 -0500] "GET /BLA/resoluciones/RESOLUCIONES%202009/4614.pdf HTTP/1.1" 200 642083
157.55.39.167 - - [07/Jun/2015:10:17:12 -0500] "GET /bla/resoluciones/RESOLUCIONES%202009/8294.pdf HTTP/1.1" 200 433271
190.25.157.12 - - [07/Jun/2015:10:17:12 -0500] "POST /forms/lservlet;jsessionid=ac16012b30d6085298b126d44e32affe8dc6e6652057.e3iSbxaKaheRe34MbhmNaxqNb41ynknvrkLOlQzNp65In0 HTTP/1.1" 200 28
157.55.39.167 - - [07/Jun/2015:10:17:12 -0500] "GET /BLA/resoluciones/AUTOS%202012/2309.pdf HTTP/1.1" 200 342960
157.55.39.167 - - [07/Jun/2015:10:17:13 -0500] "GET /bla/resoluciones/resoluciones%202011/0391.pdf HTTP/1.1" 200 69339
190.25.157.12 - - [07/Jun/2015:10:17:13 -0500] "POST /forms/lservlet;jsessionid=ac16012b30d6085298b126d44e32affe8dc6e6652057.e3iSbxaKaheRe34MbhmNaxqNb41ynknvrkLOlQzNp65In0 HTTP/1.1" 200 2
157.55.39.167 - - [07/Jun/2015:10:17:13 -0500] "GET /BLA/resoluciones/AUTOS%202009/0064.pdf HTTP/1.1" 200 81529
157.55.39.167 - - [07/Jun/2015:10:17:14 -0500] "GET /BLA/resoluciones/RESOLUCIONES%202010/5230.pdf HTTP/1.1" 200 774627
190.25.157.12 - - [07/Jun/2015:10:17:13 -0500] "POST /forms/lservlet;jsessionid=ac16012b30d6085298b126d44e32affe8dc6e6652057.e3iSbxaKaheRe34MbhmNaxqNb41ynknvrkLOlQzNp65In0 HTTP/1.1" 200 14
190.25.157.12 - - [07/Jun/2015:10:17:14 -0500] "POST /forms/lservlet;jsessionid=ac16012b30d6085298b126d44e32affe8dc6e6652057.e3iSbxaKaheRe34MbhmNaxqNb41ynknvrkLOlQzNp65In0 HTTP/1.1" 200 130
190.25.157.12 - - [07/Jun/2015:10:17:15 -0500] "POST /forms/lservlet;jsessionid=ac16012b30d6085298b126d44e32affe8dc6e6652057.e3iSbxaKaheRe34MbhmNaxqNb41ynknvrkLOlQzNp65In0 HTTP/1.1" 200 2
190.25.157.12 - - [07/Jun/2015:10:17:15 -0500] "GET /reports/rwservlet/getjobid352592?server=rep_srvapsda HTTP/1.1" 200 93606
207.46.13.104 - - [07/Jun/2015:10:17:17 -0500] "GET /BLA/resoluciones/RESOLUCIONES%202007/RES%202007%20901%20AL%201000/RESOLUCION%200912%20DE%202007.pdf HTTP/1.1" 200 199136
207.46.13.104 - - [07/Jun/2015:10:17:17 -0500] "GET /BLA/resoluciones/RESOLUCIONES%202009/8700.pdf HTTP/1.1" 200 468937
207.46.13.104 - - [07/Jun/2015:10:17:17 -0500] "GET /bla/resoluciones/RESOLUCIONES%202009/5705.pdf HTTP/1.1" 200 668247
180.76.15.17 - - [07/Jun/2015:10:17:18 -0500] "GET /BLA/resoluciones/RESOLUCIONES%202014/2883.pdf HTTP/1.1" 200 4264416
207.46.13.104 - - [07/Jun/2015:10:17:19 -0500] "GET /bla/resoluciones/resoluciones%202010/1360.pdf HTTP/1.1" 200 394544
207.46.13.104 - - [07/Jun/2015:10:17:20 -0500] "GET /BLA/resoluciones/RESOLUCIONES%202008/5068.pdf HTTP/1.1" 200 372459
186.145.58.53 - - [07/Jun/2015:10:17:22 -0500] "POST /forms/lservlet;jsessionid=ac16012b30d6f60052f5c28f47cb9396acf5fe64f0c9.e3iSbxaKaheRe34MbhmNaxqNb41ynknvrkLOlQzNp65In0 HTTP/1.1" 200 2
80.39.230.5 - - [07/Jun/2015:10:17:25 -0500] "GET /galeria/galeria/jquery.fancybox.css?v=2.1.5 HTTP/1.1" 200 4895
80.39.230.5 - - [07/Jun/2015:10:17:25 -0500] "GET /BLA/boletinlegal/js/jquery.scrollShow.js HTTP/1.1" 200 4586
80.39.230.5 - - [07/Jun/2015:10:17:25 -0500] "GET /galeria/carrusel/Carrusel/jquery-ui-1.8.13.custom.min.js HTTP/1.1" 200 10800
80.39.230.5 - - [07/Jun/2015:10:17:25 -0500] "GET /galeria/galeria/jquery.fancybox.js?v=2.1.5 HTTP/1.1" 200 48706
80.39.230.5 - - [07/Jun/2015:10:17:25 -0500] "GET /galeria/carrusel/Carrusel/jquery.thumbnailScroller.css HTTP/1.1" 200 2066
80.39.230.5 - - [07/Jun/2015:10:17:25 -0500] "GET /BLA/boletinlegal/js/jquery.scrollTo-min.js HTTP/1.1" 200 1150
80.39.230.5 - - [07/Jun/2015:10:17:26 -0500] "GET /galeria/carrusel/Carrusel/jquery.thumbnailScroller.js HTTP/1.1" 200 8157
85.236.157.21 - - [07/Jun/2015:10:17:26 -0500] "GET /old/wp-admin/ HTTP/1.1" 404 1018
80.39.230.5 - - [07/Jun/2015:10:17:35 -0500] "GET /galeria/nivo-slider/demo/demo.html HTTP/1.1" 200 5219
180.76.15.5 - - [07/Jun/2015:10:17:35 -0500] "GET /BLA/resoluciones/RESOLUCIONES%202012/0586.pdf HTTP/1.1" 200 356317
200.118.242.209 - - [07/Jun/2015:10:17:36 -0500] "GET /isolucionsda/g/Bot_MejoramientoOver_ESP.jpg HTTP/1.1" 200 6165
66.249.67.107 - - [07/Jun/2015:10:17:37 -0500] "GET /BLA/resoluciones/AUTOS%202014/6097.pdf HTTP/1.1" 200 425904
200.118.242.209 - - [07/Jun/2015:10:17:38 -0500] "GET /isolucionsda/g/Bot_GlosarioOver.jpg HTTP/1.1" 304 -
200.118.242.209 - - [07/Jun/2015:10:17:38 -0500] "GET /isolucionsda/g/Bot_Glosario.jpg HTTP/1.1" 304 -
190.25.157.12 - - [07/Jun/2015:10:17:52 -0500] "POST /forms/lservlet;jsessionid=ac16012b30d6085298b126d44e32affe8dc6e6652057.e3iSbxaKaheRe34MbhmNaxqNb41ynknvrkLOlQzNp65In0 HTTP/1.1" 200 2
180.76.15.148 - - [07/Jun/2015:10:17:52 -0500] "GET /BLA/resoluciones/RESOLUCIONES%202008/1779.pdf HTTP/1.1" 200 325637
190.25.157.12 - - [07/Jun/2015:10:17:52 -0500] "POST /forms/lservlet;jsessionid=ac16012b30d6085298b126d44e32affe8dc6e6652057.e3iSbxaKaheRe34MbhmNaxqNb41ynknvrkLOlQzNp65In0 HTTP/1.1" 200 14
190.25.157.12 - - [07/Jun/2015:10:17:53 -0500] "POST /forms/lservlet;jsessionid=ac16012b30d6085298b126d44e32affe8dc6e6652057.e3iSbxaKaheRe34MbhmNaxqNb41ynknvrkLOlQzNp65In0 HTTP/1.1" 200 85
190.25.157.12 - - [07/Jun/2015:10:17:53 -0500] "POST /forms/lservlet;jsessionid=ac16012b30d6085298b126d44e32affe8dc6e6652057.e3iSbxaKaheRe34MbhmNaxqNb41ynknvrkLOlQzNp65In0 HTTP/1.1" 200 2
190.25.157.12 - - [07/Jun/2015:10:18:02 -0500] "POST /forms/lservlet;jsessionid=ac16012b30d6085298b126d44e32affe8dc6e6652057.e3iSbxaKaheRe34MbhmNaxqNb41ynknvrkLOlQzNp65In0 HTTP/1.1" 200 2370
201.245.192.253 - - [07/Jun/2015:10:15:09 -0500] "GET /ForestMSG_SDA/channelAsync/template_word_18303147?X-Atmosphere-tracking-id=ef7b8cca-22a0-3631-7219-93916646b115&X-Atmosphere-Framework=1.0.5&X-Atmosphere-Transport=long-polling&tabid=0.1128270248301344&X-Cache-Date=0&Content-Type=application/xml&_=1433690169380 HTTP/1.1" 200 8193
180.76.15.26 - - [07/Jun/2015:10:18:10 -0500] "GET /BLA/resoluciones/RESOLUCIONES%202012/1267.pdf HTTP/1.1" 200 361680
190.25.157.12 - - [07/Jun/2015:10:18:14 -0500] "POST /forms/lservlet;jsessionid=ac16012b30d6085298b126d44e32affe8dc6e6652057.e3iSbxaKaheRe34MbhmNaxqNb41ynknvrkLOlQzNp65In0 HTTP/1.1" 200 24
190.25.157.12 - - [07/Jun/2015:10:18:14 -0500] "POST /forms/lservlet;jsessionid=ac16012b30d6085298b126d44e32affe8dc6e6652057.e3iSbxaKaheRe34MbhmNaxqNb41ynknvrkLOlQzNp65In0 HTTP/1.1" 200 3355
190.25.157.12 - - [07/Jun/2015:10:18:14 -0500] "POST /forms/lservlet;jsessionid=ac16012b30d6085298b126d44e32affe8dc6e6652057.e3iSbxaKaheRe34MbhmNaxqNb41ynknvrkLOlQzNp65In0 HTTP/1.1" 200 2
207.46.13.104 - - [07/Jun/2015:10:18:16 -0500] "GET /BLA/resoluciones/RESOLUCIONES%202008/3830.pdf HTTP/1.1" 200 267266
207.46.13.104 - - [07/Jun/2015:10:18:17 -0500] "GET /bla/resoluciones/resoluciones%202011/0390.pdf HTTP/1.1" 200 84807
207.46.13.104 - - [07/Jun/2015:10:18:17 -0500] "GET /BLA/resoluciones/RESOLUCIONES%202008/1861.pdf HTTP/1.1" 200 50162
190.25.157.12 - - [07/Jun/2015:10:18:17 -0500] "POST /forms/lservlet;jsessionid=ac16012b30d6085298b126d44e32affe8dc6e6652057.e3iSbxaKaheRe34MbhmNaxqNb41ynknvrkLOlQzNp65In0 HTTP/1.1" 200 2
207.46.13.104 - - [07/Jun/2015:10:18:17 -0500] "GET /bla/resoluciones/RESOLUCIONES%202009/9394.pdf HTTP/1.1" 200 598847
181.129.116.112 - - [07/Jun/2015:10:18:18 -0500] "GET /galeria/galeria/jquery.fancybox.css?v=2.1.5 HTTP/1.1" 304 -
181.129.116.112 - - [07/Jun/2015:10:18:18 -0500] "GET /BLA/boletinlegal/js/jquery.scrollTo-min.js HTTP/1.1" 304 -
181.129.116.112 - - [07/Jun/2015:10:18:18 -0500] "GET /BLA/boletinlegal/js/jquery.scrollShow.js HTTP/1.1" 304 -
181.129.116.112 - - [07/Jun/2015:10:18:18 -0500] "GET /galeria/galeria/jquery.fancybox.js?v=2.1.5 HTTP/1.1" 304 -
190.25.157.12 - - [07/Jun/2015:10:18:17 -0500] "POST /forms/lservlet;jsessionid=ac16012b30d6085298b126d44e32affe8dc6e6652057.e3iSbxaKaheRe34MbhmNaxqNb41ynknvrkLOlQzNp65In0 HTTP/1.1" 200 14
190.25.157.12 - - [07/Jun/2015:10:18:18 -0500] "POST /forms/lservlet;jsessionid=ac16012b30d6085298b126d44e32affe8dc6e6652057.e3iSbxaKaheRe34MbhmNaxqNb41ynknvrkLOlQzNp65In0 HTTP/1.1" 200 38
190.25.157.12 - - [07/Jun/2015:10:18:19 -0500] "POST /forms/lservlet;jsessionid=ac16012b30d6085298b126d44e32affe8dc6e6652057.e3iSbxaKaheRe34MbhmNaxqNb41ynknvrkLOlQzNp65In0 HTTP/1.1" 200 2
181.129.116.112 - - [07/Jun/2015:10:18:24 -0500] "GET /galeria/galeria/jquery.fancybox.css?v=2.1.5 HTTP/1.1" 304 -
180.76.15.137 - - [07/Jun/2015:10:18:27 -0500] "GET /BLA/resoluciones/RESOLUCIONES%202014/0559.pdf HTTP/1.1" 200 196911
157.55.39.10 - - [07/Jun/2015:10:18:30 -0500] "GET /bla/resoluciones/RESOLUCIONES%202009/7883.pdf HTTP/1.1" 200 465688
157.55.39.10 - - [07/Jun/2015:10:18:30 -0500] "GET /BLA/resoluciones/RESOLUCIONES%202009/3933.pdf HTTP/1.1" 200 626987
157.55.39.11 - - [07/Jun/2015:10:18:30 -0500] "GET /BLA/resoluciones/RESOLUCIONES%202010/4500.pdf HTTP/1.1" 200 514787
157.55.39.11 - - [07/Jun/2015:10:18:31 -0500] "GET /bla/resoluciones/RESOLUCIONES%202009/8513.pdf HTTP/1.1" 200 299385
157.55.39.11 - - [07/Jun/2015:10:18:32 -0500] "GET /bla/resoluciones/resoluciones%202010/1455.pdf HTTP/1.1" 200 433107
74.86.158.107 - - [07/Jun/2015:10:18:35 -0500] "HEAD / HTTP/1.1" 200 -
190.27.40.74 - - [07/Jun/2015:10:18:35 -0500] "GET /BLA/boletinlegal/js/jquery.scrollTo-min.js HTTP/1.1" 200 1150
190.27.40.74 - - [07/Jun/2015:10:18:35 -0500] "GET /BLA/boletinlegal/js/jquery.scrollShow.js HTTP/1.1" 200 4586
190.27.40.74 - - [07/Jun/2015:10:18:35 -0500] "GET /galeria/galeria/jquery.fancybox.js?v=2.1.5 HTTP/1.1" 200 48706
190.27.40.74 - - [07/Jun/2015:10:18:35 -0500] "GET /galeria/galeria/jquery.fancybox.css?v=2.1.5 HTTP/1.1" 200 4895
207.46.13.68 - - [07/Jun/2015:10:18:37 -0500] "GET /bla/resoluciones/resoluciones%202009/8815.pdf HTTP/1.1" 200 704216
207.46.13.68 - - [07/Jun/2015:10:18:37 -0500] "GET /BLA/resoluciones/Autos%202008/3002.pdf HTTP/1.1" 200 152984
207.46.13.68 - - [07/Jun/2015:10:18:38 -0500] "GET /bla/resoluciones/autos%202010/5383.pdf HTTP/1.1" 200 2503305
207.46.13.68 - - [07/Jun/2015:10:18:38 -0500] "GET /BLA/resoluciones/RESOLUCIONES%202013/0791.pdf HTTP/1.1" 200 1141407
207.46.13.68 - - [07/Jun/2015:10:18:39 -0500] "GET /BLA/resoluciones/AUTOS%202012/0411.pdf HTTP/1.1" 200 249528
207.46.13.68 - - [07/Jun/2015:10:18:39 -0500] "GET /BLA/resoluciones/RESOLUCIONES%202010/4566.pdf HTTP/1.1" 200 590507
207.46.13.68 - - [07/Jun/2015:10:18:39 -0500] "GET /BLA/resoluciones/RESOLUCIONES%202008/3221.pdf HTTP/1.1" 200 29517
207.46.13.68 - - [07/Jun/2015:10:18:40 -0500] "GET /BLA/resoluciones/RESOLUCIONES%202013/1588.pdf HTTP/1.1" 200 4284776
207.46.13.68 - - [07/Jun/2015:10:18:40 -0500] "GET /BLA/resoluciones/RESOLUCIONES%202008/1035.pdf HTTP/1.1" 200 566924
207.46.13.68 - - [07/Jun/2015:10:18:41 -0500] "GET /BLA/resoluciones/AUTOS%202009/2567.pdf HTTP/1.1" 200 117301
207.46.13.68 - - [07/Jun/2015:10:18:41 -0500] "GET /BLA/resoluciones/RESOLUCIONES%202014/3957.pdf HTTP/1.1" 200 6159743
190.25.157.12 - - [07/Jun/2015:10:18:42 -0500] "POST /forms/lservlet;jsessionid=ac16012b30d6085298b126d44e32affe8dc6e6652057.e3iSbxaKaheRe34MbhmNaxqNb41ynknvrkLOlQzNp65In0 HTTP/1.1" 200 2373
207.46.13.68 - - [07/Jun/2015:10:18:42 -0500] "GET /BLA/resoluciones/AUTOS%202012/2204.pdf HTTP/1.1" 200 340872
207.46.13.68 - - [07/Jun/2015:10:18:43 -0500] "GET /BLA/resoluciones/AUTOS%202007/0925.pdf HTTP/1.1" 200 157717
207.46.13.68 - - [07/Jun/2015:10:18:43 -0500] "GET /BLA/resoluciones/RESOLUCIONES%202008/1224.pdf HTTP/1.1" 200 91608
207.46.13.68 - - [07/Jun/2015:10:18:43 -0500] "GET /BLA/resoluciones/RESOLUCIONES%202008/3725.pdf HTTP/1.1" 200 65642
207.46.13.68 - - [07/Jun/2015:10:18:44 -0500] "GET /bla/resoluciones/resoluciones%202011/0077.pdf HTTP/1.1" 200 399716
180.76.15.155 - - [07/Jun/2015:10:18:44 -0500] "GET /BLA/resoluciones/RESOLUCIONES%202008/2827.pdf HTTP/1.1" 200 267775
207.46.13.68 - - [07/Jun/2015:10:18:44 -0500] "GET /BLA/resoluciones/RESOLUCIONES%202008/3176.pdf HTTP/1.1" 200 210618
207.46.13.68 - - [07/Jun/2015:10:18:45 -0500] "GET /bla/resoluciones/RESOLUCIONES%202009/9463.pdf HTTP/1.1" 200 389364
207.46.13.68 - - [07/Jun/2015:10:18:45 -0500] "GET /bla/resoluciones/RESOLUCIONES%202011/5602.pdf HTTP/1.1" 200 1397970
207.46.13.68 - - [07/Jun/2015:10:18:46 -0500] "GET /BLA/resoluciones/RESOLUCIONES%202007/RES%202007%203801%20AL%203900/RESOLUCION%203873%20DE%202007.pdf HTTP/1.1" 200 252885
207.46.13.68 - - [07/Jun/2015:10:18:46 -0500] "GET /BLA/resoluciones/RESOLUCIONES%202010/5433.pdf HTTP/1.1" 200 515316
207.46.13.68 - - [07/Jun/2015:10:18:46 -0500] "GET /BLA/resoluciones/RESOLUCIONES%202011/0365.pdf HTTP/1.1" 200 494639
207.46.13.68 - - [07/Jun/2015:10:18:47 -0500] "GET /bla/resoluciones/resoluciones%202010/7019.pdf HTTP/1.1" 200 998830
207.46.13.68 - - [07/Jun/2015:10:18:47 -0500] "GET /BLA/resoluciones/RESOLUCIONES%202010/4472.pdf HTTP/1.1" 200 628774
207.46.13.68 - - [07/Jun/2015:10:18:48 -0500] "GET /BLA/resoluciones/RESOLUCIONES%202010/4005.pdf HTTP/1.1" 200 230359
207.46.13.68 - - [07/Jun/2015:10:18:48 -0500] "GET /BLA/resoluciones/RESOLUCIONES%202009/5159.pdf HTTP/1.1" 200 657278
207.46.13.68 - - [07/Jun/2015:10:18:49 -0500] "GET /BLA/resoluciones/RESOLUCIONES%202010/4755.pdf HTTP/1.1" 200 632307
207.46.13.68 - - [07/Jun/2015:10:18:49 -0500] "GET /BLA/resoluciones/RESOLUCIONES%202008/3596.pdf HTTP/1.1" 200 257470
207.46.13.68 - - [07/Jun/2015:10:18:49 -0500] "GET /bla/resoluciones/RESOLUCIONES%202009/8536.pdf HTTP/1.1" 200 511680
207.46.13.68 - - [07/Jun/2015:10:18:50 -0500] "GET /BLA/resoluciones/AUTOS%202012/1796.pdf HTTP/1.1" 200 699550
190.25.157.12 - - [07/Jun/2015:10:18:52 -0500] "POST /forms/lservlet;jsessionid=ac16012b30d6085298b126d44e32affe8dc6e6652057.e3iSbxaKaheRe34MbhmNaxqNb41ynknvrkLOlQzNp65In0 HTTP/1.1" 200 24
190.25.157.12 - - [07/Jun/2015:10:18:52 -0500] "POST /forms/lservlet;jsessionid=ac16012b30d6085298b126d44e32affe8dc6e6652057.e3iSbxaKaheRe34MbhmNaxqNb41ynknvrkLOlQzNp65In0 HTTP/1.1" 200 4442
190.25.157.12 - - [07/Jun/2015:10:18:52 -0500] "POST /forms/lservlet;jsessionid=ac16012b30d6085298b126d44e32affe8dc6e6652057.e3iSbxaKaheRe34MbhmNaxqNb41ynknvrkLOlQzNp65In0 HTTP/1.1" 200 2
190.25.157.12 - - [07/Jun/2015:10:18:53 -0500] "POST /forms/lservlet;jsessionid=ac16012b30d6085298b126d44e32affe8dc6e6652057.e3iSbxaKaheRe34MbhmNaxqNb41ynknvrkLOlQzNp65In0 HTTP/1.1" 200 2
190.25.157.12 - - [07/Jun/2015:10:18:54 -0500] "POST /forms/lservlet;jsessionid=ac16012b30d6085298b126d44e32affe8dc6e6652057.e3iSbxaKaheRe34MbhmNaxqNb41ynknvrkLOlQzNp65In0 HTTP/1.1" 200 14
190.25.157.12 - - [07/Jun/2015:10:18:55 -0500] "POST /forms/lservlet;jsessionid=ac16012b30d6085298b126d44e32affe8dc6e6652057.e3iSbxaKaheRe34MbhmNaxqNb41ynknvrkLOlQzNp65In0 HTTP/1.1" 200 14
190.25.157.12 - - [07/Jun/2015:10:18:56 -0500] "POST /forms/lservlet;jsessionid=ac16012b30d6085298b126d44e32affe8dc6e6652057.e3iSbxaKaheRe34MbhmNaxqNb41ynknvrkLOlQzNp65In0 HTTP/1.1" 200 131
190.25.157.12 - - [07/Jun/2015:10:18:56 -0500] "POST /forms/lservlet;jsessionid=ac16012b30d6085298b126d44e32affe8dc6e6652057.e3iSbxaKaheRe34MbhmNaxqNb41ynknvrkLOlQzNp65In0 HTTP/1.1" 200 2
190.25.157.12 - - [07/Jun/2015:10:18:56 -0500] "GET /reports/rwservlet/getjobid352595?server=rep_srvapsda HTTP/1.1" 200 1419988
190.27.40.74 - - [07/Jun/2015:10:19:00 -0500] "GET /BLA/boletinlegal/js/jquery.scrollTo-min.js HTTP/1.1" 304 -
190.27.40.74 - - [07/Jun/2015:10:19:00 -0500] "GET /BLA/boletinlegal/js/jquery.scrollShow.js HTTP/1.1" 304 -
190.27.40.74 - - [07/Jun/2015:10:19:00 -0500] "GET /galeria/galeria/jquery.fancybox.css?v=2.1.5 HTTP/1.1" 304 -
190.27.40.74 - - [07/Jun/2015:10:19:00 -0500] "GET /galeria/galeria/jquery.fancybox.js?v=2.1.5 HTTP/1.1" 304 -
180.76.15.29 - - [07/Jun/2015:10:19:02 -0500] "GET /BLA/resoluciones/RESOLUCIONES%202008/1554.pdf HTTP/1.1" 200 55525
190.131.241.25 - - [07/Jun/2015:10:19:03 -0500] "GET /BLA/resoluciones/RESOLUCIONES%202014/1299.pdf HTTP/1.1" 200 561887
181.55.182.143 - - [07/Jun/2015:10:18:28 -0500] "GET /BLA/boletinlegal/index.php HTTP/1.1" 200 50649
207.46.13.104 - - [07/Jun/2015:10:19:14 -0500] "GET /BLA/boletinlegal/Circulares/2011/Circular%20No.%203%20del%2016%20de%20Junio%20de%202011.pdf HTTP/1.1" 200 346378
207.46.13.104 - - [07/Jun/2015:10:19:14 -0500] "GET /BLA/resoluciones/RESOLUCIONES%202010/6431.pdf HTTP/1.1" 200 1257913
207.46.13.104 - - [07/Jun/2015:10:19:15 -0500] "GET /BLA/resoluciones/RESOLUCIONES%202008/5386.pdf HTTP/1.1" 200 210860
207.46.13.104 - - [07/Jun/2015:10:19:15 -0500] "GET /BLA/resoluciones/RESOLUCIONES%202009/8603.pdf HTTP/1.1" 200 948030
207.46.13.104 - - [07/Jun/2015:10:19:15 -0500] "GET /BLA/resoluciones/RESOLUCIONES%202010/4471.pdf HTTP/1.1" 200 526969
180.76.15.139 - - [07/Jun/2015:10:19:19 -0500] "GET /BLA/resoluciones/RESOLUCIONES%202012/1355.pdf HTTP/1.1" 200 291015
186.145.58.53 - - [07/Jun/2015:10:19:23 -0500] "POST /forms/lservlet;jsessionid=ac16012b30d6f60052f5c28f47cb9396acf5fe64f0c9.e3iSbxaKaheRe34MbhmNaxqNb41ynknvrkLOlQzNp65In0 HTTP/1.1" 200 2
200.118.242.209 - - [07/Jun/2015:10:19:25 -0500] "GET /isolucionsda/bancoconocimiento/S/SelecciondeDocumentosdelArchivoCentralparasuEliminacionoTransferencia_v3/SelecciondeDocumentosdelArchivoCentralparasuEliminacionoTransferencia_v3.asp?IdArticulo=3554 HTTP/1.1" 302 316
200.118.242.209 - - [07/Jun/2015:10:19:25 -0500] "GET /isolucionsda/bancoconocimiento/S/SelecciondeDocumentosdelArchivoCentralparasuEliminacionoTransferencia_v4/SelecciondeDocumentosdelArchivoCentralparasuEliminacionoTransferencia_v4.asp?Id_Articulo=5156 HTTP/1.1" 200 56881
186.80.30.55 - - [07/Jun/2015:10:19:30 -0500] "GET /BLA/boletinlegal/js/jquery.scrollTo-min.js HTTP/1.1" 200 1150
186.80.30.55 - - [07/Jun/2015:10:19:30 -0500] "GET /BLA/boletinlegal/js/jquery.scrollShow.js HTTP/1.1" 200 4586
186.80.30.55 - - [07/Jun/2015:10:19:30 -0500] "GET /galeria/galeria/jquery.fancybox.js?v=2.1.5 HTTP/1.1" 200 48706
186.80.30.55 - - [07/Jun/2015:10:19:30 -0500] "GET /galeria/galeria/jquery.fancybox.css?v=2.1.5 HTTP/1.1" 200 4895
186.80.30.55 - - [07/Jun/2015:10:19:31 -0500] "GET /galeria/carrusel/Carrusel/jquery.thumbnailScroller.css HTTP/1.1" 200 2066
186.80.30.55 - - [07/Jun/2015:10:19:31 -0500] "GET /galeria/carrusel/Carrusel/jquery-ui-1.8.13.custom.min.js HTTP/1.1" 200 10800
190.25.157.12 - - [07/Jun/2015:10:19:31 -0500] "POST /forms/lservlet;jsessionid=ac16012b30d6085298b126d44e32affe8dc6e6652057.e3iSbxaKaheRe34MbhmNaxqNb41ynknvrkLOlQzNp65In0 HTTP/1.1" 200 2
186.80.30.55 - - [07/Jun/2015:10:19:31 -0500] "GET /galeria/carrusel/Carrusel/jquery.thumbnailScroller.js HTTP/1.1" 200 8157
190.25.157.12 - - [07/Jun/2015:10:19:31 -0500] "POST /forms/lservlet;jsessionid=ac16012b30d6085298b126d44e32affe8dc6e6652057.e3iSbxaKaheRe34MbhmNaxqNb41ynknvrkLOlQzNp65In0 HTTP/1.1" 200 116
190.25.157.12 - - [07/Jun/2015:10:19:32 -0500] "POST /forms/lservlet;jsessionid=ac16012b30d6085298b126d44e32affe8dc6e6652057.e3iSbxaKaheRe34MbhmNaxqNb41ynknvrkLOlQzNp65In0 HTTP/1.1" 200 2
190.25.157.12 - - [07/Jun/2015:10:19:32 -0500] "GET /reports/rwservlet/getjobid352596?server=rep_srvapsda HTTP/1.1" 200 59030
66.249.67.164 - - [07/Jun/2015:10:19:33 -0500] "GET /Residuos/maderas/maderas.html HTTP/1.1" 200 1957
157.55.39.243 - - [07/Jun/2015:10:19:33 -0500] "GET /dama/libreria/pdf/SAS/DX%20salud.pdf HTTP/1.1" 404 1019
180.76.15.161 - - [07/Jun/2015:10:19:36 -0500] "GET /BLA/resoluciones/RESOLUCIONES%202014/0870.pdf HTTP/1.1" 200 765864
157.55.39.11 - - [07/Jun/2015:10:19:37 -0500] "GET /bla/resoluciones/resoluciones%202010/7656.pdf HTTP/1.1" 200 367186
186.80.30.55 - - [07/Jun/2015:10:19:37 -0500] "GET /galeria/nivo-slider/demo/demo.html HTTP/1.1" 200 5219
157.55.39.11 - - [07/Jun/2015:10:19:38 -0500] "GET /bla/resoluciones/resoluciones%202011/1377.pdf HTTP/1.1" 200 68441
186.80.30.55 - - [07/Jun/2015:10:19:38 -0500] "GET /galeria/nivo-slider/themes/default/default.css HTTP/1.1" 200 1569
186.80.30.55 - - [07/Jun/2015:10:19:38 -0500] "GET /galeria/nivo-slider/themes/pascal/pascal.css HTTP/1.1" 200 2258
186.80.30.55 - - [07/Jun/2015:10:19:38 -0500] "GET /galeria/nivo-slider/nivo-slider.css HTTP/1.1" 200 1507
186.80.30.55 - - [07/Jun/2015:10:19:38 -0500] "GET /galeria/nivo-slider/themes/orman/orman.css HTTP/1.1" 200 2152
186.80.30.55 - - [07/Jun/2015:10:19:38 -0500] "GET /galeria/nivo-slider/demo/style.css HTTP/1.1" 200 2222
186.80.30.55 - - [07/Jun/2015:10:19:38 -0500] "GET /galeria/nivo-slider/demo/images/medio-ambiente.jpg HTTP/1.1" 200 105259
186.80.30.55 - - [07/Jun/2015:10:19:38 -0500] "GET /galeria/nivo-slider/demo/images/Semana-Ambiental.jpg HTTP/1.1" 200 62910
186.80.30.55 - - [07/Jun/2015:10:19:38 -0500] "GET /galeria/nivo-slider/demo/images/Comparendo-ambiental-Banner.jpg HTTP/1.1" 200 83731
186.80.30.55 - - [07/Jun/2015:10:19:38 -0500] "GET /galeria/nivo-slider/demo/images/9Signos.jpg HTTP/1.1" 200 81776
186.80.30.55 - - [07/Jun/2015:10:19:38 -0500] "GET /galeria/nivo-slider/demo/images/GAE-banner.jpg HTTP/1.1" 200 97556
186.80.30.55 - - [07/Jun/2015:10:19:38 -0500] "GET /galeria/nivo-slider/demo/images/Banner-encuesta-de-percepscio.jpg HTTP/1.1" 200 201899
157.55.39.11 - - [07/Jun/2015:10:19:38 -0500] "GET /BLA/resoluciones/RESOLUCIONES%202008/4918.pdf HTTP/1.1" 200 415266
157.55.39.11 - - [07/Jun/2015:10:19:38 -0500] "GET /bla/resoluciones/resoluciones%202010/1515.pdf HTTP/1.1" 200 476109
186.80.30.55 - - [07/Jun/2015:10:19:39 -0500] "GET /galeria/nivo-slider/demo/images/banner-Pacto-por-la-madera.jpg HTTP/1.1" 200 209966
186.80.30.55 - - [07/Jun/2015:10:19:39 -0500] "GET /galeria/nivo-slider/demo/images/Banner-salud.jpg HTTP/1.1" 200 181685
186.80.30.55 - - [07/Jun/2015:10:19:40 -0500] "GET /galeria/nivo-slider/demo/scripts/jquery-1.7.1.min.js HTTP/1.1" 200 93868
186.80.30.55 - - [07/Jun/2015:10:19:40 -0500] "GET /galeria/nivo-slider/demo/images/mailling-acercar-xpress.jpg HTTP/1.1" 200 137233
186.80.30.55 - - [07/Jun/2015:10:19:40 -0500] "GET /galeria/nivo-slider/jquery.nivo.slider.pack.js HTTP/1.1" 200 11561
186.80.30.55 - - [07/Jun/2015:10:19:40 -0500] "GET /galeria/nivo-slider/demo/images/4Simple_Slider.png HTTP/1.1" 200 11722
186.80.30.55 - - [07/Jun/2015:10:19:40 -0500] "GET /galeria/nivo-slider/themes/default/loading.gif HTTP/1.1" 200 1737
186.80.30.55 - - [07/Jun/2015:10:19:40 -0500] "GET /galeria/nivo-slider/demo/images/acuerdo_569.jpg HTTP/1.1" 200 62670
186.80.30.55 - - [07/Jun/2015:10:19:40 -0500] "GET /galeria/nivo-slider/demo/images/Licitaciones-proyecto-paramo.jpg HTTP/1.1" 200 221877
186.80.30.55 - - [07/Jun/2015:10:19:40 -0500] "GET /galeria/nivo-slider/demo/images/Banner-decreto1299.jpg HTTP/1.1" 200 182613
186.80.30.55 - - [07/Jun/2015:10:19:40 -0500] "GET /galeria/nivo-slider/demo/images/Banner-Directorio.jpg HTTP/1.1" 200 182068
186.80.30.55 - - [07/Jun/2015:10:19:40 -0500] "GET /galeria/nivo-slider/demo/images/Ruta-vertimientos-01.jpg HTTP/1.1" 200 130151
186.80.30.55 - - [07/Jun/2015:10:19:42 -0500] "GET /galeria/nivo-slider/demo/images/bolsas-06.jpg HTTP/1.1" 200 90982
186.80.30.55 - - [07/Jun/2015:10:19:42 -0500] "GET /galeria/nivo-slider/demo/images/Conoce-los-humedales.jpg HTTP/1.1" 200 294036
186.80.30.55 - - [07/Jun/2015:10:19:42 -0500] "GET /galeria/nivo-slider/demo/images/ecolecta-Dic2014.png HTTP/1.1" 200 288593
186.80.30.55 - - [07/Jun/2015:10:19:42 -0500] "GET /galeria/nivo-slider/demo/images/Banner-Caracol-Africano.jpg HTTP/1.1" 200 331986
186.80.30.55 - - [07/Jun/2015:10:19:42 -0500] "GET /galeria/nivo-slider/demo/images/banner-llantas2.jpg HTTP/1.1" 200 204644
186.80.30.55 - - [07/Jun/2015:10:19:46 -0500] "GET /galeria/nivo-slider/themes/default/bullets.png HTTP/1.1" 200 1281
186.80.30.55 - - [07/Jun/2015:10:19:51 -0500] "GET /galeria/nivo-slider/themes/default/arrows.png HTTP/1.1" 200 824
181.55.182.143 - - [07/Jun/2015:10:19:20 -0500] "GET /BLA/boletinlegal/index.php HTTP/1.1" 200 36863
180.76.15.137 - - [07/Jun/2015:10:19:53 -0500] "GET /BLA/boletinlegal;jsessionid=AF295B908BEC57B6FF1208115B3F4DF0?/? HTTP/1.1" 404 1018
200.118.242.209 - - [07/Jun/2015:10:20:01 -0500] "GET /isolucionsda/bancoconocimiento/C/ControldeDocumentosdelSistemaIntegradodeGestion-SIG_v5/ControldeDocumentosdelSistemaIntegradodeGestion-SIG_v5.asp?IdArticulo=3228 HTTP/1.1" 302 280
200.118.242.209 - - [07/Jun/2015:10:20:01 -0500] "GET /isolucionsda/bancoconocimiento/C/ControldeDocumentosdelSistemaIntegradodeGestion-SIG_v9/ControldeDocumentosdelSistemaIntegradodeGestion-SIG_v9.asp?Id_Articulo=8086 HTTP/1.1" 200 76058
207.46.13.104 - - [07/Jun/2015:10:20:05 -0500] "GET /BLA/resoluciones/RESOLUCIONES%202011/2038.pdf HTTP/1.1" 200 775982
207.46.13.104 - - [07/Jun/2015:10:20:06 -0500] "GET /BLA/resoluciones/AUTOS%202009/2712.pdf HTTP/1.1" 200 95063
180.76.15.143 - - [07/Jun/2015:10:20:11 -0500] "GET /BLA/resoluciones/RESOLUCIONES%202008/2913.pdf HTTP/1.1" 200 242994
190.25.157.12 - - [07/Jun/2015:10:20:18 -0500] "POST /forms/lservlet;jsessionid=ac16012b30d6085298b126d44e32affe8dc6e6652057.e3iSbxaKaheRe34MbhmNaxqNb41ynknvrkLOlQzNp65In0 HTTP/1.1" 200 2
180.76.15.27 - - [07/Jun/2015:10:20:28 -0500] "GET /BLA/resoluciones/RESOLUCIONES%202012/1012.pdf HTTP/1.1" 200 517611
151.80.31.150 - - [07/Jun/2015:10:20:30 -0500] "GET /galeria/galeria/fotos/Humedal-techo3G.jpg HTTP/1.1" 200 378344
207.46.13.68 - - [07/Jun/2015:10:20:32 -0500] "GET /BLA/resoluciones/RESOLUCIONES%202011/4934.pdf HTTP/1.1" 200 353627
207.46.13.68 - - [07/Jun/2015:10:20:33 -0500] "GET /bla/resoluciones/RESOLUCIONES%202009/8048.pdf HTTP/1.1" 200 414056
207.46.13.68 - - [07/Jun/2015:10:20:33 -0500] "GET /BLA/resoluciones/RESOLUCIONES%202010/4669.pdf HTTP/1.1" 200 681993
207.46.13.68 - - [07/Jun/2015:10:20:33 -0500] "GET /BLA/resoluciones/RESOLUCIONES%202008/0231.pdf HTTP/1.1" 200 267553
207.46.13.68 - - [07/Jun/2015:10:20:34 -0500] "GET /BLA/resoluciones/RESOLUCIONES%202010/6616.pdf HTTP/1.1" 200 828826
207.46.13.68 - - [07/Jun/2015:10:20:34 -0500] "GET /bla/resoluciones/RESOLUCIONES%202009/7034.pdf HTTP/1.1" 200 740247
207.46.13.68 - - [07/Jun/2015:10:20:35 -0500] "GET /BLA/resoluciones/AUTOS%202009/0863.pdf HTTP/1.1" 200 67503
207.46.13.68 - - [07/Jun/2015:10:20:35 -0500] "GET /bla/resoluciones/RESOLUCIONES%202009/7518.pdf HTTP/1.1" 200 536743
207.46.13.68 - - [07/Jun/2015:10:20:35 -0500] "GET /BLA/resoluciones/RESOLUCIONES%202007/RES%202007%202701%20AL%202800/RESOLUCION%202749%20DE%202007.pdf HTTP/1.1" 200 710337
207.46.13.68 - - [07/Jun/2015:10:20:36 -0500] "GET /bla/resoluciones/resoluciones%202009/9221.pdf HTTP/1.1" 200 486447
207.46.13.68 - - [07/Jun/2015:10:20:36 -0500] "GET /bla/resoluciones/resoluciones%202010/6097.pdf HTTP/1.1" 200 672939
207.46.13.68 - - [07/Jun/2015:10:20:37 -0500] "GET /BLA/resoluciones/AUTOS%202009/2387.pdf HTTP/1.1" 200 326420
207.46.13.68 - - [07/Jun/2015:10:20:37 -0500] "GET /bla/resoluciones/autos%202010/6633.pdf HTTP/1.1" 200 154227
207.46.13.68 - - [07/Jun/2015:10:20:38 -0500] "GET /BLA/resoluciones/RESOLUCIONES%202008/1531.pdf HTTP/1.1" 200 221745
207.46.13.68 - - [07/Jun/2015:10:20:38 -0500] "GET /BLA/resoluciones/RESOLUCIONES%202008/0329.pdf HTTP/1.1" 200 228570
207.46.13.68 - - [07/Jun/2015:10:20:38 -0500] "GET /bla/resoluciones/RESOLUCIONES%202009/2973.pdf HTTP/1.1" 200 602710
207.46.13.68 - - [07/Jun/2015:10:20:39 -0500] "GET /BLA/resoluciones/RESOLUCIONES%202011/4953.pdf HTTP/1.1" 200 352933
207.46.13.68 - - [07/Jun/2015:10:20:39 -0500] "GET /BLA/resoluciones/RESOLUCIONES%202011/4955.pdf HTTP/1.1" 200 349625
207.46.13.68 - - [07/Jun/2015:10:20:40 -0500] "GET /BLA/resoluciones/RESOLUCIONES%202009/6835.pdf HTTP/1.1" 200 686970
207.46.13.68 - - [07/Jun/2015:10:20:40 -0500] "GET /bla/resoluciones/resoluciones%202009/4595.pdf HTTP/1.1" 200 641283
207.46.13.68 - - [07/Jun/2015:10:20:40 -0500] "GET /BLA/resoluciones/AUTOS%202010/5438.pdf HTTP/1.1" 200 184544
207.46.13.68 - - [07/Jun/2015:10:20:41 -0500] "GET /BLA/resoluciones/AUTOS%202012/2418.pdf HTTP/1.1" 200 167306
207.46.13.68 - - [07/Jun/2015:10:20:41 -0500] "GET /BLA/resoluciones/RESOLUCIONES%202007/RES%202007%20901%20AL%201000/RESOLUCION%200967%20DE%202007.pdf HTTP/1.1" 200 163617
207.46.13.68 - - [07/Jun/2015:10:20:42 -0500] "GET /BLA/resoluciones/AUTOS%202009/0557.pdf HTTP/1.1" 200 125307
180.76.15.141 - - [07/Jun/2015:10:20:45 -0500] "GET /BLA/resoluciones/RESOLUCIONES%202011/3789.pdf HTTP/1.1" 200 435766
66.249.67.133 - - [07/Jun/2015:10:20:54 -0500] "GET /BLA/resoluciones/AUTOS%202014/0787.pdf HTTP/1.1" 200 576237
207.46.13.104 - - [07/Jun/2015:10:20:59 -0500] "GET /BLA/resoluciones/RESOLUCIONES%202008/2427.pdf HTTP/1.1" 200 188533
207.46.13.104 - - [07/Jun/2015:10:20:59 -0500] "GET /BLA/resoluciones/RESOLUCIONES%202008/2263.pdf HTTP/1.1" 200 197864
186.119.225.150 - - [07/Jun/2015:10:21:00 -0500] "GET /galeria/galeria/jquery.fancybox.css?v=2.1.5 HTTP/1.1" 200 4895
186.119.225.150 - - [07/Jun/2015:10:21:00 -0500] "GET /BLA/boletinlegal/js/jquery.scrollTo-min.js HTTP/1.1" 200 1150
207.46.13.104 - - [07/Jun/2015:10:21:00 -0500] "GET /BLA/resoluciones/RESOLUCIONES%202011/1312.pdf HTTP/1.1" 200 71379
186.119.225.150 - - [07/Jun/2015:10:21:00 -0500] "GET /BLA/boletinlegal/js/jquery.scrollShow.js HTTP/1.1" 200 4586
186.119.225.150 - - [07/Jun/2015:10:21:00 -0500] "GET /galeria/galeria/jquery.fancybox.js?v=2.1.5 HTTP/1.1" 200 48706
