207.46.13.104 - - [07/Jun/2015:03:07:25 -0500] "GET /BLA/resoluciones/RESOLUCIONES%202010/4438.pdf HTTP/1.1" 200 529513
207.46.13.104 - - [07/Jun/2015:03:07:36 -0500] "GET /BLA/resoluciones/RESOLUCIONES%202008/0497.pdf HTTP/1.1" 200 99488
157.55.39.168 - - [07/Jun/2015:03:07:40 -0500] "GET /BLA/resoluciones/RESOLUCIONES%202009/3003.pdf HTTP/1.1" 200 608968
157.55.39.168 - - [07/Jun/2015:03:07:40 -0500] "GET /Autoliquidacion/index.php?dir=TR%C1MITES+ACEITES-RESIDUOS-ESTACIONES%2F HTTP/1.1" 200 2849
74.86.158.107 - - [07/Jun/2015:03:07:45 -0500] "HEAD / HTTP/1.1" 200 -
157.55.39.11 - - [07/Jun/2015:03:07:45 -0500] "GET /bla/resoluciones/RESOLUCIONES%202009/7769.pdf HTTP/1.1" 200 495123
207.46.13.104 - - [07/Jun/2015:03:07:55 -0500] "GET /BLA/resoluciones/AUTOS%202012/1812.pdf HTTP/1.1" 200 278798
157.55.39.167 - - [07/Jun/2015:03:08:10 -0500] "GET /bla/resoluciones/RESOLUCIONES%202009/7909.pdf HTTP/1.1" 200 507625
157.55.39.167 - - [07/Jun/2015:03:08:13 -0500] "GET /bla/resoluciones/resoluciones%202009/9727.pdf HTTP/1.1" 200 216053
157.55.39.10 - - [07/Jun/2015:03:08:14 -0500] "GET /bla/resoluciones/autos%202010/5287.pdf HTTP/1.1" 200 194855
157.55.39.10 - - [07/Jun/2015:03:08:16 -0500] "GET /BLA/resoluciones/AUTOS%202009/0432.pdf HTTP/1.1" 200 133908
180.76.15.158 - - [07/Jun/2015:03:08:27 -0500] "GET /BLA/resoluciones/RESOLUCIONES%202007/RES%202007%204001%20AL%204100/RESOLUCION%204011%20DE%202007.pdf HTTP/1.1" 200 942453
207.46.13.104 - - [07/Jun/2015:03:08:32 -0500] "GET /BLA/resoluciones/RESOLUCIONES%202008/5135.pdf HTTP/1.1" 200 22631
207.46.13.104 - - [07/Jun/2015:03:08:32 -0500] "GET /bla/resoluciones/RESOLUCIONES%202009/9681.pdf HTTP/1.1" 200 240099
201.245.192.253 - - [07/Jun/2015:03:05:52 -0500] "GET /ForestMSG_SDA/channelAsync/template_word_18303147?X-Atmosphere-tracking-id=ef7b8cca-22a0-3631-7219-93916646b115&X-Atmosphere-Framework=1.0.5&X-Atmosphere-Transport=long-polling&tabid=0.1128270248301344&X-Cache-Date=0&Content-Type=application/xml&_=1433664411927 HTTP/1.1" 200 8193
207.46.13.104 - - [07/Jun/2015:03:09:00 -0500] "GET /bla/resoluciones/resoluciones%202009/7462.pdf HTTP/1.1" 200 696995
207.46.13.104 - - [07/Jun/2015:03:09:00 -0500] "GET /bla/resoluciones/resoluciones%202010/1855.pdf HTTP/1.1" 200 485357
157.55.39.167 - - [07/Jun/2015:03:09:11 -0500] "GET /BLA/resoluciones/RESOLUCIONES%202013/0061.pdf HTTP/1.1" 200 713823
157.55.39.167 - - [07/Jun/2015:03:09:11 -0500] "GET /BLA/resoluciones/AUTOS%202012/1878.pdf HTTP/1.1" 200 502947
157.55.39.167 - - [07/Jun/2015:03:09:12 -0500] "GET /bla/resoluciones/RESOLUCIONES%202009/3488.pdf HTTP/1.1" 200 656831
207.46.13.104 - - [07/Jun/2015:03:09:16 -0500] "GET /BLA/resoluciones/RESOLUCIONES%202008/3687.pdf HTTP/1.1" 200 375442
157.55.39.10 - - [07/Jun/2015:03:09:21 -0500] "GET /bla/resoluciones/RESOLUCIONES%202011/5144.pdf HTTP/1.1" 200 599938
157.55.39.10 - - [07/Jun/2015:03:09:22 -0500] "GET /BLA/resoluciones/AUTOS%202012/0305.pdf HTTP/1.1" 200 243161
157.55.39.10 - - [07/Jun/2015:03:09:22 -0500] "GET /bla/resoluciones/RESOLUCIONES%202009/6110.pdf HTTP/1.1" 200 676702
157.55.39.10 - - [07/Jun/2015:03:09:25 -0500] "GET /bla/resoluciones/resoluciones%202010/2182.pdf HTTP/1.1" 200 495239
180.76.15.139 - - [07/Jun/2015:03:09:28 -0500] "GET /BLA/resoluciones/AUTOS%202010/0535.pdf HTTP/1.1" 200 179077
207.46.13.104 - - [07/Jun/2015:03:09:45 -0500] "GET /bla/resoluciones/resoluciones%202011/0177.pdf HTTP/1.1" 200 386325
180.76.15.137 - - [07/Jun/2015:03:09:46 -0500] "GET /BLA/resoluciones/RESOLUCIONES%202007/RES%202007%203401%20AL%203500/RESOLUCION%203454%20DE%202007.pdf HTTP/1.1" 200 170285
207.46.13.104 - - [07/Jun/2015:03:09:46 -0500] "GET /bla/resoluciones/RESOLUCIONES%202011/5097.pdf HTTP/1.1" 200 498255
66.249.79.133 - - [07/Jun/2015:03:09:48 -0500] "GET /BLA/resoluciones/AUTOS%202014/6059.pdf HTTP/1.1" 200 442178
207.46.13.104 - - [07/Jun/2015:03:09:55 -0500] "GET /BLA/resoluciones/AUTOS%202009/1351.pdf HTTP/1.1" 200 78093
180.76.15.33 - - [07/Jun/2015:03:10:03 -0500] "GET /BLA/resoluciones/AUTOS%202014/2000.pdf HTTP/1.1" 200 646553
199.21.99.202 - - [07/Jun/2015:03:10:33 -0500] "GET /portalsiaccapacitaciones/Listas%20de%20Asistencia%202013/ HTTP/1.1" 200 11643
157.55.39.168 - - [07/Jun/2015:03:10:36 -0500] "GET /bla/resoluciones/resoluciones%202010/7185.pdf HTTP/1.1" 200 1824948
157.55.39.168 - - [07/Jun/2015:03:10:37 -0500] "GET /BLA/resoluciones/AUTOS%202012/0903.pdf HTTP/1.1" 200 349662
180.76.15.32 - - [07/Jun/2015:03:10:38 -0500] "GET /BLA/resoluciones/AUTOS%202014/6444.pdf HTTP/1.1" 200 2470261
157.55.39.168 - - [07/Jun/2015:03:10:38 -0500] "GET /BLA/resoluciones/RESOLUCIONES%202009/3339.pdf HTTP/1.1" 200 632486
66.249.79.120 - - [07/Jun/2015:03:10:41 -0500] "GET /BLA/resoluciones/RESOLUCIONES%202010/4597.pdf HTTP/1.1" 200 1251357
157.55.39.11 - - [07/Jun/2015:03:10:45 -0500] "GET /bla/resoluciones/RESOLUCIONES%202009/7194.pdf HTTP/1.1" 200 1198050
157.55.39.134 - - [07/Jun/2015:03:10:45 -0500] "GET /bla/resoluciones/RESOLUCIONES%202009/4115.pdf HTTP/1.1" 200 668404
157.55.39.134 - - [07/Jun/2015:03:10:45 -0500] "GET /bla/resoluciones/resoluciones%202009/7763.pdf HTTP/1.1" 200 527139
157.55.39.134 - - [07/Jun/2015:03:10:47 -0500] "GET /bla/resoluciones/resoluciones%202009/7537.pdf HTTP/1.1" 200 537694
157.55.39.134 - - [07/Jun/2015:03:10:47 -0500] "GET /BLA/resoluciones/AUTOS%202010/5216.pdf HTTP/1.1" 200 161169
66.249.79.164 - - [07/Jun/2015:03:10:53 -0500] "GET /htdocs/gallery2/g2data/cache/derivative/2/9/298-meta.inc HTTP/1.1" 404 1019
180.76.15.27 - - [07/Jun/2015:03:10:55 -0500] "GET /BLA/resoluciones/RESOLUCIONES%202007/RES%202007%203701%20AL%203800/RESOLUCION%203791%20DE%202007.pdf HTTP/1.1" 200 430119
180.76.15.5 - - [07/Jun/2015:03:11:12 -0500] "GET /BLA/resoluciones/RESOLUCIONES%202010/0867.pdf HTTP/1.1" 200 439787
207.46.13.104 - - [07/Jun/2015:03:11:16 -0500] "GET /BLA/resoluciones/RESOLUCIONES%202011/2714.pdf HTTP/1.1" 200 712640
180.76.15.134 - - [07/Jun/2015:03:11:29 -0500] "GET /BLA/resoluciones/AUTOS%202010/4839.pdf HTTP/1.1" 200 366299
207.46.13.104 - - [07/Jun/2015:03:11:32 -0500] "GET /BLA/resoluciones/RESOLUCIONES%202008/4865.pdf HTTP/1.1" 200 326563
207.46.13.104 - - [07/Jun/2015:03:11:52 -0500] "GET /BLA/resoluciones/RESOLUCIONES%202010/7032.pdf HTTP/1.1" 200 1772797
201.245.192.253 - - [07/Jun/2015:03:08:52 -0500] "GET /ForestMSG_SDA/channelAsync/template_word_18303147?X-Atmosphere-tracking-id=ef7b8cca-22a0-3631-7219-93916646b115&X-Atmosphere-Framework=1.0.5&X-Atmosphere-Transport=long-polling&tabid=0.1128270248301344&X-Cache-Date=0&Content-Type=application/xml&_=1433664591918 HTTP/1.1" 200 8193
157.55.39.134 - - [07/Jun/2015:03:11:59 -0500] "GET /bla/resoluciones/resoluciones%202010/2044.pdf HTTP/1.1" 200 111428
157.55.39.10 - - [07/Jun/2015:03:12:00 -0500] "GET /BLA/resoluciones/RESOLUCIONES%202010/2785.pdf HTTP/1.1" 200 498073
157.55.39.10 - - [07/Jun/2015:03:12:01 -0500] "GET /bla/resoluciones/resoluciones%202010/6775.pdf HTTP/1.1" 200 355148
157.55.39.10 - - [07/Jun/2015:03:12:01 -0500] "GET /BLA/resoluciones/AUTOS%202012/2154.pdf HTTP/1.1" 200 300786
157.55.39.10 - - [07/Jun/2015:03:12:02 -0500] "GET /BLA/resoluciones/RESOLUCIONES%202011/0198.pdf HTTP/1.1" 200 69405
207.46.13.104 - - [07/Jun/2015:03:12:12 -0500] "GET /bla/resoluciones/resoluciones%202009/5990.pdf HTTP/1.1" 200 631834
157.55.39.10 - - [07/Jun/2015:03:12:18 -0500] "GET /bla/resoluciones/autos%202010/5406.pdf HTTP/1.1" 200 1008047
157.55.39.10 - - [07/Jun/2015:03:12:18 -0500] "GET /BLA/resoluciones/RESOLUCIONES%202014/1454.pdf HTTP/1.1" 200 568606
207.46.13.104 - - [07/Jun/2015:03:12:26 -0500] "GET /bla/resoluciones/RESOLUCIONES%202009/4117.pdf HTTP/1.1" 200 676084
207.46.13.104 - - [07/Jun/2015:03:12:27 -0500] "GET /BLA/resoluciones/RESOLUCIONES%202009/9164.pdf HTTP/1.1" 200 437571
207.46.13.104 - - [07/Jun/2015:03:12:27 -0500] "GET /BLA/resoluciones/RESOLUCIONES%202012/1573.pdf HTTP/1.1" 200 3146810
157.55.39.168 - - [07/Jun/2015:03:12:40 -0500] "GET /bla/resoluciones/resoluciones%202011/1356.pdf HTTP/1.1" 200 67545
157.55.39.168 - - [07/Jun/2015:03:12:40 -0500] "GET /BLA/resoluciones/AUTOS%202010/4423.pdf HTTP/1.1" 200 145377
157.55.39.168 - - [07/Jun/2015:03:12:41 -0500] "GET /BLA/resoluciones/RESOLUCIONES%202010/3189.pdf HTTP/1.1" 200 752587
157.55.39.168 - - [07/Jun/2015:03:12:41 -0500] "GET /BLA/resoluciones/RESOLUCIONES%202008/2472.pdf HTTP/1.1" 200 275877
157.55.39.168 - - [07/Jun/2015:03:12:41 -0500] "GET /BLA/resoluciones/AUTOS%202009/2911.pdf HTTP/1.1" 200 186986
157.55.39.168 - - [07/Jun/2015:03:12:42 -0500] "GET /BLA/resoluciones/Autos%202008/2919.pdf HTTP/1.1" 200 71796
157.55.39.168 - - [07/Jun/2015:03:12:43 -0500] "GET /BLA/resoluciones/RESOLUCIONES%202014/0632.pdf HTTP/1.1" 200 2286623
74.86.158.107 - - [07/Jun/2015:03:12:45 -0500] "HEAD / HTTP/1.1" 200 -
157.55.39.134 - - [07/Jun/2015:03:12:55 -0500] "GET /BLA/resoluciones/RESOLUCIONES%202013/1184.pdf HTTP/1.1" 200 359870
157.55.39.134 - - [07/Jun/2015:03:12:55 -0500] "GET /bla/resoluciones/resoluciones%202010/6195.pdf HTTP/1.1" 200 4203452
157.55.39.134 - - [07/Jun/2015:03:12:56 -0500] "GET /bla/resoluciones/RESOLUCIONES%202011/5735.pdf HTTP/1.1" 200 669395
66.249.79.133 - - [07/Jun/2015:03:13:01 -0500] "GET /BLA/resoluciones/AUTOS%202014/5779.pdf HTTP/1.1" 200 420416
180.76.15.30 - - [07/Jun/2015:03:13:17 -0500] "GET /BLA/resoluciones/AUTOS%202013/0094.pdf HTTP/1.1" 200 1596118
123.125.71.73 - - [07/Jun/2015:03:13:25 -0500] "GET / HTTP/1.1" 200 10190
207.46.13.104 - - [07/Jun/2015:03:14:03 -0500] "GET /BLA/resoluciones/RESOLUCIONES%202011/5321.pdf HTTP/1.1" 200 561066
157.55.39.10 - - [07/Jun/2015:03:14:08 -0500] "GET /BLA/resoluciones/RESOLUCIONES%202010/4683.pdf HTTP/1.1" 200 748347
180.76.15.141 - - [07/Jun/2015:03:14:09 -0500] "GET /BLA/resoluciones/AUTOS%202012/1978.pdf HTTP/1.1" 200 546894
157.55.39.10 - - [07/Jun/2015:03:14:10 -0500] "GET /bla/resoluciones/resoluciones%202010/6606.pdf HTTP/1.1" 200 320837
157.55.39.10 - - [07/Jun/2015:03:14:10 -0500] "GET /BLA/resoluciones/Autos%202008/2923.pdf HTTP/1.1" 200 75570
207.46.13.104 - - [07/Jun/2015:03:14:23 -0500] "GET /BLA/resoluciones/Autos%202008/2951.pdf HTTP/1.1" 200 70659
207.46.13.104 - - [07/Jun/2015:03:14:36 -0500] "GET /bla/resoluciones/RESOLUCIONES%202011/6308.pdf HTTP/1.1" 200 1204432
207.46.13.104 - - [07/Jun/2015:03:14:36 -0500] "GET /bla/resoluciones/resoluciones%202009/4205.pdf HTTP/1.1" 200 1194959
207.46.13.104 - - [07/Jun/2015:03:14:37 -0500] "GET /bla/resoluciones/resoluciones%202011/1392.pdf HTTP/1.1" 200 66799
180.76.15.11 - - [07/Jun/2015:03:14:44 -0500] "GET /BLA/boletinlegal;jsessionid=1DC7BB022A3EDABD21F0E203C225AAF5?/? HTTP/1.1" 404 1018
207.46.13.104 - - [07/Jun/2015:03:14:50 -0500] "GET /bla/resoluciones/resoluciones%202009/3646.pdf HTTP/1.1" 200 1112485
201.245.192.253 - - [07/Jun/2015:03:11:53 -0500] "GET /ForestMSG_SDA/channelAsync/template_word_18303147?X-Atmosphere-tracking-id=ef7b8cca-22a0-3631-7219-93916646b115&X-Atmosphere-Framework=1.0.5&X-Atmosphere-Transport=long-polling&tabid=0.1128270248301344&X-Cache-Date=0&Content-Type=application/xml&_=1433664773055 HTTP/1.1" 200 8193
180.76.15.142 - - [07/Jun/2015:03:15:01 -0500] "GET /BLA/resoluciones/AUTOS%202011/0907.pdf HTTP/1.1" 200 152575
157.55.39.10 - - [07/Jun/2015:03:15:09 -0500] "GET /BLA/resoluciones/AUTOS%202009/2665.pdf HTTP/1.1" 200 78444
157.55.39.10 - - [07/Jun/2015:03:15:09 -0500] "GET /bla/resoluciones/RESOLUCIONES%202011/6203.pdf HTTP/1.1" 200 615757
157.55.39.10 - - [07/Jun/2015:03:15:10 -0500] "GET /BLA/resoluciones/AUTOS%202010/1730.pdf HTTP/1.1" 200 67073
157.55.39.10 - - [07/Jun/2015:03:15:10 -0500] "GET /BLA/resoluciones/RESOLUCIONES%202009/4622.pdf HTTP/1.1" 200 644521
157.55.39.10 - - [07/Jun/2015:03:15:12 -0500] "GET /bla/resoluciones/resoluciones%202011/0520.pdf HTTP/1.1" 200 339724
207.46.13.104 - - [07/Jun/2015:03:15:18 -0500] "GET /bla/resoluciones/RESOLUCIONES%202011/4646.pdf HTTP/1.1" 200 628826
180.76.15.13 - - [07/Jun/2015:03:15:18 -0500] "GET /BLA/resoluciones/RESOLUCIONES%202007/RES%202007%203501%20AL%203600/RESOLUCION%203524%20DE%202007.pdf HTTP/1.1" 200 86765
207.46.13.104 - - [07/Jun/2015:03:15:19 -0500] "GET /BLA/resoluciones/RESOLUCIONES%202011/2562.pdf HTTP/1.1" 200 366341
207.46.13.104 - - [07/Jun/2015:03:15:19 -0500] "GET /BLA/resoluciones/AUTOS%202012/2126.pdf HTTP/1.1" 200 409160
157.55.39.168 - - [07/Jun/2015:03:15:27 -0500] "GET /BLA/resoluciones/RESOLUCIONES%202011/2601.pdf HTTP/1.1" 200 759606
157.55.39.168 - - [07/Jun/2015:03:15:27 -0500] "GET /BLA/resoluciones/RESOLUCIONES%202009/9654.pdf HTTP/1.1" 200 533177
157.55.39.168 - - [07/Jun/2015:03:15:28 -0500] "GET /bla/resoluciones/resoluciones%202011/0018.pdf HTTP/1.1" 200 279695
157.55.39.168 - - [07/Jun/2015:03:15:28 -0500] "GET /BLA/resoluciones/RESOLUCIONES%202012/0586.pdf HTTP/1.1" 200 356317
157.55.39.168 - - [07/Jun/2015:03:15:29 -0500] "GET /BLA/resoluciones/Autos%202008/3136.pdf HTTP/1.1" 200 92254
157.55.39.168 - - [07/Jun/2015:03:15:29 -0500] "GET /BLA/resoluciones/RESOLUCIONES%202012/1189.pdf HTTP/1.1" 200 558127
157.55.39.168 - - [07/Jun/2015:03:15:29 -0500] "GET /bla/resoluciones/RESOLUCIONES%202009/9271.pdf HTTP/1.1" 200 482897
157.55.39.168 - - [07/Jun/2015:03:15:30 -0500] "GET /bla/resoluciones/resoluciones%202009/7246.pdf HTTP/1.1" 200 1007253
157.55.39.168 - - [07/Jun/2015:03:15:30 -0500] "GET /BLA/resoluciones/RESOLUCIONES%202007/RES%202007%204201%20AL%204300/RESOLUCION%204225%20DE%202007.pdf HTTP/1.1" 200 256474
157.55.39.168 - - [07/Jun/2015:03:15:31 -0500] "GET /BLA/resoluciones/RESOLUCIONES%202008/1414.pdf HTTP/1.1" 200 277858
157.55.39.168 - - [07/Jun/2015:03:15:31 -0500] "GET /bla/resoluciones/resoluciones%202009/9096.pdf HTTP/1.1" 200 500671
180.76.15.148 - - [07/Jun/2015:03:15:36 -0500] "GET /BLA/resoluciones/AUTOS%202014/1328.pdf HTTP/1.1" 200 1106483
207.46.13.104 - - [07/Jun/2015:03:15:38 -0500] "GET /BLA/resoluciones/RESOLUCIONES%202009/9434.pdf HTTP/1.1" 200 480744
157.55.39.134 - - [07/Jun/2015:03:15:52 -0500] "GET /bla/resoluciones/resoluciones%202010/6320.pdf HTTP/1.1" 200 3751771
180.76.15.137 - - [07/Jun/2015:03:15:53 -0500] "GET /BLA/resoluciones/AUTOS%202011/1295.pdf HTTP/1.1" 200 161665
157.55.39.134 - - [07/Jun/2015:03:15:54 -0500] "GET /bla/resoluciones/resoluciones%202009/6107.pdf HTTP/1.1" 200 343084
180.76.15.6 - - [07/Jun/2015:03:16:10 -0500] "GET /BLA/resoluciones/AUTOS%202012/1669.pdf HTTP/1.1" 200 213556
66.249.79.120 - - [07/Jun/2015:03:16:14 -0500] "GET /BLA/resoluciones/AUTOS%202014/7176.pdf HTTP/1.1" 200 163468
207.46.13.104 - - [07/Jun/2015:03:16:21 -0500] "GET /BLA/resoluciones/AUTOS%202009/2182.pdf HTTP/1.1" 200 101019
157.55.39.168 - - [07/Jun/2015:03:16:27 -0500] "GET /bla/resoluciones/RESOLUCIONES%202009/3262.pdf HTTP/1.1" 200 710358
180.76.15.7 - - [07/Jun/2015:03:16:28 -0500] "GET /BLA/resoluciones/AUTOS%202010/6885.pdf HTTP/1.1" 200 176813
157.55.39.168 - - [07/Jun/2015:03:16:28 -0500] "GET /BLA/resoluciones/RESOLUCIONES%202010/3531.pdf HTTP/1.1" 200 500577
157.55.39.168 - - [07/Jun/2015:03:16:28 -0500] "GET /BLA/resoluciones/AUTOS%202010/6738.pdf HTTP/1.1" 200 217415
207.46.13.104 - - [07/Jun/2015:03:16:40 -0500] "GET /bla/resoluciones/resoluciones%202010/0211.pdf HTTP/1.1" 200 601513
207.46.13.104 - - [07/Jun/2015:03:16:42 -0500] "GET /BLA/resoluciones/RESOLUCIONES%202010/4442.pdf HTTP/1.1" 200 1280354
180.76.15.11 - - [07/Jun/2015:03:16:45 -0500] "GET /BLA/resoluciones/RESOLUCIONES%202007/RES%202007%202501%20AL%202600/RESOLUCION%202598%20DE%202007.pdf HTTP/1.1" 200 491558
180.76.15.149 - - [07/Jun/2015:03:17:02 -0500] "GET /BLA/resoluciones/AUTOS%202013/2493.pdf HTTP/1.1" 200 876432
157.55.39.10 - - [07/Jun/2015:03:17:08 -0500] "GET /BLA/resoluciones/AUTOS%202007/0537.pdf HTTP/1.1" 200 253221
157.55.39.10 - - [07/Jun/2015:03:17:09 -0500] "GET /BLA/resoluciones/RESOLUCIONES%202008/2049.pdf HTTP/1.1" 200 233656
207.46.13.104 - - [07/Jun/2015:03:17:19 -0500] "GET /bla/resoluciones/autos%202010/6265.pdf HTTP/1.1" 200 233931
180.76.15.138 - - [07/Jun/2015:03:17:19 -0500] "GET /BLA/resoluciones/AUTOS%202014/1611.pdf HTTP/1.1" 200 3724099
207.46.13.104 - - [07/Jun/2015:03:17:20 -0500] "GET /BLA/resoluciones/AUTOS%202009/1857.pdf HTTP/1.1" 200 100848
220.181.108.174 - - [07/Jun/2015:03:17:34 -0500] "GET / HTTP/1.1" 200 10190
157.55.39.11 - - [07/Jun/2015:03:17:34 -0500] "GET /BLA/resoluciones/AUTOS%202009/0928.pdf HTTP/1.1" 200 118128
180.76.15.28 - - [07/Jun/2015:03:17:37 -0500] "GET /BLA/resoluciones/AUTOS%202013/0607.pdf HTTP/1.1" 200 1801573
74.86.158.107 - - [07/Jun/2015:03:17:45 -0500] "HEAD / HTTP/1.1" 200 -
180.76.15.144 - - [07/Jun/2015:03:17:54 -0500] "GET /BLA/resoluciones/AUTOS%202013/2474.pdf HTTP/1.1" 200 1714476
201.245.192.253 - - [07/Jun/2015:03:14:54 -0500] "GET /ForestMSG_SDA/channelAsync/template_word_18303147?X-Atmosphere-tracking-id=ef7b8cca-22a0-3631-7219-93916646b115&X-Atmosphere-Framework=1.0.5&X-Atmosphere-Transport=long-polling&tabid=0.1128270248301344&X-Cache-Date=0&Content-Type=application/xml&_=1433664953449 HTTP/1.1" 200 8193
207.46.13.104 - - [07/Jun/2015:03:18:11 -0500] "GET /bla/resoluciones/resoluciones%202009/8412.pdf HTTP/1.1" 200 573989
180.76.15.149 - - [07/Jun/2015:03:18:11 -0500] "GET /BLA/resoluciones/RESOLUCIONES%202010/2862.pdf HTTP/1.1" 200 423601
157.55.39.10 - - [07/Jun/2015:03:18:24 -0500] "GET /bla/resoluciones/autos%202010/5635.pdf HTTP/1.1" 200 621721
157.55.39.10 - - [07/Jun/2015:03:18:26 -0500] "GET /BLA/resoluciones/RESOLUCIONES%202010/4722.pdf HTTP/1.1" 200 335425
157.55.39.168 - - [07/Jun/2015:03:18:40 -0500] "GET /BLA/resoluciones/RESOLUCIONES%202010/4260.pdf HTTP/1.1" 200 630430
157.55.39.168 - - [07/Jun/2015:03:18:40 -0500] "GET /BLA/resoluciones/RESOLUCIONES%202007/RES%202007%201%20AL%20100/RESOLUCION%200039%20DE%202007.pdf HTTP/1.1" 200 54376
157.55.39.168 - - [07/Jun/2015:03:18:40 -0500] "GET /bla/resoluciones/RESOLUCIONES%202009/7415.pdf HTTP/1.1" 200 346134
157.55.39.168 - - [07/Jun/2015:03:18:43 -0500] "GET /BLA/resoluciones/RESOLUCIONES%202010/3330.pdf HTTP/1.1" 200 763171
207.46.13.104 - - [07/Jun/2015:03:18:44 -0500] "GET /BLA/resoluciones/RESOLUCIONES%202010/4906.pdf HTTP/1.1" 200 753481
157.55.39.168 - - [07/Jun/2015:03:18:44 -0500] "GET /BLA/resoluciones/AUTOS%202012/1764.pdf HTTP/1.1" 200 436520
207.46.13.104 - - [07/Jun/2015:03:18:45 -0500] "GET /BLA/resoluciones/RESOLUCIONES%202008/1946.pdf HTTP/1.1" 200 46926
207.46.13.104 - - [07/Jun/2015:03:18:45 -0500] "GET /bla/resoluciones/RESOLUCIONES%202009/7829.pdf HTTP/1.1" 200 570579
180.76.15.136 - - [07/Jun/2015:03:18:46 -0500] "GET /BLA/resoluciones/AUTOS%202009/0235.pdf HTTP/1.1" 200 101470
207.46.13.104 - - [07/Jun/2015:03:18:46 -0500] "GET /BLA/resoluciones/RESOLUCIONES%202008/4169.pdf HTTP/1.1" 200 267366
157.55.39.134 - - [07/Jun/2015:03:18:49 -0500] "GET /BLA/resoluciones/RESOLUCIONES%202011/1640.pdf HTTP/1.1" 200 267284
207.46.13.104 - - [07/Jun/2015:03:19:01 -0500] "GET /BLA/resoluciones/AUTOS%202009/0896.pdf HTTP/1.1" 200 124033
207.46.13.104 - - [07/Jun/2015:03:19:05 -0500] "GET /bla/resoluciones/resoluciones%202010/7411.pdf HTTP/1.1" 200 375265
207.46.13.104 - - [07/Jun/2015:03:19:06 -0500] "GET /bla/resoluciones/RESOLUCIONES%202009/8074.pdf HTTP/1.1" 200 490461
66.249.79.133 - - [07/Jun/2015:03:19:26 -0500] "GET /BLA/resoluciones/AUTOS%202014/7048.pdf HTTP/1.1" 200 81083
207.46.13.104 - - [07/Jun/2015:03:19:41 -0500] "GET /bla/resoluciones/RESOLUCIONES%202011/4614.pdf HTTP/1.1" 200 441051
180.76.15.146 - - [07/Jun/2015:03:19:44 -0500] "GET /BLA/resoluciones/AUTOS%202010/1448.pdf HTTP/1.1" 200 192729
157.55.39.134 - - [07/Jun/2015:03:19:59 -0500] "GET /BLA/resoluciones/RESOLUCIONES%202008/5445.pdf HTTP/1.1" 200 253297
180.76.15.5 - - [07/Jun/2015:03:20:01 -0500] "GET /BLA/resoluciones/RESOLUCIONES%202007/RES%202007%20301%20AL%20400/RESOLUCION%200327%20DE%202007.pdf HTTP/1.1" 200 169861
157.55.39.10 - - [07/Jun/2015:03:20:01 -0500] "GET /BLA/resoluciones/RESOLUCIONES%202011/4952.pdf HTTP/1.1" 200 359779
207.46.13.104 - - [07/Jun/2015:03:20:10 -0500] "GET /BLA/resoluciones/AUTOS%202012/2960.pdf HTTP/1.1" 200 3072194
180.76.15.145 - - [07/Jun/2015:03:20:18 -0500] "GET /BLA/resoluciones/AUTOS%202012/1564.pdf HTTP/1.1" 200 1990552
157.55.39.168 - - [07/Jun/2015:03:20:24 -0500] "GET /bla/resoluciones/resoluciones%202009/6182.pdf HTTP/1.1" 200 711632
157.55.39.168 - - [07/Jun/2015:03:20:25 -0500] "GET /BLA/resoluciones/RESOLUCIONES%202011/1016.pdf HTTP/1.1" 200 76379
157.55.39.168 - - [07/Jun/2015:03:20:25 -0500] "GET /BLA/resoluciones/RESOLUCIONES%202007/RES%202007%20901%20AL%201000/RESOLUCION%200993%20DE%202007.pdf HTTP/1.1" 200 663833
157.55.39.168 - - [07/Jun/2015:03:20:25 -0500] "GET /BLA/resoluciones/AUTOS%202009/1792.pdf HTTP/1.1" 200 97752
157.55.39.168 - - [07/Jun/2015:03:20:26 -0500] "GET /bla/resoluciones/resoluciones%202009/5006.pdf HTTP/1.1" 200 706121
157.55.39.168 - - [07/Jun/2015:03:20:26 -0500] "GET /BLA/resoluciones/RESOLUCIONES%202009/4627.pdf HTTP/1.1" 200 644165
157.55.39.168 - - [07/Jun/2015:03:20:27 -0500] "GET /bla/resoluciones/RESOLUCIONES%202011/3500.pdf HTTP/1.1" 200 445209
157.55.39.168 - - [07/Jun/2015:03:20:27 -0500] "GET /BLA/resoluciones/RESOLUCIONES%202008/5694.pdf HTTP/1.1" 200 158202
157.55.39.168 - - [07/Jun/2015:03:20:28 -0500] "GET /BLA/resoluciones/RESOLUCIONES%202008/0297.pdf HTTP/1.1" 200 100495
207.46.13.104 - - [07/Jun/2015:03:20:31 -0500] "GET /BLA/resoluciones/RESOLUCIONES%202010/6003.pdf HTTP/1.1" 200 670178
180.76.15.158 - - [07/Jun/2015:03:20:35 -0500] "GET /BLA/resoluciones/RESOLUCIONES%202009/1846.pdf HTTP/1.1" 200 504327
201.245.192.253 - - [07/Jun/2015:03:17:54 -0500] "GET /ForestMSG_SDA/channelAsync/template_word_18303147?X-Atmosphere-tracking-id=ef7b8cca-22a0-3631-7219-93916646b115&X-Atmosphere-Framework=1.0.5&X-Atmosphere-Transport=long-polling&tabid=0.1128270248301344&X-Cache-Date=0&Content-Type=application/xml&_=1433665133785 HTTP/1.1" 200 8193
180.76.15.145 - - [07/Jun/2015:03:20:55 -0500] "GET /BLA/boletinlegal;jsessionid=381937B789EA41C81CF211F119433A15?/? HTTP/1.1" 404 1018
207.46.13.68 - - [07/Jun/2015:03:20:53 -0500] "GET /BLA/resoluciones/index.php?dir=RESOLUCIONES%202008/&sort=size&order=asc HTTP/1.1" 200 738616
207.46.13.68 - - [07/Jun/2015:03:20:59 -0500] "GET /bla/resoluciones/RESOLUCIONES%202011/3799.pdf HTTP/1.1" 200 751365
207.46.13.68 - - [07/Jun/2015:03:21:00 -0500] "GET /bla/resoluciones/autos%202010/0603.pdf HTTP/1.1" 200 160788
207.46.13.68 - - [07/Jun/2015:03:21:01 -0500] "GET /BLA/resoluciones/Autos%202008/2687.pdf HTTP/1.1" 200 64341
207.46.13.68 - - [07/Jun/2015:03:21:01 -0500] "GET /bla/resoluciones/resoluciones%202010/0548.pdf HTTP/1.1" 200 526925
207.46.13.68 - - [07/Jun/2015:03:21:01 -0500] "GET /bla/resoluciones/resoluciones%202009/3253.pdf HTTP/1.1" 200 1068783
207.46.13.68 - - [07/Jun/2015:03:21:04 -0500] "GET /bla/resoluciones/RESOLUCIONES%202011/5548.pdf HTTP/1.1" 200 454830
207.46.13.68 - - [07/Jun/2015:03:21:04 -0500] "GET /BLA/resoluciones/AUTOS%202012/1532.pdf HTTP/1.1" 200 1045765
207.46.13.68 - - [07/Jun/2015:03:21:04 -0500] "GET /bla/resoluciones/resoluciones%202010/1960.pdf HTTP/1.1" 200 495819
207.46.13.68 - - [07/Jun/2015:03:21:05 -0500] "GET /BLA/resoluciones/RESOLUCIONES%202008/2491.pdf HTTP/1.1" 200 169572
157.55.39.167 - - [07/Jun/2015:03:21:07 -0500] "GET /BLA/resoluciones/RESOLUCIONES%202010/5122.pdf HTTP/1.1" 200 1321375
157.55.39.167 - - [07/Jun/2015:03:21:07 -0500] "GET /bla/resoluciones/RESOLUCIONES%202011/5562.pdf HTTP/1.1" 200 682942
157.55.39.167 - - [07/Jun/2015:03:21:08 -0500] "GET /bla/resoluciones/resoluciones%202011/1229.pdf HTTP/1.1" 200 420978
207.46.13.68 - - [07/Jun/2015:03:21:09 -0500] "GET /BLA/resoluciones/RESOLUCIONES%202008/4396.pdf HTTP/1.1" 200 217651
180.76.15.159 - - [07/Jun/2015:03:21:10 -0500] "GET /BLA/resoluciones/AUTOS%202013/2115.pdf HTTP/1.1" 200 535888
207.46.13.104 - - [07/Jun/2015:03:21:11 -0500] "GET /BLA/resoluciones/RESOLUCIONES%202011/1659.pdf HTTP/1.1" 200 350989
207.46.13.104 - - [07/Jun/2015:03:21:12 -0500] "GET /bla/resoluciones/RESOLUCIONES%202011/6199.pdf HTTP/1.1" 200 333639
207.46.13.104 - - [07/Jun/2015:03:21:12 -0500] "GET /BLA/resoluciones/Autos%202008/2914.pdf HTTP/1.1" 200 66298
207.46.13.104 - - [07/Jun/2015:03:21:13 -0500] "GET /bla/resoluciones/RESOLUCIONES%202009/7492.pdf HTTP/1.1" 200 486947
207.46.13.68 - - [07/Jun/2015:03:21:13 -0500] "GET /BLA/resoluciones/RESOLUCIONES%202008/1795.pdf HTTP/1.1" 200 262860
207.46.13.104 - - [07/Jun/2015:03:21:13 -0500] "GET /bla/resoluciones/autos%202010/6134.pdf HTTP/1.1" 200 124386
207.46.13.68 - - [07/Jun/2015:03:21:13 -0500] "GET /bla/resoluciones/resoluciones%202010/1259.pdf HTTP/1.1" 200 109496
207.46.13.68 - - [07/Jun/2015:03:21:17 -0500] "GET /BLA/resoluciones/RESOLUCIONES%202011/3879.pdf HTTP/1.1" 200 727750
207.46.13.68 - - [07/Jun/2015:03:21:17 -0500] "GET /BLA/resoluciones/RESOLUCIONES%202008/4430.pdf HTTP/1.1" 200 353626
207.46.13.68 - - [07/Jun/2015:03:21:18 -0500] "GET /bla/resoluciones/RESOLUCIONES%202009/8779.pdf HTTP/1.1" 200 1286561
207.46.13.104 - - [07/Jun/2015:03:21:21 -0500] "GET /BLA/resoluciones/AUTOS%202012/2901.pdf HTTP/1.1" 200 230073
207.46.13.68 - - [07/Jun/2015:03:21:24 -0500] "GET /bla/resoluciones/resoluciones%202010/7735.pdf HTTP/1.1" 200 84873
207.46.13.68 - - [07/Jun/2015:03:21:25 -0500] "GET /BLA/resoluciones/AUTOS%202010/0603.pdf HTTP/1.1" 200 160788
157.55.39.10 - - [07/Jun/2015:03:21:27 -0500] "GET /bla/resoluciones/resoluciones%202010/1629.pdf HTTP/1.1" 200 440223
157.55.39.10 - - [07/Jun/2015:03:21:27 -0500] "GET /bla/resoluciones/resoluciones%202009/9231.pdf HTTP/1.1" 200 525196
180.76.15.16 - - [07/Jun/2015:03:21:27 -0500] "GET /BLA/resoluciones/AUTOS%202012/0267.pdf HTTP/1.1" 200 158695
157.55.39.10 - - [07/Jun/2015:03:21:27 -0500] "GET /bla/resoluciones/RESOLUCIONES%202009/4863.pdf HTTP/1.1" 200 735360
157.55.39.10 - - [07/Jun/2015:03:21:30 -0500] "GET /bla/resoluciones/resoluciones%202009/9019.pdf HTTP/1.1" 200 346502
207.46.13.68 - - [07/Jun/2015:03:21:30 -0500] "GET /bla/resoluciones/resoluciones%202010/1029.pdf HTTP/1.1" 200 1279050
207.46.13.104 - - [07/Jun/2015:03:21:43 -0500] "GET /bla/resoluciones/resoluciones%202009/5798.pdf HTTP/1.1" 200 1046015
180.76.15.29 - - [07/Jun/2015:03:21:45 -0500] "GET /BLA/resoluciones/AUTOS%202009/2963.pdf HTTP/1.1" 200 105585
180.76.15.20 - - [07/Jun/2015:03:22:02 -0500] "GET /BLA/resoluciones/AUTOS%202010/6607.pdf HTTP/1.1" 200 148421
207.46.13.104 - - [07/Jun/2015:03:22:27 -0500] "GET /BLA/resoluciones/RESOLUCIONES%202009/2708.pdf HTTP/1.1" 200 1028713
157.55.39.11 - - [07/Jun/2015:03:22:35 -0500] "GET /BLA/resoluciones/AUTOS%202009/1353.pdf HTTP/1.1" 200 110443
180.76.15.5 - - [07/Jun/2015:03:22:36 -0500] "GET /BLA/resoluciones/AUTOS%202013/2026.pdf HTTP/1.1" 200 791902
157.55.39.11 - - [07/Jun/2015:03:22:37 -0500] "GET /bla/resoluciones/resoluciones%202010/0334.pdf HTTP/1.1" 200 1990530
66.249.79.133 - - [07/Jun/2015:03:22:39 -0500] "GET /BLA/resoluciones/AUTOS%202014/5736.pdf HTTP/1.1" 200 520600
207.46.13.104 - - [07/Jun/2015:03:22:40 -0500] "GET /BLA/resoluciones/RESOLUCIONES%202010/4054.pdf HTTP/1.1" 200 737899
74.86.158.107 - - [07/Jun/2015:03:22:45 -0500] "HEAD / HTTP/1.1" 200 -
207.46.13.104 - - [07/Jun/2015:03:23:02 -0500] "GET /BLA/resoluciones/RESOLUCIONES%202008/1268.pdf HTTP/1.1" 200 45409
157.55.39.10 - - [07/Jun/2015:03:23:07 -0500] "GET /BLA/resoluciones/RESOLUCIONES%202010/3085.pdf HTTP/1.1" 200 330001
157.55.39.10 - - [07/Jun/2015:03:23:08 -0500] "GET /BLA/resoluciones/RESOLUCIONES%202012/1212.pdf HTTP/1.1" 200 772715
157.55.39.10 - - [07/Jun/2015:03:23:08 -0500] "GET /BLA/resoluciones/RESOLUCIONES%202012/1311.pdf HTTP/1.1" 200 1612140
66.249.79.107 - - [07/Jun/2015:03:23:10 -0500] "GET /galeria/nivo-slider/demo/images/Liberacion01.jpg HTTP/1.1" 200 133639
157.55.39.10 - - [07/Jun/2015:03:23:10 -0500] "GET /bla/resoluciones/resoluciones%202009/7460.pdf HTTP/1.1" 200 79267
157.55.39.10 - - [07/Jun/2015:03:23:11 -0500] "GET /BLA/resoluciones/RESOLUCIONES%202011/0906.pdf HTTP/1.1" 200 63979
157.55.39.167 - - [07/Jun/2015:03:23:14 -0500] "GET /BLA/resoluciones/RESOLUCIONES%202008/3856.pdf HTTP/1.1" 200 213525
157.55.39.167 - - [07/Jun/2015:03:23:14 -0500] "GET /bla/resoluciones/resoluciones%202010/1602.pdf HTTP/1.1" 200 372374
157.55.39.167 - - [07/Jun/2015:03:23:15 -0500] "GET /BLA/resoluciones/AUTOS%202012/0408.pdf HTTP/1.1" 200 206006
207.46.13.104 - - [07/Jun/2015:03:23:17 -0500] "GET /BLA/resoluciones/RESOLUCIONES%202010/4702.pdf HTTP/1.1" 200 752321
180.76.15.135 - - [07/Jun/2015:03:23:24 -0500] "GET /BLA/boletinlegal;jsessionid=9E228C28E6E2A03C39F44983AD239DDF?/? HTTP/1.1" 404 1018
207.46.13.104 - - [07/Jun/2015:03:23:30 -0500] "GET /BLA/resoluciones/RESOLUCIONES%202008/0907.pdf HTTP/1.1" 200 270085
201.245.192.253 - - [07/Jun/2015:03:20:54 -0500] "GET /ForestMSG_SDA/channelAsync/template_word_18303147?X-Atmosphere-tracking-id=ef7b8cca-22a0-3631-7219-93916646b115&X-Atmosphere-Framework=1.0.5&X-Atmosphere-Transport=long-polling&tabid=0.1128270248301344&X-Cache-Date=0&Content-Type=application/xml&_=1433665313838 HTTP/1.1" 200 8193
207.46.13.104 - - [07/Jun/2015:03:23:58 -0500] "GET /BLA/resoluciones/RESOLUCIONES%202009/3274.pdf HTTP/1.1" 200 593063
207.46.13.104 - - [07/Jun/2015:03:23:58 -0500] "GET /BLA/resoluciones/RESOLUCIONES%202008/5040.pdf HTTP/1.1" 200 303406
180.76.15.17 - - [07/Jun/2015:03:24:12 -0500] "GET /BLA/resoluciones/RESOLUCIONES%202007/RES%202007%202501%20AL%202600/RESOLUCION%202538%20DE%202007.pdf HTTP/1.1" 200 73839
157.55.39.10 - - [07/Jun/2015:03:24:12 -0500] "GET /BLA/resoluciones/RESOLUCIONES%202011/0952.pdf HTTP/1.1" 200 75735
157.55.39.10 - - [07/Jun/2015:03:24:13 -0500] "GET /BLA/resoluciones/RESOLUCIONES%202009/3515.pdf HTTP/1.1" 200 611819
207.46.13.104 - - [07/Jun/2015:03:24:19 -0500] "GET /BLA/resoluciones/Autos%202008/2674.pdf HTTP/1.1" 200 168549
180.76.15.26 - - [07/Jun/2015:03:24:29 -0500] "GET /BLA/resoluciones/RESOLUCIONES%202007/RES%202007%203601%20AL%203700/RESOLUCION%203625%20DE%202007.pdf HTTP/1.1" 200 640070
207.46.13.104 - - [07/Jun/2015:03:24:48 -0500] "GET /bla/resoluciones/resoluciones%202010/7680.pdf HTTP/1.1" 200 63799
157.55.39.134 - - [07/Jun/2015:03:24:53 -0500] "GET /BLA/resoluciones/Autos%202008/2901.pdf HTTP/1.1" 200 153616
157.55.39.134 - - [07/Jun/2015:03:24:54 -0500] "GET /BLA/resoluciones/RESOLUCIONES%202010/3637.pdf HTTP/1.1" 200 763435
207.46.13.104 - - [07/Jun/2015:03:24:59 -0500] "GET /bla/resoluciones/RESOLUCIONES%202009/9312.pdf HTTP/1.1" 200 443227
180.76.15.143 - - [07/Jun/2015:03:25:03 -0500] "GET /BLA/resoluciones/RESOLUCIONES%202009/2326.pdf HTTP/1.1" 200 236897
180.76.15.148 - - [07/Jun/2015:03:25:21 -0500] "GET /BLA/resoluciones/RESOLUCIONES%202008/5645.pdf HTTP/1.1" 200 223409
207.46.13.104 - - [07/Jun/2015:03:25:25 -0500] "GET /BLA/resoluciones/AUTOS%202010/1905.pdf HTTP/1.1" 200 2920
157.55.39.10 - - [07/Jun/2015:03:25:31 -0500] "GET /bla/resoluciones/resoluciones%202010/0920.pdf HTTP/1.1" 200 104480
207.46.13.104 - - [07/Jun/2015:03:25:44 -0500] "GET /bla/resoluciones/resoluciones%202011/1526.pdf HTTP/1.1" 200 344696
207.46.13.104 - - [07/Jun/2015:03:25:45 -0500] "GET /BLA/resoluciones/RESOLUCIONES%202010/5256.pdf HTTP/1.1" 200 509491
157.55.39.134 - - [07/Jun/2015:03:25:52 -0500] "GET /BLA/resoluciones/RESOLUCIONES%202013/0852.pdf HTTP/1.1" 200 3113900
180.76.15.150 - - [07/Jun/2015:03:25:55 -0500] "GET /BLA/resoluciones/RESOLUCIONES%202007/RES%202007%203601%20AL%203700/RESOLUCION%203622%20DE%202007.pdf HTTP/1.1" 200 769103
207.46.13.104 - - [07/Jun/2015:03:26:04 -0500] "GET /bla/resoluciones/resoluciones%202010/0228.pdf HTTP/1.1" 200 660998
157.55.39.167 - - [07/Jun/2015:03:26:11 -0500] "GET /BLA/resoluciones/RESOLUCIONES%202010/4910.pdf HTTP/1.1" 200 754833
157.55.39.167 - - [07/Jun/2015:03:26:12 -0500] "GET /BLA/resoluciones/AUTOS%202009/1579.pdf HTTP/1.1" 200 120796
157.55.39.167 - - [07/Jun/2015:03:26:12 -0500] "GET /BLA/resoluciones/AUTOS%202010/3779.pdf HTTP/1.1" 200 252767
157.55.39.167 - - [07/Jun/2015:03:26:13 -0500] "GET /BLA/resoluciones/RESOLUCIONES%202008/1679.pdf HTTP/1.1" 200 69481
157.55.39.167 - - [07/Jun/2015:03:26:13 -0500] "GET /BLA/resoluciones/RESOLUCIONES%202014/2744.pdf HTTP/1.1" 200 774658
157.55.39.167 - - [07/Jun/2015:03:26:14 -0500] "GET /BLA/resoluciones/RESOLUCIONES%202010/3550.pdf HTTP/1.1" 200 783309
157.55.39.167 - - [07/Jun/2015:03:26:14 -0500] "GET /bla/resoluciones/RESOLUCIONES%202011/3896.pdf HTTP/1.1" 200 887704
157.55.39.167 - - [07/Jun/2015:03:26:14 -0500] "GET /bla/resoluciones/RESOLUCIONES%202009/8641.pdf HTTP/1.1" 200 314177
157.55.39.167 - - [07/Jun/2015:03:26:15 -0500] "GET /BLA/resoluciones/Resoluciones%202011/1635.pdf HTTP/1.1" 200 423452
157.55.39.167 - - [07/Jun/2015:03:26:15 -0500] "GET /BLA/resoluciones/Autos%202008/2844.pdf HTTP/1.1" 200 64739
157.55.39.167 - - [07/Jun/2015:03:26:16 -0500] "GET /BLA/resoluciones/RESOLUCIONES%202010/4034.pdf HTTP/1.1" 200 743203
157.55.39.167 - - [07/Jun/2015:03:26:16 -0500] "GET /BLA/resoluciones/AUTOS%202009/2033.pdf HTTP/1.1" 200 99561
157.55.39.167 - - [07/Jun/2015:03:26:16 -0500] "GET /BLA/resoluciones/AUTOS%202009/0474.pdf HTTP/1.1" 200 353529
157.55.39.167 - - [07/Jun/2015:03:26:17 -0500] "GET /BLA/resoluciones/RESOLUCIONES%202008/1528.pdf HTTP/1.1" 200 67980
157.55.39.167 - - [07/Jun/2015:03:26:17 -0500] "GET /BLA/resoluciones/RESOLUCIONES%202009/5660.pdf HTTP/1.1" 200 681449
157.55.39.11 - - [07/Jun/2015:03:26:34 -0500] "GET /bla/resoluciones/resoluciones%202010/6382.pdf HTTP/1.1" 200 2489844
157.55.39.11 - - [07/Jun/2015:03:26:35 -0500] "GET /bla/resoluciones/autos%202010/2364.pdf HTTP/1.1" 200 311232
201.245.192.253 - - [07/Jun/2015:03:23:55 -0500] "GET /ForestMSG_SDA/channelAsync/template_word_18303147?X-Atmosphere-tracking-id=ef7b8cca-22a0-3631-7219-93916646b115&X-Atmosphere-Framework=1.0.5&X-Atmosphere-Transport=long-polling&tabid=0.1128270248301344&X-Cache-Date=0&Content-Type=application/xml&_=1433665494298 HTTP/1.1" 200 8193
180.76.15.158 - - [07/Jun/2015:03:26:56 -0500] "GET /BLA/resoluciones/AUTOS%202014/5639.pdf HTTP/1.1" 200 192917
207.46.13.104 - - [07/Jun/2015:03:27:01 -0500] "GET /BLA/resoluciones/Resoluciones%202011/1772.pdf HTTP/1.1" 200 425466
180.76.15.160 - - [07/Jun/2015:03:27:14 -0500] "GET /BLA/resoluciones/AUTOS%202010/2232.pdf HTTP/1.1" 200 1484631
180.76.15.17 - - [07/Jun/2015:03:27:31 -0500] "GET /BLA/resoluciones/AUTOS%202012/1185.pdf HTTP/1.1" 200 152837
157.55.39.11 - - [07/Jun/2015:03:27:39 -0500] "GET /BLA/resoluciones/RESOLUCIONES%202011/0052.pdf HTTP/1.1" 200 412074
157.55.39.11 - - [07/Jun/2015:03:27:40 -0500] "GET /bla/resoluciones/resoluciones%202011/0425.pdf HTTP/1.1" 200 282697
157.55.39.11 - - [07/Jun/2015:03:27:40 -0500] "GET /bla/resoluciones/resoluciones%202011/0952.pdf HTTP/1.1" 200 75735
157.55.39.11 - - [07/Jun/2015:03:27:40 -0500] "GET /bla/resoluciones/RESOLUCIONES%202009/4987.pdf HTTP/1.1" 200 707463
157.55.39.11 - - [07/Jun/2015:03:27:41 -0500] "GET /BLA/resoluciones/AUTOS%202012/1752.pdf HTTP/1.1" 200 525640
74.86.158.107 - - [07/Jun/2015:03:27:45 -0500] "HEAD / HTTP/1.1" 200 -
207.46.13.104 - - [07/Jun/2015:03:27:56 -0500] "GET /BLA/resoluciones/AUTOS%202010/4639.pdf HTTP/1.1" 200 531020
207.46.13.104 - - [07/Jun/2015:03:27:56 -0500] "GET /BLA/resoluciones/RESOLUCIONES%202008/2231.pdf HTTP/1.1" 200 195993
180.76.15.157 - - [07/Jun/2015:03:28:06 -0500] "GET /BLA/resoluciones/RESOLUCIONES%202008/3776.pdf HTTP/1.1" 200 93514
207.46.13.104 - - [07/Jun/2015:03:28:12 -0500] "GET /bla/resoluciones/resoluciones%202010/2413.pdf HTTP/1.1" 200 106588
207.46.13.104 - - [07/Jun/2015:03:28:28 -0500] "GET /BLA/resoluciones/RESOLUCIONES%202007/RES%202007%203301%20AL%203400/RESOLUCION%203310%20DE%202007.pdf HTTP/1.1" 200 1022344
180.76.15.11 - - [07/Jun/2015:03:28:40 -0500] "GET /BLA/resoluciones/AUTOS%202012/1858.pdf HTTP/1.1" 200 376068
157.55.39.134 - - [07/Jun/2015:03:28:49 -0500] "GET /BLA/resoluciones/RESOLUCIONES%202010/3678.pdf HTTP/1.1" 200 885774
157.55.39.134 - - [07/Jun/2015:03:28:50 -0500] "GET /bla/resoluciones/resoluciones%202010/5504.pdf HTTP/1.1" 200 2789611
157.55.39.134 - - [07/Jun/2015:03:28:50 -0500] "GET /BLA/resoluciones/RESOLUCIONES%202013/1120.pdf HTTP/1.1" 200 1058347
180.76.15.155 - - [07/Jun/2015:03:28:57 -0500] "GET /BLA/resoluciones/RESOLUCIONES%202007/RES%202007%202401%20AL%202500/RESOLUCION%202484%20DE%202007.pdf HTTP/1.1" 200 559989
66.249.79.133 - - [07/Jun/2015:03:29:05 -0500] "GET /BLA/resoluciones/AUTOS%202013/1122.pdf HTTP/1.1" 200 964001
157.55.39.11 - - [07/Jun/2015:03:29:41 -0500] "GET /BLA/resoluciones/RESOLUCIONES%202011/5758.pdf HTTP/1.1" 200 573493
157.55.39.11 - - [07/Jun/2015:03:29:41 -0500] "GET /BLA/resoluciones/RESOLUCIONES%202009/4199.pdf HTTP/1.1" 200 1312115
180.76.15.156 - - [07/Jun/2015:03:29:43 -0500] "GET /BLA/resoluciones/AUTOS%202012/2719.pdf HTTP/1.1" 200 390806
207.46.13.104 - - [07/Jun/2015:03:29:47 -0500] "GET /BLA/resoluciones/AUTOS%202009/2977.pdf HTTP/1.1" 200 131908
157.55.39.167 - - [07/Jun/2015:03:29:55 -0500] "GET /BLA/resoluciones/RESOLUCIONES%202009/6785.pdf HTTP/1.1" 200 659270
201.245.192.253 - - [07/Jun/2015:03:26:55 -0500] "GET /ForestMSG_SDA/channelAsync/template_word_18303147?X-Atmosphere-tracking-id=ef7b8cca-22a0-3631-7219-93916646b115&X-Atmosphere-Framework=1.0.5&X-Atmosphere-Transport=long-polling&tabid=0.1128270248301344&X-Cache-Date=0&Content-Type=application/xml&_=1433665674751 HTTP/1.1" 200 8193
157.55.39.167 - - [07/Jun/2015:03:29:56 -0500] "GET /BLA/resoluciones/RESOLUCIONES%202010/3297.pdf HTTP/1.1" 200 501431
157.55.39.167 - - [07/Jun/2015:03:29:56 -0500] "GET /BLA/resoluciones/RESOLUCIONES%202010/2832.pdf HTTP/1.1" 200 325652
157.55.39.167 - - [07/Jun/2015:03:29:57 -0500] "GET /bla/resoluciones/RESOLUCIONES%202009/3268.pdf HTTP/1.1" 200 705266
157.55.39.167 - - [07/Jun/2015:03:29:57 -0500] "GET /BLA/resoluciones/AUTOS%202012/2054.pdf HTTP/1.1" 200 286077
157.55.39.167 - - [07/Jun/2015:03:29:57 -0500] "GET /bla/resoluciones/resoluciones%202010/4320.pdf HTTP/1.1" 200 49496
157.55.39.167 - - [07/Jun/2015:03:29:58 -0500] "GET /bla/resoluciones/RESOLUCIONES%202009/4761.pdf HTTP/1.1" 200 600273
157.55.39.167 - - [07/Jun/2015:03:29:58 -0500] "GET /BLA/resoluciones/RESOLUCIONES%202010/3173.pdf HTTP/1.1" 200 507335
157.55.39.167 - - [07/Jun/2015:03:29:59 -0500] "GET /BLA/resoluciones/RESOLUCIONES%202011/0197.pdf HTTP/1.1" 200 70025
157.55.39.167 - - [07/Jun/2015:03:29:59 -0500] "GET /BLA/resoluciones/RESOLUCIONES%202011/1384.pdf HTTP/1.1" 200 73199
157.55.39.167 - - [07/Jun/2015:03:30:00 -0500] "GET /bla/resoluciones/RESOLUCIONES%202009/7912.pdf HTTP/1.1" 200 514223
157.55.39.167 - - [07/Jun/2015:03:30:00 -0500] "GET /BLA/resoluciones/AUTOS%202012/2453.pdf HTTP/1.1" 200 1373048
180.76.15.162 - - [07/Jun/2015:03:30:00 -0500] "GET /BLA/resoluciones/AUTOS%202009/0567.pdf HTTP/1.1" 200 126064
157.55.39.167 - - [07/Jun/2015:03:30:00 -0500] "GET /BLA/resoluciones/RESOLUCIONES%202008/1342.pdf HTTP/1.1" 200 719237
207.46.13.104 - - [07/Jun/2015:03:30:06 -0500] "GET /BLA/resoluciones/RESOLUCIONES%202011/3358.pdf HTTP/1.1" 200 302361
207.46.13.104 - - [07/Jun/2015:03:30:07 -0500] "GET /BLA/resoluciones/RESOLUCIONES%202011/5258.pdf HTTP/1.1" 200 527690
207.46.13.104 - - [07/Jun/2015:03:30:07 -0500] "GET /BLA/resoluciones/RESOLUCIONES%202008/3857.pdf HTTP/1.1" 200 316178
207.46.13.104 - - [07/Jun/2015:03:30:13 -0500] "GET /BLA/resoluciones/AUTOS%202010/1516.pdf HTTP/1.1" 200 490095
207.46.13.104 - - [07/Jun/2015:03:30:13 -0500] "GET /BLA/resoluciones/RESOLUCIONES%202011/4323.pdf HTTP/1.1" 200 326753
180.76.15.161 - - [07/Jun/2015:03:30:17 -0500] "GET /BLA/resoluciones/AUTOS%202009/2924.pdf HTTP/1.1" 200 170952
180.76.15.13 - - [07/Jun/2015:03:30:35 -0500] "GET /BLA/resoluciones/RESOLUCIONES%202009/0877.pdf HTTP/1.1" 200 325125
207.46.13.104 - - [07/Jun/2015:03:30:40 -0500] "GET /bla/resoluciones/RESOLUCIONES%202009/7838.pdf HTTP/1.1" 200 114354
157.55.39.11 - - [07/Jun/2015:03:30:44 -0500] "GET /BLA/resoluciones/RESOLUCIONES%202009/4916.pdf HTTP/1.1" 200 1665766
157.55.39.134 - - [07/Jun/2015:03:30:44 -0500] "GET /BLA/resoluciones/RESOLUCIONES%202011/6413.pdf HTTP/1.1" 200 961578
157.55.39.134 - - [07/Jun/2015:03:30:45 -0500] "GET /BLA/resoluciones/RESOLUCIONES%202009/3805.pdf HTTP/1.1" 200 881517
157.55.39.134 - - [07/Jun/2015:03:30:45 -0500] "GET /BLA/resoluciones/RESOLUCIONES%202010/4791.pdf HTTP/1.1" 200 1325792
157.55.39.134 - - [07/Jun/2015:03:30:46 -0500] "GET /bla/resoluciones/resoluciones%202011/0954.pdf HTTP/1.1" 200 73837
180.76.15.7 - - [07/Jun/2015:03:30:52 -0500] "GET /BLA/resoluciones/AUTOS%202011/0796.pdf HTTP/1.1" 200 146604
207.46.13.104 - - [07/Jun/2015:03:30:52 -0500] "GET /bla/resoluciones/resoluciones%202009/4328.pdf HTTP/1.1" 200 832112
207.46.13.104 - - [07/Jun/2015:03:30:53 -0500] "GET /BLA/resoluciones/AUTOS%202009/3577.pdf HTTP/1.1" 200 204422
180.76.15.13 - - [07/Jun/2015:03:31:09 -0500] "GET /BLA/resoluciones/RESOLUCIONES%202007/RES%202007%204101%20AL%204200/RESOLUCION%204168%20DE%202007.pdf HTTP/1.1" 200 370592
157.55.39.10 - - [07/Jun/2015:03:31:11 -0500] "GET /bla/resoluciones/resoluciones%202009/6881.pdf HTTP/1.1" 200 346172
157.55.39.10 - - [07/Jun/2015:03:31:11 -0500] "GET /BLA/resoluciones/RESOLUCIONES%202009/5921.pdf HTTP/1.1" 200 795037
157.55.39.10 - - [07/Jun/2015:03:31:12 -0500] "GET /BLA/resoluciones/RESOLUCIONES%202013/0062.pdf HTTP/1.1" 200 2762308
180.76.15.23 - - [07/Jun/2015:03:31:27 -0500] "GET /BLA/resoluciones/AUTOS%202012/2415.pdf HTTP/1.1" 200 180663
180.76.15.140 - - [07/Jun/2015:03:31:44 -0500] "GET /BLA/resoluciones/AUTOS%202009/1692.pdf HTTP/1.1" 200 122457
157.55.39.134 - - [07/Jun/2015:03:31:56 -0500] "GET /bla/resoluciones/resoluciones%202009/9181.pdf HTTP/1.1" 200 461975
157.55.39.134 - - [07/Jun/2015:03:31:57 -0500] "GET /bla/resoluciones/RESOLUCIONES%202011/4632.pdf HTTP/1.1" 200 741906
157.55.39.134 - - [07/Jun/2015:03:31:58 -0500] "GET /BLA/resoluciones/RESOLUCIONES%202013/0759.pdf HTTP/1.1" 200 1615072
157.55.39.134 - - [07/Jun/2015:03:31:58 -0500] "GET /BLA/resoluciones/RESOLUCIONES%202011/5860.pdf HTTP/1.1" 200 317458
157.55.39.134 - - [07/Jun/2015:03:31:59 -0500] "GET /bla/resoluciones/resoluciones%202009/5158.pdf HTTP/1.1" 200 675780
180.76.15.5 - - [07/Jun/2015:03:32:01 -0500] "GET /BLA/resoluciones/AUTOS%202012/0009.pdf HTTP/1.1" 200 199880
157.55.39.167 - - [07/Jun/2015:03:32:05 -0500] "GET /BLA/resoluciones/RESOLUCIONES%202013/1597.pdf HTTP/1.1" 200 562094
157.55.39.167 - - [07/Jun/2015:03:32:05 -0500] "GET /bla/resoluciones/resoluciones%202009/8262.pdf HTTP/1.1" 200 293063
157.55.39.167 - - [07/Jun/2015:03:32:06 -0500] "GET /bla/resoluciones/RESOLUCIONES%202009/8003.pdf HTTP/1.1" 200 136142
157.55.39.167 - - [07/Jun/2015:03:32:06 -0500] "GET /BLA/resoluciones/AUTOS%202012/1953.pdf HTTP/1.1" 200 212617
157.55.39.167 - - [07/Jun/2015:03:32:07 -0500] "GET /BLA/resoluciones/RESOLUCIONES%202010/3318.pdf HTTP/1.1" 200 503199
207.46.13.104 - - [07/Jun/2015:03:32:12 -0500] "GET /BLA/resoluciones/AUTOS%202009/3218.pdf HTTP/1.1" 200 191188
207.46.13.104 - - [07/Jun/2015:03:32:13 -0500] "GET /BLA/boletinlegal/Circulares/2012/Circular%20No.%2015%20del%2022%20de%20octubre%20de%202012.pdf HTTP/1.1" 200 486506
66.249.79.107 - - [07/Jun/2015:03:32:18 -0500] "GET /forms/frmservlet?config=plan HTTP/1.1" 200 4149
180.76.15.28 - - [07/Jun/2015:03:32:18 -0500] "GET /BLA/resoluciones/AUTOS%202012/1347.pdf HTTP/1.1" 200 160564
207.46.13.104 - - [07/Jun/2015:03:32:27 -0500] "GET /bla/resoluciones/resoluciones%202009/8278.pdf HTTP/1.1" 200 300196
180.76.15.15 - - [07/Jun/2015:03:32:36 -0500] "GET /BLA/resoluciones/AUTOS%202012/2428.pdf HTTP/1.1" 200 365573
157.55.39.11 - - [07/Jun/2015:03:32:40 -0500] "GET /BLA/resoluciones/RESOLUCIONES%202010/2955.pdf HTTP/1.1" 200 1176621
157.55.39.11 - - [07/Jun/2015:03:32:40 -0500] "GET /bla/resoluciones/resoluciones%202010/6794.pdf HTTP/1.1" 200 351196
157.55.39.11 - - [07/Jun/2015:03:32:41 -0500] "GET /bla/resoluciones/resoluciones%202009/8453.pdf HTTP/1.1" 200 111778
157.55.39.11 - - [07/Jun/2015:03:32:41 -0500] "GET /bla/resoluciones/resoluciones%202010/6819.pdf HTTP/1.1" 200 642138
157.55.39.11 - - [07/Jun/2015:03:32:41 -0500] "GET /BLA/resoluciones/RESOLUCIONES%202008/0897.pdf HTTP/1.1" 200 111408
74.86.158.107 - - [07/Jun/2015:03:32:45 -0500] "HEAD / HTTP/1.1" 200 -
180.76.15.31 - - [07/Jun/2015:03:32:53 -0500] "GET /BLA/resoluciones/AUTOS%202012/2247.pdf HTTP/1.1" 200 347564
201.245.192.253 - - [07/Jun/2015:03:29:55 -0500] "GET /ForestMSG_SDA/channelAsync/template_word_18303147?X-Atmosphere-tracking-id=ef7b8cca-22a0-3631-7219-93916646b115&X-Atmosphere-Framework=1.0.5&X-Atmosphere-Transport=long-polling&tabid=0.1128270248301344&X-Cache-Date=0&Content-Type=application/xml&_=1433665855045 HTTP/1.1" 200 8193
66.249.79.164 - - [07/Jun/2015:03:33:07 -0500] "GET /PORTAL_SIAC/swf/Residuos/vehiculos/vehiculos.swf?pageNumber= HTTP/1.1" 200 400858
180.76.15.23 - - [07/Jun/2015:03:33:10 -0500] "GET /BLA/resoluciones/AUTOS%202010/3263.pdf HTTP/1.1" 200 193254
157.55.39.10 - - [07/Jun/2015:03:33:13 -0500] "GET /bla/resoluciones/RESOLUCIONES%202011/5390.pdf HTTP/1.1" 200 496541
157.55.39.10 - - [07/Jun/2015:03:33:13 -0500] "GET /bla/resoluciones/autos%202010/6812.pdf HTTP/1.1" 200 147835
180.76.15.17 - - [07/Jun/2015:03:33:28 -0500] "GET /BLA/resoluciones/AUTOS%202013/0624.pdf HTTP/1.1" 200 1996313
207.46.13.104 - - [07/Jun/2015:03:33:30 -0500] "GET /BLA/resoluciones/RESOLUCIONES%202008/5324.pdf HTTP/1.1" 200 425798
207.46.13.104 - - [07/Jun/2015:03:33:31 -0500] "GET /bla/resoluciones/RESOLUCIONES%202009/8307.pdf HTTP/1.1" 200 773712
207.46.13.104 - - [07/Jun/2015:03:33:40 -0500] "GET /BLA/resoluciones/RESOLUCIONES%202009/4716.pdf HTTP/1.1" 200 749440
180.76.15.5 - - [07/Jun/2015:03:33:45 -0500] "GET /BLA/boletinlegal;jsessionid=53E47016E1487EDE1F60F55A1A0360F9?/? HTTP/1.1" 404 1018
66.249.79.190 - - [07/Jun/2015:03:33:52 -0500] "GET /PORTAL_SIAC/swf/Residuos/vehiculos/files/search/searchtext.xml HTTP/1.1" 200 182376
66.249.79.190 - - [07/Jun/2015:03:33:53 -0500] "GET /PORTAL_SIAC/swf/Residuos/vehiculos/files/info.xml?rnd=921f91e0-8cff-41eb-bdc4-8518181cfe90 HTTP/1.1" 200 63954
180.76.15.5 - - [07/Jun/2015:03:34:02 -0500] "GET /BLA/resoluciones/AUTOS%202012/1899.pdf HTTP/1.1" 200 454067
66.249.79.164 - - [07/Jun/2015:03:34:05 -0500] "GET /htdocs/gallery2/g2data/cache/derivative/0/5/50-meta.inc HTTP/1.1" 404 1019
157.55.39.10 - - [07/Jun/2015:03:34:11 -0500] "GET /BLA/resoluciones/AUTOS%202009/2073.pdf HTTP/1.1" 200 100593
157.55.39.10 - - [07/Jun/2015:03:34:11 -0500] "GET /BLA/resoluciones/RESOLUCIONES%202011/1689.pdf HTTP/1.1" 200 254556
180.76.15.30 - - [07/Jun/2015:03:34:19 -0500] "GET /BLA/resoluciones/AUTOS%202012/1818.pdf HTTP/1.1" 200 289078
207.46.13.104 - - [07/Jun/2015:03:34:20 -0500] "GET /bla/resoluciones/RESOLUCIONES%202009/9194.pdf HTTP/1.1" 200 544069
207.46.13.104 - - [07/Jun/2015:03:34:31 -0500] "GET /BLA/resoluciones/RESOLUCIONES%202009/9105.pdf HTTP/1.1" 200 540805
207.46.13.104 - - [07/Jun/2015:03:34:31 -0500] "GET /BLA/resoluciones/AUTOS%202012/1211.pdf HTTP/1.1" 200 173837
207.46.13.104 - - [07/Jun/2015:03:34:33 -0500] "GET /BLA/resoluciones/AUTOS%202009/0668.pdf HTTP/1.1" 200 68216
207.46.13.104 - - [07/Jun/2015:03:34:33 -0500] "GET /BLA/resoluciones/RESOLUCIONES%202012/1865.pdf HTTP/1.1" 200 547021
180.76.15.21 - - [07/Jun/2015:03:34:37 -0500] "GET /BLA/resoluciones/AUTOS%202009/2606.pdf HTTP/1.1" 200 109610
180.76.15.13 - - [07/Jun/2015:03:34:54 -0500] "GET /BLA/resoluciones/AUTOS%202013/0079.pdf HTTP/1.1" 200 1552404
157.55.39.10 - - [07/Jun/2015:03:34:59 -0500] "GET /BLA/resoluciones/RESOLUCIONES%202007/RES%202007%202701%20AL%202800/RESOLUCION%202704%20DE%202007.pdf HTTP/1.1" 200 478294
157.55.39.10 - - [07/Jun/2015:03:35:00 -0500] "GET /BLA/resoluciones/AUTOS%202012/2510.pdf HTTP/1.1" 200 3057945
157.55.39.10 - - [07/Jun/2015:03:35:00 -0500] "GET /BLA/resoluciones/RESOLUCIONES%202013/2434.pdf HTTP/1.1" 200 474148
157.55.39.10 - - [07/Jun/2015:03:35:01 -0500] "GET /BLA/resoluciones/RESOLUCIONES%202008/1792.pdf HTTP/1.1" 200 191329
207.46.13.104 - - [07/Jun/2015:03:35:03 -0500] "GET /BLA/resoluciones/RESOLUCIONES%202008/1880.pdf HTTP/1.1" 200 204441
180.76.15.158 - - [07/Jun/2015:03:35:11 -0500] "GET /BLA/resoluciones/AUTOS%202014/2246.pdf HTTP/1.1" 200 2432969
66.249.79.177 - - [07/Jun/2015:03:35:19 -0500] "GET /PORTAL_SIAC/swf/Residuos/vehiculos/files/search/search1.xml HTTP/1.1" 200 606
66.249.79.177 - - [07/Jun/2015:03:35:19 -0500] "GET /PORTAL_SIAC/swf/Residuos/vehiculos/images/page2.swf HTTP/1.1" 200 31077
180.76.15.21 - - [07/Jun/2015:03:35:29 -0500] "GET /BLA/resoluciones/RESOLUCIONES%202009/1075.pdf HTTP/1.1" 200 53088
66.249.79.107 - - [07/Jun/2015:03:35:31 -0500] "GET /BLA/resoluciones/RESOLUCIONES%202008/2990.pdf HTTP/1.1" 200 334291
207.46.13.104 - - [07/Jun/2015:03:35:41 -0500] "GET /BLA/resoluciones/RESOLUCIONES%202011/5151.pdf HTTP/1.1" 200 466581
207.46.13.104 - - [07/Jun/2015:03:35:42 -0500] "GET /bla/resoluciones/resoluciones%202011/0148.pdf HTTP/1.1" 200 356009
180.76.15.136 - - [07/Jun/2015:03:35:46 -0500] "GET /BLA/resoluciones/AUTOS%202010/0082.pdf HTTP/1.1" 200 263907
201.245.192.253 - - [07/Jun/2015:03:32:56 -0500] "GET /ForestMSG_SDA/channelAsync/template_word_18303147?X-Atmosphere-tracking-id=ef7b8cca-22a0-3631-7219-93916646b115&X-Atmosphere-Framework=1.0.5&X-Atmosphere-Transport=long-polling&tabid=0.1128270248301344&X-Cache-Date=0&Content-Type=application/xml&_=1433666035432 HTTP/1.1" 200 8193
180.76.15.18 - - [07/Jun/2015:03:36:03 -0500] "GET /BLA/resoluciones/RESOLUCIONES%202008/4790.pdf HTTP/1.1" 200 180662
207.46.13.104 - - [07/Jun/2015:03:36:18 -0500] "GET /BLA/resoluciones/RESOLUCIONES%202011/3391.pdf HTTP/1.1" 200 1689441
180.76.15.139 - - [07/Jun/2015:03:36:20 -0500] "GET /BLA/resoluciones/AUTOS%202011/0955.pdf HTTP/1.1" 200 159871
66.249.79.190 - - [07/Jun/2015:03:36:29 -0500] "GET /PORTAL_SIAC/swf/Residuos/vehiculos/images/page3.swf HTTP/1.1" 200 24258
