207.46.13.104 - - [07/Jun/2015:04:04:42 -0500] "GET /bla/resoluciones/RESOLUCIONES%202011/4767.pdf HTTP/1.1" 200 699050
207.46.13.104 - - [07/Jun/2015:04:04:42 -0500] "GET /BLA/resoluciones/RESOLUCIONES%202007/RES%202007%20301%20AL%20400/RESOLUCION%200345%20DE%202007.pdf HTTP/1.1" 200 553909
157.55.39.220 - - [07/Jun/2015:04:04:50 -0500] "GET /robots.txt HTTP/1.1" 404 1019
180.76.15.158 - - [07/Jun/2015:04:04:51 -0500] "GET /BLA/resoluciones/AUTOS%202010/0474.pdf HTTP/1.1" 200 187591
207.46.13.104 - - [07/Jun/2015:04:05:00 -0500] "GET /BLA/resoluciones/AUTOS%202009/1922.pdf HTTP/1.1" 200 197536
157.55.39.167 - - [07/Jun/2015:04:05:07 -0500] "GET /BLA/resoluciones/RESOLUCIONES%202008/3551.pdf HTTP/1.1" 200 207841
180.76.15.160 - - [07/Jun/2015:04:05:08 -0500] "GET /BLA/resoluciones/AUTOS%202012/2837.pdf HTTP/1.1" 200 406237
157.55.39.167 - - [07/Jun/2015:04:05:08 -0500] "GET /bla/resoluciones/resoluciones%202011/0285.pdf HTTP/1.1" 200 90491
157.55.39.167 - - [07/Jun/2015:04:05:09 -0500] "GET /bla/resoluciones/resoluciones%202009/7180.pdf HTTP/1.1" 200 1019916
157.55.39.167 - - [07/Jun/2015:04:05:09 -0500] "GET /BLA/resoluciones/RESOLUCIONES%202010/3305.pdf HTTP/1.1" 200 503369
180.76.15.145 - - [07/Jun/2015:04:05:25 -0500] "GET /BLA/resoluciones/AUTOS%202011/1547.pdf HTTP/1.1" 200 152015
157.55.39.10 - - [07/Jun/2015:04:05:34 -0500] "GET /BLA/resoluciones/RESOLUCIONES%202008/5718.pdf HTTP/1.1" 200 251609
157.55.39.10 - - [07/Jun/2015:04:05:35 -0500] "GET /BLA/resoluciones/Autos%202008/2503.pdf HTTP/1.1" 200 162225
157.55.39.11 - - [07/Jun/2015:04:05:35 -0500] "GET /BLA/resoluciones/RESOLUCIONES%202011/0432.pdf HTTP/1.1" 200 70969
157.55.39.11 - - [07/Jun/2015:04:05:35 -0500] "GET /BLA/resoluciones/RESOLUCIONES%202010/5080.pdf HTTP/1.1" 200 499799
207.46.13.104 - - [07/Jun/2015:04:05:37 -0500] "GET /BLA/resoluciones/AUTOS%202009/1477.pdf HTTP/1.1" 200 217633
180.76.15.9 - - [07/Jun/2015:04:05:43 -0500] "GET /BLA/resoluciones/RESOLUCIONES%202009/0297.pdf HTTP/1.1" 200 465269
207.46.13.104 - - [07/Jun/2015:04:05:51 -0500] "GET /BLA/resoluciones/AUTOS%202012/1179.pdf HTTP/1.1" 200 152855
207.46.13.104 - - [07/Jun/2015:04:05:51 -0500] "GET /bla/resoluciones/RESOLUCIONES%202009/7539.pdf HTTP/1.1" 200 515210
207.46.13.104 - - [07/Jun/2015:04:05:52 -0500] "GET /BLA/resoluciones/RESOLUCIONES%202009/9466.pdf HTTP/1.1" 200 359524
207.46.13.104 - - [07/Jun/2015:04:05:54 -0500] "GET /bla/resoluciones/RESOLUCIONES%202011/4019.pdf HTTP/1.1" 200 803416
180.76.15.143 - - [07/Jun/2015:04:06:00 -0500] "GET /BLA/resoluciones/RESOLUCIONES%202011/0235.pdf HTTP/1.1" 200 1320887
201.245.192.253 - - [07/Jun/2015:04:03:00 -0500] "GET /ForestMSG_SDA/channelAsync/template_word_18303147?X-Atmosphere-tracking-id=ef7b8cca-22a0-3631-7219-93916646b115&X-Atmosphere-Framework=1.0.5&X-Atmosphere-Transport=long-polling&tabid=0.1128270248301344&X-Cache-Date=0&Content-Type=application/xml&_=1433667839537 HTTP/1.1" 200 8193
157.55.39.167 - - [07/Jun/2015:04:06:13 -0500] "GET /BLA/resoluciones/AUTOS%202010/5636.pdf HTTP/1.1" 200 1193404
157.55.39.167 - - [07/Jun/2015:04:06:13 -0500] "GET /BLA/resoluciones/RESOLUCIONES%202008/4045.pdf HTTP/1.1" 200 253697
157.55.39.167 - - [07/Jun/2015:04:06:14 -0500] "GET /BLA/resoluciones/AUTOS%202009/1884.pdf HTTP/1.1" 200 122411
157.55.39.167 - - [07/Jun/2015:04:06:15 -0500] "GET /BLA/resoluciones/RESOLUCIONES%202011/0684.pdf HTTP/1.1" 200 72427
207.46.13.104 - - [07/Jun/2015:04:06:17 -0500] "GET /BLA/resoluciones/RESOLUCIONES%202008/3702.pdf HTTP/1.1" 200 155722
180.76.15.149 - - [07/Jun/2015:04:06:35 -0500] "GET /BLA/boletinlegal;jsessionid=93E3C6F21C9374A2FAFA9B5C61A99709?/? HTTP/1.1" 404 1018
207.46.13.104 - - [07/Jun/2015:04:06:51 -0500] "GET /BLA/resoluciones/RESOLUCIONES%202008/4287.pdf HTTP/1.1" 200 420847
207.46.13.104 - - [07/Jun/2015:04:06:52 -0500] "GET /bla/resoluciones/RESOLUCIONES%202009/7015.pdf HTTP/1.1" 200 723245
180.76.15.141 - - [07/Jun/2015:04:06:52 -0500] "GET /BLA/resoluciones/RESOLUCIONES%202007/RES%202007%202401%20AL%202500/RESOLUCION%202437%20DE%202007.pdf HTTP/1.1" 200 513081
207.46.13.104 - - [07/Jun/2015:04:06:52 -0500] "GET /BLA/resoluciones/RESOLUCIONES%202011/2736.pdf HTTP/1.1" 200 280538
157.55.39.167 - - [07/Jun/2015:04:06:57 -0500] "GET /BLA/resoluciones/RESOLUCIONES%202011/5244.pdf HTTP/1.1" 200 615964
180.76.15.149 - - [07/Jun/2015:04:07:09 -0500] "GET /BLA/resoluciones/RESOLUCIONES%202007/RES%202007%202301%20AL%202400/RESOLUCION%202392%20DE%202007.pdf HTTP/1.1" 200 30641
207.46.13.104 - - [07/Jun/2015:04:07:13 -0500] "GET /bla/resoluciones/RESOLUCIONES%202011/5625.pdf HTTP/1.1" 200 457947
207.46.13.104 - - [07/Jun/2015:04:07:13 -0500] "GET /BLA/resoluciones/RESOLUCIONES%202009/7099.pdf HTTP/1.1" 200 631879
207.46.13.104 - - [07/Jun/2015:04:07:14 -0500] "GET /bla/resoluciones/resoluciones%202010/0375.pdf HTTP/1.1" 200 117734
207.46.13.104 - - [07/Jun/2015:04:07:14 -0500] "GET /bla/resoluciones/resoluciones%202009/9750.pdf HTTP/1.1" 200 293731
207.46.13.104 - - [07/Jun/2015:04:07:15 -0500] "GET /BLA/resoluciones/RESOLUCIONES%202008/4546.pdf HTTP/1.1" 200 728143
157.55.39.168 - - [07/Jun/2015:04:07:25 -0500] "GET /bla/resoluciones/RESOLUCIONES%202009/7018.pdf HTTP/1.1" 200 723065
157.55.39.168 - - [07/Jun/2015:04:07:25 -0500] "GET /bla/resoluciones/resoluciones%202010/6015.pdf HTTP/1.1" 200 669518
157.55.39.168 - - [07/Jun/2015:04:07:26 -0500] "GET /bla/resoluciones/RESOLUCIONES%202009/8725.pdf HTTP/1.1" 200 486933
157.55.39.168 - - [07/Jun/2015:04:07:26 -0500] "GET /BLA/resoluciones/RESOLUCIONES%202009/7135.pdf HTTP/1.1" 200 1529144
180.76.15.30 - - [07/Jun/2015:04:07:26 -0500] "GET /BLA/resoluciones/AUTOS%202014/1329.pdf HTTP/1.1" 200 627196
157.55.39.168 - - [07/Jun/2015:04:07:27 -0500] "GET /BLA/resoluciones/RESOLUCIONES%202013/0058.pdf HTTP/1.1" 200 829029
157.55.39.168 - - [07/Jun/2015:04:07:28 -0500] "GET /BLA/resoluciones/AUTOS%202009/0214.pdf HTTP/1.1" 200 89593
66.249.79.107 - - [07/Jun/2015:04:07:39 -0500] "GET /BLA/resoluciones/RESOLUCIONES%202007/RES%202007%20301%20AL%20400/RESOLUCION%200390%20DE%202007.pdf HTTP/1.1" 200 232047
180.76.15.9 - - [07/Jun/2015:04:07:44 -0500] "GET /BLA/resoluciones/AUTOS%202010/4628.pdf HTTP/1.1" 200 327139
74.86.158.107 - - [07/Jun/2015:04:07:45 -0500] "HEAD / HTTP/1.1" 200 -
180.76.15.17 - - [07/Jun/2015:04:08:01 -0500] "GET /BLA/resoluciones/RESOLUCIONES%202009/0453.pdf HTTP/1.1" 200 229706
157.55.39.10 - - [07/Jun/2015:04:08:01 -0500] "GET /bla/resoluciones/autos%202010/4596.pdf HTTP/1.1" 200 978089
157.55.39.10 - - [07/Jun/2015:04:08:02 -0500] "GET /BLA/resoluciones/RESOLUCIONES%202014/0914.pdf HTTP/1.1" 200 592175
157.55.39.10 - - [07/Jun/2015:04:08:02 -0500] "GET /BLA/resoluciones/RESOLUCIONES%202009/6295.pdf HTTP/1.1" 200 3893457
157.55.39.10 - - [07/Jun/2015:04:08:03 -0500] "GET /BLA/resoluciones/AUTOS%202012/0487.pdf HTTP/1.1" 200 329199
157.55.39.10 - - [07/Jun/2015:04:08:03 -0500] "GET /bla/resoluciones/resoluciones%202009/3939.pdf HTTP/1.1" 200 1022087
157.55.39.10 - - [07/Jun/2015:04:08:03 -0500] "GET /bla/resoluciones/RESOLUCIONES%202009/7584.pdf HTTP/1.1" 200 499961
157.55.39.10 - - [07/Jun/2015:04:08:04 -0500] "GET /BLA/resoluciones/RESOLUCIONES%202012/1149.pdf HTTP/1.1" 200 300010
157.55.39.10 - - [07/Jun/2015:04:08:04 -0500] "GET /bla/resoluciones/resoluciones%202010/1109.pdf HTTP/1.1" 200 105620
157.55.39.10 - - [07/Jun/2015:04:08:05 -0500] "GET /BLA/resoluciones/AUTOS%202012/2695.pdf HTTP/1.1" 200 2139050
157.55.39.10 - - [07/Jun/2015:04:08:05 -0500] "GET /bla/resoluciones/resoluciones%202010/2546.pdf HTTP/1.1" 200 490709
157.55.39.10 - - [07/Jun/2015:04:08:05 -0500] "GET /bla/resoluciones/resoluciones%202010/4896.pdf HTTP/1.1" 200 192598
157.55.39.10 - - [07/Jun/2015:04:08:06 -0500] "GET /BLA/resoluciones/RESOLUCIONES%202010/3581.pdf HTTP/1.1" 200 566166
157.55.39.10 - - [07/Jun/2015:04:08:06 -0500] "GET /bla/resoluciones/RESOLUCIONES%202009/6196.pdf HTTP/1.1" 200 694992
207.46.13.104 - - [07/Jun/2015:04:08:13 -0500] "GET /bla/resoluciones/resoluciones%202009/7651.pdf HTTP/1.1" 200 502467
180.76.15.162 - - [07/Jun/2015:04:08:18 -0500] "GET /BLA/resoluciones/AUTOS%202014/7295.pdf HTTP/1.1" 200 2126296
180.76.15.137 - - [07/Jun/2015:04:08:35 -0500] "GET /BLA/resoluciones/RESOLUCIONES%202007/RES%202007%203201%20AL%203300/RESOLUCION%203257%20%20DE%202007.pdf HTTP/1.1" 200 2739878
180.76.15.163 - - [07/Jun/2015:04:08:53 -0500] "GET /BLA/resoluciones/AUTOS%202012/1873.pdf HTTP/1.1" 200 495754
157.55.39.167 - - [07/Jun/2015:04:08:53 -0500] "GET /BLA/resoluciones/AUTOS%202009/2022.pdf HTTP/1.1" 200 101826
157.55.39.167 - - [07/Jun/2015:04:08:54 -0500] "GET /BLA/resoluciones/Autos%202008/3375.pdf HTTP/1.1" 200 160151
157.55.39.167 - - [07/Jun/2015:04:08:54 -0500] "GET /BLA/resoluciones/AUTOS%202012/3050.pdf HTTP/1.1" 200 279785
157.55.39.167 - - [07/Jun/2015:04:08:55 -0500] "GET /BLA/resoluciones/AUTOS%202009/3110.pdf HTTP/1.1" 200 145953
66.249.79.190 - - [07/Jun/2015:04:08:55 -0500] "GET /manual_funciones_Listado/index.php?dir=2.2.1.%20Subdirecci%F3n%20de%20Control%20Ambiental%20al%20Sector%20P%FAblico/&sort=name&order=asc HTTP/1.1" 404 1019
157.55.39.167 - - [07/Jun/2015:04:08:55 -0500] "GET /BLA/resoluciones/AUTOS%202010/4425.pdf HTTP/1.1" 200 163395
201.245.192.253 - - [07/Jun/2015:04:06:02 -0500] "GET /ForestMSG_SDA/channelAsync/template_word_18303147?X-Atmosphere-tracking-id=ef7b8cca-22a0-3631-7219-93916646b115&X-Atmosphere-Framework=1.0.5&X-Atmosphere-Transport=long-polling&tabid=0.1128270248301344&X-Cache-Date=0&Content-Type=application/xml&_=1433668021875 HTTP/1.1" 200 8193
207.46.13.104 - - [07/Jun/2015:04:09:15 -0500] "GET /BLA/resoluciones/RESOLUCIONES%202008/2138.pdf HTTP/1.1" 200 219123
157.55.39.41 - - [07/Jun/2015:04:09:20 -0500] "GET /BLA/boletinlegal/Circulares/2013/Circular%20No.%207%20del%201%20de%20Agosto%20de%202013.pdf HTTP/1.1" 200 340934
180.76.15.156 - - [07/Jun/2015:04:09:27 -0500] "GET /BLA/boletinlegal;jsessionid=467D7F06B9F31C08ABB7B34ABF617724?/? HTTP/1.1" 404 1018
157.55.39.11 - - [07/Jun/2015:04:09:33 -0500] "GET /bla/resoluciones/resoluciones%202009/9159.pdf HTTP/1.1" 200 436397
157.55.39.11 - - [07/Jun/2015:04:09:33 -0500] "GET /BLA/resoluciones/RESOLUCIONES%202013/2336.pdf HTTP/1.1" 200 5452728
157.55.39.11 - - [07/Jun/2015:04:09:34 -0500] "GET /BLA/resoluciones/RESOLUCIONES%202008/3956.pdf HTTP/1.1" 200 595652
157.55.39.11 - - [07/Jun/2015:04:09:35 -0500] "GET /bla/resoluciones/RESOLUCIONES%202009/9440.pdf HTTP/1.1" 200 431172
157.55.39.11 - - [07/Jun/2015:04:09:36 -0500] "GET /BLA/resoluciones/AUTOS%202010/1395.pdf HTTP/1.1" 200 247691
207.46.13.104 - - [07/Jun/2015:04:09:37 -0500] "GET /BLA/resoluciones/RESOLUCIONES%202008/3550.pdf HTTP/1.1" 200 195913
207.46.13.104 - - [07/Jun/2015:04:09:37 -0500] "GET /BLA/resoluciones/RESOLUCIONES%202009/8517.pdf HTTP/1.1" 200 516902
180.76.15.157 - - [07/Jun/2015:04:09:45 -0500] "GET /BLA/resoluciones/RESOLUCIONES%202008/4471.pdf HTTP/1.1" 200 243879
157.55.39.168 - - [07/Jun/2015:04:10:18 -0500] "GET /bla/resoluciones/RESOLUCIONES%202009/8870.pdf HTTP/1.1" 200 312079
157.55.39.168 - - [07/Jun/2015:04:10:19 -0500] "GET /BLA/resoluciones/AUTOS%202009/2130.pdf HTTP/1.1" 200 76931
157.55.39.168 - - [07/Jun/2015:04:10:19 -0500] "GET /bla/resoluciones/resoluciones%202009/7927.pdf HTTP/1.1" 200 3177879
157.55.39.168 - - [07/Jun/2015:04:10:21 -0500] "GET /bla/resoluciones/resoluciones%202011/0701.pdf HTTP/1.1" 200 78614
207.46.13.104 - - [07/Jun/2015:04:10:21 -0500] "GET /BLA/resoluciones/RESOLUCIONES%202011/1028.pdf HTTP/1.1" 200 68417
157.55.39.168 - - [07/Jun/2015:04:10:21 -0500] "GET /bla/resoluciones/resoluciones%202009/8415.pdf HTTP/1.1" 200 122704
207.46.13.104 - - [07/Jun/2015:04:10:23 -0500] "GET /bla/resoluciones/RESOLUCIONES%202009/8963.pdf HTTP/1.1" 200 375444
157.55.39.10 - - [07/Jun/2015:04:10:41 -0500] "GET /robots.txt HTTP/1.1" 404 1018
157.55.39.11 - - [07/Jun/2015:04:10:52 -0500] "GET /BLA/resoluciones/RESOLUCIONES%202010/3669.pdf HTTP/1.1" 200 576380
66.249.79.120 - - [07/Jun/2015:04:10:52 -0500] "GET /BLA/resoluciones/AUTOS%202007/2604.pdf HTTP/1.1" 200 303495
157.55.39.11 - - [07/Jun/2015:04:10:52 -0500] "GET /BLA/resoluciones/RESOLUCIONES%202009/7578.pdf HTTP/1.1" 200 513224
157.55.39.11 - - [07/Jun/2015:04:10:53 -0500] "GET /BLA/resoluciones/RESOLUCIONES%202011/2534.pdf HTTP/1.1" 200 513319
157.55.39.11 - - [07/Jun/2015:04:10:53 -0500] "GET /bla/resoluciones/resoluciones%202009/7526.pdf HTTP/1.1" 200 535276
157.55.39.11 - - [07/Jun/2015:04:10:55 -0500] "GET /BLA/resoluciones/RESOLUCIONES%202009/6160.pdf HTTP/1.1" 200 716886
207.46.13.104 - - [07/Jun/2015:04:11:10 -0500] "GET /bla/resoluciones/resoluciones%202010/2158.pdf HTTP/1.1" 200 514905
207.46.13.104 - - [07/Jun/2015:04:11:12 -0500] "GET /BLA/resoluciones/AUTOS%202012/0919.pdf HTTP/1.1" 200 172711
157.55.39.168 - - [07/Jun/2015:04:11:19 -0500] "GET /bla/resoluciones/autos%202010/6734.pdf HTTP/1.1" 200 218104
157.55.39.168 - - [07/Jun/2015:04:11:20 -0500] "GET /bla/resoluciones/resoluciones%202010/6612.pdf HTTP/1.1" 200 298272
157.55.39.168 - - [07/Jun/2015:04:11:20 -0500] "GET /BLA/resoluciones/RESOLUCIONES%202009/9369.pdf HTTP/1.1" 200 537453
157.55.39.168 - - [07/Jun/2015:04:11:21 -0500] "GET /BLA/resoluciones/RESOLUCIONES%202009/5601.pdf HTTP/1.1" 200 674299
157.55.39.168 - - [07/Jun/2015:04:11:22 -0500] "GET /BLA/resoluciones/AUTOS%202010/2176.pdf HTTP/1.1" 200 202036
157.55.39.168 - - [07/Jun/2015:04:11:22 -0500] "GET /BLA/resoluciones/RESOLUCIONES%202011/5010.pdf HTTP/1.1" 200 390763
207.46.13.104 - - [07/Jun/2015:04:11:35 -0500] "GET /bla/resoluciones/resoluciones%202010/1088.pdf HTTP/1.1" 200 114554
207.46.13.104 - - [07/Jun/2015:04:11:36 -0500] "GET /bla/resoluciones/resoluciones%202010/1479.pdf HTTP/1.1" 200 466909
207.46.13.104 - - [07/Jun/2015:04:11:36 -0500] "GET /BLA/resoluciones/AUTOS%202010/3715.pdf HTTP/1.1" 200 201728
207.46.13.104 - - [07/Jun/2015:04:11:36 -0500] "GET /BLA/resoluciones/RESOLUCIONES%202008/2202.pdf HTTP/1.1" 200 342349
207.46.13.104 - - [07/Jun/2015:04:11:38 -0500] "GET /BLA/resoluciones/RESOLUCIONES%202010/3071.pdf HTTP/1.1" 200 97223
180.76.15.26 - - [07/Jun/2015:04:11:41 -0500] "GET /BLA/resoluciones/RESOLUCIONES%202008/3429.pdf HTTP/1.1" 200 256464
180.76.15.25 - - [07/Jun/2015:04:11:59 -0500] "GET /BLA/resoluciones/RESOLUCIONES%202007/RES%202007%20801%20AL%20900/RESOLUCION%200857%20DE%202007.pdf HTTP/1.1" 200 350410
157.55.39.10 - - [07/Jun/2015:04:12:01 -0500] "GET /bla/resoluciones/autos%202010/1445.pdf HTTP/1.1" 200 170132
157.55.39.10 - - [07/Jun/2015:04:12:01 -0500] "GET /BLA/resoluciones/RESOLUCIONES%202013/1207.pdf HTTP/1.1" 200 1620257
201.245.192.253 - - [07/Jun/2015:04:09:02 -0500] "GET /ForestMSG_SDA/channelAsync/template_word_18303147?X-Atmosphere-tracking-id=ef7b8cca-22a0-3631-7219-93916646b115&X-Atmosphere-Framework=1.0.5&X-Atmosphere-Transport=long-polling&tabid=0.1128270248301344&X-Cache-Date=0&Content-Type=application/xml&_=1433668201867 HTTP/1.1" 200 8193
157.55.39.10 - - [07/Jun/2015:04:12:03 -0500] "GET /BLA/resoluciones/RESOLUCIONES%202010/5286.pdf HTTP/1.1" 200 759039
157.55.39.10 - - [07/Jun/2015:04:12:04 -0500] "GET /bla/resoluciones/resoluciones%202010/1351.pdf HTTP/1.1" 200 341642
207.46.13.104 - - [07/Jun/2015:04:12:06 -0500] "GET /BLA/resoluciones/RESOLUCIONES%202008/2558.pdf HTTP/1.1" 200 338902
180.76.15.32 - - [07/Jun/2015:04:12:16 -0500] "GET /BLA/resoluciones/AUTOS%202013/0764.pdf HTTP/1.1" 200 1684076
207.46.13.104 - - [07/Jun/2015:04:12:20 -0500] "GET /BLA/resoluciones/RESOLUCIONES%202010/4696.pdf HTTP/1.1" 200 746215
207.46.13.104 - - [07/Jun/2015:04:12:20 -0500] "GET /BLA/resoluciones/RESOLUCIONES%202011/0668.pdf HTTP/1.1" 200 71877
207.46.13.104 - - [07/Jun/2015:04:12:29 -0500] "GET /bla/resoluciones/autos%202010/1415.pdf HTTP/1.1" 200 156758
207.46.13.104 - - [07/Jun/2015:04:12:29 -0500] "GET /bla/resoluciones/resoluciones%202010/0194.pdf HTTP/1.1" 200 512317
207.46.13.104 - - [07/Jun/2015:04:12:30 -0500] "GET /BLA/resoluciones/RESOLUCIONES%202014/2063.pdf HTTP/1.1" 200 446803
207.46.13.104 - - [07/Jun/2015:04:12:30 -0500] "GET /BLA/resoluciones/RESOLUCIONES%202009/4665.pdf HTTP/1.1" 200 1187927
157.55.39.168 - - [07/Jun/2015:04:12:37 -0500] "GET /bla/resoluciones/resoluciones%202010/2344.pdf HTTP/1.1" 200 475007
157.55.39.168 - - [07/Jun/2015:04:12:37 -0500] "GET /BLA/resoluciones/AUTOS%202012/0806.pdf HTTP/1.1" 200 605860
157.55.39.168 - - [07/Jun/2015:04:12:39 -0500] "GET /BLA/resoluciones/RESOLUCIONES%202009/7474.pdf HTTP/1.1" 200 2126371
157.55.39.168 - - [07/Jun/2015:04:12:40 -0500] "GET /bla/resoluciones/resoluciones%202010/6489.pdf HTTP/1.1" 200 363586
157.55.39.168 - - [07/Jun/2015:04:12:41 -0500] "GET /BLA/resoluciones/AUTOS%202012/0391.pdf HTTP/1.1" 200 195632
207.46.13.104 - - [07/Jun/2015:04:12:44 -0500] "GET /BLA/resoluciones/RESOLUCIONES%202009/8535.pdf HTTP/1.1" 200 511508
74.86.158.107 - - [07/Jun/2015:04:12:45 -0500] "HEAD / HTTP/1.1" 200 -
180.76.15.143 - - [07/Jun/2015:04:12:51 -0500] "GET /BLA/boletinlegal;jsessionid=087AD01E8DD656B5DA2AEDAA659FC513?/? HTTP/1.1" 404 1018
180.76.15.30 - - [07/Jun/2015:04:13:08 -0500] "GET /BLA/resoluciones/RESOLUCIONES%202009/0301.pdf HTTP/1.1" 200 524646
180.76.15.144 - - [07/Jun/2015:04:13:25 -0500] "GET /BLA/resoluciones/AUTOS%202010/5502.pdf HTTP/1.1" 200 209389
157.55.39.10 - - [07/Jun/2015:04:13:29 -0500] "GET /bla/resoluciones/RESOLUCIONES%202009/4290.pdf HTTP/1.1" 200 729147
157.55.39.10 - - [07/Jun/2015:04:13:29 -0500] "GET /BLA/resoluciones/RESOLUCIONES%202010/3631.pdf HTTP/1.1" 200 767441
157.55.39.10 - - [07/Jun/2015:04:13:30 -0500] "GET /BLA/resoluciones/AUTOS%202012/2753.pdf HTTP/1.1" 200 226116
157.55.39.10 - - [07/Jun/2015:04:13:30 -0500] "GET /bla/resoluciones/resoluciones%202010/6895.pdf HTTP/1.1" 200 372414
157.55.39.10 - - [07/Jun/2015:04:13:30 -0500] "GET /BLA/resoluciones/RESOLUCIONES%202007/RES%202007%201001%20AL%201100/RESOLUCION%201032%20DE%202007.pdf HTTP/1.1" 200 223151
157.55.39.10 - - [07/Jun/2015:04:13:31 -0500] "GET /BLA/resoluciones/RESOLUCIONES%202014/1592.pdf HTTP/1.1" 200 488381
157.55.39.10 - - [07/Jun/2015:04:13:31 -0500] "GET /BLA/resoluciones/AUTOS%202012/2613.pdf HTTP/1.1" 200 223164
157.55.39.10 - - [07/Jun/2015:04:13:32 -0500] "GET /BLA/resoluciones/RESOLUCIONES%202011/5219.pdf HTTP/1.1" 200 407382
157.55.39.10 - - [07/Jun/2015:04:13:32 -0500] "GET /bla/resoluciones/resoluciones%202010/2458.pdf HTTP/1.1" 200 495125
207.46.13.104 - - [07/Jun/2015:04:13:37 -0500] "GET /bla/resoluciones/autos%202010/4617.pdf HTTP/1.1" 200 401086
66.249.79.120 - - [07/Jun/2015:04:14:05 -0500] "GET /BLA/resoluciones/AUTOS%202011/0636.pdf HTTP/1.1" 304 -
207.46.13.104 - - [07/Jun/2015:04:14:11 -0500] "GET /bla/resoluciones/resoluciones%202011/1547.pdf HTTP/1.1" 200 77911
207.46.13.104 - - [07/Jun/2015:04:14:11 -0500] "GET /BLA/resoluciones/RESOLUCIONES%202013/0934.pdf HTTP/1.1" 200 673858
157.55.39.10 - - [07/Jun/2015:04:14:16 -0500] "GET /bla/resoluciones/RESOLUCIONES%202011/3530.pdf HTTP/1.1" 200 407548
157.55.39.10 - - [07/Jun/2015:04:14:18 -0500] "GET /bla/resoluciones/resoluciones%202011/1155.pdf HTTP/1.1" 200 326805
207.46.13.104 - - [07/Jun/2015:04:14:25 -0500] "GET /bla/resoluciones/resoluciones%202009/7675.pdf HTTP/1.1" 200 493173
207.46.13.104 - - [07/Jun/2015:04:14:43 -0500] "GET /BLA/resoluciones/RESOLUCIONES%202009/5592.pdf HTTP/1.1" 200 674637
207.46.13.104 - - [07/Jun/2015:04:14:45 -0500] "GET /BLA/resoluciones/AUTOS%202012/2055.pdf HTTP/1.1" 200 292095
190.250.61.39 - - [07/Jun/2015:04:14:53 -0500] "GET /BLA/boletinlegal/js/jquery.scrollShow.js HTTP/1.1" 200 4586
190.250.61.39 - - [07/Jun/2015:04:14:53 -0500] "GET /BLA/boletinlegal/js/jquery.scrollTo-min.js HTTP/1.1" 200 1150
190.250.61.39 - - [07/Jun/2015:04:14:53 -0500] "GET /galeria/galeria/jquery.fancybox.css?v=2.1.5 HTTP/1.1" 200 4895
190.250.61.39 - - [07/Jun/2015:04:14:53 -0500] "GET /galeria/galeria/jquery.fancybox.js?v=2.1.5 HTTP/1.1" 200 48706
190.250.61.39 - - [07/Jun/2015:04:14:53 -0500] "GET /galeria/carrusel/Carrusel/jquery.thumbnailScroller.css HTTP/1.1" 200 2066
190.250.61.39 - - [07/Jun/2015:04:14:53 -0500] "GET /galeria/carrusel/Carrusel/jquery-ui-1.8.13.custom.min.js HTTP/1.1" 200 10800
190.250.61.39 - - [07/Jun/2015:04:14:53 -0500] "GET /galeria/carrusel/Carrusel/jquery.thumbnailScroller.js HTTP/1.1" 200 8157
190.250.61.39 - - [07/Jun/2015:04:14:54 -0500] "GET /galeria/nivo-slider/demo/demo.html HTTP/1.1" 200 5219
190.250.61.39 - - [07/Jun/2015:04:14:55 -0500] "GET /galeria/nivo-slider/themes/default/default.css HTTP/1.1" 200 1569
190.250.61.39 - - [07/Jun/2015:04:14:55 -0500] "GET /galeria/nivo-slider/themes/pascal/pascal.css HTTP/1.1" 200 2258
190.250.61.39 - - [07/Jun/2015:04:14:55 -0500] "GET /galeria/nivo-slider/themes/orman/orman.css HTTP/1.1" 200 2152
190.250.61.39 - - [07/Jun/2015:04:14:55 -0500] "GET /galeria/nivo-slider/nivo-slider.css HTTP/1.1" 200 1507
190.250.61.39 - - [07/Jun/2015:04:14:55 -0500] "GET /galeria/nivo-slider/demo/style.css HTTP/1.1" 200 2222
190.250.61.39 - - [07/Jun/2015:04:14:55 -0500] "GET /galeria/nivo-slider/demo/images/Semana-Ambiental.jpg HTTP/1.1" 200 62910
190.250.61.39 - - [07/Jun/2015:04:14:55 -0500] "GET /galeria/nivo-slider/demo/images/medio-ambiente.jpg HTTP/1.1" 200 105259
190.250.61.39 - - [07/Jun/2015:04:14:55 -0500] "GET /galeria/nivo-slider/demo/images/GAE-banner.jpg HTTP/1.1" 200 97556
190.250.61.39 - - [07/Jun/2015:04:14:55 -0500] "GET /galeria/nivo-slider/demo/images/Comparendo-ambiental-Banner.jpg HTTP/1.1" 200 83731
190.250.61.39 - - [07/Jun/2015:04:14:55 -0500] "GET /galeria/nivo-slider/demo/images/9Signos.jpg HTTP/1.1" 200 81776
190.250.61.39 - - [07/Jun/2015:04:14:55 -0500] "GET /galeria/nivo-slider/demo/images/Banner-encuesta-de-percepscio.jpg HTTP/1.1" 200 201899
190.250.61.39 - - [07/Jun/2015:04:14:56 -0500] "GET /galeria/nivo-slider/demo/images/banner-Pacto-por-la-madera.jpg HTTP/1.1" 200 209966
190.250.61.39 - - [07/Jun/2015:04:14:56 -0500] "GET /galeria/nivo-slider/demo/images/Banner-decreto1299.jpg HTTP/1.1" 200 182613
190.250.61.39 - - [07/Jun/2015:04:14:56 -0500] "GET /galeria/nivo-slider/demo/images/Ruta-vertimientos-01.jpg HTTP/1.1" 200 130151
180.76.15.152 - - [07/Jun/2015:04:14:57 -0500] "GET /BLA/boletinlegal;jsessionid=875CBAD3066AB09D2EE8D536DECE8FEA?/? HTTP/1.1" 404 1018
190.250.61.39 - - [07/Jun/2015:04:14:58 -0500] "GET /galeria/nivo-slider/demo/images/acuerdo_569.jpg HTTP/1.1" 200 62670
190.250.61.39 - - [07/Jun/2015:04:14:58 -0500] "GET /galeria/nivo-slider/demo/images/Banner-Caracol-Africano.jpg HTTP/1.1" 200 331986
190.250.61.39 - - [07/Jun/2015:04:14:58 -0500] "GET /galeria/nivo-slider/demo/images/Banner-Directorio.jpg HTTP/1.1" 200 182068
190.250.61.39 - - [07/Jun/2015:04:14:59 -0500] "GET /galeria/nivo-slider/demo/images/Banner-salud.jpg HTTP/1.1" 200 181685
157.55.39.167 - - [07/Jun/2015:04:14:59 -0500] "GET /BLA/resoluciones/RESOLUCIONES%202012/1151.pdf HTTP/1.1" 200 883789
190.250.61.39 - - [07/Jun/2015:04:15:00 -0500] "GET /galeria/nivo-slider/demo/images/Conoce-los-humedales.jpg HTTP/1.1" 200 294036
190.250.61.39 - - [07/Jun/2015:04:15:00 -0500] "GET /galeria/nivo-slider/demo/images/4Simple_Slider.png HTTP/1.1" 200 11722
157.55.39.167 - - [07/Jun/2015:04:15:00 -0500] "GET /BLA/resoluciones/RESOLUCIONES%202009/9238.pdf HTTP/1.1" 200 518714
190.250.61.39 - - [07/Jun/2015:04:15:00 -0500] "GET /galeria/nivo-slider/themes/default/loading.gif HTTP/1.1" 200 1737
157.55.39.167 - - [07/Jun/2015:04:15:00 -0500] "GET /BLA/resoluciones/RESOLUCIONES%202008/5387.pdf HTTP/1.1" 200 224105
190.250.61.39 - - [07/Jun/2015:04:15:00 -0500] "GET /galeria/nivo-slider/demo/images/Licitaciones-proyecto-paramo.jpg HTTP/1.1" 200 221877
157.55.39.167 - - [07/Jun/2015:04:15:01 -0500] "GET /BLA/resoluciones/RESOLUCIONES%202008/5316.pdf HTTP/1.1" 200 211530
190.250.61.39 - - [07/Jun/2015:04:15:01 -0500] "GET /galeria/nivo-slider/demo/scripts/jquery-1.7.1.min.js HTTP/1.1" 200 93868
190.250.61.39 - - [07/Jun/2015:04:15:01 -0500] "GET /galeria/nivo-slider/demo/images/bolsas-06.jpg HTTP/1.1" 200 90982
157.55.39.167 - - [07/Jun/2015:04:15:01 -0500] "GET /BLA/resoluciones/RESOLUCIONES%202010/2758.pdf HTTP/1.1" 200 496969
157.55.39.167 - - [07/Jun/2015:04:15:01 -0500] "GET /bla/resoluciones/autos%202010/5733.pdf HTTP/1.1" 200 8760
157.55.39.167 - - [07/Jun/2015:04:15:02 -0500] "GET /BLA/resoluciones/RESOLUCIONES%202010/4929.pdf HTTP/1.1" 200 759091
190.250.61.39 - - [07/Jun/2015:04:15:02 -0500] "GET /galeria/nivo-slider/jquery.nivo.slider.pack.js HTTP/1.1" 200 11561
207.46.13.104 - - [07/Jun/2015:04:15:02 -0500] "GET /BLA/resoluciones/RESOLUCIONES%202011/2253.pdf HTTP/1.1" 200 749666
157.55.39.167 - - [07/Jun/2015:04:15:02 -0500] "GET /BLA/resoluciones/RESOLUCIONES%202009/7482.pdf HTTP/1.1" 200 494385
201.245.192.253 - - [07/Jun/2015:04:12:02 -0500] "GET /ForestMSG_SDA/channelAsync/template_word_18303147?X-Atmosphere-tracking-id=ef7b8cca-22a0-3631-7219-93916646b115&X-Atmosphere-Framework=1.0.5&X-Atmosphere-Transport=long-polling&tabid=0.1128270248301344&X-Cache-Date=0&Content-Type=application/xml&_=1433668382198 HTTP/1.1" 200 8193
157.55.39.167 - - [07/Jun/2015:04:15:03 -0500] "GET /BLA/resoluciones/RESOLUCIONES%202008/0737.pdf HTTP/1.1" 200 400065
190.250.61.39 - - [07/Jun/2015:04:15:04 -0500] "GET /galeria/nivo-slider/demo/images/ecolecta-Dic2014.png HTTP/1.1" 200 288593
190.250.61.39 - - [07/Jun/2015:04:15:05 -0500] "GET /galeria/nivo-slider/demo/images/mailling-acercar-xpress.jpg HTTP/1.1" 200 137233
190.250.61.39 - - [07/Jun/2015:04:15:07 -0500] "GET /galeria/nivo-slider/demo/images/banner-llantas2.jpg HTTP/1.1" 200 204644
190.250.61.39 - - [07/Jun/2015:04:15:08 -0500] "GET /galeria/nivo-slider/themes/default/arrows.png HTTP/1.1" 200 824
190.250.61.39 - - [07/Jun/2015:04:15:09 -0500] "GET /galeria/nivo-slider/themes/default/bullets.png HTTP/1.1" 200 1281
207.46.13.104 - - [07/Jun/2015:04:15:12 -0500] "GET /BLA/resoluciones/RESOLUCIONES%202013/1914.pdf HTTP/1.1" 200 319834
180.76.15.145 - - [07/Jun/2015:04:15:14 -0500] "GET /BLA/resoluciones/index.php?dir=RESOLUCIONES%202008/&sort=date&order=desc HTTP/1.1" 200 607311
157.55.39.10 - - [07/Jun/2015:04:15:24 -0500] "GET /bla/resoluciones/resoluciones%202009/7022.pdf HTTP/1.1" 200 723743
157.55.39.10 - - [07/Jun/2015:04:15:24 -0500] "GET /BLA/resoluciones/RESOLUCIONES%202011/3955.pdf HTTP/1.1" 200 372456
157.55.39.10 - - [07/Jun/2015:04:15:25 -0500] "GET /bla/resoluciones/RESOLUCIONES%202009/7541.pdf HTTP/1.1" 200 497465
157.55.39.10 - - [07/Jun/2015:04:15:25 -0500] "GET /bla/resoluciones/RESOLUCIONES%202009/9580.pdf HTTP/1.1" 200 334791
157.55.39.10 - - [07/Jun/2015:04:15:25 -0500] "GET /bla/resoluciones/RESOLUCIONES%202011/5706.pdf HTTP/1.1" 200 727571
157.55.39.10 - - [07/Jun/2015:04:15:26 -0500] "GET /BLA/resoluciones/RESOLUCIONES%202009/8357.pdf HTTP/1.1" 200 500787
180.76.15.14 - - [07/Jun/2015:04:15:32 -0500] "GET /BLA/resoluciones/AUTOS%202010/0134.pdf HTTP/1.1" 200 181809
207.46.13.104 - - [07/Jun/2015:04:15:36 -0500] "GET /bla/resoluciones/resoluciones%202010/6732.pdf HTTP/1.1" 200 79848
180.76.15.154 - - [07/Jun/2015:04:15:49 -0500] "GET /BLA/resoluciones/RESOLUCIONES%202009/2921.pdf HTTP/1.1" 200 440835
85.227.217.202 - - [07/Jun/2015:04:15:54 -0500] "GET /galeria/galeria/jquery.fancybox.css?v=2.1.5 HTTP/1.1" 200 4895
85.227.217.202 - - [07/Jun/2015:04:15:54 -0500] "GET /galeria/carrusel/Carrusel/jquery.thumbnailScroller.css HTTP/1.1" 200 2066
85.227.217.202 - - [07/Jun/2015:04:15:54 -0500] "GET /BLA/boletinlegal/js/jquery.scrollTo-min.js HTTP/1.1" 200 1150
85.227.217.202 - - [07/Jun/2015:04:15:54 -0500] "GET /galeria/galeria/jquery.fancybox.js?v=2.1.5 HTTP/1.1" 200 48706
85.227.217.202 - - [07/Jun/2015:04:15:54 -0500] "GET /BLA/boletinlegal/js/jquery.scrollShow.js HTTP/1.1" 200 4586
85.227.217.202 - - [07/Jun/2015:04:15:54 -0500] "GET /galeria/carrusel/Carrusel/jquery-ui-1.8.13.custom.min.js HTTP/1.1" 200 10800
85.227.217.202 - - [07/Jun/2015:04:15:54 -0500] "GET /galeria/carrusel/Carrusel/jquery.thumbnailScroller.js HTTP/1.1" 200 8157
85.227.217.202 - - [07/Jun/2015:04:15:56 -0500] "GET /galeria/nivo-slider/demo/demo.html HTTP/1.1" 200 5219
207.46.13.104 - - [07/Jun/2015:04:15:57 -0500] "GET /BLA/resoluciones/RESOLUCIONES%202011/1183.pdf HTTP/1.1" 200 786224
85.227.217.202 - - [07/Jun/2015:04:15:58 -0500] "GET /galeria/nivo-slider/demo/style.css HTTP/1.1" 200 2222
85.227.217.202 - - [07/Jun/2015:04:15:58 -0500] "GET /galeria/nivo-slider/themes/orman/orman.css HTTP/1.1" 200 2152
85.227.217.202 - - [07/Jun/2015:04:15:58 -0500] "GET /galeria/nivo-slider/themes/default/default.css HTTP/1.1" 200 1569
85.227.217.202 - - [07/Jun/2015:04:15:58 -0500] "GET /galeria/nivo-slider/demo/images/Semana-Ambiental.jpg HTTP/1.1" 200 62910
85.227.217.202 - - [07/Jun/2015:04:15:58 -0500] "GET /galeria/nivo-slider/nivo-slider.css HTTP/1.1" 200 1507
85.227.217.202 - - [07/Jun/2015:04:15:58 -0500] "GET /galeria/nivo-slider/themes/pascal/pascal.css HTTP/1.1" 200 2258
85.227.217.202 - - [07/Jun/2015:04:15:58 -0500] "GET /galeria/nivo-slider/demo/scripts/jquery-1.7.1.min.js HTTP/1.1" 200 93868
85.227.217.202 - - [07/Jun/2015:04:15:58 -0500] "GET /galeria/nivo-slider/jquery.nivo.slider.pack.js HTTP/1.1" 200 11561
85.227.217.202 - - [07/Jun/2015:04:15:58 -0500] "GET /galeria/nivo-slider/demo/images/medio-ambiente.jpg HTTP/1.1" 200 105259
85.227.217.202 - - [07/Jun/2015:04:15:58 -0500] "GET /galeria/nivo-slider/demo/images/Comparendo-ambiental-Banner.jpg HTTP/1.1" 200 83731
85.227.217.202 - - [07/Jun/2015:04:15:58 -0500] "GET /galeria/nivo-slider/demo/images/GAE-banner.jpg HTTP/1.1" 200 97556
85.227.217.202 - - [07/Jun/2015:04:15:58 -0500] "GET /galeria/nivo-slider/demo/images/4Simple_Slider.png HTTP/1.1" 200 11722
85.227.217.202 - - [07/Jun/2015:04:15:58 -0500] "GET /galeria/nivo-slider/demo/images/9Signos.jpg HTTP/1.1" 200 81776
85.227.217.202 - - [07/Jun/2015:04:15:58 -0500] "GET /galeria/nivo-slider/themes/default/loading.gif HTTP/1.1" 200 1737
85.227.217.202 - - [07/Jun/2015:04:15:59 -0500] "GET /galeria/nivo-slider/demo/images/Banner-encuesta-de-percepscio.jpg HTTP/1.1" 200 201899
85.227.217.202 - - [07/Jun/2015:04:15:59 -0500] "GET /galeria/nivo-slider/demo/images/banner-Pacto-por-la-madera.jpg HTTP/1.1" 200 209966
85.227.217.202 - - [07/Jun/2015:04:15:59 -0500] "GET /galeria/nivo-slider/demo/images/Banner-salud.jpg HTTP/1.1" 200 181685
85.227.217.202 - - [07/Jun/2015:04:15:59 -0500] "GET /galeria/nivo-slider/demo/images/mailling-acercar-xpress.jpg HTTP/1.1" 200 137233
85.227.217.202 - - [07/Jun/2015:04:15:59 -0500] "GET /galeria/nivo-slider/demo/images/acuerdo_569.jpg HTTP/1.1" 200 62670
85.227.217.202 - - [07/Jun/2015:04:15:59 -0500] "GET /galeria/nivo-slider/demo/images/Licitaciones-proyecto-paramo.jpg HTTP/1.1" 200 221877
85.227.217.202 - - [07/Jun/2015:04:15:59 -0500] "GET /galeria/nivo-slider/demo/images/Banner-decreto1299.jpg HTTP/1.1" 200 182613
85.227.217.202 - - [07/Jun/2015:04:15:59 -0500] "GET /galeria/nivo-slider/demo/images/Banner-Directorio.jpg HTTP/1.1" 200 182068
85.227.217.202 - - [07/Jun/2015:04:16:00 -0500] "GET /galeria/nivo-slider/demo/images/Ruta-vertimientos-01.jpg HTTP/1.1" 200 130151
85.227.217.202 - - [07/Jun/2015:04:16:00 -0500] "GET /galeria/nivo-slider/demo/images/bolsas-06.jpg HTTP/1.1" 200 90982
85.227.217.202 - - [07/Jun/2015:04:16:00 -0500] "GET /galeria/nivo-slider/demo/images/Conoce-los-humedales.jpg HTTP/1.1" 200 294036
85.227.217.202 - - [07/Jun/2015:04:16:00 -0500] "GET /galeria/nivo-slider/demo/images/ecolecta-Dic2014.png HTTP/1.1" 200 288593
85.227.217.202 - - [07/Jun/2015:04:16:00 -0500] "GET /galeria/nivo-slider/demo/images/Banner-Caracol-Africano.jpg HTTP/1.1" 200 331986
85.227.217.202 - - [07/Jun/2015:04:16:00 -0500] "GET /galeria/nivo-slider/demo/images/banner-llantas2.jpg HTTP/1.1" 200 204644
85.227.217.202 - - [07/Jun/2015:04:16:02 -0500] "GET /galeria/nivo-slider/themes/default/arrows.png HTTP/1.1" 200 824
85.227.217.202 - - [07/Jun/2015:04:16:02 -0500] "GET /galeria/nivo-slider/themes/default/bullets.png HTTP/1.1" 200 1281
180.76.15.12 - - [07/Jun/2015:04:16:06 -0500] "GET /BLA/resoluciones/RESOLUCIONES%202008/4945.pdf HTTP/1.1" 200 201162
157.55.39.168 - - [07/Jun/2015:04:16:21 -0500] "GET /BLA/resoluciones/AUTOS%202010/5366.pdf HTTP/1.1" 200 1019678
157.55.39.168 - - [07/Jun/2015:04:16:22 -0500] "GET /BLA/resoluciones/RESOLUCIONES%202009/7499.pdf HTTP/1.1" 200 491163
157.55.39.168 - - [07/Jun/2015:04:16:23 -0500] "GET /BLA/resoluciones/RESOLUCIONES%202010/4645.pdf HTTP/1.1" 200 298797
157.55.39.168 - - [07/Jun/2015:04:16:24 -0500] "GET /BLA/resoluciones/AUTOS%202009/2006.pdf HTTP/1.1" 200 99695
157.55.39.168 - - [07/Jun/2015:04:16:24 -0500] "GET /bla/resoluciones/resoluciones%202009/6308.pdf HTTP/1.1" 200 106688
207.46.13.104 - - [07/Jun/2015:04:16:26 -0500] "GET /bla/resoluciones/resoluciones%202010/2311.pdf HTTP/1.1" 200 513231
207.46.13.104 - - [07/Jun/2015:04:16:29 -0500] "GET /BLA/resoluciones/RESOLUCIONES%202008/2084.pdf HTTP/1.1" 200 263678
207.46.13.104 - - [07/Jun/2015:04:16:30 -0500] "GET /BLA/resoluciones/AUTOS%202012/1726.pdf HTTP/1.1" 200 323075
66.249.79.177 - - [07/Jun/2015:04:16:39 -0500] "GET /htdocs/counter/digits/katt152/ HTTP/1.1" 404 1019
180.76.15.11 - - [07/Jun/2015:04:16:41 -0500] "GET /BLA/resoluciones/AUTOS%202012/1645.pdf HTTP/1.1" 200 329490
207.46.13.104 - - [07/Jun/2015:04:16:55 -0500] "GET /BLA/resoluciones/RESOLUCIONES%202009/2935.pdf HTTP/1.1" 200 424900
180.76.15.154 - - [07/Jun/2015:04:16:58 -0500] "GET /BLA/boletinlegal;jsessionid=B5ABC375BE7125BEA441C8E678B74358?/? HTTP/1.1" 404 1018
207.46.13.104 - - [07/Jun/2015:04:17:15 -0500] "GET /BLA/resoluciones/RESOLUCIONES%202009/2970.pdf HTTP/1.1" 200 604646
66.249.79.120 - - [07/Jun/2015:04:17:18 -0500] "GET /BLA/resoluciones/AUTOS%202008/0188.pdf HTTP/1.1" 200 96237
180.76.15.28 - - [07/Jun/2015:04:17:33 -0500] "GET /BLA/resoluciones/AUTOS%202012/2189.pdf HTTP/1.1" 200 213549
157.55.39.11 - - [07/Jun/2015:04:17:34 -0500] "GET /BLA/resoluciones/RESOLUCIONES%202009/7346.pdf HTTP/1.1" 200 367588
157.55.39.11 - - [07/Jun/2015:04:17:35 -0500] "GET /BLA/resoluciones/AUTOS%202007/0582.pdf HTTP/1.1" 200 313229
157.55.39.11 - - [07/Jun/2015:04:17:35 -0500] "GET /BLA/resoluciones/RESOLUCIONES%202011/0070.pdf HTTP/1.1" 200 449012
74.86.158.107 - - [07/Jun/2015:04:17:45 -0500] "HEAD / HTTP/1.1" 200 -
207.46.13.104 - - [07/Jun/2015:04:17:45 -0500] "GET /BLA/resoluciones/RESOLUCIONES%202008/5608.pdf HTTP/1.1" 200 263910
157.55.39.167 - - [07/Jun/2015:04:17:59 -0500] "GET /BLA/resoluciones/RESOLUCIONES%202010/2640.pdf HTTP/1.1" 200 511117
157.55.39.167 - - [07/Jun/2015:04:17:59 -0500] "GET /bla/resoluciones/resoluciones%202009/8876.pdf HTTP/1.1" 200 274729
157.55.39.167 - - [07/Jun/2015:04:17:59 -0500] "GET /BLA/resoluciones/RESOLUCIONES%202009/7665.pdf HTTP/1.1" 200 490943
157.55.39.167 - - [07/Jun/2015:04:18:00 -0500] "GET /BLA/resoluciones/RESOLUCIONES%202012/0609.pdf HTTP/1.1" 200 340495
157.55.39.167 - - [07/Jun/2015:04:18:00 -0500] "GET /BLA/resoluciones/RESOLUCIONES%202010/3432.pdf HTTP/1.1" 200 746851
201.245.192.253 - - [07/Jun/2015:04:15:02 -0500] "GET /ForestMSG_SDA/channelAsync/template_word_18303147?X-Atmosphere-tracking-id=ef7b8cca-22a0-3631-7219-93916646b115&X-Atmosphere-Framework=1.0.5&X-Atmosphere-Transport=long-polling&tabid=0.1128270248301344&X-Cache-Date=0&Content-Type=application/xml&_=1433668562266 HTTP/1.1" 200 8193
123.125.71.83 - - [07/Jun/2015:04:18:19 -0500] "GET / HTTP/1.1" 200 10190
180.76.15.147 - - [07/Jun/2015:04:18:25 -0500] "GET /BLA/resoluciones/AUTOS%202012/0987.pdf HTTP/1.1" 200 229766
157.55.39.10 - - [07/Jun/2015:04:18:26 -0500] "GET /BLA/resoluciones/AUTOS%202012/0526.pdf HTTP/1.1" 200 401404
157.55.39.10 - - [07/Jun/2015:04:18:28 -0500] "GET /bla/resoluciones/RESOLUCIONES%202011/5887.pdf HTTP/1.1" 200 363065
207.46.13.104 - - [07/Jun/2015:04:18:28 -0500] "GET /BLA/resoluciones/AUTOS%202012/1357.pdf HTTP/1.1" 200 560357
157.55.39.10 - - [07/Jun/2015:04:18:28 -0500] "GET /BLA/resoluciones/RESOLUCIONES%202011/4997.pdf HTTP/1.1" 200 348969
207.46.13.104 - - [07/Jun/2015:04:18:28 -0500] "GET /bla/resoluciones/resoluciones%202010/0471.pdf HTTP/1.1" 200 112892
157.55.39.10 - - [07/Jun/2015:04:18:28 -0500] "GET /BLA/resoluciones/AUTOS%202009/0286.pdf HTTP/1.1" 200 120947
157.55.39.10 - - [07/Jun/2015:04:18:29 -0500] "GET /BLA/resoluciones/AUTOS%202012/1871.pdf HTTP/1.1" 200 263026
207.46.13.104 - - [07/Jun/2015:04:18:30 -0500] "GET /BLA/resoluciones/RESOLUCIONES%202012/1901.pdf HTTP/1.1" 200 2214073
207.46.13.104 - - [07/Jun/2015:04:18:31 -0500] "GET /bla/resoluciones/RESOLUCIONES%202009/8717.pdf HTTP/1.1" 200 503972
207.46.13.104 - - [07/Jun/2015:04:18:32 -0500] "GET /bla/resoluciones/resoluciones%202010/5612.pdf HTTP/1.1" 200 1315215
180.76.15.15 - - [07/Jun/2015:04:18:42 -0500] "GET /BLA/resoluciones/AUTOS%202014/7087.pdf HTTP/1.1" 200 236093
207.46.13.104 - - [07/Jun/2015:04:18:42 -0500] "GET /bla/resoluciones/resoluciones%202010/6905.pdf HTTP/1.1" 200 64239
180.76.15.140 - - [07/Jun/2015:04:18:59 -0500] "GET /BLA/resoluciones/AUTOS%202013/0382.pdf HTTP/1.1" 200 2688464
207.46.13.104 - - [07/Jun/2015:04:19:09 -0500] "GET /BLA/resoluciones/RESOLUCIONES%202008/3846.pdf HTTP/1.1" 200 525985
207.46.13.104 - - [07/Jun/2015:04:19:10 -0500] "GET /BLA/resoluciones/RESOLUCIONES%202014/1581.pdf HTTP/1.1" 200 717445
207.46.13.104 - - [07/Jun/2015:04:19:10 -0500] "GET /BLA/resoluciones/RESOLUCIONES%202010/4584.pdf HTTP/1.1" 200 937202
207.46.13.104 - - [07/Jun/2015:04:19:11 -0500] "GET /bla/resoluciones/resoluciones%202009/5266.pdf HTTP/1.1" 200 652134
180.76.15.148 - - [07/Jun/2015:04:19:17 -0500] "GET /BLA/resoluciones/RESOLUCIONES%202009/1589.pdf HTTP/1.1" 200 646656
180.76.15.159 - - [07/Jun/2015:04:19:51 -0500] "GET /BLA/resoluciones/RESOLUCIONES%202008/5210.pdf HTTP/1.1" 200 42573
180.76.15.143 - - [07/Jun/2015:04:20:09 -0500] "GET /BLA/resoluciones/RESOLUCIONES%202009/0505.pdf HTTP/1.1" 200 16413
157.55.39.10 - - [07/Jun/2015:04:20:11 -0500] "GET /bla/resoluciones/autos%202010/5514.pdf HTTP/1.1" 200 232472
157.55.39.10 - - [07/Jun/2015:04:20:11 -0500] "GET /BLA/resoluciones/AUTOS%202009/3530.pdf HTTP/1.1" 200 209279
157.55.39.10 - - [07/Jun/2015:04:20:11 -0500] "GET /bla/resoluciones/RESOLUCIONES%202009/7601.pdf HTTP/1.1" 200 494533
157.55.39.10 - - [07/Jun/2015:04:20:12 -0500] "GET /bla/resoluciones/resoluciones%202011/1612.pdf HTTP/1.1" 200 72389
157.55.39.10 - - [07/Jun/2015:04:20:12 -0500] "GET /BLA/resoluciones/RESOLUCIONES%202009/4141.pdf HTTP/1.1" 200 656794
207.46.13.104 - - [07/Jun/2015:04:20:17 -0500] "GET /bla/resoluciones/resoluciones%202009/9425.pdf HTTP/1.1" 200 472413
207.46.13.104 - - [07/Jun/2015:04:20:17 -0500] "GET /BLA/resoluciones/AUTOS%202007/0387.pdf HTTP/1.1" 200 144629
207.46.13.104 - - [07/Jun/2015:04:20:17 -0500] "GET /bla/resoluciones/resoluciones%202011/0250.pdf HTTP/1.1" 200 1589401
207.46.13.104 - - [07/Jun/2015:04:20:19 -0500] "GET /BLA/resoluciones/RESOLUCIONES%202008/4034.pdf HTTP/1.1" 200 519388
207.46.13.104 - - [07/Jun/2015:04:20:19 -0500] "GET /BLA/resoluciones/AUTOS%202012/1175.pdf HTTP/1.1" 200 152310
66.249.79.133 - - [07/Jun/2015:04:20:31 -0500] "GET /BLA/resoluciones/RESOLUCIONES%202013/1092.pdf HTTP/1.1" 304 -
207.46.13.104 - - [07/Jun/2015:04:20:32 -0500] "GET /bla/resoluciones/RESOLUCIONES%202011/4683.pdf HTTP/1.1" 200 611914
207.46.13.104 - - [07/Jun/2015:04:20:33 -0500] "GET /bla/resoluciones/autos%202010/4551.pdf HTTP/1.1" 200 137947
180.76.15.146 - - [07/Jun/2015:04:20:50 -0500] "GET /BLA/resoluciones/AUTOS%202010/1429.pdf HTTP/1.1" 200 167214
207.46.13.104 - - [07/Jun/2015:04:20:51 -0500] "GET /BLA/resoluciones/RESOLUCIONES%202011/0890.pdf HTTP/1.1" 200 142129
207.46.13.104 - - [07/Jun/2015:04:20:51 -0500] "GET /bla/resoluciones/RESOLUCIONES%202009/4723.pdf HTTP/1.1" 200 1139839
207.46.13.104 - - [07/Jun/2015:04:20:52 -0500] "GET /BLA/resoluciones/RESOLUCIONES%202012/1341.pdf HTTP/1.1" 200 2844215
201.245.192.253 - - [07/Jun/2015:04:18:02 -0500] "GET /ForestMSG_SDA/channelAsync/template_word_18303147?X-Atmosphere-tracking-id=ef7b8cca-22a0-3631-7219-93916646b115&X-Atmosphere-Framework=1.0.5&X-Atmosphere-Transport=long-polling&tabid=0.1128270248301344&X-Cache-Date=0&Content-Type=application/xml&_=1433668742321 HTTP/1.1" 200 8193
157.55.39.10 - - [07/Jun/2015:04:21:05 -0500] "GET /BLA/resoluciones/RESOLUCIONES%202010/4567.pdf HTTP/1.1" 200 1101476
157.55.39.10 - - [07/Jun/2015:04:21:06 -0500] "GET /bla/resoluciones/resoluciones%202010/6378.pdf HTTP/1.1" 200 1494954
157.55.39.10 - - [07/Jun/2015:04:21:06 -0500] "GET /BLA/resoluciones/RESOLUCIONES%202007/RES%202007%20301%20AL%20400/RESOLUCION%200367%20DE%202007.pdf HTTP/1.1" 200 484792
207.46.13.104 - - [07/Jun/2015:04:21:09 -0500] "GET /bla/resoluciones/resoluciones%202010/2306.pdf HTTP/1.1" 200 517171
207.46.13.104 - - [07/Jun/2015:04:21:10 -0500] "GET /BLA/resoluciones/RESOLUCIONES%202010/2822.pdf HTTP/1.1" 200 616185
180.76.15.140 - - [07/Jun/2015:04:21:25 -0500] "GET /BLA/resoluciones/AUTOS%202012/1802.pdf HTTP/1.1" 200 444657
207.46.13.104 - - [07/Jun/2015:04:21:38 -0500] "GET /bla/resoluciones/resoluciones%202009/7019.pdf HTTP/1.1" 200 723313
207.46.13.104 - - [07/Jun/2015:04:21:38 -0500] "GET /BLA/resoluciones/Autos%202008/3449.pdf HTTP/1.1" 200 124564
207.46.13.104 - - [07/Jun/2015:04:21:39 -0500] "GET /BLA/resoluciones/RESOLUCIONES%202014/2524.pdf HTTP/1.1" 200 759239
180.76.15.8 - - [07/Jun/2015:04:21:42 -0500] "GET /BLA/resoluciones/RESOLUCIONES%202007/RES%202007%201001%20AL%201100/RESOLUCION%201033%20DE%202007.pdf HTTP/1.1" 200 238760
180.76.15.143 - - [07/Jun/2015:04:21:59 -0500] "GET /BLA/resoluciones/RESOLUCIONES%202013/0195.pdf HTTP/1.1" 200 4332674
180.76.15.29 - - [07/Jun/2015:04:22:17 -0500] "GET /BLA/resoluciones/AUTOS%202010/0850.pdf HTTP/1.1" 200 272397
180.76.15.146 - - [07/Jun/2015:04:22:34 -0500] "GET /BLA/resoluciones/AUTOS%202010/5562.pdf HTTP/1.1" 200 622903
157.55.39.168 - - [07/Jun/2015:04:22:35 -0500] "GET /bla/resoluciones/resoluciones%202011/1458.pdf HTTP/1.1" 200 517883
157.55.39.168 - - [07/Jun/2015:04:22:35 -0500] "GET /bla/resoluciones/RESOLUCIONES%202009/3465.pdf HTTP/1.1" 200 969145
157.55.39.168 - - [07/Jun/2015:04:22:36 -0500] "GET /BLA/resoluciones/AUTOS%202009/2574.pdf HTTP/1.1" 200 112404
157.55.39.168 - - [07/Jun/2015:04:22:36 -0500] "GET /BLA/resoluciones/AUTOS%202007/0542.pdf HTTP/1.1" 200 166589
157.55.39.168 - - [07/Jun/2015:04:22:37 -0500] "GET /bla/resoluciones/resoluciones%202010/0667.pdf HTTP/1.1" 200 384825
157.55.39.168 - - [07/Jun/2015:04:22:37 -0500] "GET /BLA/resoluciones/RESOLUCIONES%202011/5001.pdf HTTP/1.1" 200 350789
157.55.39.168 - - [07/Jun/2015:04:22:37 -0500] "GET /bla/resoluciones/resoluciones%202010/0326.pdf HTTP/1.1" 200 176305
157.55.39.168 - - [07/Jun/2015:04:22:38 -0500] "GET /bla/resoluciones/resoluciones%202010/2348.pdf HTTP/1.1" 200 368216
157.55.39.168 - - [07/Jun/2015:04:22:38 -0500] "GET /bla/resoluciones/resoluciones%202009/8806.pdf HTTP/1.1" 200 355452
157.55.39.168 - - [07/Jun/2015:04:22:39 -0500] "GET /BLA/resoluciones/RESOLUCIONES%202009/3437.pdf HTTP/1.1" 200 1013646
157.55.39.168 - - [07/Jun/2015:04:22:39 -0500] "GET /BLA/resoluciones/RESOLUCIONES%202010/2554.pdf HTTP/1.1" 200 539503
157.55.39.168 - - [07/Jun/2015:04:22:40 -0500] "GET /BLA/resoluciones/RESOLUCIONES%202010/3309.pdf HTTP/1.1" 200 504081
157.55.39.168 - - [07/Jun/2015:04:22:40 -0500] "GET /bla/resoluciones/resoluciones%202010/7070.pdf HTTP/1.1" 200 80165
74.86.158.107 - - [07/Jun/2015:04:22:45 -0500] "HEAD / HTTP/1.1" 200 -
207.46.13.104 - - [07/Jun/2015:04:22:47 -0500] "GET /BLA/resoluciones/RESOLUCIONES%202009/5163.pdf HTTP/1.1" 200 623882
207.46.13.104 - - [07/Jun/2015:04:22:48 -0500] "GET /BLA/resoluciones/RESOLUCIONES%202011/5340.pdf HTTP/1.1" 200 519543
157.55.39.41 - - [07/Jun/2015:04:22:48 -0500] "GET / HTTP/1.1" 200 10190
207.46.13.104 - - [07/Jun/2015:04:22:48 -0500] "GET /bla/resoluciones/RESOLUCIONES%202009/8866.pdf HTTP/1.1" 200 263731
207.46.13.104 - - [07/Jun/2015:04:22:49 -0500] "GET /BLA/resoluciones/AUTOS%202012/2819.pdf HTTP/1.1" 200 291457
207.46.13.104 - - [07/Jun/2015:04:22:49 -0500] "GET /BLA/resoluciones/RESOLUCIONES%202007/RES%202007%20201%20AL%20300/RESOLUCION%200214%20DE%202007.pdf HTTP/1.1" 200 294982
180.76.15.19 - - [07/Jun/2015:04:22:51 -0500] "GET /BLA/resoluciones/AUTOS%202014/7160.pdf HTTP/1.1" 200 2261801
157.55.39.10 - - [07/Jun/2015:04:23:05 -0500] "GET /BLA/resoluciones/AUTOS%202012/1605.pdf HTTP/1.1" 200 204126
157.55.39.10 - - [07/Jun/2015:04:23:06 -0500] "GET /BLA/resoluciones/AUTOS%202009/1344.pdf HTTP/1.1" 200 92458
157.55.39.10 - - [07/Jun/2015:04:23:06 -0500] "GET /BLA/resoluciones/AUTOS%202010/5406.pdf HTTP/1.1" 200 1008047
157.55.39.10 - - [07/Jun/2015:04:23:06 -0500] "GET /BLA/resoluciones/RESOLUCIONES%202011/5138.pdf HTTP/1.1" 200 439641
157.55.39.10 - - [07/Jun/2015:04:23:07 -0500] "GET /bla/resoluciones/resoluciones%202010/0338.pdf HTTP/1.1" 200 296175
180.76.15.29 - - [07/Jun/2015:04:23:09 -0500] "GET /BLA/resoluciones/AUTOS%202011/1724.pdf HTTP/1.1" 200 147159
207.46.13.104 - - [07/Jun/2015:04:23:18 -0500] "GET /BLA/resoluciones/RESOLUCIONES%202009/3464.pdf HTTP/1.1" 200 937563
180.76.15.6 - - [07/Jun/2015:04:23:26 -0500] "GET /BLA/resoluciones/AUTOS%202012/2648.pdf HTTP/1.1" 200 219322
180.76.15.160 - - [07/Jun/2015:04:23:43 -0500] "GET /BLA/resoluciones/AUTOS%202010/0554.pdf HTTP/1.1" 200 241889
66.249.79.107 - - [07/Jun/2015:04:23:43 -0500] "GET /BLA/resoluciones/AUTOS%202010/1410.pdf HTTP/1.1" 200 256328
207.46.13.104 - - [07/Jun/2015:04:23:59 -0500] "GET /bla/resoluciones/resoluciones%202009/9173.pdf HTTP/1.1" 200 437729
207.46.13.104 - - [07/Jun/2015:04:23:59 -0500] "GET /bla/resoluciones/RESOLUCIONES%202009/8770.pdf HTTP/1.1" 200 1042305
201.245.192.253 - - [07/Jun/2015:04:21:02 -0500] "GET /ForestMSG_SDA/channelAsync/template_word_18303147?X-Atmosphere-tracking-id=ef7b8cca-22a0-3631-7219-93916646b115&X-Atmosphere-Framework=1.0.5&X-Atmosphere-Transport=long-polling&tabid=0.1128270248301344&X-Cache-Date=0&Content-Type=application/xml&_=1433668922312 HTTP/1.1" 200 8193
157.55.39.168 - - [07/Jun/2015:04:24:21 -0500] "GET /bla/resoluciones/resoluciones%202011/0650.pdf HTTP/1.1" 200 540189
157.55.39.168 - - [07/Jun/2015:04:24:22 -0500] "GET /BLA/resoluciones/RESOLUCIONES%202011/6198.pdf HTTP/1.1" 200 469641
157.55.39.168 - - [07/Jun/2015:04:24:23 -0500] "GET /BLA/resoluciones/RESOLUCIONES%202008/0750.pdf HTTP/1.1" 200 48214
157.55.39.168 - - [07/Jun/2015:04:24:24 -0500] "GET /BLA/resoluciones/Autos%202008/3070.pdf HTTP/1.1" 200 56318
66.249.79.164 - - [07/Jun/2015:04:24:24 -0500] "GET /normnew/dcpmi.htm HTTP/1.1" 404 1019
157.55.39.168 - - [07/Jun/2015:04:24:25 -0500] "GET /BLA/resoluciones/RESOLUCIONES%202011/3941.pdf HTTP/1.1" 200 722790
207.46.13.104 - - [07/Jun/2015:04:24:30 -0500] "GET /BLA/resoluciones/RESOLUCIONES%202012/1893.pdf HTTP/1.1" 200 893767
220.181.108.106 - - [07/Jun/2015:04:24:33 -0500] "GET / HTTP/1.1" 200 10190
207.46.13.104 - - [07/Jun/2015:04:24:40 -0500] "GET /bla/resoluciones/resoluciones%202010/7686.pdf HTTP/1.1" 200 222731
180.76.15.147 - - [07/Jun/2015:04:24:42 -0500] "GET /BLA/resoluciones/RESOLUCIONES%202008/4579.pdf HTTP/1.1" 200 28429
157.55.39.11 - - [07/Jun/2015:04:24:49 -0500] "GET /BLA/resoluciones/RESOLUCIONES%202010/3463.pdf HTTP/1.1" 200 526875
157.55.39.11 - - [07/Jun/2015:04:24:49 -0500] "GET /bla/resoluciones/resoluciones%202010/0047.pdf HTTP/1.1" 200 487037
157.55.39.11 - - [07/Jun/2015:04:24:50 -0500] "GET /bla/resoluciones/RESOLUCIONES%202011/4616.pdf HTTP/1.1" 200 431627
157.55.39.11 - - [07/Jun/2015:04:24:50 -0500] "GET /BLA/resoluciones/RESOLUCIONES%202008/4003.pdf HTTP/1.1" 200 330820
157.55.39.11 - - [07/Jun/2015:04:24:51 -0500] "GET /bla/resoluciones/RESOLUCIONES%202011/0327.pdf HTTP/1.1" 200 507796
157.55.39.11 - - [07/Jun/2015:04:24:51 -0500] "GET /BLA/resoluciones/RESOLUCIONES%202011/2608.pdf HTTP/1.1" 200 522507
157.55.39.11 - - [07/Jun/2015:04:24:51 -0500] "GET /bla/resoluciones/resoluciones%202010/5763.pdf HTTP/1.1" 200 90979
157.55.39.11 - - [07/Jun/2015:04:24:52 -0500] "GET /BLA/resoluciones/RESOLUCIONES%202011/5019.pdf HTTP/1.1" 200 781030
180.76.15.150 - - [07/Jun/2015:04:24:59 -0500] "GET /BLA/resoluciones/AUTOS%202010/3182.pdf HTTP/1.1" 200 246267
157.55.39.167 - - [07/Jun/2015:04:25:00 -0500] "GET /BLA/resoluciones/RESOLUCIONES%202009/9449.pdf HTTP/1.1" 200 435027
157.55.39.167 - - [07/Jun/2015:04:25:00 -0500] "GET /BLA/resoluciones/RESOLUCIONES%202010/4579.pdf HTTP/1.1" 200 1058128
157.55.39.167 - - [07/Jun/2015:04:25:01 -0500] "GET /BLA/resoluciones/RESOLUCIONES%202011/5530.pdf HTTP/1.1" 200 444505
157.55.39.167 - - [07/Jun/2015:04:25:01 -0500] "GET /BLA/resoluciones/AUTOS%202012/0544.pdf HTTP/1.1" 200 278269
157.55.39.167 - - [07/Jun/2015:04:25:01 -0500] "GET /BLA/resoluciones/AUTOS%202009/2898.pdf HTTP/1.1" 200 84648
157.55.39.167 - - [07/Jun/2015:04:25:02 -0500] "GET /BLA/resoluciones/RESOLUCIONES%202010/3471.pdf HTTP/1.1" 200 516367
180.76.15.155 - - [07/Jun/2015:04:25:16 -0500] "GET /BLA/resoluciones/RESOLUCIONES%202007/RES%202007%202801%20AL%202900/RESOLUCION%202881%20DE%202007.pdf HTTP/1.1" 200 578509
207.46.13.104 - - [07/Jun/2015:04:25:40 -0500] "GET /BLA/resoluciones/RESOLUCIONES%202010/6420.pdf HTTP/1.1" 200 3157703
180.76.15.19 - - [07/Jun/2015:04:25:51 -0500] "GET /BLA/boletinlegal;jsessionid=0B1F0F16A68E34FBEB7AAE1D4843305B?/? HTTP/1.1" 404 1018
157.55.39.10 - - [07/Jun/2015:04:25:59 -0500] "GET /BLA/resoluciones/RESOLUCIONES%202011/4584.pdf HTTP/1.1" 200 666650
157.55.39.10 - - [07/Jun/2015:04:26:00 -0500] "GET /bla/resoluciones/resoluciones%202009/8805.pdf HTTP/1.1" 200 354272
157.55.39.10 - - [07/Jun/2015:04:26:00 -0500] "GET /BLA/resoluciones/RESOLUCIONES%202008/5244.pdf HTTP/1.1" 200 535669
157.55.39.10 - - [07/Jun/2015:04:26:01 -0500] "GET /BLA/resoluciones/RESOLUCIONES%202008/2185.pdf HTTP/1.1" 200 310488
157.55.39.10 - - [07/Jun/2015:04:26:01 -0500] "GET /bla/resoluciones/RESOLUCIONES%202009/3346.pdf HTTP/1.1" 200 726930
