201.245.192.253 - - [12/Jun/2015:08:23:56 -0500] "GET /forest/js/jquery/jquery.layout-latest.js HTTP/1.1" 200 142624
201.245.192.253 - - [12/Jun/2015:08:23:56 -0500] "GET /forest/js/jquery/plugins/grid.setcolumns.js HTTP/1.1" 200 5638
201.245.192.253 - - [12/Jun/2015:08:23:56 -0500] "GET /forest/js/jqGridConf.js HTTP/1.1" 200 19741
201.245.192.253 - - [12/Jun/2015:08:23:56 -0500] "GET /forest/js/jquery/jquery.jqGrid.src.js HTTP/1.1" 200 383407
201.245.192.253 - - [12/Jun/2015:08:23:56 -0500] "GET /forest/js/jquery/plugins/jquery.ui.selectmenu.js HTTP/1.1" 200 26591
190.25.70.26 - - [12/Jun/2015:08:23:57 -0500] "POST /forms/lservlet;jsessionid=ac16012b30d62344696c19854c01887bb9a507771459.e3iSbxaKaheRe34MbhmNaxqNb41ynknvrkLOlQzNp65In0 HTTP/1.1" 200 77
201.245.192.253 - - [12/Jun/2015:08:23:56 -0500] "GET /forest/js/jquery/jquery-ui-latest.js HTTP/1.1" 200 359766
201.245.192.253 - - [12/Jun/2015:08:23:58 -0500] "GET /forest/session.jsp?a=0.13392135733738542 HTTP/1.1" 200 4
190.25.70.26 - - [12/Jun/2015:08:23:58 -0500] "POST /forms/lservlet;jsessionid=ac16012b30d62344696c19854c01887bb9a507771459.e3iSbxaKaheRe34MbhmNaxqNb41ynknvrkLOlQzNp65In0 HTTP/1.1" 200 1409
201.245.192.253 - - [12/Jun/2015:08:23:58 -0500] "GET /forest/img/jquery/ui-bg_flat_0_aaaaaa_40x100.png HTTP/1.1" 200 180
201.245.192.253 - - [12/Jun/2015:08:23:58 -0500] "GET /forest/img/jquery/ui-bg_inset-hard_100_f5f8f9_1x100.png HTTP/1.1" 200 48020
201.245.192.253 - - [12/Jun/2015:08:23:58 -0500] "GET /forest/img/jquery/ui-icons_6da8d5_256x240.png HTTP/1.1" 200 69971
201.245.192.253 - - [12/Jun/2015:08:23:58 -0500] "GET /forest/img/jquery/ui-icons_469bdd_256x240.png HTTP/1.1" 200 70990
201.245.192.253 - - [12/Jun/2015:08:23:58 -0500] "GET /forest/img/jquery/ui-bg_gloss-wave_55_5c9ccc_500x100.png HTTP/1.1" 200 58064
201.245.192.253 - - [12/Jun/2015:08:23:58 -0500] "GET /forest/img/jquery/columnshide.gif HTTP/1.1" 200 591
201.245.192.253 - - [12/Jun/2015:08:23:58 -0500] "GET /forest/img/jquery/save.gif HTTP/1.1" 200 1041
201.245.192.253 - - [12/Jun/2015:08:23:58 -0500] "GET /forest/img/jquery/ui-bg_glass_85_dfeffc_1x400.png HTTP/1.1" 200 50159
201.245.192.253 - - [12/Jun/2015:08:23:58 -0500] "GET /forest/img/jquery/ui-bg_inset-hard_100_fcfdfd_1x100.png HTTP/1.1" 200 47825
201.245.192.253 - - [12/Jun/2015:08:23:58 -0500] "GET /forest/img/jquery/quitarfiltrar.gif HTTP/1.1" 200 1021
201.245.192.253 - - [12/Jun/2015:08:23:58 -0500] "POST /forest/misactividades.do?ajax=true&a=0.7723829005844891 HTTP/1.1" 200 11684
201.245.192.253 - - [12/Jun/2015:08:23:58 -0500] "GET /forest/skins/gdocs-jar/img/clip.gif HTTP/1.1" 200 246
201.245.192.253 - - [12/Jun/2015:08:23:58 -0500] "GET /forest/skins/gdocs-jar/img/doc-alert.gif HTTP/1.1" 200 370
201.245.192.253 - - [12/Jun/2015:08:23:58 -0500] "GET /forest/img/newdocs.gif HTTP/1.1" 200 433
201.245.192.253 - - [12/Jun/2015:08:23:58 -0500] "GET /forest/img/jquery/ui-icons_d8e7f3_256x240.png HTTP/1.1" 200 70558
190.25.70.26 - - [12/Jun/2015:08:23:59 -0500] "POST /forms/lservlet;jsessionid=ac16012b30d62344696c19854c01887bb9a507771459.e3iSbxaKaheRe34MbhmNaxqNb41ynknvrkLOlQzNp65In0 HTTP/1.1" 200 47944
186.154.253.106 - - [12/Jun/2015:08:24:05 -0500] "GET /forest/parameter?action=parametersReportMDX&id_rpt=143&currentTab=tab_presentacion&a=0.6837279081102005 HTTP/1.1" 200 9172
180.76.15.18 - - [12/Jun/2015:08:24:06 -0500] "GET /BLA/resoluciones/AUTOS%202009/1678.pdf HTTP/1.1" 200 122243
190.25.70.26 - - [12/Jun/2015:08:24:10 -0500] "POST /forms/lservlet;jsessionid=ac16012b30d62344696c19854c01887bb9a507771459.e3iSbxaKaheRe34MbhmNaxqNb41ynknvrkLOlQzNp65In0 HTTP/1.1" 200 77
190.25.70.26 - - [12/Jun/2015:08:24:10 -0500] "POST /forms/lservlet;jsessionid=ac16012b30d62344696c19854c01887bb9a507771459.e3iSbxaKaheRe34MbhmNaxqNb41ynknvrkLOlQzNp65In0 HTTP/1.1" 200 998
190.25.70.26 - - [12/Jun/2015:08:24:12 -0500] "POST /forms/lservlet;jsessionid=ac16012b30d62344696c19854c01887bb9a507771459.e3iSbxaKaheRe34MbhmNaxqNb41ynknvrkLOlQzNp65In0 HTTP/1.1" 200 38989
190.158.45.87 - - [12/Jun/2015:08:24:13 -0500] "GET /BLA/resoluciones/AUTOS%202011/7232.pdf HTTP/1.1" 200 186715
201.245.192.253 - - [12/Jun/2015:08:24:17 -0500] "GET /forest/img/jquery/ui-bg_glass_75_d0e5f5_1x400.png HTTP/1.1" 200 50253
186.154.253.106 - - [12/Jun/2015:08:24:18 -0500] "GET /forest/parameter?action=runReportMDX&json=true&listdep=usuario&id_rpt=143&param_dependencia=13&a=0.29024345379673033 HTTP/1.1" 200 10960
190.25.70.26 - - [12/Jun/2015:08:24:22 -0500] "POST /forms/lservlet;jsessionid=ac16012b30d62344696c19854c01887bb9a507771459.e3iSbxaKaheRe34MbhmNaxqNb41ynknvrkLOlQzNp65In0 HTTP/1.1" 200 77
190.25.70.26 - - [12/Jun/2015:08:24:23 -0500] "POST /forms/lservlet;jsessionid=ac16012b30d62344696c19854c01887bb9a507771459.e3iSbxaKaheRe34MbhmNaxqNb41ynknvrkLOlQzNp65In0 HTTP/1.1" 200 1285
180.76.15.22 - - [12/Jun/2015:08:24:24 -0500] "GET /BLA/resoluciones/AUTOS%202009/1326.pdf HTTP/1.1" 200 83806
190.25.70.26 - - [12/Jun/2015:08:24:24 -0500] "POST /forms/lservlet;jsessionid=ac16012b30d62344696c19854c01887bb9a507771459.e3iSbxaKaheRe34MbhmNaxqNb41ynknvrkLOlQzNp65In0 HTTP/1.1" 200 40985
190.25.70.26 - - [12/Jun/2015:08:24:24 -0500] "POST /forms/lservlet;jsessionid=ac16012b30d62344696c19854c01887bb9a507771459.e3iSbxaKaheRe34MbhmNaxqNb41ynknvrkLOlQzNp65In0 HTTP/1.1" 200 2
190.25.29.37 - - [12/Jun/2015:08:24:28 -0500] "POST /forms/lservlet;jsessionid=ac16012b30d60ce355395e9f46a3909482ea5755869e.e3iSbxaKaheRe34MbhmNaxqNb41ynknvrkLOlQzNp65In0 HTTP/1.1" 200 2
201.245.192.253 - - [12/Jun/2015:08:24:31 -0500] "GET /forest/img/jquery/ui-bg_flat_55_fbec88_40x100.png HTTP/1.1" 200 47994
201.245.192.253 - - [12/Jun/2015:08:24:31 -0500] "GET /forest/usutareas.do?codTraEsc=18367221 HTTP/1.1" 200 98625
201.245.192.253 - - [12/Jun/2015:08:24:32 -0500] "GET /forest/skins/gdocs-jar/css/forms.css HTTP/1.1" 200 7180
201.245.192.253 - - [12/Jun/2015:08:24:32 -0500] "GET /forest/skins/gdocs-jar/js/number-functions.js?version=1503.161801 HTTP/1.1" 200 9577
201.245.192.253 - - [12/Jun/2015:08:24:32 -0500] "GET /forest/skins/gdocs-jar/js/swfobject.js?version=1503.161801 HTTP/1.1" 200 6887
201.245.192.253 - - [12/Jun/2015:08:24:32 -0500] "GET /forest/skins/gdocs-jar/js/tareas.js?version=1503.161801 HTTP/1.1" 200 41572
201.245.192.253 - - [12/Jun/2015:08:24:32 -0500] "GET /forest/skins/gdocs-jar/img/desasociarUser.gif HTTP/1.1" 200 1209
201.245.192.253 - - [12/Jun/2015:08:24:32 -0500] "GET /forest/skins/gdocs-jar/img/asociarUserOtraDependencia.gif HTTP/1.1" 200 1217
201.245.192.253 - - [12/Jun/2015:08:24:32 -0500] "GET /forest/img/asociarUser.gif HTTP/1.1" 200 1227
201.245.192.253 - - [12/Jun/2015:08:24:32 -0500] "GET /forest/skins/gdocs-jar/img/comments.gif HTTP/1.1" 200 672
201.245.192.253 - - [12/Jun/2015:08:24:32 -0500] "GET /forest/skins/gdocs-jar/img/vertodossubprocesos.gif HTTP/1.1" 200 167
201.245.192.253 - - [12/Jun/2015:08:24:32 -0500] "GET /forest/skins/gdocs-jar/img/print.gif HTTP/1.1" 200 1195
201.245.192.253 - - [12/Jun/2015:08:24:32 -0500] "GET /forest/skins/gdocs-jar/img/actividad2.gif HTTP/1.1" 200 1189
201.245.192.253 - - [12/Jun/2015:08:24:32 -0500] "GET /forest/skins/gdocs-jar/img/alert.gif HTTP/1.1" 200 595
201.245.192.253 - - [12/Jun/2015:08:24:32 -0500] "GET /forest/skins/gdocs-jar/img/disk.png HTTP/1.1" 200 22070
201.245.192.253 - - [12/Jun/2015:08:24:32 -0500] "GET /forest/skins/gdocs-jar/img/spacer.gif HTTP/1.1" 200 43
201.245.192.253 - - [12/Jun/2015:08:24:32 -0500] "GET /forest/skins/gdocs-jar/img/control-double.png HTTP/1.1" 200 21754
201.245.192.253 - - [12/Jun/2015:08:24:32 -0500] "GET /forest/skins/gdocs-jar/img/prev.gif HTTP/1.1" 200 827
201.245.192.253 - - [12/Jun/2015:08:24:32 -0500] "GET /forest/skins/gdocs-jar/img/icons/docx.gif HTTP/1.1" 200 1039
201.245.192.253 - - [12/Jun/2015:08:24:32 -0500] "GET /forest/skins/gdocs-jar/js/graphicForm.js?version=1503.161801 HTTP/1.1" 200 16490
201.245.192.253 - - [12/Jun/2015:08:24:32 -0500] "GET /forest/skins/gdocs-jar/js/formsBase.js?version=1503.161801 HTTP/1.1" 200 100846
201.245.192.253 - - [12/Jun/2015:08:24:32 -0500] "GET /forest/session.jsp?a=0.4311596879269928 HTTP/1.1" 200 4
201.245.192.253 - - [12/Jun/2015:08:24:32 -0500] "GET /forest/skins/gdocs-jar/img/bgPanel.jpg HTTP/1.1" 200 430
201.245.192.253 - - [12/Jun/2015:08:24:32 -0500] "GET /forest/skins/gdocs-jar/img/green.gif HTTP/1.1" 200 134
190.25.70.26 - - [12/Jun/2015:08:24:33 -0500] "POST /forms/lservlet;jsessionid=ac16012b30d62344696c19854c01887bb9a507771459.e3iSbxaKaheRe34MbhmNaxqNb41ynknvrkLOlQzNp65In0 HTTP/1.1" 200 132
190.25.70.26 - - [12/Jun/2015:08:24:34 -0500] "POST /forms/lservlet;jsessionid=ac16012b30d62344696c19854c01887bb9a507771459.e3iSbxaKaheRe34MbhmNaxqNb41ynknvrkLOlQzNp65In0 HTTP/1.1" 200 1326
190.25.70.26 - - [12/Jun/2015:08:24:36 -0500] "POST /forms/lservlet;jsessionid=ac16012b30d62344696c19854c01887bb9a507771459.e3iSbxaKaheRe34MbhmNaxqNb41ynknvrkLOlQzNp65In0 HTTP/1.1" 200 45603
186.154.253.106 - - [12/Jun/2015:08:24:39 -0500] "GET /forest/session.jsp?a=0.1414009474079616 HTTP/1.1" 200 4
201.245.192.253 - - [12/Jun/2015:08:24:40 -0500] "GET /isolucionsda/g/Bot_TareasOver_ESP.jpg HTTP/1.1" 304 -
180.76.15.153 - - [12/Jun/2015:08:24:41 -0500] "GET /BLA/resoluciones/AUTOS%202009/0915.pdf HTTP/1.1" 200 121165
66.249.79.120 - - [12/Jun/2015:08:24:45 -0500] "GET /BLA/resoluciones/RESOLUCIONES%202011/1848.pdf HTTP/1.1" 200 474646
201.245.192.253 - - [12/Jun/2015:08:24:48 -0500] "GET /forest/actions/forms.getList?codForm=controldevo&id=funzon&text=g HTTP/1.1" 200 1294
201.245.192.253 - - [12/Jun/2015:08:24:50 -0500] "GET /forest/actions/forms.getList?codForm=controldevo&id=funzon&text=ge HTTP/1.1" 200 1300
201.245.192.253 - - [12/Jun/2015:08:24:50 -0500] "GET /forest/actions/forms.getList?codForm=controldevo&id=funzon&text=ger HTTP/1.1" 200 1086
201.245.192.253 - - [12/Jun/2015:08:24:51 -0500] "GET /forest/actions/forms.getList?codForm=controldevo&id=funzon&text=germ HTTP/1.1" 200 698
181.60.213.171 - - [12/Jun/2015:08:24:51 -0500] "POST /forms/lservlet;jsessionid=ac16012b30d65b5938845f994180aae7e95a33f94507.e3iSbxaKaheRe34MbhmNaxqNb41ynknvrkLOlQzNp65In0 HTTP/1.1" 200 2
201.245.192.253 - - [12/Jun/2015:08:24:51 -0500] "GET /forest/actions/forms.getList?codForm=controldevo&id=funzon&text=germa HTTP/1.1" 200 698
201.245.192.253 - - [12/Jun/2015:08:24:51 -0500] "GET /forest/actions/forms.getList?codForm=controldevo&id=funzon&text=german HTTP/1.1" 200 698
190.25.70.26 - - [12/Jun/2015:08:24:55 -0500] "POST /forms/lservlet;jsessionid=ac16012b30d62344696c19854c01887bb9a507771459.e3iSbxaKaheRe34MbhmNaxqNb41ynknvrkLOlQzNp65In0 HTTP/1.1" 200 77
190.25.70.26 - - [12/Jun/2015:08:24:56 -0500] "POST /forms/lservlet;jsessionid=ac16012b30d62344696c19854c01887bb9a507771459.e3iSbxaKaheRe34MbhmNaxqNb41ynknvrkLOlQzNp65In0 HTTP/1.1" 200 1225
201.245.192.253 - - [12/Jun/2015:08:24:59 -0500] "POST /forest/usutareas.do? HTTP/1.1" 200 76
201.245.192.253 - - [12/Jun/2015:08:25:00 -0500] "GET /forest/skins/gdocs-jar/img/ok.gif HTTP/1.1" 200 579
180.76.15.144 - - [12/Jun/2015:08:25:00 -0500] "GET /BLA/resoluciones/AUTOS%202010/1113.pdf HTTP/1.1" 200 174493
201.245.192.253 - - [12/Jun/2015:08:25:03 -0500] "GET /forest/usutareas.do?group_system_actual=3&a=0.7233681457582861 HTTP/1.1" 200 96622
201.245.192.253 - - [12/Jun/2015:08:25:03 -0500] "GET /forest/session.jsp?a=0.13224147609435022 HTTP/1.1" 200 4
190.25.70.26 - - [12/Jun/2015:08:25:06 -0500] "POST /forms/lservlet;jsessionid=ac16012b30d62344696c19854c01887bb9a507771459.e3iSbxaKaheRe34MbhmNaxqNb41ynknvrkLOlQzNp65In0 HTTP/1.1" 200 43762
201.245.192.253 - - [12/Jun/2015:08:25:07 -0500] "GET /forest/misactividades.do?_a=0.22560351388528943&group_system_actual=3 HTTP/1.1" 200 37563
201.245.192.253 - - [12/Jun/2015:08:25:08 -0500] "GET /forest/session.jsp?a=0.2583653412293643 HTTP/1.1" 200 4
190.158.45.87 - - [12/Jun/2015:08:25:08 -0500] "GET /BLA/resoluciones/AUTOS%202008/0558.pdf HTTP/1.1" 200 158499
201.245.192.253 - - [12/Jun/2015:08:25:08 -0500] "POST /forest/misactividades.do?ajax=true&a=0.1727059476543218 HTTP/1.1" 200 11722
186.154.253.106 - - [12/Jun/2015:08:25:10 -0500] "POST /forest/frameset? HTTP/1.1" 200 55477
186.154.253.106 - - [12/Jun/2015:08:25:11 -0500] "GET /forestReports/webcontent/birt/pages/common/processing.jsp?__rtl=false HTTP/1.1" 200 719
190.25.70.26 - - [12/Jun/2015:08:25:12 -0500] "POST /forms/lservlet;jsessionid=ac16012b30d62344696c19854c01887bb9a507771459.e3iSbxaKaheRe34MbhmNaxqNb41ynknvrkLOlQzNp65In0 HTTP/1.1" 200 104
186.154.253.106 - - [12/Jun/2015:08:25:11 -0500] "POST /forest/frameset?__toolbar=true&__report=forest%2Frpts%2F143.rptdesign&__format=&__app=forest&__sessionId=20150612_083057_090&__dpi=96 HTTP/1.1" 200 33999
190.25.70.26 - - [12/Jun/2015:08:25:13 -0500] "POST /forms/lservlet;jsessionid=ac16012b30d62344696c19854c01887bb9a507771459.e3iSbxaKaheRe34MbhmNaxqNb41ynknvrkLOlQzNp65In0 HTTP/1.1" 200 1030
186.154.253.106 - - [12/Jun/2015:08:25:13 -0500] "GET /forest/preview?__sessionId=20150612_083057_090&__imageid=file6ea20f0214de5c7db3c79.gif HTTP/1.1" 200 4169
186.154.253.106 - - [12/Jun/2015:08:25:13 -0500] "GET /forest/preview?__sessionId=20150612_083057_090&__imageid=file6ea20f0214de5c7db3c80.gif HTTP/1.1" 200 2367
190.25.70.26 - - [12/Jun/2015:08:25:14 -0500] "POST /forms/lservlet;jsessionid=ac16012b30d62344696c19854c01887bb9a507771459.e3iSbxaKaheRe34MbhmNaxqNb41ynknvrkLOlQzNp65In0 HTTP/1.1" 200 41053
180.76.15.138 - - [12/Jun/2015:08:25:16 -0500] "GET /BLA/resoluciones/AUTOS%202010/6436.pdf HTTP/1.1" 200 1536224
190.25.70.26 - - [12/Jun/2015:08:25:23 -0500] "POST /forms/lservlet;jsessionid=ac16012b30d62344696c19854c01887bb9a507771459.e3iSbxaKaheRe34MbhmNaxqNb41ynknvrkLOlQzNp65In0 HTTP/1.1" 200 84
190.25.70.26 - - [12/Jun/2015:08:25:27 -0500] "POST /forms/lservlet;jsessionid=ac16012b30d62344696c19854c01887bb9a507771459.e3iSbxaKaheRe34MbhmNaxqNb41ynknvrkLOlQzNp65In0 HTTP/1.1" 200 1245
190.25.70.26 - - [12/Jun/2015:08:25:29 -0500] "POST /forms/lservlet;jsessionid=ac16012b30d62344696c19854c01887bb9a507771459.e3iSbxaKaheRe34MbhmNaxqNb41ynknvrkLOlQzNp65In0 HTTP/1.1" 200 42305
66.249.79.120 - - [12/Jun/2015:08:25:30 -0500] "GET /BLA/resoluciones/RESOLUCIONES%202010/6667.pdf HTTP/1.1" 200 670490
180.76.15.141 - - [12/Jun/2015:08:25:33 -0500] "GET /BLA/resoluciones/AUTOS%202009/3603.pdf HTTP/1.1" 200 206316
190.25.70.26 - - [12/Jun/2015:08:25:38 -0500] "POST /forms/lservlet;jsessionid=ac16012b30d62344696c19854c01887bb9a507771459.e3iSbxaKaheRe34MbhmNaxqNb41ynknvrkLOlQzNp65In0 HTTP/1.1" 200 84
190.25.70.26 - - [12/Jun/2015:08:25:38 -0500] "POST /forms/lservlet;jsessionid=ac16012b30d62344696c19854c01887bb9a507771459.e3iSbxaKaheRe34MbhmNaxqNb41ynknvrkLOlQzNp65In0 HTTP/1.1" 200 1044
66.249.79.133 - - [12/Jun/2015:08:25:39 -0500] "GET /BLA/resoluciones/AUTOS%202009/2744.pdf HTTP/1.1" 200 76423
190.25.70.26 - - [12/Jun/2015:08:25:41 -0500] "POST /forms/lservlet;jsessionid=ac16012b30d62344696c19854c01887bb9a507771459.e3iSbxaKaheRe34MbhmNaxqNb41ynknvrkLOlQzNp65In0 HTTP/1.1" 200 20007
201.245.192.253 - - [12/Jun/2015:08:25:49 -0500] "GET /forest/login.do HTTP/1.1" 200 12815
201.245.192.253 - - [12/Jun/2015:08:25:49 -0500] "GET /forest/skins/gdocs-jar/css/forest.css?version=1503.161801 HTTP/1.1" 304 -
201.245.192.253 - - [12/Jun/2015:08:25:50 -0500] "GET /forest/skins/gdocs-jar/css/menu.css?version=1503.161801 HTTP/1.1" 304 -
201.245.192.253 - - [12/Jun/2015:08:25:50 -0500] "GET /forest/skins/gdocs-jar/css/autocomplete.css?version=1503.161801 HTTP/1.1" 304 -
201.245.192.253 - - [12/Jun/2015:08:25:50 -0500] "GET /forest/css/escritorio.css?version=1503.161801 HTTP/1.1" 304 -
201.245.192.253 - - [12/Jun/2015:08:25:50 -0500] "GET /forest/1ibre/jscalendar/calendar-win2k-1.css?version=1503.161801 HTTP/1.1" 304 -
201.245.192.253 - - [12/Jun/2015:08:25:50 -0500] "GET /forest/css/index.css?version=1503.161801 HTTP/1.1" 304 -
190.27.138.126 - - [12/Jun/2015:08:25:50 -0500] "GET /BLA/boletinlegal/js/jquery.scrollTo-min.js HTTP/1.1" 200 1150
190.27.138.126 - - [12/Jun/2015:08:25:50 -0500] "GET /BLA/boletinlegal/js/jquery.scrollShow.js HTTP/1.1" 200 4586
180.76.15.140 - - [12/Jun/2015:08:25:50 -0500] "GET /BLA/resoluciones/RESOLUCIONES%202007/RES%202007%20101%20AL%20200/RESOLUCION%200171%20DE%202007.pdf HTTP/1.1" 200 40363
201.245.192.253 - - [12/Jun/2015:08:25:50 -0500] "GET /forest/skins/gdocs-jar/css/dialog.css?version=1503.161801 HTTP/1.1" 304 -
201.245.192.253 - - [12/Jun/2015:08:25:50 -0500] "GET /forest/skins/gdocs-jar/css/forms.css?version=1503.161801 HTTP/1.1" 304 -
201.245.192.253 - - [12/Jun/2015:08:25:51 -0500] "GET /forest/img/spacer.gif HTTP/1.1" 304 -
190.25.70.26 - - [12/Jun/2015:08:25:51 -0500] "POST /forms/lservlet;jsessionid=ac16012b30d62344696c19854c01887bb9a507771459.e3iSbxaKaheRe34MbhmNaxqNb41ynknvrkLOlQzNp65In0 HTTP/1.1" 200 84
201.245.192.253 - - [12/Jun/2015:08:25:51 -0500] "GET /forest/img/panel/view_icon.gif HTTP/1.1" 200 681
201.245.192.253 - - [12/Jun/2015:08:25:51 -0500] "GET /forest/img/inicio/1.gif HTTP/1.1" 200 23925
201.245.192.253 - - [12/Jun/2015:08:25:51 -0500] "GET /forest/img/inicio/2.gif HTTP/1.1" 200 42562
201.245.192.253 - - [12/Jun/2015:08:25:51 -0500] "GET /forest/img/inicio/3.gif HTTP/1.1" 200 29737
201.245.192.253 - - [12/Jun/2015:08:25:51 -0500] "GET /forest/img/inicio/4.gif HTTP/1.1" 200 27784
201.245.192.253 - - [12/Jun/2015:08:25:51 -0500] "GET /forest/img/base/bsc2_r1_c1.gif HTTP/1.1" 304 -
201.245.192.253 - - [12/Jun/2015:08:25:51 -0500] "GET /forest/img/base/bsc2_r1_c2.gif HTTP/1.1" 304 -
201.245.192.253 - - [12/Jun/2015:08:25:51 -0500] "GET /forest/img/base/bsc2_r1_c3.gif HTTP/1.1" 304 -
201.245.192.253 - - [12/Jun/2015:08:25:51 -0500] "GET /forest/img/inicio/6.gif HTTP/1.1" 200 12239
201.245.192.253 - - [12/Jun/2015:08:25:51 -0500] "GET /forest/img/inicio/5.gif HTTP/1.1" 200 25611
201.245.192.253 - - [12/Jun/2015:08:25:51 -0500] "GET /forest/img/mplogo.gif HTTP/1.1" 304 -
201.245.192.253 - - [12/Jun/2015:08:25:51 -0500] "GET /forest/img/inicio/7.gif HTTP/1.1" 200 18547
190.25.70.26 - - [12/Jun/2015:08:25:51 -0500] "POST /forms/lservlet;jsessionid=ac16012b30d62344696c19854c01887bb9a507771459.e3iSbxaKaheRe34MbhmNaxqNb41ynknvrkLOlQzNp65In0 HTTP/1.1" 200 1393
201.245.192.253 - - [12/Jun/2015:08:25:53 -0500] "GET /forest/1ibre/1ibre.css HTTP/1.1" 304 -
190.27.138.126 - - [12/Jun/2015:08:26:03 -0500] "GET /galeria/galeria/jquery.fancybox.css?v=2.1.5 HTTP/1.1" 200 4895
190.27.138.126 - - [12/Jun/2015:08:26:03 -0500] "GET /galeria/galeria/jquery.fancybox.js?v=2.1.5 HTTP/1.1" 200 48706
200.106.171.230 - - [12/Jun/2015:08:26:07 -0500] "GET /BLA/boletinlegal/js/jquery.scrollTo-min.js HTTP/1.1" 200 1150
200.106.171.230 - - [12/Jun/2015:08:26:07 -0500] "GET /BLA/boletinlegal/js/jquery.scrollShow.js HTTP/1.1" 200 4586
200.106.171.230 - - [12/Jun/2015:08:26:07 -0500] "GET /galeria/galeria/jquery.fancybox.js?v=2.1.5 HTTP/1.1" 200 48706
200.106.171.230 - - [12/Jun/2015:08:26:07 -0500] "GET /galeria/galeria/jquery.fancybox.css?v=2.1.5 HTTP/1.1" 200 4895
180.76.15.134 - - [12/Jun/2015:08:26:07 -0500] "GET /BLA/resoluciones/AUTOS%202009/0303.pdf HTTP/1.1" 200 194837
190.25.70.26 - - [12/Jun/2015:08:26:11 -0500] "POST /forms/lservlet;jsessionid=ac16012b30d62344696c19854c01887bb9a507771459.e3iSbxaKaheRe34MbhmNaxqNb41ynknvrkLOlQzNp65In0 HTTP/1.1" 200 826
190.25.70.26 - - [12/Jun/2015:08:26:14 -0500] "POST /forms/lservlet;jsessionid=ac16012b30d62344696c19854c01887bb9a507771459.e3iSbxaKaheRe34MbhmNaxqNb41ynknvrkLOlQzNp65In0 HTTP/1.1" 200 75
201.245.192.253 - - [12/Jun/2015:08:26:14 -0500] "POST /forest/login.do HTTP/1.1" 302 -
190.25.70.26 - - [12/Jun/2015:08:26:14 -0500] "POST /forms/lservlet;jsessionid=ac16012b30d62344696c19854c01887bb9a507771459.e3iSbxaKaheRe34MbhmNaxqNb41ynknvrkLOlQzNp65In0 HTTP/1.1" 200 799
201.234.75.11 - - [12/Jun/2015:08:26:17 -0500] "GET /galeria/nivo-slider/demo/images/acuerdo_569.jpg HTTP/1.1" 304 -
201.245.192.253 - - [12/Jun/2015:08:26:17 -0500] "GET /forest/index2.jsp?a=0.7425026813972971 HTTP/1.1" 200 55293
201.245.192.253 - - [12/Jun/2015:08:26:18 -0500] "GET /forest/img/users/3.gif HTTP/1.1" 304 -
201.245.192.253 - - [12/Jun/2015:08:26:18 -0500] "GET /forest/img/users/5.gif HTTP/1.1" 304 -
201.245.192.253 - - [12/Jun/2015:08:26:18 -0500] "GET /forest/img/download_large.gif HTTP/1.1" 304 -
186.154.253.106 - - [12/Jun/2015:08:26:18 -0500] "GET /forest/parameter?action=parametersReportMDX&id_rpt=143&currentTab=tab_presentacion&a=0.22188518719721817 HTTP/1.1" 200 9172
201.245.192.253 - - [12/Jun/2015:08:26:18 -0500] "GET /forest/skins/gdocs-jar/css/autocomplete.css HTTP/1.1" 200 1620
201.245.192.253 - - [12/Jun/2015:08:26:18 -0500] "GET /forest/skins/gdocs-jar/js/xml_utilities.js?version=1503.161801 HTTP/1.1" 304 -
201.245.192.253 - - [12/Jun/2015:08:26:18 -0500] "GET /forest/js/inicio.js?version=1503.161801 HTTP/1.1" 304 -
201.245.192.253 - - [12/Jun/2015:08:26:18 -0500] "GET /forest/skins/gdocs-jar/css/tree.css HTTP/1.1" 304 -
201.245.192.253 - - [12/Jun/2015:08:26:18 -0500] "GET /forest/skins/gdocs-jar/js/autocompletar2.js?version=1503.161801 HTTP/1.1" 304 -
201.245.192.253 - - [12/Jun/2015:08:26:18 -0500] "GET /forest/skins/gdocs-jar/js/misprocesos.js?version=1503.161801 HTTP/1.1" 304 -
201.245.192.253 - - [12/Jun/2015:08:26:19 -0500] "GET /forest/img/buscar_procesos.gif HTTP/1.1" 304 -
201.245.192.253 - - [12/Jun/2015:08:26:19 -0500] "GET /forest/img/pantalla.gif HTTP/1.1" 304 -
201.245.192.253 - - [12/Jun/2015:08:26:19 -0500] "GET /forest/img/salir3.gif HTTP/1.1" 304 -
201.245.192.253 - - [12/Jun/2015:08:26:19 -0500] "GET /forest/img/panel/menu/folder.png HTTP/1.1" 304 -
201.245.192.253 - - [12/Jun/2015:08:26:19 -0500] "GET /forest/img/panel/menu/hoy.png HTTP/1.1" 304 -
201.245.192.253 - - [12/Jun/2015:08:26:19 -0500] "GET /forest/img/misdocumentos.gif HTTP/1.1" 304 -
201.245.192.253 - - [12/Jun/2015:08:26:19 -0500] "GET /forest/skins/gdocs-jar/img/cancel.gif HTTP/1.1" 304 -
201.245.192.253 - - [12/Jun/2015:08:26:19 -0500] "GET /forest/img/fondo-barra.gif HTTP/1.1" 304 -
201.245.192.253 - - [12/Jun/2015:08:26:19 -0500] "GET /forest/session.jsp?a=0.06817903858609498 HTTP/1.1" 200 4
190.25.70.26 - - [12/Jun/2015:08:26:20 -0500] "POST /forms/lservlet;jsessionid=ac16012b30d62344696c19854c01887bb9a507771459.e3iSbxaKaheRe34MbhmNaxqNb41ynknvrkLOlQzNp65In0 HTTP/1.1" 200 1455
186.154.253.106 - - [12/Jun/2015:08:26:23 -0500] "GET /forest/parameter?action=runReportMDX&json=true&listdep=usuario&id_rpt=143&param_dependencia=13&a=0.7489177805141936 HTTP/1.1" 200 10960
190.25.70.26 - - [12/Jun/2015:08:26:24 -0500] "POST /forms/lservlet;jsessionid=ac16012b30d62344696c19854c01887bb9a507771459.e3iSbxaKaheRe34MbhmNaxqNb41ynknvrkLOlQzNp65In0 HTTP/1.1" 200 2
180.76.15.154 - - [12/Jun/2015:08:26:25 -0500] "GET /BLA/resoluciones/AUTOS%202010/5284.pdf HTTP/1.1" 200 186357
190.27.138.126 - - [12/Jun/2015:08:26:28 -0500] "GET /galeria/galeria/jquery.fancybox.css?v=2.1.5 HTTP/1.1" 304 -
190.27.138.126 - - [12/Jun/2015:08:26:28 -0500] "GET /BLA/boletinlegal/js/jquery.scrollTo-min.js HTTP/1.1" 304 -
190.27.138.126 - - [12/Jun/2015:08:26:28 -0500] "GET /BLA/boletinlegal/js/jquery.scrollShow.js HTTP/1.1" 304 -
190.27.138.126 - - [12/Jun/2015:08:26:28 -0500] "GET /galeria/galeria/jquery.fancybox.js?v=2.1.5 HTTP/1.1" 304 -
190.25.29.37 - - [12/Jun/2015:08:26:28 -0500] "POST /forms/lservlet;jsessionid=ac16012b30d60ce355395e9f46a3909482ea5755869e.e3iSbxaKaheRe34MbhmNaxqNb41ynknvrkLOlQzNp65In0 HTTP/1.1" 200 2
190.25.70.26 - - [12/Jun/2015:08:26:28 -0500] "POST /forms/lservlet;jsessionid=ac16012b30d62344696c19854c01887bb9a507771459.e3iSbxaKaheRe34MbhmNaxqNb41ynknvrkLOlQzNp65In0 HTTP/1.1" 200 42446
66.249.79.107 - - [12/Jun/2015:08:26:33 -0500] "GET /BLA/resoluciones/AUTOS%202007/1520.pdf HTTP/1.1" 200 69725
181.55.254.52 - - [12/Jun/2015:08:26:34 -0500] "GET /BLA/boletinlegal/js/jquery.scrollTo-min.js HTTP/1.1" 200 1150
181.55.254.52 - - [12/Jun/2015:08:26:34 -0500] "GET /galeria/galeria/jquery.fancybox.css?v=2.1.5 HTTP/1.1" 200 4895
181.55.254.52 - - [12/Jun/2015:08:26:34 -0500] "GET /BLA/boletinlegal/js/jquery.scrollShow.js HTTP/1.1" 200 4586
181.55.254.52 - - [12/Jun/2015:08:26:35 -0500] "GET /galeria/galeria/jquery.fancybox.js?v=2.1.5 HTTP/1.1" 200 48706
186.154.253.106 - - [12/Jun/2015:08:26:35 -0500] "GET /forest/parameter?action=parametersReportMDX&id_rpt=143&currentTab=tab_presentacion&a=0.5497635040424861 HTTP/1.1" 200 9172
186.154.253.106 - - [12/Jun/2015:08:26:40 -0500] "GET /forest/parameter?action=runReportMDX&json=true&listdep=usuario&id_rpt=143&param_dependencia=13&a=0.14542856146193828 HTTP/1.1" 200 10960
180.76.15.11 - - [12/Jun/2015:08:26:42 -0500] "GET /BLA/resoluciones/AUTOS%202012/2981.pdf HTTP/1.1" 200 281725
186.29.115.201 - - [12/Jun/2015:08:26:47 -0500] "GET /galeria/galeria/jquery.fancybox.css?v=2.1.5 HTTP/1.1" 200 4895
186.29.115.201 - - [12/Jun/2015:08:26:47 -0500] "GET /BLA/boletinlegal/js/jquery.scrollTo-min.js HTTP/1.1" 200 1150
186.29.115.201 - - [12/Jun/2015:08:26:47 -0500] "GET /BLA/boletinlegal/js/jquery.scrollShow.js HTTP/1.1" 200 4586
186.29.115.201 - - [12/Jun/2015:08:26:47 -0500] "GET /galeria/galeria/jquery.fancybox.js?v=2.1.5 HTTP/1.1" 200 48706
190.25.70.26 - - [12/Jun/2015:08:26:47 -0500] "POST /forms/lservlet;jsessionid=ac16012b30d62344696c19854c01887bb9a507771459.e3iSbxaKaheRe34MbhmNaxqNb41ynknvrkLOlQzNp65In0 HTTP/1.1" 200 77
201.245.192.253 - - [12/Jun/2015:08:26:47 -0500] "GET /forest/img/jquery/ui-bg_glass_75_d0e5f5_1x400.png HTTP/1.1" 304 -
190.25.70.26 - - [12/Jun/2015:08:26:48 -0500] "POST /forms/lservlet;jsessionid=ac16012b30d62344696c19854c01887bb9a507771459.e3iSbxaKaheRe34MbhmNaxqNb41ynknvrkLOlQzNp65In0 HTTP/1.1" 200 1220
190.25.70.26 - - [12/Jun/2015:08:26:49 -0500] "POST /forms/lservlet;jsessionid=ac16012b30d62344696c19854c01887bb9a507771459.e3iSbxaKaheRe34MbhmNaxqNb41ynknvrkLOlQzNp65In0 HTTP/1.1" 200 45685
181.60.213.171 - - [12/Jun/2015:08:26:51 -0500] "POST /forms/lservlet;jsessionid=ac16012b30d65b5938845f994180aae7e95a33f94507.e3iSbxaKaheRe34MbhmNaxqNb41ynknvrkLOlQzNp65In0 HTTP/1.1" 200 2
186.154.253.106 - - [12/Jun/2015:08:26:54 -0500] "GET /forest/parameter?action=parametersReportMDX&id_rpt=143&currentTab=tab_presentacion&a=0.03665359915213484 HTTP/1.1" 200 9172
201.245.192.253 - - [12/Jun/2015:08:26:56 -0500] "GET /forest/ HTTP/1.1" 200 60863
190.25.70.26 - - [12/Jun/2015:08:26:57 -0500] "POST /forms/lservlet;jsessionid=ac16012b30d62344696c19854c01887bb9a507771459.e3iSbxaKaheRe34MbhmNaxqNb41ynknvrkLOlQzNp65In0 HTTP/1.1" 200 77
201.245.192.253 - - [12/Jun/2015:08:26:57 -0500] "GET /forest/session.jsp?a=0.7992732715792954 HTTP/1.1" 200 4
190.25.70.26 - - [12/Jun/2015:08:26:58 -0500] "POST /forms/lservlet;jsessionid=ac16012b30d62344696c19854c01887bb9a507771459.e3iSbxaKaheRe34MbhmNaxqNb41ynknvrkLOlQzNp65In0 HTTP/1.1" 200 1242
180.76.15.28 - - [12/Jun/2015:08:26:59 -0500] "GET /BLA/resoluciones/AUTOS%202010/1738.pdf HTTP/1.1" 200 553199
186.154.253.106 - - [12/Jun/2015:08:26:59 -0500] "GET /forest/parameter?action=runReportMDX&json=true&listdep=usuario&id_rpt=143&param_dependencia=13&a=0.8407645160579463 HTTP/1.1" 200 10960
190.25.70.26 - - [12/Jun/2015:08:27:00 -0500] "POST /forms/lservlet;jsessionid=ac16012b30d62344696c19854c01887bb9a507771459.e3iSbxaKaheRe34MbhmNaxqNb41ynknvrkLOlQzNp65In0 HTTP/1.1" 200 45518
181.55.254.52 - - [12/Jun/2015:08:27:01 -0500] "GET /BLA/boletinlegal/js/jquery.scrollTo-min.js HTTP/1.1" 304 -
181.55.254.52 - - [12/Jun/2015:08:27:01 -0500] "GET /galeria/galeria/jquery.fancybox.css?v=2.1.5 HTTP/1.1" 304 -
181.55.254.52 - - [12/Jun/2015:08:27:01 -0500] "GET /galeria/galeria/jquery.fancybox.js?v=2.1.5 HTTP/1.1" 304 -
181.55.254.52 - - [12/Jun/2015:08:27:01 -0500] "GET /BLA/boletinlegal/js/jquery.scrollShow.js HTTP/1.1" 304 -
186.74.227.132 - - [12/Jun/2015:08:27:01 -0500] "GET /BLA/boletinlegal/js/jquery.scrollTo-min.js HTTP/1.1" 200 1150
186.74.227.132 - - [12/Jun/2015:08:27:01 -0500] "GET /galeria/galeria/jquery.fancybox.css?v=2.1.5 HTTP/1.1" 200 4895
186.74.227.132 - - [12/Jun/2015:08:27:01 -0500] "GET /galeria/galeria/jquery.fancybox.js?v=2.1.5 HTTP/1.1" 200 48706
186.74.227.132 - - [12/Jun/2015:08:27:01 -0500] "GET /BLA/boletinlegal/js/jquery.scrollShow.js HTTP/1.1" 200 4586
201.245.192.253 - - [12/Jun/2015:08:27:02 -0500] "GET /forest/logout-redirect.jsp HTTP/1.1" 302 -
201.245.192.253 - - [12/Jun/2015:08:27:02 -0500] "GET /forest/login.do HTTP/1.1" 200 12815
186.29.115.201 - - [12/Jun/2015:08:27:06 -0500] "GET /galeria/galeria/jquery.fancybox.css?v=2.1.5 HTTP/1.1" 304 -
186.29.115.201 - - [12/Jun/2015:08:27:06 -0500] "GET /BLA/boletinlegal/js/jquery.scrollTo-min.js HTTP/1.1" 304 -
186.29.115.201 - - [12/Jun/2015:08:27:06 -0500] "GET /BLA/boletinlegal/js/jquery.scrollShow.js HTTP/1.1" 304 -
186.29.115.201 - - [12/Jun/2015:08:27:06 -0500] "GET /galeria/galeria/jquery.fancybox.js?v=2.1.5 HTTP/1.1" 304 -
186.154.253.106 - - [12/Jun/2015:08:27:13 -0500] "POST /forest/frameset? HTTP/1.1" 200 55456
186.154.253.106 - - [12/Jun/2015:08:27:13 -0500] "POST /forest/frameset? HTTP/1.1" 200 55457
186.154.253.106 - - [12/Jun/2015:08:27:14 -0500] "GET /forestReports/webcontent/birt/pages/common/processing.jsp?__rtl=false HTTP/1.1" 200 719
186.154.253.106 - - [12/Jun/2015:08:27:15 -0500] "GET /forestReports/webcontent/birt/pages/common/processing.jsp?__rtl=false HTTP/1.1" 200 719
186.154.253.106 - - [12/Jun/2015:08:27:15 -0500] "POST /forest/frameset?__toolbar=true&__report=forest%2Frpts%2F143.rptdesign&__format=&__app=forest&__sessionId=20150612_083259_985&__dpi=96 HTTP/1.1" 200 18144
186.28.233.82 - - [12/Jun/2015:08:27:16 -0500] "GET /galeria/galeria/jquery.fancybox.css?v=2.1.5 HTTP/1.1" 200 4895
186.154.253.106 - - [12/Jun/2015:08:27:16 -0500] "GET /forest/preview?__sessionId=20150612_083259_985&__imageid=file6ea20f0214de5c7db3c86.gif HTTP/1.1" 200 2367
186.154.253.106 - - [12/Jun/2015:08:27:16 -0500] "GET /forest/preview?__sessionId=20150612_083259_985&__imageid=file6ea20f0214de5c7db3c85.gif HTTP/1.1" 200 4169
186.28.233.82 - - [12/Jun/2015:08:27:16 -0500] "GET /BLA/boletinlegal/js/jquery.scrollShow.js HTTP/1.1" 200 4586
186.28.233.82 - - [12/Jun/2015:08:27:16 -0500] "GET /galeria/galeria/jquery.fancybox.js?v=2.1.5 HTTP/1.1" 200 48706
201.245.192.253 - - [12/Jun/2015:08:27:16 -0500] "GET /forest/index2.jsp?_a=0.8657446661964059 HTTP/1.1" 200 12815
190.25.70.26 - - [12/Jun/2015:08:27:16 -0500] "POST /forms/lservlet;jsessionid=ac16012b30d62344696c19854c01887bb9a507771459.e3iSbxaKaheRe34MbhmNaxqNb41ynknvrkLOlQzNp65In0 HTTP/1.1" 200 77
186.28.233.82 - - [12/Jun/2015:08:27:16 -0500] "GET /BLA/boletinlegal/js/jquery.scrollTo-min.js HTTP/1.1" 200 1150
180.76.15.10 - - [12/Jun/2015:08:27:17 -0500] "GET /BLA/resoluciones/AUTOS%202009/2706.pdf HTTP/1.1" 200 95658
186.154.253.106 - - [12/Jun/2015:08:27:16 -0500] "POST /forest/frameset?__toolbar=true&__report=forest%2Frpts%2F143.rptdesign&__app=forest&__format=&__sessionId=20150612_083259_984 HTTP/1.1" 200 18144
74.86.158.107 - - [12/Jun/2015:08:27:17 -0500] "HEAD / HTTP/1.1" 200 -
186.154.253.106 - - [12/Jun/2015:08:27:17 -0500] "GET /forest/preview?__sessionId=20150612_083259_984&__imageid=file6ea20f0214de5c7db3c88.gif HTTP/1.1" 200 2367
186.154.253.106 - - [12/Jun/2015:08:27:17 -0500] "GET /forest/preview?__sessionId=20150612_083259_984&__imageid=file6ea20f0214de5c7db3c87.gif HTTP/1.1" 200 4169
190.25.70.26 - - [12/Jun/2015:08:27:17 -0500] "POST /forms/lservlet;jsessionid=ac16012b30d62344696c19854c01887bb9a507771459.e3iSbxaKaheRe34MbhmNaxqNb41ynknvrkLOlQzNp65In0 HTTP/1.1" 200 1000
181.50.92.73 - - [12/Jun/2015:08:27:19 -0500] "GET /forest/session.jsp?a=0.7235497660003603 HTTP/1.1" 200 4
190.25.70.26 - - [12/Jun/2015:08:27:19 -0500] "POST /forms/lservlet;jsessionid=ac16012b30d62344696c19854c01887bb9a507771459.e3iSbxaKaheRe34MbhmNaxqNb41ynknvrkLOlQzNp65In0 HTTP/1.1" 200 39685
190.25.70.26 - - [12/Jun/2015:08:27:26 -0500] "POST /forms/lservlet;jsessionid=ac16012b30d62344696c19854c01887bb9a507771459.e3iSbxaKaheRe34MbhmNaxqNb41ynknvrkLOlQzNp65In0 HTTP/1.1" 200 77
186.28.233.82 - - [12/Jun/2015:08:27:27 -0500] "GET /BLA/boletinlegal/js/jquery.scrollTo-min.js HTTP/1.1" 304 -
186.28.233.82 - - [12/Jun/2015:08:27:27 -0500] "GET /galeria/galeria/jquery.fancybox.js?v=2.1.5 HTTP/1.1" 304 -
186.28.233.82 - - [12/Jun/2015:08:27:27 -0500] "GET /BLA/boletinlegal/js/jquery.scrollShow.js HTTP/1.1" 304 -
186.28.233.82 - - [12/Jun/2015:08:27:27 -0500] "GET /galeria/galeria/jquery.fancybox.css?v=2.1.5 HTTP/1.1" 304 -
190.25.70.26 - - [12/Jun/2015:08:27:27 -0500] "POST /forms/lservlet;jsessionid=ac16012b30d62344696c19854c01887bb9a507771459.e3iSbxaKaheRe34MbhmNaxqNb41ynknvrkLOlQzNp65In0 HTTP/1.1" 200 1401
66.249.79.120 - - [12/Jun/2015:08:27:27 -0500] "GET /BLA/resoluciones/RESOLUCIONES%202007/RES%202007%202201%20AL%202300/RESOLUCION%202214%20DE%202007.pdf HTTP/1.1" 200 42397
190.25.70.26 - - [12/Jun/2015:08:27:28 -0500] "POST /forms/lservlet;jsessionid=ac16012b30d62344696c19854c01887bb9a507771459.e3iSbxaKaheRe34MbhmNaxqNb41ynknvrkLOlQzNp65In0 HTTP/1.1" 200 39599
186.154.253.106 - - [12/Jun/2015:08:27:29 -0500] "GET /forest/radicacion.do?codMod=11&group_system_actual=4&_a=0.3623190040053311 HTTP/1.1" 200 66969
186.154.253.106 - - [12/Jun/2015:08:27:29 -0500] "GET /forest/skins/gdocs-jar/css/forest.css?version=1503.161801 HTTP/1.1" 304 -
186.154.253.106 - - [12/Jun/2015:08:27:29 -0500] "GET /forest/skins/gdocs-jar/css/menu.css?version=1503.161801 HTTP/1.1" 304 -
186.154.253.106 - - [12/Jun/2015:08:27:29 -0500] "GET /forest/skins/gdocs-jar/css/autocomplete.css?version=1503.161801 HTTP/1.1" 304 -
186.154.253.106 - - [12/Jun/2015:08:27:29 -0500] "GET /forest/css/escritorio.css?version=1503.161801 HTTP/1.1" 304 -
186.154.253.106 - - [12/Jun/2015:08:27:29 -0500] "GET /forest/css/index.css?version=1503.161801 HTTP/1.1" 304 -
186.154.253.106 - - [12/Jun/2015:08:27:29 -0500] "GET /forest/1ibre/jscalendar/calendar-win2k-1.css?version=1503.161801 HTTP/1.1" 304 -
186.154.253.106 - - [12/Jun/2015:08:27:29 -0500] "GET /forest/skins/gdocs-jar/css/dialog.css?version=1503.161801 HTTP/1.1" 304 -
186.154.253.106 - - [12/Jun/2015:08:27:29 -0500] "GET /forest/skins/gdocs-jar/css/forms.css?version=1503.161801 HTTP/1.1" 304 -
186.154.253.106 - - [12/Jun/2015:08:27:29 -0500] "GET /forest/skins/gdocs-jar/js/autocompletar2.js?version=1503.161801 HTTP/1.1" 304 -
186.154.253.106 - - [12/Jun/2015:08:27:29 -0500] "GET /forest/js/sarissa.js?version=1503.161801 HTTP/1.1" 304 -
186.154.253.106 - - [12/Jun/2015:08:27:29 -0500] "GET /forest/js/common.js?version=1503.161801 HTTP/1.1" 304 -
186.154.253.106 - - [12/Jun/2015:08:27:29 -0500] "GET /forest/js/internJS.js?version=1503.161801 HTTP/1.1" 304 -
186.154.253.106 - - [12/Jun/2015:08:27:29 -0500] "GET /forest/js/SelectManager.js?version=1503.161801 HTTP/1.1" 304 -
186.154.253.106 - - [12/Jun/2015:08:27:29 -0500] "GET /forest/js/xml_utilities.js?version=1503.161801 HTTP/1.1" 304 -
186.154.253.106 - - [12/Jun/2015:08:27:29 -0500] "GET /forest/js/load-process-info.js?version=1503.161801 HTTP/1.1" 304 -
186.154.253.106 - - [12/Jun/2015:08:27:29 -0500] "GET /forest/js/radicacion.js?version=1503.161801 HTTP/1.1" 304 -
186.154.253.106 - - [12/Jun/2015:08:27:29 -0500] "GET /forest/img/forestIcon.gif?version=1503.161801 HTTP/1.1" 304 -
186.154.253.106 - - [12/Jun/2015:08:27:30 -0500] "GET /forest/json.do?query=tipDocsByClaDoc&claDoc=1&a=0.004749773618794584&a=0.1467486572916179 HTTP/1.1" 200 238
201.245.192.253 - - [12/Jun/2015:08:27:30 -0500] "POST /forest/login.do HTTP/1.1" 302 -
201.245.192.253 - - [12/Jun/2015:08:27:30 -0500] "GET /forest/index2.jsp?a=0.7797858648398353 HTTP/1.1" 200 60866
201.245.192.253 - - [12/Jun/2015:08:27:31 -0500] "GET /forest/session.jsp?a=0.17984550027176738 HTTP/1.1" 200 4
186.154.253.106 - - [12/Jun/2015:08:27:32 -0500] "GET /forest/session.jsp?a=0.9674774881207816 HTTP/1.1" 200 4
186.154.253.106 - - [12/Jun/2015:08:27:32 -0500] "GET /forest/json.do?query=fuenteTipMed&tipMed=&a=0.7714228679333235&a=0.28506408372510483 HTTP/1.1" 200 2
186.154.253.106 - - [12/Jun/2015:08:27:32 -0500] "GET /forest/radicacion.do?codMod=11&group_system_actual=4&_a=0.3623190040053311 HTTP/1.1" 200 66970
186.154.253.106 - - [12/Jun/2015:08:27:32 -0500] "GET /forest/radicacion.do?codMod=11&group_system_actual=4&_a=0.3623190040053311 HTTP/1.1" 200 66970
186.154.253.106 - - [12/Jun/2015:08:27:33 -0500] "GET /forest/radicacion.do?codMod=11&group_system_actual=4&_a=0.3623190040053311 HTTP/1.1" 200 66970
186.154.253.106 - - [12/Jun/2015:08:27:33 -0500] "GET /forest/radicacion.do?codMod=11&group_system_actual=4&_a=0.3623190040053311 HTTP/1.1" 200 66970
190.25.70.26 - - [12/Jun/2015:08:27:33 -0500] "POST /forms/lservlet;jsessionid=ac16012b30d62344696c19854c01887bb9a507771459.e3iSbxaKaheRe34MbhmNaxqNb41ynknvrkLOlQzNp65In0 HTTP/1.1" 200 77
186.154.253.106 - - [12/Jun/2015:08:27:33 -0500] "GET /forest/radicacion.do?codMod=11&group_system_actual=4&_a=0.3623190040053311 HTTP/1.1" 200 66970
180.76.15.13 - - [12/Jun/2015:08:27:34 -0500] "GET /BLA/resoluciones/RESOLUCIONES%202007/RES%202007%20101%20AL%20200/RESOLUCION%200165%20DE%202007.pdf HTTP/1.1" 200 343458
186.154.253.106 - - [12/Jun/2015:08:27:34 -0500] "GET /forest/radicacion.do?codMod=11&group_system_actual=4&_a=0.3623190040053311 HTTP/1.1" 200 66970
186.154.253.106 - - [12/Jun/2015:08:27:34 -0500] "GET /forest/radicacion.do?codMod=11&group_system_actual=4&_a=0.3623190040053311 HTTP/1.1" 200 66970
190.25.70.26 - - [12/Jun/2015:08:27:34 -0500] "POST /forms/lservlet;jsessionid=ac16012b30d62344696c19854c01887bb9a507771459.e3iSbxaKaheRe34MbhmNaxqNb41ynknvrkLOlQzNp65In0 HTTP/1.1" 200 1197
186.154.253.106 - - [12/Jun/2015:08:27:34 -0500] "GET /forest/radicacion.do?codMod=11&group_system_actual=4&_a=0.3623190040053311 HTTP/1.1" 200 66970
186.154.253.106 - - [12/Jun/2015:08:27:35 -0500] "GET /forest/radicacion.do?codMod=11&group_system_actual=4&_a=0.3623190040053311 HTTP/1.1" 200 66970
186.154.253.106 - - [12/Jun/2015:08:27:35 -0500] "GET /forest/radicacion.do?codMod=11&group_system_actual=4&_a=0.3623190040053311 HTTP/1.1" 200 66970
186.154.253.106 - - [12/Jun/2015:08:27:36 -0500] "GET /forest/radicacion.do?codMod=11&group_system_actual=4&_a=0.3623190040053311 HTTP/1.1" 200 66970
186.154.253.106 - - [12/Jun/2015:08:27:36 -0500] "GET /forest/radicacion.do?codMod=11&group_system_actual=4&_a=0.3623190040053311 HTTP/1.1" 200 66970
190.25.70.26 - - [12/Jun/2015:08:27:36 -0500] "POST /forms/lservlet;jsessionid=ac16012b30d62344696c19854c01887bb9a507771459.e3iSbxaKaheRe34MbhmNaxqNb41ynknvrkLOlQzNp65In0 HTTP/1.1" 200 46872
186.154.253.106 - - [12/Jun/2015:08:27:36 -0500] "GET /forest/radicacion.do?codMod=11&group_system_actual=4&_a=0.3623190040053311 HTTP/1.1" 200 66970
186.154.253.106 - - [12/Jun/2015:08:27:37 -0500] "GET /forest/radicacion.do?codMod=11&group_system_actual=4&_a=0.3623190040053311 HTTP/1.1" 200 66970
186.154.253.106 - - [12/Jun/2015:08:27:37 -0500] "GET /forest/radicacion.do?codMod=11&group_system_actual=4&_a=0.3623190040053311 HTTP/1.1" 200 66970
186.154.253.106 - - [12/Jun/2015:08:27:37 -0500] "GET /forest/radicacion.do?codMod=11&group_system_actual=4&_a=0.3623190040053311 HTTP/1.1" 200 66970
186.154.253.106 - - [12/Jun/2015:08:27:38 -0500] "GET /forest/radicacion.do?codMod=11&group_system_actual=4&_a=0.3623190040053311 HTTP/1.1" 200 66970
186.154.253.106 - - [12/Jun/2015:08:27:38 -0500] "GET /forest/radicacion.do?codMod=11&group_system_actual=4&_a=0.3623190040053311 HTTP/1.1" 200 66970
186.154.253.106 - - [12/Jun/2015:08:27:38 -0500] "GET /forest/radicacion.do?codMod=11&group_system_actual=4&_a=0.3623190040053311 HTTP/1.1" 200 66970
186.154.253.106 - - [12/Jun/2015:08:27:39 -0500] "GET /forest/radicacion.do?codMod=11&group_system_actual=4&_a=0.3623190040053311 HTTP/1.1" 200 66970
186.154.253.106 - - [12/Jun/2015:08:27:39 -0500] "GET /forest/radicacion.do?codMod=11&group_system_actual=4&_a=0.3623190040053311 HTTP/1.1" 200 66970
186.154.253.106 - - [12/Jun/2015:08:27:39 -0500] "GET /forest/radicacion.do?codMod=11&group_system_actual=4&_a=0.3623190040053311 HTTP/1.1" 200 66970
186.154.253.106 - - [12/Jun/2015:08:27:40 -0500] "GET /forest/radicacion.do?codMod=11&group_system_actual=4&_a=0.3623190040053311 HTTP/1.1" 200 66970
186.154.253.106 - - [12/Jun/2015:08:27:40 -0500] "GET /forest/radicacion.do?codMod=11&group_system_actual=4&_a=0.3623190040053311 HTTP/1.1" 200 66970
186.154.253.106 - - [12/Jun/2015:08:27:40 -0500] "GET /forest/radicacion.do?codMod=11&group_system_actual=4&_a=0.3623190040053311 HTTP/1.1" 200 66970
186.154.253.106 - - [12/Jun/2015:08:27:41 -0500] "GET /forest/radicacion.do?codMod=11&group_system_actual=4&_a=0.3623190040053311 HTTP/1.1" 200 66970
190.25.70.26 - - [12/Jun/2015:08:27:48 -0500] "POST /forms/lservlet;jsessionid=ac16012b30d62344696c19854c01887bb9a507771459.e3iSbxaKaheRe34MbhmNaxqNb41ynknvrkLOlQzNp65In0 HTTP/1.1" 200 77
190.25.70.26 - - [12/Jun/2015:08:27:49 -0500] "POST /forms/lservlet;jsessionid=ac16012b30d62344696c19854c01887bb9a507771459.e3iSbxaKaheRe34MbhmNaxqNb41ynknvrkLOlQzNp65In0 HTTP/1.1" 200 1246
190.25.70.26 - - [12/Jun/2015:08:27:51 -0500] "POST /forms/lservlet;jsessionid=ac16012b30d62344696c19854c01887bb9a507771459.e3iSbxaKaheRe34MbhmNaxqNb41ynknvrkLOlQzNp65In0 HTTP/1.1" 200 35920
180.76.15.33 - - [12/Jun/2015:08:27:51 -0500] "GET /BLA/resoluciones/AUTOS%202009/1293.pdf HTTP/1.1" 200 211332
172.22.2.1 - - [12/Jun/2015:08:27:52 -0500] "GET /forest/session.jsp?a=0.8190365340963631 HTTP/1.1" 200 4
186.28.219.161 - - [12/Jun/2015:08:27:55 -0500] "GET /BLA/boletinlegal/js/jquery.scrollTo-min.js HTTP/1.1" 200 1150
186.28.219.161 - - [12/Jun/2015:08:27:55 -0500] "GET /BLA/boletinlegal/js/jquery.scrollShow.js HTTP/1.1" 200 4586
186.28.219.161 - - [12/Jun/2015:08:27:55 -0500] "GET /galeria/galeria/jquery.fancybox.js?v=2.1.5 HTTP/1.1" 200 48706
186.28.219.161 - - [12/Jun/2015:08:27:55 -0500] "GET /galeria/galeria/jquery.fancybox.css?v=2.1.5 HTTP/1.1" 200 4895
186.28.219.161 - - [12/Jun/2015:08:28:01 -0500] "GET /BLA/boletinlegal/js/jquery.scrollTo-min.js HTTP/1.1" 200 1150
186.28.219.161 - - [12/Jun/2015:08:28:01 -0500] "GET /BLA/boletinlegal/js/jquery.scrollShow.js HTTP/1.1" 200 4586
186.28.219.161 - - [12/Jun/2015:08:28:01 -0500] "GET /galeria/galeria/jquery.fancybox.js?v=2.1.5 HTTP/1.1" 200 48706
186.28.219.161 - - [12/Jun/2015:08:28:01 -0500] "GET /galeria/galeria/jquery.fancybox.css?v=2.1.5 HTTP/1.1" 200 4895
190.60.98.2 - - [12/Jun/2015:08:28:08 -0500] "GET /galeria/nivo-slider/demo/demo.html HTTP/1.1" 304 -
66.249.79.107 - - [12/Jun/2015:08:28:08 -0500] "GET /BLA/resoluciones/RESOLUCIONES%202009/6015.pdf HTTP/1.1" 200 338996
180.76.15.147 - - [12/Jun/2015:08:28:08 -0500] "GET /BLA/resoluciones/AUTOS%202009/1466.pdf HTTP/1.1" 200 201898
190.60.98.2 - - [12/Jun/2015:08:28:11 -0500] "GET /galeria/nivo-slider/demo/images/banner-Pacto-por-la-madera.jpg HTTP/1.1" 304 -
190.60.98.2 - - [12/Jun/2015:08:28:11 -0500] "GET /galeria/nivo-slider/demo/images/acuerdo_569.jpg HTTP/1.1" 304 -
190.85.26.125 - - [12/Jun/2015:08:28:12 -0500] "GET /galeria/nivo-slider/demo/demo.html HTTP/1.1" 304 -
190.216.154.146 - - [12/Jun/2015:08:28:14 -0500] "GET /galeria/galeria/jquery.fancybox.js?v=2.1.5 HTTP/1.1" 304 -
190.216.154.146 - - [12/Jun/2015:08:28:14 -0500] "GET /galeria/galeria/jquery.fancybox.css?v=2.1.5 HTTP/1.1" 304 -
157.55.39.243 - - [12/Jun/2015:08:28:15 -0500] "GET /robots.txt HTTP/1.1" 404 1015
190.156.118.212 - - [12/Jun/2015:08:28:15 -0500] "GET /galeria/galeria/jquery.fancybox.css?v=2.1.5 HTTP/1.1" 200 4895
190.156.118.212 - - [12/Jun/2015:08:28:15 -0500] "GET /galeria/carrusel/Carrusel/jquery.thumbnailScroller.css HTTP/1.1" 200 2066
190.156.118.212 - - [12/Jun/2015:08:28:16 -0500] "GET /galeria/nivo-slider/demo/demo.html HTTP/1.1" 200 4410
200.21.209.183 - - [12/Jun/2015:08:28:16 -0500] "GET /BLA/boletinlegal/js/jquery.scrollShow.js HTTP/1.1" 200 4586
200.21.209.183 - - [12/Jun/2015:08:28:16 -0500] "GET /BLA/boletinlegal/js/jquery.scrollTo-min.js HTTP/1.1" 200 1150
190.156.118.212 - - [12/Jun/2015:08:28:17 -0500] "GET /galeria/nivo-slider/themes/default/default.css HTTP/1.1" 200 1569
190.156.118.212 - - [12/Jun/2015:08:28:17 -0500] "GET /galeria/nivo-slider/themes/pascal/pascal.css HTTP/1.1" 200 2258
190.156.118.212 - - [12/Jun/2015:08:28:17 -0500] "GET /galeria/nivo-slider/themes/orman/orman.css HTTP/1.1" 200 2152
190.156.118.212 - - [12/Jun/2015:08:28:17 -0500] "GET /galeria/nivo-slider/demo/style.css HTTP/1.1" 200 2222
190.156.118.212 - - [12/Jun/2015:08:28:17 -0500] "GET /galeria/nivo-slider/demo/scripts/jquery-1.7.1.min.js HTTP/1.1" 200 93868
190.156.118.212 - - [12/Jun/2015:08:28:17 -0500] "GET /galeria/nivo-slider/nivo-slider.css HTTP/1.1" 200 1507
200.21.209.183 - - [12/Jun/2015:08:28:17 -0500] "GET /galeria/galeria/jquery.fancybox.js?v=2.1.5 HTTP/1.1" 200 48706
190.156.118.212 - - [12/Jun/2015:08:28:17 -0500] "GET /galeria/nivo-slider/jquery.nivo.slider.pack.js HTTP/1.1" 200 11561
190.156.118.212 - - [12/Jun/2015:08:28:17 -0500] "GET /galeria/nivo-slider/demo/images/9Signos.jpg HTTP/1.1" 200 81776
190.156.118.212 - - [12/Jun/2015:08:28:17 -0500] "GET /galeria/nivo-slider/demo/images/Comparendo-ambiental-Banner.jpg HTTP/1.1" 200 83731
190.156.118.212 - - [12/Jun/2015:08:28:17 -0500] "GET /galeria/nivo-slider/demo/images/GAE-banner.jpg HTTP/1.1" 200 97556
190.156.118.212 - - [12/Jun/2015:08:28:17 -0500] "GET /galeria/nivo-slider/demo/images/Banner-encuesta-de-percepscio.jpg HTTP/1.1" 200 201899
190.156.118.212 - - [12/Jun/2015:08:28:17 -0500] "GET /galeria/nivo-slider/demo/images/banner-Pacto-por-la-madera.jpg HTTP/1.1" 200 209966
190.156.118.212 - - [12/Jun/2015:08:28:17 -0500] "GET /galeria/nivo-slider/demo/images/acuerdo_569.jpg HTTP/1.1" 200 62670
190.156.118.212 - - [12/Jun/2015:08:28:18 -0500] "GET /galeria/nivo-slider/demo/images/Licitaciones-proyecto-paramo.jpg HTTP/1.1" 200 221877
200.21.209.183 - - [12/Jun/2015:08:28:18 -0500] "GET /galeria/galeria/jquery.fancybox.css?v=2.1.5 HTTP/1.1" 200 4895
190.156.118.212 - - [12/Jun/2015:08:28:18 -0500] "GET /galeria/nivo-slider/demo/images/Banner-decreto1299.jpg HTTP/1.1" 200 182613
190.156.118.212 - - [12/Jun/2015:08:28:18 -0500] "GET /galeria/nivo-slider/demo/images/Banner-Directorio.jpg HTTP/1.1" 200 182068
190.156.118.212 - - [12/Jun/2015:08:28:18 -0500] "GET /galeria/nivo-slider/demo/images/Ruta-vertimientos-01.jpg HTTP/1.1" 200 130151
190.156.118.212 - - [12/Jun/2015:08:28:19 -0500] "GET /galeria/nivo-slider/demo/images/bolsas-06.jpg HTTP/1.1" 200 90982
190.156.118.212 - - [12/Jun/2015:08:28:19 -0500] "GET /galeria/nivo-slider/demo/images/Conoce-los-humedales.jpg HTTP/1.1" 200 294036
190.156.118.212 - - [12/Jun/2015:08:28:19 -0500] "GET /galeria/nivo-slider/demo/images/ecolecta-Dic2014.png HTTP/1.1" 200 288593
200.21.209.183 - - [12/Jun/2015:08:28:19 -0500] "GET /galeria/carrusel/Carrusel/jquery.thumbnailScroller.css HTTP/1.1" 200 2066
201.245.192.253 - - [12/Jun/2015:08:28:20 -0500] "GET /galeria/nivo-slider/demo/demo.html HTTP/1.1" 304 -
190.156.118.212 - - [12/Jun/2015:08:28:20 -0500] "GET /galeria/nivo-slider/demo/images/Banner-Caracol-Africano.jpg HTTP/1.1" 200 331986
190.156.118.212 - - [12/Jun/2015:08:28:20 -0500] "GET /galeria/nivo-slider/demo/images/banner-llantas2.jpg HTTP/1.1" 200 204644
200.21.209.183 - - [12/Jun/2015:08:28:20 -0500] "GET /galeria/carrusel/Carrusel/jquery-ui-1.8.13.custom.min.js HTTP/1.1" 200 10800
200.21.209.183 - - [12/Jun/2015:08:28:20 -0500] "GET /galeria/carrusel/Carrusel/jquery.thumbnailScroller.js HTTP/1.1" 200 8157
190.156.118.212 - - [12/Jun/2015:08:28:22 -0500] "GET /galeria/nivo-slider/demo/images/4Simple_Slider.png HTTP/1.1" 200 11722
190.156.118.212 - - [12/Jun/2015:08:28:22 -0500] "GET /galeria/nivo-slider/themes/default/loading.gif HTTP/1.1" 200 1737
66.249.79.120 - - [12/Jun/2015:08:28:21 -0500] "GET /BLA/resoluciones/index.php?dir=RESOLUCIONES%202007/RES%202007%202301%20AL%202400/&sort=date&order=asc HTTP/1.1" 200 26611
190.156.118.212 - - [12/Jun/2015:08:28:23 -0500] "GET /galeria/nivo-slider/themes/default/bullets.png HTTP/1.1" 200 1281
190.156.118.212 - - [12/Jun/2015:08:28:23 -0500] "GET /galeria/nivo-slider/themes/default/arrows.png HTTP/1.1" 200 824
190.25.70.26 - - [12/Jun/2015:08:28:24 -0500] "POST /forms/lservlet;jsessionid=ac16012b30d62344696c19854c01887bb9a507771459.e3iSbxaKaheRe34MbhmNaxqNb41ynknvrkLOlQzNp65In0 HTTP/1.1" 200 2
180.76.15.161 - - [12/Jun/2015:08:28:26 -0500] "GET /BLA/resoluciones/AUTOS%202009/1198.pdf HTTP/1.1" 200 124872
201.245.192.253 - - [12/Jun/2015:08:28:27 -0500] "GET /galeria/nivo-slider/demo/images/bolsas-06.jpg HTTP/1.1" 304 -
201.245.192.253 - - [12/Jun/2015:08:28:27 -0500] "GET /galeria/nivo-slider/demo/images/acuerdo_569.jpg HTTP/1.1" 304 -
201.245.192.253 - - [12/Jun/2015:08:28:27 -0500] "GET /galeria/nivo-slider/demo/images/Banner-Directorio.jpg HTTP/1.1" 304 -
201.245.192.253 - - [12/Jun/2015:08:28:27 -0500] "GET /galeria/nivo-slider/demo/images/Ruta-vertimientos-01.jpg HTTP/1.1" 304 -
201.245.192.253 - - [12/Jun/2015:08:28:27 -0500] "GET /galeria/nivo-slider/demo/images/banner-Pacto-por-la-madera.jpg HTTP/1.1" 304 -
201.245.192.253 - - [12/Jun/2015:08:28:27 -0500] "GET /galeria/nivo-slider/demo/images/Licitaciones-proyecto-paramo.jpg HTTP/1.1" 304 -
201.245.192.253 - - [12/Jun/2015:08:28:27 -0500] "GET /galeria/nivo-slider/demo/images/9Signos.jpg HTTP/1.1" 304 -
201.245.192.253 - - [12/Jun/2015:08:28:27 -0500] "GET /galeria/nivo-slider/demo/images/Comparendo-ambiental-Banner.jpg HTTP/1.1" 304 -
201.245.192.253 - - [12/Jun/2015:08:28:27 -0500] "GET /galeria/nivo-slider/demo/images/Banner-encuesta-de-percepscio.jpg HTTP/1.1" 304 -
201.245.192.253 - - [12/Jun/2015:08:28:27 -0500] "GET /galeria/nivo-slider/demo/images/ecolecta-Dic2014.png HTTP/1.1" 304 -
201.245.192.253 - - [12/Jun/2015:08:28:27 -0500] "GET /galeria/nivo-slider/demo/images/Banner-Caracol-Africano.jpg HTTP/1.1" 304 -
201.245.192.253 - - [12/Jun/2015:08:28:27 -0500] "GET /galeria/nivo-slider/demo/images/banner-llantas2.jpg HTTP/1.1" 304 -
201.245.192.253 - - [12/Jun/2015:08:28:27 -0500] "GET /galeria/nivo-slider/demo/images/4Simple_Slider.png HTTP/1.1" 304 -
