181.129.73.185 - - [14/Jun/2015:10:17:05 -0500] "GET /forest/actions/forms.getList?codForm=IncioNumeracion&id=Radicaciones10&text=2012E079299 HTTP/1.1" 200 2
181.129.73.185 - - [14/Jun/2015:10:17:05 -0500] "GET /forest/actions/forms.getList?codForm=IncioNumeracion&id=Radicaciones10&text=2012e079299 HTTP/1.1" 200 2
181.129.73.185 - - [14/Jun/2015:10:17:05 -0500] "GET /forest/actions/forms.getList?codForm=IncioNumeracion&id=Radicaciones10&text=2012ER079299 HTTP/1.1" 200 41
66.249.79.107 - - [14/Jun/2015:10:17:35 -0500] "GET /BLA/resoluciones/AUTOS%202008/0965.pdf HTTP/1.1" 200 93917
181.129.73.185 - - [14/Jun/2015:10:17:46 -0500] "GET /forest/actions/forms.getMappedValues?id=Radicaciones10&value=1503160&codForm=IncioNumeracion&a=0.32644949783571064 HTTP/1.1" 200 26
181.129.73.185 - - [14/Jun/2015:10:17:46 -0500] "GET /forest/actions/forms.getItemList?codForm=IncioNumeracion&id=NUMTER31&value=860030197-0&a=0.07844437821768224 HTTP/1.1" 200 69
201.244.242.223 - - [14/Jun/2015:10:12:03 -0500] "GET /ForestMSG_SDA/channelAsync/template_word_17714981?X-Atmosphere-tracking-id=6d7fca2c-0507-4aa1-1890-02687f72efa5&X-Atmosphere-Framework=1.0.5&X-Atmosphere-Transport=long-polling&tabid=0.051150521263480186&X-Cache-Date=0&Content-Type=application/xml&_=1434294846058 HTTP/1.1" 200 8193
181.129.73.185 - - [14/Jun/2015:10:18:21 -0500] "POST /forest/actions/forms.saveForm?codPro=134 HTTP/1.1" 200 165
181.129.73.185 - - [14/Jun/2015:10:18:29 -0500] "GET /forest/index2.jsp?group_system_actual=3&a=0.18589444016106427 HTTP/1.1" 200 59212
181.129.73.185 - - [14/Jun/2015:10:18:30 -0500] "GET /forest/session.jsp?a=0.3103972631506622 HTTP/1.1" 200 4
181.129.73.185 - - [14/Jun/2015:10:18:31 -0500] "GET /forest/usutareas.do?group_system_actual=3&codTraEsc=18381109&_a=0.17474846287962165 HTTP/1.1" 200 118250
181.129.73.185 - - [14/Jun/2015:10:18:33 -0500] "GET /forest/session.jsp?a=0.40285135176964104 HTTP/1.1" 200 4
181.129.73.185 - - [14/Jun/2015:10:18:33 -0500] "GET /forest/actions/forms.getMappedValues?id=id_Numeracion1&value=1434295994062&codForm=ClasificarSolicitud&a=0.46809824579395354 HTTP/1.1" 200 122
66.249.79.120 - - [14/Jun/2015:10:18:43 -0500] "GET /BLA/resoluciones/RESOLUCIONES%202011/5274.pdf HTTP/1.1" 200 512867
66.249.79.107 - - [14/Jun/2015:10:18:45 -0500] "GET /BLA/resoluciones/RESOLUCIONES%202011/4030.pdf HTTP/1.1" 200 823830
181.61.177.202 - - [14/Jun/2015:10:18:54 -0500] "GET /BLA/boletinlegal/js/jquery.scrollShow.js HTTP/1.1" 200 4586
181.61.177.202 - - [14/Jun/2015:10:18:54 -0500] "GET /BLA/boletinlegal/js/jquery.scrollTo-min.js HTTP/1.1" 200 1150
181.61.177.202 - - [14/Jun/2015:10:18:54 -0500] "GET /galeria/galeria/jquery.fancybox.js?v=2.1.5 HTTP/1.1" 200 48706
181.61.177.202 - - [14/Jun/2015:10:18:55 -0500] "GET /galeria/galeria/jquery.fancybox.css?v=2.1.5 HTTP/1.1" 200 4895
186.84.24.240 - - [14/Jun/2015:10:19:20 -0500] "GET /BLA/boletinlegal/consulta_actos.php?tipo=autos&no=1621&usuario=&sector=&fecha=2013&resuelve= HTTP/1.1" 200 1024
181.129.73.185 - - [14/Jun/2015:10:13:21 -0500] "GET /ForestMSG_SDA/channelAsync/template_word_18381096?X-Atmosphere-tracking-id=acfc44ac-b97f-8176-17bc-be66ba5b297b&X-Atmosphere-Framework=1.0.5&X-Atmosphere-Transport=long-polling&tabid=0.1191820225212723&X-Cache-Date=0&Content-Type=application/xml&_=1434294921997 HTTP/1.1" 200 8193
181.61.177.202 - - [14/Jun/2015:10:19:35 -0500] "GET /BLA/boletinlegal/js/jquery.scrollTo-min.js HTTP/1.1" 304 -
181.61.177.202 - - [14/Jun/2015:10:19:35 -0500] "GET /BLA/boletinlegal/js/jquery.scrollShow.js HTTP/1.1" 304 -
181.61.177.202 - - [14/Jun/2015:10:19:35 -0500] "GET /galeria/galeria/jquery.fancybox.js?v=2.1.5 HTTP/1.1" 304 -
181.61.177.202 - - [14/Jun/2015:10:19:35 -0500] "GET /galeria/galeria/jquery.fancybox.css?v=2.1.5 HTTP/1.1" 304 -
186.84.24.240 - - [14/Jun/2015:10:19:36 -0500] "GET /BLA/resoluciones/AUTOS%202013/1621.pdf HTTP/1.1" 200 1700156
190.157.78.59 - - [14/Jun/2015:10:19:36 -0500] "GET /BLA/resoluciones/RESOLUCIONES%202013/0466.pdf HTTP/1.1" 200 4657784
186.84.24.240 - - [14/Jun/2015:10:19:37 -0500] "GET /BLA/resoluciones/AUTOS%202013/1621.pdf HTTP/1.1" 206 32768
186.84.24.240 - - [14/Jun/2015:10:19:37 -0500] "GET /BLA/resoluciones/AUTOS%202013/1621.pdf HTTP/1.1" 206 1667388
74.86.158.107 - - [14/Jun/2015:10:19:38 -0500] "HEAD / HTTP/1.1" 200 -
190.157.78.59 - - [14/Jun/2015:10:19:42 -0500] "GET /BLA/resoluciones/RESOLUCIONES%202013/0466.pdf HTTP/1.1" 206 4096
190.157.78.59 - - [14/Jun/2015:10:19:42 -0500] "GET /BLA/resoluciones/RESOLUCIONES%202013/0466.pdf HTTP/1.1" 206 1658050
66.249.79.133 - - [14/Jun/2015:10:19:55 -0500] "GET /BLA/resoluciones/RESOLUCIONES%202010/0963.pdf HTTP/1.1" 200 436723
186.145.101.156 - - [14/Jun/2015:10:19:59 -0500] "GET /BLA/boletinlegal/js/jquery.scrollShow.js HTTP/1.1" 200 4586
186.145.101.156 - - [14/Jun/2015:10:19:59 -0500] "GET /BLA/boletinlegal/js/jquery.scrollTo-min.js HTTP/1.1" 200 1150
186.145.101.156 - - [14/Jun/2015:10:19:59 -0500] "GET /galeria/galeria/jquery.fancybox.css?v=2.1.5 HTTP/1.1" 200 4895
186.145.101.156 - - [14/Jun/2015:10:19:59 -0500] "GET /galeria/galeria/jquery.fancybox.js?v=2.1.5 HTTP/1.1" 200 48706
186.145.101.156 - - [14/Jun/2015:10:20:09 -0500] "GET /BLA/boletinlegal/js/jquery.scrollTo-min.js HTTP/1.1" 200 1150
186.145.101.156 - - [14/Jun/2015:10:20:09 -0500] "GET /galeria/galeria/jquery.fancybox.js?v=2.1.5 HTTP/1.1" 200 48706
186.145.101.156 - - [14/Jun/2015:10:20:09 -0500] "GET /BLA/boletinlegal/js/jquery.scrollShow.js HTTP/1.1" 200 4586
186.145.101.156 - - [14/Jun/2015:10:20:09 -0500] "GET /galeria/galeria/jquery.fancybox.css?v=2.1.5 HTTP/1.1" 200 4895
66.249.79.107 - - [14/Jun/2015:10:20:14 -0500] "GET /BLA/resoluciones/RESOLUCIONES%202007/RES%202007%203401%20AL%203500/RESOLUCION%203469%20DE%202007.pdf HTTP/1.1" 304 -
190.255.40.77 - - [14/Jun/2015:10:20:17 -0500] "GET /BLA/boletinlegal/js/jquery.scrollTo-min.js HTTP/1.1" 200 1150
190.255.40.77 - - [14/Jun/2015:10:20:17 -0500] "GET /galeria/galeria/jquery.fancybox.css?v=2.1.5 HTTP/1.1" 200 4895
190.255.40.77 - - [14/Jun/2015:10:20:17 -0500] "GET /BLA/boletinlegal/js/jquery.scrollShow.js HTTP/1.1" 200 4586
190.255.40.77 - - [14/Jun/2015:10:20:17 -0500] "GET /galeria/galeria/jquery.fancybox.js?v=2.1.5 HTTP/1.1" 200 48706
186.167.243.7 - - [14/Jun/2015:10:20:24 -0500] "GET /galeria/galeria/jquery.fancybox.css?v=2.1.5 HTTP/1.1" 200 4895
186.167.243.7 - - [14/Jun/2015:10:20:24 -0500] "GET /BLA/boletinlegal/js/jquery.scrollTo-min.js HTTP/1.1" 200 1150
186.167.243.7 - - [14/Jun/2015:10:20:24 -0500] "GET /BLA/boletinlegal/js/jquery.scrollShow.js HTTP/1.1" 200 4586
186.167.243.7 - - [14/Jun/2015:10:20:24 -0500] "GET /galeria/galeria/jquery.fancybox.js?v=2.1.5 HTTP/1.1" 200 48706
190.255.40.77 - - [14/Jun/2015:10:20:25 -0500] "GET /galeria/galeria/jquery.fancybox.css?v=2.1.5 HTTP/1.1" 304 -
190.255.40.77 - - [14/Jun/2015:10:20:25 -0500] "GET /BLA/boletinlegal/js/jquery.scrollTo-min.js HTTP/1.1" 304 -
190.255.40.77 - - [14/Jun/2015:10:20:25 -0500] "GET /BLA/boletinlegal/js/jquery.scrollShow.js HTTP/1.1" 304 -
190.255.40.77 - - [14/Jun/2015:10:20:25 -0500] "GET /galeria/galeria/jquery.fancybox.js?v=2.1.5 HTTP/1.1" 304 -
186.167.243.7 - - [14/Jun/2015:10:20:51 -0500] "GET /videos/CRRFFS.mp4 HTTP/1.1" 200 286784363
186.167.243.7 - - [14/Jun/2015:10:20:55 -0500] "GET /BLA/boletinlegal/js/jquery.scrollTo-min.js HTTP/1.1" 304 -
186.167.243.7 - - [14/Jun/2015:10:20:55 -0500] "GET /galeria/galeria/jquery.fancybox.js?v=2.1.5 HTTP/1.1" 304 -
186.167.243.7 - - [14/Jun/2015:10:20:55 -0500] "GET /BLA/boletinlegal/js/jquery.scrollShow.js HTTP/1.1" 304 -
186.167.243.7 - - [14/Jun/2015:10:20:55 -0500] "GET /galeria/galeria/jquery.fancybox.css?v=2.1.5 HTTP/1.1" 304 -
66.249.79.107 - - [14/Jun/2015:10:21:05 -0500] "GET /BLA/resoluciones/AUTOS%202007/2970.pdf HTTP/1.1" 200 222627
186.167.243.7 - - [14/Jun/2015:10:21:07 -0500] "GET /videos/CRRFFS.mp4 HTTP/1.1" 206 1
66.249.79.164 - - [14/Jun/2015:10:21:14 -0500] "GET /Autoliquidacion/index.php?dir=TR%C1MITES%20AGUAS%20SUBTERR%C1NEAS/126PM04-PR92-%20PERMISO%20EXPLORACI%D3N%20AGUAS%20SUBTERRANEAS/&sort=size&order=desc HTTP/1.1" 200 2973
66.249.79.133 - - [14/Jun/2015:10:21:40 -0500] "GET /BLA/boletinlegal/images/arr_r.jpg HTTP/1.1" 304 -
188.165.15.200 - - [14/Jun/2015:10:21:42 -0500] "GET /galeria/galeria/fotos/9.jpg HTTP/1.1" 200 206239
66.249.79.133 - - [14/Jun/2015:10:22:15 -0500] "GET /BLA/resoluciones/RESOLUCIONES%202010/2928.pdf HTTP/1.1" 200 487365
181.129.73.185 - - [14/Jun/2015:10:16:31 -0500] "GET /ForestMSG_SDA/channelAsync/template_word_18381105?X-Atmosphere-tracking-id=dd07f5ec-7036-3edc-4967-c58d84c7addb&X-Atmosphere-Framework=1.0.5&X-Atmosphere-Transport=long-polling&tabid=0.26859590504318476&X-Cache-Date=0&Content-Type=application/xml&_=1434295111237 HTTP/1.1" 200 8193
181.129.73.185 - - [14/Jun/2015:10:22:32 -0500] "POST /forest/usutareas.do? HTTP/1.1" 200 76
207.46.13.77 - - [14/Jun/2015:10:22:37 -0500] "GET /galeria/nivo-slider/demo/demo.html HTTP/1.1" 200 4410
207.46.13.20 - - [14/Jun/2015:10:22:50 -0500] "GET /galeria/carrusel/Carrusel/jquery-ui-1.8.13.custom.min.js HTTP/1.1" 200 10800
181.129.73.185 - - [14/Jun/2015:10:22:47 -0500] "GET /forest/usutareas.do?group_system_actual=3&a=0.8433503643609583 HTTP/1.1" 200 109677
181.129.73.185 - - [14/Jun/2015:10:22:52 -0500] "GET /forest/session.jsp?a=0.5119718324858695 HTTP/1.1" 200 4
181.129.73.185 - - [14/Jun/2015:10:22:52 -0500] "GET /forest/actions/forms.getMappedValues?id=id_Numeracion1&value=1434295994062&codForm=ElaborarDocumento&a=0.813014569459483 HTTP/1.1" 200 109
181.129.73.185 - - [14/Jun/2015:10:23:21 -0500] "GET /forest/index2.jsp?_a=0.5946718535851687 HTTP/1.1" 200 59227
181.129.73.185 - - [14/Jun/2015:10:23:22 -0500] "GET /forest/session.jsp?a=0.8642578339204192 HTTP/1.1" 200 4
66.249.79.120 - - [14/Jun/2015:10:23:25 -0500] "GET /BLA/resoluciones/RESOLUCIONES%202009/8045.pdf HTTP/1.1" 200 414626
181.129.73.185 - - [14/Jun/2015:10:23:25 -0500] "GET /forest/usutareas.do?group_system_actual=3&codTraEsc=18381122&_a=0.869814145120202 HTTP/1.1" 200 109677
181.129.73.185 - - [14/Jun/2015:10:22:51 -0500] "GET /ForestMSG_SDA/channelAsync/template_word_18381122?X-Atmosphere-tracking-id=a0409663-dca0-b61f-f804-dbd22477719c&X-Atmosphere-Framework=1.0.5&X-Atmosphere-Transport=long-polling&tabid=0.8361377178225666&X-Cache-Date=0&Content-Type=application/xml&_=1434295491581 HTTP/1.1" 200 8193
181.129.73.185 - - [14/Jun/2015:10:23:28 -0500] "GET /forest/session.jsp?a=0.8817167235538363 HTTP/1.1" 200 4
181.129.73.185 - - [14/Jun/2015:10:23:28 -0500] "GET /forest/actions/forms.getMappedValues?id=id_Numeracion1&value=1434295994062&codForm=ElaborarDocumento&a=0.4859548818785697 HTTP/1.1" 200 109
181.129.73.185 - - [14/Jun/2015:10:23:30 -0500] "GET /forest/index2.jsp?_a=0.8607716013211757 HTTP/1.1" 200 59229
181.129.73.185 - - [14/Jun/2015:10:23:31 -0500] "GET /forest/session.jsp?a=0.1792083326727152 HTTP/1.1" 200 4
181.129.73.185 - - [14/Jun/2015:10:23:36 -0500] "GET /forest/forms/showform.jsp?codPro=134&codForm=IncioNumeracion&a=0.16444993414916098 HTTP/1.1" 200 17109
181.129.73.185 - - [14/Jun/2015:10:23:38 -0500] "GET /forest/actions/forms.getList?codForm=IncioNumeracion&id=Tercero165&text=j HTTP/1.1" 200 1258
181.129.73.185 - - [14/Jun/2015:10:23:39 -0500] "GET /forest/actions/forms.getList?codForm=IncioNumeracion&id=Tercero165&text=ja HTTP/1.1" 200 1193
181.129.73.185 - - [14/Jun/2015:10:23:39 -0500] "GET /forest/actions/forms.getList?codForm=IncioNumeracion&id=Tercero165&text=jar HTTP/1.1" 200 1262
181.129.73.185 - - [14/Jun/2015:10:23:39 -0500] "GET /forest/actions/forms.getList?codForm=IncioNumeracion&id=Tercero165&text=jard HTTP/1.1" 200 1234
181.129.73.185 - - [14/Jun/2015:10:23:40 -0500] "GET /forest/actions/forms.getList?codForm=IncioNumeracion&id=Tercero165&text=jardi HTTP/1.1" 200 1373
181.129.73.185 - - [14/Jun/2015:10:23:40 -0500] "GET /forest/actions/forms.getList?codForm=IncioNumeracion&id=Tercero165&text=jardin HTTP/1.1" 200 1373
181.129.73.185 - - [14/Jun/2015:10:23:40 -0500] "GET /forest/actions/forms.getList?codForm=IncioNumeracion&id=Tercero165&text=jardin%20 HTTP/1.1" 200 1371
181.129.73.185 - - [14/Jun/2015:10:23:40 -0500] "GET /forest/actions/forms.getList?codForm=IncioNumeracion&id=Tercero165&text=jardin%20b HTTP/1.1" 200 484
181.129.73.185 - - [14/Jun/2015:10:23:40 -0500] "GET /forest/actions/forms.getList?codForm=IncioNumeracion&id=Tercero165&text=jardin%20bo HTTP/1.1" 200 353
181.129.73.185 - - [14/Jun/2015:10:23:41 -0500] "GET /forest/actions/forms.getList?codForm=IncioNumeracion&id=Tercero165&text=jardin%20bot HTTP/1.1" 200 353
181.129.73.185 - - [14/Jun/2015:10:23:41 -0500] "GET /forest/actions/forms.getList?codForm=IncioNumeracion&id=Tercero165&text=jardin%20bota HTTP/1.1" 200 353
181.129.73.185 - - [14/Jun/2015:10:23:42 -0500] "GET /forest/actions/forms.getList?codForm=IncioNumeracion&id=Tercero165&text=jardin%20botan HTTP/1.1" 200 353
181.129.73.185 - - [14/Jun/2015:10:23:42 -0500] "GET /forest/actions/forms.getList?codForm=IncioNumeracion&id=Tercero165&text=jardin%20botani HTTP/1.1" 200 353
181.129.73.185 - - [14/Jun/2015:10:23:42 -0500] "GET /forest/actions/forms.getList?codForm=IncioNumeracion&id=Tercero165&text=jardin%20botanic HTTP/1.1" 200 353
181.129.73.185 - - [14/Jun/2015:10:23:43 -0500] "GET /forest/actions/forms.getList?codForm=IncioNumeracion&id=Tercero165&text=jardin%20botanico HTTP/1.1" 200 353
181.129.73.185 - - [14/Jun/2015:10:23:43 -0500] "GET /forest/actions/forms.getList?codForm=IncioNumeracion&id=Tercero165&text=jardin%20botanico%20 HTTP/1.1" 200 132
190.9.201.32 - - [14/Jun/2015:10:23:47 -0500] "GET /BLA/resoluciones/AUTOS%202014/3164.pdf HTTP/1.1" 200 390926
190.9.201.32 - - [14/Jun/2015:10:23:47 -0500] "GET /favicon.ico HTTP/1.1" 200 7782
181.129.73.185 - - [14/Jun/2015:10:23:48 -0500] "GET /forest/actions/forms.getList?codForm=IncioNumeracion&id=Radicaciones10&text=2 HTTP/1.1" 200 770
181.129.73.185 - - [14/Jun/2015:10:23:48 -0500] "GET /forest/actions/forms.getList?codForm=IncioNumeracion&id=Radicaciones10&text=20 HTTP/1.1" 200 770
181.129.73.185 - - [14/Jun/2015:10:23:48 -0500] "GET /forest/actions/forms.getList?codForm=IncioNumeracion&id=Radicaciones10&text=201 HTTP/1.1" 200 780
181.129.73.185 - - [14/Jun/2015:10:23:48 -0500] "GET /forest/actions/forms.getList?codForm=IncioNumeracion&id=Radicaciones10&text=2012 HTTP/1.1" 200 774
181.129.73.185 - - [14/Jun/2015:10:23:49 -0500] "GET /forest/actions/forms.getList?codForm=IncioNumeracion&id=Radicaciones10&text=2012E HTTP/1.1" 200 801
181.129.73.185 - - [14/Jun/2015:10:23:50 -0500] "GET /forest/actions/forms.getList?codForm=IncioNumeracion&id=Radicaciones10&text=2012ER0 HTTP/1.1" 200 801
181.129.73.185 - - [14/Jun/2015:10:23:50 -0500] "GET /forest/actions/forms.getList?codForm=IncioNumeracion&id=Radicaciones10&text=2012ER HTTP/1.1" 200 801
181.129.73.185 - - [14/Jun/2015:10:23:50 -0500] "GET /forest/actions/forms.getList?codForm=IncioNumeracion&id=Radicaciones10&text=2012ER07 HTTP/1.1" 200 801
181.129.73.185 - - [14/Jun/2015:10:23:51 -0500] "GET /forest/actions/forms.getList?codForm=IncioNumeracion&id=Radicaciones10&text=2012ER079 HTTP/1.1" 200 801
181.129.73.185 - - [14/Jun/2015:10:23:51 -0500] "GET /forest/actions/forms.getList?codForm=IncioNumeracion&id=Radicaciones10&text=2012ER0792 HTTP/1.1" 200 801
201.244.242.223 - - [14/Jun/2015:10:18:04 -0500] "GET /ForestMSG_SDA/channelAsync/template_word_17714981?X-Atmosphere-tracking-id=6d7fca2c-0507-4aa1-1890-02687f72efa5&X-Atmosphere-Framework=1.0.5&X-Atmosphere-Transport=long-polling&tabid=0.051150521263480186&X-Cache-Date=0&Content-Type=application/xml&_=1434295207057 HTTP/1.1" 200 8193
181.129.73.185 - - [14/Jun/2015:10:24:02 -0500] "GET /forest/actions/forms.getList?codForm=IncioNumeracion&id=Radicaciones10&text=2012ER07929 HTTP/1.1" 200 281
181.129.73.185 - - [14/Jun/2015:10:24:03 -0500] "GET /forest/actions/forms.getList?codForm=IncioNumeracion&id=Radicaciones10&text=2012ER079299 HTTP/1.1" 200 41
181.129.73.185 - - [14/Jun/2015:10:24:36 -0500] "GET /forest/actions/forms.getMappedValues?id=Radicaciones10&value=1503160&codForm=IncioNumeracion&a=0.9740896956063807 HTTP/1.1" 200 26
181.129.73.185 - - [14/Jun/2015:10:24:36 -0500] "GET /forest/actions/forms.getItemList?codForm=IncioNumeracion&id=NUMTER31&value=860030197-0&a=0.6232114573940635 HTTP/1.1" 200 69
74.86.158.107 - - [14/Jun/2015:10:24:38 -0500] "HEAD / HTTP/1.1" 200 -
181.129.73.185 - - [14/Jun/2015:10:24:58 -0500] "POST /forest/actions/forms.saveForm?codPro=134 HTTP/1.1" 200 165
181.129.73.185 - - [14/Jun/2015:10:25:06 -0500] "GET /forest/index2.jsp?group_system_actual=3&a=0.5543032696004957 HTTP/1.1" 200 59655
181.129.73.185 - - [14/Jun/2015:10:25:07 -0500] "GET /forest/session.jsp?a=0.1312930784188211 HTTP/1.1" 200 4
181.129.73.185 - - [14/Jun/2015:10:25:09 -0500] "GET /forest/usutareas.do?group_system_actual=3&codTraEsc=18381127&_a=0.6961439791098819 HTTP/1.1" 200 118250
181.129.73.185 - - [14/Jun/2015:10:25:10 -0500] "GET /forest/session.jsp?a=0.622260550968349 HTTP/1.1" 200 4
181.129.73.185 - - [14/Jun/2015:10:25:10 -0500] "GET /forest/actions/forms.getMappedValues?id=id_Numeracion1&value=1434296390731&codForm=ClasificarSolicitud&a=0.28484884672798216 HTTP/1.1" 200 122
190.255.241.171 - - [14/Jun/2015:10:25:30 -0500] "GET /BLA/boletinlegal/js/jquery.scrollTo-min.js HTTP/1.1" 200 1150
190.255.241.171 - - [14/Jun/2015:10:25:30 -0500] "GET /BLA/boletinlegal/js/jquery.scrollShow.js HTTP/1.1" 200 4586
190.255.241.171 - - [14/Jun/2015:10:25:30 -0500] "GET /galeria/galeria/jquery.fancybox.js?v=2.1.5 HTTP/1.1" 200 48706
190.255.241.171 - - [14/Jun/2015:10:25:30 -0500] "GET /galeria/galeria/jquery.fancybox.css?v=2.1.5 HTTP/1.1" 200 4895
190.255.241.171 - - [14/Jun/2015:10:25:31 -0500] "GET /galeria/carrusel/Carrusel/jquery.thumbnailScroller.css HTTP/1.1" 200 2066
190.255.241.171 - - [14/Jun/2015:10:25:31 -0500] "GET /galeria/carrusel/Carrusel/jquery-ui-1.8.13.custom.min.js HTTP/1.1" 200 10800
181.129.73.185 - - [14/Jun/2015:10:25:31 -0500] "POST /forest/usutareas.do? HTTP/1.1" 200 76
190.255.241.171 - - [14/Jun/2015:10:25:32 -0500] "GET /galeria/carrusel/Carrusel/jquery.thumbnailScroller.js HTTP/1.1" 200 8157
181.129.73.185 - - [14/Jun/2015:10:25:33 -0500] "GET /forest/usutareas.do?group_system_actual=3&a=0.7609481536783278 HTTP/1.1" 200 109676
181.129.73.185 - - [14/Jun/2015:10:25:35 -0500] "GET /forest/session.jsp?a=0.8679973564576358 HTTP/1.1" 200 4
181.129.73.185 - - [14/Jun/2015:10:25:35 -0500] "GET /forest/actions/forms.getMappedValues?id=id_Numeracion1&value=1434296390731&codForm=ElaborarDocumento&a=0.10069287219084799 HTTP/1.1" 200 109
180.76.15.19 - - [14/Jun/2015:10:25:37 -0500] "GET /BLA/resoluciones/AUTOS%202013/0341.pdf HTTP/1.1" 200 618241
180.76.15.19 - - [14/Jun/2015:10:25:38 -0500] "GET /BLA/resoluciones/RESOLUCIONES%202010/7477.pdf HTTP/1.1" 200 451665
180.76.15.148 - - [14/Jun/2015:10:25:39 -0500] "GET /BLA/resoluciones/AUTOS%202012/0503.pdf HTTP/1.1" 200 450410
180.76.15.32 - - [14/Jun/2015:10:25:39 -0500] "GET /BLA/resoluciones/RESOLUCIONES%202010/7477.pdf HTTP/1.1" 200 451665
180.76.15.162 - - [14/Jun/2015:10:25:39 -0500] "GET /BLA/resoluciones/RESOLUCIONES%202010/7477.pdf HTTP/1.1" 200 451665
180.76.15.9 - - [14/Jun/2015:10:25:39 -0500] "GET /BLA/resoluciones/AUTOS%202010/5801.pdf HTTP/1.1" 200 291751
181.129.73.185 - - [14/Jun/2015:10:25:42 -0500] "GET /forest/index2.jsp?_a=0.729071841808036 HTTP/1.1" 200 59675
180.76.15.20 - - [14/Jun/2015:10:25:43 -0500] "GET /BLA/resoluciones/Autos%202008/2327.pdf HTTP/1.1" 200 154997
181.129.73.185 - - [14/Jun/2015:10:25:43 -0500] "GET /forest/session.jsp?a=0.25999372149817646 HTTP/1.1" 200 4
180.76.15.139 - - [14/Jun/2015:10:25:43 -0500] "GET /BLA/resoluciones/RESOLUCIONES%202014/2543.pdf HTTP/1.1" 200 832562
66.249.79.107 - - [14/Jun/2015:10:25:47 -0500] "GET /BLA/resoluciones/RESOLUCIONES%202010/1527.pdf HTTP/1.1" 200 433239
181.129.73.185 - - [14/Jun/2015:10:25:48 -0500] "GET /forest/forms/showform.jsp?codPro=134&codForm=IncioNumeracion&a=0.5804520624224097 HTTP/1.1" 200 17109
190.255.241.171 - - [14/Jun/2015:10:25:49 -0500] "GET /galeria/nivo-slider/demo/demo.html HTTP/1.1" 200 4410
190.255.241.171 - - [14/Jun/2015:10:25:50 -0500] "GET /galeria/nivo-slider/themes/default/default.css HTTP/1.1" 200 1569
190.255.241.171 - - [14/Jun/2015:10:25:51 -0500] "GET /galeria/nivo-slider/themes/pascal/pascal.css HTTP/1.1" 200 2258
190.255.241.171 - - [14/Jun/2015:10:25:51 -0500] "GET /galeria/nivo-slider/themes/orman/orman.css HTTP/1.1" 200 2152
190.255.241.171 - - [14/Jun/2015:10:25:51 -0500] "GET /galeria/nivo-slider/demo/style.css HTTP/1.1" 200 2222
190.255.241.171 - - [14/Jun/2015:10:25:51 -0500] "GET /galeria/nivo-slider/demo/images/9Signos.jpg HTTP/1.1" 200 81776
190.255.241.171 - - [14/Jun/2015:10:25:52 -0500] "GET /galeria/nivo-slider/nivo-slider.css HTTP/1.1" 200 1507
190.255.241.171 - - [14/Jun/2015:10:25:52 -0500] "GET /galeria/nivo-slider/demo/images/Banner-encuesta-de-percepscio.jpg HTTP/1.1" 200 201899
190.255.241.171 - - [14/Jun/2015:10:25:52 -0500] "GET /galeria/nivo-slider/demo/images/Comparendo-ambiental-Banner.jpg HTTP/1.1" 200 83731
181.129.73.185 - - [14/Jun/2015:10:25:52 -0500] "GET /forest/actions/forms.getList?codForm=IncioNumeracion&id=Tercero165&text=j HTTP/1.1" 200 1258
190.255.241.171 - - [14/Jun/2015:10:25:52 -0500] "GET /galeria/nivo-slider/demo/images/GAE-banner.jpg HTTP/1.1" 200 97556
190.255.241.171 - - [14/Jun/2015:10:25:52 -0500] "GET /galeria/nivo-slider/demo/images/acuerdo_569.jpg HTTP/1.1" 200 62670
181.129.73.185 - - [14/Jun/2015:10:25:52 -0500] "GET /forest/actions/forms.getList?codForm=IncioNumeracion&id=Tercero165&text=ja HTTP/1.1" 200 1193
181.129.73.185 - - [14/Jun/2015:10:25:53 -0500] "GET /forest/actions/forms.getList?codForm=IncioNumeracion&id=Tercero165&text=jar HTTP/1.1" 200 1262
190.255.241.171 - - [14/Jun/2015:10:25:53 -0500] "GET /galeria/nivo-slider/demo/images/banner-Pacto-por-la-madera.jpg HTTP/1.1" 200 209966
181.129.73.185 - - [14/Jun/2015:10:25:53 -0500] "GET /forest/actions/forms.getList?codForm=IncioNumeracion&id=Tercero165&text=jard HTTP/1.1" 200 1234
181.129.73.185 - - [14/Jun/2015:10:25:53 -0500] "GET /forest/actions/forms.getList?codForm=IncioNumeracion&id=Tercero165&text=jardi HTTP/1.1" 200 1373
180.76.15.142 - - [14/Jun/2015:10:25:54 -0500] "GET /BLA/resoluciones/Autos%202008/2327.pdf HTTP/1.1" 200 154997
180.76.15.18 - - [14/Jun/2015:10:25:54 -0500] "GET /BLA/resoluciones/Autos%202008/2327.pdf HTTP/1.1" 200 154997
181.129.73.185 - - [14/Jun/2015:10:25:54 -0500] "GET /forest/actions/forms.getList?codForm=IncioNumeracion&id=Tercero165&text=jardin HTTP/1.1" 200 1373
190.255.241.171 - - [14/Jun/2015:10:25:55 -0500] "GET /galeria/nivo-slider/demo/images/Licitaciones-proyecto-paramo.jpg HTTP/1.1" 200 221877
181.129.73.185 - - [14/Jun/2015:10:25:54 -0500] "GET /forest/actions/forms.getList?codForm=IncioNumeracion&id=Tercero165&text=jardin%20 HTTP/1.1" 200 1371
181.129.73.185 - - [14/Jun/2015:10:25:54 -0500] "GET /forest/actions/forms.getList?codForm=IncioNumeracion&id=Tercero165&text=jardin%20b HTTP/1.1" 200 484
66.249.79.107 - - [14/Jun/2015:10:25:57 -0500] "GET /BLA/resoluciones/RESOLUCIONES%202009/4926.pdf HTTP/1.1" 200 550379
181.129.73.185 - - [14/Jun/2015:10:25:55 -0500] "GET /forest/actions/forms.getList?codForm=IncioNumeracion&id=Tercero165&text=jardin%20bo HTTP/1.1" 200 353
181.129.73.185 - - [14/Jun/2015:10:25:56 -0500] "GET /forest/actions/forms.getList?codForm=IncioNumeracion&id=Tercero165&text=jardin%20bot HTTP/1.1" 200 353
181.129.73.185 - - [14/Jun/2015:10:25:56 -0500] "GET /forest/actions/forms.getList?codForm=IncioNumeracion&id=Tercero165&text=jardin%20bota HTTP/1.1" 200 353
190.255.241.171 - - [14/Jun/2015:10:25:59 -0500] "GET /galeria/nivo-slider/demo/images/Banner-decreto1299.jpg HTTP/1.1" 200 182613
181.129.73.185 - - [14/Jun/2015:10:25:57 -0500] "GET /forest/actions/forms.getList?codForm=IncioNumeracion&id=Tercero165&text=jardin%20botan HTTP/1.1" 200 353
181.129.73.185 - - [14/Jun/2015:10:25:58 -0500] "GET /forest/actions/forms.getList?codForm=IncioNumeracion&id=Tercero165&text=jardin%20botanic HTTP/1.1" 200 353
181.129.73.185 - - [14/Jun/2015:10:25:58 -0500] "GET /forest/actions/forms.getList?codForm=IncioNumeracion&id=Tercero165&text=jardin%20botani HTTP/1.1" 200 353
180.76.15.141 - - [14/Jun/2015:10:26:00 -0500] "GET /BLA/resoluciones/RESOLUCIONES%202011/6115.pdf HTTP/1.1" 200 684470
180.76.15.156 - - [14/Jun/2015:10:26:00 -0500] "GET /BLA/resoluciones/RESOLUCIONES%202014/2543.pdf HTTP/1.1" 200 832562
181.129.73.185 - - [14/Jun/2015:10:25:58 -0500] "GET /forest/actions/forms.getList?codForm=IncioNumeracion&id=Tercero165&text=jardin%20botanico HTTP/1.1" 200 353
181.129.73.185 - - [14/Jun/2015:10:25:59 -0500] "GET /forest/actions/forms.getList?codForm=IncioNumeracion&id=Tercero165&text=jardin%20botanico%20 HTTP/1.1" 200 132
180.76.15.13 - - [14/Jun/2015:10:26:01 -0500] "GET /BLA/resoluciones/RESOLUCIONES%202011/6115.pdf HTTP/1.1" 200 684470
180.76.15.158 - - [14/Jun/2015:10:26:01 -0500] "GET /BLA/resoluciones/RESOLUCIONES%202011/6115.pdf HTTP/1.1" 200 684470
180.76.15.6 - - [14/Jun/2015:10:26:01 -0500] "GET /BLA/resoluciones/RESOLUCIONES%202011/6115.pdf HTTP/1.1" 200 684470
181.129.73.185 - - [14/Jun/2015:10:26:02 -0500] "GET /forest/actions/forms.getList?codForm=IncioNumeracion&id=Radicaciones10&text=2 HTTP/1.1" 200 770
181.129.73.185 - - [14/Jun/2015:10:26:02 -0500] "GET /forest/actions/forms.getList?codForm=IncioNumeracion&id=Radicaciones10&text=20 HTTP/1.1" 200 770
180.76.15.16 - - [14/Jun/2015:10:26:02 -0500] "GET /BLA/resoluciones/AUTOS%202011/3719.pdf HTTP/1.1" 200 289093
181.129.73.185 - - [14/Jun/2015:10:26:02 -0500] "GET /forest/actions/forms.getList?codForm=IncioNumeracion&id=Radicaciones10&text=201 HTTP/1.1" 200 780
181.129.73.185 - - [14/Jun/2015:10:26:02 -0500] "GET /forest/actions/forms.getList?codForm=IncioNumeracion&id=Radicaciones10&text=2012 HTTP/1.1" 200 774
190.255.241.171 - - [14/Jun/2015:10:26:03 -0500] "GET /galeria/nivo-slider/demo/images/Banner-Directorio.jpg HTTP/1.1" 200 182068
180.76.15.160 - - [14/Jun/2015:10:26:05 -0500] "GET /BLA/resoluciones/RESOLUCIONES%202010/7477.pdf HTTP/1.1" 200 451665
180.76.15.155 - - [14/Jun/2015:10:26:05 -0500] "GET /BLA/resoluciones/Autos%202008/2327.pdf HTTP/1.1" 200 154997
190.255.241.171 - - [14/Jun/2015:10:26:06 -0500] "GET /galeria/nivo-slider/demo/images/Ruta-vertimientos-01.jpg HTTP/1.1" 200 130151
190.255.241.171 - - [14/Jun/2015:10:26:06 -0500] "GET /galeria/nivo-slider/demo/images/bolsas-06.jpg HTTP/1.1" 200 90982
190.9.201.32 - - [14/Jun/2015:10:26:07 -0500] "GET /galeria/galeria/jquery.fancybox.css?v=2.1.5 HTTP/1.1" 200 4895
190.9.201.32 - - [14/Jun/2015:10:26:07 -0500] "GET /galeria/carrusel/Carrusel/jquery.thumbnailScroller.css HTTP/1.1" 200 2066
190.9.201.32 - - [14/Jun/2015:10:26:07 -0500] "GET /BLA/boletinlegal/js/jquery.scrollTo-min.js HTTP/1.1" 200 1150
190.9.201.32 - - [14/Jun/2015:10:26:07 -0500] "GET /galeria/galeria/jquery.fancybox.js?v=2.1.5 HTTP/1.1" 200 48706
190.9.201.32 - - [14/Jun/2015:10:26:07 -0500] "GET /galeria/carrusel/Carrusel/jquery-ui-1.8.13.custom.min.js HTTP/1.1" 200 10800
190.9.201.32 - - [14/Jun/2015:10:26:07 -0500] "GET /BLA/boletinlegal/js/jquery.scrollShow.js HTTP/1.1" 200 4586
190.9.201.32 - - [14/Jun/2015:10:26:07 -0500] "GET /galeria/carrusel/Carrusel/jquery.thumbnailScroller.js HTTP/1.1" 200 8157
180.76.15.144 - - [14/Jun/2015:10:26:07 -0500] "GET /BLA/resoluciones/AUTOS%202012/0503.pdf HTTP/1.1" 200 450410
186.167.243.7 - - [14/Jun/2015:10:21:07 -0500] "GET /videos/CRRFFS.mp4 HTTP/1.1" 206 286681587
180.76.15.162 - - [14/Jun/2015:10:26:08 -0500] "GET /BLA/resoluciones/Autos%202008/2327.pdf HTTP/1.1" 200 154997
190.255.241.171 - - [14/Jun/2015:10:26:08 -0500] "GET /galeria/nivo-slider/demo/images/Conoce-los-humedales.jpg HTTP/1.1" 200 294036
190.9.201.32 - - [14/Jun/2015:10:26:08 -0500] "GET /galeria/nivo-slider/demo/demo.html HTTP/1.1" 200 4410
180.76.15.134 - - [14/Jun/2015:10:26:08 -0500] "GET /BLA/resoluciones/RESOLUCIONES%202014/2543.pdf HTTP/1.1" 200 832562
180.76.15.143 - - [14/Jun/2015:10:26:08 -0500] "GET /BLA/resoluciones/RESOLUCIONES%202011/6115.pdf HTTP/1.1" 200 684470
190.255.241.171 - - [14/Jun/2015:10:26:09 -0500] "GET /galeria/nivo-slider/demo/images/ecolecta-Dic2014.png HTTP/1.1" 200 288593
180.76.15.147 - - [14/Jun/2015:10:26:09 -0500] "GET /BLA/resoluciones/Autos%202008/2327.pdf HTTP/1.1" 200 154997
180.76.15.146 - - [14/Jun/2015:10:26:09 -0500] "GET /BLA/resoluciones/AUTOS%202012/0503.pdf HTTP/1.1" 200 450410
180.76.15.146 - - [14/Jun/2015:10:26:09 -0500] "GET /BLA/resoluciones/RESOLUCIONES%202011/6115.pdf HTTP/1.1" 200 684470
180.76.15.24 - - [14/Jun/2015:10:26:09 -0500] "GET /BLA/resoluciones/RESOLUCIONES%202014/2543.pdf HTTP/1.1" 200 832562
190.255.241.171 - - [14/Jun/2015:10:26:09 -0500] "GET /galeria/nivo-slider/demo/images/Banner-Caracol-Africano.jpg HTTP/1.1" 200 331986
190.255.241.171 - - [14/Jun/2015:10:26:10 -0500] "GET /galeria/nivo-slider/demo/images/banner-llantas2.jpg HTTP/1.1" 200 204644
190.9.201.32 - - [14/Jun/2015:10:26:10 -0500] "GET /galeria/nivo-slider/themes/default/default.css HTTP/1.1" 200 1569
190.9.201.32 - - [14/Jun/2015:10:26:10 -0500] "GET /galeria/nivo-slider/themes/pascal/pascal.css HTTP/1.1" 200 2258
190.9.201.32 - - [14/Jun/2015:10:26:10 -0500] "GET /galeria/nivo-slider/themes/orman/orman.css HTTP/1.1" 200 2152
190.9.201.32 - - [14/Jun/2015:10:26:10 -0500] "GET /galeria/nivo-slider/nivo-slider.css HTTP/1.1" 200 1507
190.9.201.32 - - [14/Jun/2015:10:26:10 -0500] "GET /galeria/nivo-slider/demo/style.css HTTP/1.1" 200 2222
190.9.201.32 - - [14/Jun/2015:10:26:10 -0500] "GET /galeria/nivo-slider/demo/images/9Signos.jpg HTTP/1.1" 200 81776
190.9.201.32 - - [14/Jun/2015:10:26:10 -0500] "GET /galeria/nivo-slider/demo/images/Comparendo-ambiental-Banner.jpg HTTP/1.1" 200 83731
190.9.201.32 - - [14/Jun/2015:10:26:10 -0500] "GET /galeria/nivo-slider/demo/scripts/jquery-1.7.1.min.js HTTP/1.1" 200 93868
190.9.201.32 - - [14/Jun/2015:10:26:10 -0500] "GET /galeria/nivo-slider/jquery.nivo.slider.pack.js HTTP/1.1" 200 11561
190.9.201.32 - - [14/Jun/2015:10:26:10 -0500] "GET /galeria/nivo-slider/demo/images/4Simple_Slider.png HTTP/1.1" 200 11722
190.9.201.32 - - [14/Jun/2015:10:26:11 -0500] "GET /galeria/nivo-slider/themes/default/loading.gif HTTP/1.1" 200 1737
190.9.201.32 - - [14/Jun/2015:10:26:11 -0500] "GET /galeria/nivo-slider/demo/images/GAE-banner.jpg HTTP/1.1" 200 97556
190.9.201.32 - - [14/Jun/2015:10:26:11 -0500] "GET /galeria/nivo-slider/demo/images/Banner-encuesta-de-percepscio.jpg HTTP/1.1" 200 201899
190.9.201.32 - - [14/Jun/2015:10:26:15 -0500] "GET /galeria/nivo-slider/demo/images/banner-Pacto-por-la-madera.jpg HTTP/1.1" 200 209966
181.129.73.185 - - [14/Jun/2015:10:26:03 -0500] "GET /forest/actions/forms.getList?codForm=IncioNumeracion&id=Radicaciones10&text=2012E HTTP/1.1" 200 801
190.9.201.32 - - [14/Jun/2015:10:26:16 -0500] "GET /galeria/nivo-slider/demo/images/Licitaciones-proyecto-paramo.jpg HTTP/1.1" 200 221877
181.129.73.185 - - [14/Jun/2015:10:26:03 -0500] "GET /forest/actions/forms.getList?codForm=IncioNumeracion&id=Radicaciones10&text=2012ER HTTP/1.1" 200 801
181.129.73.185 - - [14/Jun/2015:10:26:04 -0500] "GET /forest/actions/forms.getList?codForm=IncioNumeracion&id=Radicaciones10&text=2012ER0 HTTP/1.1" 200 801
190.9.201.32 - - [14/Jun/2015:10:26:17 -0500] "GET /galeria/nivo-slider/demo/images/acuerdo_569.jpg HTTP/1.1" 200 62670
190.9.201.32 - - [14/Jun/2015:10:26:17 -0500] "GET /galeria/nivo-slider/demo/images/Banner-Directorio.jpg HTTP/1.1" 200 182068
190.9.201.32 - - [14/Jun/2015:10:26:17 -0500] "GET /galeria/nivo-slider/demo/images/Banner-decreto1299.jpg HTTP/1.1" 200 182613
181.129.73.185 - - [14/Jun/2015:10:26:04 -0500] "GET /forest/actions/forms.getList?codForm=IncioNumeracion&id=Radicaciones10&text=2012ER07 HTTP/1.1" 200 801
190.37.76.191 - - [14/Jun/2015:10:26:17 -0500] "GET /galeria/galeria/jquery.fancybox.css?v=2.1.5 HTTP/1.1" 200 4895
181.129.73.185 - - [14/Jun/2015:10:26:04 -0500] "GET /forest/actions/forms.getList?codForm=IncioNumeracion&id=Radicaciones10&text=2012ER079 HTTP/1.1" 200 801
190.9.201.32 - - [14/Jun/2015:10:26:18 -0500] "GET /galeria/nivo-slider/demo/images/Ruta-vertimientos-01.jpg HTTP/1.1" 200 130151
190.9.201.32 - - [14/Jun/2015:10:26:18 -0500] "GET /galeria/nivo-slider/demo/images/bolsas-06.jpg HTTP/1.1" 200 90982
190.37.76.191 - - [14/Jun/2015:10:26:18 -0500] "GET /galeria/galeria/jquery.fancybox.js?v=2.1.5 HTTP/1.1" 200 48706
181.129.73.185 - - [14/Jun/2015:10:26:04 -0500] "GET /forest/actions/forms.getList?codForm=IncioNumeracion&id=Radicaciones10&text=2012ER0792 HTTP/1.1" 200 801
190.255.241.171 - - [14/Jun/2015:10:26:19 -0500] "GET /galeria/nivo-slider/demo/scripts/jquery-1.7.1.min.js HTTP/1.1" 200 93868
190.9.201.32 - - [14/Jun/2015:10:26:19 -0500] "GET /galeria/nivo-slider/demo/images/Conoce-los-humedales.jpg HTTP/1.1" 200 294036
180.76.15.139 - - [14/Jun/2015:10:26:19 -0500] "GET /BLA/resoluciones/RESOLUCIONES%202010/7477.pdf HTTP/1.1" 200 451665
180.76.15.146 - - [14/Jun/2015:10:26:19 -0500] "GET /BLA/resoluciones/AUTOS%202011/3719.pdf HTTP/1.1" 200 289093
190.9.201.32 - - [14/Jun/2015:10:26:20 -0500] "GET /galeria/nivo-slider/demo/images/ecolecta-Dic2014.png HTTP/1.1" 200 288593
190.9.201.32 - - [14/Jun/2015:10:26:20 -0500] "GET /galeria/nivo-slider/demo/images/Banner-Caracol-Africano.jpg HTTP/1.1" 200 331986
190.255.241.171 - - [14/Jun/2015:10:26:20 -0500] "GET /galeria/nivo-slider/jquery.nivo.slider.pack.js HTTP/1.1" 200 11561
190.9.201.32 - - [14/Jun/2015:10:26:21 -0500] "GET /galeria/nivo-slider/demo/images/banner-llantas2.jpg HTTP/1.1" 200 204644
190.37.76.191 - - [14/Jun/2015:10:26:22 -0500] "GET /BLA/boletinlegal/js/jquery.scrollTo-min.js HTTP/1.1" 200 1150
190.37.76.191 - - [14/Jun/2015:10:26:22 -0500] "GET /BLA/boletinlegal/js/jquery.scrollShow.js HTTP/1.1" 200 4586
190.9.201.32 - - [14/Jun/2015:10:26:24 -0500] "GET /galeria/nivo-slider/themes/default/bullets.png HTTP/1.1" 200 1281
180.76.15.31 - - [14/Jun/2015:10:26:24 -0500] "GET /BLA/resoluciones/Autos%202008/2327.pdf HTTP/1.1" 200 154997
190.9.201.32 - - [14/Jun/2015:10:26:24 -0500] "GET /galeria/nivo-slider/themes/default/arrows.png HTTP/1.1" 200 824
180.76.15.26 - - [14/Jun/2015:10:26:24 -0500] "GET /BLA/resoluciones/RESOLUCIONES%202014/2543.pdf HTTP/1.1" 200 832562
186.84.11.184 - - [14/Jun/2015:10:26:25 -0500] "GET /galeria/galeria/jquery.fancybox.js?v=2.1.5 HTTP/1.1" 304 -
186.84.11.184 - - [14/Jun/2015:10:26:25 -0500] "GET /galeria/galeria/jquery.fancybox.css?v=2.1.5 HTTP/1.1" 304 -
190.255.241.171 - - [14/Jun/2015:10:26:26 -0500] "GET /galeria/nivo-slider/demo/images/4Simple_Slider.png HTTP/1.1" 200 11722
190.255.241.171 - - [14/Jun/2015:10:26:26 -0500] "GET /galeria/nivo-slider/themes/default/loading.gif HTTP/1.1" 200 1737
190.255.241.171 - - [14/Jun/2015:10:26:30 -0500] "GET /galeria/nivo-slider/themes/default/arrows.png HTTP/1.1" 200 824
190.255.241.171 - - [14/Jun/2015:10:26:30 -0500] "GET /galeria/nivo-slider/themes/default/bullets.png HTTP/1.1" 200 1281
201.245.192.253 - - [14/Jun/2015:10:26:31 -0500] "GET /forest/session.jsp?a=0.8582921556721209 HTTP/1.1" 200 4
181.129.73.185 - - [14/Jun/2015:10:26:15 -0500] "GET /forest/actions/forms.getList?codForm=IncioNumeracion&id=Radicaciones10&text=2012ER07929 HTTP/1.1" 200 281
181.129.73.185 - - [14/Jun/2015:10:26:16 -0500] "GET /forest/actions/forms.getList?codForm=IncioNumeracion&id=Radicaciones10&text=2012ER079299 HTTP/1.1" 200 41
180.76.15.138 - - [14/Jun/2015:10:26:46 -0500] "GET /BLA/resoluciones/AUTOS%202012/0503.pdf HTTP/1.1" 200 450410
190.9.201.32 - - [14/Jun/2015:10:26:46 -0500] "GET /galeria/bibloteca/contentflow.js HTTP/1.1" 200 42804
190.9.201.32 - - [14/Jun/2015:10:26:47 -0500] "GET /galeria/bibloteca/contentflow.css HTTP/1.1" 200 3201
190.9.201.32 - - [14/Jun/2015:10:26:47 -0500] "GET /galeria/bibloteca/mycontentflow.css HTTP/1.1" 200 3110
190.9.201.32 - - [14/Jun/2015:10:26:47 -0500] "GET /galeria/bibloteca/ContentFlowAddOn_white.js HTTP/1.1" 200 2497
190.9.201.32 - - [14/Jun/2015:10:26:47 -0500] "GET /galeria/bibloteca/ContentFlowAddOn_white.css HTTP/1.1" 200 3355
190.9.201.32 - - [14/Jun/2015:10:26:47 -0500] "GET /galeria/bibloteca/img/loader.gif HTTP/1.1" 200 8238
190.9.201.32 - - [14/Jun/2015:10:26:47 -0500] "GET /galeria/bibloteca/img/scrollbar_white.png HTTP/1.1" 200 82
190.9.201.32 - - [14/Jun/2015:10:26:47 -0500] "GET /galeria/bibloteca/img/slider_white.png HTTP/1.1" 200 178
180.76.15.33 - - [14/Jun/2015:10:26:49 -0500] "GET /BLA/resoluciones/RESOLUCIONES%202010/7477.pdf HTTP/1.1" 200 451665
180.76.15.18 - - [14/Jun/2015:10:26:49 -0500] "GET /BLA/resoluciones/Autos%202008/2327.pdf HTTP/1.1" 200 154997
180.76.15.14 - - [14/Jun/2015:10:26:50 -0500] "GET /BLA/resoluciones/RESOLUCIONES%202014/2543.pdf HTTP/1.1" 200 832562
181.129.73.185 - - [14/Jun/2015:10:26:53 -0500] "GET /forest/actions/forms.getMappedValues?id=Radicaciones10&value=1503160&codForm=IncioNumeracion&a=0.48289895127527416 HTTP/1.1" 200 26
181.129.73.185 - - [14/Jun/2015:10:26:53 -0500] "GET /forest/actions/forms.getItemList?codForm=IncioNumeracion&id=NUMTER31&value=860030197-0&a=0.7546977016609162 HTTP/1.1" 200 69
180.76.15.17 - - [14/Jun/2015:10:26:56 -0500] "GET /BLA/resoluciones/Autos%202008/2508.pdf HTTP/1.1" 200 100920
66.249.79.120 - - [14/Jun/2015:10:26:58 -0500] "GET /BLA/resoluciones/RESOLUCIONES%202011/1051.pdf HTTP/1.1" 200 296910
180.76.15.157 - - [14/Jun/2015:10:27:07 -0500] "GET /BLA/resoluciones/RESOLUCIONES%202010/7477.pdf HTTP/1.1" 200 451665
180.76.15.32 - - [14/Jun/2015:10:27:08 -0500] "GET /BLA/resoluciones/AUTOS%202012/0503.pdf HTTP/1.1" 200 450410
190.9.201.32 - - [14/Jun/2015:10:27:08 -0500] "GET /galeria/bibloteca/img/scrollbar_black.png HTTP/1.1" 200 82
190.9.201.32 - - [14/Jun/2015:10:27:08 -0500] "GET /galeria/bibloteca/img/ajax-loader.gif HTTP/1.1" 200 9427
190.9.201.32 - - [14/Jun/2015:10:27:08 -0500] "GET /galeria/bibloteca/img/1x1_0.5_white.png HTTP/1.1" 200 82
190.9.201.32 - - [14/Jun/2015:10:27:08 -0500] "GET /galeria/bibloteca/img/slider_black.png HTTP/1.1" 200 175
180.76.15.162 - - [14/Jun/2015:10:27:13 -0500] "GET /BLA/resoluciones/RESOLUCIONES%202014/2543.pdf HTTP/1.1" 200 832562
186.146.174.108 - - [14/Jun/2015:10:27:15 -0500] "GET /BLA/resoluciones/RESOLUCIONES%202007/RES%202007%201401%20AL%201500/RESOLUCION%201407%20DE%202007.pdf HTTP/1.1" 200 343493
180.76.15.11 - - [14/Jun/2015:10:27:16 -0500] "GET /BLA/resoluciones/AUTOS%202010/5801.pdf HTTP/1.1" 200 291751
186.146.174.108 - - [14/Jun/2015:10:27:17 -0500] "GET /BLA/resoluciones/RESOLUCIONES%202007/RES%202007%201401%20AL%201500/RESOLUCION%201407%20DE%202007.pdf HTTP/1.1" 206 65536
186.146.174.108 - - [14/Jun/2015:10:27:17 -0500] "GET /BLA/resoluciones/RESOLUCIONES%202007/RES%202007%201401%20AL%201500/RESOLUCION%201407%20DE%202007.pdf HTTP/1.1" 206 15813
186.146.174.108 - - [14/Jun/2015:10:27:18 -0500] "GET /favicon.ico HTTP/1.1" 200 7782
181.129.73.185 - - [14/Jun/2015:10:27:19 -0500] "POST /forest/actions/forms.saveForm?codPro=134 HTTP/1.1" 200 165
180.76.15.163 - - [14/Jun/2015:10:27:24 -0500] "GET /BLA/resoluciones/AUTOS%202011/3719.pdf HTTP/1.1" 200 289093
181.129.73.185 - - [14/Jun/2015:10:27:27 -0500] "GET /forest/index2.jsp?group_system_actual=3&a=0.09345303103327751 HTTP/1.1" 200 60112
181.129.73.185 - - [14/Jun/2015:10:27:28 -0500] "GET /forest/session.jsp?a=0.3843468623235822 HTTP/1.1" 200 4
181.129.73.185 - - [14/Jun/2015:10:27:30 -0500] "GET /forest/usutareas.do?group_system_actual=3&codTraEsc=18381133&_a=0.18723264173263243 HTTP/1.1" 200 118250
181.129.73.185 - - [14/Jun/2015:10:27:31 -0500] "GET /forest/session.jsp?a=0.09184204344637692 HTTP/1.1" 200 4
181.129.73.185 - - [14/Jun/2015:10:27:31 -0500] "GET /forest/actions/forms.getMappedValues?id=id_Numeracion1&value=1434296531582&codForm=ClasificarSolicitud&a=0.8686108945403248 HTTP/1.1" 200 122
180.76.15.162 - - [14/Jun/2015:10:27:37 -0500] "GET /BLA/resoluciones/RESOLUCIONES%202010/7477.pdf HTTP/1.1" 200 451665
190.9.201.32 - - [14/Jun/2015:10:27:47 -0500] "GET /galeria/galeria/jquery.fancybox.css?v=2.1.5 HTTP/1.1" 304 -
190.9.201.32 - - [14/Jun/2015:10:27:47 -0500] "GET /BLA/boletinlegal/js/jquery.scrollTo-min.js HTTP/1.1" 304 -
190.9.201.32 - - [14/Jun/2015:10:27:47 -0500] "GET /BLA/boletinlegal/js/jquery.scrollShow.js HTTP/1.1" 304 -
190.9.201.32 - - [14/Jun/2015:10:27:47 -0500] "GET /galeria/galeria/jquery.fancybox.js?v=2.1.5 HTTP/1.1" 304 -
181.129.73.185 - - [14/Jun/2015:10:27:48 -0500] "POST /forest/usutareas.do? HTTP/1.1" 200 76
181.129.73.185 - - [14/Jun/2015:10:27:50 -0500] "GET /forest/usutareas.do?group_system_actual=3&a=0.0016690141055732965 HTTP/1.1" 200 109677
180.76.15.24 - - [14/Jun/2015:10:27:51 -0500] "GET /BLA/resoluciones/AUTOS%202012/0503.pdf HTTP/1.1" 200 450410
181.129.73.185 - - [14/Jun/2015:10:27:51 -0500] "GET /forest/session.jsp?a=0.003236760850995779 HTTP/1.1" 200 4
181.129.73.185 - - [14/Jun/2015:10:27:51 -0500] "GET /forest/actions/forms.getMappedValues?id=id_Numeracion1&value=1434296531582&codForm=ElaborarDocumento&a=0.5816006646491587 HTTP/1.1" 200 109
181.129.73.185 - - [14/Jun/2015:10:27:52 -0500] "GET /forest/index2.jsp?_a=0.04597040987573564 HTTP/1.1" 200 60128
181.129.73.185 - - [14/Jun/2015:10:27:53 -0500] "GET /forest/session.jsp?a=0.10591101320460439 HTTP/1.1" 200 4
181.129.73.185 - - [14/Jun/2015:10:27:56 -0500] "GET /forest/forms/showform.jsp?codPro=134&codForm=IncioNumeracion&a=0.5219346103258431 HTTP/1.1" 200 17109
181.129.73.185 - - [14/Jun/2015:10:27:59 -0500] "GET /forest/actions/forms.getList?codForm=IncioNumeracion&id=Tercero165&text=j HTTP/1.1" 200 1258
181.129.73.185 - - [14/Jun/2015:10:27:59 -0500] "GET /forest/actions/forms.getList?codForm=IncioNumeracion&id=Tercero165&text=ja HTTP/1.1" 200 1193
181.129.73.185 - - [14/Jun/2015:10:27:59 -0500] "GET /forest/actions/forms.getList?codForm=IncioNumeracion&id=Tercero165&text=jar HTTP/1.1" 200 1262
181.129.73.185 - - [14/Jun/2015:10:28:00 -0500] "GET /forest/actions/forms.getList?codForm=IncioNumeracion&id=Tercero165&text=jard HTTP/1.1" 200 1234
181.129.73.185 - - [14/Jun/2015:10:28:00 -0500] "GET /forest/actions/forms.getList?codForm=IncioNumeracion&id=Tercero165&text=jardi HTTP/1.1" 200 1373
181.129.73.185 - - [14/Jun/2015:10:28:00 -0500] "GET /forest/actions/forms.getList?codForm=IncioNumeracion&id=Tercero165&text=jardin HTTP/1.1" 200 1373
181.129.73.185 - - [14/Jun/2015:10:28:00 -0500] "GET /forest/actions/forms.getList?codForm=IncioNumeracion&id=Tercero165&text=jardin%20 HTTP/1.1" 200 1371
181.129.73.185 - - [14/Jun/2015:10:28:01 -0500] "GET /forest/actions/forms.getList?codForm=IncioNumeracion&id=Tercero165&text=jardin%20b HTTP/1.1" 200 484
181.129.73.185 - - [14/Jun/2015:10:28:02 -0500] "GET /forest/actions/forms.getList?codForm=IncioNumeracion&id=Tercero165&text=jardin%20bot HTTP/1.1" 200 353
181.129.73.185 - - [14/Jun/2015:10:28:02 -0500] "GET /forest/actions/forms.getList?codForm=IncioNumeracion&id=Tercero165&text=jardin%20bo HTTP/1.1" 200 353
181.129.73.185 - - [14/Jun/2015:10:28:02 -0500] "GET /forest/actions/forms.getList?codForm=IncioNumeracion&id=Tercero165&text=jardin%20bota HTTP/1.1" 200 353
181.50.82.10 - - [14/Jun/2015:10:28:05 -0500] "GET /galeria/galeria/jquery.fancybox.js?v=2.1.5 HTTP/1.1" 304 -
181.50.82.10 - - [14/Jun/2015:10:28:05 -0500] "GET /galeria/galeria/jquery.fancybox.css?v=2.1.5 HTTP/1.1" 304 -
181.129.73.185 - - [14/Jun/2015:10:28:03 -0500] "GET /forest/actions/forms.getList?codForm=IncioNumeracion&id=Tercero165&text=jardin%20botan HTTP/1.1" 200 353
181.129.73.185 - - [14/Jun/2015:10:28:03 -0500] "GET /forest/actions/forms.getList?codForm=IncioNumeracion&id=Tercero165&text=jardin%20botani HTTP/1.1" 200 353
181.129.73.185 - - [14/Jun/2015:10:28:03 -0500] "GET /forest/actions/forms.getList?codForm=IncioNumeracion&id=Tercero165&text=jardin%20botanic HTTP/1.1" 200 353
181.129.73.185 - - [14/Jun/2015:10:28:04 -0500] "GET /forest/actions/forms.getList?codForm=IncioNumeracion&id=Tercero165&text=jardin%20botanico HTTP/1.1" 200 353
181.129.73.185 - - [14/Jun/2015:10:28:04 -0500] "GET /forest/actions/forms.getList?codForm=IncioNumeracion&id=Tercero165&text=jardin%20botanico%20 HTTP/1.1" 200 132
66.249.79.133 - - [14/Jun/2015:10:28:09 -0500] "GET /BLA/resoluciones/RESOLUCIONES%202008/2937.pdf HTTP/1.1" 200 201702
181.129.73.185 - - [14/Jun/2015:10:28:09 -0500] "GET /forest/actions/forms.getList?codForm=IncioNumeracion&id=Radicaciones10&text=2 HTTP/1.1" 200 770
181.129.73.185 - - [14/Jun/2015:10:28:10 -0500] "GET /forest/actions/forms.getList?codForm=IncioNumeracion&id=Radicaciones10&text=20 HTTP/1.1" 200 770
181.129.73.185 - - [14/Jun/2015:10:28:10 -0500] "GET /forest/actions/forms.getList?codForm=IncioNumeracion&id=Radicaciones10&text=201 HTTP/1.1" 200 780
181.129.73.185 - - [14/Jun/2015:10:28:10 -0500] "GET /forest/actions/forms.getList?codForm=IncioNumeracion&id=Radicaciones10&text=2012 HTTP/1.1" 200 774
180.76.15.153 - - [14/Jun/2015:10:28:14 -0500] "GET /BLA/resoluciones/RESOLUCIONES%202014/2543.pdf HTTP/1.1" 200 832562
181.129.73.185 - - [14/Jun/2015:10:28:11 -0500] "GET /forest/actions/forms.getList?codForm=IncioNumeracion&id=Radicaciones10&text=2012E HTTP/1.1" 200 801
181.129.73.185 - - [14/Jun/2015:10:28:11 -0500] "GET /forest/actions/forms.getList?codForm=IncioNumeracion&id=Radicaciones10&text=2012ER HTTP/1.1" 200 801
181.129.73.185 - - [14/Jun/2015:10:28:12 -0500] "GET /forest/actions/forms.getList?codForm=IncioNumeracion&id=Radicaciones10&text=2012ER07 HTTP/1.1" 200 801
181.129.73.185 - - [14/Jun/2015:10:28:12 -0500] "GET /forest/actions/forms.getList?codForm=IncioNumeracion&id=Radicaciones10&text=2012ER0 HTTP/1.1" 200 801
181.129.73.185 - - [14/Jun/2015:10:28:12 -0500] "GET /forest/actions/forms.getList?codForm=IncioNumeracion&id=Radicaciones10&text=2012ER079 HTTP/1.1" 200 801
181.129.73.185 - - [14/Jun/2015:10:28:15 -0500] "GET /forest/actions/forms.getList?codForm=IncioNumeracion&id=Radicaciones10&text=2012ER0792 HTTP/1.1" 200 801
180.76.15.163 - - [14/Jun/2015:10:28:34 -0500] "GET /BLA/resoluciones/RESOLUCIONES%202010/4956.pdf HTTP/1.1" 200 528665
181.129.73.185 - - [14/Jun/2015:10:28:23 -0500] "GET /forest/actions/forms.getList?codForm=IncioNumeracion&id=Radicaciones10&text=2012ER07929 HTTP/1.1" 200 281
181.129.73.185 - - [14/Jun/2015:10:28:24 -0500] "GET /forest/actions/forms.getList?codForm=IncioNumeracion&id=Radicaciones10&text=2012ER079299 HTTP/1.1" 200 41
181.129.73.185 - - [14/Jun/2015:10:28:50 -0500] "GET /forest/actions/forms.getMappedValues?id=Radicaciones10&value=1503160&codForm=IncioNumeracion&a=0.37078667455352843 HTTP/1.1" 200 26
181.129.73.185 - - [14/Jun/2015:10:28:50 -0500] "GET /forest/actions/forms.getItemList?codForm=IncioNumeracion&id=NUMTER31&value=860030197-0&a=0.1864742455072701 HTTP/1.1" 200 69
180.76.15.5 - - [14/Jun/2015:10:28:56 -0500] "GET /BLA/resoluciones/AUTOS%202013/0341.pdf HTTP/1.1" 200 618241
180.76.15.21 - - [14/Jun/2015:10:28:58 -0500] "GET /BLA/resoluciones/RESOLUCIONES%202007/RES%202007%201401%20AL%201500/RESOLUCION%201482%20DE%202007.pdf HTTP/1.1" 200 276182
181.129.73.185 - - [14/Jun/2015:10:29:09 -0500] "POST /forest/actions/forms.saveForm?codPro=134 HTTP/1.1" 200 165
180.76.15.141 - - [14/Jun/2015:10:29:10 -0500] "GET /BLA/resoluciones/AUTOS%202012/0503.pdf HTTP/1.1" 200 450410
180.76.15.15 - - [14/Jun/2015:10:29:14 -0500] "GET /BLA/resoluciones/AUTOS%202010/5801.pdf HTTP/1.1" 200 291751
181.129.73.185 - - [14/Jun/2015:10:29:19 -0500] "GET /forest/index2.jsp?group_system_actual=3&a=0.019121017307043076 HTTP/1.1" 200 60558
181.129.73.185 - - [14/Jun/2015:10:29:20 -0500] "GET /forest/session.jsp?a=0.7843873675446957 HTTP/1.1" 200 4
66.249.79.120 - - [14/Jun/2015:10:29:20 -0500] "GET /BLA/resoluciones/RESOLUCIONES%202009/8474.pdf HTTP/1.1" 304 -
181.129.73.185 - - [14/Jun/2015:10:29:21 -0500] "GET /forest/usutareas.do?group_system_actual=3&codTraEsc=18381137&_a=0.18321826536305907 HTTP/1.1" 200 118250
181.129.73.185 - - [14/Jun/2015:10:29:23 -0500] "GET /forest/session.jsp?a=0.7967671467922628 HTTP/1.1" 200 4
181.129.73.185 - - [14/Jun/2015:10:29:23 -0500] "GET /forest/actions/forms.getMappedValues?id=id_Numeracion1&value=1434296641839&codForm=ClasificarSolicitud&a=0.5997204307932407 HTTP/1.1" 200 122
181.129.73.185 - - [14/Jun/2015:10:23:28 -0500] "GET /ForestMSG_SDA/channelAsync/template_word_18381122?X-Atmosphere-tracking-id=6d93488c-924d-ff0b-c0f9-4728b847ac15&X-Atmosphere-Framework=1.0.5&X-Atmosphere-Transport=long-polling&tabid=0.019665089435875416&X-Cache-Date=0&Content-Type=application/xml&_=1434295528522 HTTP/1.1" 200 8193
180.76.15.163 - - [14/Jun/2015:10:29:32 -0500] "GET /BLA/resoluciones/RESOLUCIONES%202014/2543.pdf HTTP/1.1" 200 832562
181.129.73.185 - - [14/Jun/2015:10:29:34 -0500] "POST /forest/usutareas.do? HTTP/1.1" 200 76
74.86.158.107 - - [14/Jun/2015:10:29:38 -0500] "HEAD / HTTP/1.1" 200 -
181.129.73.185 - - [14/Jun/2015:10:29:36 -0500] "GET /forest/usutareas.do?group_system_actual=3&a=0.10204382473602891 HTTP/1.1" 200 109677
181.129.73.185 - - [14/Jun/2015:10:29:38 -0500] "GET /forest/session.jsp?a=0.9185637971386313 HTTP/1.1" 200 4
181.129.73.185 - - [14/Jun/2015:10:29:38 -0500] "GET /forest/actions/forms.getMappedValues?id=id_Numeracion1&value=1434296641839&codForm=ElaborarDocumento&a=0.6982192303985357 HTTP/1.1" 200 109
190.24.136.214 - - [14/Jun/2015:10:29:39 -0500] "GET /BLA/boletinlegal/js/jquery.scrollTo-min.js HTTP/1.1" 304 -
190.24.136.214 - - [14/Jun/2015:10:29:39 -0500] "GET /galeria/galeria/jquery.fancybox.css?v=2.1.5 HTTP/1.1" 304 -
190.24.136.214 - - [14/Jun/2015:10:29:39 -0500] "GET /galeria/galeria/jquery.fancybox.js?v=2.1.5 HTTP/1.1" 304 -
190.24.136.214 - - [14/Jun/2015:10:29:40 -0500] "GET /BLA/boletinlegal/js/jquery.scrollShow.js HTTP/1.1" 304 -
181.129.73.185 - - [14/Jun/2015:10:29:39 -0500] "GET /forest/index2.jsp?_a=0.009110842365771532 HTTP/1.1" 200 60572
181.129.73.185 - - [14/Jun/2015:10:29:40 -0500] "GET /forest/session.jsp?a=0.5395447928458452 HTTP/1.1" 200 4
