180.76.15.142 - - [15/Jun/2015:01:05:34 -0500] "GET /BLA/resoluciones/RESOLUCIONES%202007/RES%202007%204001%20AL%204100/RESOLUCION%204017%20DE%202007.pdf HTTP/1.1" 200 843795
201.244.242.223 - - [15/Jun/2015:01:05:36 -0500] "GET /forest/misactividades.do?_a=0.4827200553845614&group_system_actual=3 HTTP/1.1" 200 38775
201.244.242.223 - - [15/Jun/2015:01:05:37 -0500] "GET /forest/session.jsp?a=0.565656921826303 HTTP/1.1" 200 4
201.244.242.223 - - [15/Jun/2015:01:05:38 -0500] "POST /forest/misactividades.do?ajax=true&a=0.6244897418655455 HTTP/1.1" 200 114202
180.76.15.19 - - [15/Jun/2015:01:05:52 -0500] "GET /BLA/resoluciones/RESOLUCIONES%202007/RES%202007%20201%20AL%20300/RESOLUCION%200298%20DE%202007.pdf HTTP/1.1" 200 84173
201.244.242.223 - - [15/Jun/2015:01:05:54 -0500] "GET /forest/usutareas.do?_a=0.5831732859369367&group_system_actual=3 HTTP/1.1" 200 133421
201.244.242.223 - - [15/Jun/2015:01:05:56 -0500] "GET /forest/img/warning.gif HTTP/1.1" 304 -
201.244.242.223 - - [15/Jun/2015:01:05:56 -0500] "GET /forest/session.jsp?a=0.3321798883844167 HTTP/1.1" 200 4
180.76.15.135 - - [15/Jun/2015:01:05:59 -0500] "GET /BLA/resoluciones/RESOLUCIONES%202007/RES%202007%20201%20AL%20300/RESOLUCION%200298%20DE%202007.pdf HTTP/1.1" 200 84173
201.244.242.223 - - [15/Jun/2015:01:05:59 -0500] "GET /forest/borrador/1698895/Formato%20Oficio%20Salida%20(CON%20LOGO)%20Feb%2018.docx HTTP/1.1" 200 100289
180.76.15.152 - - [15/Jun/2015:01:06:01 -0500] "GET /BLA/resoluciones/AUTOS%202009/2718.pdf HTTP/1.1" 200 106459
201.244.242.223 - - [15/Jun/2015:01:06:27 -0500] "GET /forest/skins/gdocs-jar/jsp/escritorio/usudocumentos-borr-adj.jsp?codBorr=1698895&a=0.11449046526104212 HTTP/1.1" 200 3651
201.244.242.223 - - [15/Jun/2015:01:06:27 -0500] "GET /forest/json.do?query=listBorradorAdj&codtraborr=1698895&a=0.28649317752569914 HTTP/1.1" 200 66
201.244.242.223 - - [15/Jun/2015:01:06:27 -0500] "GET /forest/skins/gdocs-jar/img/icons/%60item.nombre.toLowerCase().substring(item.nombre.lastIndexOf('.')+1)%60.gif HTTP/1.1" 404 185
201.244.242.223 - - [15/Jun/2015:01:06:27 -0500] "GET /forest/img/borrar.gif HTTP/1.1" 200 410
180.76.15.152 - - [15/Jun/2015:01:06:29 -0500] "GET /BLA/resoluciones/AUTOS%202010/6911.pdf HTTP/1.1" 200 260864
180.76.15.163 - - [15/Jun/2015:01:06:30 -0500] "GET /BLA/resoluciones/AUTOS%202013/2800.pdf HTTP/1.1" 200 1802493
180.76.15.30 - - [15/Jun/2015:01:06:31 -0500] "GET /BLA/resoluciones/AUTOS%202009/1732.pdf HTTP/1.1" 200 136139
180.76.15.13 - - [15/Jun/2015:01:06:32 -0500] "GET /BLA/resoluciones/RESOLUCIONES%202007/RES%202007%204001%20AL%204100/RESOLUCION%204017%20DE%202007.pdf HTTP/1.1" 200 843795
66.249.79.107 - - [15/Jun/2015:01:06:33 -0500] "GET /BLA/resoluciones/AUTOS%202009/0577.pdf HTTP/1.1" 200 127424
180.76.15.156 - - [15/Jun/2015:01:06:46 -0500] "GET /BLA/resoluciones/RESOLUCIONES%202007/RES%202007%20201%20AL%20300/RESOLUCION%200298%20DE%202007.pdf HTTP/1.1" 200 84173
180.76.15.153 - - [15/Jun/2015:01:06:48 -0500] "GET /BLA/resoluciones/AUTOS%202009/2718.pdf HTTP/1.1" 200 106459
66.249.79.133 - - [15/Jun/2015:01:07:00 -0500] "GET /BLA/resoluciones/AUTOS%202013/1640.pdf HTTP/1.1" 304 -
103.253.166.8 - - [15/Jun/2015:01:07:00 -0500] "GET /ecodirectorio/files/js/swfaddress.js HTTP/1.1" 200 15916
186.113.10.143 - - [15/Jun/2015:01:07:05 -0500] "GET /galeria/nivo-slider/demo/images/ecolectaabril20.jpg HTTP/1.1" 304 -
180.76.15.159 - - [15/Jun/2015:01:07:18 -0500] "GET /BLA/resoluciones/AUTOS%202013/2800.pdf HTTP/1.1" 200 1802493
186.28.85.58 - - [15/Jun/2015:01:07:26 -0500] "GET /forest/logout-redirect.jsp HTTP/1.1" 302 -
186.28.85.58 - - [15/Jun/2015:01:07:26 -0500] "GET /forest/login.do HTTP/1.1" 200 12815
180.76.15.27 - - [15/Jun/2015:01:07:29 -0500] "GET /BLA/resoluciones/RESOLUCIONES%202008/1494.pdf HTTP/1.1" 200 214942
201.244.242.223 - - [15/Jun/2015:01:07:33 -0500] "GET /forest/file/3986637 HTTP/1.1" 200 154722
200.118.62.205 - - [15/Jun/2015:01:07:37 -0500] "GET /galeria/galeria/jquery.fancybox.css?v=2.1.5 HTTP/1.1" 200 4895
200.118.62.205 - - [15/Jun/2015:01:07:37 -0500] "GET /galeria/carrusel/Carrusel/jquery.thumbnailScroller.css HTTP/1.1" 200 2066
200.118.62.205 - - [15/Jun/2015:01:07:37 -0500] "GET /BLA/boletinlegal/js/jquery.scrollShow.js HTTP/1.1" 200 4586
200.118.62.205 - - [15/Jun/2015:01:07:37 -0500] "GET /BLA/boletinlegal/js/jquery.scrollTo-min.js HTTP/1.1" 200 1150
200.118.62.205 - - [15/Jun/2015:01:07:37 -0500] "GET /galeria/galeria/jquery.fancybox.js?v=2.1.5 HTTP/1.1" 200 48706
200.118.62.205 - - [15/Jun/2015:01:07:37 -0500] "GET /galeria/carrusel/Carrusel/jquery-ui-1.8.13.custom.min.js HTTP/1.1" 200 10800
200.118.62.205 - - [15/Jun/2015:01:07:37 -0500] "GET /galeria/carrusel/Carrusel/jquery.thumbnailScroller.js HTTP/1.1" 200 8157
200.118.62.205 - - [15/Jun/2015:01:07:41 -0500] "GET /galeria/nivo-slider/demo/demo.html HTTP/1.1" 200 4410
200.118.62.205 - - [15/Jun/2015:01:07:43 -0500] "GET /galeria/nivo-slider/themes/default/default.css HTTP/1.1" 200 1569
200.118.62.205 - - [15/Jun/2015:01:07:43 -0500] "GET /galeria/nivo-slider/themes/pascal/pascal.css HTTP/1.1" 200 2258
200.118.62.205 - - [15/Jun/2015:01:07:43 -0500] "GET /galeria/nivo-slider/themes/orman/orman.css HTTP/1.1" 200 2152
200.118.62.205 - - [15/Jun/2015:01:07:43 -0500] "GET /galeria/nivo-slider/nivo-slider.css HTTP/1.1" 200 1507
200.118.62.205 - - [15/Jun/2015:01:07:44 -0500] "GET /galeria/nivo-slider/jquery.nivo.slider.pack.js HTTP/1.1" 200 11561
200.118.62.205 - - [15/Jun/2015:01:07:44 -0500] "GET /galeria/nivo-slider/demo/scripts/jquery-1.7.1.min.js HTTP/1.1" 200 93868
200.118.62.205 - - [15/Jun/2015:01:07:43 -0500] "GET /galeria/nivo-slider/demo/style.css HTTP/1.1" 200 2222
200.118.62.205 - - [15/Jun/2015:01:07:44 -0500] "GET /galeria/nivo-slider/demo/images/Comparendo-ambiental-Banner.jpg HTTP/1.1" 200 83731
200.118.62.205 - - [15/Jun/2015:01:07:44 -0500] "GET /galeria/nivo-slider/demo/images/GAE-banner.jpg HTTP/1.1" 200 97556
200.118.62.205 - - [15/Jun/2015:01:07:44 -0500] "GET /galeria/nivo-slider/demo/images/Banner-encuesta-de-percepscio.jpg HTTP/1.1" 200 201899
200.118.62.205 - - [15/Jun/2015:01:07:44 -0500] "GET /galeria/nivo-slider/demo/images/9Signos.jpg HTTP/1.1" 200 81776
180.76.15.145 - - [15/Jun/2015:01:07:48 -0500] "GET /BLA/resoluciones/RESOLUCIONES%202007/RES%202007%20201%20AL%20300/RESOLUCION%200298%20DE%202007.pdf HTTP/1.1" 200 84173
180.76.15.30 - - [15/Jun/2015:01:07:52 -0500] "GET /BLA/resoluciones/AUTOS%202009/2718.pdf HTTP/1.1" 200 106459
200.118.62.205 - - [15/Jun/2015:01:07:54 -0500] "GET /galeria/nivo-slider/demo/images/banner-Pacto-por-la-madera.jpg HTTP/1.1" 200 209966
200.118.62.205 - - [15/Jun/2015:01:07:54 -0500] "GET /galeria/nivo-slider/demo/images/acuerdo_569.jpg HTTP/1.1" 200 62670
200.118.62.205 - - [15/Jun/2015:01:07:56 -0500] "GET /galeria/nivo-slider/demo/images/4Simple_Slider.png HTTP/1.1" 200 11722
200.118.62.205 - - [15/Jun/2015:01:07:56 -0500] "GET /galeria/nivo-slider/themes/default/loading.gif HTTP/1.1" 200 1737
200.118.62.205 - - [15/Jun/2015:01:07:58 -0500] "GET /galeria/nivo-slider/demo/images/Licitaciones-proyecto-paramo.jpg HTTP/1.1" 200 221877
200.118.62.205 - - [15/Jun/2015:01:07:59 -0500] "GET /galeria/nivo-slider/demo/images/Banner-decreto1299.jpg HTTP/1.1" 200 182613
200.118.62.205 - - [15/Jun/2015:01:07:59 -0500] "GET /galeria/nivo-slider/demo/images/Banner-Directorio.jpg HTTP/1.1" 200 182068
200.118.62.205 - - [15/Jun/2015:01:08:00 -0500] "GET /galeria/nivo-slider/demo/images/Ruta-vertimientos-01.jpg HTTP/1.1" 200 130151
200.118.62.205 - - [15/Jun/2015:01:08:07 -0500] "GET /galeria/nivo-slider/demo/images/bolsas-06.jpg HTTP/1.1" 200 90982
180.76.15.30 - - [15/Jun/2015:01:08:07 -0500] "GET /BLA/resoluciones/AUTOS%202013/2408.pdf HTTP/1.1" 200 1130103
200.118.62.205 - - [15/Jun/2015:01:08:11 -0500] "GET /galeria/nivo-slider/demo/images/Conoce-los-humedales.jpg HTTP/1.1" 200 294036
200.118.62.205 - - [15/Jun/2015:01:08:14 -0500] "GET /galeria/nivo-slider/demo/images/ecolecta-Dic2014.png HTTP/1.1" 200 288593
200.118.62.205 - - [15/Jun/2015:01:08:14 -0500] "GET /galeria/nivo-slider/demo/images/Banner-Caracol-Africano.jpg HTTP/1.1" 200 331986
200.118.62.205 - - [15/Jun/2015:01:08:14 -0500] "GET /galeria/nivo-slider/demo/images/banner-llantas2.jpg HTTP/1.1" 200 204644
66.249.79.120 - - [15/Jun/2015:01:08:17 -0500] "GET /BLA/resoluciones/AUTOS%202009/0884.pdf HTTP/1.1" 200 72533
180.76.15.10 - - [15/Jun/2015:01:08:20 -0500] "GET /BLA/resoluciones/AUTOS%202013/2800.pdf HTTP/1.1" 200 1802493
200.118.62.205 - - [15/Jun/2015:01:08:32 -0500] "GET /galeria/nivo-slider/themes/default/bullets.png HTTP/1.1" 200 1281
200.118.62.205 - - [15/Jun/2015:01:08:32 -0500] "GET /galeria/nivo-slider/themes/default/arrows.png HTTP/1.1" 200 824
180.76.15.136 - - [15/Jun/2015:01:09:05 -0500] "GET /BLA/resoluciones/RESOLUCIONES%202007/RES%202007%20201%20AL%20300/RESOLUCION%200298%20DE%202007.pdf HTTP/1.1" 200 84173
180.76.15.138 - - [15/Jun/2015:01:09:05 -0500] "GET /BLA/resoluciones/AUTOS%202009/2718.pdf HTTP/1.1" 200 106459
74.86.158.107 - - [15/Jun/2015:01:09:36 -0500] "HEAD / HTTP/1.1" 200 -
180.76.15.29 - - [15/Jun/2015:01:09:54 -0500] "GET /BLA/resoluciones/AUTOS%202013/2408.pdf HTTP/1.1" 200 1130103
66.249.79.107 - - [15/Jun/2015:01:10:00 -0500] "GET /BLA/resoluciones/RESOLUCIONES%202009/0752.pdf HTTP/1.1" 200 579799
180.76.15.141 - - [15/Jun/2015:01:10:02 -0500] "GET /BLA/resoluciones/AUTOS%202013/2800.pdf HTTP/1.1" 200 1802493
201.244.242.223 - - [15/Jun/2015:01:04:17 -0500] "GET /ForestMSG_SDA/channelAsync/template_word_17789544?X-Atmosphere-tracking-id=01e3e70c-8fac-0378-7517-9ad62c2aa0a5&X-Atmosphere-Framework=1.0.5&X-Atmosphere-Transport=long-polling&tabid=0.07820665999315679&X-Cache-Date=0&Content-Type=application/xml&_=1434348383880 HTTP/1.1" 200 8193
180.76.15.141 - - [15/Jun/2015:01:10:51 -0500] "GET /BLA/resoluciones/AUTOS%202009/1732.pdf HTTP/1.1" 200 136139
201.244.242.223 - - [15/Jun/2015:01:10:57 -0500] "GET /forest/session.jsp?a=0.33378085400909185 HTTP/1.1" 200 4
180.76.15.26 - - [15/Jun/2015:01:11:03 -0500] "GET /BLA/resoluciones/RESOLUCIONES%202007/RES%202007%204001%20AL%204100/RESOLUCION%204017%20DE%202007.pdf HTTP/1.1" 200 843795
180.76.15.134 - - [15/Jun/2015:01:11:15 -0500] "GET /BLA/resoluciones/AUTOS%202013/2408.pdf HTTP/1.1" 200 1130103
180.76.15.13 - - [15/Jun/2015:01:11:15 -0500] "GET /BLA/resoluciones/RESOLUCIONES%202007/RES%202007%20201%20AL%20300/RESOLUCION%200298%20DE%202007.pdf HTTP/1.1" 200 84173
180.76.15.16 - - [15/Jun/2015:01:11:15 -0500] "GET /BLA/resoluciones/RESOLUCIONES%202008/1494.pdf HTTP/1.1" 200 214942
180.76.15.7 - - [15/Jun/2015:01:11:32 -0500] "GET /BLA/resoluciones/AUTOS%202010/6911.pdf HTTP/1.1" 200 260864
180.76.15.160 - - [15/Jun/2015:01:11:40 -0500] "GET /BLA/resoluciones/AUTOS%202009/1732.pdf HTTP/1.1" 200 136139
180.76.15.11 - - [15/Jun/2015:01:11:40 -0500] "GET /BLA/resoluciones/RESOLUCIONES%202010/0628.pdf HTTP/1.1" 200 546718
66.249.79.133 - - [15/Jun/2015:01:11:44 -0500] "GET /BLA/resoluciones/RESOLUCIONES%202009/0266.pdf HTTP/1.1" 200 26597
201.244.242.223 - - [15/Jun/2015:01:05:56 -0500] "GET /ForestMSG_SDA/channelAsync/template_word_17789569?X-Atmosphere-tracking-id=4a8f514c-cb2b-24d7-d647-86a4ed6b6b04&X-Atmosphere-Framework=1.0.5&X-Atmosphere-Transport=long-polling&tabid=0.6510333090554923&X-Cache-Date=0&Content-Type=application/xml&_=1434348482714 HTTP/1.1" 200 8193
180.76.15.139 - - [15/Jun/2015:01:11:59 -0500] "GET /BLA/resoluciones/RESOLUCIONES%202007/RES%202007%204001%20AL%204100/RESOLUCION%204017%20DE%202007.pdf HTTP/1.1" 200 843795
180.76.15.146 - - [15/Jun/2015:01:12:20 -0500] "GET /BLA/resoluciones/AUTOS%202010/5420.pdf HTTP/1.1" 200 204225
180.76.15.10 - - [15/Jun/2015:01:12:21 -0500] "GET /BLA/resoluciones/AUTOS%202009/2718.pdf HTTP/1.1" 200 106459
79.170.44.118 - - [15/Jun/2015:01:12:30 -0500] "GET /old/wp-admin/ HTTP/1.1" 404 1018
180.76.15.151 - - [15/Jun/2015:01:12:40 -0500] "GET /BLA/resoluciones/AUTOS%202013/2800.pdf HTTP/1.1" 200 1802493
180.76.15.21 - - [15/Jun/2015:01:12:41 -0500] "GET /BLA/resoluciones/AUTOS%202009/1732.pdf HTTP/1.1" 200 136139
180.76.15.28 - - [15/Jun/2015:01:12:43 -0500] "GET /BLA/resoluciones/RESOLUCIONES%202007/RES%202007%204001%20AL%204100/RESOLUCION%204017%20DE%202007.pdf HTTP/1.1" 200 843795
66.249.79.120 - - [15/Jun/2015:01:13:28 -0500] "GET /BLA/resoluciones/AUTOS%202012/1252.pdf HTTP/1.1" 200 157046
66.249.79.107 - - [15/Jun/2015:01:13:29 -0500] "GET /BLA/resoluciones/RESOLUCIONES%202007/RES%202007%20901%20AL%201000/RESOLUCION%200977%20DE%202007.pdf HTTP/1.1" 200 22689
107.155.87.163 - - [15/Jun/2015:01:13:30 -0500] "GET /test/wp-admin/ HTTP/1.1" 404 1018
180.76.15.22 - - [15/Jun/2015:01:13:49 -0500] "GET /BLA/resoluciones/AUTOS%202013/2800.pdf HTTP/1.1" 200 1802493
180.76.15.28 - - [15/Jun/2015:01:14:09 -0500] "GET /BLA/resoluciones/AUTOS%202009/2718.pdf HTTP/1.1" 200 106459
180.76.15.12 - - [15/Jun/2015:01:14:26 -0500] "GET /BLA/resoluciones/RESOLUCIONES%202010/0628.pdf HTTP/1.1" 200 546718
74.86.158.107 - - [15/Jun/2015:01:14:36 -0500] "HEAD / HTTP/1.1" 200 -
66.249.79.107 - - [15/Jun/2015:01:15:12 -0500] "GET /BLA/resoluciones/RESOLUCIONES%202009/3452.pdf HTTP/1.1" 200 645303
180.76.15.21 - - [15/Jun/2015:01:15:29 -0500] "GET /BLA/resoluciones/AUTOS%202009/2718.pdf HTTP/1.1" 200 106459
180.76.15.28 - - [15/Jun/2015:01:15:29 -0500] "GET /BLA/resoluciones/AUTOS%202009/1732.pdf HTTP/1.1" 200 136139
180.76.15.9 - - [15/Jun/2015:01:15:30 -0500] "GET /BLA/resoluciones/RESOLUCIONES%202007/RES%202007%204001%20AL%204100/RESOLUCION%204017%20DE%202007.pdf HTTP/1.1" 200 843795
180.76.15.152 - - [15/Jun/2015:01:15:31 -0500] "GET /BLA/resoluciones/AUTOS%202010/6911.pdf HTTP/1.1" 200 260864
201.244.242.223 - - [15/Jun/2015:01:15:58 -0500] "GET /forest/session.jsp?a=0.9654787147883326 HTTP/1.1" 200 4
66.249.79.120 - - [15/Jun/2015:01:16:56 -0500] "GET /BLA/resoluciones/AUTOS%202008/0255.pdf HTTP/1.1" 200 180374
200.118.62.205 - - [15/Jun/2015:01:16:57 -0500] "GET /videos/galeria-cronicas/1V3wnplaylist.htm? HTTP/1.1" 200 4013
200.118.62.205 - - [15/Jun/2015:01:16:57 -0500] "GET /videos/galeria-cronicas/skin/blue.monday/jplayer.blue.monday.css HTTP/1.1" 200 12518
200.118.62.205 - - [15/Jun/2015:01:16:57 -0500] "GET /videos/galeria-cronicas/js/jplayer.playlist.min.js HTTP/1.1" 200 8608
200.118.62.205 - - [15/Jun/2015:01:16:57 -0500] "GET /videos/galeria-cronicas/js/jquery.jplayer.min.js HTTP/1.1" 200 43668
190.4.6.54 - - [15/Jun/2015:01:16:57 -0500] "GET /galeria/galeria/jquery.fancybox.css?v=2.1.5 HTTP/1.1" 200 4895
190.4.6.54 - - [15/Jun/2015:01:16:57 -0500] "GET /BLA/boletinlegal/js/jquery.scrollTo-min.js HTTP/1.1" 200 1150
190.4.6.54 - - [15/Jun/2015:01:16:57 -0500] "GET /BLA/boletinlegal/js/jquery.scrollShow.js HTTP/1.1" 200 4586
190.4.6.54 - - [15/Jun/2015:01:16:57 -0500] "GET /galeria/galeria/jquery.fancybox.js?v=2.1.5 HTTP/1.1" 200 48706
190.4.6.54 - - [15/Jun/2015:01:16:57 -0500] "GET /galeria/galeria/jquery.fancybox.js?v=2.1.5 HTTP/1.1" 206 128
190.4.6.54 - - [15/Jun/2015:01:16:58 -0500] "GET /autoliquidacion HTTP/1.1" 301 310
200.118.62.205 - - [15/Jun/2015:01:16:59 -0500] "GET /videos/galeria-cronicas/skin/blue.monday/jplayer.blue.monday.video.play.png HTTP/1.1" 200 14424
200.118.62.205 - - [15/Jun/2015:01:16:59 -0500] "GET /videos/galeria-cronicas/skin/blue.monday/jplayer.blue.monday.jpg HTTP/1.1" 200 23189
190.4.6.54 - - [15/Jun/2015:01:16:59 -0500] "GET /autoliquidacion/ HTTP/1.1" 200 6375
190.4.6.54 - - [15/Jun/2015:01:16:59 -0500] "GET /autoliquidacion/dlf/folder.png HTTP/1.1" 200 410
190.4.6.54 - - [15/Jun/2015:01:16:59 -0500] "GET /autoliquidacion/dlf/styles.css HTTP/1.1" 200 3045
200.118.62.205 - - [15/Jun/2015:01:17:00 -0500] "GET /videos/galeria-cronicas/1videos/parche.mp4video.mp4 HTTP/1.1" 206 2821840
190.4.6.54 - - [15/Jun/2015:01:17:00 -0500] "GET /autoliquidacion/dlf/bg.gif HTTP/1.1" 200 54
200.118.62.205 - - [15/Jun/2015:01:17:00 -0500] "GET /videos/galeria-cronicas/1videos/parche.mp4video.mp4 HTTP/1.1" 206 31459
200.118.62.205 - - [15/Jun/2015:01:17:00 -0500] "GET /videos/galeria-cronicas/skin/blue.monday/jplayer.blue.monday.seeking.gif HTTP/1.1" 200 3284
200.118.62.205 - - [15/Jun/2015:01:17:01 -0500] "GET /videos/galeria-cronicas/1videos/parche.mp4video.mp4 HTTP/1.1" 206 2752768
200.118.62.205 - - [15/Jun/2015:01:17:10 -0500] "GET /BLA/boletinlegal/js/jquery.scrollTo-min.js HTTP/1.1" 304 -
200.118.62.205 - - [15/Jun/2015:01:17:10 -0500] "GET /galeria/galeria/jquery.fancybox.js?v=2.1.5 HTTP/1.1" 304 -
200.118.62.205 - - [15/Jun/2015:01:17:10 -0500] "GET /BLA/boletinlegal/js/jquery.scrollShow.js HTTP/1.1" 304 -
200.118.62.205 - - [15/Jun/2015:01:17:11 -0500] "GET /galeria/galeria/jquery.fancybox.css?v=2.1.5 HTTP/1.1" 304 -
186.155.58.6 - - [15/Jun/2015:01:17:19 -0500] "GET /BLA/boletinlegal/js/jquery.scrollTo-min.js HTTP/1.1" 200 1150
186.155.58.6 - - [15/Jun/2015:01:17:19 -0500] "GET /galeria/galeria/jquery.fancybox.css?v=2.1.5 HTTP/1.1" 200 4895
186.155.58.6 - - [15/Jun/2015:01:17:19 -0500] "GET /BLA/boletinlegal/js/jquery.scrollShow.js HTTP/1.1" 200 4586
186.155.58.6 - - [15/Jun/2015:01:17:19 -0500] "GET /galeria/galeria/jquery.fancybox.js?v=2.1.5 HTTP/1.1" 200 48706
186.155.58.6 - - [15/Jun/2015:01:17:25 -0500] "GET /galeria/galeria/jquery.fancybox.css?v=2.1.5 HTTP/1.1" 200 4895
186.155.58.6 - - [15/Jun/2015:01:17:25 -0500] "GET /galeria/galeria/jquery.fancybox.js?v=2.1.5 HTTP/1.1" 200 48706
186.155.58.6 - - [15/Jun/2015:01:17:25 -0500] "GET /BLA/boletinlegal/js/jquery.scrollShow.js HTTP/1.1" 200 4586
186.155.58.6 - - [15/Jun/2015:01:17:25 -0500] "GET /BLA/boletinlegal/js/jquery.scrollTo-min.js HTTP/1.1" 200 1150
190.233.79.104 - - [15/Jun/2015:01:17:43 -0500] "GET /galeria/galeria/jquery.fancybox.css?v=2.1.5 HTTP/1.1" 200 4895
190.233.79.104 - - [15/Jun/2015:01:17:43 -0500] "GET /BLA/boletinlegal/js/jquery.scrollTo-min.js HTTP/1.1" 200 1150
190.233.79.104 - - [15/Jun/2015:01:17:43 -0500] "GET /BLA/boletinlegal/js/jquery.scrollShow.js HTTP/1.1" 200 4586
190.233.79.104 - - [15/Jun/2015:01:17:43 -0500] "GET /galeria/galeria/jquery.fancybox.js?v=2.1.5 HTTP/1.1" 200 48706
190.4.6.54 - - [15/Jun/2015:01:17:46 -0500] "GET /autoliquidacion/ HTTP/1.1" 200 6375
190.233.79.104 - - [15/Jun/2015:01:17:51 -0500] "GET /BLA/boletinlegal/js/jquery.scrollTo-min.js HTTP/1.1" 304 -
190.233.79.104 - - [15/Jun/2015:01:17:51 -0500] "GET /galeria/galeria/jquery.fancybox.css?v=2.1.5 HTTP/1.1" 304 -
190.233.79.104 - - [15/Jun/2015:01:17:51 -0500] "GET /galeria/galeria/jquery.fancybox.js?v=2.1.5 HTTP/1.1" 304 -
190.233.79.104 - - [15/Jun/2015:01:17:51 -0500] "GET /BLA/boletinlegal/js/jquery.scrollShow.js HTTP/1.1" 304 -
201.244.242.223 - - [15/Jun/2015:01:11:57 -0500] "GET /ForestMSG_SDA/channelAsync/template_word_17789569?X-Atmosphere-tracking-id=4a8f514c-cb2b-24d7-d647-86a4ed6b6b04&X-Atmosphere-Framework=1.0.5&X-Atmosphere-Transport=long-polling&tabid=0.6510333090554923&X-Cache-Date=0&Content-Type=application/xml&_=1434348844062 HTTP/1.1" 200 8193
66.249.79.107 - - [15/Jun/2015:01:17:59 -0500] "GET /BLA/resoluciones/RESOLUCIONES%202007/RES%202007%201001%20AL%201100/RESOLUCION%201006%20DE%202007.pdf HTTP/1.1" 304 -
66.249.79.120 - - [15/Jun/2015:01:18:40 -0500] "GET /BLA/resoluciones/RESOLUCIONES%202009/5497.pdf HTTP/1.1" 200 498381
66.102.8.233 - - [15/Jun/2015:01:18:58 -0500] "GET /galeria/galeria/fotos/Entrenube2G.jpg HTTP/1.1" 200 111422
74.86.158.107 - - [15/Jun/2015:01:19:36 -0500] "HEAD / HTTP/1.1" 200 -
66.249.79.107 - - [15/Jun/2015:01:19:56 -0500] "GET /BLA/resoluciones/RESOLUCIONES%202009/7615.pdf HTTP/1.1" 304 -
66.249.79.120 - - [15/Jun/2015:01:20:03 -0500] "GET /BLA/resoluciones/RESOLUCIONES%202010/2721.pdf HTTP/1.1" 200 376044
66.249.79.107 - - [15/Jun/2015:01:21:37 -0500] "GET /BLA/resoluciones/RESOLUCIONES%202009/1189.pdf HTTP/1.1" 200 321176
186.84.140.218 - - [15/Jun/2015:01:22:46 -0500] "GET /galeria/galeria/jquery.fancybox.css?v=2.1.5 HTTP/1.1" 200 4895
186.84.140.218 - - [15/Jun/2015:01:22:46 -0500] "GET /BLA/boletinlegal/js/jquery.scrollTo-min.js HTTP/1.1" 200 1150
186.84.140.218 - - [15/Jun/2015:01:22:46 -0500] "GET /BLA/boletinlegal/js/jquery.scrollShow.js HTTP/1.1" 200 4586
186.84.140.218 - - [15/Jun/2015:01:22:46 -0500] "GET /galeria/galeria/jquery.fancybox.js?v=2.1.5 HTTP/1.1" 200 48706
66.249.79.120 - - [15/Jun/2015:01:23:13 -0500] "GET /BLA/resoluciones/RESOLUCIONES%202008/1555.pdf HTTP/1.1" 200 27193
201.244.242.223 - - [15/Jun/2015:01:17:58 -0500] "GET /ForestMSG_SDA/channelAsync/template_word_17789569?X-Atmosphere-tracking-id=4a8f514c-cb2b-24d7-d647-86a4ed6b6b04&X-Atmosphere-Framework=1.0.5&X-Atmosphere-Transport=long-polling&tabid=0.6510333090554923&X-Cache-Date=0&Content-Type=application/xml&_=1434349205055 HTTP/1.1" 200 8193
186.30.5.128 - - [15/Jun/2015:01:24:19 -0500] "GET /BLA/boletinlegal/js/jquery.scrollTo-min.js HTTP/1.1" 200 1150
186.30.5.128 - - [15/Jun/2015:01:24:19 -0500] "GET /BLA/boletinlegal/js/jquery.scrollShow.js HTTP/1.1" 200 4586
186.30.5.128 - - [15/Jun/2015:01:24:20 -0500] "GET /galeria/galeria/jquery.fancybox.js?v=2.1.5 HTTP/1.1" 200 48706
186.30.5.128 - - [15/Jun/2015:01:24:20 -0500] "GET /galeria/galeria/jquery.fancybox.css?v=2.1.5 HTTP/1.1" 200 4895
186.30.5.128 - - [15/Jun/2015:01:24:25 -0500] "GET /BLA/boletinlegal/js/jquery.scrollTo-min.js HTTP/1.1" 304 -
186.30.5.128 - - [15/Jun/2015:01:24:25 -0500] "GET /BLA/boletinlegal/js/jquery.scrollShow.js HTTP/1.1" 304 -
186.30.5.128 - - [15/Jun/2015:01:24:25 -0500] "GET /galeria/galeria/jquery.fancybox.css?v=2.1.5 HTTP/1.1" 304 -
186.30.5.128 - - [15/Jun/2015:01:24:25 -0500] "GET /galeria/galeria/jquery.fancybox.js?v=2.1.5 HTTP/1.1" 304 -
74.86.158.107 - - [15/Jun/2015:01:24:36 -0500] "HEAD / HTTP/1.1" 200 -
66.249.79.107 - - [15/Jun/2015:01:24:48 -0500] "GET /BLA/resoluciones/RESOLUCIONES%202007/RES%202007%202301%20AL%202400/RESOLUCION%202327%20DE%202007.pdf HTTP/1.1" 200 633508
66.249.79.120 - - [15/Jun/2015:01:26:24 -0500] "GET /POT-2013/index.php?dir=Cartografia%2F HTTP/1.1" 200 11465
200.118.62.205 - - [15/Jun/2015:01:26:58 -0500] "GET /galeria/juegos/ear/ HTTP/1.1" 200 1093
200.118.62.205 - - [15/Jun/2015:01:26:59 -0500] "GET /galeria/juegos/ear/EARI.swf HTTP/1.1" 200 526915
200.118.62.205 - - [15/Jun/2015:01:27:02 -0500] "GET /galeria/juegos/ear/objects/Smacking-DJ_Dinky-10082_hifi.mp3 HTTP/1.1" 200 27712
200.118.62.205 - - [15/Jun/2015:01:27:08 -0500] "GET /galeria/juegos/ear/SkinUnderPlaySeekStop.swf HTTP/1.1" 404 1188
200.118.62.205 - - [15/Jun/2015:01:27:08 -0500] "GET /galeria/juegos/ear/cab_ear.flv HTTP/1.1" 200 2172365
66.102.8.208 - - [15/Jun/2015:01:27:09 -0500] "GET /galeria/galeria/fotos/Entrenube2G.jpg HTTP/1.1" 200 111422
200.118.62.205 - - [15/Jun/2015:01:27:41 -0500] "GET /galeria/juegos/ear/texturesExport/BuildingsDerelict0002_L.jpg HTTP/1.1" 200 7529
200.118.62.205 - - [15/Jun/2015:01:27:41 -0500] "GET /galeria/juegos/ear/objects/calle.dae HTTP/1.1" 200 138135
200.118.62.205 - - [15/Jun/2015:01:27:41 -0500] "GET /galeria/juegos/ear/objects/calle.dae HTTP/1.1" 200 138135
200.118.62.205 - - [15/Jun/2015:01:27:41 -0500] "GET /galeria/juegos/ear/objects/calle.dae HTTP/1.1" 200 138135
200.118.62.205 - - [15/Jun/2015:01:27:41 -0500] "GET /galeria/juegos/ear/texturesExport/BuildingsDerelict0005_1_L.jpg HTTP/1.1" 200 8832
200.118.62.205 - - [15/Jun/2015:01:27:42 -0500] "GET /galeria/juegos/ear/texturesExport/BuildingsDerelict0036_L.jpg HTTP/1.1" 200 8986
200.118.62.205 - - [15/Jun/2015:01:27:42 -0500] "GET /galeria/juegos/ear/texturesExport/BuildingsTallHouse0020_M.jpg HTTP/1.1" 200 8451
200.118.62.205 - - [15/Jun/2015:01:27:42 -0500] "GET /galeria/juegos/ear/texturesExport/TilesPlain0109_7_thumbhuge.jpg HTTP/1.1" 200 21493
200.118.62.205 - - [15/Jun/2015:01:27:49 -0500] "GET /galeria/juegos/ear/objects/Acidic_C-Suspende-10275_hifi.mp3 HTTP/1.1" 200 110886
66.249.79.133 - - [15/Jun/2015:01:28:00 -0500] "GET /BLA/resoluciones/AUTOS%202010/0134.pdf HTTP/1.1" 304 -
74.86.158.107 - - [15/Jun/2015:01:29:36 -0500] "HEAD / HTTP/1.1" 200 -
66.249.79.107 - - [15/Jun/2015:01:29:37 -0500] "GET /BLA/resoluciones/AUTOS%202008/0930.pdf HTTP/1.1" 304 -
201.244.242.223 - - [15/Jun/2015:01:23:59 -0500] "GET /ForestMSG_SDA/channelAsync/template_word_17789569?X-Atmosphere-tracking-id=4a8f514c-cb2b-24d7-d647-86a4ed6b6b04&X-Atmosphere-Framework=1.0.5&X-Atmosphere-Transport=long-polling&tabid=0.6510333090554923&X-Cache-Date=0&Content-Type=application/xml&_=1434349566055 HTTP/1.1" 200 8193
66.249.79.120 - - [15/Jun/2015:01:31:13 -0500] "GET /BLA/resoluciones/RESOLUCIONES%202010/3870.pdf HTTP/1.1" 200 1103606
186.30.182.11 - - [15/Jun/2015:01:32:33 -0500] "GET /BLA/resoluciones/RESOLUCIONES%202009/1803.pdf HTTP/1.1" 200 613104
186.30.182.11 - - [15/Jun/2015:01:32:33 -0500] "GET /favicon.ico HTTP/1.1" 200 7782
107.155.87.163 - - [15/Jun/2015:01:32:37 -0500] "GET /blog/wp-admin/ HTTP/1.1" 404 1018
66.249.79.107 - - [15/Jun/2015:01:32:51 -0500] "GET /BLA/resoluciones/RESOLUCIONES%202009/3957.pdf HTTP/1.1" 304 -
66.249.79.107 - - [15/Jun/2015:01:32:53 -0500] "GET /BLA/resoluciones/AUTOS%202009/0730.pdf HTTP/1.1" 304 -
186.30.39.157 - - [15/Jun/2015:01:33:36 -0500] "GET /galeria/galeria/fotos/Entrenube2G.jpg HTTP/1.1" 200 111422
66.102.8.233 - - [15/Jun/2015:01:33:39 -0500] "GET /galeria/galeria/fotos/Entrenube2G.jpg HTTP/1.1" 200 111422
66.249.79.107 - - [15/Jun/2015:01:33:42 -0500] "GET /BLA/resoluciones/RESOLUCIONES%202011/4654.pdf HTTP/1.1" 200 575628
66.249.79.120 - - [15/Jun/2015:01:34:29 -0500] "GET /BLA/resoluciones/RESOLUCIONES%202009/2235.pdf HTTP/1.1" 200 499639
74.86.158.107 - - [15/Jun/2015:01:34:36 -0500] "HEAD / HTTP/1.1" 200 -
66.249.83.198 - - [15/Jun/2015:01:34:53 -0500] "GET /galeria/galeria/fotos/Entrenube2G.jpg HTTP/1.1" 200 111422
66.249.83.186 - - [15/Jun/2015:01:34:53 -0500] "GET /galeria/galeria/fotos/Entrenube2G.jpg HTTP/1.1" 200 111422
66.249.83.186 - - [15/Jun/2015:01:35:31 -0500] "GET /galeria/galeria/fotos/Entrenube2G.jpg HTTP/1.1" 200 111422
201.244.242.223 - - [15/Jun/2015:01:30:00 -0500] "GET /ForestMSG_SDA/channelAsync/template_word_17789569?X-Atmosphere-tracking-id=4a8f514c-cb2b-24d7-d647-86a4ed6b6b04&X-Atmosphere-Framework=1.0.5&X-Atmosphere-Transport=long-polling&tabid=0.6510333090554923&X-Cache-Date=0&Content-Type=application/xml&_=1434349927080 HTTP/1.1" 200 8193
66.249.79.107 - - [15/Jun/2015:01:36:06 -0500] "GET /BLA/resoluciones/RESOLUCIONES%202007/RES%202007%201001%20AL%201100/RESOLUCION%201006%20DE%202007.pdf HTTP/1.1" 304 -
199.195.118.53 - - [15/Jun/2015:01:36:07 -0500] "GET / HTTP/1.1" 200 10190
103.253.166.8 - - [15/Jun/2015:01:38:03 -0500] "GET /ecodirectorio/files/res/flags/de.png HTTP/1.1" 200 641
200.31.20.195 - - [15/Jun/2015:01:38:45 -0500] "GET /BLA/boletinlegal/js/jquery.scrollShow.js HTTP/1.1" 200 4586
200.31.20.195 - - [15/Jun/2015:01:38:45 -0500] "GET /galeria/galeria/jquery.fancybox.css?v=2.1.5 HTTP/1.1" 200 4895
200.31.20.195 - - [15/Jun/2015:01:38:45 -0500] "GET /BLA/boletinlegal/js/jquery.scrollTo-min.js HTTP/1.1" 200 1150
200.31.20.195 - - [15/Jun/2015:01:38:45 -0500] "GET /galeria/galeria/jquery.fancybox.js?v=2.1.5 HTTP/1.1" 200 48706
200.31.20.195 - - [15/Jun/2015:01:38:54 -0500] "GET /galeria/galeria/jquery.fancybox.js?v=2.1.5 HTTP/1.1" 200 48706
200.31.20.195 - - [15/Jun/2015:01:38:54 -0500] "GET /galeria/galeria/jquery.fancybox.css?v=2.1.5 HTTP/1.1" 200 4895
200.31.20.195 - - [15/Jun/2015:01:38:54 -0500] "GET /BLA/boletinlegal/js/jquery.scrollShow.js HTTP/1.1" 304 -
200.31.20.195 - - [15/Jun/2015:01:38:54 -0500] "GET /BLA/boletinlegal/js/jquery.scrollTo-min.js HTTP/1.1" 304 -
107.155.87.163 - - [15/Jun/2015:01:39:08 -0500] "GET /wordpress/wp-admin/ HTTP/1.1" 404 1018
66.249.79.133 - - [15/Jun/2015:01:39:21 -0500] "GET /BLA/resoluciones/AUTOS%202013/1617.pdf HTTP/1.1" 200 1298745
66.249.79.120 - - [15/Jun/2015:01:39:28 -0500] "GET /BLA/resoluciones/AUTOS%202008/0130.pdf HTTP/1.1" 200 108744
74.86.158.107 - - [15/Jun/2015:01:39:36 -0500] "HEAD / HTTP/1.1" 200 -
66.249.79.107 - - [15/Jun/2015:01:41:09 -0500] "GET /BLA/resoluciones/RESOLUCIONES%202008/0675.pdf HTTP/1.1" 200 58330
201.244.242.223 - - [15/Jun/2015:01:36:01 -0500] "GET /ForestMSG_SDA/channelAsync/template_word_17789569?X-Atmosphere-tracking-id=4a8f514c-cb2b-24d7-d647-86a4ed6b6b04&X-Atmosphere-Framework=1.0.5&X-Atmosphere-Transport=long-polling&tabid=0.6510333090554923&X-Cache-Date=0&Content-Type=application/xml&_=1434350288055 HTTP/1.1" 200 8193
107.155.87.163 - - [15/Jun/2015:01:42:21 -0500] "GET /wp/wp-admin/ HTTP/1.1" 404 1018
201.244.242.223 - - [15/Jun/2015:01:42:37 -0500] "GET /forest/session.jsp?a=0.5043839486315846 HTTP/1.1" 200 4
201.244.242.223 - - [15/Jun/2015:01:42:39 -0500] "GET /forest/file/3986637 HTTP/1.1" 200 154722
190.158.227.74 - - [15/Jun/2015:01:42:46 -0500] "GET /galeria/galeria/jquery.fancybox.css?v=2.1.5 HTTP/1.1" 200 4895
190.158.227.74 - - [15/Jun/2015:01:42:46 -0500] "GET /galeria/carrusel/Carrusel/jquery.thumbnailScroller.css HTTP/1.1" 200 2066
190.158.227.74 - - [15/Jun/2015:01:42:46 -0500] "GET /BLA/boletinlegal/js/jquery.scrollTo-min.js HTTP/1.1" 200 1150
190.158.227.74 - - [15/Jun/2015:01:42:46 -0500] "GET /galeria/galeria/jquery.fancybox.js?v=2.1.5 HTTP/1.1" 200 48706
190.158.227.74 - - [15/Jun/2015:01:42:46 -0500] "GET /BLA/boletinlegal/js/jquery.scrollShow.js HTTP/1.1" 200 4586
190.158.227.74 - - [15/Jun/2015:01:42:46 -0500] "GET /galeria/carrusel/Carrusel/jquery-ui-1.8.13.custom.min.js HTTP/1.1" 200 10800
190.158.227.74 - - [15/Jun/2015:01:42:46 -0500] "GET /galeria/carrusel/Carrusel/jquery.thumbnailScroller.js HTTP/1.1" 200 8157
66.249.79.107 - - [15/Jun/2015:01:42:50 -0500] "GET /BLA/resoluciones/RESOLUCIONES%202013/1197.pdf HTTP/1.1" 304 -
190.158.227.74 - - [15/Jun/2015:01:43:01 -0500] "GET /galeria/nivo-slider/demo/demo.html HTTP/1.1" 200 4410
190.158.227.74 - - [15/Jun/2015:01:43:01 -0500] "GET /galeria/nivo-slider/themes/default/default.css HTTP/1.1" 200 1569
190.158.227.74 - - [15/Jun/2015:01:43:01 -0500] "GET /galeria/nivo-slider/themes/pascal/pascal.css HTTP/1.1" 200 2258
190.158.227.74 - - [15/Jun/2015:01:43:03 -0500] "GET /galeria/nivo-slider/themes/orman/orman.css HTTP/1.1" 200 2152
190.158.227.74 - - [15/Jun/2015:01:43:03 -0500] "GET /galeria/nivo-slider/nivo-slider.css HTTP/1.1" 200 1507
190.158.227.74 - - [15/Jun/2015:01:43:03 -0500] "GET /galeria/nivo-slider/jquery.nivo.slider.pack.js HTTP/1.1" 200 11561
190.158.227.74 - - [15/Jun/2015:01:43:03 -0500] "GET /galeria/nivo-slider/demo/style.css HTTP/1.1" 200 2222
190.158.227.74 - - [15/Jun/2015:01:43:03 -0500] "GET /galeria/nivo-slider/demo/scripts/jquery-1.7.1.min.js HTTP/1.1" 200 93868
190.158.227.74 - - [15/Jun/2015:01:43:03 -0500] "GET /galeria/nivo-slider/demo/images/4Simple_Slider.png HTTP/1.1" 200 11722
190.158.227.74 - - [15/Jun/2015:01:43:03 -0500] "GET /galeria/nivo-slider/themes/default/loading.gif HTTP/1.1" 200 1737
190.158.227.74 - - [15/Jun/2015:01:43:06 -0500] "GET /galeria/nivo-slider/demo/images/Comparendo-ambiental-Banner.jpg HTTP/1.1" 200 83731
190.158.227.74 - - [15/Jun/2015:01:43:06 -0500] "GET /galeria/nivo-slider/demo/images/9Signos.jpg HTTP/1.1" 200 81776
190.158.227.74 - - [15/Jun/2015:01:43:12 -0500] "GET /galeria/nivo-slider/demo/images/Banner-encuesta-de-percepscio.jpg HTTP/1.1" 200 201899
190.158.227.74 - - [15/Jun/2015:01:43:14 -0500] "GET /galeria/nivo-slider/demo/images/GAE-banner.jpg HTTP/1.1" 200 97556
190.158.227.74 - - [15/Jun/2015:01:43:17 -0500] "GET /galeria/nivo-slider/demo/images/banner-Pacto-por-la-madera.jpg HTTP/1.1" 200 209966
190.158.227.74 - - [15/Jun/2015:01:43:17 -0500] "GET /galeria/nivo-slider/demo/images/acuerdo_569.jpg HTTP/1.1" 200 62670
201.244.242.223 - - [15/Jun/2015:01:43:30 -0500] "GET /forest/borrador/1698895/Formato%20Oficio%20Salida%20(CON%20LOGO)%20Feb%2018.docx HTTP/1.1" 200 100289
190.158.227.74 - - [15/Jun/2015:01:43:35 -0500] "GET /galeria/nivo-slider/demo/images/Licitaciones-proyecto-paramo.jpg HTTP/1.1" 200 221877
190.158.227.74 - - [15/Jun/2015:01:43:53 -0500] "GET /galeria/nivo-slider/demo/images/Banner-decreto1299.jpg HTTP/1.1" 200 182613
190.158.227.74 - - [15/Jun/2015:01:43:56 -0500] "GET /galeria/nivo-slider/demo/images/Banner-Directorio.jpg HTTP/1.1" 200 182068
190.158.227.74 - - [15/Jun/2015:01:43:58 -0500] "GET /galeria/nivo-slider/demo/images/Ruta-vertimientos-01.jpg HTTP/1.1" 200 130151
190.158.227.74 - - [15/Jun/2015:01:43:58 -0500] "GET /galeria/nivo-slider/demo/images/bolsas-06.jpg HTTP/1.1" 200 90982
190.158.227.74 - - [15/Jun/2015:01:43:58 -0500] "GET /galeria/nivo-slider/demo/images/Conoce-los-humedales.jpg HTTP/1.1" 200 294036
201.244.242.223 - - [15/Jun/2015:01:43:59 -0500] "GET /forest/skins/gdocs-jar/popup/showformtocrud.jsp?codForm=solicitar_correccion&iih=xx&iid=yy&width=580&height=320&numPro=2981094&codInst=3016722&codTraEsc=17789569&title=Solicitar%20Correcci%F3n&a=0.22390402015298605 HTTP/1.1" 200 4117
201.244.242.223 - - [15/Jun/2015:01:43:59 -0500] "GET /forest/skins/gdocs-jar/popup/showformtocrudtwo.jsp?codForm=solicitar_correccion&numPro=2981094&codInst=3016722&codTraEsc=17789569&schema=&table=&column= HTTP/1.1" 200 6791
201.244.242.223 - - [15/Jun/2015:01:43:59 -0500] "GET /forest/skins/gdocs-jar/popup/showformtocrudtwo.jsp?codForm=solicitar_correccion&numPro=2981094&codInst=3016722&codTraEsc=17789569&schema=&table=&column= HTTP/1.1" 200 6791
201.244.242.223 - - [15/Jun/2015:01:44:05 -0500] "GET /forest/actions/forms.getList?codForm=solicitar_correccion&id=funcionario&text=M HTTP/1.1" 200 1253
201.244.242.223 - - [15/Jun/2015:01:44:05 -0500] "GET /forest/actions/forms.getList?codForm=solicitar_correccion&id=funcionario&text=MA HTTP/1.1" 200 1259
201.244.242.223 - - [15/Jun/2015:01:44:06 -0500] "GET /forest/actions/forms.getList?codForm=solicitar_correccion&id=funcionario&text=MAY HTTP/1.1" 200 1047
190.158.227.74 - - [15/Jun/2015:01:44:10 -0500] "GET /galeria/nivo-slider/demo/images/ecolecta-Dic2014.png HTTP/1.1" 200 288593
190.158.227.74 - - [15/Jun/2015:01:44:10 -0500] "GET /galeria/nivo-slider/demo/images/Banner-Caracol-Africano.jpg HTTP/1.1" 200 331986
201.244.242.223 - - [15/Jun/2015:01:44:11 -0500] "GET /forest/actions/forms.getList?codForm=solicitar_correccion&id=funcionario&text=MAYR HTTP/1.1" 200 134
190.158.227.74 - - [15/Jun/2015:01:44:11 -0500] "GET /galeria/nivo-slider/demo/images/banner-llantas2.jpg HTTP/1.1" 200 204644
201.244.242.223 - - [15/Jun/2015:01:44:11 -0500] "GET /forest/actions/forms.getList?codForm=solicitar_correccion&id=funcionario&text=MAYRA HTTP/1.1" 200 134
66.249.79.120 - - [15/Jun/2015:01:44:32 -0500] "GET /BLA/resoluciones/RESOLUCIONES%202007/RES%202007%201801%20AL%201900/RESOLUCION%201820%20DE%202007.pdf HTTP/1.1" 200 634039
74.86.158.107 - - [15/Jun/2015:01:44:36 -0500] "HEAD / HTTP/1.1" 200 -
201.244.242.223 - - [15/Jun/2015:01:44:50 -0500] "POST /forest/actions/forms.saveFormCrud?codform=solicitar_correccion&schema=&table=&column= HTTP/1.1" 200 139
201.244.242.223 - - [15/Jun/2015:01:44:52 -0500] "GET /forest/usutareas.do?group_system_actual=3&a=0.9153469644952565 HTTP/1.1" 200 133556
201.244.242.223 - - [15/Jun/2015:01:42:02 -0500] "GET /ForestMSG_SDA/channelAsync/template_word_17789569?X-Atmosphere-tracking-id=4a8f514c-cb2b-24d7-d647-86a4ed6b6b04&X-Atmosphere-Framework=1.0.5&X-Atmosphere-Transport=long-polling&tabid=0.6510333090554923&X-Cache-Date=0&Content-Type=application/xml&_=1434350649102 HTTP/1.1" 200 8193
201.244.242.223 - - [15/Jun/2015:01:44:55 -0500] "GET /forest/session.jsp?a=0.9112052356358618 HTTP/1.1" 200 4
201.244.242.223 - - [15/Jun/2015:01:44:57 -0500] "GET /forest/skins/gdocs-jar/popup/escritorio/reasignar.jsp?codTraEsc=17789569&a=0.8787829517386854 HTTP/1.1" 200 3744
201.244.242.223 - - [15/Jun/2015:01:45:09 -0500] "POST /forest/usutareas.do?group_system_actual=3 HTTP/1.1" 200 156
201.244.242.223 - - [15/Jun/2015:01:45:11 -0500] "GET /forest/usutareas.do?group_system_actual=3&a=0.45432046707719564 HTTP/1.1" 200 20758
201.244.242.223 - - [15/Jun/2015:01:45:11 -0500] "GET /forest/session.jsp?a=0.4108214215375483 HTTP/1.1" 200 4
201.244.242.223 - - [15/Jun/2015:01:45:27 -0500] "GET /forest/misactividades.do?_a=0.9934374259319156&group_system_actual=3 HTTP/1.1" 200 38775
201.244.242.223 - - [15/Jun/2015:01:45:29 -0500] "GET /forest/session.jsp?a=0.012368187308311462 HTTP/1.1" 200 4
201.244.242.223 - - [15/Jun/2015:01:45:31 -0500] "POST /forest/misactividades.do?ajax=true&a=0.9372465091291815 HTTP/1.1" 200 113751
201.244.242.223 - - [15/Jun/2015:01:45:38 -0500] "POST /forest/misactividades.do?loadList=1&name=nompro&a=0.47458439506590366 HTTP/1.1" 200 613
201.244.242.223 - - [15/Jun/2015:01:45:38 -0500] "GET /forest/img/jquery/ui-icons_f9bd01_256x240.png HTTP/1.1" 404 185
201.244.242.223 - - [15/Jun/2015:01:45:40 -0500] "GET /forest/skins/gdocs-jar/jsp/cookie.jsp?name=grid_nompro&del HTTP/1.1" 200 -
201.244.242.223 - - [15/Jun/2015:01:45:40 -0500] "POST /forest/misactividades.do?ajax=true&a=0.25358647014945745 HTTP/1.1" 200 242964
66.249.79.107 - - [15/Jun/2015:01:45:49 -0500] "GET /BLA/resoluciones/RESOLUCIONES%202010/7252.pdf HTTP/1.1" 200 717817
190.158.227.74 - - [15/Jun/2015:01:46:10 -0500] "GET /galeria/nivo-slider/themes/default/arrows.png HTTP/1.1" 200 824
190.158.227.74 - - [15/Jun/2015:01:46:11 -0500] "GET /galeria/nivo-slider/themes/default/bullets.png HTTP/1.1" 200 1281
66.249.79.133 - - [15/Jun/2015:01:46:14 -0500] "GET /BLA/resoluciones/RESOLUCIONES%202011/2141.pdf HTTP/1.1" 200 510939
66.249.79.107 - - [15/Jun/2015:01:47:56 -0500] "GET /BLA/resoluciones/AUTOS%202012/2329.pdf HTTP/1.1" 200 1037609
74.86.158.107 - - [15/Jun/2015:01:49:36 -0500] "HEAD / HTTP/1.1" 200 -
66.249.79.107 - - [15/Jun/2015:01:49:39 -0500] "GET /BLA/resoluciones/AUTOS%202009/2836.pdf HTTP/1.1" 200 78756
201.244.242.223 - - [15/Jun/2015:01:50:31 -0500] "GET /forest/session.jsp?a=0.18853024253621697 HTTP/1.1" 200 4
201.244.242.223 - - [15/Jun/2015:01:44:55 -0500] "GET /ForestMSG_SDA/channelAsync/template_word_17789569?X-Atmosphere-tracking-id=2c937a5b-815d-259f-c7e9-a677482131fa&X-Atmosphere-Framework=1.0.5&X-Atmosphere-Transport=long-polling&tabid=0.47127701505087316&X-Cache-Date=0&Content-Type=application/xml&_=1434350821837 HTTP/1.1" 200 8193
66.249.79.107 - - [15/Jun/2015:01:51:21 -0500] "GET /BLA/resoluciones/RESOLUCIONES%202009/4907.pdf HTTP/1.1" 200 654630
107.155.87.163 - - [15/Jun/2015:01:51:34 -0500] "GET /old/wp-admin/ HTTP/1.1" 404 1018
66.249.79.133 - - [15/Jun/2015:01:52:18 -0500] "GET /BLA/resoluciones/RESOLUCIONES%202010/6439.pdf HTTP/1.1" 200 481019
66.249.79.164 - - [15/Jun/2015:01:53:05 -0500] "GET /Autoliquidacion/index.php?dir=Cobro%20Clasificacion%20Uso%20De%20Vivenda%20En%20Suelo%20Restringido/&sort=date&order=asc HTTP/1.1" 200 3195
74.86.158.107 - - [15/Jun/2015:01:54:36 -0500] "HEAD / HTTP/1.1" 200 -
66.249.79.120 - - [15/Jun/2015:01:54:48 -0500] "GET /BLA/resoluciones/RESOLUCIONES%202011/2990.pdf HTTP/1.1" 200 653298
207.46.13.77 - - [15/Jun/2015:01:56:05 -0500] "GET /galeria/nivo-slider/demo/demo.html HTTP/1.1" 200 4410
66.249.79.107 - - [15/Jun/2015:01:56:32 -0500] "GET /BLA/resoluciones/RESOLUCIONES%202008/2843.pdf HTTP/1.1" 200 255315
66.249.79.133 - - [15/Jun/2015:01:56:36 -0500] "GET /galeria/nivo-slider/demo/demo.html HTTP/1.1" 200 4410
66.249.79.107 - - [15/Jun/2015:01:56:37 -0500] "GET /galeria/nivo-slider/themes/default/default.css HTTP/1.1" 200 1569
66.249.79.107 - - [15/Jun/2015:01:56:38 -0500] "GET /galeria/nivo-slider/themes/orman/orman.css HTTP/1.1" 200 2152
66.249.79.107 - - [15/Jun/2015:01:56:38 -0500] "GET /galeria/nivo-slider/themes/pascal/pascal.css HTTP/1.1" 200 2258
66.249.79.120 - - [15/Jun/2015:01:56:39 -0500] "GET /galeria/nivo-slider/jquery.nivo.slider.pack.js HTTP/1.1" 200 11561
66.249.79.120 - - [15/Jun/2015:01:56:40 -0500] "GET /galeria/nivo-slider/nivo-slider.css HTTP/1.1" 200 1507
66.249.79.120 - - [15/Jun/2015:01:56:41 -0500] "GET /galeria/nivo-slider/demo/scripts/jquery-1.7.1.min.js HTTP/1.1" 200 93868
66.249.79.133 - - [15/Jun/2015:01:56:43 -0500] "GET /galeria/nivo-slider/demo/style.css HTTP/1.1" 200 2222
66.249.79.133 - - [15/Jun/2015:01:58:16 -0500] "GET /BLA/resoluciones/Notificaciones/AUTOS%202014/6661.doc HTTP/1.1" 200 156672
207.46.13.20 - - [15/Jun/2015:01:58:40 -0500] "GET /galeria/nivo-slider/demo/demo.html HTTP/1.1" 200 4410
66.249.79.190 - - [15/Jun/2015:01:58:47 -0500] "GET /BLA/boletinlegal/jurisprudencia/analisis/CUADRO%20SENTENCIA%20C-222%20DE%202011.doc HTTP/1.1" 200 34816
180.76.15.144 - - [15/Jun/2015:01:59:00 -0500] "GET /BLA/resoluciones/AUTOS%202010/2889.pdf HTTP/1.1" 200 146313
74.86.158.107 - - [15/Jun/2015:01:59:36 -0500] "HEAD / HTTP/1.1" 200 -
66.249.79.120 - - [15/Jun/2015:01:59:59 -0500] "GET /BLA/resoluciones/RESOLUCIONES%202010/3398.pdf HTTP/1.1" 200 317064
161.18.110.22 - - [15/Jun/2015:02:00:46 -0500] "GET /BLA/boletinlegal/js/jquery.scrollTo-min.js HTTP/1.1" 200 1150
161.18.110.22 - - [15/Jun/2015:02:00:46 -0500] "GET /BLA/boletinlegal/js/jquery.scrollShow.js HTTP/1.1" 200 4586
161.18.110.22 - - [15/Jun/2015:02:00:46 -0500] "GET /galeria/galeria/jquery.fancybox.js?v=2.1.5 HTTP/1.1" 200 48706
161.18.110.22 - - [15/Jun/2015:02:00:46 -0500] "GET /galeria/galeria/jquery.fancybox.css?v=2.1.5 HTTP/1.1" 200 4895
161.18.110.22 - - [15/Jun/2015:02:01:16 -0500] "GET /galeria/galeria/jquery.fancybox.js?v=2.1.5 HTTP/1.1" 304 -
161.18.110.22 - - [15/Jun/2015:02:01:16 -0500] "GET /galeria/galeria/jquery.fancybox.css?v=2.1.5 HTTP/1.1" 304 -
161.18.110.22 - - [15/Jun/2015:02:01:17 -0500] "GET /BLA/boletinlegal/js/jquery.scrollTo-min.js HTTP/1.1" 304 -
161.18.110.22 - - [15/Jun/2015:02:01:17 -0500] "GET /BLA/boletinlegal/js/jquery.scrollShow.js HTTP/1.1" 304 -
66.249.79.133 - - [15/Jun/2015:02:01:43 -0500] "GET /BLA/resoluciones/RESOLUCIONES%202010/3327.pdf HTTP/1.1" 200 755155
220.181.108.88 - - [15/Jun/2015:02:02:14 -0500] "GET /BLA/resoluciones/RESOLUCIONES%202011/0980.pdf HTTP/1.1" 200 1727671
88.198.233.69 - - [15/Jun/2015:02:02:28 -0500] "GET / HTTP/1.1" 200 10190
66.249.79.107 - - [15/Jun/2015:02:03:27 -0500] "GET /BLA/resoluciones/RESOLUCIONES%202008/3062.pdf HTTP/1.1" 200 373005
62.210.69.222 - - [15/Jun/2015:02:03:43 -0500] "GET / HTTP/1.1" 200 10190
62.210.69.222 - - [15/Jun/2015:02:03:44 -0500] "GET /js/bootstrap.min.js HTTP/1.1" 200 28538
62.210.69.222 - - [15/Jun/2015:02:03:44 -0500] "GET /js/jquery.js HTTP/1.1" 200 97120
180.76.15.151 - - [15/Jun/2015:02:04:05 -0500] "GET /BLA/resoluciones/AUTOS%202010/3086.pdf HTTP/1.1" 200 1901018
180.76.15.26 - - [15/Jun/2015:02:04:08 -0500] "GET /BLA/resoluciones/AUTOS%202009/1774.pdf HTTP/1.1" 200 97577
74.86.158.107 - - [15/Jun/2015:02:04:36 -0500] "HEAD / HTTP/1.1" 200 -
180.76.15.141 - - [15/Jun/2015:02:04:44 -0500] "GET /BLA/resoluciones/AUTOS%202009/1251.pdf HTTP/1.1" 200 110480
66.249.79.107 - - [15/Jun/2015:02:05:11 -0500] "GET /BLA/resoluciones/AUTOS%202008/2208.pdf HTTP/1.1" 200 80029
66.249.79.120 - - [15/Jun/2015:02:05:15 -0500] "GET /BLA/resoluciones/AUTOS%202013/1951.pdf HTTP/1.1" 304 -
66.249.79.107 - - [15/Jun/2015:02:06:55 -0500] "GET /BLA/resoluciones/RESOLUCIONES%202011/1176.pdf HTTP/1.1" 200 648856
180.76.15.138 - - [15/Jun/2015:02:07:16 -0500] "GET /BLA/resoluciones/AUTOS%202009/0465.pdf HTTP/1.1" 200 354562
180.76.15.28 - - [15/Jun/2015:02:07:18 -0500] "GET /BLA/resoluciones/AUTOS%202009/2429.pdf HTTP/1.1" 200 100458
180.76.15.140 - - [15/Jun/2015:02:07:20 -0500] "GET /BLA/resoluciones/RESOLUCIONES%202007/RES%202007%201501%20AL%201600/RESOLUCION%201528%20DE%202007.pdf HTTP/1.1" 200 770763
180.76.15.10 - - [15/Jun/2015:02:07:28 -0500] "GET /BLA/resoluciones/AUTOS%202010/6257.pdf HTTP/1.1" 200 376253
180.76.15.25 - - [15/Jun/2015:02:07:30 -0500] "GET /BLA/resoluciones/AUTOS%202009/2427.pdf HTTP/1.1" 200 101860
180.76.15.151 - - [15/Jun/2015:02:07:33 -0500] "GET /BLA/resoluciones/AUTOS%202009/2427.pdf HTTP/1.1" 200 101860
180.76.15.12 - - [15/Jun/2015:02:07:33 -0500] "GET /BLA/resoluciones/AUTOS%202009/2427.pdf HTTP/1.1" 200 101860
180.76.15.8 - - [15/Jun/2015:02:07:38 -0500] "GET /BLA/resoluciones/AUTOS%202009/2299.pdf HTTP/1.1" 200 198954
180.76.15.30 - - [15/Jun/2015:02:07:48 -0500] "GET /BLA/resoluciones/AUTOS%202010/0484.pdf HTTP/1.1" 200 184323
180.76.15.27 - - [15/Jun/2015:02:07:54 -0500] "GET /BLA/resoluciones/AUTOS%202009/1774.pdf HTTP/1.1" 200 97577
180.76.15.152 - - [15/Jun/2015:02:08:11 -0500] "GET /BLA/resoluciones/AUTOS%202009/2427.pdf HTTP/1.1" 200 101860
180.76.15.12 - - [15/Jun/2015:02:08:13 -0500] "GET /BLA/resoluciones/AUTOS%202009/1774.pdf HTTP/1.1" 200 97577
180.76.15.16 - - [15/Jun/2015:02:08:14 -0500] "GET /BLA/resoluciones/RESOLUCIONES%202007/RES%202007%201501%20AL%201600/RESOLUCION%201528%20DE%202007.pdf HTTP/1.1" 200 770763
180.76.15.138 - - [15/Jun/2015:02:08:15 -0500] "GET /BLA/resoluciones/AUTOS%202009/2427.pdf HTTP/1.1" 200 101860
180.76.15.160 - - [15/Jun/2015:02:08:27 -0500] "GET /BLA/resoluciones/AUTOS%202009/2299.pdf HTTP/1.1" 200 198954
66.249.79.133 - - [15/Jun/2015:02:08:39 -0500] "GET /BLA/resoluciones/RESOLUCIONES%202009/4681.pdf HTTP/1.1" 200 712998
180.76.15.19 - - [15/Jun/2015:02:08:40 -0500] "GET /BLA/resoluciones/AUTOS%202009/1774.pdf HTTP/1.1" 200 97577
180.76.15.29 - - [15/Jun/2015:02:08:46 -0500] "GET /BLA/resoluciones/AUTOS%202009/0465.pdf HTTP/1.1" 200 354562
180.76.15.155 - - [15/Jun/2015:02:08:57 -0500] "GET /BLA/resoluciones/RESOLUCIONES%202007/RES%202007%201501%20AL%201600/RESOLUCION%201528%20DE%202007.pdf HTTP/1.1" 200 770763
180.76.15.21 - - [15/Jun/2015:02:09:13 -0500] "GET /BLA/resoluciones/AUTOS%202010/6257.pdf HTTP/1.1" 200 376253
180.76.15.136 - - [15/Jun/2015:02:09:34 -0500] "GET /BLA/resoluciones/AUTOS%202009/2299.pdf HTTP/1.1" 200 198954
74.86.158.107 - - [15/Jun/2015:02:09:36 -0500] "HEAD / HTTP/1.1" 200 -
180.76.15.29 - - [15/Jun/2015:02:09:40 -0500] "GET /BLA/resoluciones/AUTOS%202010/0484.pdf HTTP/1.1" 200 184323
180.76.15.24 - - [15/Jun/2015:02:09:47 -0500] "GET /BLA/resoluciones/AUTOS%202009/1774.pdf HTTP/1.1" 200 97577
180.76.15.14 - - [15/Jun/2015:02:09:54 -0500] "GET /BLA/resoluciones/AUTOS%202009/0465.pdf HTTP/1.1" 200 354562
180.76.15.138 - - [15/Jun/2015:02:10:04 -0500] "GET /BLA/resoluciones/RESOLUCIONES%202007/RES%202007%201501%20AL%201600/RESOLUCION%201528%20DE%202007.pdf HTTP/1.1" 200 770763
180.76.15.21 - - [15/Jun/2015:02:10:10 -0500] "GET /BLA/resoluciones/AUTOS%202010/6257.pdf HTTP/1.1" 200 376253
180.76.15.153 - - [15/Jun/2015:02:10:16 -0500] "GET /BLA/resoluciones/AUTOS%202009/2427.pdf HTTP/1.1" 200 101860
66.249.79.120 - - [15/Jun/2015:02:10:22 -0500] "GET /BLA/resoluciones/AUTOS%202008/2308.pdf HTTP/1.1" 200 67837
180.76.15.28 - - [15/Jun/2015:02:10:27 -0500] "GET /BLA/resoluciones/AUTOS%202009/1251.pdf HTTP/1.1" 200 110480
180.76.15.10 - - [15/Jun/2015:02:10:34 -0500] "GET /BLA/resoluciones/AUTOS%202009/2299.pdf HTTP/1.1" 200 198954
180.76.15.29 - - [15/Jun/2015:02:10:55 -0500] "GET /BLA/resoluciones/AUTOS%202009/0465.pdf HTTP/1.1" 200 354562
180.76.15.142 - - [15/Jun/2015:02:11:03 -0500] "GET /BLA/resoluciones/RESOLUCIONES%202007/RES%202007%201501%20AL%201600/RESOLUCION%201528%20DE%202007.pdf HTTP/1.1" 200 770763
180.76.15.12 - - [15/Jun/2015:02:11:08 -0500] "GET /BLA/resoluciones/AUTOS%202010/6257.pdf HTTP/1.1" 200 376253
180.76.15.162 - - [15/Jun/2015:02:11:13 -0500] "GET /BLA/resoluciones/AUTOS%202009/2427.pdf HTTP/1.1" 200 101860
180.76.15.24 - - [15/Jun/2015:02:11:36 -0500] "GET /BLA/resoluciones/AUTOS%202009/2299.pdf HTTP/1.1" 200 198954
66.249.79.133 - - [15/Jun/2015:02:11:44 -0500] "GET /BLA/resoluciones/AUTOS%202013/0494.pdf HTTP/1.1" 304 -
180.76.15.136 - - [15/Jun/2015:02:11:56 -0500] "GET /BLA/resoluciones/AUTOS%202009/0465.pdf HTTP/1.1" 200 354562
180.76.15.18 - - [15/Jun/2015:02:12:04 -0500] "GET /BLA/resoluciones/RESOLUCIONES%202007/RES%202007%201501%20AL%201600/RESOLUCION%201528%20DE%202007.pdf HTTP/1.1" 200 770763
66.249.79.120 - - [15/Jun/2015:02:12:06 -0500] "GET /autoliquidacion/index.php?dir=Solicitudes%20relacionadas%20con%20ocupaci%F3n%20de%20cauce/&sort=name&order=desc HTTP/1.1" 200 2747
180.76.15.28 - - [15/Jun/2015:02:12:09 -0500] "GET /BLA/resoluciones/AUTOS%202010/6257.pdf HTTP/1.1" 200 376253
180.76.15.157 - - [15/Jun/2015:02:12:14 -0500] "GET /BLA/resoluciones/AUTOS%202009/2427.pdf HTTP/1.1" 200 101860
180.76.15.8 - - [15/Jun/2015:02:12:27 -0500] "GET /BLA/resoluciones/AUTOS%202009/2427.pdf HTTP/1.1" 200 101860
180.76.15.160 - - [15/Jun/2015:02:12:39 -0500] "GET /BLA/resoluciones/AUTOS%202009/2299.pdf HTTP/1.1" 200 198954
180.76.15.7 - - [15/Jun/2015:02:12:57 -0500] "GET /BLA/resoluciones/AUTOS%202009/0465.pdf HTTP/1.1" 200 354562
180.76.15.160 - - [15/Jun/2015:02:13:04 -0500] "GET /BLA/resoluciones/AUTOS%202009/2429.pdf HTTP/1.1" 200 100458
180.76.15.23 - - [15/Jun/2015:02:13:06 -0500] "GET /BLA/resoluciones/RESOLUCIONES%202007/RES%202007%201501%20AL%201600/RESOLUCION%201528%20DE%202007.pdf HTTP/1.1" 200 770763
180.76.15.20 - - [15/Jun/2015:02:13:10 -0500] "GET /BLA/resoluciones/AUTOS%202010/6257.pdf HTTP/1.1" 200 376253
66.249.79.164 - - [15/Jun/2015:02:13:10 -0500] "GET /Anexos%20estudio%20Organizacional%20SDA/index.php?dir=ANEXO%20No.%201-%20NORMAS%20LEGALES%20DE%20ESTRUCTURA%20Y%20PLANTA/Acuerdo%209%20de%201990%20Concejo%20de%20Bogot%E1._files/&sort=size&order=desc HTTP/1.1" 200 10208
180.76.15.19 - - [15/Jun/2015:02:13:15 -0500] "GET /BLA/resoluciones/AUTOS%202009/2427.pdf HTTP/1.1" 200 101860
180.76.15.160 - - [15/Jun/2015:02:13:26 -0500] "GET /BLA/resoluciones/AUTOS%202009/2427.pdf HTTP/1.1" 200 101860
180.76.15.162 - - [15/Jun/2015:02:13:28 -0500] "GET /BLA/resoluciones/RESOLUCIONES%202008/0019.pdf HTTP/1.1" 200 233917
180.76.15.162 - - [15/Jun/2015:02:13:39 -0500] "GET /BLA/resoluciones/AUTOS%202009/2299.pdf HTTP/1.1" 200 198954
66.249.79.120 - - [15/Jun/2015:02:13:50 -0500] "GET /BLA/resoluciones/RESOLUCIONES%202007/RES%202007%203101%20AL%203200/RESOLUCION%203148%20DE%202007.pdf HTTP/1.1" 200 770422
180.76.15.159 - - [15/Jun/2015:02:13:59 -0500] "GET /BLA/resoluciones/AUTOS%202010/0484.pdf HTTP/1.1" 200 184323
180.76.15.144 - - [15/Jun/2015:02:14:00 -0500] "GET /BLA/resoluciones/AUTOS%202009/1774.pdf HTTP/1.1" 200 97577
