190.26.53.221 - - [22/Jun/2015:05:08:12 -0500] "GET /BLA/boletinlegal/js/jquery.scrollShow.js HTTP/1.1" 304 -
190.26.53.221 - - [22/Jun/2015:05:08:12 -0500] "GET /galeria/galeria/jquery.fancybox.js?v=2.1.5 HTTP/1.1" 304 -
66.249.64.228 - - [22/Jun/2015:05:08:30 -0500] "GET /BLA/resoluciones/RESOLUCIONES%202007/RES%202007%20901%20AL%201000/RESOLUCION%200912%20DE%202007.pdf HTTP/1.1" 200 199136
186.115.76.110 - - [22/Jun/2015:05:08:48 -0500] "POST /forms/lservlet;jsessionid=ac16012b30d6136fe3bf685a42828e4aee228206ad0f.e3iSbxaKaheRe34MbhmNaxqNb41ynknvrkLOlQzNp65In0 HTTP/1.1" 200 2
201.234.75.11 - - [22/Jun/2015:05:08:50 -0500] "GET /StormSDA/stormWeb/presentacion.html HTTP/1.1" 304 -
66.249.64.228 - - [22/Jun/2015:05:09:35 -0500] "GET /BLA/resoluciones/RESOLUCIONES%202007/RES%202007%201726%20AL%201800/RESOLUCION%201761%20DE%202007.pdf HTTP/1.1" 200 639810
66.249.64.223 - - [22/Jun/2015:05:10:22 -0500] "GET /BLA/resoluciones/RESOLUCIONES%202009/3876.pdf HTTP/1.1" 200 1114870
186.85.179.23 - - [22/Jun/2015:05:10:39 -0500] "GET /autoliquidacion/Grupo%20Forestal%20-%20Silvicultura/Aplicativo%20Liquidador%20Permiso%20de%20Aprovechamiento%20forestal%202015%20DEF.xlsx HTTP/1.1" 200 92160
186.115.76.110 - - [22/Jun/2015:05:10:48 -0500] "POST /forms/lservlet;jsessionid=ac16012b30d6136fe3bf685a42828e4aee228206ad0f.e3iSbxaKaheRe34MbhmNaxqNb41ynknvrkLOlQzNp65In0 HTTP/1.1" 200 2
66.249.64.223 - - [22/Jun/2015:05:12:01 -0500] "GET /BLA/resoluciones/AUTOS%202006/AUTOS%202006%201801-%201900/00001860.tif HTTP/1.1" 200 223636
74.86.158.107 - - [22/Jun/2015:05:12:11 -0500] "HEAD / HTTP/1.1" 200 -
66.249.64.223 - - [22/Jun/2015:05:12:13 -0500] "GET /BLA/resoluciones/RESOLUCIONES%202009/6698.pdf HTTP/1.1" 200 459730
66.249.64.121 - - [22/Jun/2015:05:12:36 -0500] "GET /galeria/nivo-slider/demo/images/todosxelagua16.jpg HTTP/1.1" 200 120453
186.115.76.110 - - [22/Jun/2015:05:12:48 -0500] "POST /forms/lservlet;jsessionid=ac16012b30d6136fe3bf685a42828e4aee228206ad0f.e3iSbxaKaheRe34MbhmNaxqNb41ynknvrkLOlQzNp65In0 HTTP/1.1" 200 2
177.252.128.200 - - [22/Jun/2015:05:13:30 -0500] "GET /BLA/boletinlegal/js/jquery.scrollTo-min.js HTTP/1.1" 200 1150
177.252.128.200 - - [22/Jun/2015:05:13:30 -0500] "GET /BLA/boletinlegal/js/jquery.scrollShow.js HTTP/1.1" 200 4586
177.252.128.200 - - [22/Jun/2015:05:13:30 -0500] "GET /galeria/galeria/jquery.fancybox.js?v=2.1.5 HTTP/1.1" 200 48706
177.252.128.200 - - [22/Jun/2015:05:13:30 -0500] "GET /galeria/galeria/jquery.fancybox.css?v=2.1.5 HTTP/1.1" 200 4895
177.252.128.200 - - [22/Jun/2015:05:13:41 -0500] "GET /BLA/boletinlegal/js/jquery.scrollTo-min.js HTTP/1.1" 304 -
177.252.128.200 - - [22/Jun/2015:05:13:41 -0500] "GET /BLA/boletinlegal/js/jquery.scrollShow.js HTTP/1.1" 304 -
177.252.128.200 - - [22/Jun/2015:05:13:41 -0500] "GET /galeria/galeria/jquery.fancybox.js?v=2.1.5 HTTP/1.1" 304 -
177.252.128.200 - - [22/Jun/2015:05:13:41 -0500] "GET /galeria/galeria/jquery.fancybox.css?v=2.1.5 HTTP/1.1" 304 -
186.85.179.23 - - [22/Jun/2015:05:13:52 -0500] "GET /autoliquidacion/Grupo%20Forestal%20-%20Silvicultura/Entrega%20del%20cronograma%20para%20el%20control%20a%20la%20ejecucion%20de%20actividades%20silviculturales.xlsx HTTP/1.1" 200 231769
66.249.64.223 - - [22/Jun/2015:05:13:58 -0500] "GET /BLA/resoluciones/AUTOS%202014/3477.pdf HTTP/1.1" 200 387388
186.115.76.110 - - [22/Jun/2015:05:14:00 -0500] "POST /forms/lservlet;jsessionid=ac16012b30d6136fe3bf685a42828e4aee228206ad0f.e3iSbxaKaheRe34MbhmNaxqNb41ynknvrkLOlQzNp65In0 HTTP/1.1" 200 2308
186.115.76.110 - - [22/Jun/2015:05:14:03 -0500] "POST /forms/lservlet;jsessionid=ac16012b30d6136fe3bf685a42828e4aee228206ad0f.e3iSbxaKaheRe34MbhmNaxqNb41ynknvrkLOlQzNp65In0 HTTP/1.1" 200 49
66.249.64.223 - - [22/Jun/2015:05:14:04 -0500] "GET /BLA/resoluciones/RESOLUCIONES%202009/6287.pdf HTTP/1.1" 200 430063
123.125.71.55 - - [22/Jun/2015:05:14:11 -0500] "GET / HTTP/1.1" 200 10190
186.115.76.110 - - [22/Jun/2015:05:14:22 -0500] "POST /forms/lservlet;jsessionid=ac16012b30d6136fe3bf685a42828e4aee228206ad0f.e3iSbxaKaheRe34MbhmNaxqNb41ynknvrkLOlQzNp65In0 HTTP/1.1" 200 24
186.115.76.110 - - [22/Jun/2015:05:14:22 -0500] "POST /forms/lservlet;jsessionid=ac16012b30d6136fe3bf685a42828e4aee228206ad0f.e3iSbxaKaheRe34MbhmNaxqNb41ynknvrkLOlQzNp65In0 HTTP/1.1" 200 14
186.115.76.110 - - [22/Jun/2015:05:14:24 -0500] "POST /forms/lservlet;jsessionid=ac16012b30d6136fe3bf685a42828e4aee228206ad0f.e3iSbxaKaheRe34MbhmNaxqNb41ynknvrkLOlQzNp65In0 HTTP/1.1" 200 14
186.115.76.110 - - [22/Jun/2015:05:14:25 -0500] "POST /forms/lservlet;jsessionid=ac16012b30d6136fe3bf685a42828e4aee228206ad0f.e3iSbxaKaheRe34MbhmNaxqNb41ynknvrkLOlQzNp65In0 HTTP/1.1" 200 4208
186.115.76.110 - - [22/Jun/2015:05:14:25 -0500] "POST /forms/lservlet;jsessionid=ac16012b30d6136fe3bf685a42828e4aee228206ad0f.e3iSbxaKaheRe34MbhmNaxqNb41ynknvrkLOlQzNp65In0 HTTP/1.1" 200 20
186.115.76.110 - - [22/Jun/2015:05:14:32 -0500] "POST /forms/lservlet;jsessionid=ac16012b30d6136fe3bf685a42828e4aee228206ad0f.e3iSbxaKaheRe34MbhmNaxqNb41ynknvrkLOlQzNp65In0 HTTP/1.1" 200 2
186.115.76.110 - - [22/Jun/2015:05:14:32 -0500] "POST /forms/lservlet;jsessionid=ac16012b30d6136fe3bf685a42828e4aee228206ad0f.e3iSbxaKaheRe34MbhmNaxqNb41ynknvrkLOlQzNp65In0 HTTP/1.1" 200 2691
186.115.76.110 - - [22/Jun/2015:05:14:32 -0500] "POST /forms/lservlet;jsessionid=ac16012b30d6136fe3bf685a42828e4aee228206ad0f.e3iSbxaKaheRe34MbhmNaxqNb41ynknvrkLOlQzNp65In0 HTTP/1.1" 200 2
186.115.76.110 - - [22/Jun/2015:05:14:33 -0500] "POST /forms/lservlet;jsessionid=ac16012b30d6136fe3bf685a42828e4aee228206ad0f.e3iSbxaKaheRe34MbhmNaxqNb41ynknvrkLOlQzNp65In0 HTTP/1.1" 200 2
186.115.76.110 - - [22/Jun/2015:05:14:34 -0500] "POST /forms/lservlet;jsessionid=ac16012b30d6136fe3bf685a42828e4aee228206ad0f.e3iSbxaKaheRe34MbhmNaxqNb41ynknvrkLOlQzNp65In0 HTTP/1.1" 200 3787
186.115.76.110 - - [22/Jun/2015:05:14:34 -0500] "POST /forms/lservlet;jsessionid=ac16012b30d6136fe3bf685a42828e4aee228206ad0f.e3iSbxaKaheRe34MbhmNaxqNb41ynknvrkLOlQzNp65In0 HTTP/1.1" 200 2
186.115.76.110 - - [22/Jun/2015:05:14:35 -0500] "POST /forms/lservlet;jsessionid=ac16012b30d6136fe3bf685a42828e4aee228206ad0f.e3iSbxaKaheRe34MbhmNaxqNb41ynknvrkLOlQzNp65In0 HTTP/1.1" 200 2
186.115.76.110 - - [22/Jun/2015:05:14:35 -0500] "POST /forms/lservlet;jsessionid=ac16012b30d6136fe3bf685a42828e4aee228206ad0f.e3iSbxaKaheRe34MbhmNaxqNb41ynknvrkLOlQzNp65In0 HTTP/1.1" 200 4061
186.115.76.110 - - [22/Jun/2015:05:14:35 -0500] "POST /forms/lservlet;jsessionid=ac16012b30d6136fe3bf685a42828e4aee228206ad0f.e3iSbxaKaheRe34MbhmNaxqNb41ynknvrkLOlQzNp65In0 HTTP/1.1" 200 2
186.115.76.110 - - [22/Jun/2015:05:14:39 -0500] "POST /forms/lservlet;jsessionid=ac16012b30d6136fe3bf685a42828e4aee228206ad0f.e3iSbxaKaheRe34MbhmNaxqNb41ynknvrkLOlQzNp65In0 HTTP/1.1" 200 2
186.115.76.110 - - [22/Jun/2015:05:14:39 -0500] "POST /forms/lservlet;jsessionid=ac16012b30d6136fe3bf685a42828e4aee228206ad0f.e3iSbxaKaheRe34MbhmNaxqNb41ynknvrkLOlQzNp65In0 HTTP/1.1" 200 14
186.115.76.110 - - [22/Jun/2015:05:14:40 -0500] "POST /forms/lservlet;jsessionid=ac16012b30d6136fe3bf685a42828e4aee228206ad0f.e3iSbxaKaheRe34MbhmNaxqNb41ynknvrkLOlQzNp65In0 HTTP/1.1" 200 14
186.115.76.110 - - [22/Jun/2015:05:14:41 -0500] "POST /forms/lservlet;jsessionid=ac16012b30d6136fe3bf685a42828e4aee228206ad0f.e3iSbxaKaheRe34MbhmNaxqNb41ynknvrkLOlQzNp65In0 HTTP/1.1" 200 14
186.115.76.110 - - [22/Jun/2015:05:14:43 -0500] "POST /forms/lservlet;jsessionid=ac16012b30d6136fe3bf685a42828e4aee228206ad0f.e3iSbxaKaheRe34MbhmNaxqNb41ynknvrkLOlQzNp65In0 HTTP/1.1" 200 131
186.115.76.110 - - [22/Jun/2015:05:14:43 -0500] "POST /forms/lservlet;jsessionid=ac16012b30d6136fe3bf685a42828e4aee228206ad0f.e3iSbxaKaheRe34MbhmNaxqNb41ynknvrkLOlQzNp65In0 HTTP/1.1" 200 2
186.115.76.110 - - [22/Jun/2015:05:14:48 -0500] "POST /forms/lservlet;jsessionid=ac16012b30d6136fe3bf685a42828e4aee228206ad0f.e3iSbxaKaheRe34MbhmNaxqNb41ynknvrkLOlQzNp65In0 HTTP/1.1" 200 2
186.80.92.81 - - [22/Jun/2015:05:14:49 -0500] "GET /galeria/nivo-slider/demo/images/Rendicion-de-cuentas.jpg HTTP/1.1" 304 -
186.115.76.110 - - [22/Jun/2015:05:14:44 -0500] "GET /reports/rwservlet/getjobid354713?server=rep_srvapsda HTTP/1.1" 200 1562152
201.245.192.253 - - [22/Jun/2015:05:15:27 -0500] "GET /forest/img/misdocumentos.gif HTTP/1.1" 304 -
66.249.64.223 - - [22/Jun/2015:05:15:55 -0500] "GET /BLA/resoluciones/RESOLUCIONES%202009/3193.pdf HTTP/1.1" 200 355160
186.115.76.110 - - [22/Jun/2015:05:16:37 -0500] "POST /forms/lservlet;jsessionid=ac16012b30d6136fe3bf685a42828e4aee228206ad0f.e3iSbxaKaheRe34MbhmNaxqNb41ynknvrkLOlQzNp65In0 HTTP/1.1" 200 2
186.115.76.110 - - [22/Jun/2015:05:16:37 -0500] "POST /forms/lservlet;jsessionid=ac16012b30d6136fe3bf685a42828e4aee228206ad0f.e3iSbxaKaheRe34MbhmNaxqNb41ynknvrkLOlQzNp65In0 HTTP/1.1" 200 2288
186.115.76.110 - - [22/Jun/2015:05:16:38 -0500] "POST /forms/lservlet;jsessionid=ac16012b30d6136fe3bf685a42828e4aee228206ad0f.e3iSbxaKaheRe34MbhmNaxqNb41ynknvrkLOlQzNp65In0 HTTP/1.1" 200 10
186.115.76.110 - - [22/Jun/2015:05:16:39 -0500] "POST /forms/lservlet;jsessionid=ac16012b30d6136fe3bf685a42828e4aee228206ad0f.e3iSbxaKaheRe34MbhmNaxqNb41ynknvrkLOlQzNp65In0 HTTP/1.1" 200 2
186.115.76.110 - - [22/Jun/2015:05:16:39 -0500] "POST /forms/lservlet;jsessionid=ac16012b30d6136fe3bf685a42828e4aee228206ad0f.e3iSbxaKaheRe34MbhmNaxqNb41ynknvrkLOlQzNp65In0 HTTP/1.1" 200 3204
186.115.76.110 - - [22/Jun/2015:05:16:40 -0500] "POST /forms/lservlet;jsessionid=ac16012b30d6136fe3bf685a42828e4aee228206ad0f.e3iSbxaKaheRe34MbhmNaxqNb41ynknvrkLOlQzNp65In0 HTTP/1.1" 200 2
186.115.76.110 - - [22/Jun/2015:05:16:48 -0500] "POST /forms/lservlet;jsessionid=ac16012b30d6136fe3bf685a42828e4aee228206ad0f.e3iSbxaKaheRe34MbhmNaxqNb41ynknvrkLOlQzNp65In0 HTTP/1.1" 200 2
186.115.76.110 - - [22/Jun/2015:05:16:58 -0500] "POST /forms/lservlet;jsessionid=ac16012b30d6136fe3bf685a42828e4aee228206ad0f.e3iSbxaKaheRe34MbhmNaxqNb41ynknvrkLOlQzNp65In0 HTTP/1.1" 200 2462
186.115.76.110 - - [22/Jun/2015:05:16:59 -0500] "POST /forms/lservlet;jsessionid=ac16012b30d6136fe3bf685a42828e4aee228206ad0f.e3iSbxaKaheRe34MbhmNaxqNb41ynknvrkLOlQzNp65In0 HTTP/1.1" 200 49
74.86.158.107 - - [22/Jun/2015:05:17:11 -0500] "HEAD / HTTP/1.1" 200 -
186.115.76.110 - - [22/Jun/2015:05:17:19 -0500] "POST /forms/lservlet;jsessionid=ac16012b30d6136fe3bf685a42828e4aee228206ad0f.e3iSbxaKaheRe34MbhmNaxqNb41ynknvrkLOlQzNp65In0 HTTP/1.1" 200 24
186.115.76.110 - - [22/Jun/2015:05:17:19 -0500] "POST /forms/lservlet;jsessionid=ac16012b30d6136fe3bf685a42828e4aee228206ad0f.e3iSbxaKaheRe34MbhmNaxqNb41ynknvrkLOlQzNp65In0 HTTP/1.1" 200 4813
186.115.76.110 - - [22/Jun/2015:05:17:19 -0500] "POST /forms/lservlet;jsessionid=ac16012b30d6136fe3bf685a42828e4aee228206ad0f.e3iSbxaKaheRe34MbhmNaxqNb41ynknvrkLOlQzNp65In0 HTTP/1.1" 200 10
186.115.76.110 - - [22/Jun/2015:05:17:22 -0500] "POST /forms/lservlet;jsessionid=ac16012b30d6136fe3bf685a42828e4aee228206ad0f.e3iSbxaKaheRe34MbhmNaxqNb41ynknvrkLOlQzNp65In0 HTTP/1.1" 200 2
186.115.76.110 - - [22/Jun/2015:05:17:22 -0500] "POST /forms/lservlet;jsessionid=ac16012b30d6136fe3bf685a42828e4aee228206ad0f.e3iSbxaKaheRe34MbhmNaxqNb41ynknvrkLOlQzNp65In0 HTTP/1.1" 200 2884
186.115.76.110 - - [22/Jun/2015:05:17:22 -0500] "POST /forms/lservlet;jsessionid=ac16012b30d6136fe3bf685a42828e4aee228206ad0f.e3iSbxaKaheRe34MbhmNaxqNb41ynknvrkLOlQzNp65In0 HTTP/1.1" 200 2
186.115.76.110 - - [22/Jun/2015:05:17:24 -0500] "POST /forms/lservlet;jsessionid=ac16012b30d6136fe3bf685a42828e4aee228206ad0f.e3iSbxaKaheRe34MbhmNaxqNb41ynknvrkLOlQzNp65In0 HTTP/1.1" 200 2
186.115.76.110 - - [22/Jun/2015:05:17:24 -0500] "POST /forms/lservlet;jsessionid=ac16012b30d6136fe3bf685a42828e4aee228206ad0f.e3iSbxaKaheRe34MbhmNaxqNb41ynknvrkLOlQzNp65In0 HTTP/1.1" 200 2192
186.115.76.110 - - [22/Jun/2015:05:17:24 -0500] "POST /forms/lservlet;jsessionid=ac16012b30d6136fe3bf685a42828e4aee228206ad0f.e3iSbxaKaheRe34MbhmNaxqNb41ynknvrkLOlQzNp65In0 HTTP/1.1" 200 10
186.115.76.110 - - [22/Jun/2015:05:17:25 -0500] "POST /forms/lservlet;jsessionid=ac16012b30d6136fe3bf685a42828e4aee228206ad0f.e3iSbxaKaheRe34MbhmNaxqNb41ynknvrkLOlQzNp65In0 HTTP/1.1" 200 2
186.115.76.110 - - [22/Jun/2015:05:17:26 -0500] "POST /forms/lservlet;jsessionid=ac16012b30d6136fe3bf685a42828e4aee228206ad0f.e3iSbxaKaheRe34MbhmNaxqNb41ynknvrkLOlQzNp65In0 HTTP/1.1" 200 3055
186.115.76.110 - - [22/Jun/2015:05:17:26 -0500] "POST /forms/lservlet;jsessionid=ac16012b30d6136fe3bf685a42828e4aee228206ad0f.e3iSbxaKaheRe34MbhmNaxqNb41ynknvrkLOlQzNp65In0 HTTP/1.1" 200 2
186.115.76.110 - - [22/Jun/2015:05:17:29 -0500] "POST /forms/lservlet;jsessionid=ac16012b30d6136fe3bf685a42828e4aee228206ad0f.e3iSbxaKaheRe34MbhmNaxqNb41ynknvrkLOlQzNp65In0 HTTP/1.1" 200 2378
186.115.76.110 - - [22/Jun/2015:05:17:31 -0500] "POST /forms/lservlet;jsessionid=ac16012b30d6136fe3bf685a42828e4aee228206ad0f.e3iSbxaKaheRe34MbhmNaxqNb41ynknvrkLOlQzNp65In0 HTTP/1.1" 200 49
66.249.64.121 - - [22/Jun/2015:05:17:46 -0500] "GET /dama/libreria/php/frame_detalle.php?h_id=784 HTTP/1.1" 404 1019
66.249.64.228 - - [22/Jun/2015:05:17:47 -0500] "GET /BLA/resoluciones/RESOLUCIONES%202009/3359.pdf HTTP/1.1" 200 536827
186.115.76.110 - - [22/Jun/2015:05:17:56 -0500] "POST /forms/lservlet;jsessionid=ac16012b30d6136fe3bf685a42828e4aee228206ad0f.e3iSbxaKaheRe34MbhmNaxqNb41ynknvrkLOlQzNp65In0 HTTP/1.1" 200 24
186.115.76.110 - - [22/Jun/2015:05:17:56 -0500] "POST /forms/lservlet;jsessionid=ac16012b30d6136fe3bf685a42828e4aee228206ad0f.e3iSbxaKaheRe34MbhmNaxqNb41ynknvrkLOlQzNp65In0 HTTP/1.1" 200 592
186.115.76.110 - - [22/Jun/2015:05:17:56 -0500] "POST /forms/lservlet;jsessionid=ac16012b30d6136fe3bf685a42828e4aee228206ad0f.e3iSbxaKaheRe34MbhmNaxqNb41ynknvrkLOlQzNp65In0 HTTP/1.1" 200 20
186.115.76.110 - - [22/Jun/2015:05:17:58 -0500] "POST /forms/lservlet;jsessionid=ac16012b30d6136fe3bf685a42828e4aee228206ad0f.e3iSbxaKaheRe34MbhmNaxqNb41ynknvrkLOlQzNp65In0 HTTP/1.1" 200 426
186.115.76.110 - - [22/Jun/2015:05:18:00 -0500] "POST /forms/lservlet;jsessionid=ac16012b30d6136fe3bf685a42828e4aee228206ad0f.e3iSbxaKaheRe34MbhmNaxqNb41ynknvrkLOlQzNp65In0 HTTP/1.1" 200 52
186.115.76.110 - - [22/Jun/2015:05:18:13 -0500] "POST /forms/lservlet;jsessionid=ac16012b30d6136fe3bf685a42828e4aee228206ad0f.e3iSbxaKaheRe34MbhmNaxqNb41ynknvrkLOlQzNp65In0 HTTP/1.1" 200 24
186.115.76.110 - - [22/Jun/2015:05:18:13 -0500] "POST /forms/lservlet;jsessionid=ac16012b30d6136fe3bf685a42828e4aee228206ad0f.e3iSbxaKaheRe34MbhmNaxqNb41ynknvrkLOlQzNp65In0 HTTP/1.1" 200 530
186.115.76.110 - - [22/Jun/2015:05:18:13 -0500] "POST /forms/lservlet;jsessionid=ac16012b30d6136fe3bf685a42828e4aee228206ad0f.e3iSbxaKaheRe34MbhmNaxqNb41ynknvrkLOlQzNp65In0 HTTP/1.1" 200 20
201.234.75.11 - - [22/Jun/2015:05:18:14 -0500] "GET /galeria/nivo-slider/demo/images/coplima.jpg HTTP/1.1" 304 -
186.115.76.110 - - [22/Jun/2015:05:18:15 -0500] "POST /forms/lservlet;jsessionid=ac16012b30d6136fe3bf685a42828e4aee228206ad0f.e3iSbxaKaheRe34MbhmNaxqNb41ynknvrkLOlQzNp65In0 HTTP/1.1" 200 426
66.249.64.228 - - [22/Jun/2015:05:18:25 -0500] "GET /BLA/resoluciones/RESOLUCIONES%202008/4085.pdf HTTP/1.1" 200 583260
186.115.76.110 - - [22/Jun/2015:05:18:45 -0500] "POST /forms/lservlet;jsessionid=ac16012b30d6136fe3bf685a42828e4aee228206ad0f.e3iSbxaKaheRe34MbhmNaxqNb41ynknvrkLOlQzNp65In0 HTTP/1.1" 200 52
186.115.76.110 - - [22/Jun/2015:05:18:48 -0500] "POST /forms/lservlet;jsessionid=ac16012b30d6136fe3bf685a42828e4aee228206ad0f.e3iSbxaKaheRe34MbhmNaxqNb41ynknvrkLOlQzNp65In0 HTTP/1.1" 200 2
186.115.76.110 - - [22/Jun/2015:05:19:04 -0500] "POST /forms/lservlet;jsessionid=ac16012b30d6136fe3bf685a42828e4aee228206ad0f.e3iSbxaKaheRe34MbhmNaxqNb41ynknvrkLOlQzNp65In0 HTTP/1.1" 200 24
186.115.76.110 - - [22/Jun/2015:05:19:04 -0500] "POST /forms/lservlet;jsessionid=ac16012b30d6136fe3bf685a42828e4aee228206ad0f.e3iSbxaKaheRe34MbhmNaxqNb41ynknvrkLOlQzNp65In0 HTTP/1.1" 200 5015
186.115.76.110 - - [22/Jun/2015:05:19:05 -0500] "POST /forms/lservlet;jsessionid=ac16012b30d6136fe3bf685a42828e4aee228206ad0f.e3iSbxaKaheRe34MbhmNaxqNb41ynknvrkLOlQzNp65In0 HTTP/1.1" 200 20
186.115.76.110 - - [22/Jun/2015:05:19:13 -0500] "POST /forms/lservlet;jsessionid=ac16012b30d6136fe3bf685a42828e4aee228206ad0f.e3iSbxaKaheRe34MbhmNaxqNb41ynknvrkLOlQzNp65In0 HTTP/1.1" 200 2
186.115.76.110 - - [22/Jun/2015:05:19:13 -0500] "POST /forms/lservlet;jsessionid=ac16012b30d6136fe3bf685a42828e4aee228206ad0f.e3iSbxaKaheRe34MbhmNaxqNb41ynknvrkLOlQzNp65In0 HTTP/1.1" 200 2206
186.115.76.110 - - [22/Jun/2015:05:19:13 -0500] "POST /forms/lservlet;jsessionid=ac16012b30d6136fe3bf685a42828e4aee228206ad0f.e3iSbxaKaheRe34MbhmNaxqNb41ynknvrkLOlQzNp65In0 HTTP/1.1" 200 10
186.115.76.110 - - [22/Jun/2015:05:19:15 -0500] "POST /forms/lservlet;jsessionid=ac16012b30d6136fe3bf685a42828e4aee228206ad0f.e3iSbxaKaheRe34MbhmNaxqNb41ynknvrkLOlQzNp65In0 HTTP/1.1" 200 546
186.115.76.110 - - [22/Jun/2015:05:19:37 -0500] "POST /forms/lservlet;jsessionid=ac16012b30d6136fe3bf685a42828e4aee228206ad0f.e3iSbxaKaheRe34MbhmNaxqNb41ynknvrkLOlQzNp65In0 HTTP/1.1" 200 49
66.249.64.223 - - [22/Jun/2015:05:19:38 -0500] "GET /BLA/resoluciones/RESOLUCIONES%202009/4708.pdf HTTP/1.1" 200 621617
220.181.108.173 - - [22/Jun/2015:05:19:48 -0500] "GET / HTTP/1.1" 200 10190
186.115.76.110 - - [22/Jun/2015:05:20:04 -0500] "POST /forms/lservlet;jsessionid=ac16012b30d6136fe3bf685a42828e4aee228206ad0f.e3iSbxaKaheRe34MbhmNaxqNb41ynknvrkLOlQzNp65In0 HTTP/1.1" 200 40
186.115.76.110 - - [22/Jun/2015:05:20:10 -0500] "POST /forms/lservlet;jsessionid=ac16012b30d6136fe3bf685a42828e4aee228206ad0f.e3iSbxaKaheRe34MbhmNaxqNb41ynknvrkLOlQzNp65In0 HTTP/1.1" 200 24
186.115.76.110 - - [22/Jun/2015:05:20:10 -0500] "POST /forms/lservlet;jsessionid=ac16012b30d6136fe3bf685a42828e4aee228206ad0f.e3iSbxaKaheRe34MbhmNaxqNb41ynknvrkLOlQzNp65In0 HTTP/1.1" 200 3943
186.115.76.110 - - [22/Jun/2015:05:20:11 -0500] "POST /forms/lservlet;jsessionid=ac16012b30d6136fe3bf685a42828e4aee228206ad0f.e3iSbxaKaheRe34MbhmNaxqNb41ynknvrkLOlQzNp65In0 HTTP/1.1" 200 2
186.115.76.110 - - [22/Jun/2015:05:20:12 -0500] "POST /forms/lservlet;jsessionid=ac16012b30d6136fe3bf685a42828e4aee228206ad0f.e3iSbxaKaheRe34MbhmNaxqNb41ynknvrkLOlQzNp65In0 HTTP/1.1" 200 2
186.115.76.110 - - [22/Jun/2015:05:20:12 -0500] "POST /forms/lservlet;jsessionid=ac16012b30d6136fe3bf685a42828e4aee228206ad0f.e3iSbxaKaheRe34MbhmNaxqNb41ynknvrkLOlQzNp65In0 HTTP/1.1" 200 14
186.115.76.110 - - [22/Jun/2015:05:20:13 -0500] "POST /forms/lservlet;jsessionid=ac16012b30d6136fe3bf685a42828e4aee228206ad0f.e3iSbxaKaheRe34MbhmNaxqNb41ynknvrkLOlQzNp65In0 HTTP/1.1" 200 14
186.115.76.110 - - [22/Jun/2015:05:20:14 -0500] "POST /forms/lservlet;jsessionid=ac16012b30d6136fe3bf685a42828e4aee228206ad0f.e3iSbxaKaheRe34MbhmNaxqNb41ynknvrkLOlQzNp65In0 HTTP/1.1" 200 14
186.115.76.110 - - [22/Jun/2015:05:20:16 -0500] "POST /forms/lservlet;jsessionid=ac16012b30d6136fe3bf685a42828e4aee228206ad0f.e3iSbxaKaheRe34MbhmNaxqNb41ynknvrkLOlQzNp65In0 HTTP/1.1" 200 14
186.115.76.110 - - [22/Jun/2015:05:20:18 -0500] "POST /forms/lservlet;jsessionid=ac16012b30d6136fe3bf685a42828e4aee228206ad0f.e3iSbxaKaheRe34MbhmNaxqNb41ynknvrkLOlQzNp65In0 HTTP/1.1" 200 15
186.115.76.110 - - [22/Jun/2015:05:20:20 -0500] "POST /forms/lservlet;jsessionid=ac16012b30d6136fe3bf685a42828e4aee228206ad0f.e3iSbxaKaheRe34MbhmNaxqNb41ynknvrkLOlQzNp65In0 HTTP/1.1" 200 15
186.115.76.110 - - [22/Jun/2015:05:20:24 -0500] "POST /forms/lservlet;jsessionid=ac16012b30d6136fe3bf685a42828e4aee228206ad0f.e3iSbxaKaheRe34MbhmNaxqNb41ynknvrkLOlQzNp65In0 HTTP/1.1" 200 131
186.115.76.110 - - [22/Jun/2015:05:20:25 -0500] "POST /forms/lservlet;jsessionid=ac16012b30d6136fe3bf685a42828e4aee228206ad0f.e3iSbxaKaheRe34MbhmNaxqNb41ynknvrkLOlQzNp65In0 HTTP/1.1" 200 2
186.115.76.110 - - [22/Jun/2015:05:20:48 -0500] "POST /forms/lservlet;jsessionid=ac16012b30d6136fe3bf685a42828e4aee228206ad0f.e3iSbxaKaheRe34MbhmNaxqNb41ynknvrkLOlQzNp65In0 HTTP/1.1" 200 2
180.76.15.157 - - [22/Jun/2015:05:21:22 -0500] "GET / HTTP/1.1" 200 10190
66.249.64.223 - - [22/Jun/2015:05:21:29 -0500] "GET /BLA/resoluciones/RESOLUCIONES%202009/3843.pdf HTTP/1.1" 200 431261
180.76.15.11 - - [22/Jun/2015:05:21:40 -0500] "GET / HTTP/1.1" 200 10190
186.115.76.110 - - [22/Jun/2015:05:20:26 -0500] "GET /reports/rwservlet/getjobid354714?server=rep_srvapsda HTTP/1.1" 200 20872073
74.86.158.107 - - [22/Jun/2015:05:22:11 -0500] "HEAD / HTTP/1.1" 200 -
66.249.64.233 - - [22/Jun/2015:05:22:23 -0500] "GET /BLA/resoluciones/AUTOS%202006/AUTOS%202006%201801-%201900/00001820.tif HTTP/1.1" 200 289838
66.249.64.233 - - [22/Jun/2015:05:22:48 -0500] "GET /BLA/resoluciones/AUTOS%202007/1222.pdf HTTP/1.1" 200 169689
186.115.76.110 - - [22/Jun/2015:05:22:48 -0500] "POST /forms/lservlet;jsessionid=ac16012b30d6136fe3bf685a42828e4aee228206ad0f.e3iSbxaKaheRe34MbhmNaxqNb41ynknvrkLOlQzNp65In0 HTTP/1.1" 200 2
66.249.64.228 - - [22/Jun/2015:05:23:21 -0500] "GET /BLA/resoluciones/RESOLUCIONES%202009/3070.pdf HTTP/1.1" 200 500079
186.115.76.110 - - [22/Jun/2015:05:24:48 -0500] "POST /forms/lservlet;jsessionid=ac16012b30d6136fe3bf685a42828e4aee228206ad0f.e3iSbxaKaheRe34MbhmNaxqNb41ynknvrkLOlQzNp65In0 HTTP/1.1" 200 2
66.249.64.233 - - [22/Jun/2015:05:25:08 -0500] "GET /BLA/resoluciones/RESOLUCIONES%202009/3775.pdf HTTP/1.1" 200 60426
201.245.192.253 - - [22/Jun/2015:05:25:46 -0500] "GET /forestReports/webcontent/birt/ajax/core/BirtEventDispatcher.js HTTP/1.1" 304 -
186.85.138.75 - - [22/Jun/2015:05:26:26 -0500] "GET /galeria/nivo-slider/demo/demo.html HTTP/1.1" 200 4712
201.245.192.253 - - [22/Jun/2015:05:26:42 -0500] "GET /forestReports/webcontent/birt/ajax/ui/dialog/BirtTabedDialogBase.js HTTP/1.1" 304 -
186.85.138.75 - - [22/Jun/2015:05:26:42 -0500] "GET /galeria/nivo-slider/demo/images/Rendicion-de-cuentas.jpg HTTP/1.1" 200 151955
186.85.138.75 - - [22/Jun/2015:05:26:42 -0500] "GET /galeria/nivo-slider/demo/images/capacitaciones-de-ecourbanismo.jpg HTTP/1.1" 304 -
186.115.76.110 - - [22/Jun/2015:05:26:48 -0500] "POST /forms/lservlet;jsessionid=ac16012b30d6136fe3bf685a42828e4aee228206ad0f.e3iSbxaKaheRe34MbhmNaxqNb41ynknvrkLOlQzNp65In0 HTTP/1.1" 200 2
66.249.64.223 - - [22/Jun/2015:05:26:56 -0500] "GET /BLA/resoluciones/RESOLUCIONES%202009/3443.pdf HTTP/1.1" 200 312677
201.245.192.253 - - [22/Jun/2015:05:27:08 -0500] "GET /forestReports/webcontent/birt/ajax/ui/report/AbstractReportComponent.js HTTP/1.1" 304 -
74.86.158.107 - - [22/Jun/2015:05:27:11 -0500] "HEAD / HTTP/1.1" 200 -
66.249.64.223 - - [22/Jun/2015:05:27:16 -0500] "GET /BLA/resoluciones/AUTOS%202012/1199.pdf HTTP/1.1" 200 177664
66.249.64.233 - - [22/Jun/2015:05:28:43 -0500] "GET /BLA/resoluciones/RESOLUCIONES%202008/0763.pdf HTTP/1.1" 200 205956
186.115.76.110 - - [22/Jun/2015:05:28:49 -0500] "POST /forms/lservlet;jsessionid=ac16012b30d6136fe3bf685a42828e4aee228206ad0f.e3iSbxaKaheRe34MbhmNaxqNb41ynknvrkLOlQzNp65In0 HTTP/1.1" 200 2
66.249.64.223 - - [22/Jun/2015:05:29:33 -0500] "GET /galeria/nivo-slider/demo/images/eTaxis3.jpg HTTP/1.1" 200 122290
66.249.64.233 - - [22/Jun/2015:05:30:31 -0500] "GET /BLA/resoluciones/AUTOS%202014/5538.pdf HTTP/1.1" 200 134033
186.115.76.110 - - [22/Jun/2015:05:30:49 -0500] "POST /forms/lservlet;jsessionid=ac16012b30d6136fe3bf685a42828e4aee228206ad0f.e3iSbxaKaheRe34MbhmNaxqNb41ynknvrkLOlQzNp65In0 HTTP/1.1" 200 2
220.181.108.174 - - [22/Jun/2015:05:31:37 -0500] "GET /BLA/resoluciones/RESOLUCIONES%202010/4400.pdf HTTP/1.1" 200 702246
66.249.64.228 - - [22/Jun/2015:05:31:41 -0500] "GET /BLA/resoluciones/RESOLUCIONES%202010/7189.pdf HTTP/1.1" 200 190667
79.145.58.47 - - [22/Jun/2015:05:32:13 -0500] "GET /galeria/galeria/jquery.fancybox.css?v=2.1.5 HTTP/1.1" 200 4895
79.145.58.47 - - [22/Jun/2015:05:32:13 -0500] "GET /BLA/boletinlegal/js/jquery.scrollTo-min.js HTTP/1.1" 200 1150
79.145.58.47 - - [22/Jun/2015:05:32:13 -0500] "GET /BLA/boletinlegal/js/jquery.scrollShow.js HTTP/1.1" 200 4586
79.145.58.47 - - [22/Jun/2015:05:32:13 -0500] "GET /galeria/galeria/jquery.fancybox.js?v=2.1.5 HTTP/1.1" 200 48706
66.249.64.228 - - [22/Jun/2015:05:32:18 -0500] "GET /autoliquidacion/Solicitud%20de%20expedici%C3%B3n%20de%20certificados%20de%20estado%20de%20conservaci%C3%B3n%20ambiental%20(CECA)/FORMULARIO%20DE%20SOLICITUD%20DE%20CECA.pdf HTTP/1.1" 304 -
79.145.58.47 - - [22/Jun/2015:05:32:20 -0500] "GET /galeria/galeria/jquery.fancybox.css?v=2.1.5 HTTP/1.1" 304 -
79.145.58.47 - - [22/Jun/2015:05:32:20 -0500] "GET /BLA/boletinlegal/js/jquery.scrollTo-min.js HTTP/1.1" 304 -
79.145.58.47 - - [22/Jun/2015:05:32:20 -0500] "GET /BLA/boletinlegal/js/jquery.scrollShow.js HTTP/1.1" 304 -
79.145.58.47 - - [22/Jun/2015:05:32:21 -0500] "GET /galeria/galeria/jquery.fancybox.js?v=2.1.5 HTTP/1.1" 304 -
79.145.58.47 - - [22/Jun/2015:05:32:23 -0500] "GET /BLA/boletinlegal/js/jquery.scrollTo-min.js HTTP/1.1" 304 -
79.145.58.47 - - [22/Jun/2015:05:32:24 -0500] "GET /BLA/boletinlegal/js/jquery.scrollShow.js HTTP/1.1" 304 -
79.145.58.47 - - [22/Jun/2015:05:32:24 -0500] "GET /galeria/galeria/jquery.fancybox.js?v=2.1.5 HTTP/1.1" 304 -
79.145.58.47 - - [22/Jun/2015:05:32:24 -0500] "GET /galeria/galeria/jquery.fancybox.css?v=2.1.5 HTTP/1.1" 304 -
66.249.64.233 - - [22/Jun/2015:05:32:36 -0500] "GET /BLA/resoluciones/AUTOS%202006/AUTOS%202006%201801-%201900/00001837.tif HTTP/1.1" 200 132162
66.249.64.121 - - [22/Jun/2015:05:32:37 -0500] "GET /galeria/nivo-slider/demo/images/todosxelagua17.jpg HTTP/1.1" 200 122034
186.115.76.110 - - [22/Jun/2015:05:32:49 -0500] "POST /forms/lservlet;jsessionid=ac16012b30d6136fe3bf685a42828e4aee228206ad0f.e3iSbxaKaheRe34MbhmNaxqNb41ynknvrkLOlQzNp65In0 HTTP/1.1" 200 2
66.249.64.223 - - [22/Jun/2015:05:34:06 -0500] "GET /BLA/boletinlegal/index.php HTTP/1.1" 200 50649
186.115.76.110 - - [22/Jun/2015:05:34:49 -0500] "POST /forms/lservlet;jsessionid=ac16012b30d6136fe3bf685a42828e4aee228206ad0f.e3iSbxaKaheRe34MbhmNaxqNb41ynknvrkLOlQzNp65In0 HTTP/1.1" 200 2
201.245.192.253 - - [22/Jun/2015:05:35:33 -0500] "GET /galeria/nivo-slider/demo/demo.html HTTP/1.1" 200 4712
201.245.192.253 - - [22/Jun/2015:05:35:35 -0500] "GET /galeria/nivo-slider/demo/images/Rendicion-de-cuentas.jpg HTTP/1.1" 200 151955
201.245.192.253 - - [22/Jun/2015:05:35:35 -0500] "GET /galeria/nivo-slider/demo/images/capacitaciones-de-ecourbanismo.jpg HTTP/1.1" 304 -
201.245.192.253 - - [22/Jun/2015:05:35:35 -0500] "GET /galeria/nivo-slider/demo/images/GAE-banner.jpg HTTP/1.1" 304 -
201.245.192.253 - - [22/Jun/2015:05:35:35 -0500] "GET /galeria/nivo-slider/demo/images/Banner-encuesta-de-percepscio.jpg HTTP/1.1" 304 -
201.245.192.253 - - [22/Jun/2015:05:35:35 -0500] "GET /galeria/nivo-slider/demo/images/Comparendo-ambiental-Banner.jpg HTTP/1.1" 304 -
201.245.192.253 - - [22/Jun/2015:05:35:35 -0500] "GET /galeria/nivo-slider/demo/images/banner-llantas2.jpg HTTP/1.1" 304 -
66.249.64.228 - - [22/Jun/2015:05:35:53 -0500] "GET /BLA/resoluciones/RESOLUCIONES%202014/1182.pdf HTTP/1.1" 304 -
201.245.192.253 - - [22/Jun/2015:05:36:01 -0500] "GET /isolucionsda/bancoconocimiento/F/Formularioparalarelaciondesalvoconductosyfacturas_v6/126pm04-pr20-f-a8%20formato%20reporte%20libro%20operaciones0.xls HTTP/1.1" 304 -
66.249.64.233 - - [22/Jun/2015:05:36:03 -0500] "GET /BLA/resoluciones/AUTOS%202007/1310.pdf HTTP/1.1" 200 188091
66.249.64.121 - - [22/Jun/2015:05:36:09 -0500] "GET / HTTP/1.1" 200 10190
186.113.10.143 - - [22/Jun/2015:05:36:36 -0500] "GET /galeria/nivo-slider/demo/images/dia-del-rio-bogota.jpg HTTP/1.1" 304 -
186.115.76.110 - - [22/Jun/2015:05:36:49 -0500] "POST /forms/lservlet;jsessionid=ac16012b30d6136fe3bf685a42828e4aee228206ad0f.e3iSbxaKaheRe34MbhmNaxqNb41ynknvrkLOlQzNp65In0 HTTP/1.1" 200 2
186.155.142.115 - - [22/Jun/2015:05:37:30 -0500] "GET /galeria/galeria/jquery.fancybox.css?v=2.1.5 HTTP/1.1" 200 4895
186.155.142.115 - - [22/Jun/2015:05:37:30 -0500] "GET /BLA/boletinlegal/js/jquery.scrollTo-min.js HTTP/1.1" 200 1150
186.155.142.115 - - [22/Jun/2015:05:37:30 -0500] "GET /BLA/boletinlegal/js/jquery.scrollShow.js HTTP/1.1" 200 4586
186.155.142.115 - - [22/Jun/2015:05:37:30 -0500] "GET /galeria/galeria/jquery.fancybox.js?v=2.1.5 HTTP/1.1" 200 48706
186.155.142.115 - - [22/Jun/2015:05:37:38 -0500] "GET /galeria/galeria/jquery.fancybox.css?v=2.1.5 HTTP/1.1" 304 -
186.155.142.115 - - [22/Jun/2015:05:37:38 -0500] "GET /BLA/boletinlegal/js/jquery.scrollTo-min.js HTTP/1.1" 304 -
186.155.142.115 - - [22/Jun/2015:05:37:38 -0500] "GET /BLA/boletinlegal/js/jquery.scrollShow.js HTTP/1.1" 304 -
186.155.142.115 - - [22/Jun/2015:05:37:38 -0500] "GET /galeria/galeria/jquery.fancybox.js?v=2.1.5 HTTP/1.1" 304 -
180.76.15.138 - - [22/Jun/2015:05:37:38 -0500] "GET /dama/libreria/php/decide.php?patron=03.1305020113&numm=7 HTTP/1.1" 404 1019
66.249.64.233 - - [22/Jun/2015:05:37:41 -0500] "GET /Autoliquidacion/Solicitudes%20relacionadas%20con%20calidad%20del%20aire%20auditiva%20y%20visual/Solicitudes%20relacionadas%20a%20Programa%20de%20Autorregulaci%C3%B3n%20Ambiental/lista%20de%20chequeo%20programa%20de%20autorregulacion%20ambiental.pdf HTTP/1.1" 200 51359
186.115.76.110 - - [22/Jun/2015:05:38:49 -0500] "POST /forms/lservlet;jsessionid=ac16012b30d6136fe3bf685a42828e4aee228206ad0f.e3iSbxaKaheRe34MbhmNaxqNb41ynknvrkLOlQzNp65In0 HTTP/1.1" 200 2
66.249.64.223 - - [22/Jun/2015:05:38:57 -0500] "GET /BLA/resoluciones/RESOLUCIONES%202007/RES%202007%202201%20AL%202300/RESOLUCION%202280%20DE%202007.pdf HTTP/1.1" 200 781577
66.249.64.228 - - [22/Jun/2015:05:39:29 -0500] "GET /Autoliquidacion/Solicitudes%20relacionadas%20con%20calidad%20del%20aire%20auditiva%20y%20visual/Evaluaci%C3%B3n%20para%20Certificaci%C3%B3n%20en%20materia%20de%20Revisi%C3%B3n%20de%20Gases/lista%20de%20chequeo%20certificacion%20en%20materia%20de%20revision%20de%20gases.pdf HTTP/1.1" 200 106813
66.249.64.233 - - [22/Jun/2015:05:40:31 -0500] "GET /BLA/resoluciones/RESOLUCIONES%202009/1290.pdf HTTP/1.1" 200 662478
186.115.76.110 - - [22/Jun/2015:05:40:49 -0500] "POST /forms/lservlet;jsessionid=ac16012b30d6136fe3bf685a42828e4aee228206ad0f.e3iSbxaKaheRe34MbhmNaxqNb41ynknvrkLOlQzNp65In0 HTTP/1.1" 200 2
66.249.64.228 - - [22/Jun/2015:05:41:17 -0500] "GET /Autoliquidacion/Solicitudes%20relacionadas%20con%20calidad%20del%20aire%20auditiva%20y%20visual/Solicitudes%20relacionadas%20a%20Programa%20de%20Autorregulaci%C3%B3n%20Ambiental/carta%20de%20autorizacion%20para%20realizar%20las%20visitas%20tecnicas%20del%20p.pdf HTTP/1.1" 200 56250
186.85.179.23 - - [22/Jun/2015:05:41:23 -0500] "GET /autoliquidacion/Grupo%20Forestal%20-%20Silvicultura/Lista%20de%20chequeo%20-%20Salvoconducto%20para%20la%20movilizacion%20de%20flora.xlsx HTTP/1.1" 200 48228
186.85.179.23 - - [22/Jun/2015:05:41:31 -0500] "GET /autoliquidacion/Grupo%20Forestal%20-%20Silvicultura/Lista%20de%20chequeo%20-%20Salvoconducto%20para%20la%20movilizacion%20de%20flora.xlsx HTTP/1.1" 206 1
186.85.179.23 - - [22/Jun/2015:05:41:31 -0500] "GET /autoliquidacion/Grupo%20Forestal%20-%20Silvicultura/Lista%20de%20chequeo%20-%20Salvoconducto%20para%20la%20movilizacion%20de%20flora.xlsx HTTP/1.1" 206 38008
186.115.76.110 - - [22/Jun/2015:05:42:49 -0500] "POST /forms/lservlet;jsessionid=ac16012b30d6136fe3bf685a42828e4aee228206ad0f.e3iSbxaKaheRe34MbhmNaxqNb41ynknvrkLOlQzNp65In0 HTTP/1.1" 200 2
66.249.64.228 - - [22/Jun/2015:05:42:59 -0500] "GET /BLA/resoluciones/AUTOS%202006/AUTOS%202006%201801-%201900/00001853.tif HTTP/1.1" 200 231566
66.249.64.223 - - [22/Jun/2015:05:43:04 -0500] "GET /Autoliquidacion/Solicitudes%20relacionadas%20con%20calidad%20del%20aire%20auditiva%20y%20visual/Acompa%C3%B1amiento%20para%20muestreo%20isocin%C3%A9tico%20y%20o%20determinaciones%20de%20emisiones%20a%20fuentes%20fijas/lineamientos%20Construccion%20Mues%20Emision%20.pdf HTTP/1.1" 200 352369
186.115.76.110 - - [22/Jun/2015:05:44:49 -0500] "POST /forms/lservlet;jsessionid=ac16012b30d6136fe3bf685a42828e4aee228206ad0f.e3iSbxaKaheRe34MbhmNaxqNb41ynknvrkLOlQzNp65In0 HTTP/1.1" 200 2
66.249.64.223 - - [22/Jun/2015:05:44:52 -0500] "GET /Autoliquidacion/Solicitudes%20relacionadas%20con%20calidad%20del%20aire%20auditiva%20y%20visual/Acompa%C3%B1amiento%20para%20muestreo%20isocin%C3%A9tico%20y%20o%20determinaciones%20de%20emisiones%20a%20fuentes%20fijas/formato%20chequeo%20de%20boquillas.pdf HTTP/1.1" 200 161702
66.249.64.223 - - [22/Jun/2015:05:46:40 -0500] "GET /BLA/resoluciones/RESOLUCIONES%202008/0148.pdf HTTP/1.1" 200 446090
186.115.76.110 - - [22/Jun/2015:05:46:49 -0500] "POST /forms/lservlet;jsessionid=ac16012b30d6136fe3bf685a42828e4aee228206ad0f.e3iSbxaKaheRe34MbhmNaxqNb41ynknvrkLOlQzNp65In0 HTTP/1.1" 200 2
200.26.155.142 - - [22/Jun/2015:05:47:20 -0500] "GET /galeria/nivo-slider/demo/images/bolsas-08.jpg HTTP/1.1" 304 -
66.249.64.228 - - [22/Jun/2015:05:48:03 -0500] "GET /galeria/galeria/jquery.fancybox.css?v=2.1.5 HTTP/1.1" 200 4895
66.249.64.223 - - [22/Jun/2015:05:48:03 -0500] "GET /BLA/boletinlegal/js/jquery.scrollTo-min.js HTTP/1.1" 200 1150
66.249.64.228 - - [22/Jun/2015:05:48:04 -0500] "GET /BLA/boletinlegal/js/jquery.scrollShow.js HTTP/1.1" 200 4586
66.249.64.223 - - [22/Jun/2015:05:48:04 -0500] "GET /galeria/galeria/jquery.fancybox.js?v=2.1.5 HTTP/1.1" 200 48706
68.180.229.40 - - [22/Jun/2015:05:48:24 -0500] "GET /videos/galeria-cronicas/2playlist.htm HTTP/1.1" 304 -
66.249.64.228 - - [22/Jun/2015:05:48:28 -0500] "GET /BLA/resoluciones/RESOLUCIONES%202009/6614.pdf HTTP/1.1" 200 521453
186.115.76.110 - - [22/Jun/2015:05:48:50 -0500] "POST /forms/lservlet;jsessionid=ac16012b30d6136fe3bf685a42828e4aee228206ad0f.e3iSbxaKaheRe34MbhmNaxqNb41ynknvrkLOlQzNp65In0 HTTP/1.1" 200 2
66.102.8.228 - - [22/Jun/2015:05:49:16 -0500] "GET /BLA/boletinlegal/js/jquery.scrollTo-min.js HTTP/1.1" 200 1150
66.102.8.228 - - [22/Jun/2015:05:49:16 -0500] "GET /galeria/galeria/jquery.fancybox.css?v=2.1.5 HTTP/1.1" 200 4895
66.102.8.233 - - [22/Jun/2015:05:49:16 -0500] "GET /galeria/galeria/jquery.fancybox.js?v=2.1.5 HTTP/1.1" 200 48706
66.102.8.223 - - [22/Jun/2015:05:49:16 -0500] "GET /BLA/boletinlegal/js/jquery.scrollShow.js HTTP/1.1" 200 4586
66.249.64.228 - - [22/Jun/2015:05:49:21 -0500] "GET /BLA/resoluciones/AUTOS%202014/0430.pdf HTTP/1.1" 200 309772
66.102.8.223 - - [22/Jun/2015:05:49:22 -0500] "GET /BLA/boletinlegal/js/jquery.scrollTo-min.js HTTP/1.1" 304 -
66.102.8.228 - - [22/Jun/2015:05:49:22 -0500] "GET /BLA/boletinlegal/js/jquery.scrollShow.js HTTP/1.1" 304 -
66.102.8.228 - - [22/Jun/2015:05:49:22 -0500] "GET /galeria/galeria/jquery.fancybox.css?v=2.1.5 HTTP/1.1" 304 -
66.102.8.233 - - [22/Jun/2015:05:49:22 -0500] "GET /galeria/galeria/jquery.fancybox.js?v=2.1.5 HTTP/1.1" 304 -
186.80.93.21 - - [22/Jun/2015:05:50:04 -0500] "GET /galeria/galeria/jquery.fancybox.css?v=2.1.5 HTTP/1.1" 200 4895
186.80.93.21 - - [22/Jun/2015:05:50:04 -0500] "GET /galeria/carrusel/Carrusel/jquery.thumbnailScroller.css HTTP/1.1" 200 2066
186.80.93.21 - - [22/Jun/2015:05:50:04 -0500] "GET /BLA/boletinlegal/js/jquery.scrollTo-min.js HTTP/1.1" 200 1150
186.80.93.21 - - [22/Jun/2015:05:50:04 -0500] "GET /BLA/boletinlegal/js/jquery.scrollShow.js HTTP/1.1" 200 4586
186.80.93.21 - - [22/Jun/2015:05:50:04 -0500] "GET /galeria/galeria/jquery.fancybox.js?v=2.1.5 HTTP/1.1" 200 48706
186.80.93.21 - - [22/Jun/2015:05:50:04 -0500] "GET /galeria/carrusel/Carrusel/jquery-ui-1.8.13.custom.min.js HTTP/1.1" 200 10800
186.80.93.21 - - [22/Jun/2015:05:50:04 -0500] "GET /galeria/carrusel/Carrusel/jquery.thumbnailScroller.js HTTP/1.1" 200 8157
186.80.93.21 - - [22/Jun/2015:05:50:05 -0500] "GET /galeria/nivo-slider/demo/demo.html HTTP/1.1" 200 4712
186.80.93.21 - - [22/Jun/2015:05:50:07 -0500] "GET /galeria/nivo-slider/themes/default/default.css HTTP/1.1" 200 1569
186.80.93.21 - - [22/Jun/2015:05:50:07 -0500] "GET /galeria/nivo-slider/nivo-slider.css HTTP/1.1" 200 1507
186.80.93.21 - - [22/Jun/2015:05:50:07 -0500] "GET /galeria/nivo-slider/themes/pascal/pascal.css HTTP/1.1" 200 2258
186.80.93.21 - - [22/Jun/2015:05:50:07 -0500] "GET /galeria/nivo-slider/themes/orman/orman.css HTTP/1.1" 200 2152
186.80.93.21 - - [22/Jun/2015:05:50:07 -0500] "GET /galeria/nivo-slider/demo/images/Rendicion-de-cuentas.jpg HTTP/1.1" 200 151955
186.80.93.21 - - [22/Jun/2015:05:50:07 -0500] "GET /galeria/nivo-slider/demo/style.css HTTP/1.1" 200 2222
186.80.93.21 - - [22/Jun/2015:05:50:07 -0500] "GET /galeria/nivo-slider/demo/scripts/jquery-1.7.1.min.js HTTP/1.1" 200 93868
186.80.93.21 - - [22/Jun/2015:05:50:07 -0500] "GET /galeria/nivo-slider/jquery.nivo.slider.pack.js HTTP/1.1" 200 11561
186.80.93.21 - - [22/Jun/2015:05:50:07 -0500] "GET /galeria/nivo-slider/demo/images/Comparendo-ambiental-Banner.jpg HTTP/1.1" 200 83731
186.80.93.21 - - [22/Jun/2015:05:50:07 -0500] "GET /galeria/nivo-slider/demo/images/capacitaciones-de-ecourbanismo.jpg HTTP/1.1" 200 77126
186.80.93.21 - - [22/Jun/2015:05:50:07 -0500] "GET /galeria/nivo-slider/demo/images/9Signos.jpg HTTP/1.1" 200 81776
186.80.93.21 - - [22/Jun/2015:05:50:07 -0500] "GET /galeria/nivo-slider/demo/images/GAE-banner.jpg HTTP/1.1" 200 97556
186.80.93.21 - - [22/Jun/2015:05:50:07 -0500] "GET /galeria/nivo-slider/demo/images/Banner-encuesta-de-percepscio.jpg HTTP/1.1" 200 201899
186.80.93.21 - - [22/Jun/2015:05:50:07 -0500] "GET /galeria/nivo-slider/demo/images/banner-Pacto-por-la-madera.jpg HTTP/1.1" 200 209966
186.80.93.21 - - [22/Jun/2015:05:50:07 -0500] "GET /galeria/nivo-slider/demo/images/acuerdo_569.jpg HTTP/1.1" 200 62670
186.80.93.21 - - [22/Jun/2015:05:50:07 -0500] "GET /galeria/nivo-slider/demo/images/Licitaciones-proyecto-paramo.jpg HTTP/1.1" 200 221877
186.80.93.21 - - [22/Jun/2015:05:50:07 -0500] "GET /galeria/nivo-slider/demo/images/Banner-decreto1299.jpg HTTP/1.1" 200 182613
186.80.93.21 - - [22/Jun/2015:05:50:07 -0500] "GET /galeria/nivo-slider/demo/images/Banner-Directorio.jpg HTTP/1.1" 200 182068
186.80.93.21 - - [22/Jun/2015:05:50:07 -0500] "GET /galeria/nivo-slider/demo/images/Ruta-vertimientos-01.jpg HTTP/1.1" 200 130151
186.80.93.21 - - [22/Jun/2015:05:50:08 -0500] "GET /galeria/nivo-slider/demo/images/bolsas-06.jpg HTTP/1.1" 200 90982
186.80.93.21 - - [22/Jun/2015:05:50:08 -0500] "GET /galeria/nivo-slider/demo/images/Conoce-los-humedales.jpg HTTP/1.1" 200 294036
186.80.93.21 - - [22/Jun/2015:05:50:08 -0500] "GET /galeria/nivo-slider/demo/images/Banner-Caracol-Africano.jpg HTTP/1.1" 200 331986
186.80.93.21 - - [22/Jun/2015:05:50:08 -0500] "GET /galeria/nivo-slider/demo/images/ecolecta-Dic2014.png HTTP/1.1" 200 288593
186.80.93.21 - - [22/Jun/2015:05:50:09 -0500] "GET /galeria/nivo-slider/demo/images/4Simple_Slider.png HTTP/1.1" 200 11722
186.80.93.21 - - [22/Jun/2015:05:50:09 -0500] "GET /galeria/nivo-slider/themes/default/loading.gif HTTP/1.1" 200 1737
186.80.93.21 - - [22/Jun/2015:05:50:09 -0500] "GET /galeria/nivo-slider/demo/images/banner-llantas2.jpg HTTP/1.1" 200 204644
186.80.93.21 - - [22/Jun/2015:05:50:10 -0500] "GET /galeria/nivo-slider/themes/default/arrows.png HTTP/1.1" 200 824
186.80.93.21 - - [22/Jun/2015:05:50:10 -0500] "GET /galeria/nivo-slider/themes/default/bullets.png HTTP/1.1" 200 1281
66.249.64.223 - - [22/Jun/2015:05:50:15 -0500] "GET /BLA/resoluciones/RESOLUCIONES%202009/4417.pdf HTTP/1.1" 200 488750
186.115.76.110 - - [22/Jun/2015:05:50:50 -0500] "POST /forms/lservlet;jsessionid=ac16012b30d6136fe3bf685a42828e4aee228206ad0f.e3iSbxaKaheRe34MbhmNaxqNb41ynknvrkLOlQzNp65In0 HTTP/1.1" 200 2
199.195.118.53 - - [22/Jun/2015:05:51:26 -0500] "GET / HTTP/1.1" 200 10190
66.249.64.228 - - [22/Jun/2015:05:52:03 -0500] "GET /BLA/resoluciones/RESOLUCIONES%202009/5868.pdf HTTP/1.1" 200 599497
180.76.15.25 - - [22/Jun/2015:05:52:38 -0500] "GET /BLA/boletinlegal/actas/374122.pdf HTTP/1.1" 200 181942
186.115.76.110 - - [22/Jun/2015:05:52:50 -0500] "POST /forms/lservlet;jsessionid=ac16012b30d6136fe3bf685a42828e4aee228206ad0f.e3iSbxaKaheRe34MbhmNaxqNb41ynknvrkLOlQzNp65In0 HTTP/1.1" 200 2
66.249.64.233 - - [22/Jun/2015:05:53:22 -0500] "GET /BLA/resoluciones/AUTOS%202006/AUTOS%202006%201801-%201900/00001882.tif HTTP/1.1" 200 132892
186.115.76.110 - - [22/Jun/2015:05:53:36 -0500] "POST /forms/lservlet;jsessionid=ac16012b30d6136fe3bf685a42828e4aee228206ad0f.e3iSbxaKaheRe34MbhmNaxqNb41ynknvrkLOlQzNp65In0 HTTP/1.1" 200 2
66.249.64.228 - - [22/Jun/2015:05:53:44 -0500] "GET /BLA/resoluciones/AUTOS%202013/0194.pdf HTTP/1.1" 200 1873059
66.249.64.228 - - [22/Jun/2015:05:53:51 -0500] "GET /BLA/resoluciones/RESOLUCIONES%202009/4761.pdf HTTP/1.1" 304 -
186.80.92.81 - - [22/Jun/2015:05:54:36 -0500] "GET /galeria/nivo-slider/demo/images/Rendicion-de-cuentas.jpg HTTP/1.1" 304 -
186.115.76.110 - - [22/Jun/2015:05:54:50 -0500] "POST /forms/lservlet;jsessionid=ac16012b30d6136fe3bf685a42828e4aee228206ad0f.e3iSbxaKaheRe34MbhmNaxqNb41ynknvrkLOlQzNp65In0 HTTP/1.1" 200 2
66.249.64.121 - - [22/Jun/2015:05:55:03 -0500] "GET /galeria/nivo-slider/demo/images/todosxelagua20.jpg HTTP/1.1" 200 120239
186.80.93.21 - - [22/Jun/2015:05:55:24 -0500] "GET /galeria/galeria/jquery.fancybox.css?v=2.1.5 HTTP/1.1" 304 -
186.80.93.21 - - [22/Jun/2015:05:55:24 -0500] "GET /BLA/boletinlegal/js/jquery.scrollTo-min.js HTTP/1.1" 304 -
186.80.93.21 - - [22/Jun/2015:05:55:24 -0500] "GET /galeria/galeria/jquery.fancybox.js?v=2.1.5 HTTP/1.1" 304 -
186.80.93.21 - - [22/Jun/2015:05:55:24 -0500] "GET /BLA/boletinlegal/js/jquery.scrollShow.js HTTP/1.1" 304 -
186.80.93.21 - - [22/Jun/2015:05:55:36 -0500] "GET /autoliquidacion HTTP/1.1" 301 310
186.80.93.21 - - [22/Jun/2015:05:55:37 -0500] "GET /autoliquidacion/ HTTP/1.1" 200 6375
186.80.93.21 - - [22/Jun/2015:05:55:38 -0500] "GET /autoliquidacion/dlf/styles.css HTTP/1.1" 200 3045
186.80.93.21 - - [22/Jun/2015:05:55:38 -0500] "GET /autoliquidacion/dlf/folder.png HTTP/1.1" 200 410
186.80.93.21 - - [22/Jun/2015:05:55:38 -0500] "GET /autoliquidacion/dlf/bg.gif HTTP/1.1" 200 54
66.249.64.228 - - [22/Jun/2015:05:55:39 -0500] "GET /BLA/resoluciones/RESOLUCIONES%202014/1857.pdf HTTP/1.1" 304 -
66.249.64.126 - - [22/Jun/2015:05:55:45 -0500] "GET /StormSDA/userFiles/user_files/1/desasocia.xml HTTP/1.1" 200 58
186.115.76.110 - - [22/Jun/2015:05:56:50 -0500] "POST /forms/lservlet;jsessionid=ac16012b30d6136fe3bf685a42828e4aee228206ad0f.e3iSbxaKaheRe34MbhmNaxqNb41ynknvrkLOlQzNp65In0 HTTP/1.1" 200 2
66.249.64.228 - - [22/Jun/2015:05:57:26 -0500] "GET /BLA/resoluciones/RESOLUCIONES%202009/5709.pdf HTTP/1.1" 304 -
37.143.125.16 - - [22/Jun/2015:05:57:39 -0500] "GET /galeria/galeria/jquery.fancybox.css?v=2.1.5 HTTP/1.1" 304 -
37.143.125.16 - - [22/Jun/2015:05:57:39 -0500] "GET /galeria/galeria/jquery.fancybox.js?v=2.1.5 HTTP/1.1" 304 -
66.249.64.223 - - [22/Jun/2015:05:58:12 -0500] "GET /BLA/resoluciones/RESOLUCIONES%202010/6787.pdf HTTP/1.1" 200 712198
186.115.76.110 - - [22/Jun/2015:05:58:50 -0500] "POST /forms/lservlet;jsessionid=ac16012b30d6136fe3bf685a42828e4aee228206ad0f.e3iSbxaKaheRe34MbhmNaxqNb41ynknvrkLOlQzNp65In0 HTTP/1.1" 200 2
66.249.64.233 - - [22/Jun/2015:05:59:14 -0500] "GET /BLA/resoluciones/RESOLUCIONES%202008/4487.pdf HTTP/1.1" 304 -
66.249.64.228 - - [22/Jun/2015:05:59:30 -0500] "GET /galeria/nivo-slider/demo/images/Canino1.jpg HTTP/1.1" 200 142832
152.61.128.66 - - [22/Jun/2015:06:00:02 -0500] "HEAD / HTTP/1.1" 200 -
152.61.128.66 - - [22/Jun/2015:06:00:02 -0500] "GET /arcgis/services/Calidad_del_Agua_WQI/MapServer/WMSServer?request=GetCapabilities&service=WMS HTTP/1.1" 200 32135
152.61.128.66 - - [22/Jun/2015:06:00:02 -0500] "GET /arcgis/services/Calidad_del_Agua_WQI/MapServer/WMSServer?request=GetCapabilities&service=WMS HTTP/1.0" 200 32135
152.61.128.66 - - [22/Jun/2015:06:00:03 -0500] "GET /arcgis/services/Calidad_del_Agua_WQI/MapServer/WMSServer?request=GetCapabilities&service=WMS HTTP/1.0" 200 32135
152.61.128.66 - - [22/Jun/2015:06:00:04 -0500] "GET /arcgis/services/Calidad_del_Agua_WQI/MapServer/WMSServer?request=GetCapabilities&service=WMS HTTP/1.0" 200 32135
152.61.128.66 - - [22/Jun/2015:06:00:05 -0500] "GET /arcgis/services/Calidad_del_Agua_WQI/MapServer/WMSServer?VERSION=1.1.1&REQUEST=GetMap&LAYERS=0&SRS=EPSG:4326&BBOX=-74.473395,3.674381,-73.963300,4.920569&WIDTH=250&HEIGHT=250&FORMAT=image/bmp&STYLES=& HTTP/1.1" 200 188054
186.115.76.110 - - [22/Jun/2015:06:00:50 -0500] "POST /forms/lservlet;jsessionid=ac16012b30d6136fe3bf685a42828e4aee228206ad0f.e3iSbxaKaheRe34MbhmNaxqNb41ynknvrkLOlQzNp65In0 HTTP/1.1" 200 2
66.249.64.233 - - [22/Jun/2015:06:01:02 -0500] "GET /BLA/resoluciones/AUTOS%202010/3624.pdf HTTP/1.1" 304 -
201.161.221.8 - - [22/Jun/2015:06:01:43 -0500] "GET /galeria/galeria/jquery.fancybox.css?v=2.1.5 HTTP/1.1" 200 4895
201.161.221.8 - - [22/Jun/2015:06:01:43 -0500] "GET /BLA/boletinlegal/js/jquery.scrollTo-min.js HTTP/1.1" 200 1150
201.161.221.8 - - [22/Jun/2015:06:01:43 -0500] "GET /BLA/boletinlegal/js/jquery.scrollShow.js HTTP/1.1" 200 4586
201.161.221.8 - - [22/Jun/2015:06:01:43 -0500] "GET /galeria/galeria/jquery.fancybox.js?v=2.1.5 HTTP/1.1" 200 48706
186.80.93.21 - - [22/Jun/2015:06:01:48 -0500] "GET /autoliquidacion/index.php?dir=Grupo+Forestal+-+Industria+de+la+Madera%2F HTTP/1.1" 200 7255
186.80.93.21 - - [22/Jun/2015:06:01:49 -0500] "GET /autoliquidacion/dlf/dirup.png HTTP/1.1" 200 644
186.80.93.21 - - [22/Jun/2015:06:01:49 -0500] "GET /autoliquidacion/dlf/html.gif HTTP/1.1" 200 632
186.80.93.21 - - [22/Jun/2015:06:01:49 -0500] "GET /autoliquidacion/dlf/xls.gif HTTP/1.1" 200 636
186.80.93.21 - - [22/Jun/2015:06:01:49 -0500] "GET /autoliquidacion/dlf/pdf.gif HTTP/1.1" 200 272
88.198.233.69 - - [22/Jun/2015:06:02:11 -0500] "GET / HTTP/1.1" 200 10190
66.249.64.228 - - [22/Jun/2015:06:02:34 -0500] "GET /BLA/resoluciones/AUTOS%202007/1697.pdf HTTP/1.1" 200 254061
186.115.76.110 - - [22/Jun/2015:06:02:50 -0500] "POST /forms/lservlet;jsessionid=ac16012b30d6136fe3bf685a42828e4aee228206ad0f.e3iSbxaKaheRe34MbhmNaxqNb41ynknvrkLOlQzNp65In0 HTTP/1.1" 200 2
191.119.122.231 - - [22/Jun/2015:06:03:16 -0500] "GET /BLA/boletinlegal/js/jquery.scrollTo-min.js HTTP/1.1" 200 1150
191.119.122.231 - - [22/Jun/2015:06:03:16 -0500] "GET /BLA/boletinlegal/js/jquery.scrollShow.js HTTP/1.1" 200 4586
191.119.122.231 - - [22/Jun/2015:06:03:16 -0500] "GET /galeria/galeria/jquery.fancybox.js?v=2.1.5 HTTP/1.1" 200 48706
191.119.122.231 - - [22/Jun/2015:06:03:16 -0500] "GET /galeria/galeria/jquery.fancybox.css?v=2.1.5 HTTP/1.1" 200 4895
191.119.122.231 - - [22/Jun/2015:06:03:29 -0500] "GET /BLA/boletinlegal/js/jquery.scrollTo-min.js HTTP/1.1" 304 -
191.119.122.231 - - [22/Jun/2015:06:03:29 -0500] "GET /galeria/galeria/jquery.fancybox.js?v=2.1.5 HTTP/1.1" 304 -
191.119.122.231 - - [22/Jun/2015:06:03:29 -0500] "GET /BLA/boletinlegal/js/jquery.scrollShow.js HTTP/1.1" 304 -
191.119.122.231 - - [22/Jun/2015:06:03:29 -0500] "GET /galeria/galeria/jquery.fancybox.css?v=2.1.5 HTTP/1.1" 304 -
66.249.64.116 - - [22/Jun/2015:06:02:50 -0500] "GET /BLA/boletinlegal/index.php HTTP/1.1" 200 50649
201.161.221.8 - - [22/Jun/2015:06:03:38 -0500] "GET /galeria/galeria/jquery.fancybox.css?v=2.1.5 HTTP/1.1" 304 -
201.161.221.8 - - [22/Jun/2015:06:03:38 -0500] "GET /BLA/boletinlegal/js/jquery.scrollTo-min.js HTTP/1.1" 304 -
201.161.221.8 - - [22/Jun/2015:06:03:38 -0500] "GET /BLA/boletinlegal/js/jquery.scrollShow.js HTTP/1.1" 304 -
201.161.221.8 - - [22/Jun/2015:06:03:38 -0500] "GET /galeria/galeria/jquery.fancybox.js?v=2.1.5 HTTP/1.1" 304 -
66.249.64.223 - - [22/Jun/2015:06:03:43 -0500] "GET /BLA/resoluciones/AUTOS%202006/AUTOS%202006%201801-%201900/00001832.tif HTTP/1.1" 200 180044
66.249.64.233 - - [22/Jun/2015:06:04:37 -0500] "GET /BLA/resoluciones/RESOLUCIONES%202009/3813.pdf HTTP/1.1" 304 -
186.115.76.110 - - [22/Jun/2015:06:04:50 -0500] "POST /forms/lservlet;jsessionid=ac16012b30d6136fe3bf685a42828e4aee228206ad0f.e3iSbxaKaheRe34MbhmNaxqNb41ynknvrkLOlQzNp65In0 HTTP/1.1" 200 2
66.249.64.223 - - [22/Jun/2015:06:06:25 -0500] "GET /BLA/resoluciones/RESOLUCIONES%202014/1998.pdf HTTP/1.1" 304 -
186.115.76.110 - - [22/Jun/2015:06:06:50 -0500] "POST /forms/lservlet;jsessionid=ac16012b30d6136fe3bf685a42828e4aee228206ad0f.e3iSbxaKaheRe34MbhmNaxqNb41ynknvrkLOlQzNp65In0 HTTP/1.1" 200 2
74.86.158.107 - - [22/Jun/2015:06:06:50 -0500] "HEAD / HTTP/1.1" 200 -
66.249.64.223 - - [22/Jun/2015:06:07:02 -0500] "GET /BLA/resoluciones/RESOLUCIONES%202011/4995.pdf HTTP/1.1" 200 351279
186.80.93.21 - - [22/Jun/2015:06:08:17 -0500] "GET /autoliquidacion/Grupo%20Forestal%20-%20Industria%20de%20la%20Madera/APLICATIVO%20COSTO%20EVALUACION%20SALVOCONDUCTO%202015-.xls HTTP/1.1" 200 108544
167.0.200.160 - - [22/Jun/2015:06:08:26 -0500] "GET /galeria/galeria/jquery.fancybox.css?v=2.1.5 HTTP/1.1" 200 4895
167.0.200.160 - - [22/Jun/2015:06:08:26 -0500] "GET /BLA/boletinlegal/js/jquery.scrollTo-min.js HTTP/1.1" 200 1150
167.0.200.160 - - [22/Jun/2015:06:08:26 -0500] "GET /BLA/boletinlegal/js/jquery.scrollShow.js HTTP/1.1" 200 4586
167.0.200.160 - - [22/Jun/2015:06:08:26 -0500] "GET /galeria/galeria/jquery.fancybox.js?v=2.1.5 HTTP/1.1" 200 48706
186.115.76.110 - - [22/Jun/2015:06:08:50 -0500] "POST /forms/lservlet;jsessionid=ac16012b30d6136fe3bf685a42828e4aee228206ad0f.e3iSbxaKaheRe34MbhmNaxqNb41ynknvrkLOlQzNp65In0 HTTP/1.1" 200 2
66.249.64.223 - - [22/Jun/2015:06:08:13 -0500] "GET /BLA/boletinlegal/ HTTP/1.1" 200 50649
186.80.93.21 - - [22/Jun/2015:06:09:09 -0500] "GET /autoliquidacion/Grupo%20Forestal%20-%20Industria%20de%20la%20Madera/APLICATIVO%20COSTO%20REGISTRO%20DE%20LIBRO%20DE%20OPERACIONES%20FLORA%202015%20DEF.xls HTTP/1.1" 200 153088
66.249.64.121 - - [22/Jun/2015:06:10:00 -0500] "GET /portalsiaccapacitaciones/Soportes%20Capacitaciones%202013/0027.%20Registro%20-%20Permiso%20Vertimientos%20%2018%20de%20Julio.pdf HTTP/1.1" 304 -
123.125.71.89 - - [22/Jun/2015:06:10:34 -0500] "GET / HTTP/1.1" 200 10190
186.115.76.110 - - [22/Jun/2015:06:10:51 -0500] "POST /forms/lservlet;jsessionid=ac16012b30d6136fe3bf685a42828e4aee228206ad0f.e3iSbxaKaheRe34MbhmNaxqNb41ynknvrkLOlQzNp65In0 HTTP/1.1" 200 2
66.249.64.223 - - [22/Jun/2015:06:11:27 -0500] "GET /BLA/resoluciones/AUTOS%202011/0271.pdf HTTP/1.1" 200 156417
66.249.64.228 - - [22/Jun/2015:06:11:48 -0500] "GET / HTTP/1.1" 200 10190
74.86.158.107 - - [22/Jun/2015:06:11:50 -0500] "HEAD / HTTP/1.1" 200 -
186.115.76.110 - - [22/Jun/2015:06:12:51 -0500] "POST /forms/lservlet;jsessionid=ac16012b30d6136fe3bf685a42828e4aee228206ad0f.e3iSbxaKaheRe34MbhmNaxqNb41ynknvrkLOlQzNp65In0 HTTP/1.1" 200 2
66.249.64.233 - - [22/Jun/2015:06:12:55 -0500] "GET /BLA/resoluciones/RESOLUCIONES%202014/2387.pdf HTTP/1.1" 200 353655
