186.28.56.125 - - [22/Jun/2015:01:39:26 -0500] "GET /ForestMSG_SDA/channelAsync/template_word_18404898?X-Atmosphere-tracking-id=3c068722-6d1f-827f-ea97-3ac8327a1c98&X-Atmosphere-Framework=1.0.5&X-Atmosphere-Transport=long-polling&tabid=0.3486579491291195&X-Cache-Date=0&Content-Type=application/xml&_=1434955309629 HTTP/1.1" 200 8193
186.28.56.125 - - [22/Jun/2015:01:39:31 -0500] "GET /forest/session.jsp?a=0.15431794128380716 HTTP/1.1" 200 4
66.249.64.228 - - [22/Jun/2015:01:39:50 -0500] "GET /galeria/nivo-slider/demo/images/eTaxis1.jpg HTTP/1.1" 200 82236
186.28.56.125 - - [22/Jun/2015:01:39:54 -0500] "GET /forest/usudocumentos.do?_a=0.48733024718239903&group_system_actual=3 HTTP/1.1" 200 148438
186.28.56.125 - - [22/Jun/2015:01:39:59 -0500] "GET /forest/session.jsp?a=0.8783998091239482 HTTP/1.1" 200 4
186.28.56.125 - - [22/Jun/2015:01:39:31 -0500] "GET /ForestMSG_SDA/channelAsync/template_word_18404898?X-Atmosphere-tracking-id=fe52df70-e817-415a-f086-0f8ec530dee7&X-Atmosphere-Framework=1.0.5&X-Atmosphere-Transport=long-polling&tabid=0.6276746995281428&X-Cache-Date=0&Content-Type=application/xml&_=1434955314059 HTTP/1.1" 200 8193
186.28.56.125 - - [22/Jun/2015:01:40:17 -0500] "GET /forest/usutareas.do?_a=0.3614490572363138&group_system_actual=3 HTTP/1.1" 200 131183
186.28.56.125 - - [22/Jun/2015:01:40:19 -0500] "GET /forest/session.jsp?a=0.13745213928632438 HTTP/1.1" 200 4
186.28.56.125 - - [22/Jun/2015:01:40:20 -0500] "POST /forest/usutareas.do? HTTP/1.1" 200 76
186.28.56.125 - - [22/Jun/2015:01:40:22 -0500] "GET /forest/usutareas.do?group_system_actual=3&a=0.3413229286670685 HTTP/1.1" 200 131183
186.28.56.125 - - [22/Jun/2015:01:40:23 -0500] "GET /forest/session.jsp?a=0.9291927863378078 HTTP/1.1" 200 4
186.28.56.125 - - [22/Jun/2015:01:40:19 -0500] "GET /ForestMSG_SDA/channelAsync/template_word_18404898?X-Atmosphere-tracking-id=9c8468a9-59ad-f321-96d9-6a21c9ae59f6&X-Atmosphere-Framework=1.0.5&X-Atmosphere-Transport=long-polling&tabid=0.22636484121903777&X-Cache-Date=0&Content-Type=application/xml&_=1434955361922 HTTP/1.1" 200 8193
66.249.64.233 - - [22/Jun/2015:01:40:26 -0500] "GET /BLA/resoluciones/RESOLUCIONES%202007/RES%202007%203501%20AL%203600/RESOLUCION%203513%20DE%202007.pdf HTTP/1.1" 200 735417
186.28.56.125 - - [22/Jun/2015:01:40:27 -0500] "GET /forest/index2.jsp?_a=0.40508359973318875 HTTP/1.1" 200 59890
186.28.56.125 - - [22/Jun/2015:01:40:28 -0500] "GET /forest/session.jsp?a=0.6143417197745293 HTTP/1.1" 200 4
186.28.56.125 - - [22/Jun/2015:01:40:34 -0500] "GET /forest/logout-redirect.jsp HTTP/1.1" 302 -
186.28.56.125 - - [22/Jun/2015:01:40:34 -0500] "GET /forest/login.do HTTP/1.1" 200 12815
66.249.64.233 - - [22/Jun/2015:01:40:44 -0500] "GET /BLA/resoluciones/AUTOS%202006/AUTOS%202006%201801-%201900/00001864.tif HTTP/1.1" 200 165692
201.245.192.253 - - [22/Jun/2015:01:41:16 -0500] "GET /forest/skins/gdocs-jar/img/user-alert.gif HTTP/1.1" 304 -
66.249.64.228 - - [22/Jun/2015:01:41:55 -0500] "GET /portalsiaccapacitaciones/Soportes%20Capacitaciones%20A%C3%B1o%202013/0039.%20Presentaci%C3%B3n%20Preco%2019-09-13.pdf HTTP/1.1" 404 1018
74.86.158.107 - - [22/Jun/2015:01:42:12 -0500] "HEAD / HTTP/1.1" 200 -
66.249.64.223 - - [22/Jun/2015:01:42:20 -0500] "GET /BLA/resoluciones/RESOLUCIONES%202009/4931.pdf HTTP/1.1" 200 574317
186.80.92.81 - - [22/Jun/2015:01:42:34 -0500] "GET /galeria/nivo-slider/demo/images/Rendicion-de-cuentas.jpg HTTP/1.1" 304 -
157.55.39.119 - - [22/Jun/2015:01:43:50 -0500] "GET /robots.txt HTTP/1.1" 404 1018
66.249.64.223 - - [22/Jun/2015:01:44:15 -0500] "GET /BLA/resoluciones/RESOLUCIONES%202009/3427.pdf HTTP/1.1" 200 541042
66.249.64.228 - - [22/Jun/2015:01:46:09 -0500] "GET /BLA/resoluciones/RESOLUCIONES%202009/3049.pdf HTTP/1.1" 200 498877
201.245.192.253 - - [22/Jun/2015:01:46:12 -0500] "GET /isolucionsda/BancoAnexo/NotaMejora/SeguimientoPlan/158/158/informe%20encuestas%202015%20primer%20periodo0.pdf HTTP/1.1" 304 -
181.52.99.71 - - [22/Jun/2015:01:46:17 -0500] "GET /BLA/resoluciones/AUTOS%202013/0514.pdf HTTP/1.1" 200 1105382
66.249.64.233 - - [22/Jun/2015:01:46:19 -0500] "GET /portalsiaccapacitaciones/Soportes%20Capacitaciones%20A%C3%B1o%202013/0017.%20Decreto%20243%20de%202009%20-%2020%20de%20Junio.pdf HTTP/1.1" 404 1018
181.52.99.71 - - [22/Jun/2015:01:46:19 -0500] "GET /BLA/resoluciones/AUTOS%202013/0514.pdf HTTP/1.1" 206 32768
181.52.99.71 - - [22/Jun/2015:01:46:19 -0500] "GET /BLA/resoluciones/AUTOS%202013/0514.pdf HTTP/1.1" 206 1072614
186.28.56.125 - - [22/Jun/2015:01:40:23 -0500] "GET /ForestMSG_SDA/channelAsync/template_word_18404898?X-Atmosphere-tracking-id=e24bcd39-02bf-a088-2b31-2138a1f2cb1f&X-Atmosphere-Framework=1.0.5&X-Atmosphere-Transport=long-polling&tabid=0.2129691622685641&X-Cache-Date=0&Content-Type=application/xml&_=1434955366309 HTTP/1.1" 200 8193
74.86.158.107 - - [22/Jun/2015:01:47:12 -0500] "HEAD / HTTP/1.1" 200 -
201.245.192.253 - - [22/Jun/2015:01:47:35 -0500] "GET /autoliquidacion/Grupo%20Forestal%20-%20Industria%20de%20la%20Madera/Lista%20de%20chequeo-Registro%20del%20libro%20operaciones%20V-6.0.pdf HTTP/1.1" 304 -
66.249.64.228 - - [22/Jun/2015:01:48:03 -0500] "GET /BLA/resoluciones/RESOLUCIONES%202009/6544.pdf HTTP/1.1" 200 435565
181.52.99.71 - - [22/Jun/2015:01:48:19 -0500] "GET /autoliquidacion/Cobro%20Clasificacion%20Uso%20De%20Vivenda%20En%20Suelo%20Restringido/COMPATIBILIDAD%20USO%20DE%20VIVIENDA/Copia%20de%20anexo%204%20formulario%20compatibilidad%20de%20uso%20de%20vivienda%20en%20suelo%20restringido01.xls HTTP/1.1" 200 59392
191.237.13.236 - - [22/Jun/2015:01:47:59 -0500] "GET /BLA/boletinlegal/index.php? HTTP/1.1" 200 50649
66.249.64.223 - - [22/Jun/2015:01:48:42 -0500] "GET /BLA/resoluciones/AUTOS%202006/AUTOS%202006%201801-%201900/00001874.tif HTTP/1.1" 200 240188
66.102.8.233 - - [22/Jun/2015:01:48:56 -0500] "GET /galeria/galeria/jquery.fancybox.css?v=2.1.5 HTTP/1.1" 200 4895
66.102.8.228 - - [22/Jun/2015:01:48:56 -0500] "GET /BLA/boletinlegal/js/jquery.scrollTo-min.js HTTP/1.1" 200 1150
66.102.8.228 - - [22/Jun/2015:01:48:56 -0500] "GET /BLA/boletinlegal/js/jquery.scrollShow.js HTTP/1.1" 200 4586
66.102.8.228 - - [22/Jun/2015:01:48:56 -0500] "GET /galeria/galeria/jquery.fancybox.js?v=2.1.5 HTTP/1.1" 200 48706
66.102.8.233 - - [22/Jun/2015:01:49:03 -0500] "GET /BLA/boletinlegal/js/jquery.scrollTo-min.js HTTP/1.1" 304 -
66.102.8.228 - - [22/Jun/2015:01:49:03 -0500] "GET /BLA/boletinlegal/js/jquery.scrollShow.js HTTP/1.1" 304 -
66.102.8.233 - - [22/Jun/2015:01:49:03 -0500] "GET /galeria/galeria/jquery.fancybox.js?v=2.1.5 HTTP/1.1" 304 -
66.102.8.223 - - [22/Jun/2015:01:49:03 -0500] "GET /galeria/galeria/jquery.fancybox.css?v=2.1.5 HTTP/1.1" 304 -
66.249.64.228 - - [22/Jun/2015:01:49:57 -0500] "GET /BLA/resoluciones/RESOLUCIONES%202009/4084.pdf HTTP/1.1" 200 545067
66.249.64.223 - - [22/Jun/2015:01:50:44 -0500] "GET /manual_funciones_Listado/index.php?dir=2.2.4.%20Subdirecci%F3n%20del%20Recurso%20H%EDdrico%20y%20del%20Suelo/&sort=size&order=desc HTTP/1.1" 404 1018
104.41.128.182 - - [22/Jun/2015:01:50:42 -0500] "GET /BLA/boletinlegal/index.php? HTTP/1.1" 200 50649
66.249.64.223 - - [22/Jun/2015:01:51:52 -0500] "GET /BLA/resoluciones/RESOLUCIONES%202009/3349.pdf HTTP/1.1" 200 549077
74.86.158.107 - - [22/Jun/2015:01:52:12 -0500] "HEAD / HTTP/1.1" 200 -
97.107.128.27 - - [22/Jun/2015:01:52:16 -0500] "GET /wp-admin/ HTTP/1.1" 404 1018
66.249.64.228 - - [22/Jun/2015:01:53:46 -0500] "GET /BLA/resoluciones/RESOLUCIONES%202009/5116.pdf HTTP/1.1" 200 1132294
201.245.192.253 - - [22/Jun/2015:01:55:00 -0500] "GET /forest/js/jquery/plugins/jquery.tablednd.js HTTP/1.1" 304 -
66.249.64.233 - - [22/Jun/2015:01:55:40 -0500] "GET /BLA/resoluciones/RESOLUCIONES%202009/5701.pdf HTTP/1.1" 200 618766
66.249.64.116 - - [22/Jun/2015:01:56:04 -0500] "GET /galeria/nivo-slider/demo/images/buselectrico6.jpg HTTP/1.1" 200 243257
66.249.64.228 - - [22/Jun/2015:01:56:19 -0500] "GET /BLA/resoluciones/AUTOS%202006/AUTOS%202006%201801-%201900/00001825.tif HTTP/1.1" 200 397494
201.245.192.253 - - [22/Jun/2015:01:56:21 -0500] "GET /forest/js/jquery/jquery-latest.js HTTP/1.1" 304 -
74.86.158.107 - - [22/Jun/2015:01:57:12 -0500] "HEAD / HTTP/1.1" 200 -
181.139.245.244 - - [22/Jun/2015:01:57:18 -0500] "GET /galeria/galeria/jquery.fancybox.css?v=2.1.5 HTTP/1.1" 200 4895
181.139.245.244 - - [22/Jun/2015:01:57:18 -0500] "GET /BLA/boletinlegal/js/jquery.scrollTo-min.js HTTP/1.1" 200 1150
181.139.245.244 - - [22/Jun/2015:01:57:18 -0500] "GET /BLA/boletinlegal/js/jquery.scrollShow.js HTTP/1.1" 200 4586
181.139.245.244 - - [22/Jun/2015:01:57:18 -0500] "GET /galeria/galeria/jquery.fancybox.js?v=2.1.5 HTTP/1.1" 200 48706
181.139.245.244 - - [22/Jun/2015:01:57:22 -0500] "GET /BLA/boletinlegal/js/jquery.scrollTo-min.js HTTP/1.1" 304 -
181.139.245.244 - - [22/Jun/2015:01:57:22 -0500] "GET /BLA/boletinlegal/js/jquery.scrollShow.js HTTP/1.1" 304 -
181.139.245.244 - - [22/Jun/2015:01:57:22 -0500] "GET /galeria/galeria/jquery.fancybox.js?v=2.1.5 HTTP/1.1" 304 -
181.139.245.244 - - [22/Jun/2015:01:57:22 -0500] "GET /galeria/galeria/jquery.fancybox.css?v=2.1.5 HTTP/1.1" 304 -
66.249.64.233 - - [22/Jun/2015:01:57:34 -0500] "GET /BLA/resoluciones/RESOLUCIONES%202009/4314.pdf HTTP/1.1" 200 534867
68.180.229.40 - - [22/Jun/2015:01:58:19 -0500] "GET / HTTP/1.1" 304 -
186.42.179.12 - - [22/Jun/2015:01:59:25 -0500] "GET /BLA/boletinlegal/js/jquery.scrollShow.js HTTP/1.1" 200 4586
186.42.179.12 - - [22/Jun/2015:01:59:25 -0500] "GET /galeria/galeria/jquery.fancybox.js?v=2.1.5 HTTP/1.1" 200 48706
186.42.179.12 - - [22/Jun/2015:01:59:25 -0500] "GET /BLA/boletinlegal/js/jquery.scrollTo-min.js HTTP/1.1" 200 1150
186.42.179.12 - - [22/Jun/2015:01:59:25 -0500] "GET /galeria/galeria/jquery.fancybox.css?v=2.1.5 HTTP/1.1" 200 4895
186.42.179.12 - - [22/Jun/2015:01:59:25 -0500] "GET /galeria/galeria/jquery.fancybox.js?v=2.1.5 HTTP/1.1" 206 128
66.249.64.233 - - [22/Jun/2015:01:59:29 -0500] "GET /BLA/resoluciones/RESOLUCIONES%202008/5063.pdf HTTP/1.1" 200 211396
66.249.64.233 - - [22/Jun/2015:02:01:23 -0500] "GET /BLA/resoluciones/RESOLUCIONES%202009/6109.pdf HTTP/1.1" 200 322106
97.107.128.27 - - [22/Jun/2015:02:02:05 -0500] "GET /test/wp-admin/ HTTP/1.1" 404 1018
88.198.233.69 - - [22/Jun/2015:02:02:10 -0500] "GET / HTTP/1.1" 200 10190
74.86.158.107 - - [22/Jun/2015:02:02:12 -0500] "HEAD / HTTP/1.1" 200 -
66.249.64.223 - - [22/Jun/2015:02:03:17 -0500] "GET /BLA/resoluciones/RESOLUCIONES%202009/4825.pdf HTTP/1.1" 200 426154
186.80.92.81 - - [22/Jun/2015:02:03:31 -0500] "GET /galeria/nivo-slider/demo/images/Rendicion-de-cuentas.jpg HTTP/1.1" 304 -
66.249.64.228 - - [22/Jun/2015:02:04:43 -0500] "GET /BLA/resoluciones/AUTOS%202006/AUTOS%202006%201801-%201900/00001813.tif HTTP/1.1" 200 234606
66.249.64.233 - - [22/Jun/2015:02:05:11 -0500] "GET /BLA/resoluciones/RESOLUCIONES%202007/RES%202007%203301%20AL%203400/RESOLUCION%203335%20DE%202007.pdf HTTP/1.1" 200 6752581
181.52.99.71 - - [22/Jun/2015:02:05:19 -0500] "GET /autoliquidacion/Cobro%20Clasificacion%20Uso%20De%20Vivenda%20En%20Suelo%20Restringido/COMPATIBILIDAD%20USO%20DE%20VIVIENDA/Copia%20de%20anexo%204%20formulario%20compatibilidad%20de%20uso%20de%20vivienda%20en%20suelo%20restringido01.xls HTTP/1.1" 206 1
181.52.99.71 - - [22/Jun/2015:02:05:20 -0500] "GET /autoliquidacion/Cobro%20Clasificacion%20Uso%20De%20Vivenda%20En%20Suelo%20Restringido/COMPATIBILIDAD%20USO%20DE%20VIVIENDA/Copia%20de%20anexo%204%20formulario%20compatibilidad%20de%20uso%20de%20vivienda%20en%20suelo%20restringido01.xls HTTP/1.1" 206 58219
66.249.64.228 - - [22/Jun/2015:02:07:06 -0500] "GET /BLA/resoluciones/RESOLUCIONES%202009/4344.pdf HTTP/1.1" 200 470756
74.86.158.107 - - [22/Jun/2015:02:07:12 -0500] "HEAD / HTTP/1.1" 200 -
66.249.64.126 - - [22/Jun/2015:02:08:26 -0500] "GET /StormSDA/userFiles%20-%20Copy%2019-07-2012/user_files/93/ HTTP/1.1" 200 877
66.249.64.233 - - [22/Jun/2015:02:09:00 -0500] "GET /BLA/resoluciones/RESOLUCIONES%202011/4560.pdf HTTP/1.1" 304 -
66.249.64.228 - - [22/Jun/2015:02:09:33 -0500] "GET /galeria/nivo-slider/demo/images/trafic1.jpg HTTP/1.1" 200 172819
66.249.64.228 - - [22/Jun/2015:02:10:54 -0500] "GET /BLA/resoluciones/RESOLUCIONES%202007/RES%202007%204001%20AL%204100/RESOLUCION%204090%20DE%202007.pdf HTTP/1.1" 200 13950935
97.107.128.27 - - [22/Jun/2015:02:11:53 -0500] "GET /wordpress/wp-admin/ HTTP/1.1" 404 1018
74.86.158.107 - - [22/Jun/2015:02:12:12 -0500] "HEAD / HTTP/1.1" 200 -
66.249.64.233 - - [22/Jun/2015:02:12:30 -0500] "GET /BLA/resoluciones/AUTOS%202006/AUTOS%202006%201801-%201900/00001891.tif HTTP/1.1" 200 98834
66.249.64.228 - - [22/Jun/2015:02:12:48 -0500] "GET /portalsiaccapacitaciones/Soportes%20Capacitaciones%20A%C3%B1o%202013/0055.%20Contexto%20pycs,%20cps,%20guia.pdf HTTP/1.1" 404 1018
66.249.64.228 - - [22/Jun/2015:02:12:50 -0500] "GET /BLA/resoluciones/AUTOS%202011/1409.pdf HTTP/1.1" 304 -
201.245.192.253 - - [22/Jun/2015:02:14:07 -0500] "GET /forestReports/webcontent/birt/ajax/ui/dialog/BirtConfirmationDialog.js HTTP/1.1" 304 -
186.30.66.220 - - [22/Jun/2015:02:14:28 -0500] "GET /forest/session.jsp?a=0.7875287800561637 HTTP/1.1" 200 5
186.30.66.220 - - [22/Jun/2015:02:14:28 -0500] "GET /forest/login.jsp?a=0.2802241255994886 HTTP/1.1" 200 2996
66.249.64.223 - - [22/Jun/2015:02:14:42 -0500] "GET /BLA/resoluciones/RESOLUCIONES%202009/0761.pdf HTTP/1.1" 304 -
201.245.192.253 - - [22/Jun/2015:02:15:25 -0500] "GET /forest/js/load_func.js?version=1503.161801 HTTP/1.1" 304 -
201.245.192.253 - - [22/Jun/2015:02:15:46 -0500] "GET /forest/js/xml_utilities.js?version=1503.161801 HTTP/1.1" 304 -
66.249.64.126 - - [22/Jun/2015:02:16:13 -0500] "GET /galeria/nivo-slider/demo/images/banner-cierre.jpg HTTP/1.1" 200 57306
66.249.64.223 - - [22/Jun/2015:02:16:37 -0500] "GET /BLA/resoluciones/RESOLUCIONES%202009/4698.pdf HTTP/1.1" 304 -
201.245.192.253 - - [22/Jun/2015:02:16:44 -0500] "GET /forest/js/internJS.js?version=1503.161801 HTTP/1.1" 304 -
74.86.158.107 - - [22/Jun/2015:02:17:12 -0500] "HEAD / HTTP/1.1" 200 -
66.249.64.233 - - [22/Jun/2015:02:18:31 -0500] "GET /BLA/resoluciones/RESOLUCIONES%202012/1228.pdf HTTP/1.1" 304 -
123.125.71.69 - - [22/Jun/2015:02:19:24 -0500] "GET / HTTP/1.1" 200 10190
66.249.64.233 - - [22/Jun/2015:02:20:25 -0500] "GET /BLA/resoluciones/RESOLUCIONES%202012/1307.pdf HTTP/1.1" 304 -
66.249.64.233 - - [22/Jun/2015:02:20:57 -0500] "GET /BLA/resoluciones/AUTOS%202006/AUTOS%202006%201801-%201900/00001840.tif HTTP/1.1" 200 175548
201.245.192.253 - - [22/Jun/2015:02:21:00 -0500] "GET /forest/css/escritorio.css HTTP/1.1" 304 -
201.245.192.253 - - [22/Jun/2015:02:21:35 -0500] "GET /forest/skins/gdocs-jar/img/error.gif HTTP/1.1" 304 -
97.107.128.27 - - [22/Jun/2015:02:21:40 -0500] "GET /blog/wp-admin/ HTTP/1.1" 404 1018
66.249.64.228 - - [22/Jun/2015:02:21:40 -0500] "GET /counter/digits/cold/ HTTP/1.1" 404 1018
201.245.192.253 - - [22/Jun/2015:02:22:09 -0500] "GET /forest/img/nav_last.gif HTTP/1.1" 304 -
104.255.64.50 - - [22/Jun/2015:02:22:11 -0500] "GET /robots.txt HTTP/1.0" 404 1015
74.86.158.107 - - [22/Jun/2015:02:22:11 -0500] "HEAD / HTTP/1.1" 200 -
104.255.64.50 - - [22/Jun/2015:02:22:13 -0500] "GET /Autoliquidacion/index.php HTTP/1.0" 200 6375
104.255.64.50 - - [22/Jun/2015:02:22:14 -0500] "GET /Autoliquidacion/index.php?dir=&sort=date&order=asc HTTP/1.0" 200 6375
104.255.64.50 - - [22/Jun/2015:02:22:16 -0500] "GET /Autoliquidacion/index.php?dir=&sort=name&order=asc HTTP/1.0" 200 6375
104.255.64.50 - - [22/Jun/2015:02:22:18 -0500] "GET /Autoliquidacion/index.php?dir=&sort=size&order=asc HTTP/1.0" 200 6375
66.249.64.233 - - [22/Jun/2015:02:22:19 -0500] "GET /BLA/resoluciones/RESOLUCIONES%202013/1135.pdf HTTP/1.1" 304 -
104.255.64.50 - - [22/Jun/2015:02:22:19 -0500] "GET /Autoliquidacion/index.php?dir=Cobro%20Clasificacion%20Uso%20De%20Vivenda%20En%20Suelo%20Restringido/ HTTP/1.0" 200 3195
104.255.64.50 - - [22/Jun/2015:02:22:21 -0500] "GET /Autoliquidacion/index.php?dir=Fauna%20Silvestre/ HTTP/1.0" 200 4079
104.255.64.50 - - [22/Jun/2015:02:22:23 -0500] "GET /Autoliquidacion/index.php?dir=Grupo%20Forestal%20-%20Industria%20de%20la%20Madera/ HTTP/1.0" 200 7255
104.255.64.50 - - [22/Jun/2015:02:22:25 -0500] "GET /Autoliquidacion/index.php?dir=Grupo%20Forestal%20-%20Silvicultura/ HTTP/1.0" 200 5777
104.255.64.50 - - [22/Jun/2015:02:22:27 -0500] "GET /Autoliquidacion/index.php?dir=PERMISO%20DE%20OCUPACION%20DE%20SUELO/ HTTP/1.0" 200 2394
104.255.64.50 - - [22/Jun/2015:02:22:28 -0500] "GET /Autoliquidacion/index.php?dir=Plan%20de%20manejo%20ambiental%20para%20sitios%20de%20aprovechamiento%20y%20o%20disposicion%20final%20de%20escombros/ HTTP/1.0" 200 2523
104.255.64.50 - - [22/Jun/2015:02:22:30 -0500] "GET /Autoliquidacion/index.php?dir=Solicitud%20de%20Licencia%20Ambiental/ HTTP/1.0" 200 2642
104.255.64.50 - - [22/Jun/2015:02:22:31 -0500] "GET /Autoliquidacion/index.php?dir=Solicitudes%20relacionadas%20con%20calidad%20del%20aire%20auditiva%20y%20visual/ HTTP/1.0" 200 5748
201.245.192.253 - - [22/Jun/2015:02:22:58 -0500] "GET /autoliquidacion/Solicitudes%20relacionadas%20con%20ocupaci%C3%B3n%20de%20cauce/126PM04-PR36%20LISTA%20DE%20CHEQUEO.pdf HTTP/1.1" 304 -
66.249.64.223 - - [22/Jun/2015:02:24:13 -0500] "GET /BLA/resoluciones/RESOLUCIONES%202013/1297.pdf HTTP/1.1" 200 5822299
66.249.64.223 - - [22/Jun/2015:02:24:43 -0500] "GET /galeria/galeria/fotos/10.jpg HTTP/1.1" 304 -
66.249.64.223 - - [22/Jun/2015:02:26:08 -0500] "GET /BLA/resoluciones/AUTOS%202013/0174.pdf HTTP/1.1" 304 -
66.249.64.223 - - [22/Jun/2015:02:26:49 -0500] "GET /BLA/resoluciones/RESOLUCIONES%202010/5927.pdf HTTP/1.1" 200 275934
74.86.158.107 - - [22/Jun/2015:02:27:11 -0500] "HEAD / HTTP/1.1" 200 -
181.64.209.114 - - [22/Jun/2015:02:27:37 -0500] "GET /galeria/galeria/jquery.fancybox.css?v=2.1.5 HTTP/1.1" 200 4895
181.64.209.114 - - [22/Jun/2015:02:27:37 -0500] "GET /BLA/boletinlegal/js/jquery.scrollTo-min.js HTTP/1.1" 200 1150
181.64.209.114 - - [22/Jun/2015:02:27:37 -0500] "GET /BLA/boletinlegal/js/jquery.scrollShow.js HTTP/1.1" 200 4586
181.64.209.114 - - [22/Jun/2015:02:27:37 -0500] "GET /galeria/galeria/jquery.fancybox.js?v=2.1.5 HTTP/1.1" 200 48706
181.64.209.114 - - [22/Jun/2015:02:27:52 -0500] "GET /galeria/galeria/jquery.fancybox.css?v=2.1.5 HTTP/1.1" 304 -
181.64.209.114 - - [22/Jun/2015:02:27:52 -0500] "GET /BLA/boletinlegal/js/jquery.scrollTo-min.js HTTP/1.1" 304 -
181.64.209.114 - - [22/Jun/2015:02:27:52 -0500] "GET /BLA/boletinlegal/js/jquery.scrollShow.js HTTP/1.1" 304 -
181.64.209.114 - - [22/Jun/2015:02:27:52 -0500] "GET /galeria/galeria/jquery.fancybox.js?v=2.1.5 HTTP/1.1" 304 -
66.249.64.121 - - [22/Jun/2015:02:28:02 -0500] "GET /Anexos%20estudio%20Organizacional%20SDA/ANEXO%20No.%203-%20CONTRATACI%C3%93N%20%20OPS%C2%B4s%202008-2012/CONTRATOS%20SDA%202012%20POR%20DEPENDENCIA.xls HTTP/1.1" 304 -
66.249.64.233 - - [22/Jun/2015:02:29:13 -0500] "GET /BLA/resoluciones/RESOLUCIONES%202010/4175.pdf HTTP/1.1" 200 263197
186.80.92.81 - - [22/Jun/2015:02:29:25 -0500] "GET /galeria/nivo-slider/demo/images/Rendicion-de-cuentas.jpg HTTP/1.1" 304 -
180.76.15.13 - - [22/Jun/2015:02:29:43 -0500] "GET / HTTP/1.1" 200 10190
66.249.64.223 - - [22/Jun/2015:02:29:45 -0500] "GET /BLA/directivas/2009/0.pdf HTTP/1.1" 304 -
66.249.64.228 - - [22/Jun/2015:02:30:10 -0500] "GET /galeria/galeria/fotos/Huemdal-el-Tunjo3P.jpg HTTP/1.1" 304 -
180.76.15.15 - - [22/Jun/2015:02:30:16 -0500] "GET / HTTP/1.1" 200 10190
97.107.128.27 - - [22/Jun/2015:02:31:10 -0500] "GET /wp/wp-admin/ HTTP/1.1" 404 1018
66.249.64.233 - - [22/Jun/2015:02:31:19 -0500] "GET /BLA/resoluciones/AUTOS%202012/2511.pdf HTTP/1.1" 304 -
66.102.8.228 - - [22/Jun/2015:02:31:23 -0500] "GET /galeria/galeria/jquery.fancybox.css?v=2.1.5 HTTP/1.1" 200 4895
66.102.8.223 - - [22/Jun/2015:02:31:23 -0500] "GET /BLA/boletinlegal/js/jquery.scrollTo-min.js HTTP/1.1" 200 1150
66.102.8.233 - - [22/Jun/2015:02:31:23 -0500] "GET /BLA/boletinlegal/js/jquery.scrollShow.js HTTP/1.1" 200 4586
66.102.8.223 - - [22/Jun/2015:02:31:23 -0500] "GET /galeria/galeria/jquery.fancybox.js?v=2.1.5 HTTP/1.1" 200 48706
66.102.8.223 - - [22/Jun/2015:02:31:31 -0500] "GET /BLA/boletinlegal/js/jquery.scrollTo-min.js HTTP/1.1" 304 -
66.102.8.223 - - [22/Jun/2015:02:31:31 -0500] "GET /BLA/boletinlegal/js/jquery.scrollShow.js HTTP/1.1" 304 -
66.102.8.223 - - [22/Jun/2015:02:31:31 -0500] "GET /galeria/galeria/jquery.fancybox.js?v=2.1.5 HTTP/1.1" 304 -
66.102.8.223 - - [22/Jun/2015:02:31:31 -0500] "GET /galeria/galeria/jquery.fancybox.css?v=2.1.5 HTTP/1.1" 304 -
74.86.158.107 - - [22/Jun/2015:02:32:11 -0500] "HEAD / HTTP/1.1" 200 -
66.249.64.223 - - [22/Jun/2015:02:32:58 -0500] "GET /BLA/resoluciones/RESOLUCIONES%202012/0288.pdf HTTP/1.1" 200 418763
66.249.64.228 - - [22/Jun/2015:02:34:37 -0500] "GET /BLA/resoluciones/RESOLUCIONES%202010/6000.pdf HTTP/1.1" 304 -
201.245.192.253 - - [22/Jun/2015:02:34:39 -0500] "GET /forest/skins/gdocs-jar/img/process-alert-no.gif HTTP/1.1" 304 -
66.249.64.223 - - [22/Jun/2015:02:34:53 -0500] "GET /gallery2/g2data/cache/derivative/2/8/ HTTP/1.1" 404 1018
201.245.192.253 - - [22/Jun/2015:02:34:56 -0500] "GET /forest/1ibre/jscalendar/calendar-setup.js?version=1503.161801 HTTP/1.1" 304 -
201.245.192.253 - - [22/Jun/2015:02:35:29 -0500] "GET /forest/1ibre/jscalendar/calendar.js?version=1503.161801 HTTP/1.1" 304 -
66.249.64.233 - - [22/Jun/2015:02:36:16 -0500] "GET /BLA/resoluciones/RESOLUCIONES%202010/0417.pdf HTTP/1.1" 304 -
66.249.64.223 - - [22/Jun/2015:02:36:22 -0500] "GET /galeria/nivo-slider/demo/images/todosxelagua34.jpg HTTP/1.1" 200 93443
66.249.64.233 - - [22/Jun/2015:02:36:24 -0500] "GET /galeria/galeria/fotos/Huemdal-el-Tunjo4P.jpg HTTP/1.1" 304 -
66.249.64.223 - - [22/Jun/2015:02:36:45 -0500] "GET /galeria/nivo-slider/demo/images/tibani6.jpg HTTP/1.1" 200 80116
1.53.85.54 - - [22/Jun/2015:02:36:58 -0500] "GET /xmlrpc.php HTTP/1.1" 404 1018
74.86.158.107 - - [22/Jun/2015:02:37:11 -0500] "HEAD / HTTP/1.1" 200 -
66.249.64.116 - - [22/Jun/2015:02:37:55 -0500] "GET / HTTP/1.1" 200 10190
201.245.192.253 - - [22/Jun/2015:02:38:41 -0500] "GET /webfile/skins/gdocs-jar/img/icons/pdf.gif HTTP/1.1" 304 -
68.180.229.40 - - [22/Jun/2015:02:38:43 -0500] "GET /BLA/resoluciones/ HTTP/1.1" 200 7728
201.245.192.253 - - [22/Jun/2015:02:39:12 -0500] "GET /forest/img/nav_prev.gif HTTP/1.1" 304 -
66.249.64.233 - - [22/Jun/2015:02:39:20 -0500] "GET /BLA/resoluciones/AUTOS%202014/4860.pdf HTTP/1.1" 200 457834
66.249.64.228 - - [22/Jun/2015:02:39:33 -0500] "GET /BLA/resoluciones/RESOLUCIONES%202007/RES%202007%201401%20AL%201500/RESOLUCION%201407%20DE%202007.pdf HTTP/1.1" 304 -
68.180.229.40 - - [22/Jun/2015:02:39:36 -0500] "GET /BLA/resoluciones/index.php?dir=RESOLUCIONES+2015%2F HTTP/1.1" 200 7150
201.245.192.253 - - [22/Jun/2015:02:39:39 -0500] "GET /forest/js/escritorio/escritorio.js?version=1503.161801 HTTP/1.1" 304 -
201.245.192.253 - - [22/Jun/2015:02:39:50 -0500] "GET /forest/1ibre/1ibre.js?version=1503.161801 HTTP/1.1" 304 -
201.245.192.253 - - [22/Jun/2015:02:39:54 -0500] "GET /forest/js/autocompletar2.js?version=1503.161801 HTTP/1.1" 304 -
68.180.229.40 - - [22/Jun/2015:02:40:05 -0500] "GET /BLA/resoluciones/index.php?dir=AUTOS+2015%2F HTTP/1.1" 200 30354
66.249.64.228 - - [22/Jun/2015:02:40:17 -0500] "GET /galeria/galeria/jquery.fancybox.css?v=2.1.5 HTTP/1.1" 200 4895
66.249.64.228 - - [22/Jun/2015:02:40:17 -0500] "GET /BLA/boletinlegal/js/jquery.scrollTo-min.js HTTP/1.1" 200 1150
68.180.229.40 - - [22/Jun/2015:02:40:18 -0500] "GET /BLA/resoluciones/index.php?dir=RESOLUCIONES+2005%2F HTTP/1.1" 200 24431
66.249.64.223 - - [22/Jun/2015:02:40:22 -0500] "GET /BLA/boletinlegal/js/jquery.scrollShow.js HTTP/1.1" 200 4586
68.180.229.40 - - [22/Jun/2015:02:40:23 -0500] "GET /BLA/resoluciones/index.php?dir=&sort=name&order=desc HTTP/1.1" 200 7727
68.180.229.40 - - [22/Jun/2015:02:40:21 -0500] "GET /BLA/resoluciones/index.php?dir=RESOLUCIONES+2011%2F HTTP/1.1" 200 673117
66.249.64.223 - - [22/Jun/2015:02:40:28 -0500] "GET /galeria/galeria/jquery.fancybox.js?v=2.1.5 HTTP/1.1" 200 48706
68.180.229.40 - - [22/Jun/2015:02:40:31 -0500] "GET /BLA/resoluciones/index.php?dir=RESOLUCIONES+2007%2F HTTP/1.1" 200 12504
68.180.229.40 - - [22/Jun/2015:02:40:36 -0500] "GET /BLA/resoluciones/index.php?dir=Notificaciones%2F HTTP/1.1" 200 3432
68.180.229.40 - - [22/Jun/2015:02:40:40 -0500] "GET /BLA/resoluciones/index.php?dir=RESOLUCIONES+2001%2F HTTP/1.1" 200 8131
68.180.229.40 - - [22/Jun/2015:02:40:39 -0500] "GET /BLA/resoluciones/index.php?dir=RESOLUCIONES+2013%2F HTTP/1.1" 200 216322
97.107.128.27 - - [22/Jun/2015:02:40:58 -0500] "GET /old/wp-admin/ HTTP/1.1" 404 1018
68.180.229.40 - - [22/Jun/2015:02:41:02 -0500] "GET /BLA/resoluciones/index.php?dir=RESOLUCIONES+2012%2F HTTP/1.1" 200 134793
68.180.229.40 - - [22/Jun/2015:02:41:06 -0500] "GET /BLA/resoluciones/index.php?dir=RESOLUCIONES+2003%2F HTTP/1.1" 200 12286
68.180.229.40 - - [22/Jun/2015:02:41:07 -0500] "GET /BLA/resoluciones/index.php?dir=RESOLUCIONES+2004%2F HTTP/1.1" 200 13000
66.249.64.233 - - [22/Jun/2015:02:41:12 -0500] "GET /BLA/resoluciones/RESOLUCIONES%202014/1564.pdf HTTP/1.1" 304 -
68.180.229.40 - - [22/Jun/2015:02:41:14 -0500] "GET /BLA/resoluciones/index.php?dir=AUTOS+2006%2F HTTP/1.1" 200 9519
68.180.229.40 - - [22/Jun/2015:02:41:11 -0500] "GET /BLA/resoluciones/index.php?dir=RESOLUCIONES+2010%2F HTTP/1.1" 200 672953
199.195.118.53 - - [22/Jun/2015:02:41:24 -0500] "GET / HTTP/1.1" 200 10190
68.180.229.40 - - [22/Jun/2015:02:41:25 -0500] "GET /BLA/resoluciones/index.php?dir=RESOLUCIONES+2008%2F HTTP/1.1" 200 672851
68.180.229.40 - - [22/Jun/2015:02:41:28 -0500] "GET /BLA/resoluciones/index.php?dir=AUTOS+2002%2F HTTP/1.1" 200 1813
68.180.229.40 - - [22/Jun/2015:02:41:30 -0500] "GET /BLA/resoluciones/index.php?dir=RESOLUCIONES+2002%2F HTTP/1.1" 200 11295
68.180.229.40 - - [22/Jun/2015:02:41:29 -0500] "GET /BLA/resoluciones/index.php?dir=AUTOS+2011%2F HTTP/1.1" 200 552325
68.180.229.40 - - [22/Jun/2015:02:41:34 -0500] "GET /BLA/resoluciones/index.php?dir=&sort=size&order=asc HTTP/1.1" 200 7728
68.180.229.40 - - [22/Jun/2015:02:41:54 -0500] "GET /BLA/resoluciones/index.php?dir=AUTOS+2004%2F HTTP/1.1" 200 2786
68.180.229.40 - - [22/Jun/2015:02:42:07 -0500] "GET /BLA/resoluciones/index.php?dir=AUTOS+2005%2F HTTP/1.1" 200 2302
74.86.158.107 - - [22/Jun/2015:02:42:11 -0500] "HEAD / HTTP/1.1" 200 -
68.180.229.40 - - [22/Jun/2015:02:42:24 -0500] "GET /BLA/resoluciones/index.php?dir=AUTOS+2012%2F HTTP/1.1" 200 254138
186.29.215.229 - - [22/Jun/2015:02:42:49 -0500] "GET /galeria/galeria/jquery.fancybox.css?v=2.1.5 HTTP/1.1" 200 4895
186.29.215.229 - - [22/Jun/2015:02:42:49 -0500] "GET /BLA/boletinlegal/js/jquery.scrollTo-min.js HTTP/1.1" 200 1150
186.29.215.229 - - [22/Jun/2015:02:42:49 -0500] "GET /BLA/boletinlegal/js/jquery.scrollShow.js HTTP/1.1" 200 4586
186.29.215.229 - - [22/Jun/2015:02:42:49 -0500] "GET /galeria/galeria/jquery.fancybox.js?v=2.1.5 HTTP/1.1" 200 48706
68.180.229.40 - - [22/Jun/2015:02:42:50 -0500] "GET /BLA/resoluciones/index.php?dir=AUTOS+2009%2F HTTP/1.1" 200 394637
186.29.215.229 - - [22/Jun/2015:02:42:52 -0500] "GET /BLA/boletinlegal/js/jquery.scrollTo-min.js HTTP/1.1" 304 -
186.29.215.229 - - [22/Jun/2015:02:42:52 -0500] "GET /BLA/boletinlegal/js/jquery.scrollShow.js HTTP/1.1" 304 -
186.29.215.229 - - [22/Jun/2015:02:42:52 -0500] "GET /galeria/galeria/jquery.fancybox.js?v=2.1.5 HTTP/1.1" 304 -
186.29.215.229 - - [22/Jun/2015:02:42:52 -0500] "GET /galeria/galeria/jquery.fancybox.css?v=2.1.5 HTTP/1.1" 304 -
68.180.229.40 - - [22/Jun/2015:02:43:00 -0500] "GET /BLA/resoluciones/index.php?dir=RESOLUCIONES+2014%2F HTTP/1.1" 200 206432
68.180.229.40 - - [22/Jun/2015:02:43:10 -0500] "GET /BLA/resoluciones/index.php?dir=AUTOS+2010%2F HTTP/1.1" 200 244766
68.180.229.40 - - [22/Jun/2015:02:43:23 -0500] "GET /BLA/resoluciones/index.php?dir= HTTP/1.1" 200 7728
68.180.229.40 - - [22/Jun/2015:02:43:34 -0500] "GET /BLA/resoluciones/index.php?dir=RESOLUCIONES+2006%2F HTTP/1.1" 200 16103
68.180.229.40 - - [22/Jun/2015:02:44:13 -0500] "GET /BLA/resoluciones/index.php?dir=AUTOS+2007%2F HTTP/1.1" 200 628259
66.249.64.233 - - [22/Jun/2015:02:44:38 -0500] "GET /BLA/resoluciones/RESOLUCIONES%202007/RES%202007%202501%20AL%202600/RESOLUCION%202551%20DE%202007.pdf HTTP/1.1" 304 -
186.28.87.157 - - [22/Jun/2015:02:45:16 -0500] "GET /BLA/boletinlegal/js/jquery.scrollTo-min.js HTTP/1.1" 200 1150
186.28.87.157 - - [22/Jun/2015:02:45:16 -0500] "GET /BLA/boletinlegal/js/jquery.scrollShow.js HTTP/1.1" 200 4586
186.28.87.157 - - [22/Jun/2015:02:45:16 -0500] "GET /galeria/galeria/jquery.fancybox.js?v=2.1.5 HTTP/1.1" 200 48706
186.28.87.157 - - [22/Jun/2015:02:45:16 -0500] "GET /galeria/galeria/jquery.fancybox.css?v=2.1.5 HTTP/1.1" 200 4895
186.28.87.157 - - [22/Jun/2015:02:45:16 -0500] "GET /galeria/carrusel/Carrusel/jquery.thumbnailScroller.css HTTP/1.1" 200 2066
186.28.87.157 - - [22/Jun/2015:02:45:16 -0500] "GET /galeria/carrusel/Carrusel/jquery.thumbnailScroller.js HTTP/1.1" 200 8157
186.28.87.157 - - [22/Jun/2015:02:45:16 -0500] "GET /galeria/carrusel/Carrusel/jquery-ui-1.8.13.custom.min.js HTTP/1.1" 200 10800
186.28.87.157 - - [22/Jun/2015:02:45:17 -0500] "GET /galeria/nivo-slider/demo/demo.html HTTP/1.1" 200 4712
186.28.87.157 - - [22/Jun/2015:02:45:18 -0500] "GET /galeria/nivo-slider/themes/default/default.css HTTP/1.1" 200 1569
186.28.87.157 - - [22/Jun/2015:02:45:18 -0500] "GET /galeria/nivo-slider/themes/pascal/pascal.css HTTP/1.1" 200 2258
186.28.87.157 - - [22/Jun/2015:02:45:18 -0500] "GET /galeria/nivo-slider/themes/orman/orman.css HTTP/1.1" 200 2152
186.28.87.157 - - [22/Jun/2015:02:45:18 -0500] "GET /galeria/nivo-slider/nivo-slider.css HTTP/1.1" 200 1507
186.28.87.157 - - [22/Jun/2015:02:45:18 -0500] "GET /galeria/nivo-slider/demo/style.css HTTP/1.1" 200 2222
186.28.87.157 - - [22/Jun/2015:02:45:18 -0500] "GET /galeria/nivo-slider/demo/scripts/jquery-1.7.1.min.js HTTP/1.1" 200 93868
186.28.87.157 - - [22/Jun/2015:02:45:18 -0500] "GET /galeria/nivo-slider/jquery.nivo.slider.pack.js HTTP/1.1" 200 11561
186.28.87.157 - - [22/Jun/2015:02:45:19 -0500] "GET /galeria/nivo-slider/demo/images/Rendicion-de-cuentas.jpg HTTP/1.1" 200 151955
186.28.87.157 - - [22/Jun/2015:02:45:19 -0500] "GET /galeria/nivo-slider/demo/images/9Signos.jpg HTTP/1.1" 200 81776
186.28.87.157 - - [22/Jun/2015:02:45:19 -0500] "GET /galeria/nivo-slider/demo/images/capacitaciones-de-ecourbanismo.jpg HTTP/1.1" 200 77126
186.28.87.157 - - [22/Jun/2015:02:45:19 -0500] "GET /galeria/nivo-slider/demo/images/Comparendo-ambiental-Banner.jpg HTTP/1.1" 200 83731
186.28.87.157 - - [22/Jun/2015:02:45:19 -0500] "GET /galeria/nivo-slider/demo/images/GAE-banner.jpg HTTP/1.1" 200 97556
186.28.87.157 - - [22/Jun/2015:02:45:19 -0500] "GET /galeria/nivo-slider/demo/images/Banner-encuesta-de-percepscio.jpg HTTP/1.1" 200 201899
186.28.87.157 - - [22/Jun/2015:02:45:20 -0500] "GET /galeria/nivo-slider/demo/images/banner-Pacto-por-la-madera.jpg HTTP/1.1" 200 209966
186.28.87.157 - - [22/Jun/2015:02:45:20 -0500] "GET /galeria/nivo-slider/demo/images/acuerdo_569.jpg HTTP/1.1" 200 62670
186.28.87.157 - - [22/Jun/2015:02:45:22 -0500] "GET /galeria/nivo-slider/demo/images/Licitaciones-proyecto-paramo.jpg HTTP/1.1" 200 221877
186.28.87.157 - - [22/Jun/2015:02:45:24 -0500] "GET /galeria/nivo-slider/demo/images/Banner-decreto1299.jpg HTTP/1.1" 200 182613
186.28.87.157 - - [22/Jun/2015:02:45:24 -0500] "GET /galeria/nivo-slider/demo/images/Banner-Directorio.jpg HTTP/1.1" 200 182068
186.28.87.157 - - [22/Jun/2015:02:45:25 -0500] "GET /galeria/nivo-slider/demo/images/Ruta-vertimientos-01.jpg HTTP/1.1" 200 130151
186.28.87.157 - - [22/Jun/2015:02:45:27 -0500] "GET /galeria/nivo-slider/demo/images/bolsas-06.jpg HTTP/1.1" 200 90982
186.28.87.157 - - [22/Jun/2015:02:45:27 -0500] "GET /galeria/nivo-slider/demo/images/Conoce-los-humedales.jpg HTTP/1.1" 200 294036
186.28.87.157 - - [22/Jun/2015:02:45:28 -0500] "GET /galeria/nivo-slider/demo/images/ecolecta-Dic2014.png HTTP/1.1" 200 288593
186.28.87.157 - - [22/Jun/2015:02:45:29 -0500] "GET /galeria/nivo-slider/demo/images/Banner-Caracol-Africano.jpg HTTP/1.1" 200 331986
186.28.87.157 - - [22/Jun/2015:02:45:29 -0500] "GET /galeria/nivo-slider/demo/images/banner-llantas2.jpg HTTP/1.1" 200 204644
186.28.87.157 - - [22/Jun/2015:02:45:29 -0500] "GET /galeria/nivo-slider/demo/images/4Simple_Slider.png HTTP/1.1" 200 11722
186.28.87.157 - - [22/Jun/2015:02:45:29 -0500] "GET /galeria/nivo-slider/themes/default/loading.gif HTTP/1.1" 200 1737
186.28.87.157 - - [22/Jun/2015:02:45:31 -0500] "GET /galeria/nivo-slider/themes/default/arrows.png HTTP/1.1" 200 824
186.28.87.157 - - [22/Jun/2015:02:45:31 -0500] "GET /galeria/nivo-slider/themes/default/bullets.png HTTP/1.1" 200 1281
68.180.229.40 - - [22/Jun/2015:02:45:30 -0500] "GET /BLA/resoluciones/index.php?dir=AUTOS+2014%2F HTTP/1.1" 200 409752
186.28.87.157 - - [22/Jun/2015:02:45:45 -0500] "GET /galeria/galeria/jquery.fancybox.js?v=2.1.5 HTTP/1.1" 304 -
186.28.87.157 - - [22/Jun/2015:02:45:45 -0500] "GET /galeria/galeria/jquery.fancybox.css?v=2.1.5 HTTP/1.1" 304 -
157.55.39.32 - - [22/Jun/2015:02:45:46 -0500] "GET /galeria/galeria/fotos/MeandrodelSay4G.jpg HTTP/1.1" 200 371052
186.28.87.157 - - [22/Jun/2015:02:46:06 -0500] "GET /galeria/galeria/jquery.fancybox.js?v=2.1.5 HTTP/1.1" 304 -
186.28.87.157 - - [22/Jun/2015:02:46:06 -0500] "GET /galeria/galeria/jquery.fancybox.css?v=2.1.5 HTTP/1.1" 304 -
186.28.87.157 - - [22/Jun/2015:02:46:08 -0500] "GET /BLA/boletinlegal/js/jquery.scrollTo-min.js HTTP/1.1" 200 1150
186.28.87.157 - - [22/Jun/2015:02:46:08 -0500] "GET /BLA/boletinlegal/js/jquery.scrollShow.js HTTP/1.1" 200 4586
186.28.87.157 - - [22/Jun/2015:02:46:08 -0500] "GET /galeria/galeria/jquery.fancybox.js?v=2.1.5 HTTP/1.1" 200 48706
186.28.87.157 - - [22/Jun/2015:02:46:08 -0500] "GET /galeria/galeria/jquery.fancybox.css?v=2.1.5 HTTP/1.1" 200 4895
66.249.64.228 - - [22/Jun/2015:02:46:25 -0500] "GET /BLA/resoluciones/RESOLUCIONES%202011/6971.pdf HTTP/1.1" 304 -
186.28.87.157 - - [22/Jun/2015:02:46:39 -0500] "GET /galeria/galeria/jquery.fancybox.js?v=2.1.5 HTTP/1.1" 304 -
186.28.87.157 - - [22/Jun/2015:02:46:39 -0500] "GET /galeria/galeria/jquery.fancybox.css?v=2.1.5 HTTP/1.1" 304 -
66.249.64.116 - - [22/Jun/2015:02:46:46 -0500] "GET /POT-2013/dlf/folder.png HTTP/1.1" 200 410
68.180.229.40 - - [22/Jun/2015:02:47:00 -0500] "GET /BLA/resoluciones/index.php?dir=AUTOS+2008%2F HTTP/1.1" 200 569644
68.180.229.40 - - [22/Jun/2015:02:47:10 -0500] "GET /BLA/resoluciones/index.php?dir=RESOLUCIONES+2000%2F HTTP/1.1" 200 13662
74.86.158.107 - - [22/Jun/2015:02:47:11 -0500] "HEAD / HTTP/1.1" 200 -
186.28.87.157 - - [22/Jun/2015:02:47:43 -0500] "GET /BLA/boletinlegal/js/jquery.scrollTo-min.js HTTP/1.1" 200 1150
186.28.87.157 - - [22/Jun/2015:02:47:43 -0500] "GET /BLA/boletinlegal/js/jquery.scrollShow.js HTTP/1.1" 200 4586
186.28.87.157 - - [22/Jun/2015:02:47:43 -0500] "GET /galeria/galeria/jquery.fancybox.js?v=2.1.5 HTTP/1.1" 200 48706
186.28.87.157 - - [22/Jun/2015:02:47:43 -0500] "GET /galeria/galeria/jquery.fancybox.css?v=2.1.5 HTTP/1.1" 200 4895
66.249.64.233 - - [22/Jun/2015:02:48:11 -0500] "GET / HTTP/1.1" 200 10190
66.249.64.223 - - [22/Jun/2015:02:48:12 -0500] "GET /BLA/resoluciones/AUTOS%202013/0580.pdf HTTP/1.1" 200 212090
186.155.117.245 - - [22/Jun/2015:02:49:07 -0500] "GET /galeria/galeria/jquery.fancybox.css?v=2.1.5 HTTP/1.1" 304 -
186.155.117.245 - - [22/Jun/2015:02:49:07 -0500] "GET /BLA/boletinlegal/js/jquery.scrollShow.js HTTP/1.1" 304 -
186.155.117.245 - - [22/Jun/2015:02:49:07 -0500] "GET /BLA/boletinlegal/js/jquery.scrollTo-min.js HTTP/1.1" 304 -
186.155.117.245 - - [22/Jun/2015:02:49:07 -0500] "GET /galeria/galeria/jquery.fancybox.js?v=2.1.5 HTTP/1.1" 304 -
201.245.192.253 - - [22/Jun/2015:02:49:57 -0500] "GET /forest/img/base/login/bgBtnLogin2.jpg HTTP/1.1" 304 -
66.249.64.233 - - [22/Jun/2015:02:49:59 -0500] "GET /resoluciones/AUTOS%202007/2737.pdf HTTP/1.1" 404 1018
66.249.64.64 - - [22/Jun/2015:02:51:46 -0500] "GET /robots.txt HTTP/1.1" 404 19486
66.249.64.74 - - [22/Jun/2015:02:52:00 -0500] "GET / HTTP/1.1" 200 31212
74.86.158.107 - - [22/Jun/2015:02:52:11 -0500] "HEAD / HTTP/1.1" 200 -
66.249.64.228 - - [22/Jun/2015:02:53:33 -0500] "GET /BLA/resoluciones/RESOLUCIONES%202010/2084.pdf HTTP/1.1" 200 106776
68.180.229.40 - - [22/Jun/2015:02:53:34 -0500] "GET /BLA/resoluciones/index.php?dir=AUTOS+1997%2F HTTP/1.1" 200 1812
95.23.239.71 - - [22/Jun/2015:02:54:47 -0500] "GET /galeria/galeria/jquery.fancybox.css?v=2.1.5 HTTP/1.1" 200 4895
95.23.239.71 - - [22/Jun/2015:02:54:47 -0500] "GET /BLA/boletinlegal/js/jquery.scrollTo-min.js HTTP/1.1" 200 1150
95.23.239.71 - - [22/Jun/2015:02:54:47 -0500] "GET /BLA/boletinlegal/js/jquery.scrollShow.js HTTP/1.1" 200 4586
95.23.239.71 - - [22/Jun/2015:02:54:47 -0500] "GET /galeria/galeria/jquery.fancybox.js?v=2.1.5 HTTP/1.1" 200 48706
95.23.239.71 - - [22/Jun/2015:02:54:56 -0500] "GET /BLA/boletinlegal/js/jquery.scrollTo-min.js HTTP/1.1" 304 -
95.23.239.71 - - [22/Jun/2015:02:54:56 -0500] "GET /galeria/galeria/jquery.fancybox.css?v=2.1.5 HTTP/1.1" 304 -
95.23.239.71 - - [22/Jun/2015:02:54:56 -0500] "GET /BLA/boletinlegal/js/jquery.scrollShow.js HTTP/1.1" 304 -
95.23.239.71 - - [22/Jun/2015:02:54:56 -0500] "GET /galeria/galeria/jquery.fancybox.js?v=2.1.5 HTTP/1.1" 304 -
66.249.64.233 - - [22/Jun/2015:02:55:22 -0500] "GET /autoliquidacion/index.php?dir=Solicitud%20de%20Licencia%20Ambiental/&sort=date&order=asc HTTP/1.1" 200 2642
66.249.64.228 - - [22/Jun/2015:02:57:11 -0500] "GET /BLA/resoluciones/RESOLUCIONES%202014/1941.pdf HTTP/1.1" 304 -
74.86.158.107 - - [22/Jun/2015:02:57:11 -0500] "HEAD / HTTP/1.1" 200 -
66.249.64.228 - - [22/Jun/2015:02:57:14 -0500] "GET /BLA/resoluciones/RESOLUCIONES%202005/RES%202005%201001-1050/00001035.tif HTTP/1.1" 304 -
66.249.64.228 - - [22/Jun/2015:02:57:14 -0500] "GET /galeria/nivo-slider/demo/images/todosxelagua10.jpg HTTP/1.1" 200 113374
157.55.39.119 - - [22/Jun/2015:02:58:23 -0500] "GET /robots.txt HTTP/1.1" 404 1018
66.249.64.228 - - [22/Jun/2015:02:59:00 -0500] "GET /BLA/resoluciones/AUTOS%202011/2642.pdf HTTP/1.1" 200 164073
66.249.64.121 - - [22/Jun/2015:03:00:49 -0500] "GET /galeria/nivo-slider/demo/banner_cumbre.swf HTTP/1.1" 200 329421
201.245.192.253 - - [22/Jun/2015:03:00:55 -0500] "GET /webfile/skins/gdocs-jar/img/folder.gif HTTP/1.1" 304 -
201.245.192.253 - - [22/Jun/2015:03:01:07 -0500] "GET /webfile/skins/gdocs-jar/img/icons/jpg.gif HTTP/1.1" 304 -
66.249.64.228 - - [22/Jun/2015:03:01:26 -0500] "GET /BLA/resoluciones/RESOLUCIONES%202009/4698.pdf HTTP/1.1" 200 326782
74.86.158.107 - - [22/Jun/2015:03:02:11 -0500] "HEAD / HTTP/1.1" 200 -
88.198.233.69 - - [22/Jun/2015:03:02:26 -0500] "GET / HTTP/1.1" 200 10190
66.249.64.228 - - [22/Jun/2015:03:02:38 -0500] "GET /BLA/resoluciones/RESOLUCIONES%202008/4966.pdf HTTP/1.1" 200 212438
66.249.64.228 - - [22/Jun/2015:03:04:27 -0500] "GET /BLA/resoluciones/RESOLUCIONES%202009/2862.pdf HTTP/1.1" 200 543781
66.249.64.228 - - [22/Jun/2015:03:05:33 -0500] "GET /galeria/nivo-slider/demo/images/1bolsas.jpg HTTP/1.1" 200 294943
66.249.64.126 - - [22/Jun/2015:03:05:49 -0500] "GET /Anexos%20estudio%20Organizacional%20SDA/ANEXO%20No.%203-%20CONTRATACI%C3%93N%20%20OPS%C2%B4s%202008-2012/CONTRATOS%20SDA%202011%20POR%20DEPENDENCIA.xls HTTP/1.1" 200 433152
66.249.64.233 - - [22/Jun/2015:03:06:16 -0500] "GET /BLA/resoluciones/RESOLUCIONES%202009/1378.pdf HTTP/1.1" 200 477189
201.245.192.253 - - [22/Jun/2015:03:06:42 -0500] "GET /forest/img/asignarme.gif HTTP/1.1" 304 -
74.86.158.107 - - [22/Jun/2015:03:07:11 -0500] "HEAD / HTTP/1.1" 200 -
66.249.64.223 - - [22/Jun/2015:03:07:30 -0500] "GET /BLA/resoluciones/RESOLUCIONES%202005/RES%202005%202051-2100/00002057.tif HTTP/1.1" 304 -
66.249.64.233 - - [22/Jun/2015:03:08:05 -0500] "GET /BLA/resoluciones/RESOLUCIONES%202010/6294.pdf HTTP/1.1" 200 55447
201.245.192.253 - - [22/Jun/2015:03:08:09 -0500] "GET /forest/skins/gdocs-jar/img/priority.gif HTTP/1.1" 304 -
201.245.192.253 - - [22/Jun/2015:03:08:20 -0500] "GET /galeria/nivo-slider/demo/images/banner-Pacto-por-la-madera.jpg HTTP/1.1" 304 -
66.249.64.223 - - [22/Jun/2015:03:09:56 -0500] "GET /visorSDA/mimedata;jsessionid=ac16012b22b8aee99dbfe8fc4c9b9686ae4aee9d9e36?wname=esriWebSession&id=map10943265&uniqueId=190 HTTP/1.1" 200 -
201.245.192.253 - - [22/Jun/2015:03:09:57 -0500] "GET /forest/skins/gdocs-jar/img/process.gif HTTP/1.1" 304 -
66.249.64.228 - - [22/Jun/2015:03:10:16 -0500] "GET /BLA/resoluciones/RESOLUCIONES%202013/1297.pdf HTTP/1.1" 200 5822299
157.55.39.199 - - [22/Jun/2015:03:10:57 -0500] "GET /pot10.htm HTTP/1.1" 404 1019
66.249.64.228 - - [22/Jun/2015:03:11:46 -0500] "GET /BLA/resoluciones/RESOLUCIONES%202007/RES%202007%201201%20AL%201300/RESOLUCION%201208%20DE%202007.pdf HTTP/1.1" 304 -
201.234.75.11 - - [22/Jun/2015:03:11:51 -0500] "GET /galeria/nivo-slider/demo/images/EncuentroAgua1.jpg HTTP/1.1" 304 -
74.86.158.107 - - [22/Jun/2015:03:12:11 -0500] "HEAD / HTTP/1.1" 200 -
66.249.64.223 - - [22/Jun/2015:03:13:37 -0500] "GET /BLA/resoluciones/RESOLUCIONES%202009/6769.pdf HTTP/1.1" 200 670606
180.76.15.25 - - [22/Jun/2015:03:13:56 -0500] "GET /videos/ServidordelMes_Solidaridad.flv HTTP/1.1" 200 62507081
201.236.221.9 - - [22/Jun/2015:03:14:26 -0500] "GET /galeria/galeria/jquery.fancybox.css?v=2.1.5 HTTP/1.1" 304 -
123.125.71.48 - - [22/Jun/2015:03:14:39 -0500] "GET / HTTP/1.1" 200 10190
66.249.64.233 - - [22/Jun/2015:03:14:39 -0500] "GET /BLA/resoluciones/AUTOS%202012/1486.pdf HTTP/1.1" 200 310684
66.249.64.233 - - [22/Jun/2015:03:14:43 -0500] "GET /BLA/resoluciones/RESOLUCIONES%202010/0803.pdf HTTP/1.1" 200 104004
186.80.92.81 - - [22/Jun/2015:03:14:46 -0500] "GET /galeria/nivo-slider/demo/images/Rendicion-de-cuentas.jpg HTTP/1.1" 304 -
206.53.226.251 - - [22/Jun/2015:03:15:18 -0500] "GET /galeria/galeria/jquery.fancybox.js?v=2.1.5 HTTP/1.1" 304 -
66.249.64.233 - - [22/Jun/2015:03:15:28 -0500] "GET /BLA/resoluciones/RESOLUCIONES%202009/4798.pdf HTTP/1.1" 200 498305
200.118.153.186 - - [22/Jun/2015:03:16:45 -0500] "GET /BLA/boletinlegal/js/jquery.scrollShow.js HTTP/1.1" 200 4586
200.118.153.186 - - [22/Jun/2015:03:16:45 -0500] "GET /BLA/boletinlegal/js/jquery.scrollTo-min.js HTTP/1.1" 200 1150
200.118.153.186 - - [22/Jun/2015:03:16:45 -0500] "GET /galeria/galeria/jquery.fancybox.js?v=2.1.5 HTTP/1.1" 200 48706
200.118.153.186 - - [22/Jun/2015:03:16:46 -0500] "GET /galeria/galeria/jquery.fancybox.css?v=2.1.5 HTTP/1.1" 200 4895
200.118.153.186 - - [22/Jun/2015:03:16:55 -0500] "GET /galeria/galeria/jquery.fancybox.css?v=2.1.5 HTTP/1.1" 304 -
200.118.153.186 - - [22/Jun/2015:03:16:55 -0500] "GET /BLA/boletinlegal/js/jquery.scrollTo-min.js HTTP/1.1" 304 -
200.118.153.186 - - [22/Jun/2015:03:16:55 -0500] "GET /BLA/boletinlegal/js/jquery.scrollShow.js HTTP/1.1" 304 -
200.118.153.186 - - [22/Jun/2015:03:16:55 -0500] "GET /galeria/galeria/jquery.fancybox.js?v=2.1.5 HTTP/1.1" 304 -
74.86.158.107 - - [22/Jun/2015:03:17:11 -0500] "HEAD / HTTP/1.1" 200 -
66.249.64.233 - - [22/Jun/2015:03:17:52 -0500] "GET /BLA/resoluciones/AUTOS%202006/AUTOS%202006%201801-%201900/00001855.tif HTTP/1.1" 200 215532
201.245.192.253 - - [22/Jun/2015:03:18:28 -0500] "GET /galeria/galeria/fotos/Pacto_Madera1G.jpg HTTP/1.1" 304 -
66.249.64.223 - - [22/Jun/2015:03:19:07 -0500] "GET /Residuos/impresion/files/guia_impresion-lit.pdf HTTP/1.1" 200 12573981
200.118.153.186 - - [22/Jun/2015:03:19:19 -0500] "GET /galeria/galeria/jquery.fancybox.css?v=2.1.5 HTTP/1.1" 304 -
200.118.153.186 - - [22/Jun/2015:03:19:19 -0500] "GET /BLA/boletinlegal/js/jquery.scrollTo-min.js HTTP/1.1" 304 -
200.118.153.186 - - [22/Jun/2015:03:19:19 -0500] "GET /BLA/boletinlegal/js/jquery.scrollShow.js HTTP/1.1" 304 -
200.118.153.186 - - [22/Jun/2015:03:19:19 -0500] "GET /galeria/galeria/jquery.fancybox.js?v=2.1.5 HTTP/1.1" 304 -
66.249.64.233 - - [22/Jun/2015:03:19:23 -0500] "GET /BLA/resoluciones/RESOLUCIONES%202007/RES%202007%203301%20AL%203400/RESOLUCION%203343%20DE%202007.pdf HTTP/1.1" 200 380826
66.249.64.233 - - [22/Jun/2015:03:20:59 -0500] "GET /BLA/resoluciones/RESOLUCIONES%202009/5206.pdf HTTP/1.1" 200 1277767
201.245.192.253 - - [22/Jun/2015:03:21:50 -0500] "GET /forest/img/nav_next.gif HTTP/1.1" 304 -
201.245.192.253 - - [22/Jun/2015:03:22:11 -0500] "GET /forest/js/sarissa.js?version=1503.161801 HTTP/1.1" 304 -
74.86.158.107 - - [22/Jun/2015:03:22:11 -0500] "HEAD / HTTP/1.1" 200 -
66.249.64.126 - - [22/Jun/2015:03:22:31 -0500] "GET /galeria/nivo-slider/demo/images/operativogas2.jpg HTTP/1.1" 200 96363
66.249.64.233 - - [22/Jun/2015:03:22:50 -0500] "GET /BLA/resoluciones/RESOLUCIONES%202009/6299.pdf HTTP/1.1" 200 344251
66.249.64.116 - - [22/Jun/2015:03:23:30 -0500] "GET /Autoliquidacion/Grupo%20Forestal%20-%20Industria%20de%20la%20Madera/Solicitud%20Certificaci%C3%B3n.pdf HTTP/1.1" 200 117262
66.249.64.116 - - [22/Jun/2015:03:24:21 -0500] "GET /StormSDA/userFiles%20-%20Copy%2019-07-2012/user_files/listas/ HTTP/1.1" 200 1303
66.249.64.223 - - [22/Jun/2015:03:24:41 -0500] "GET /BLA/resoluciones/RESOLUCIONES%202009/3016.pdf HTTP/1.1" 200 605146
157.55.39.32 - - [22/Jun/2015:03:25:34 -0500] "GET /robots.txt HTTP/1.1" 404 1018
157.55.39.32 - - [22/Jun/2015:03:25:52 -0500] "GET /galeria/galeria/fotos/MeandrodelSay3g.jpg HTTP/1.1" 200 365658
66.249.64.223 - - [22/Jun/2015:03:26:33 -0500] "GET /BLA/resoluciones/RESOLUCIONES%202009/4734.pdf HTTP/1.1" 200 1481216
74.86.158.107 - - [22/Jun/2015:03:27:11 -0500] "HEAD / HTTP/1.1" 200 -
66.249.64.228 - - [22/Jun/2015:03:27:57 -0500] "GET /BLA/resoluciones/AUTOS%202008/2310.pdf HTTP/1.1" 200 85070
66.249.64.228 - - [22/Jun/2015:03:28:15 -0500] "GET /BLA/resoluciones/AUTOS%202006/AUTOS%202006%201801-%201900/00001876.tif HTTP/1.1" 200 372962
66.249.64.233 - - [22/Jun/2015:03:28:24 -0500] "GET /BLA/resoluciones/RESOLUCIONES%202008/3889.pdf HTTP/1.1" 200 153599
66.249.64.228 - - [22/Jun/2015:03:30:15 -0500] "GET /BLA/resoluciones/RESOLUCIONES%202009/4766.pdf HTTP/1.1" 200 629931
68.180.229.40 - - [22/Jun/2015:03:30:37 -0500] "GET /BLA/boletinlegal/actas/097-2013.pdf HTTP/1.1" 200 164183
186.30.91.246 - - [22/Jun/2015:03:31:20 -0500] "GET /BLA/boletinlegal/js/jquery.scrollTo-min.js HTTP/1.1" 200 1150
186.30.91.246 - - [22/Jun/2015:03:31:20 -0500] "GET /galeria/galeria/jquery.fancybox.css?v=2.1.5 HTTP/1.1" 200 4895
186.30.91.246 - - [22/Jun/2015:03:31:20 -0500] "GET /BLA/boletinlegal/js/jquery.scrollShow.js HTTP/1.1" 200 4586
186.30.91.246 - - [22/Jun/2015:03:31:20 -0500] "GET /galeria/galeria/jquery.fancybox.js?v=2.1.5 HTTP/1.1" 200 48706
186.30.91.246 - - [22/Jun/2015:03:31:30 -0500] "GET /BLA/boletinlegal/js/jquery.scrollTo-min.js HTTP/1.1" 304 -
186.30.91.246 - - [22/Jun/2015:03:31:30 -0500] "GET /BLA/boletinlegal/js/jquery.scrollShow.js HTTP/1.1" 304 -
186.30.91.246 - - [22/Jun/2015:03:31:30 -0500] "GET /galeria/galeria/jquery.fancybox.js?v=2.1.5 HTTP/1.1" 304 -
186.30.91.246 - - [22/Jun/2015:03:31:30 -0500] "GET /galeria/galeria/jquery.fancybox.css?v=2.1.5 HTTP/1.1" 304 -
66.249.64.223 - - [22/Jun/2015:03:32:07 -0500] "GET /BLA/resoluciones/RESOLUCIONES%202009/4463.pdf HTTP/1.1" 200 500913
74.86.158.107 - - [22/Jun/2015:03:32:11 -0500] "HEAD / HTTP/1.1" 200 -
66.249.64.233 - - [22/Jun/2015:03:32:20 -0500] "GET /BLA/resoluciones/RESOLUCIONES%202014/0677.pdf HTTP/1.1" 200 539194
201.245.192.253 - - [22/Jun/2015:03:33:20 -0500] "GET /forest/skins/gdocs-jar/img/eliminar.gif HTTP/1.1" 304 -
66.249.64.223 - - [22/Jun/2015:03:33:58 -0500] "GET /BLA/resoluciones/RESOLUCIONES%202009/3415.pdf HTTP/1.1" 200 488395
66.249.64.223 - - [22/Jun/2015:03:34:21 -0500] "GET /galeria/nivo-slider/demo/images/5junio2.JPG HTTP/1.1" 200 423475
180.76.15.148 - - [22/Jun/2015:03:35:08 -0500] "GET / HTTP/1.1" 200 10190
66.249.64.223 - - [22/Jun/2015:03:35:49 -0500] "GET /BLA/resoluciones/RESOLUCIONES%202009/4744.pdf HTTP/1.1" 200 655879
180.76.15.134 - - [22/Jun/2015:03:35:57 -0500] "GET / HTTP/1.1" 200 10190
66.249.64.233 - - [22/Jun/2015:03:36:47 -0500] "GET /BLA/resoluciones/RESOLUCIONES%202008/3726.pdf HTTP/1.1" 200 768208
74.86.158.107 - - [22/Jun/2015:03:37:11 -0500] "HEAD / HTTP/1.1" 200 -
201.245.192.253 - - [22/Jun/2015:03:37:33 -0500] "GET /forest/img/warning.gif HTTP/1.1" 304 -
66.249.64.228 - - [22/Jun/2015:03:37:41 -0500] "GET /BLA/resoluciones/RESOLUCIONES%202009/6957.pdf HTTP/1.1" 200 102100
186.28.87.157 - - [22/Jun/2015:03:38:15 -0500] "GET /BLA/boletinlegal/js/jquery.scrollTo-min.js HTTP/1.1" 200 1150
186.28.87.157 - - [22/Jun/2015:03:38:15 -0500] "GET /BLA/boletinlegal/js/jquery.scrollShow.js HTTP/1.1" 200 4586
186.28.87.157 - - [22/Jun/2015:03:38:15 -0500] "GET /galeria/galeria/jquery.fancybox.js?v=2.1.5 HTTP/1.1" 200 48706
186.28.87.157 - - [22/Jun/2015:03:38:15 -0500] "GET /galeria/galeria/jquery.fancybox.css?v=2.1.5 HTTP/1.1" 200 4895
123.125.71.87 - - [22/Jun/2015:03:38:30 -0500] "GET /BLA/resoluciones/RESOLUCIONES%202009/4105.pdf HTTP/1.1" 304 -
66.249.64.233 - - [22/Jun/2015:03:38:37 -0500] "GET /BLA/resoluciones/AUTOS%202006/AUTOS%202006%201801-%201900/00001808.tif HTTP/1.1" 200 134516
186.85.179.23 - - [22/Jun/2015:03:38:47 -0500] "GET /galeria/carrusel/Carrusel/jquery-ui-1.8.13.custom.min.js HTTP/1.1" 200 10800
186.85.179.23 - - [22/Jun/2015:03:38:47 -0500] "GET /galeria/galeria/jquery.fancybox.css?v=2.1.5 HTTP/1.1" 200 4895
186.85.179.23 - - [22/Jun/2015:03:38:48 -0500] "GET /galeria/galeria/jquery.fancybox.js?v=2.1.5 HTTP/1.1" 200 48706
186.85.179.23 - - [22/Jun/2015:03:38:48 -0500] "GET /BLA/boletinlegal/js/jquery.scrollShow.js HTTP/1.1" 200 4586
186.85.179.23 - - [22/Jun/2015:03:38:48 -0500] "GET /galeria/carrusel/Carrusel/jquery.thumbnailScroller.css HTTP/1.1" 200 2066
186.85.179.23 - - [22/Jun/2015:03:38:50 -0500] "GET /galeria/carrusel/Carrusel/jquery.thumbnailScroller.js HTTP/1.1" 200 8157
186.85.179.23 - - [22/Jun/2015:03:38:51 -0500] "GET /BLA/boletinlegal/js/jquery.scrollTo-min.js HTTP/1.1" 200 1150
186.85.179.23 - - [22/Jun/2015:03:39:01 -0500] "GET /galeria/nivo-slider/demo/demo.html HTTP/1.1" 200 4712
186.85.179.23 - - [22/Jun/2015:03:39:07 -0500] "GET /galeria/nivo-slider/themes/default/default.css HTTP/1.1" 200 1569
