186.87.204.23 - - [27/Jun/2015:01:08:22 -0500] "GET /galeria/galeria/jquery.fancybox.css?v=2.1.5 HTTP/1.1" 200 4895
186.87.204.23 - - [27/Jun/2015:01:08:22 -0500] "GET /BLA/boletinlegal/js/jquery.scrollShow.js HTTP/1.1" 200 4586
186.87.204.23 - - [27/Jun/2015:01:08:22 -0500] "GET /BLA/boletinlegal/js/jquery.scrollTo-min.js HTTP/1.1" 200 1150
186.87.204.23 - - [27/Jun/2015:01:08:22 -0500] "GET /galeria/galeria/jquery.fancybox.js?v=2.1.5 HTTP/1.1" 200 48706
66.249.64.228 - - [27/Jun/2015:01:08:26 -0500] "GET /BLA/resoluciones/RESOLUCIONES%202013/5172.pdf HTTP/1.1" 200 235629
66.249.64.228 - - [27/Jun/2015:01:09:02 -0500] "GET /BLA/resoluciones/RESOLUCIONES%202010/2638.pdf HTTP/1.1" 200 502811
74.86.158.107 - - [27/Jun/2015:01:09:37 -0500] "HEAD / HTTP/1.1" 200 -
66.249.64.228 - - [27/Jun/2015:01:10:35 -0500] "GET /BLA/resoluciones/RESOLUCIONES%202014/0603.pdf HTTP/1.1" 200 576808
66.249.64.233 - - [27/Jun/2015:01:11:39 -0500] "GET /BLA/resoluciones/AUTOS%202009/2602.pdf HTTP/1.1" 200 104111
66.249.64.233 - - [27/Jun/2015:01:11:41 -0500] "GET /BLA/resoluciones/RESOLUCIONES%202010/2691.pdf HTTP/1.1" 200 381800
66.249.64.233 - - [27/Jun/2015:01:11:46 -0500] "GET /portalsiaccapacitaciones/Soportes%20Capacitaciones%20A%C3%B1o%202013/0036.%20Herramienta%20STORM%2005-09-2013.pdf HTTP/1.1" 404 1018
66.249.64.223 - - [27/Jun/2015:01:12:44 -0500] "GET /BLA/resoluciones/RESOLUCIONES%202013/0908.pdf HTTP/1.1" 304 -
66.249.64.233 - - [27/Jun/2015:01:13:48 -0500] "GET /BLA/resoluciones/AUTOS%202014/5661.pdf HTTP/1.1" 304 -
66.249.64.228 - - [27/Jun/2015:01:14:21 -0500] "GET /BLA/resoluciones/RESOLUCIONES%202007/RES%202007%201101%20AL%201200/RESOLUCION%201152%20DE%202007.pdf HTTP/1.1" 200 1138408
74.86.158.107 - - [27/Jun/2015:01:14:37 -0500] "HEAD / HTTP/1.1" 200 -
66.249.64.223 - - [27/Jun/2015:01:14:53 -0500] "GET /BLA/resoluciones/RESOLUCIONES%202010/6000.pdf HTTP/1.1" 304 -
66.249.64.223 - - [27/Jun/2015:01:15:27 -0500] "GET /BLA/resoluciones/RESOLUCIONES%202010/1557.pdf HTTP/1.1" 200 457475
66.249.64.233 - - [27/Jun/2015:01:15:58 -0500] "GET /autoliquidacion/Solicitudes%20relacionadas%20con%20calidad%20del%20aire%20auditiva%20y%20visual/Evaluaci%C3%B3n%20de%20Estudios%20de%20ruido/Aplicativo%20Evaluacion%20estudios%20de%20ruido%202015.xlsx HTTP/1.1" 304 -
66.249.64.223 - - [27/Jun/2015:01:17:02 -0500] "GET /BLA/resoluciones/RESOLUCIONES%202009/7963.pdf HTTP/1.1" 304 -
66.249.64.223 - - [27/Jun/2015:01:17:33 -0500] "GET /BLA/resoluciones/RESOLUCIONES%202007/RES%202007%202101%20AL%202200/RESOLUCION%202116%20DE%202007.pdf HTTP/1.1" 304 -
66.249.64.228 - - [27/Jun/2015:01:18:07 -0500] "GET /BLA/resoluciones/RESOLUCIONES%202013/1835.pdf HTTP/1.1" 304 -
66.249.64.223 - - [27/Jun/2015:01:18:58 -0500] "GET /BLA/resoluciones/RESOLUCIONES%202010/1359.pdf HTTP/1.1" 200 361308
66.249.64.228 - - [27/Jun/2015:01:19:05 -0500] "GET /BLA/circulares/6.pdf HTTP/1.1" 304 -
74.86.158.107 - - [27/Jun/2015:01:19:37 -0500] "HEAD / HTTP/1.1" 200 -
181.51.127.42 - - [27/Jun/2015:01:19:57 -0500] "GET /BLA/boletinlegal/js/jquery.scrollShow.js HTTP/1.1" 304 -
181.51.127.42 - - [27/Jun/2015:01:19:57 -0500] "GET /BLA/boletinlegal/js/jquery.scrollTo-min.js HTTP/1.1" 304 -
181.51.127.42 - - [27/Jun/2015:01:19:57 -0500] "GET /galeria/galeria/jquery.fancybox.js?v=2.1.5 HTTP/1.1" 304 -
181.51.127.42 - - [27/Jun/2015:01:19:57 -0500] "GET /galeria/galeria/jquery.fancybox.css?v=2.1.5 HTTP/1.1" 304 -
69.200.246.200 - - [27/Jun/2015:01:20:02 -0500] "GET /webdav/x32.php HTTP/1.1" 404 1018
66.249.64.233 - - [27/Jun/2015:01:20:07 -0500] "GET /BLA/resoluciones/RESOLUCIONES%202011/6971.pdf HTTP/1.1" 304 -
66.249.64.233 - - [27/Jun/2015:01:20:11 -0500] "GET /BLA/resoluciones/RESOLUCIONES%202010/3353.pdf HTTP/1.1" 200 516811
181.51.127.42 - - [27/Jun/2015:01:20:13 -0500] "GET /galeria/bibloteca/contentflow.js HTTP/1.1" 200 42804
181.51.127.42 - - [27/Jun/2015:01:20:13 -0500] "GET /galeria/bibloteca/contentflow.css HTTP/1.1" 200 3201
181.51.127.42 - - [27/Jun/2015:01:20:13 -0500] "GET /galeria/bibloteca/mycontentflow.css HTTP/1.1" 200 3110
181.51.127.42 - - [27/Jun/2015:01:20:13 -0500] "GET /galeria/bibloteca/ContentFlowAddOn_white.js HTTP/1.1" 200 2497
181.51.127.42 - - [27/Jun/2015:01:20:14 -0500] "GET /galeria/bibloteca/ContentFlowAddOn_white.css HTTP/1.1" 200 3355
181.51.127.42 - - [27/Jun/2015:01:20:14 -0500] "GET /galeria/bibloteca/img/loader.gif HTTP/1.1" 200 8238
181.51.127.42 - - [27/Jun/2015:01:20:14 -0500] "GET /galeria/bibloteca/img/slider_white.png HTTP/1.1" 200 178
181.51.127.42 - - [27/Jun/2015:01:20:14 -0500] "GET /galeria/bibloteca/img/scrollbar_white.png HTTP/1.1" 200 82
181.51.127.42 - - [27/Jun/2015:01:20:15 -0500] "GET /galeria/bibloteca/img/scrollbar_black.png HTTP/1.1" 200 82
181.51.127.42 - - [27/Jun/2015:01:20:15 -0500] "GET /galeria/bibloteca/img/1x1_0.5_white.png HTTP/1.1" 200 82
181.51.127.42 - - [27/Jun/2015:01:20:15 -0500] "GET /galeria/bibloteca/img/slider_black.png HTTP/1.1" 200 175
181.51.127.42 - - [27/Jun/2015:01:20:15 -0500] "GET /galeria/bibloteca/img/ajax-loader.gif HTTP/1.1" 200 9427
201.245.192.252 - - [27/Jun/2015:01:20:57 -0500] "GET /isolucionsda/bancoconocimiento/P/ProgramadeIncentivos2015/programa%20institucional%20de%20incentivos%2020150.pdf HTTP/1.1" 304 -
66.249.64.233 - - [27/Jun/2015:01:21:08 -0500] "GET /BLA/resoluciones/RESOLUCIONES%202007/RES%202007%202501%20AL%202600/RESOLUCION%202571%20DE%202007.pdf HTTP/1.1" 304 -
66.249.64.248 - - [27/Jun/2015:01:21:09 -0500] "GET /phpold/edu/ HTTP/1.1" 404 1019
151.80.31.148 - - [27/Jun/2015:01:22:03 -0500] "GET /BLA/resoluciones/AUTOS%202006/AUTOS%202006%20601-700/00000651.tif HTTP/1.1" 200 411076
66.249.64.223 - - [27/Jun/2015:01:22:10 -0500] "GET /BLA/resoluciones/AUTOS%202013/0066.pdf HTTP/1.1" 304 -
66.249.64.223 - - [27/Jun/2015:01:23:13 -0500] "GET /BLA/resoluciones/AUTOS%202011/2208.pdf HTTP/1.1" 304 -
66.249.64.223 - - [27/Jun/2015:01:24:16 -0500] "GET /BLA/resoluciones/RESOLUCIONES%202009/5131.pdf HTTP/1.1" 304 -
74.86.158.107 - - [27/Jun/2015:01:24:37 -0500] "HEAD / HTTP/1.1" 200 -
66.249.64.243 - - [27/Jun/2015:01:24:48 -0500] "GET /Anexos%20estudio%20Organizacional%20SDA/index.php?dir=ANEXO%20No.%208%20-%20MATRICES%20DE%20REGISTRO%20Y%20DE%20SALIDA%20MEDICI%D3N%20CARGAS%20LABORALES%20SDA/3.%20Direccion%20de%20Planeacion/&sort=size&order=desc HTTP/1.1" 200 2959
66.249.64.223 - - [27/Jun/2015:01:25:19 -0500] "GET /BLA/resoluciones/RESOLUCIONES%202007/RES%202007%203401%20AL%203500/RESOLUCION%203461%20DE%202007.pdf HTTP/1.1" 200 413939
180.76.15.159 - - [27/Jun/2015:01:25:39 -0500] "GET / HTTP/1.1" 200 10190
180.76.15.155 - - [27/Jun/2015:01:26:05 -0500] "GET / HTTP/1.1" 200 10190
186.85.144.76 - - [27/Jun/2015:01:26:06 -0500] "GET /galeria/nivo-slider/demo/demo.html HTTP/1.1" 200 4655
186.85.144.76 - - [27/Jun/2015:01:26:08 -0500] "GET /galeria/nivo-slider/themes/default/default.css HTTP/1.1" 200 1569
186.85.144.76 - - [27/Jun/2015:01:26:08 -0500] "GET /galeria/nivo-slider/demo/style.css HTTP/1.1" 200 2222
186.85.144.76 - - [27/Jun/2015:01:26:08 -0500] "GET /galeria/nivo-slider/themes/pascal/pascal.css HTTP/1.1" 200 2258
186.85.144.76 - - [27/Jun/2015:01:26:08 -0500] "GET /galeria/nivo-slider/themes/orman/orman.css HTTP/1.1" 200 2152
186.85.144.76 - - [27/Jun/2015:01:26:09 -0500] "GET /galeria/nivo-slider/nivo-slider.css HTTP/1.1" 200 1507
186.85.144.76 - - [27/Jun/2015:01:26:09 -0500] "GET /galeria/nivo-slider/demo/images/Rendicion-de-cuentas.jpg HTTP/1.1" 200 174889
186.85.144.76 - - [27/Jun/2015:01:26:09 -0500] "GET /galeria/nivo-slider/demo/scripts/jquery-1.7.1.min.js HTTP/1.1" 200 93868
186.85.144.76 - - [27/Jun/2015:01:26:09 -0500] "GET /galeria/nivo-slider/demo/images/Comparendo-ambiental-Banner.jpg HTTP/1.1" 200 83731
186.85.144.76 - - [27/Jun/2015:01:26:09 -0500] "GET /galeria/nivo-slider/demo/images/9Signos.jpg HTTP/1.1" 200 81776
186.85.144.76 - - [27/Jun/2015:01:26:09 -0500] "GET /galeria/nivo-slider/demo/images/GAE-banner.jpg HTTP/1.1" 200 97556
186.85.144.76 - - [27/Jun/2015:01:26:09 -0500] "GET /galeria/nivo-slider/demo/images/Banner-encuesta-de-percepscio.jpg HTTP/1.1" 200 201899
186.85.144.76 - - [27/Jun/2015:01:26:09 -0500] "GET /galeria/nivo-slider/demo/images/4Simple_Slider.png HTTP/1.1" 200 11722
186.85.144.76 - - [27/Jun/2015:01:26:10 -0500] "GET /galeria/nivo-slider/demo/images/banner-Pacto-por-la-madera.jpg HTTP/1.1" 200 209966
186.85.144.76 - - [27/Jun/2015:01:26:10 -0500] "GET /galeria/nivo-slider/themes/default/loading.gif HTTP/1.1" 200 1737
186.85.144.76 - - [27/Jun/2015:01:26:10 -0500] "GET /galeria/nivo-slider/demo/images/acuerdo_569.jpg HTTP/1.1" 200 62670
186.85.144.76 - - [27/Jun/2015:01:26:10 -0500] "GET /galeria/nivo-slider/demo/images/Licitaciones-proyecto-paramo.jpg HTTP/1.1" 200 221877
186.85.144.76 - - [27/Jun/2015:01:26:10 -0500] "GET /galeria/nivo-slider/demo/images/Banner-decreto1299.jpg HTTP/1.1" 200 182613
186.85.144.76 - - [27/Jun/2015:01:26:10 -0500] "GET /galeria/nivo-slider/demo/images/Banner-Directorio.jpg HTTP/1.1" 200 182068
186.85.144.76 - - [27/Jun/2015:01:26:10 -0500] "GET /galeria/nivo-slider/demo/images/Ruta-vertimientos-01.jpg HTTP/1.1" 200 130151
186.85.144.76 - - [27/Jun/2015:01:26:10 -0500] "GET /galeria/nivo-slider/demo/images/bolsas-06.jpg HTTP/1.1" 200 90982
186.85.144.76 - - [27/Jun/2015:01:26:11 -0500] "GET /galeria/nivo-slider/demo/images/Conoce-los-humedales.jpg HTTP/1.1" 200 294036
186.85.144.76 - - [27/Jun/2015:01:26:11 -0500] "GET /galeria/nivo-slider/demo/images/ecolecta-Dic2014.png HTTP/1.1" 200 288593
186.85.144.76 - - [27/Jun/2015:01:26:11 -0500] "GET /galeria/nivo-slider/demo/images/Banner-Caracol-Africano.jpg HTTP/1.1" 200 331986
186.85.144.76 - - [27/Jun/2015:01:26:12 -0500] "GET /galeria/nivo-slider/demo/images/banner-llantas2.jpg HTTP/1.1" 200 204644
66.249.64.228 - - [27/Jun/2015:01:26:22 -0500] "GET /BLA/resoluciones/RESOLUCIONES%202011/0745.pdf HTTP/1.1" 200 417002
66.249.64.233 - - [27/Jun/2015:01:27:24 -0500] "GET /BLA/resoluciones/RESOLUCIONES%202010/2823.pdf HTTP/1.1" 200 485651
66.249.64.233 - - [27/Jun/2015:01:28:29 -0500] "GET /BLA/resoluciones/AUTOS%202011/3993.pdf HTTP/1.1" 200 221719
157.55.39.46 - - [27/Jun/2015:01:28:35 -0500] "GET /videos/galeria-cronicas/2playlist.htm? HTTP/1.1" 200 5449
66.249.64.253 - - [27/Jun/2015:01:29:33 -0500] "GET /PruebasSTORM/silvicultura1Pruebas/ HTTP/1.1" 200 414
74.86.158.107 - - [27/Jun/2015:01:29:37 -0500] "HEAD / HTTP/1.1" 200 -
66.249.64.223 - - [27/Jun/2015:01:29:52 -0500] "GET / HTTP/1.1" 200 10190
66.249.64.228 - - [27/Jun/2015:01:30:38 -0500] "GET /BLA/resoluciones/RESOLUCIONES%202013/0905.pdf HTTP/1.1" 200 392280
199.195.118.53 - - [27/Jun/2015:01:31:40 -0500] "GET / HTTP/1.1" 200 10190
66.249.64.233 - - [27/Jun/2015:01:31:42 -0500] "GET /autoliquidacion/TR%C3%81MITES%20VERTIMIENTOS/PERMISOS%20DE%20VERTIMIENTOS/ANEXO3.%20LISTA%20DE%20CHEQUEO%20PERMISO%20VERT.%20ALCANTARILLADO%20-%20F.xls HTTP/1.1" 304 -
180.76.15.143 - - [27/Jun/2015:01:31:53 -0500] "GET /galeria/nivo-slider/demo/ HTTP/1.1" 200 2279
66.249.64.233 - - [27/Jun/2015:01:32:47 -0500] "GET /BLA/resoluciones/RESOLUCIONES%202008/3534.pdf HTTP/1.1" 304 -
201.245.192.252 - - [27/Jun/2015:01:32:47 -0500] "GET /BLA/boletinlegal/conceptos/2015/92.pdf HTTP/1.1" 304 -
66.249.64.233 - - [27/Jun/2015:01:33:21 -0500] "GET /BLA/resoluciones/RESOLUCIONES%202005/RES%202005%202051-2100/00002082.tif HTTP/1.1" 200 295138
66.249.64.228 - - [27/Jun/2015:01:33:49 -0500] "GET /BLA/resoluciones/AUTOS%202013/0167.pdf HTTP/1.1" 200 621223
74.86.158.107 - - [27/Jun/2015:01:34:37 -0500] "HEAD / HTTP/1.1" 200 -
66.249.64.228 - - [27/Jun/2015:01:34:52 -0500] "GET /BLA/resoluciones/AUTOS%202009/1930.pdf HTTP/1.1" 200 297049
66.249.64.223 - - [27/Jun/2015:01:35:56 -0500] "GET /BLA/resoluciones/Notificaciones/AUTOS%202013/02091.doc HTTP/1.1" 200 226816
190.236.21.95 - - [27/Jun/2015:01:36:44 -0500] "GET /videos/galeria-cronicas/playlist.htm HTTP/1.1" 200 8986
190.236.21.95 - - [27/Jun/2015:01:36:44 -0500] "GET /videos/galeria-cronicas/skin/blue.monday/jplayer.blue.monday.css HTTP/1.1" 200 12518
190.236.21.95 - - [27/Jun/2015:01:36:44 -0500] "GET /videos/galeria-cronicas/js/jquery.jplayer.min.js HTTP/1.1" 200 43668
190.236.21.95 - - [27/Jun/2015:01:36:44 -0500] "GET /videos/galeria-cronicas/js/jplayer.playlist.min.js HTTP/1.1" 200 8608
190.236.21.95 - - [27/Jun/2015:01:36:45 -0500] "GET /videos/galeria-cronicas/skin/blue.monday/jplayer.blue.monday.video.play.png HTTP/1.1" 200 14424
190.236.21.95 - - [27/Jun/2015:01:36:45 -0500] "GET /videos/galeria-cronicas/skin/blue.monday/jplayer.blue.monday.jpg HTTP/1.1" 200 23189
190.236.21.95 - - [27/Jun/2015:01:36:45 -0500] "GET /videos/galeria-cronicas/cronicas/NuestraGente20.mp4video.mp4 HTTP/1.1" 206 12986828
190.236.21.95 - - [27/Jun/2015:01:36:46 -0500] "GET /videos/galeria-cronicas/cronicas/NuestraGente20.mp4video.mp4 HTTP/1.1" 206 25234
190.236.21.95 - - [27/Jun/2015:01:36:47 -0500] "GET /videos/galeria-cronicas/cronicas/NuestraGente20.mp4video.mp4 HTTP/1.1" 206 12914523
190.236.21.95 - - [27/Jun/2015:01:36:51 -0500] "GET /videos/galeria-cronicas/cronicas/NuestraGente20.mp4video.mp4 HTTP/1.1" 206 12878955
66.249.64.228 - - [27/Jun/2015:01:36:59 -0500] "GET /BLA/resoluciones/AUTOS%202010/0864.pdf HTTP/1.1" 304 -
66.249.64.228 - - [27/Jun/2015:01:37:00 -0500] "GET /BLA/resoluciones/AUTOS%202007/3589.pdf HTTP/1.1" 200 231162
66.249.64.223 - - [27/Jun/2015:01:38:04 -0500] "GET /BLA/resoluciones/RESOLUCIONES%202007/RES%202007%202401%20AL%202500/RESOLUCION%202446%20%20DE%202007.pdf HTTP/1.1" 304 -
66.249.64.233 - - [27/Jun/2015:01:39:08 -0500] "GET /BLA/resoluciones/RESOLUCIONES%202010/7806.pdf HTTP/1.1" 200 726492
123.125.71.39 - - [27/Jun/2015:01:39:16 -0500] "GET / HTTP/1.1" 200 10190
74.86.158.107 - - [27/Jun/2015:01:39:37 -0500] "HEAD / HTTP/1.1" 200 -
66.249.64.228 - - [27/Jun/2015:01:40:13 -0500] "GET /BLA/resoluciones/RESOLUCIONES%202012/1391.pdf HTTP/1.1" 304 -
144.76.7.107 - - [27/Jun/2015:01:40:47 -0500] "GET /robots.txt HTTP/1.0" 404 1015
144.76.7.107 - - [27/Jun/2015:01:40:48 -0500] "GET /galeria/nivo-slider/?C=N;O=A HTTP/1.0" 200 2703
144.76.7.107 - - [27/Jun/2015:01:40:50 -0500] "GET /galeria/nivo-slider/themes/?C=D;O=A HTTP/1.0" 200 1421
144.76.7.107 - - [27/Jun/2015:01:40:52 -0500] "GET /galeria/nivo-slider/themes/?C=M;O=A HTTP/1.0" 200 1421
144.76.7.107 - - [27/Jun/2015:01:40:54 -0500] "GET /galeria/nivo-slider/themes/?C=N;O=D HTTP/1.0" 200 1421
144.76.7.107 - - [27/Jun/2015:01:40:55 -0500] "GET /galeria/nivo-slider/themes/?C=S;O=A HTTP/1.0" 200 1421
144.76.7.107 - - [27/Jun/2015:01:40:56 -0500] "GET /robots.txt HTTP/1.0" 404 1019
144.76.7.107 - - [27/Jun/2015:01:40:58 -0500] "GET /Autoliquidacion/index.php?dir=Grupo%20Forestal%20-%20Industria%20de%20la%20Madera/ HTTP/1.0" 200 7255
144.76.7.107 - - [27/Jun/2015:01:41:00 -0500] "GET /Autoliquidacion/index.php?dir=Grupo%20Forestal%20-%20Silvicultura/ HTTP/1.0" 200 5777
66.249.64.233 - - [27/Jun/2015:01:41:17 -0500] "GET /BLA/resoluciones/RESOLUCIONES%202012/0721.pdf HTTP/1.1" 304 -
66.249.64.223 - - [27/Jun/2015:01:42:22 -0500] "GET /BLA/resoluciones/RESOLUCIONES%202012/1114.pdf HTTP/1.1" 304 -
157.55.39.177 - - [27/Jun/2015:01:42:44 -0500] "GET /pot/pot11.htm HTTP/1.1" 404 1015
85.236.157.21 - - [27/Jun/2015:01:43:20 -0500] "GET /wp-admin/ HTTP/1.1" 404 1018
66.249.64.233 - - [27/Jun/2015:01:43:26 -0500] "GET /autoliquidacion/index.php?dir=Solicitudes+relacionadas+con+calidad+del+aire+auditiva+y+visual%2F HTTP/1.1" 200 5748
66.249.64.228 - - [27/Jun/2015:01:43:39 -0500] "GET /BLA/resoluciones/AUTOS%202012/0541.pdf HTTP/1.1" 200 287325
66.249.64.233 - - [27/Jun/2015:01:44:02 -0500] "GET /BLA/resoluciones/AUTOS%202012/0957.pdf HTTP/1.1" 200 171704
66.249.64.233 - - [27/Jun/2015:01:44:24 -0500] "GET /BLA/resoluciones/AUTOS%202010/0121.pdf HTTP/1.1" 304 -
74.86.158.107 - - [27/Jun/2015:01:44:37 -0500] "HEAD / HTTP/1.1" 200 -
66.249.64.233 - - [27/Jun/2015:01:45:05 -0500] "GET /BLA/boletinlegal/swfobject.js HTTP/1.1" 200 9763
66.249.64.228 - - [27/Jun/2015:01:45:06 -0500] "GET /BLA/boletinlegal/js/jquery1.js HTTP/1.1" 200 29846
66.249.64.223 - - [27/Jun/2015:01:45:06 -0500] "GET /BLA/boletinlegal/js/lib.js HTTP/1.1" 200 6474
66.249.64.228 - - [27/Jun/2015:01:45:07 -0500] "GET /BLA/boletinlegal/js/ajax.js HTTP/1.1" 200 772
66.249.64.228 - - [27/Jun/2015:01:45:07 -0500] "GET /BLA/boletinlegal/js/popup.js HTTP/1.1" 200 1270
62.210.105.163 - - [27/Jun/2015:01:45:06 -0500] "GET / HTTP/1.0" 200 32558
104.250.147.218 - - [27/Jun/2015:01:45:24 -0500] "GET /robots.txt HTTP/1.0" 404 1018
104.250.147.218 - - [27/Jun/2015:01:45:24 -0500] "GET /galeria/nivo-slider/demo/demo.html HTTP/1.0" 200 4655
66.249.64.233 - - [27/Jun/2015:01:45:25 -0500] "GET /BLA/resoluciones/AUTOS%202013/0817.pdf HTTP/1.1" 304 -
104.250.147.218 - - [27/Jun/2015:01:45:25 -0500] "GET /galeria/nivo-slider/demo/demo.html HTTP/1.0" 200 4655
201.245.192.252 - - [27/Jun/2015:01:46:08 -0500] "GET /BLA/resoluciones/ HTTP/1.1" 200 7728
186.137.20.124 - - [27/Jun/2015:01:46:13 -0500] "GET /galeria/carrusel/Carrusel/jquery-ui-1.8.13.custom.min.js HTTP/1.1" 200 10800
186.137.20.124 - - [27/Jun/2015:01:46:13 -0500] "GET /galeria/carrusel/Carrusel/jquery.thumbnailScroller.css HTTP/1.1" 200 2066
186.137.20.124 - - [27/Jun/2015:01:46:13 -0500] "GET /galeria/carrusel/Carrusel/jquery.thumbnailScroller.js HTTP/1.1" 200 8157
186.137.20.124 - - [27/Jun/2015:01:46:13 -0500] "GET /galeria/nivo-slider/demo/demo.html HTTP/1.1" 200 4655
186.137.20.124 - - [27/Jun/2015:01:46:14 -0500] "GET /galeria/nivo-slider/themes/default/default.css HTTP/1.1" 200 1569
186.137.20.124 - - [27/Jun/2015:01:46:14 -0500] "GET /galeria/nivo-slider/themes/pascal/pascal.css HTTP/1.1" 200 2258
186.137.20.124 - - [27/Jun/2015:01:46:14 -0500] "GET /galeria/nivo-slider/themes/orman/orman.css HTTP/1.1" 200 2152
186.137.20.124 - - [27/Jun/2015:01:46:15 -0500] "GET /galeria/nivo-slider/nivo-slider.css HTTP/1.1" 200 1507
186.137.20.124 - - [27/Jun/2015:01:46:15 -0500] "GET /galeria/nivo-slider/demo/style.css HTTP/1.1" 200 2222
186.137.20.124 - - [27/Jun/2015:01:46:15 -0500] "GET /galeria/nivo-slider/demo/scripts/jquery-1.7.1.min.js HTTP/1.1" 200 93868
186.137.20.124 - - [27/Jun/2015:01:46:15 -0500] "GET /galeria/nivo-slider/jquery.nivo.slider.pack.js HTTP/1.1" 200 11561
186.137.20.124 - - [27/Jun/2015:01:46:15 -0500] "GET /galeria/nivo-slider/demo/images/Rendicion-de-cuentas.jpg HTTP/1.1" 200 174889
186.137.20.124 - - [27/Jun/2015:01:46:15 -0500] "GET /galeria/nivo-slider/demo/images/9Signos.jpg HTTP/1.1" 200 81776
186.137.20.124 - - [27/Jun/2015:01:46:15 -0500] "GET /galeria/nivo-slider/demo/images/Comparendo-ambiental-Banner.jpg HTTP/1.1" 200 83731
186.137.20.124 - - [27/Jun/2015:01:46:15 -0500] "GET /galeria/nivo-slider/demo/images/GAE-banner.jpg HTTP/1.1" 200 97556
186.137.20.124 - - [27/Jun/2015:01:46:16 -0500] "GET /galeria/nivo-slider/demo/images/Banner-encuesta-de-percepscio.jpg HTTP/1.1" 200 201899
186.137.20.124 - - [27/Jun/2015:01:46:16 -0500] "GET /galeria/nivo-slider/demo/images/banner-Pacto-por-la-madera.jpg HTTP/1.1" 200 209966
186.137.20.124 - - [27/Jun/2015:01:46:16 -0500] "GET /galeria/nivo-slider/themes/default/loading.gif HTTP/1.1" 200 1737
186.137.20.124 - - [27/Jun/2015:01:46:16 -0500] "GET /galeria/nivo-slider/demo/images/4Simple_Slider.png HTTP/1.1" 200 11722
186.137.20.124 - - [27/Jun/2015:01:46:17 -0500] "GET /galeria/nivo-slider/demo/images/acuerdo_569.jpg HTTP/1.1" 200 62670
186.137.20.124 - - [27/Jun/2015:01:46:17 -0500] "GET /galeria/nivo-slider/demo/images/Licitaciones-proyecto-paramo.jpg HTTP/1.1" 200 221877
186.137.20.124 - - [27/Jun/2015:01:46:17 -0500] "GET /galeria/nivo-slider/demo/images/Banner-decreto1299.jpg HTTP/1.1" 200 182613
186.137.20.124 - - [27/Jun/2015:01:46:17 -0500] "GET /galeria/nivo-slider/demo/images/Banner-Directorio.jpg HTTP/1.1" 200 182068
186.137.20.124 - - [27/Jun/2015:01:46:17 -0500] "GET /galeria/nivo-slider/demo/images/Ruta-vertimientos-01.jpg HTTP/1.1" 200 130151
186.137.20.124 - - [27/Jun/2015:01:46:17 -0500] "GET /galeria/nivo-slider/demo/images/bolsas-06.jpg HTTP/1.1" 200 90982
186.137.20.124 - - [27/Jun/2015:01:46:17 -0500] "GET /galeria/nivo-slider/demo/images/Conoce-los-humedales.jpg HTTP/1.1" 200 294036
186.137.20.124 - - [27/Jun/2015:01:46:18 -0500] "GET /galeria/nivo-slider/demo/images/ecolecta-Dic2014.png HTTP/1.1" 200 288593
186.137.20.124 - - [27/Jun/2015:01:46:18 -0500] "GET /galeria/nivo-slider/demo/images/Banner-Caracol-Africano.jpg HTTP/1.1" 200 331986
186.137.20.124 - - [27/Jun/2015:01:46:19 -0500] "GET /galeria/nivo-slider/demo/images/banner-llantas2.jpg HTTP/1.1" 200 204644
186.137.20.124 - - [27/Jun/2015:01:46:20 -0500] "GET /galeria/nivo-slider/themes/default/bullets.png HTTP/1.1" 200 1281
186.137.20.124 - - [27/Jun/2015:01:46:20 -0500] "GET /galeria/nivo-slider/themes/default/arrows.png HTTP/1.1" 200 824
66.249.64.228 - - [27/Jun/2015:01:46:26 -0500] "GET /BLA/resoluciones/RESOLUCIONES%202010/7751.pdf HTTP/1.1" 304 -
151.80.31.148 - - [27/Jun/2015:01:46:37 -0500] "GET /BLA/resoluciones/AUTOS%202006/AUTOS%202006%20601-700/00000643.tif HTTP/1.1" 200 156686
66.249.64.233 - - [27/Jun/2015:01:47:27 -0500] "GET /BLA/resoluciones/RESOLUCIONES%202007/RES%202007%20701%20AL%20800/RESOLUCION%200787%20DE%202007.pdf HTTP/1.1" 304 -
66.249.64.228 - - [27/Jun/2015:01:48:30 -0500] "GET /BLA/resoluciones/AUTOS%202013/0494.pdf HTTP/1.1" 304 -
74.86.158.107 - - [27/Jun/2015:01:49:37 -0500] "HEAD / HTTP/1.1" 200 -
66.249.64.228 - - [27/Jun/2015:01:50:34 -0500] "GET /BLA/resoluciones/AUTOS%202008/1143.pdf HTTP/1.1" 304 -
66.249.64.223 - - [27/Jun/2015:01:51:37 -0500] "GET /BLA/resoluciones/RESOLUCIONES%202011/4654.pdf HTTP/1.1" 304 -
182.50.0.163 - - [27/Jun/2015:01:52:06 -0500] "GET /phpMyAdmin/scripts/setup.php HTTP/1.1" 403 1165
182.50.0.163 - - [27/Jun/2015:01:52:07 -0500] "GET /pma/scripts/setup.php HTTP/1.1" 404 1018
201.245.192.252 - - [27/Jun/2015:01:52:07 -0500] "GET /BLA/resoluciones/RESOLUCIONES%202015/0132.pdf HTTP/1.1" 304 -
182.50.0.163 - - [27/Jun/2015:01:52:10 -0500] "GET /myadmin/scripts/setup.php HTTP/1.1" 404 1018
201.234.75.11 - - [27/Jun/2015:01:52:36 -0500] "GET /galeria/nivo-slider/themes/orman/orman.css HTTP/1.1" 304 -
66.249.64.233 - - [27/Jun/2015:01:52:39 -0500] "GET /BLA/resoluciones/RESOLUCIONES%202014/0032.pdf HTTP/1.1" 200 1076422
85.236.157.21 - - [27/Jun/2015:01:52:55 -0500] "GET /test/wp-admin/ HTTP/1.1" 404 1018
66.249.64.233 - - [27/Jun/2015:01:53:43 -0500] "GET /BLA/resoluciones/RESOLUCIONES%202008/4491.pdf HTTP/1.1" 304 -
74.86.158.107 - - [27/Jun/2015:01:54:37 -0500] "HEAD / HTTP/1.1" 200 -
66.249.64.228 - - [27/Jun/2015:01:54:46 -0500] "GET /BLA/resoluciones/AUTOS%202012/0259.pdf HTTP/1.1" 304 -
180.76.15.148 - - [27/Jun/2015:01:55:44 -0500] "GET /BLA/resoluciones/RESOLUCIONES%202008/1018.pdf HTTP/1.1" 200 175280
66.249.64.228 - - [27/Jun/2015:01:55:50 -0500] "GET /BLA/resoluciones/RESOLUCIONES%202014/1941.pdf HTTP/1.1" 304 -
66.249.64.233 - - [27/Jun/2015:01:56:53 -0500] "GET /BLA/resoluciones/AUTOS%202008/3491.pdf HTTP/1.1" 304 -
201.245.192.252 - - [27/Jun/2015:01:57:27 -0500] "GET /forest/js/jquery/css/jquery-ui-selectmenu.css HTTP/1.1" 304 -
66.249.64.253 - - [27/Jun/2015:01:57:43 -0500] "GET /SIG/Gesti%C3%B3n%20de%20Recursos%20F%C3%ADsicos/126PA04-PR34.pdf HTTP/1.1" 200 80223
66.249.64.223 - - [27/Jun/2015:01:57:58 -0500] "GET /BLA/resoluciones/RESOLUCIONES%202010/3640.pdf HTTP/1.1" 200 760485
66.249.64.228 - - [27/Jun/2015:01:59:03 -0500] "GET /BLA/resoluciones/RESOLUCIONES%202011/5882.pdf HTTP/1.1" 200 470916
74.86.158.107 - - [27/Jun/2015:01:59:37 -0500] "HEAD / HTTP/1.1" 200 -
201.245.192.252 - - [27/Jun/2015:02:00:05 -0500] "GET /forestReports/webcontent/birt/ajax/core/BirtSoapResponse.js HTTP/1.1" 304 -
66.249.64.228 - - [27/Jun/2015:02:00:07 -0500] "GET /BLA/resoluciones/AUTOS%202011/2010.pdf HTTP/1.1" 200 264504
66.249.64.228 - - [27/Jun/2015:02:00:33 -0500] "GET /BLA/resoluciones/RESOLUCIONES%202010/0791.pdf HTTP/1.1" 200 96389
66.249.64.223 - - [27/Jun/2015:02:01:12 -0500] "GET /BLA/resoluciones/RESOLUCIONES%202010/3281.pdf HTTP/1.1" 200 750273
66.249.64.223 - - [27/Jun/2015:02:01:26 -0500] "GET /BLA/resoluciones/RESOLUCIONES%202007/RES%202007%203901%20AL%204000/RESOLUCION%203904%20DE%202007.pdf HTTP/1.1" 200 225786
201.245.192.252 - - [27/Jun/2015:02:01:56 -0500] "GET /forest/js/jquery/grid/css/ui.jqgrid.css HTTP/1.1" 304 -
88.198.233.69 - - [27/Jun/2015:02:01:57 -0500] "GET / HTTP/1.1" 200 10190
66.249.64.223 - - [27/Jun/2015:02:02:02 -0500] "GET /BLA/resoluciones/RESOLUCIONES%202010/4418.pdf HTTP/1.1" 200 456575
66.249.64.228 - - [27/Jun/2015:02:02:09 -0500] "GET /BLA/resoluciones/RESOLUCIONES%202005/RES%202005%202051-2100/00002052.tif HTTP/1.1" 200 138164
85.236.157.21 - - [27/Jun/2015:02:02:11 -0500] "GET /wordpress/wp-admin/ HTTP/1.1" 404 1018
66.249.64.233 - - [27/Jun/2015:02:02:17 -0500] "GET /BLA/resoluciones/AUTOS%202008/2031.pdf HTTP/1.1" 200 150042
66.249.64.228 - - [27/Jun/2015:02:04:00 -0500] "GET /BLA/resoluciones/RESOLUCIONES%202010/3931.pdf HTTP/1.1" 200 491065
66.249.64.228 - - [27/Jun/2015:02:04:24 -0500] "GET /BLA/resoluciones/RESOLUCIONES%202009/4720.pdf HTTP/1.1" 200 1109111
74.86.158.107 - - [27/Jun/2015:02:04:37 -0500] "HEAD / HTTP/1.1" 200 -
66.249.64.223 - - [27/Jun/2015:02:06:32 -0500] "GET /BLA/resoluciones/RESOLUCIONES%202009/8832.pdf HTTP/1.1" 200 558548
66.249.64.233 - - [27/Jun/2015:02:06:56 -0500] "GET /BLA/resoluciones/RESOLUCIONES%202007/RES%202007%202901%20AL%203000/RESOLUCION%202971%20DE%202007.pdf HTTP/1.1" 200 149377
66.249.64.223 - - [27/Jun/2015:02:07:32 -0500] "GET /BLA/resoluciones/AUTOS%202013/0401.pdf HTTP/1.1" 200 918656
66.249.64.228 - - [27/Jun/2015:02:07:49 -0500] "GET /BLA/resoluciones/AUTOS%202012/0498.pdf HTTP/1.1" 200 296583
66.249.64.223 - - [27/Jun/2015:02:07:49 -0500] "GET /BLA/resoluciones/AUTOS%202007/2366.pdf HTTP/1.1" 200 69526
66.249.64.223 - - [27/Jun/2015:02:08:40 -0500] "GET /BLA/resoluciones/RESOLUCIONES%202009/5057.pdf HTTP/1.1" 200 489735
74.86.158.107 - - [27/Jun/2015:02:09:37 -0500] "HEAD / HTTP/1.1" 200 -
66.249.64.248 - - [27/Jun/2015:02:10:47 -0500] "GET /ecodirectorio/files/res/pages/page_0079.swf HTTP/1.1" 200 179580
85.236.157.21 - - [27/Jun/2015:02:11:43 -0500] "GET /blog/wp-admin/ HTTP/1.1" 404 1018
66.249.64.228 - - [27/Jun/2015:02:12:55 -0500] "GET /BLA/resoluciones/RESOLUCIONES%202009/8552.pdf HTTP/1.1" 200 515410
201.245.192.252 - - [27/Jun/2015:02:13:55 -0500] "GET /forest/img/panel/alerta.png HTTP/1.1" 304 -
66.249.64.228 - - [27/Jun/2015:02:14:18 -0500] "GET /BLA/resoluciones/AUTOS%202010/0484.pdf HTTP/1.1" 200 184323
74.86.158.107 - - [27/Jun/2015:02:14:37 -0500] "HEAD / HTTP/1.1" 200 -
66.249.64.228 - - [27/Jun/2015:02:15:03 -0500] "GET /BLA/resoluciones/RESOLUCIONES%202008/2132.pdf HTTP/1.1" 200 439040
66.249.64.223 - - [27/Jun/2015:02:16:41 -0500] "GET /BLA/resoluciones/RESOLUCIONES%202007/RES%202007%202401%20AL%202500/RESOLUCION%202425%20DE%202007.pdf HTTP/1.1" 200 683572
66.249.64.223 - - [27/Jun/2015:02:16:44 -0500] "GET /BLA/resoluciones/RESOLUCIONES%202012/1197.pdf HTTP/1.1" 200 1042458
201.245.192.252 - - [27/Jun/2015:02:17:01 -0500] "GET /isolucionsda/bancoconocimiento/C/Circulardeejecucion_seguimientoycierrePptal2015yprogramacion2016/circular%2002%20de%202015%20-%20shd%20guia%20de%20ejecucion%2C%20seg%20y%20cierre%20pptal%202015%20y%20prog%20pptal%2020160.pdf HTTP/1.1" 304 -
66.249.64.223 - - [27/Jun/2015:02:17:11 -0500] "GET /BLA/resoluciones/AUTOS%202008/2440.pdf HTTP/1.1" 200 92786
201.245.192.252 - - [27/Jun/2015:02:17:24 -0500] "GET /forest/img/jquery/ui-icons_d8e7f3_256x240.png HTTP/1.1" 304 -
201.234.75.11 - - [27/Jun/2015:02:17:42 -0500] "GET /galeria/nivo-slider/demo/demo.html HTTP/1.1" 200 4655
66.249.64.228 - - [27/Jun/2015:02:17:42 -0500] "GET /BLA/resoluciones/AUTOS%202007/3352.pdf HTTP/1.1" 200 279699
66.249.64.233 - - [27/Jun/2015:02:17:45 -0500] "GET /BLA/resoluciones/RESOLUCIONES%202008/4495.pdf HTTP/1.1" 200 169360
66.249.64.223 - - [27/Jun/2015:02:17:58 -0500] "GET /BLA/resoluciones/AUTOS%202007/1462.pdf HTTP/1.1" 200 27319
66.249.64.233 - - [27/Jun/2015:02:18:31 -0500] "GET /BLA/resoluciones/RESOLUCIONES%202012/1375.pdf HTTP/1.1" 200 709873
66.249.64.228 - - [27/Jun/2015:02:18:36 -0500] "GET /BLA/resoluciones/RESOLUCIONES%202013/0596.pdf HTTP/1.1" 200 1592314
66.249.64.228 - - [27/Jun/2015:02:18:44 -0500] "GET /BLA/resoluciones/RESOLUCIONES%202012/1467.pdf HTTP/1.1" 200 1051256
66.249.64.223 - - [27/Jun/2015:02:18:51 -0500] "GET /BLA/resoluciones/RESOLUCIONES%202010/0675.pdf HTTP/1.1" 200 112656
66.249.64.233 - - [27/Jun/2015:02:19:19 -0500] "GET /BLA/resoluciones/RESOLUCIONES%202010/2733.pdf HTTP/1.1" 200 380024
31.4.208.44 - - [27/Jun/2015:02:19:28 -0500] "GET /galeria/galeria/fotos/1humedal-Burro1G.jpg HTTP/1.1" 200 132804
74.86.158.107 - - [27/Jun/2015:02:19:37 -0500] "HEAD / HTTP/1.1" 200 -
85.236.157.21 - - [27/Jun/2015:02:20:53 -0500] "GET /wp/wp-admin/ HTTP/1.1" 404 1018
190.127.232.212 - - [27/Jun/2015:02:21:08 -0500] "GET /BLA/resoluciones/AUTOS%202010/5342.pdf HTTP/1.1" 200 474790
201.234.75.11 - - [27/Jun/2015:02:21:22 -0500] "GET /galeria/nivo-slider/demo/images/RdaNegociosFiltros.jpg HTTP/1.1" 304 -
66.249.64.233 - - [27/Jun/2015:02:21:27 -0500] "GET /BLA/resoluciones/AUTOS%202011/1655.pdf HTTP/1.1" 200 172493
186.159.10.165 - - [27/Jun/2015:02:22:35 -0500] "GET /BLA/boletinlegal/js/jquery.scrollTo-min.js HTTP/1.1" 200 1150
186.159.10.165 - - [27/Jun/2015:02:22:35 -0500] "GET /galeria/galeria/jquery.fancybox.css?v=2.1.5 HTTP/1.1" 200 4895
186.159.10.165 - - [27/Jun/2015:02:22:35 -0500] "GET /galeria/galeria/jquery.fancybox.js?v=2.1.5 HTTP/1.1" 200 48706
186.159.10.165 - - [27/Jun/2015:02:22:35 -0500] "GET /BLA/boletinlegal/js/jquery.scrollShow.js HTTP/1.1" 200 4586
186.159.10.165 - - [27/Jun/2015:02:22:52 -0500] "GET /galeria/galeria/jquery.fancybox.css?v=2.1.5 HTTP/1.1" 304 -
186.159.10.165 - - [27/Jun/2015:02:22:52 -0500] "GET /BLA/boletinlegal/js/jquery.scrollTo-min.js HTTP/1.1" 304 -
186.159.10.165 - - [27/Jun/2015:02:22:52 -0500] "GET /BLA/boletinlegal/js/jquery.scrollShow.js HTTP/1.1" 304 -
186.159.10.165 - - [27/Jun/2015:02:22:52 -0500] "GET /galeria/galeria/jquery.fancybox.js?v=2.1.5 HTTP/1.1" 304 -
66.249.64.233 - - [27/Jun/2015:02:23:35 -0500] "GET /BLA/resoluciones/RESOLUCIONES%202011/3001.pdf HTTP/1.1" 200 974990
186.113.10.143 - - [27/Jun/2015:02:23:36 -0500] "GET /galeria/nivo-slider/demo/demo.html HTTP/1.1" 304 -
74.86.158.107 - - [27/Jun/2015:02:24:37 -0500] "HEAD / HTTP/1.1" 200 -
66.249.64.233 - - [27/Jun/2015:02:25:41 -0500] "GET /BLA/resoluciones/RESOLUCIONES%202010/2539.pdf HTTP/1.1" 200 499793
180.76.15.160 - - [27/Jun/2015:02:27:30 -0500] "GET /BLA/boletinlegal/js/jquery.scrollShow.js HTTP/1.1" 200 4586
180.76.15.148 - - [27/Jun/2015:02:27:30 -0500] "GET /BLA/boletinlegal/js/jquery.scrollTo-min.js HTTP/1.1" 200 1150
180.76.15.145 - - [27/Jun/2015:02:27:30 -0500] "GET /galeria/galeria/jquery.fancybox.js?v=2.1.5 HTTP/1.1" 200 48706
180.76.15.150 - - [27/Jun/2015:02:27:30 -0500] "GET /galeria/galeria/jquery.fancybox.css?v=2.1.5 HTTP/1.1" 200 4895
137.183.232.27 - - [27/Jun/2015:02:27:41 -0500] "GET /galeria/galeria/jquery.fancybox.js?v=2.1.5 HTTP/1.1" 304 -
66.249.64.223 - - [27/Jun/2015:02:27:48 -0500] "GET /BLA/resoluciones/AUTOS%202008/1859.pdf HTTP/1.1" 200 262713
66.249.64.223 - - [27/Jun/2015:02:28:12 -0500] "GET /BLA/resoluciones/RESOLUCIONES%202010/2960.pdf HTTP/1.1" 200 1169213
66.249.64.233 - - [27/Jun/2015:02:28:26 -0500] "GET /BLA/resoluciones/AUTOS%202010/0844.pdf HTTP/1.1" 200 181107
74.86.158.107 - - [27/Jun/2015:02:29:37 -0500] "HEAD / HTTP/1.1" 200 -
157.55.39.46 - - [27/Jun/2015:02:29:44 -0500] "GET /videos/galeria-cronicas/skin/blue.monday/jplayer.blue.monday.css HTTP/1.1" 200 12518
157.55.39.55 - - [27/Jun/2015:02:29:49 -0500] "GET /videos/galeria-cronicas/js/jquery.jplayer.min.js HTTP/1.1" 200 43668
157.55.39.180 - - [27/Jun/2015:02:29:55 -0500] "GET /robots.txt HTTP/1.1" 404 1018
66.249.64.233 - - [27/Jun/2015:02:29:55 -0500] "GET /BLA/resoluciones/RESOLUCIONES%202010/3940.pdf HTTP/1.1" 200 515441
85.236.157.21 - - [27/Jun/2015:02:30:05 -0500] "GET /old/wp-admin/ HTTP/1.1" 404 1018
180.76.15.162 - - [27/Jun/2015:02:30:15 -0500] "GET / HTTP/1.1" 200 10190
180.76.15.6 - - [27/Jun/2015:02:30:47 -0500] "GET / HTTP/1.1" 200 10190
157.55.39.180 - - [27/Jun/2015:02:30:48 -0500] "GET /videos/galeria-cronicas/js/jplayer.playlist.min.js HTTP/1.1" 200 8608
66.249.64.223 - - [27/Jun/2015:02:30:57 -0500] "GET /BLA/resoluciones/RESOLUCIONES%202005/RES%202005%202051-2100/00002077.tif HTTP/1.1" 200 158234
201.245.192.252 - - [27/Jun/2015:02:31:33 -0500] "GET /forest/img/base/login/bgBtnLogin2.jpg HTTP/1.1" 304 -
66.249.64.228 - - [27/Jun/2015:02:31:39 -0500] "GET /BLA/resoluciones/RESOLUCIONES%202010/3298.pdf HTTP/1.1" 200 505887
199.195.118.53 - - [27/Jun/2015:02:31:52 -0500] "GET / HTTP/1.1" 200 10190
66.249.64.223 - - [27/Jun/2015:02:32:02 -0500] "GET /BLA/resoluciones/RESOLUCIONES%202008/1873.pdf HTTP/1.1" 200 202833
66.249.64.223 - - [27/Jun/2015:02:32:27 -0500] "GET /BLA/resoluciones/RESOLUCIONES%202010/3327.pdf HTTP/1.1" 200 755155
184.6.5.140 - - [27/Jun/2015:02:33:24 -0500] "GET /webdav/x32.php?host=72.183.217.104&time=60&port=80 HTTP/1.1" 404 1018
201.245.192.252 - - [27/Jun/2015:02:33:59 -0500] "GET /forest/img/pantalla.gif HTTP/1.1" 304 -
66.249.64.223 - - [27/Jun/2015:02:34:09 -0500] "GET /BLA/resoluciones/RESOLUCIONES%202010/1147.pdf HTTP/1.1" 200 111696
74.86.158.107 - - [27/Jun/2015:02:34:37 -0500] "HEAD / HTTP/1.1" 200 -
180.76.15.157 - - [27/Jun/2015:02:34:47 -0500] "GET /BLA/boletinlegal/jurisprudencia.php HTTP/1.1" 200 12451
66.249.64.233 - - [27/Jun/2015:02:36:02 -0500] "GET /BLA/resoluciones/RESOLUCIONES%202007/RES%202007%202901%20AL%203000/RESOLUCION%202973%20DE%202007.pdf HTTP/1.1" 200 515556
66.249.64.223 - - [27/Jun/2015:02:36:16 -0500] "GET /BLA/resoluciones/RESOLUCIONES%202007/RES%202007%202101%20AL%202200/RESOLUCION%202116%20DE%202007.pdf HTTP/1.1" 304 -
66.249.64.223 - - [27/Jun/2015:02:37:31 -0500] "GET /BLA/resoluciones/AUTOS%202007/2437.pdf HTTP/1.1" 200 29621
66.249.64.223 - - [27/Jun/2015:02:38:23 -0500] "GET /BLA/resoluciones/RESOLUCIONES%202008/5537.pdf HTTP/1.1" 304 -
201.245.192.252 - - [27/Jun/2015:02:38:31 -0500] "GET /isolucionsda/bancoconocimiento/R/RotulodeCarpeta_v4/126pa06-pr05-f-a2%20formato%20rotulo%20de%20carpeta0.xls HTTP/1.1" 304 -
66.249.64.228 - - [27/Jun/2015:02:38:59 -0500] "GET /BLA/resoluciones/RESOLUCIONES%202012/0867.pdf HTTP/1.1" 200 385117
74.86.158.107 - - [27/Jun/2015:02:39:37 -0500] "HEAD / HTTP/1.1" 200 -
66.249.64.223 - - [27/Jun/2015:02:39:43 -0500] "GET /BLA/resoluciones/AUTOS%202010/0378.pdf HTTP/1.1" 200 176891
91.102.13.130 - - [27/Jun/2015:02:40:20 -0500] "GET /BLA/boletinlegal/js/jquery.scrollTo-min.js HTTP/1.1" 200 1150
91.102.13.130 - - [27/Jun/2015:02:40:20 -0500] "GET /galeria/galeria/jquery.fancybox.js?v=2.1.5 HTTP/1.1" 200 48706
91.102.13.130 - - [27/Jun/2015:02:40:20 -0500] "GET /BLA/boletinlegal/js/jquery.scrollShow.js HTTP/1.1" 200 4586
91.102.13.130 - - [27/Jun/2015:02:40:20 -0500] "GET /galeria/galeria/jquery.fancybox.css?v=2.1.5 HTTP/1.1" 200 4895
91.102.13.130 - - [27/Jun/2015:02:40:20 -0500] "GET /galeria/carrusel/Carrusel/jquery.thumbnailScroller.css HTTP/1.1" 200 2066
91.102.13.130 - - [27/Jun/2015:02:40:20 -0500] "GET /galeria/carrusel/Carrusel/jquery-ui-1.8.13.custom.min.js HTTP/1.1" 200 10800
91.102.13.130 - - [27/Jun/2015:02:40:21 -0500] "GET /galeria/carrusel/Carrusel/jquery.thumbnailScroller.js HTTP/1.1" 200 8157
91.102.13.130 - - [27/Jun/2015:02:40:27 -0500] "GET /galeria/nivo-slider/demo/demo.html HTTP/1.1" 200 4655
91.102.13.130 - - [27/Jun/2015:02:40:27 -0500] "GET /galeria/nivo-slider/themes/default/default.css HTTP/1.1" 200 1569
91.102.13.130 - - [27/Jun/2015:02:40:27 -0500] "GET /galeria/nivo-slider/themes/pascal/pascal.css HTTP/1.1" 200 2258
91.102.13.130 - - [27/Jun/2015:02:40:27 -0500] "GET /galeria/nivo-slider/themes/orman/orman.css HTTP/1.1" 200 2152
91.102.13.130 - - [27/Jun/2015:02:40:27 -0500] "GET /galeria/nivo-slider/nivo-slider.css HTTP/1.1" 200 1507
91.102.13.130 - - [27/Jun/2015:02:40:27 -0500] "GET /galeria/nivo-slider/demo/style.css HTTP/1.1" 200 2222
91.102.13.130 - - [27/Jun/2015:02:40:27 -0500] "GET /galeria/nivo-slider/demo/images/Rendicion-de-cuentas.jpg HTTP/1.1" 200 174889
91.102.13.130 - - [27/Jun/2015:02:40:28 -0500] "GET /galeria/nivo-slider/demo/images/9Signos.jpg HTTP/1.1" 200 81776
91.102.13.130 - - [27/Jun/2015:02:40:28 -0500] "GET /galeria/nivo-slider/demo/images/Comparendo-ambiental-Banner.jpg HTTP/1.1" 200 83731
91.102.13.130 - - [27/Jun/2015:02:40:28 -0500] "GET /galeria/nivo-slider/demo/images/GAE-banner.jpg HTTP/1.1" 200 97556
91.102.13.130 - - [27/Jun/2015:02:40:28 -0500] "GET /galeria/nivo-slider/demo/images/Banner-encuesta-de-percepscio.jpg HTTP/1.1" 200 201899
91.102.13.130 - - [27/Jun/2015:02:40:28 -0500] "GET /galeria/nivo-slider/demo/images/banner-Pacto-por-la-madera.jpg HTTP/1.1" 200 209966
66.249.64.223 - - [27/Jun/2015:02:40:30 -0500] "GET /BLA/resoluciones/RESOLUCIONES%202009/7924.pdf HTTP/1.1" 200 48958
91.102.13.130 - - [27/Jun/2015:02:40:31 -0500] "GET /galeria/nivo-slider/demo/images/acuerdo_569.jpg HTTP/1.1" 200 62670
91.102.13.130 - - [27/Jun/2015:02:40:31 -0500] "GET /galeria/nivo-slider/demo/images/Licitaciones-proyecto-paramo.jpg HTTP/1.1" 200 221877
91.102.13.130 - - [27/Jun/2015:02:40:31 -0500] "GET /galeria/nivo-slider/demo/scripts/jquery-1.7.1.min.js HTTP/1.1" 200 93868
91.102.13.130 - - [27/Jun/2015:02:40:31 -0500] "GET /galeria/nivo-slider/jquery.nivo.slider.pack.js HTTP/1.1" 200 11561
91.102.13.130 - - [27/Jun/2015:02:40:31 -0500] "GET /galeria/nivo-slider/demo/images/Banner-decreto1299.jpg HTTP/1.1" 200 182613
91.102.13.130 - - [27/Jun/2015:02:40:31 -0500] "GET /galeria/nivo-slider/demo/images/Banner-Directorio.jpg HTTP/1.1" 200 182068
91.102.13.130 - - [27/Jun/2015:02:40:32 -0500] "GET /galeria/nivo-slider/demo/images/Ruta-vertimientos-01.jpg HTTP/1.1" 200 130151
91.102.13.130 - - [27/Jun/2015:02:40:32 -0500] "GET /galeria/nivo-slider/demo/images/bolsas-06.jpg HTTP/1.1" 200 90982
91.102.13.130 - - [27/Jun/2015:02:40:33 -0500] "GET /galeria/nivo-slider/demo/images/Conoce-los-humedales.jpg HTTP/1.1" 200 294036
91.102.13.130 - - [27/Jun/2015:02:40:34 -0500] "GET /galeria/nivo-slider/demo/images/ecolecta-Dic2014.png HTTP/1.1" 200 288593
91.102.13.130 - - [27/Jun/2015:02:40:34 -0500] "GET /galeria/nivo-slider/demo/images/Banner-Caracol-Africano.jpg HTTP/1.1" 200 331986
91.102.13.130 - - [27/Jun/2015:02:40:35 -0500] "GET /galeria/nivo-slider/demo/images/banner-llantas2.jpg HTTP/1.1" 200 204644
91.102.13.130 - - [27/Jun/2015:02:40:35 -0500] "GET /galeria/nivo-slider/demo/images/4Simple_Slider.png HTTP/1.1" 200 11722
91.102.13.130 - - [27/Jun/2015:02:40:36 -0500] "GET /galeria/nivo-slider/themes/default/loading.gif HTTP/1.1" 200 1737
66.249.64.233 - - [27/Jun/2015:02:40:37 -0500] "GET /BLA/resoluciones/RESOLUCIONES%202010/1621.pdf HTTP/1.1" 200 518769
91.102.13.130 - - [27/Jun/2015:02:40:41 -0500] "GET /galeria/nivo-slider/themes/default/arrows.png HTTP/1.1" 200 824
91.102.13.130 - - [27/Jun/2015:02:40:41 -0500] "GET /galeria/nivo-slider/themes/default/bullets.png HTTP/1.1" 200 1281
91.102.13.130 - - [27/Jun/2015:02:40:51 -0500] "GET /galeria/nivo-slider/demo/images/Rendicion-de-cuentas.jpg HTTP/1.1" 200 174889
91.102.13.130 - - [27/Jun/2015:02:40:52 -0500] "GET /galeria/nivo-slider/demo/images/9Signos.jpg HTTP/1.1" 200 81776
91.102.13.130 - - [27/Jun/2015:02:41:02 -0500] "GET /galeria/nivo-slider/demo/images/9Signos.jpg HTTP/1.1" 200 81776
91.102.13.130 - - [27/Jun/2015:02:41:02 -0500] "GET /galeria/nivo-slider/demo/images/Comparendo-ambiental-Banner.jpg HTTP/1.1" 200 83731
66.249.64.228 - - [27/Jun/2015:02:41:09 -0500] "GET /BLA/resoluciones/RESOLUCIONES%202007/RES%202007%201401%20AL%201500/RESOLUCION%201436%20DE%202007.pdf HTTP/1.1" 200 164468
91.102.13.130 - - [27/Jun/2015:02:41:11 -0500] "GET /galeria/nivo-slider/demo/images/Comparendo-ambiental-Banner.jpg HTTP/1.1" 200 83731
91.102.13.130 - - [27/Jun/2015:02:41:11 -0500] "GET /galeria/nivo-slider/demo/images/GAE-banner.jpg HTTP/1.1" 200 97556
91.102.13.130 - - [27/Jun/2015:02:41:22 -0500] "GET /galeria/nivo-slider/demo/images/GAE-banner.jpg HTTP/1.1" 200 97556
91.102.13.130 - - [27/Jun/2015:02:41:22 -0500] "GET /galeria/nivo-slider/demo/images/Banner-encuesta-de-percepscio.jpg HTTP/1.1" 200 201899
66.249.64.233 - - [27/Jun/2015:02:41:25 -0500] "GET /BLA/resoluciones/RESOLUCIONES%202010/1465.pdf HTTP/1.1" 200 433841
91.102.13.130 - - [27/Jun/2015:02:41:31 -0500] "GET /galeria/nivo-slider/demo/images/Banner-encuesta-de-percepscio.jpg HTTP/1.1" 200 201899
91.102.13.130 - - [27/Jun/2015:02:41:31 -0500] "GET /galeria/nivo-slider/demo/images/banner-Pacto-por-la-madera.jpg HTTP/1.1" 200 209966
91.102.13.130 - - [27/Jun/2015:02:41:42 -0500] "GET /galeria/nivo-slider/demo/images/acuerdo_569.jpg HTTP/1.1" 200 62670
91.102.13.130 - - [27/Jun/2015:02:41:51 -0500] "GET /galeria/nivo-slider/demo/images/acuerdo_569.jpg HTTP/1.1" 200 62670
91.102.13.130 - - [27/Jun/2015:02:41:52 -0500] "GET /galeria/nivo-slider/demo/images/Licitaciones-proyecto-paramo.jpg HTTP/1.1" 200 221877
91.102.13.130 - - [27/Jun/2015:02:42:02 -0500] "GET /galeria/nivo-slider/demo/images/Banner-decreto1299.jpg HTTP/1.1" 200 182613
91.102.13.130 - - [27/Jun/2015:02:42:12 -0500] "GET /galeria/nivo-slider/demo/images/Banner-decreto1299.jpg HTTP/1.1" 200 182613
91.102.13.130 - - [27/Jun/2015:02:42:12 -0500] "GET /galeria/nivo-slider/demo/images/Banner-Directorio.jpg HTTP/1.1" 200 182068
91.102.13.130 - - [27/Jun/2015:02:42:21 -0500] "GET /galeria/nivo-slider/demo/images/Ruta-vertimientos-01.jpg HTTP/1.1" 200 130151
91.102.13.130 - - [27/Jun/2015:02:42:31 -0500] "GET /galeria/nivo-slider/demo/images/bolsas-06.jpg HTTP/1.1" 200 90982
66.249.64.228 - - [27/Jun/2015:02:42:38 -0500] "GET /BLA/resoluciones/RESOLUCIONES%202010/6025.pdf HTTP/1.1" 200 4514573
91.102.13.130 - - [27/Jun/2015:02:42:41 -0500] "GET /galeria/nivo-slider/demo/images/bolsas-06.jpg HTTP/1.1" 200 90982
91.102.13.130 - - [27/Jun/2015:02:42:41 -0500] "GET /galeria/nivo-slider/demo/images/Conoce-los-humedales.jpg HTTP/1.1" 200 294036
91.102.13.130 - - [27/Jun/2015:02:42:52 -0500] "GET /galeria/nivo-slider/demo/images/Conoce-los-humedales.jpg HTTP/1.1" 200 294036
91.102.13.130 - - [27/Jun/2015:02:42:52 -0500] "GET /galeria/nivo-slider/demo/images/ecolecta-Dic2014.png HTTP/1.1" 200 288593
91.102.13.130 - - [27/Jun/2015:02:43:02 -0500] "GET /galeria/nivo-slider/demo/images/Banner-Caracol-Africano.jpg HTTP/1.1" 200 331986
66.249.64.233 - - [27/Jun/2015:02:43:07 -0500] "GET /BLA/resoluciones/RESOLUCIONES%202007/RES%202007%20301%20AL%20400/RESOLUCION%200359%20DE%202007.pdf HTTP/1.1" 200 500777
91.102.13.130 - - [27/Jun/2015:02:43:12 -0500] "GET /galeria/nivo-slider/demo/images/banner-llantas2.jpg HTTP/1.1" 200 204644
66.249.64.228 - - [27/Jun/2015:02:43:14 -0500] "GET /BLA/resoluciones/RESOLUCIONES%202007/RES%202007%203001%20AL%203100/RESOLUCION%203085%20DE%202007.pdf HTTP/1.1" 200 75098
66.249.64.228 - - [27/Jun/2015:02:43:19 -0500] "GET /BLA/resoluciones/RESOLUCIONES%202010/1572.pdf HTTP/1.1" 200 495155
66.249.64.233 - - [27/Jun/2015:02:43:29 -0500] "GET /BLA/resoluciones/RESOLUCIONES%202010/1414.pdf HTTP/1.1" 200 3523015
66.249.64.228 - - [27/Jun/2015:02:44:19 -0500] "GET /BLA/resoluciones/RESOLUCIONES%202010/2223.pdf HTTP/1.1" 200 511978
66.249.64.223 - - [27/Jun/2015:02:44:32 -0500] "GET /BLA/resoluciones/RESOLUCIONES%202010/2063.pdf HTTP/1.1" 200 62776
66.249.64.233 - - [27/Jun/2015:02:44:33 -0500] "GET /BLA/resoluciones/AUTOS%202012/0399.pdf HTTP/1.1" 200 238053
74.86.158.107 - - [27/Jun/2015:02:44:37 -0500] "HEAD / HTTP/1.1" 200 -
66.249.64.233 - - [27/Jun/2015:02:44:43 -0500] "GET /BLA/resoluciones/RESOLUCIONES%202010/3691.pdf HTTP/1.1" 200 513189
66.249.64.233 - - [27/Jun/2015:02:44:45 -0500] "GET /BLA/resoluciones/RESOLUCIONES%202009/0092.pdf HTTP/1.1" 200 168939
66.249.64.223 - - [27/Jun/2015:02:44:49 -0500] "GET /BLA/resoluciones/AUTOS%202012/0259.pdf HTTP/1.1" 200 244756
201.245.192.252 - - [27/Jun/2015:02:45:40 -0500] "GET /isolucionsda/bancoconocimiento/A/AreaMetropolitanadelvalledeaburrares1588/area%20metropolitana%20del%20valle%20de%20aburra%20res%2015880.pdf HTTP/1.1" 304 -
66.249.64.223 - - [27/Jun/2015:02:46:52 -0500] "GET /BLA/resoluciones/AUTOS%202011/4503.pdf HTTP/1.1" 304 -
66.249.64.223 - - [27/Jun/2015:02:47:15 -0500] "GET /BLA/resoluciones/RESOLUCIONES%25202013/0683.pdf HTTP/1.1" 404 1018
66.249.64.228 - - [27/Jun/2015:02:47:49 -0500] "GET /BLA/resoluciones/AUTOS%202007/0428.pdf HTTP/1.1" 200 120042
66.249.64.248 - - [27/Jun/2015:02:48:24 -0500] "GET /htdocs/gallery2/g2data/cache/derivative/2/6/268-meta.inc HTTP/1.1" 404 1019
66.249.64.233 - - [27/Jun/2015:02:48:59 -0500] "GET /BLA/resoluciones/AUTOS%202008/2280.pdf HTTP/1.1" 200 100126
66.249.64.223 - - [27/Jun/2015:02:49:36 -0500] "GET /BLA/resoluciones/RESOLUCIONES%202010/1993.pdf HTTP/1.1" 200 335556
74.86.158.107 - - [27/Jun/2015:02:49:37 -0500] "HEAD / HTTP/1.1" 200 -
66.249.64.233 - - [27/Jun/2015:02:50:22 -0500] "GET /BLA/resoluciones/AUTOS%202007/0136.pdf HTTP/1.1" 200 107529
66.249.64.233 - - [27/Jun/2015:02:50:51 -0500] "GET /BLA/resoluciones/RESOLUCIONES%202012/1714.pdf HTTP/1.1" 304 -
66.249.64.228 - - [27/Jun/2015:02:51:08 -0500] "GET /BLA/resoluciones/RESOLUCIONES%202010/2033.pdf HTTP/1.1" 200 677574
66.249.64.228 - - [27/Jun/2015:02:51:22 -0500] "GET /BLA/resoluciones/RESOLUCIONES%202010/4565.pdf HTTP/1.1" 200 649180
66.249.64.228 - - [27/Jun/2015:02:51:24 -0500] "GET /BLA/resoluciones/RESOLUCIONES%202010/1139.pdf HTTP/1.1" 200 93621
66.249.64.223 - - [27/Jun/2015:02:51:39 -0500] "GET /BLA/resoluciones/AUTOS%202007/1351.pdf HTTP/1.1" 200 51207
66.249.64.228 - - [27/Jun/2015:02:52:03 -0500] "GET /BLA/resoluciones/RESOLUCIONES%202012/1030.pdf HTTP/1.1" 200 585959
186.83.52.96 - - [27/Jun/2015:02:52:32 -0500] "GET /galeria/galeria/jquery.fancybox.css?v=2.1.5 HTTP/1.1" 200 4895
186.83.52.96 - - [27/Jun/2015:02:52:32 -0500] "GET /galeria/galeria/jquery.fancybox.js?v=2.1.5 HTTP/1.1" 200 48706
186.83.52.96 - - [27/Jun/2015:02:52:32 -0500] "GET /BLA/boletinlegal/js/jquery.scrollTo-min.js HTTP/1.1" 200 1150
186.83.52.96 - - [27/Jun/2015:02:52:32 -0500] "GET /BLA/boletinlegal/js/jquery.scrollShow.js HTTP/1.1" 200 4586
186.83.52.96 - - [27/Jun/2015:02:52:43 -0500] "GET /galeria/galeria/jquery.fancybox.css?v=2.1.5 HTTP/1.1" 304 -
186.83.52.96 - - [27/Jun/2015:02:52:43 -0500] "GET /BLA/boletinlegal/js/jquery.scrollTo-min.js HTTP/1.1" 304 -
186.83.52.96 - - [27/Jun/2015:02:52:43 -0500] "GET /galeria/galeria/jquery.fancybox.js?v=2.1.5 HTTP/1.1" 304 -
186.83.52.96 - - [27/Jun/2015:02:52:43 -0500] "GET /BLA/boletinlegal/js/jquery.scrollShow.js HTTP/1.1" 304 -
66.249.64.233 - - [27/Jun/2015:02:52:50 -0500] "GET /BLA/resoluciones/RESOLUCIONES%202010/0523.pdf HTTP/1.1" 304 -
66.249.64.223 - - [27/Jun/2015:02:53:47 -0500] "GET /BLA/resoluciones/RESOLUCIONES%202010/2414.pdf HTTP/1.1" 200 368054
66.249.64.223 - - [27/Jun/2015:02:54:08 -0500] "GET /BLA/resoluciones/RESOLUCIONES%202010/4277.pdf HTTP/1.1" 200 627452
74.86.158.107 - - [27/Jun/2015:02:54:37 -0500] "HEAD / HTTP/1.1" 200 -
66.249.64.228 - - [27/Jun/2015:02:54:50 -0500] "GET /BLA/resoluciones/RESOLUCIONES%202011/2616.pdf HTTP/1.1" 200 749848
66.249.64.223 - - [27/Jun/2015:02:55:35 -0500] "GET /BLA/resoluciones/RESOLUCIONES%202009/6347.pdf HTTP/1.1" 304 -
66.249.64.233 - - [27/Jun/2015:02:56:40 -0500] "GET /BLA/resoluciones/RESOLUCIONES%202010/3518.pdf HTTP/1.1" 200 366581
207.46.13.99 - - [27/Jun/2015:02:56:40 -0500] "GET /images/BLA.jpg HTTP/1.1" 200 34672
66.249.64.233 - - [27/Jun/2015:02:56:49 -0500] "GET /BLA/resoluciones/RESOLUCIONES%202010/0642.pdf HTTP/1.1" 200 503106
66.249.64.228 - - [27/Jun/2015:02:56:57 -0500] "GET /BLA/resoluciones/AUTOS%202012/0495.pdf HTTP/1.1" 200 499879
66.249.64.233 - - [27/Jun/2015:02:57:10 -0500] "GET /BLA/resoluciones/RESOLUCIONES%202012/0623.pdf HTTP/1.1" 200 259153
201.245.192.252 - - [27/Jun/2015:02:57:49 -0500] "GET /forest/skins/gdocs-jar/img/documents.gif HTTP/1.1" 304 -
201.245.192.252 - - [27/Jun/2015:02:57:53 -0500] "GET /webfilesda/jsoptimized/gz/js/formasCache/WF_registro_usuario.js?hora=1434736080000 HTTP/1.1" 200 3096
66.249.64.228 - - [27/Jun/2015:02:58:46 -0500] "GET /BLA/resoluciones/RESOLUCIONES%202010/5298.pdf HTTP/1.1" 200 752575
66.249.64.223 - - [27/Jun/2015:02:58:51 -0500] "GET /BLA/resoluciones/RESOLUCIONES%202010/5571.pdf HTTP/1.1" 200 1933392
74.86.158.107 - - [27/Jun/2015:02:59:37 -0500] "HEAD / HTTP/1.1" 200 -
66.249.64.228 - - [27/Jun/2015:02:59:45 -0500] "GET /BLA/resoluciones/RESOLUCIONES%202005/RES%202005%202051-2100/00002072.tif HTTP/1.1" 200 139370
201.245.192.252 - - [27/Jun/2015:03:00:12 -0500] "GET /forest/skins/gdocs-jar/img/asociarUserOtraDependencia.gif HTTP/1.1" 304 -
66.249.64.223 - - [27/Jun/2015:03:00:49 -0500] "GET /BLA/resoluciones/RESOLUCIONES%202010/2858.pdf HTTP/1.1" 200 99122
66.249.64.223 - - [27/Jun/2015:03:00:50 -0500] "GET /BLA/resoluciones/AUTOS%202012/0299.pdf HTTP/1.1" 200 148912
66.249.64.228 - - [27/Jun/2015:03:00:53 -0500] "GET /BLA/resoluciones/RESOLUCIONES%202011/2125.pdf HTTP/1.1" 200 553996
66.249.64.228 - - [27/Jun/2015:03:01:02 -0500] "GET /BLA/resoluciones/RESOLUCIONES%202010/4423.pdf HTTP/1.1" 200 460695
66.249.64.223 - - [27/Jun/2015:03:01:06 -0500] "GET /BLA/resoluciones/AUTOS%202012/0073.pdf HTTP/1.1" 200 168938
66.249.64.223 - - [27/Jun/2015:03:01:59 -0500] "GET /BLA/resoluciones/RESOLUCIONES%202007/RES%202007%202701%20AL%202800/RESOLUCION%202741%20DE%202007.pdf HTTP/1.1" 200 252166
66.249.64.233 - - [27/Jun/2015:03:02:00 -0500] "GET /BLA/resoluciones/RESOLUCIONES%202010/1438.pdf HTTP/1.1" 200 1377679
88.198.233.69 - - [27/Jun/2015:03:02:05 -0500] "GET / HTTP/1.1" 200 10190
66.249.64.223 - - [27/Jun/2015:03:02:06 -0500] "GET /BLA/resoluciones/RESOLUCIONES%202010/1335.pdf HTTP/1.1" 200 893366
