108.171.128.167 - - [02/Jul/2015:04:37:46 -0500] "GET /BLA/boletinlegal/js/jquery.scrollShow.js HTTP/1.1" 200 4586
108.171.128.167 - - [02/Jul/2015:04:37:46 -0500] "GET /galeria/galeria/jquery.fancybox.js?v=2.1.5 HTTP/1.1" 200 48706
108.171.128.167 - - [02/Jul/2015:04:37:46 -0500] "GET /BLA/boletinlegal/js/jquery.scrollTo-min.js HTTP/1.1" 200 1150
108.171.128.167 - - [02/Jul/2015:04:37:46 -0500] "GET /galeria/galeria/jquery.fancybox.css?v=2.1.5 HTTP/1.1" 200 4895
108.171.128.167 - - [02/Jul/2015:04:37:52 -0500] "GET /galeria/galeria/jquery.fancybox.css?v=2.1.5 HTTP/1.1" 304 -
108.171.128.167 - - [02/Jul/2015:04:37:52 -0500] "GET /BLA/boletinlegal/js/jquery.scrollShow.js HTTP/1.1" 304 -
108.171.128.167 - - [02/Jul/2015:04:37:52 -0500] "GET /BLA/boletinlegal/js/jquery.scrollTo-min.js HTTP/1.1" 304 -
108.171.128.167 - - [02/Jul/2015:04:37:52 -0500] "GET /galeria/galeria/jquery.fancybox.js?v=2.1.5 HTTP/1.1" 304 -
66.249.79.107 - - [02/Jul/2015:04:38:02 -0500] "GET /BLA/resoluciones/RESOLUCIONES%202009/1499.pdf HTTP/1.1" 200 663843
186.84.184.95 - - [02/Jul/2015:04:38:25 -0500] "GET /BLA/resoluciones/RESOLUCIONES%202008/1248.pdf HTTP/1.1" 200 293203
188.165.15.152 - - [02/Jul/2015:04:38:26 -0500] "GET /BLA/resoluciones/RESOLUCIONES%202002/RES%202002%201151-1200/20021194.tif HTTP/1.1" 200 120652
186.84.184.95 - - [02/Jul/2015:04:38:28 -0500] "GET /BLA/resoluciones/RESOLUCIONES%202008/1248.pdf HTTP/1.1" 200 293203
66.249.79.133 - - [02/Jul/2015:04:38:28 -0500] "GET /BLA/resoluciones/RESOLUCIONES%202007/RES%202007%204101%20AL%204200/RESOLUCION%204107%20DE%202007.pdf HTTP/1.1" 304 -
186.84.184.95 - - [02/Jul/2015:04:38:29 -0500] "GET /favicon.ico HTTP/1.1" 200 7782
186.145.75.185 - - [02/Jul/2015:04:38:31 -0500] "GET /BLA/boletinlegal/js/jquery.scrollTo-min.js HTTP/1.1" 200 1150
186.145.75.185 - - [02/Jul/2015:04:38:31 -0500] "GET /galeria/galeria/jquery.fancybox.css?v=2.1.5 HTTP/1.1" 200 4895
186.145.75.185 - - [02/Jul/2015:04:38:31 -0500] "GET /galeria/carrusel/Carrusel/jquery.thumbnailScroller.css HTTP/1.1" 200 2066
186.145.75.185 - - [02/Jul/2015:04:38:31 -0500] "GET /BLA/boletinlegal/js/jquery.scrollShow.js HTTP/1.1" 200 4586
186.145.75.185 - - [02/Jul/2015:04:38:31 -0500] "GET /galeria/carrusel/Carrusel/jquery-ui-1.8.13.custom.min.js HTTP/1.1" 200 10800
186.145.75.185 - - [02/Jul/2015:04:38:31 -0500] "GET /galeria/galeria/jquery.fancybox.js?v=2.1.5 HTTP/1.1" 200 48706
186.145.75.185 - - [02/Jul/2015:04:38:32 -0500] "GET /galeria/carrusel/Carrusel/jquery.thumbnailScroller.js HTTP/1.1" 200 8157
186.145.75.185 - - [02/Jul/2015:04:38:33 -0500] "GET /galeria/nivo-slider/demo/demo.html HTTP/1.1" 200 4868
186.145.75.185 - - [02/Jul/2015:04:38:34 -0500] "GET /galeria/nivo-slider/themes/default/default.css HTTP/1.1" 200 1569
186.145.75.185 - - [02/Jul/2015:04:38:34 -0500] "GET /galeria/nivo-slider/nivo-slider.css HTTP/1.1" 200 1507
186.145.75.185 - - [02/Jul/2015:04:38:34 -0500] "GET /galeria/nivo-slider/themes/pascal/pascal.css HTTP/1.1" 200 2258
186.145.75.185 - - [02/Jul/2015:04:38:34 -0500] "GET /galeria/nivo-slider/themes/orman/orman.css HTTP/1.1" 200 2152
186.145.75.185 - - [02/Jul/2015:04:38:34 -0500] "GET /galeria/nivo-slider/demo/style.css HTTP/1.1" 200 2222
186.145.75.185 - - [02/Jul/2015:04:38:34 -0500] "GET /galeria/nivo-slider/demo/scripts/jquery-1.7.1.min.js HTTP/1.1" 200 93868
186.145.75.185 - - [02/Jul/2015:04:38:34 -0500] "GET /galeria/nivo-slider/jquery.nivo.slider.pack.js HTTP/1.1" 200 11561
186.145.75.185 - - [02/Jul/2015:04:38:34 -0500] "GET /galeria/nivo-slider/demo/images/VoluntariadoPYBA.jpg HTTP/1.1" 200 40647
186.145.75.185 - - [02/Jul/2015:04:38:34 -0500] "GET /galeria/nivo-slider/demo/images/Rendicion-de-cuentas.jpg HTTP/1.1" 200 174889
186.145.75.185 - - [02/Jul/2015:04:38:34 -0500] "GET /galeria/nivo-slider/demo/images/9Signos.jpg HTTP/1.1" 200 81776
186.145.75.185 - - [02/Jul/2015:04:38:34 -0500] "GET /galeria/nivo-slider/demo/images/Comparendo-ambiental-Banner.jpg HTTP/1.1" 200 83731
186.145.75.185 - - [02/Jul/2015:04:38:35 -0500] "GET /galeria/nivo-slider/demo/images/GAE-banner.jpg HTTP/1.1" 200 97556
186.145.75.185 - - [02/Jul/2015:04:38:35 -0500] "GET /galeria/nivo-slider/demo/images/4Simple_Slider.png HTTP/1.1" 200 11722
186.145.75.185 - - [02/Jul/2015:04:38:35 -0500] "GET /galeria/nivo-slider/themes/default/loading.gif HTTP/1.1" 200 1737
186.145.75.185 - - [02/Jul/2015:04:38:36 -0500] "GET /galeria/nivo-slider/demo/images/Banner-encuesta-de-percepscio.jpg HTTP/1.1" 200 201899
186.145.75.185 - - [02/Jul/2015:04:38:36 -0500] "GET /galeria/nivo-slider/demo/images/banner-Pacto-por-la-madera.jpg HTTP/1.1" 200 209966
186.145.75.185 - - [02/Jul/2015:04:38:36 -0500] "GET /galeria/nivo-slider/demo/images/acuerdo_569.jpg HTTP/1.1" 200 62670
186.145.75.185 - - [02/Jul/2015:04:38:36 -0500] "GET /galeria/nivo-slider/demo/images/Licitaciones-proyecto-paramo.jpg HTTP/1.1" 200 221877
186.145.75.185 - - [02/Jul/2015:04:38:36 -0500] "GET /galeria/nivo-slider/demo/images/Banner-decreto1299.jpg HTTP/1.1" 200 182613
37.116.14.0 - - [02/Jul/2015:04:38:36 -0500] "GET /xmlrpc.php HTTP/1.1" 404 1018
186.145.75.185 - - [02/Jul/2015:04:38:39 -0500] "GET /galeria/nivo-slider/demo/images/bolsas-06.jpg HTTP/1.1" 200 90982
186.145.75.185 - - [02/Jul/2015:04:38:39 -0500] "GET /galeria/nivo-slider/demo/images/Banner-Directorio.jpg HTTP/1.1" 200 182068
186.145.75.185 - - [02/Jul/2015:04:38:39 -0500] "GET /galeria/nivo-slider/demo/images/Ruta-vertimientos-01.jpg HTTP/1.1" 200 130151
186.145.75.185 - - [02/Jul/2015:04:38:39 -0500] "GET /galeria/nivo-slider/demo/images/Conoce-los-humedales.jpg HTTP/1.1" 200 294036
186.145.75.185 - - [02/Jul/2015:04:38:39 -0500] "GET /galeria/nivo-slider/demo/images/ecolecta-Dic2014.png HTTP/1.1" 200 288593
186.145.75.185 - - [02/Jul/2015:04:38:39 -0500] "GET /galeria/nivo-slider/demo/images/Banner-Caracol-Africano.jpg HTTP/1.1" 200 331986
186.145.75.185 - - [02/Jul/2015:04:38:39 -0500] "GET /galeria/nivo-slider/demo/images/banner-llantas2.jpg HTTP/1.1" 200 204644
186.145.75.185 - - [02/Jul/2015:04:38:41 -0500] "GET /galeria/nivo-slider/themes/default/arrows.png HTTP/1.1" 200 824
186.145.75.185 - - [02/Jul/2015:04:38:41 -0500] "GET /galeria/nivo-slider/themes/default/bullets.png HTTP/1.1" 200 1281
66.249.79.107 - - [02/Jul/2015:04:38:55 -0500] "GET /BLA/resoluciones/RESOLUCIONES%202007/RES%202007%204201%20AL%204300/RESOLUCION%204297%20DE%202007.pdf HTTP/1.1" 304 -
66.249.79.133 - - [02/Jul/2015:04:39:21 -0500] "GET /BLA/resoluciones/RESOLUCIONES%202010/6389.pdf HTTP/1.1" 304 -
150.70.173.14 - - [02/Jul/2015:04:39:22 -0500] "GET /BLA/resoluciones/RESOLUCIONES%202008/1248.pdf HTTP/1.1" 200 293203
66.249.79.133 - - [02/Jul/2015:04:39:48 -0500] "GET /BLA/resoluciones/AUTOS%202007/1023.pdf HTTP/1.1" 304 -
66.249.79.107 - - [02/Jul/2015:04:39:52 -0500] "GET /BLA/resoluciones/RESOLUCIONES%202006/RES%202006%20301-350/00000309.tif HTTP/1.1" 200 134284
66.249.79.133 - - [02/Jul/2015:04:40:15 -0500] "GET /BLA/resoluciones/AUTOS%202010/0610.pdf HTTP/1.1" 304 -
201.245.192.252 - - [02/Jul/2015:04:40:20 -0500] "GET /forest/session.jsp?a=0.7749882627837024 HTTP/1.1" 200 4
66.249.79.133 - - [02/Jul/2015:04:40:41 -0500] "GET /BLA/resoluciones/RESOLUCIONES%202011/4343.pdf HTTP/1.1" 304 -
150.70.173.50 - - [02/Jul/2015:04:40:49 -0500] "GET /favicon.ico HTTP/1.1" 200 7782
188.165.15.152 - - [02/Jul/2015:04:40:58 -0500] "GET /BLA/resoluciones/RESOLUCIONES%202005/RES%202005%203051-3100/00003066.tif HTTP/1.1" 200 138044
201.245.192.252 - - [02/Jul/2015:04:41:00 -0500] "GET /forest/session.jsp?a=0.9468278972252385 HTTP/1.1" 200 4
66.249.79.107 - - [02/Jul/2015:04:41:08 -0500] "GET /BLA/resoluciones/RESOLUCIONES%202010/1503.pdf HTTP/1.1" 304 -
188.165.15.152 - - [02/Jul/2015:04:41:29 -0500] "GET /BLA/resoluciones/RESOLUCIONES%202003/RES%202003%201701-1750/20031730.tif HTTP/1.1" 200 234922
66.249.79.133 - - [02/Jul/2015:04:41:34 -0500] "GET /BLA/resoluciones/RESOLUCIONES%202007/RES%202007%202301%20AL%202400/RESOLUCION%202313%20DE%202007.pdf HTTP/1.1" 304 -
157.55.39.177 - - [02/Jul/2015:04:41:51 -0500] "GET / HTTP/1.1" 304 -
201.245.192.252 - - [02/Jul/2015:04:41:53 -0500] "GET /wp-includes/js/comment-reply.min.js?ver=4.2.2 HTTP/1.1" 304 -
190.188.11.229 - - [02/Jul/2015:04:41:57 -0500] "GET /galeria/carrusel/Carrusel/jquery.thumbnailScroller.css HTTP/1.1" 200 2066
190.188.11.229 - - [02/Jul/2015:04:41:57 -0500] "GET /galeria/carrusel/Carrusel/jquery-ui-1.8.13.custom.min.js HTTP/1.1" 200 10800
190.188.11.229 - - [02/Jul/2015:04:41:57 -0500] "GET /galeria/carrusel/Carrusel/jquery.thumbnailScroller.js HTTP/1.1" 200 8157
190.188.11.229 - - [02/Jul/2015:04:42:00 -0500] "GET /galeria/nivo-slider/demo/demo.html HTTP/1.1" 200 4868
66.249.79.120 - - [02/Jul/2015:04:42:01 -0500] "GET /BLA/resoluciones/RESOLUCIONES%202014/1006.pdf HTTP/1.1" 200 657140
74.86.158.107 - - [02/Jul/2015:04:42:06 -0500] "HEAD / HTTP/1.1" 200 -
190.188.11.229 - - [02/Jul/2015:04:42:07 -0500] "GET /galeria/nivo-slider/themes/orman/orman.css HTTP/1.1" 200 2152
190.188.11.229 - - [02/Jul/2015:04:42:07 -0500] "GET /galeria/nivo-slider/themes/pascal/pascal.css HTTP/1.1" 200 2258
190.188.11.229 - - [02/Jul/2015:04:42:07 -0500] "GET /galeria/nivo-slider/demo/style.css HTTP/1.1" 200 2222
190.188.11.229 - - [02/Jul/2015:04:42:07 -0500] "GET /galeria/nivo-slider/themes/default/default.css HTTP/1.1" 200 1569
190.188.11.229 - - [02/Jul/2015:04:42:07 -0500] "GET /galeria/nivo-slider/nivo-slider.css HTTP/1.1" 200 1507
190.188.11.229 - - [02/Jul/2015:04:42:07 -0500] "GET /galeria/nivo-slider/demo/scripts/jquery-1.7.1.min.js HTTP/1.1" 200 93868
190.188.11.229 - - [02/Jul/2015:04:42:10 -0500] "GET /galeria/nivo-slider/jquery.nivo.slider.pack.js HTTP/1.1" 200 11561
190.188.11.229 - - [02/Jul/2015:04:42:10 -0500] "GET /galeria/nivo-slider/demo/images/Rendicion-de-cuentas.jpg HTTP/1.1" 200 174889
190.188.11.229 - - [02/Jul/2015:04:42:11 -0500] "GET /galeria/nivo-slider/demo/images/VoluntariadoPYBA.jpg HTTP/1.1" 200 40647
190.188.11.229 - - [02/Jul/2015:04:42:11 -0500] "GET /galeria/nivo-slider/demo/images/9Signos.jpg HTTP/1.1" 200 81776
190.188.11.229 - - [02/Jul/2015:04:42:13 -0500] "GET /galeria/nivo-slider/demo/images/Comparendo-ambiental-Banner.jpg HTTP/1.1" 200 83731
190.188.11.229 - - [02/Jul/2015:04:42:18 -0500] "GET /galeria/nivo-slider/demo/images/4Simple_Slider.png HTTP/1.1" 200 11722
190.188.11.229 - - [02/Jul/2015:04:42:18 -0500] "GET /galeria/nivo-slider/themes/default/loading.gif HTTP/1.1" 200 1737
190.188.11.229 - - [02/Jul/2015:04:42:19 -0500] "GET /galeria/nivo-slider/demo/images/GAE-banner.jpg HTTP/1.1" 200 97556
190.188.11.229 - - [02/Jul/2015:04:42:19 -0500] "GET /galeria/nivo-slider/demo/images/Banner-encuesta-de-percepscio.jpg HTTP/1.1" 200 201899
190.188.11.229 - - [02/Jul/2015:04:42:20 -0500] "GET /galeria/nivo-slider/demo/images/acuerdo_569.jpg HTTP/1.1" 200 62670
190.188.11.229 - - [02/Jul/2015:04:42:20 -0500] "GET /galeria/nivo-slider/demo/images/banner-Pacto-por-la-madera.jpg HTTP/1.1" 200 209966
190.188.11.229 - - [02/Jul/2015:04:42:20 -0500] "GET /galeria/nivo-slider/demo/images/Licitaciones-proyecto-paramo.jpg HTTP/1.1" 200 221877
190.188.11.229 - - [02/Jul/2015:04:42:20 -0500] "GET /galeria/nivo-slider/demo/images/Banner-decreto1299.jpg HTTP/1.1" 200 182613
190.188.11.229 - - [02/Jul/2015:04:42:22 -0500] "GET /galeria/nivo-slider/demo/images/Banner-Directorio.jpg HTTP/1.1" 200 182068
190.188.11.229 - - [02/Jul/2015:04:42:22 -0500] "GET /galeria/nivo-slider/demo/images/Ruta-vertimientos-01.jpg HTTP/1.1" 200 130151
190.188.11.229 - - [02/Jul/2015:04:42:22 -0500] "GET /galeria/nivo-slider/demo/images/bolsas-06.jpg HTTP/1.1" 200 90982
190.188.11.229 - - [02/Jul/2015:04:42:22 -0500] "GET /galeria/nivo-slider/demo/images/Conoce-los-humedales.jpg HTTP/1.1" 200 294036
190.188.11.229 - - [02/Jul/2015:04:42:22 -0500] "GET /galeria/nivo-slider/demo/images/ecolecta-Dic2014.png HTTP/1.1" 200 288593
190.188.11.229 - - [02/Jul/2015:04:42:22 -0500] "GET /galeria/nivo-slider/demo/images/Banner-Caracol-Africano.jpg HTTP/1.1" 200 331986
188.165.15.152 - - [02/Jul/2015:04:42:23 -0500] "GET /BLA/resoluciones/AUTOS%202006/AUTOS%202006%202901%20-%203000/00002964.tif HTTP/1.1" 200 59132
190.188.11.229 - - [02/Jul/2015:04:42:25 -0500] "GET /galeria/nivo-slider/demo/images/banner-llantas2.jpg HTTP/1.1" 200 204644
66.249.79.107 - - [02/Jul/2015:04:42:27 -0500] "GET /BLA/resoluciones/AUTOS%202013/1077.pdf HTTP/1.1" 304 -
66.249.79.107 - - [02/Jul/2015:04:42:54 -0500] "GET /BLA/resoluciones/RESOLUCIONES%202010/6146.pdf HTTP/1.1" 304 -
213.0.59.250 - - [02/Jul/2015:04:43:01 -0500] "GET /galeria/galeria/jquery.fancybox.js?v=2.1.5 HTTP/1.1" 200 48706
213.0.59.250 - - [02/Jul/2015:04:43:01 -0500] "GET /galeria/galeria/jquery.fancybox.css?v=2.1.5 HTTP/1.1" 200 4895
213.0.59.250 - - [02/Jul/2015:04:43:01 -0500] "GET /BLA/boletinlegal/js/jquery.scrollShow.js HTTP/1.1" 200 4586
213.0.59.250 - - [02/Jul/2015:04:43:01 -0500] "GET /BLA/boletinlegal/js/jquery.scrollTo-min.js HTTP/1.1" 200 1150
190.188.11.229 - - [02/Jul/2015:04:43:19 -0500] "GET /galeria/nivo-slider/themes/default/bullets.png HTTP/1.1" 200 1281
190.188.11.229 - - [02/Jul/2015:04:43:19 -0500] "GET /galeria/nivo-slider/themes/default/arrows.png HTTP/1.1" 200 824
66.249.79.133 - - [02/Jul/2015:04:43:20 -0500] "GET /BLA/resoluciones/AUTOS%202008/2865.pdf HTTP/1.1" 304 -
66.249.79.120 - - [02/Jul/2015:04:43:47 -0500] "GET /BLA/resoluciones/AUTOS%202011/0772.pdf HTTP/1.1" 304 -
66.249.79.133 - - [02/Jul/2015:04:44:14 -0500] "GET /BLA/resoluciones/RESOLUCIONES%202007/RES%202007%202301%20AL%202400/RESOLUCION%202367%20DE%202007.pdf HTTP/1.1" 304 -
66.249.79.120 - - [02/Jul/2015:04:44:40 -0500] "GET /BLA/resoluciones/RESOLUCIONES%202010/7578.pdf HTTP/1.1" 304 -
66.249.79.133 - - [02/Jul/2015:04:45:07 -0500] "GET /BLA/resoluciones/RESOLUCIONES%202008/5066.pdf HTTP/1.1" 304 -
66.249.79.164 - - [02/Jul/2015:04:45:13 -0500] "GET /videos/60Sgs_Dic17.flv HTTP/1.1" 200 6474646
201.245.192.252 - - [02/Jul/2015:04:45:20 -0500] "GET /forest/session.jsp?a=0.37682470180863636 HTTP/1.1" 200 4
66.249.79.120 - - [02/Jul/2015:04:45:33 -0500] "GET /BLA/resoluciones/RESOLUCIONES%202008/1616.pdf HTTP/1.1" 304 -
66.249.79.107 - - [02/Jul/2015:04:46:00 -0500] "GET /BLA/resoluciones/AUTOS%202011/3111.pdf HTTP/1.1" 304 -
201.245.192.252 - - [02/Jul/2015:04:46:00 -0500] "GET /forest/session.jsp?a=0.9731144893177548 HTTP/1.1" 200 4
66.249.79.190 - - [02/Jul/2015:04:46:10 -0500] "GET /phpold/autoliquidacion/18982.txt HTTP/1.1" 404 1019
188.165.15.152 - - [02/Jul/2015:04:46:20 -0500] "GET /BLA/resoluciones/AUTOS%202006/AUTOS%202006%202501%20-%202600/00002559.tif HTTP/1.1" 200 53676
66.249.79.133 - - [02/Jul/2015:04:46:26 -0500] "GET /BLA/resoluciones/RESOLUCIONES%202011/4846.pdf HTTP/1.1" 304 -
66.249.79.177 - - [02/Jul/2015:04:46:53 -0500] "GET /POT-2013/Cartografia/32_Altura%20para%20c%C3%A1lculo%20de%20edificabilidad%20predominante%20y%20aisl.pdf HTTP/1.1" 304 -
74.86.158.107 - - [02/Jul/2015:04:47:06 -0500] "HEAD / HTTP/1.1" 200 -
66.249.79.133 - - [02/Jul/2015:04:47:19 -0500] "GET /BLA/resoluciones/AUTOS%202007/0008.pdf HTTP/1.1" 304 -
66.249.79.133 - - [02/Jul/2015:04:47:46 -0500] "GET /BLA/resoluciones/RESOLUCIONES%202014/0937.pdf HTTP/1.1" 304 -
66.249.79.120 - - [02/Jul/2015:04:48:12 -0500] "GET /BLA/resoluciones/RESOLUCIONES%202009/7725.pdf HTTP/1.1" 304 -
199.195.118.53 - - [02/Jul/2015:04:48:35 -0500] "GET / HTTP/1.1" 200 10190
66.249.79.107 - - [02/Jul/2015:04:48:39 -0500] "GET /BLA/resoluciones/AUTOS%202008/2335.pdf HTTP/1.1" 304 -
66.249.79.107 - - [02/Jul/2015:04:49:06 -0500] "GET /BLA/resoluciones/RESOLUCIONES%202010/4775.pdf HTTP/1.1" 304 -
66.249.79.133 - - [02/Jul/2015:04:49:32 -0500] "GET /BLA/resoluciones/AUTOS%202013/2931.pdf HTTP/1.1" 304 -
157.55.39.220 - - [02/Jul/2015:04:49:54 -0500] "GET /videos/galeria-cronicas/3wnplaylist.htm? HTTP/1.1" 200 4170
157.55.39.220 - - [02/Jul/2015:04:49:54 -0500] "GET /videos/galeria-fotografica/js/jquery-flickr-gallery/jquery-flickr.css HTTP/1.1" 200 711
66.249.79.133 - - [02/Jul/2015:04:49:59 -0500] "GET /BLA/resoluciones/AUTOS%202014/2366.pdf HTTP/1.1" 200 1380786
201.245.192.252 - - [02/Jul/2015:04:50:21 -0500] "GET /forest/session.jsp?a=0.975154510424981 HTTP/1.1" 200 4
66.249.79.120 - - [02/Jul/2015:04:50:25 -0500] "GET /BLA/resoluciones/RESOLUCIONES%202007/RES%202007%202601%20AL%202700/RESOLUCION%202660%20DE%202007.pdf HTTP/1.1" 304 -
188.165.15.152 - - [02/Jul/2015:04:50:28 -0500] "GET /BLA/resoluciones/RESOLUCIONES%202005/RES%202005%202351-2400/00002399.tif HTTP/1.1" 200 202424
188.165.15.152 - - [02/Jul/2015:04:50:50 -0500] "GET /BLA/resoluciones/AUTOS%202006/AUTOS%202006%201101-1200/00001166.tif HTTP/1.1" 200 84442
66.249.79.133 - - [02/Jul/2015:04:50:52 -0500] "GET /BLA/resoluciones/RESOLUCIONES%202007/RES%202007%202801%20AL%202900/RESOLUCION%202849%20DE%202007.pdf HTTP/1.1" 304 -
201.245.192.252 - - [02/Jul/2015:04:51:00 -0500] "GET /forest/session.jsp?a=0.5509278799336033 HTTP/1.1" 200 4
66.249.79.107 - - [02/Jul/2015:04:51:18 -0500] "GET /BLA/resoluciones/RESOLUCIONES%202011/4480.pdf HTTP/1.1" 304 -
50.173.227.4 - - [02/Jul/2015:04:51:29 -0500] "GET /webdav/x32.php?host=206.188.125.56&time=60&port=3074 HTTP/1.1" 404 1018
66.249.79.133 - - [02/Jul/2015:04:51:45 -0500] "GET /BLA/resoluciones/AUTOS%202011/3352.pdf HTTP/1.1" 304 -
123.126.113.85 - - [02/Jul/2015:04:52:05 -0500] "GET /robots.txt HTTP/1.1" 404 1018
74.86.158.107 - - [02/Jul/2015:04:52:06 -0500] "HEAD / HTTP/1.1" 200 -
66.249.79.120 - - [02/Jul/2015:04:52:11 -0500] "GET /BLA/resoluciones/AUTOS%202013/0956.pdf HTTP/1.1" 304 -
123.126.113.85 - - [02/Jul/2015:04:52:13 -0500] "GET /resoluciones/RESOLUCIONES%202009/0657.pdf HTTP/1.1" 404 1018
157.55.39.93 - - [02/Jul/2015:04:52:15 -0500] "GET / HTTP/1.1" 200 10190
123.126.113.85 - - [02/Jul/2015:04:52:33 -0500] "GET /resoluciones/RESOLUCIONES%202009/0513.pdf HTTP/1.1" 404 1018
188.165.15.152 - - [02/Jul/2015:04:52:34 -0500] "GET /BLA/resoluciones/RESOLUCIONES%202005/RES%202005%202901-2950/00002926.tif HTTP/1.1" 200 38714
66.249.79.120 - - [02/Jul/2015:04:52:38 -0500] "GET /BLA/resoluciones/AUTOS%202013/0349.pdf HTTP/1.1" 304 -
123.126.113.85 - - [02/Jul/2015:04:52:56 -0500] "GET /BLA/resoluciones/RESOLUCIONES%202011/3849.pdf HTTP/1.1" 304 -
66.249.79.107 - - [02/Jul/2015:04:53:04 -0500] "GET /BLA/resoluciones/RESOLUCIONES%202008/1698.pdf HTTP/1.1" 304 -
188.165.15.152 - - [02/Jul/2015:04:53:13 -0500] "GET /BLA/resoluciones/RESOLUCIONES%202004/RES%202004%20251-300/00000257.tif HTTP/1.1" 200 149784
123.126.113.85 - - [02/Jul/2015:04:53:20 -0500] "GET /BLA/resoluciones/RESOLUCIONES%202011/2066.pdf HTTP/1.1" 304 -
66.249.79.133 - - [02/Jul/2015:04:53:31 -0500] "GET /BLA/resoluciones/RESOLUCIONES%202007/RES%202007%202601%20AL%202700/RESOLUCION%202607%20DE%202007.pdf HTTP/1.1" 304 -
66.249.79.107 - - [02/Jul/2015:04:53:58 -0500] "GET /BLA/resoluciones/RESOLUCIONES%202009/5613.pdf HTTP/1.1" 304 -
66.249.79.107 - - [02/Jul/2015:04:54:24 -0500] "GET /BLA/resoluciones/RESOLUCIONES%202007/RES%202007%203601%20AL%203700/RESOLUCION%203663%20DE%202007.pdf HTTP/1.1" 304 -
188.165.15.152 - - [02/Jul/2015:04:54:48 -0500] "GET /BLA/resoluciones/AUTOS%202006/AUTOS%202006%202801%20-%202900/00002802.tif HTTP/1.1" 200 88940
66.249.79.190 - - [02/Jul/2015:04:54:51 -0500] "GET /portalsiaccapacitaciones/Soportes%20Capacitaciones%202014/0086.%20Presentaci%C3%B3n%20EcoConducci%C3%B3n%2010-06-14.pdf HTTP/1.1" 304 -
66.249.79.107 - - [02/Jul/2015:04:55:17 -0500] "GET /BLA/resoluciones/RESOLUCIONES%202008/0287.pdf HTTP/1.1" 304 -
201.245.192.252 - - [02/Jul/2015:04:55:21 -0500] "GET /forest/session.jsp?a=0.030327734903709436 HTTP/1.1" 200 4
66.102.8.223 - - [02/Jul/2015:04:55:24 -0500] "GET /BLA/resoluciones/RESOLUCIONES%202010/0392.pdf HTTP/1.1" 200 110916
191.95.250.239 - - [02/Jul/2015:04:55:25 -0500] "GET /BLA/resoluciones/RESOLUCIONES%202010/0392.pdf HTTP/1.1" 200 110916
66.249.79.190 - - [02/Jul/2015:04:55:44 -0500] "GET /portalsiaccapacitaciones/Soportes%20Capacitaciones%202014/0084.%20Listado%20de%20Aspectos%20e%20Impactos%20Ambientales%20-%20STORM%20USER%2027-05-2014.pdf HTTP/1.1" 304 -
201.245.192.252 - - [02/Jul/2015:04:56:00 -0500] "GET /forest/session.jsp?a=0.9376948516099091 HTTP/1.1" 200 4
66.249.79.107 - - [02/Jul/2015:04:56:10 -0500] "GET /BLA/resoluciones/AUTOS%202013/1178.pdf HTTP/1.1" 200 446319
66.249.79.177 - - [02/Jul/2015:04:56:11 -0500] "GET /BLA/boletinlegal/jurisprudencia/analisis/Analisis%20Jurisprudencia%20Sent%202000-00005-01.doc HTTP/1.1" 304 -
66.249.88.248 - - [02/Jul/2015:04:56:26 -0500] "GET /Anexos%20estudio%20Organizacional%20SDA/ANEXO%20No.%203-%20CONTRATACI%C3%93N%20%20OPS%C2%B4s%202008-2012/CONTRATOS%20SDA%202010%20POR%20DEPENDENCIA%20(1).xls HTTP/1.1" 200 549888
191.95.250.239 - - [02/Jul/2015:04:56:27 -0500] "GET /Anexos%20estudio%20Organizacional%20SDA/ANEXO%20No.%203-%20CONTRATACI%C3%93N%20%20OPS%C2%B4s%202008-2012/CONTRATOS%20SDA%202010%20POR%20DEPENDENCIA%20(1).xls HTTP/1.1" 200 549888
66.249.79.107 - - [02/Jul/2015:04:56:37 -0500] "GET /BLA/resoluciones/RESOLUCIONES%202012/1391.pdf HTTP/1.1" 304 -
66.249.79.177 - - [02/Jul/2015:04:57:04 -0500] "GET /BLA/boletinlegal/jurisprudencia/analisis/CUADRO%20ANALISIS%20SENTENCIA%20T-411%20DE%201992.doc HTTP/1.1" 304 -
74.86.158.107 - - [02/Jul/2015:04:57:06 -0500] "HEAD / HTTP/1.1" 200 -
66.249.79.133 - - [02/Jul/2015:04:57:30 -0500] "GET /autoliquidacion/Grupo%20Forestal%20-%20Industria%20de%20la%20Madera/Formulario%20para%20la%20Relaci%C3%B3n%20de%20Salvoconductos_facturas_remisiones_CARA1.pdf HTTP/1.1" 304 -
66.249.79.164 - - [02/Jul/2015:04:57:57 -0500] "GET /POT-2013/index.php?dir=Cartografia%2F HTTP/1.1" 200 11465
66.102.8.233 - - [02/Jul/2015:04:59:09 -0500] "GET /galeria/galeria/jquery.fancybox.css?v=2.1.5 HTTP/1.1" 200 4895
66.102.8.223 - - [02/Jul/2015:04:59:09 -0500] "GET /BLA/boletinlegal/js/jquery.scrollTo-min.js HTTP/1.1" 200 1150
66.102.8.223 - - [02/Jul/2015:04:59:09 -0500] "GET /galeria/galeria/jquery.fancybox.js?v=2.1.5 HTTP/1.1" 200 48706
66.102.8.223 - - [02/Jul/2015:04:59:09 -0500] "GET /BLA/boletinlegal/js/jquery.scrollShow.js HTTP/1.1" 200 4586
66.102.8.223 - - [02/Jul/2015:04:59:09 -0500] "GET /galeria/carrusel/Carrusel/jquery.thumbnailScroller.js HTTP/1.1" 200 8157
66.102.8.233 - - [02/Jul/2015:04:59:09 -0500] "GET /galeria/carrusel/Carrusel/jquery.thumbnailScroller.css HTTP/1.1" 200 2066
66.102.8.228 - - [02/Jul/2015:04:59:09 -0500] "GET /galeria/carrusel/Carrusel/jquery-ui-1.8.13.custom.min.js HTTP/1.1" 200 10800
66.102.8.223 - - [02/Jul/2015:04:59:10 -0500] "GET /galeria/nivo-slider/demo/demo.html HTTP/1.1" 200 4868
66.102.8.228 - - [02/Jul/2015:04:59:10 -0500] "GET /galeria/nivo-slider/themes/default/default.css HTTP/1.1" 200 1569
66.102.8.223 - - [02/Jul/2015:04:59:10 -0500] "GET /galeria/nivo-slider/themes/pascal/pascal.css HTTP/1.1" 200 2258
66.102.8.223 - - [02/Jul/2015:04:59:10 -0500] "GET /galeria/nivo-slider/nivo-slider.css HTTP/1.1" 200 1507
66.102.8.223 - - [02/Jul/2015:04:59:10 -0500] "GET /galeria/nivo-slider/themes/orman/orman.css HTTP/1.1" 200 2152
66.102.8.223 - - [02/Jul/2015:04:59:10 -0500] "GET /galeria/nivo-slider/jquery.nivo.slider.pack.js HTTP/1.1" 200 11561
66.102.8.223 - - [02/Jul/2015:04:59:11 -0500] "GET /galeria/nivo-slider/demo/scripts/jquery-1.7.1.min.js HTTP/1.1" 200 93868
66.102.8.228 - - [02/Jul/2015:04:59:11 -0500] "GET /galeria/nivo-slider/demo/images/Rendicion-de-cuentas.jpg HTTP/1.1" 200 174889
66.102.8.228 - - [02/Jul/2015:04:59:11 -0500] "GET /galeria/nivo-slider/demo/style.css HTTP/1.1" 200 2222
66.102.8.228 - - [02/Jul/2015:04:59:11 -0500] "GET /galeria/nivo-slider/demo/images/banner-Pacto-por-la-madera.jpg HTTP/1.1" 200 209966
66.102.8.233 - - [02/Jul/2015:04:59:11 -0500] "GET /galeria/nivo-slider/demo/images/GAE-banner.jpg HTTP/1.1" 200 97556
66.102.8.233 - - [02/Jul/2015:04:59:11 -0500] "GET /galeria/nivo-slider/demo/images/Banner-Caracol-Africano.jpg HTTP/1.1" 200 331986
66.102.8.223 - - [02/Jul/2015:04:59:11 -0500] "GET /galeria/nivo-slider/demo/images/Licitaciones-proyecto-paramo.jpg HTTP/1.1" 200 221877
66.102.8.233 - - [02/Jul/2015:04:59:11 -0500] "GET /galeria/nivo-slider/demo/images/Banner-decreto1299.jpg HTTP/1.1" 200 182613
66.102.8.233 - - [02/Jul/2015:04:59:11 -0500] "GET /galeria/nivo-slider/demo/images/Ruta-vertimientos-01.jpg HTTP/1.1" 200 130151
66.102.8.228 - - [02/Jul/2015:04:59:11 -0500] "GET /galeria/nivo-slider/demo/images/Conoce-los-humedales.jpg HTTP/1.1" 200 294036
66.102.8.233 - - [02/Jul/2015:04:59:11 -0500] "GET /galeria/nivo-slider/demo/images/ecolecta-Dic2014.png HTTP/1.1" 200 288593
66.102.8.233 - - [02/Jul/2015:04:59:11 -0500] "GET /galeria/nivo-slider/demo/images/Banner-Directorio.jpg HTTP/1.1" 200 182068
66.102.8.233 - - [02/Jul/2015:04:59:11 -0500] "GET /galeria/nivo-slider/demo/images/Comparendo-ambiental-Banner.jpg HTTP/1.1" 200 83731
66.102.8.228 - - [02/Jul/2015:04:59:11 -0500] "GET /galeria/nivo-slider/demo/images/acuerdo_569.jpg HTTP/1.1" 200 62670
66.102.8.233 - - [02/Jul/2015:04:59:11 -0500] "GET /galeria/nivo-slider/demo/images/Banner-encuesta-de-percepscio.jpg HTTP/1.1" 200 201899
66.102.8.228 - - [02/Jul/2015:04:59:11 -0500] "GET /galeria/nivo-slider/demo/images/VoluntariadoPYBA.jpg HTTP/1.1" 200 40647
66.102.8.233 - - [02/Jul/2015:04:59:11 -0500] "GET /galeria/nivo-slider/demo/images/9Signos.jpg HTTP/1.1" 200 81776
66.102.8.233 - - [02/Jul/2015:04:59:11 -0500] "GET /galeria/nivo-slider/demo/images/bolsas-06.jpg HTTP/1.1" 200 90982
66.102.8.228 - - [02/Jul/2015:04:59:11 -0500] "GET /galeria/nivo-slider/demo/images/banner-llantas2.jpg HTTP/1.1" 200 204644
66.102.8.228 - - [02/Jul/2015:04:59:11 -0500] "GET /galeria/nivo-slider/demo/images/4Simple_Slider.png HTTP/1.1" 200 11722
66.102.8.228 - - [02/Jul/2015:04:59:11 -0500] "GET /galeria/nivo-slider/themes/default/loading.gif HTTP/1.1" 200 1737
66.102.8.233 - - [02/Jul/2015:04:59:14 -0500] "GET /galeria/nivo-slider/themes/default/arrows.png HTTP/1.1" 200 824
66.102.8.223 - - [02/Jul/2015:04:59:14 -0500] "GET /galeria/nivo-slider/themes/default/bullets.png HTTP/1.1" 200 1281
209.217.76.244 - - [02/Jul/2015:04:59:16 -0500] "GET /wp-admin/ HTTP/1.1" 404 1018
66.249.79.164 - - [02/Jul/2015:04:59:43 -0500] "GET /Residuos/textiles/files/search/searchtext.xml HTTP/1.1" 404 1019
66.249.79.164 - - [02/Jul/2015:05:00:10 -0500] "GET /Residuos/cosmeticos/files/search/searchtext.xml HTTP/1.1" 200 195649
201.245.192.252 - - [02/Jul/2015:05:00:21 -0500] "GET /forest/session.jsp?a=0.16570520757777363 HTTP/1.1" 200 4
188.165.15.152 - - [02/Jul/2015:05:00:29 -0500] "GET /BLA/resoluciones/AUTOS%202006/AUTOS%202006%201001-1100/00001027.tif HTTP/1.1" 200 56494
37.1.200.173 - - [02/Jul/2015:05:00:16 -0500] "GET /xmlrpc.php HTTP/1.1" 405 42
201.245.192.252 - - [02/Jul/2015:05:01:00 -0500] "GET /forest/session.jsp?a=0.8165846091157606 HTTP/1.1" 200 4
188.165.15.152 - - [02/Jul/2015:05:01:42 -0500] "GET /BLA/resoluciones/AUTOS%202006/AUTOS%202006%202901%20-%203000/00002985.tif HTTP/1.1" 200 54340
66.249.79.107 - - [02/Jul/2015:05:01:43 -0500] "GET /galeria/carrusel/Carrusel/jquery.thumbnailScroller.css HTTP/1.1" 304 -
66.249.79.133 - - [02/Jul/2015:05:01:43 -0500] "GET /galeria/galeria/jquery.fancybox.css?v=2.1.5 HTTP/1.1" 304 -
66.249.79.120 - - [02/Jul/2015:05:01:44 -0500] "GET /BLA/boletinlegal/js/jquery.scrollTo-min.js HTTP/1.1" 304 -
66.249.79.120 - - [02/Jul/2015:05:01:44 -0500] "GET /BLA/boletinlegal/js/jquery.scrollShow.js HTTP/1.1" 304 -
66.249.79.107 - - [02/Jul/2015:05:01:45 -0500] "GET /galeria/galeria/jquery.fancybox.js?v=2.1.5 HTTP/1.1" 304 -
66.249.79.120 - - [02/Jul/2015:05:01:46 -0500] "GET /galeria/carrusel/Carrusel/jquery.thumbnailScroller.js HTTP/1.1" 304 -
66.249.79.120 - - [02/Jul/2015:05:01:46 -0500] "GET /galeria/carrusel/Carrusel/jquery-ui-1.8.13.custom.min.js HTTP/1.1" 304 -
66.249.79.164 - - [02/Jul/2015:05:01:56 -0500] "GET /portalsiaccapacitaciones/Soportes%20Capacitaciones%20A%C3%B1o%202013/0043.%20Presentaci%C3%B3n%20Gestores%20Almacenamiento%20de%20Respel%20-%20PRECO%2003-10-2013.pdf HTTP/1.1" 404 1019
74.86.158.107 - - [02/Jul/2015:05:02:06 -0500] "HEAD / HTTP/1.1" 200 -
66.249.79.190 - - [02/Jul/2015:05:02:08 -0500] "GET /videos/Spot_Apagon.flv HTTP/1.1" 200 1574568
66.249.79.190 - - [02/Jul/2015:05:02:23 -0500] "GET /ial/presentaciones/pre1.ppt HTTP/1.1" 404 1019
88.198.233.69 - - [02/Jul/2015:05:02:45 -0500] "GET / HTTP/1.1" 200 10190
66.249.79.164 - - [02/Jul/2015:05:03:16 -0500] "GET /vallashop/valla.htm HTTP/1.1" 404 1019
66.249.79.164 - - [02/Jul/2015:05:03:42 -0500] "GET /manual_funciones_Listado/index.php?dir=2.3.1.+Subdirecci%F3n+de+Ecourbanismo+y+Gesti%F3n+Ambiental+Empresarial%2F HTTP/1.1" 404 1019
66.249.79.109 - - [02/Jul/2015:05:04:35 -0500] "GET /robots.txt HTTP/1.1" 404 1015
66.249.79.122 - - [02/Jul/2015:05:04:36 -0500] "GET /dama/libreria/pdf/pigas/piga_tt/diagnostico.pdf HTTP/1.1" 404 1015
201.245.192.252 - - [02/Jul/2015:05:05:21 -0500] "GET /forest/session.jsp?a=0.33991570425791484 HTTP/1.1" 200 4
50.173.227.4 - - [02/Jul/2015:05:05:24 -0500] "GET /webdav/x32.php?host=80.117.56.78&time=60&port=3704 HTTP/1.1" 404 1018
66.249.79.120 - - [02/Jul/2015:05:05:34 -0500] "GET /resoluciones/RESOLUCIONES%202009/9647.pdf HTTP/1.1" 404 1018
66.249.79.133 - - [02/Jul/2015:05:05:48 -0500] "GET /BLA/resoluciones/AUTOS%202006/AUTOS%202006%201301-1400/00001332.tif HTTP/1.1" 200 46312
188.165.15.152 - - [02/Jul/2015:05:05:59 -0500] "GET /BLA/resoluciones/RESOLUCIONES%202006/RES%202006%201651-1700/00001699.tif HTTP/1.1" 200 148424
201.245.192.252 - - [02/Jul/2015:05:06:00 -0500] "GET /forest/session.jsp?a=0.6455911634755475 HTTP/1.1" 200 4
66.249.79.190 - - [02/Jul/2015:05:06:22 -0500] "GET /dama/libreria/php/rca_1.php HTTP/1.1" 404 1019
213.171.50.26 - - [02/Jul/2015:05:06:40 -0500] "GET /videos/Humedal_Comunidad.flv HTTP/1.1" 200 81021584
188.165.15.152 - - [02/Jul/2015:05:06:56 -0500] "GET /BLA/resoluciones/RESOLUCIONES%202006/RES%202006%20%202951-3000/00002981.tif HTTP/1.1" 200 36260
74.86.158.107 - - [02/Jul/2015:05:07:06 -0500] "HEAD / HTTP/1.1" 200 -
188.165.15.152 - - [02/Jul/2015:05:07:22 -0500] "GET /BLA/resoluciones/RESOLUCIONES%202006/RES%202006%201-50/00000003.tif HTTP/1.1" 200 181052
180.76.15.137 - - [02/Jul/2015:05:07:33 -0500] "GET /BLA/boletinlegal/js/ajax.js HTTP/1.1" 200 772
50.173.227.4 - - [02/Jul/2015:05:07:46 -0500] "GET /webdav/x32.php?host=80.117.56.78&time=60&port=3074 HTTP/1.1" 404 1018
209.217.76.244 - - [02/Jul/2015:05:08:39 -0500] "GET /test/wp-admin/ HTTP/1.1" 404 1018
66.249.79.120 - - [02/Jul/2015:05:08:40 -0500] "GET /BLA/resoluciones/RESOLUCIONES%202006/RES%202006%20301-350/00000336.tif HTTP/1.1" 200 224986
66.249.79.122 - - [02/Jul/2015:05:09:01 -0500] "GET /dama/libreria/php/decide.php?patron=03.1206 HTTP/1.1" 404 1015
66.249.79.190 - - [02/Jul/2015:05:09:28 -0500] "GET /phpold/autoliquidacion/18910.txt HTTP/1.1" 404 1019
181.54.171.169 - - [02/Jul/2015:05:09:32 -0500] "GET /forest/skins/gdocs-jar/css/forest.css?version=1503.161801 HTTP/1.1" 200 51
181.54.171.169 - - [02/Jul/2015:05:09:32 -0500] "GET /forest/login.do HTTP/1.1" 200 12815
181.54.171.169 - - [02/Jul/2015:05:09:32 -0500] "GET /forest/skins/gdocs-jar/css/menu.css?version=1503.161801 HTTP/1.1" 200 4235
181.54.171.169 - - [02/Jul/2015:05:09:32 -0500] "GET /forest/skins/gdocs-jar/css/autocomplete.css?version=1503.161801 HTTP/1.1" 200 1620
181.54.171.169 - - [02/Jul/2015:05:09:32 -0500] "GET /forest/1ibre/jscalendar/calendar-win2k-1.css?version=1503.161801 HTTP/1.1" 200 5986
181.54.171.169 - - [02/Jul/2015:05:09:32 -0500] "GET /forest/css/escritorio.css?version=1503.161801 HTTP/1.1" 200 15878
181.54.171.169 - - [02/Jul/2015:05:09:32 -0500] "GET /forest/css/index.css?version=1503.161801 HTTP/1.1" 200 1900
181.54.171.169 - - [02/Jul/2015:05:09:32 -0500] "GET /forest/skins/gdocs-jar/css/dialog.css?version=1503.161801 HTTP/1.1" 200 1430
181.54.171.169 - - [02/Jul/2015:05:09:32 -0500] "GET /forest/skins/gdocs-jar/css/forms.css?version=1503.161801 HTTP/1.1" 200 7180
181.54.171.169 - - [02/Jul/2015:05:09:32 -0500] "GET /forest/img/loading.gif HTTP/1.1" 200 1197
181.54.171.169 - - [02/Jul/2015:05:09:32 -0500] "GET /forest/js/json3.js HTTP/1.1" 200 39592
181.54.171.169 - - [02/Jul/2015:05:09:32 -0500] "GET /forest/img/spacer.gif HTTP/1.1" 200 43
181.54.171.169 - - [02/Jul/2015:05:09:32 -0500] "GET /forest/img/panel/view_icon.gif HTTP/1.1" 200 681
181.54.171.169 - - [02/Jul/2015:05:09:32 -0500] "GET /forest/img/inicio/1.gif HTTP/1.1" 200 23925
181.54.171.169 - - [02/Jul/2015:05:09:32 -0500] "GET /forest/img/inicio/2.gif HTTP/1.1" 200 42562
181.54.171.169 - - [02/Jul/2015:05:09:32 -0500] "GET /forest/jsoptimized/gz/js/gdocsall-1503.161801.js HTTP/1.1" 200 99246
181.54.171.169 - - [02/Jul/2015:05:09:32 -0500] "GET /forest/img/inicio/3.gif HTTP/1.1" 200 29737
181.54.171.169 - - [02/Jul/2015:05:09:32 -0500] "GET /forest/img/inicio/4.gif HTTP/1.1" 200 27784
181.54.171.169 - - [02/Jul/2015:05:09:32 -0500] "GET /forest/img/close.gif HTTP/1.1" 200 571
181.54.171.169 - - [02/Jul/2015:05:09:32 -0500] "GET /forest/img/mplogo.gif HTTP/1.1" 200 806
181.54.171.169 - - [02/Jul/2015:05:09:32 -0500] "GET /forest/skins/gdocs-jar/img/okey.gif HTTP/1.1" 200 203
181.54.171.169 - - [02/Jul/2015:05:09:32 -0500] "GET /forest/img/inicio/6.gif HTTP/1.1" 200 12239
181.54.171.169 - - [02/Jul/2015:05:09:32 -0500] "GET /forest/img/inicio/7.gif HTTP/1.1" 200 18547
181.54.171.169 - - [02/Jul/2015:05:09:32 -0500] "GET /forest/img/inicio/5.gif HTTP/1.1" 200 25611
181.54.171.169 - - [02/Jul/2015:05:09:33 -0500] "GET /forest/img/base/bsc2_r1_c2.gif HTTP/1.1" 200 269
181.54.171.169 - - [02/Jul/2015:05:09:33 -0500] "GET /forest/img/base/bsc2_r1_c3.gif HTTP/1.1" 200 3704
181.54.171.169 - - [02/Jul/2015:05:09:33 -0500] "GET /forest/img/base/bsc2_r1_c1.gif HTTP/1.1" 200 28640
181.54.171.169 - - [02/Jul/2015:05:09:33 -0500] "GET /forest/1ibre/1ibre.css HTTP/1.1" 200 614
181.54.171.169 - - [02/Jul/2015:05:09:33 -0500] "GET /forest/img/forestIcon.gif?version=1503.161801 HTTP/1.1" 200 573
181.54.171.169 - - [02/Jul/2015:05:09:36 -0500] "POST /forest/login.do HTTP/1.1" 200 12861
181.54.171.169 - - [02/Jul/2015:05:09:48 -0500] "POST /forest/login.do HTTP/1.1" 302 -
181.54.171.169 - - [02/Jul/2015:05:09:49 -0500] "GET /forest/img/inicio.jpg HTTP/1.1" 200 897
181.54.171.169 - - [02/Jul/2015:05:09:49 -0500] "GET /forest/img/users/7.gif HTTP/1.1" 200 1631
181.54.171.169 - - [02/Jul/2015:05:09:49 -0500] "GET /forest/img/users/3.gif HTTP/1.1" 200 1513
181.54.171.169 - - [02/Jul/2015:05:09:49 -0500] "GET /forest/img/users/5.gif HTTP/1.1" 200 1507
181.54.171.169 - - [02/Jul/2015:05:09:49 -0500] "GET /forest/img/download_large.gif HTTP/1.1" 200 203
181.54.171.169 - - [02/Jul/2015:05:09:49 -0500] "GET /forest/img/buscar.jpg HTTP/1.1" 200 736
181.54.171.169 - - [02/Jul/2015:05:09:49 -0500] "GET /forest/img/buscar_documentos.gif HTTP/1.1" 200 674
181.54.171.169 - - [02/Jul/2015:05:09:49 -0500] "GET /forest/img/fondo-barra.gif HTTP/1.1" 200 282
66.249.79.190 - - [02/Jul/2015:05:09:54 -0500] "GET /phpold/autoliquidacion/19097.txt HTTP/1.1" 404 1019
177.7.74.191 - - [02/Jul/2015:05:10:03 -0500] "GET /galeria/galeria/jquery.fancybox.css?v=2.1.5 HTTP/1.1" 200 4895
177.7.74.191 - - [02/Jul/2015:05:10:03 -0500] "GET /BLA/boletinlegal/js/jquery.scrollTo-min.js HTTP/1.1" 200 1150
177.7.74.191 - - [02/Jul/2015:05:10:03 -0500] "GET /BLA/boletinlegal/js/jquery.scrollShow.js HTTP/1.1" 200 4586
177.7.74.191 - - [02/Jul/2015:05:10:03 -0500] "GET /galeria/galeria/jquery.fancybox.js?v=2.1.5 HTTP/1.1" 200 48706
177.7.74.191 - - [02/Jul/2015:05:10:20 -0500] "GET /galeria/galeria/jquery.fancybox.css?v=2.1.5 HTTP/1.1" 304 -
177.7.74.191 - - [02/Jul/2015:05:10:21 -0500] "GET /BLA/boletinlegal/js/jquery.scrollTo-min.js HTTP/1.1" 304 -
177.7.74.191 - - [02/Jul/2015:05:10:21 -0500] "GET /BLA/boletinlegal/js/jquery.scrollShow.js HTTP/1.1" 304 -
177.7.74.191 - - [02/Jul/2015:05:10:21 -0500] "GET /galeria/galeria/jquery.fancybox.js?v=2.1.5 HTTP/1.1" 304 -
201.245.192.252 - - [02/Jul/2015:05:10:21 -0500] "GET /forest/session.jsp?a=0.12516880427535204 HTTP/1.1" 200 4
188.165.15.152 - - [02/Jul/2015:05:10:45 -0500] "GET /BLA/resoluciones/AUTOS%202006/AUTOS%202006%203201%20-%203300/00003210.tif HTTP/1.1" 200 37676
201.245.192.252 - - [02/Jul/2015:05:11:00 -0500] "GET /forest/session.jsp?a=0.10943304172698576 HTTP/1.1" 200 4
190.154.96.246 - - [02/Jul/2015:05:11:18 -0500] "GET /galeria/galeria/jquery.fancybox.css?v=2.1.5 HTTP/1.1" 200 4895
190.154.96.246 - - [02/Jul/2015:05:11:18 -0500] "GET /BLA/boletinlegal/js/jquery.scrollTo-min.js HTTP/1.1" 200 1150
190.154.96.246 - - [02/Jul/2015:05:11:18 -0500] "GET /BLA/boletinlegal/js/jquery.scrollShow.js HTTP/1.1" 200 4586
190.154.96.246 - - [02/Jul/2015:05:11:18 -0500] "GET /galeria/galeria/jquery.fancybox.js?v=2.1.5 HTTP/1.1" 200 48706
74.86.158.107 - - [02/Jul/2015:05:12:06 -0500] "HEAD / HTTP/1.1" 200 -
66.249.79.164 - - [02/Jul/2015:05:12:07 -0500] "GET /htdocs/counter/digits/binky/ HTTP/1.1" 404 1019
190.154.96.246 - - [02/Jul/2015:05:12:14 -0500] "GET /BLA/boletinlegal/js/jquery.scrollTo-min.js HTTP/1.1" 304 -
190.154.96.246 - - [02/Jul/2015:05:12:14 -0500] "GET /galeria/galeria/jquery.fancybox.css?v=2.1.5 HTTP/1.1" 304 -
190.154.96.246 - - [02/Jul/2015:05:12:14 -0500] "GET /BLA/boletinlegal/js/jquery.scrollShow.js HTTP/1.1" 304 -
190.154.96.246 - - [02/Jul/2015:05:12:14 -0500] "GET /galeria/galeria/jquery.fancybox.js?v=2.1.5 HTTP/1.1" 304 -
190.154.96.246 - - [02/Jul/2015:05:12:16 -0500] "GET /galeria/galeria/jquery.fancybox.js?v=2.1.5 HTTP/1.1" 304 -
66.249.79.177 - - [02/Jul/2015:05:12:34 -0500] "GET /phpold/autoliquidacion/19359.txt HTTP/1.1" 404 1019
66.249.79.164 - - [02/Jul/2015:05:13:00 -0500] "GET /even/solojefe1/sld025.htm HTTP/1.1" 404 1019
66.249.79.177 - - [02/Jul/2015:05:13:54 -0500] "GET /phpold/autoliquidacion/18656.txt HTTP/1.1" 404 1019
66.249.79.164 - - [02/Jul/2015:05:14:47 -0500] "GET /Residuos/maderas/images/page1.swf HTTP/1.1" 200 348315
188.165.15.152 - - [02/Jul/2015:05:14:50 -0500] "GET /BLA/resoluciones/RESOLUCIONES%202004/RES%202004%20651-700/00000667.tif HTTP/1.1" 200 54318
66.249.79.190 - - [02/Jul/2015:05:15:13 -0500] "GET /phpold/autoliquidacion/19237.txt HTTP/1.1" 404 1019
201.245.192.252 - - [02/Jul/2015:05:15:21 -0500] "GET /forest/session.jsp?a=0.25273046450808645 HTTP/1.1" 200 4
181.54.171.169 - - [02/Jul/2015:05:15:27 -0500] "GET /forest/img/buscar_procesos.gif HTTP/1.1" 200 158
181.54.171.169 - - [02/Jul/2015:05:15:27 -0500] "GET /forest/img/pantalla.gif HTTP/1.1" 200 1407
181.54.171.169 - - [02/Jul/2015:05:15:27 -0500] "GET /forest/img/ayuda.gif HTTP/1.1" 200 716
181.54.171.169 - - [02/Jul/2015:05:15:27 -0500] "GET /forest/img/salir3.gif HTTP/1.1" 200 1271
181.54.171.169 - - [02/Jul/2015:05:15:27 -0500] "GET /forest/img/panel/menu/add.png HTTP/1.1" 200 4044
181.54.171.169 - - [02/Jul/2015:05:15:27 -0500] "GET /forest/img/notify.gif HTTP/1.1" 200 746
181.54.171.169 - - [02/Jul/2015:05:15:27 -0500] "GET /forest/skins/gdocs-jar/css/tree.css HTTP/1.1" 200 223
181.54.171.169 - - [02/Jul/2015:05:15:27 -0500] "GET /forest/skins/gdocs-jar/css/autocomplete.css HTTP/1.1" 200 1620
181.54.171.169 - - [02/Jul/2015:05:15:27 -0500] "GET /forest/skins/gdocs-jar/js/xml_utilities.js?version=1503.161801 HTTP/1.1" 200 2433
181.54.171.169 - - [02/Jul/2015:05:15:27 -0500] "GET /forest/js/inicio.js?version=1503.161801 HTTP/1.1" 200 2303
181.54.171.169 - - [02/Jul/2015:05:15:27 -0500] "GET /forest/skins/gdocs-jar/js/misprocesos.js?version=1503.161801 HTTP/1.1" 200 5890
181.54.171.169 - - [02/Jul/2015:05:15:27 -0500] "GET /forest/img/panel/menu/folder.png HTTP/1.1" 200 1382
181.54.171.169 - - [02/Jul/2015:05:15:27 -0500] "GET /forest/img/panel/menu/hoy.png HTTP/1.1" 200 1215
181.54.171.169 - - [02/Jul/2015:05:15:27 -0500] "GET /forest/img/panel/menu/danger2.png HTTP/1.1" 200 1358
181.54.171.169 - - [02/Jul/2015:05:15:27 -0500] "GET /forest/skins/gdocs-jar/js/autocompletar2.js?version=1503.161801 HTTP/1.1" 200 24595
181.54.171.169 - - [02/Jul/2015:05:15:28 -0500] "GET /forest/img/mireparto.gif HTTP/1.1" 200 2341
181.54.171.169 - - [02/Jul/2015:05:15:28 -0500] "GET /forest/img/instanciar.gif HTTP/1.1" 200 1589
181.54.171.169 - - [02/Jul/2015:05:15:28 -0500] "GET /forest/img/misdocumentos.gif HTTP/1.1" 200 545
181.54.171.169 - - [02/Jul/2015:05:15:28 -0500] "GET /forest/skins/gdocs-jar/img/cancel.gif HTTP/1.1" 200 77
181.54.171.169 - - [02/Jul/2015:05:15:28 -0500] "GET /forest/skins/gdocs-jar/img/icons/pdf.gif HTTP/1.1" 200 230
181.54.171.169 - - [02/Jul/2015:05:09:48 -0500] "GET /forest/index2.jsp?a=0.7473202529702495 HTTP/1.1" 200 158649
181.54.171.169 - - [02/Jul/2015:05:15:28 -0500] "GET /forest/session.jsp?a=0.672851346200332 HTTP/1.1" 200 4
66.249.79.133 - - [02/Jul/2015:05:15:35 -0500] "GET /BLA/resoluciones/AUTOS%202012/1730.pdf HTTP/1.1" 200 1724260
66.249.79.190 - - [02/Jul/2015:05:15:40 -0500] "GET /planesacc/pdf/admin/ HTTP/1.1" 404 1019
201.245.192.252 - - [02/Jul/2015:05:16:00 -0500] "GET /forest/session.jsp?a=0.25308858442206184 HTTP/1.1" 200 4
66.249.79.177 - - [02/Jul/2015:05:17:00 -0500] "GET /phpold/autoliquidacion/19069.txt HTTP/1.1" 404 1019
74.86.158.107 - - [02/Jul/2015:05:17:06 -0500] "HEAD / HTTP/1.1" 200 -
66.249.79.164 - - [02/Jul/2015:05:17:26 -0500] "GET /phpold/imguv/ HTTP/1.1" 404 1019
209.217.76.244 - - [02/Jul/2015:05:17:51 -0500] "GET /wordpress/wp-admin/ HTTP/1.1" 404 1018
188.165.15.152 - - [02/Jul/2015:05:18:23 -0500] "GET /BLA/resoluciones/RESOLUCIONES%202005/RES%202005%201-50/RES%202005%20101-150/00000138.tif HTTP/1.1" 200 130316
188.165.15.152 - - [02/Jul/2015:05:18:44 -0500] "GET /BLA/resoluciones/RESOLUCIONES%202004/RES%202004%201401-1450/00001413.tif HTTP/1.1" 200 137946
66.249.79.177 - - [02/Jul/2015:05:19:04 -0500] "GET /videos/NotaSumapaz.flv HTTP/1.1" 200 16396082
66.249.79.190 - - [02/Jul/2015:05:19:22 -0500] "GET /phpold/autoliquidacion/19422.txt HTTP/1.1" 404 1019
188.165.15.152 - - [02/Jul/2015:05:20:06 -0500] "GET /BLA/resoluciones/RESOLUCIONES%202004/RES%202004%201201-1250/00001216.tif HTTP/1.1" 200 361430
186.81.172.145 - - [02/Jul/2015:05:20:09 -0500] "GET /galeria/galeria/jquery.fancybox.css?v=2.1.5 HTTP/1.1" 200 4895
186.81.172.145 - - [02/Jul/2015:05:20:09 -0500] "GET /BLA/boletinlegal/js/jquery.scrollTo-min.js HTTP/1.1" 200 1150
186.81.172.145 - - [02/Jul/2015:05:20:09 -0500] "GET /galeria/carrusel/Carrusel/jquery.thumbnailScroller.css HTTP/1.1" 200 2066
186.81.172.145 - - [02/Jul/2015:05:20:09 -0500] "GET /BLA/boletinlegal/js/jquery.scrollShow.js HTTP/1.1" 200 4586
186.81.172.145 - - [02/Jul/2015:05:20:09 -0500] "GET /galeria/galeria/jquery.fancybox.js?v=2.1.5 HTTP/1.1" 200 48706
186.81.172.145 - - [02/Jul/2015:05:20:09 -0500] "GET /galeria/carrusel/Carrusel/jquery.thumbnailScroller.js HTTP/1.1" 200 8157
186.81.172.145 - - [02/Jul/2015:05:20:09 -0500] "GET /galeria/carrusel/Carrusel/jquery-ui-1.8.13.custom.min.js HTTP/1.1" 200 10800
186.81.172.145 - - [02/Jul/2015:05:20:10 -0500] "GET /galeria/nivo-slider/demo/demo.html HTTP/1.1" 200 4868
186.81.172.145 - - [02/Jul/2015:05:20:10 -0500] "GET /galeria/nivo-slider/demo/style.css HTTP/1.1" 200 2222
186.81.172.145 - - [02/Jul/2015:05:20:10 -0500] "GET /galeria/nivo-slider/themes/pascal/pascal.css HTTP/1.1" 200 2258
186.81.172.145 - - [02/Jul/2015:05:20:10 -0500] "GET /galeria/nivo-slider/themes/default/default.css HTTP/1.1" 200 1569
186.81.172.145 - - [02/Jul/2015:05:20:10 -0500] "GET /galeria/nivo-slider/themes/orman/orman.css HTTP/1.1" 200 2152
186.81.172.145 - - [02/Jul/2015:05:20:10 -0500] "GET /galeria/nivo-slider/nivo-slider.css HTTP/1.1" 200 1507
186.81.172.145 - - [02/Jul/2015:05:20:10 -0500] "GET /galeria/nivo-slider/demo/scripts/jquery-1.7.1.min.js HTTP/1.1" 200 93868
186.81.172.145 - - [02/Jul/2015:05:20:10 -0500] "GET /galeria/nivo-slider/jquery.nivo.slider.pack.js HTTP/1.1" 200 11561
186.81.172.145 - - [02/Jul/2015:05:20:10 -0500] "GET /galeria/nivo-slider/demo/images/Rendicion-de-cuentas.jpg HTTP/1.1" 200 174889
186.81.172.145 - - [02/Jul/2015:05:20:10 -0500] "GET /galeria/nivo-slider/demo/images/VoluntariadoPYBA.jpg HTTP/1.1" 200 40647
186.81.172.145 - - [02/Jul/2015:05:20:10 -0500] "GET /galeria/nivo-slider/demo/images/9Signos.jpg HTTP/1.1" 200 81776
186.81.172.145 - - [02/Jul/2015:05:20:11 -0500] "GET /galeria/nivo-slider/demo/images/Comparendo-ambiental-Banner.jpg HTTP/1.1" 200 83731
186.81.172.145 - - [02/Jul/2015:05:20:11 -0500] "GET /galeria/nivo-slider/demo/images/GAE-banner.jpg HTTP/1.1" 200 97556
186.81.172.145 - - [02/Jul/2015:05:20:11 -0500] "GET /galeria/nivo-slider/demo/images/Banner-encuesta-de-percepscio.jpg HTTP/1.1" 200 201899
186.81.172.145 - - [02/Jul/2015:05:20:11 -0500] "GET /galeria/nivo-slider/demo/images/banner-Pacto-por-la-madera.jpg HTTP/1.1" 200 209966
186.81.172.145 - - [02/Jul/2015:05:20:11 -0500] "GET /galeria/nivo-slider/demo/images/acuerdo_569.jpg HTTP/1.1" 200 62670
186.81.172.145 - - [02/Jul/2015:05:20:11 -0500] "GET /galeria/nivo-slider/demo/images/4Simple_Slider.png HTTP/1.1" 200 11722
186.81.172.145 - - [02/Jul/2015:05:20:11 -0500] "GET /galeria/nivo-slider/themes/default/loading.gif HTTP/1.1" 200 1737
186.81.172.145 - - [02/Jul/2015:05:20:11 -0500] "GET /galeria/nivo-slider/demo/images/Licitaciones-proyecto-paramo.jpg HTTP/1.1" 200 221877
186.81.172.145 - - [02/Jul/2015:05:20:11 -0500] "GET /galeria/nivo-slider/demo/images/Banner-decreto1299.jpg HTTP/1.1" 200 182613
186.81.172.145 - - [02/Jul/2015:05:20:12 -0500] "GET /galeria/nivo-slider/demo/images/Banner-Directorio.jpg HTTP/1.1" 200 182068
186.81.172.145 - - [02/Jul/2015:05:20:12 -0500] "GET /galeria/nivo-slider/demo/images/Ruta-vertimientos-01.jpg HTTP/1.1" 200 130151
186.81.172.145 - - [02/Jul/2015:05:20:12 -0500] "GET /galeria/nivo-slider/demo/images/bolsas-06.jpg HTTP/1.1" 200 90982
186.81.172.145 - - [02/Jul/2015:05:20:12 -0500] "GET /galeria/nivo-slider/demo/images/Conoce-los-humedales.jpg HTTP/1.1" 200 294036
186.81.172.145 - - [02/Jul/2015:05:20:12 -0500] "GET /galeria/nivo-slider/demo/images/ecolecta-Dic2014.png HTTP/1.1" 200 288593
186.81.172.145 - - [02/Jul/2015:05:20:12 -0500] "GET /galeria/nivo-slider/demo/images/Banner-Caracol-Africano.jpg HTTP/1.1" 200 331986
186.81.172.145 - - [02/Jul/2015:05:20:12 -0500] "GET /galeria/nivo-slider/demo/images/banner-llantas2.jpg HTTP/1.1" 200 204644
186.81.172.145 - - [02/Jul/2015:05:20:16 -0500] "GET /galeria/nivo-slider/themes/default/bullets.png HTTP/1.1" 200 1281
186.81.172.145 - - [02/Jul/2015:05:20:16 -0500] "GET /galeria/nivo-slider/themes/default/arrows.png HTTP/1.1" 200 824
201.245.192.252 - - [02/Jul/2015:05:20:21 -0500] "GET /forest/session.jsp?a=0.8802859003599222 HTTP/1.1" 200 4
66.249.79.107 - - [02/Jul/2015:05:20:59 -0500] "GET /BLA/resoluciones/RESOLUCIONES%202007/RES%202007%20301%20AL%20400/RESOLUCION%200310%20DE%202007.pdf HTTP/1.1" 200 174861
201.245.192.252 - - [02/Jul/2015:05:21:00 -0500] "GET /forest/session.jsp?a=0.624565470586875 HTTP/1.1" 200 4
123.125.71.85 - - [02/Jul/2015:05:21:13 -0500] "GET / HTTP/1.1" 200 10190
130.0.234.26 - - [02/Jul/2015:05:21:00 -0500] "GET /xmlrpc.php HTTP/1.1" 405 42
188.165.15.152 - - [02/Jul/2015:05:21:17 -0500] "GET /BLA/resoluciones/AUTOS%202006/AUTOS%202006%20101-200/00000151.tif HTTP/1.1" 200 46800
66.249.79.107 - - [02/Jul/2015:05:21:26 -0500] "GET /BLA/resoluciones/RESOLUCIONES%202009/3273.pdf HTTP/1.1" 200 593007
66.249.79.120 - - [02/Jul/2015:05:21:52 -0500] "GET /BLA/resoluciones/RESOLUCIONES%202008/0350.pdf HTTP/1.1" 200 299343
74.86.158.107 - - [02/Jul/2015:05:22:06 -0500] "HEAD / HTTP/1.1" 200 -
66.249.79.107 - - [02/Jul/2015:05:22:19 -0500] "GET /BLA/resoluciones/RESOLUCIONES%202010/0346.pdf HTTP/1.1" 200 350390
180.76.15.142 - - [02/Jul/2015:05:22:33 -0500] "GET /BLA/boletinlegal/Circulares/2010/Circular%2001%20de%2018%20de%20febrero%20de%202010.pdf HTTP/1.1" 200 72083
66.249.79.133 - - [02/Jul/2015:05:22:45 -0500] "GET /BLA/resoluciones/AUTOS%202011/4210.pdf HTTP/1.1" 200 251681
188.165.15.152 - - [02/Jul/2015:05:23:04 -0500] "GET /BLA/resoluciones/RESOLUCIONES%202004/RES%202004%202201-2250/00002211.tif HTTP/1.1" 200 224952
190.249.38.237 - - [02/Jul/2015:05:23:05 -0500] "GET /BLA/boletinlegal/js/jquery.scrollShow.js HTTP/1.1" 200 4586
190.249.38.237 - - [02/Jul/2015:05:23:05 -0500] "GET /BLA/boletinlegal/js/jquery.scrollTo-min.js HTTP/1.1" 200 1150
190.249.38.237 - - [02/Jul/2015:05:23:05 -0500] "GET /galeria/galeria/jquery.fancybox.js?v=2.1.5 HTTP/1.1" 200 48706
190.249.38.237 - - [02/Jul/2015:05:23:05 -0500] "GET /galeria/galeria/jquery.fancybox.css?v=2.1.5 HTTP/1.1" 200 4895
190.249.38.237 - - [02/Jul/2015:05:23:11 -0500] "GET /galeria/galeria/jquery.fancybox.css?v=2.1.5 HTTP/1.1" 304 -
190.249.38.237 - - [02/Jul/2015:05:23:11 -0500] "GET /BLA/boletinlegal/js/jquery.scrollTo-min.js HTTP/1.1" 304 -
190.249.38.237 - - [02/Jul/2015:05:23:11 -0500] "GET /BLA/boletinlegal/js/jquery.scrollShow.js HTTP/1.1" 304 -
190.249.38.237 - - [02/Jul/2015:05:23:11 -0500] "GET /galeria/galeria/jquery.fancybox.js?v=2.1.5 HTTP/1.1" 304 -
66.249.79.177 - - [02/Jul/2015:05:23:12 -0500] "GET /SIG/index.php?dir=Gesti%F3n%20Talento%20Humano/&sort=size&order=desc HTTP/1.1" 200 7780
66.249.79.164 - - [02/Jul/2015:05:23:40 -0500] "GET /SIG/index.php?dir=Planeaci%F3n%20Ambiental/&sort=name&order=desc HTTP/1.1" 200 2419
66.249.79.107 - - [02/Jul/2015:05:24:08 -0500] "GET /BLA/resoluciones/RESOLUCIONES%202008/0029.pdf HTTP/1.1" 200 243605
66.249.79.190 - - [02/Jul/2015:05:24:35 -0500] "GET /SIG/index.php?dir=Comunicaciones/&sort=name&order=desc HTTP/1.1" 200 2914
181.54.171.169 - - [02/Jul/2015:05:24:42 -0500] "GET /forest/skins/gdocs-jar/css/forest.css?version=1503.161801 HTTP/1.1" 304 -
181.54.171.169 - - [02/Jul/2015:05:24:42 -0500] "GET /forest/css/escritorio.css?version=1503.161801 HTTP/1.1" 304 -
181.54.171.169 - - [02/Jul/2015:05:24:42 -0500] "GET /forest/1ibre/jscalendar/calendar-win2k-1.css?version=1503.161801 HTTP/1.1" 304 -
181.54.171.169 - - [02/Jul/2015:05:24:42 -0500] "GET /forest/skins/gdocs-jar/css/menu.css?version=1503.161801 HTTP/1.1" 304 -
