!C99Shell v. 1.0 pre-release build #13!

Software: Apache. PHP/5.5.15 

uname -a: Windows NT SVR-DMZ 6.1 build 7600 (Windows Server 2008 R2 Enterprise Edition) i586 

SYSTEM 

Safe-mode: OFF (not secure)

E:\nuevo\apache\logs\   drwxrwxrwx
Free 8.02 GB of 239.26 GB (3.35%)
Detected drives: [ a ] [ c ] [ d ] [ e ] [ f ]
Home    Back    Forward    UPDIR    Refresh    Search    Buffer    Encoder    Tools    Proc.    FTP brute    Sec.    SQL    PHP-code    Update    Feedback    Self remove    Logout    


Viewing file:     access.2015.07.02.log (21.22 MB)      -rw-rw-rw-
Select action/file-type:
(+) | (+) | (+) | Code (+) | Session (+) | (+) | SDB (+) | (+) | (+) | (+) | (+) | (+) |
181.55.196.3 - - [02/Jul/2015:00:00:08 -0500] "GET /BLA/boletinlegal/js/jquery.scrollTo-min.js HTTP/1.1" 304 -
181.55.196.3 - - [02/Jul/2015:00:00:08 -0500] "GET /BLA/boletinlegal/js/jquery.scrollShow.js HTTP/1.1" 304 -
181.55.196.3 - - [02/Jul/2015:00:00:08 -0500] "GET /galeria/galeria/jquery.fancybox.js?v=2.1.5 HTTP/1.1" 304 -
181.55.196.3 - - [02/Jul/2015:00:00:08 -0500] "GET /galeria/galeria/jquery.fancybox.css?v=2.1.5 HTTP/1.1" 304 -
66.249.79.133 - - [02/Jul/2015:00:00:13 -0500] "GET /BLA/resoluciones/AUTOS%202013/0799.pdf HTTP/1.1" 200 1720638
201.245.192.252 - - [02/Jul/2015:00:00:17 -0500] "GET /forest/session.jsp?a=0.7833755501908113 HTTP/1.1" 200 4
66.249.79.183 - - [02/Jul/2015:00:00:27 -0500] "GET /comunicados/feed/ HTTP/1.1" 200 737
66.249.79.133 - - [02/Jul/2015:00:00:40 -0500] "GET /BLA/resoluciones/AUTOS%202012/0260.pdf HTTP/1.1" 200 176412
66.249.79.133 - - [02/Jul/2015:00:00:41 -0500] "GET /BLA/resoluciones/AUTOS%202013/2999.pdf HTTP/1.1" 200 601170
66.249.79.107 - - [02/Jul/2015:00:00:42 -0500] "GET /BLA/resoluciones/AUTOS%202013/3299.pdf HTTP/1.1" 200 300809
66.102.8.233 - - [02/Jul/2015:00:00:49 -0500] "GET /BLA/boletinlegal/js/jquery.scrollTo-min.js HTTP/1.1" 200 1150
66.102.8.233 - - [02/Jul/2015:00:00:49 -0500] "GET /BLA/boletinlegal/js/jquery.scrollShow.js HTTP/1.1" 200 4586
66.102.8.223 - - [02/Jul/2015:00:00:49 -0500] "GET /galeria/galeria/jquery.fancybox.js?v=2.1.5 HTTP/1.1" 200 48706
66.102.8.228 - - [02/Jul/2015:00:00:49 -0500] "GET /galeria/galeria/jquery.fancybox.css?v=2.1.5 HTTP/1.1" 200 4895
66.249.79.107 - - [02/Jul/2015:00:00:56 -0500] "GET /BLA/resoluciones/AUTOS%202013/1368.pdf HTTP/1.1" 200 1845265
66.102.8.228 - - [02/Jul/2015:00:00:57 -0500] "GET /galeria/galeria/jquery.fancybox.js?v=2.1.5 HTTP/1.1" 304 -
66.102.8.233 - - [02/Jul/2015:00:00:57 -0500] "GET /BLA/boletinlegal/js/jquery.scrollShow.js HTTP/1.1" 304 -
66.102.8.228 - - [02/Jul/2015:00:00:57 -0500] "GET /BLA/boletinlegal/js/jquery.scrollTo-min.js HTTP/1.1" 304 -
66.102.8.228 - - [02/Jul/2015:00:00:57 -0500] "GET /galeria/galeria/jquery.fancybox.css?v=2.1.5 HTTP/1.1" 304 -
201.245.192.252 - - [02/Jul/2015:00:00:57 -0500] "GET /forest/session.jsp?a=0.22811395770329468 HTTP/1.1" 200 4
66.249.79.107 - - [02/Jul/2015:00:01:07 -0500] "GET /BLA/resoluciones/AUTOS%202013/3437.pdf HTTP/1.1" 200 1032849
66.249.79.133 - - [02/Jul/2015:00:01:10 -0500] "GET /BLA/resoluciones/AUTOS%202013/2685.pdf HTTP/1.1" 200 432940
66.249.79.107 - - [02/Jul/2015:00:01:13 -0500] "GET /BLA/resoluciones/RESOLUCIONES%202013/0104.pdf HTTP/1.1" 200 722826
186.145.192.236 - - [02/Jul/2015:00:01:22 -0500] "GET /galeria/galeria/jquery.fancybox.css?v=2.1.5 HTTP/1.1" 200 4895
186.145.192.236 - - [02/Jul/2015:00:01:22 -0500] "GET /BLA/boletinlegal/js/jquery.scrollTo-min.js HTTP/1.1" 200 1150
186.145.192.236 - - [02/Jul/2015:00:01:22 -0500] "GET /BLA/boletinlegal/js/jquery.scrollShow.js HTTP/1.1" 200 4586
186.145.192.236 - - [02/Jul/2015:00:01:22 -0500] "GET /galeria/galeria/jquery.fancybox.js?v=2.1.5 HTTP/1.1" 200 48706
66.249.79.120 - - [02/Jul/2015:00:01:24 -0500] "GET /BLA/resoluciones/AUTOS%202013/2651.pdf HTTP/1.1" 200 2310988
66.249.79.120 - - [02/Jul/2015:00:01:38 -0500] "GET /BLA/resoluciones/AUTOS%202013/3111.pdf HTTP/1.1" 200 315842
74.86.158.107 - - [02/Jul/2015:00:01:39 -0500] "HEAD / HTTP/1.1" 200 -
101.199.108.56 - - [02/Jul/2015:00:01:40 -0500] "GET /BLA/boletinlegal/js/jquery.scrollTo-min.js HTTP/1.1" 200 1150
101.199.108.56 - - [02/Jul/2015:00:01:40 -0500] "GET /galeria/galeria/jquery.fancybox.css?v=2.1.5 HTTP/1.1" 200 4895
101.199.108.56 - - [02/Jul/2015:00:01:40 -0500] "GET /BLA/boletinlegal/js/jquery.scrollShow.js HTTP/1.1" 200 4586
101.199.108.56 - - [02/Jul/2015:00:01:40 -0500] "GET /galeria/galeria/jquery.fancybox.js?v=2.1.5 HTTP/1.1" 200 48706
101.199.108.56 - - [02/Jul/2015:00:01:40 -0500] "GET /galeria/carrusel/Carrusel/jquery.thumbnailScroller.css HTTP/1.1" 200 2066
101.199.108.56 - - [02/Jul/2015:00:01:40 -0500] "GET /galeria/carrusel/Carrusel/jquery-ui-1.8.13.custom.min.js HTTP/1.1" 200 10800
101.199.108.56 - - [02/Jul/2015:00:01:41 -0500] "GET /galeria/carrusel/Carrusel/jquery.thumbnailScroller.js HTTP/1.1" 200 8157
186.145.192.236 - - [02/Jul/2015:00:01:45 -0500] "GET /galeria/carrusel/Carrusel/jquery.thumbnailScroller.css HTTP/1.1" 200 2066
186.145.192.236 - - [02/Jul/2015:00:01:45 -0500] "GET /galeria/carrusel/Carrusel/jquery-ui-1.8.13.custom.min.js HTTP/1.1" 200 10800
186.145.192.236 - - [02/Jul/2015:00:01:45 -0500] "GET /galeria/carrusel/Carrusel/jquery.thumbnailScroller.js HTTP/1.1" 200 8157
186.145.192.236 - - [02/Jul/2015:00:01:48 -0500] "GET /galeria/nivo-slider/demo/demo.html HTTP/1.1" 200 4868
186.145.192.236 - - [02/Jul/2015:00:01:50 -0500] "GET /galeria/nivo-slider/themes/pascal/pascal.css HTTP/1.1" 200 2258
186.145.192.236 - - [02/Jul/2015:00:01:50 -0500] "GET /galeria/nivo-slider/themes/default/default.css HTTP/1.1" 200 1569
186.145.192.236 - - [02/Jul/2015:00:01:50 -0500] "GET /galeria/nivo-slider/themes/orman/orman.css HTTP/1.1" 200 2152
186.145.192.236 - - [02/Jul/2015:00:01:51 -0500] "GET /galeria/nivo-slider/nivo-slider.css HTTP/1.1" 200 1507
186.145.192.236 - - [02/Jul/2015:00:01:51 -0500] "GET /galeria/nivo-slider/demo/style.css HTTP/1.1" 200 2222
186.145.192.236 - - [02/Jul/2015:00:01:51 -0500] "GET /galeria/nivo-slider/demo/images/Rendicion-de-cuentas.jpg HTTP/1.1" 200 174889
186.145.192.236 - - [02/Jul/2015:00:01:51 -0500] "GET /galeria/nivo-slider/demo/images/VoluntariadoPYBA.jpg HTTP/1.1" 200 40647
186.145.192.236 - - [02/Jul/2015:00:01:51 -0500] "GET /galeria/nivo-slider/demo/images/9Signos.jpg HTTP/1.1" 200 81776
66.249.79.133 - - [02/Jul/2015:00:01:52 -0500] "GET /BLA/resoluciones/AUTOS%202013/1373.pdf HTTP/1.1" 200 2034068
186.145.192.236 - - [02/Jul/2015:00:01:53 -0500] "GET /galeria/nivo-slider/demo/images/Comparendo-ambiental-Banner.jpg HTTP/1.1" 200 83731
186.145.192.236 - - [02/Jul/2015:00:01:53 -0500] "GET /galeria/nivo-slider/demo/scripts/jquery-1.7.1.min.js HTTP/1.1" 200 93868
186.145.192.236 - - [02/Jul/2015:00:01:53 -0500] "GET /galeria/nivo-slider/jquery.nivo.slider.pack.js HTTP/1.1" 200 11561
66.249.79.107 - - [02/Jul/2015:00:01:56 -0500] "GET /BLA/resoluciones/AUTOS%202007/3203.pdf HTTP/1.1" 200 118223
186.145.192.236 - - [02/Jul/2015:00:01:58 -0500] "GET /galeria/nivo-slider/demo/images/4Simple_Slider.png HTTP/1.1" 200 11722
186.145.192.236 - - [02/Jul/2015:00:02:00 -0500] "GET /galeria/nivo-slider/themes/default/loading.gif HTTP/1.1" 200 1737
186.145.192.236 - - [02/Jul/2015:00:02:01 -0500] "GET /galeria/nivo-slider/demo/images/GAE-banner.jpg HTTP/1.1" 200 97556
186.145.192.236 - - [02/Jul/2015:00:02:02 -0500] "GET /galeria/nivo-slider/demo/images/Banner-encuesta-de-percepscio.jpg HTTP/1.1" 200 201899
186.145.192.236 - - [02/Jul/2015:00:02:05 -0500] "GET /galeria/nivo-slider/demo/images/banner-Pacto-por-la-madera.jpg HTTP/1.1" 200 209966
186.145.192.236 - - [02/Jul/2015:00:02:06 -0500] "GET /galeria/nivo-slider/demo/images/acuerdo_569.jpg HTTP/1.1" 200 62670
186.145.192.236 - - [02/Jul/2015:00:02:06 -0500] "GET /galeria/nivo-slider/demo/images/Licitaciones-proyecto-paramo.jpg HTTP/1.1" 200 221877
66.249.79.107 - - [02/Jul/2015:00:02:07 -0500] "GET /BLA/resoluciones/RESOLUCIONES%202011/3979.pdf HTTP/1.1" 304 -
186.145.192.236 - - [02/Jul/2015:00:02:07 -0500] "GET /galeria/nivo-slider/demo/images/Banner-decreto1299.jpg HTTP/1.1" 200 182613
186.145.192.236 - - [02/Jul/2015:00:02:08 -0500] "GET /galeria/nivo-slider/demo/images/Banner-Directorio.jpg HTTP/1.1" 200 182068
66.249.79.107 - - [02/Jul/2015:00:02:21 -0500] "GET /BLA/resoluciones/RESOLUCIONES%202009/9387.pdf HTTP/1.1" 200 458209
66.249.79.120 - - [02/Jul/2015:00:02:35 -0500] "GET /BLA/resoluciones/RESOLUCIONES%202009/4742.pdf HTTP/1.1" 200 625975
191.102.216.33 - - [02/Jul/2015:00:02:36 -0500] "GET /BLA/boletinlegal/js/jquery.scrollTo-min.js HTTP/1.1" 200 1150
191.102.216.33 - - [02/Jul/2015:00:02:36 -0500] "GET /BLA/boletinlegal/js/jquery.scrollShow.js HTTP/1.1" 200 4586
191.102.216.33 - - [02/Jul/2015:00:02:36 -0500] "GET /galeria/galeria/jquery.fancybox.js?v=2.1.5 HTTP/1.1" 200 48706
191.102.216.33 - - [02/Jul/2015:00:02:36 -0500] "GET /galeria/galeria/jquery.fancybox.css?v=2.1.5 HTTP/1.1" 200 4895
201.231.66.196 - - [02/Jul/2015:00:02:40 -0500] "GET /BLA/boletinlegal/js/jquery.scrollTo-min.js HTTP/1.1" 200 1150
201.231.66.196 - - [02/Jul/2015:00:02:40 -0500] "GET /BLA/boletinlegal/js/jquery.scrollShow.js HTTP/1.1" 200 4586
201.231.66.196 - - [02/Jul/2015:00:02:40 -0500] "GET /galeria/galeria/jquery.fancybox.css?v=2.1.5 HTTP/1.1" 200 4895
201.231.66.196 - - [02/Jul/2015:00:02:40 -0500] "GET /galeria/galeria/jquery.fancybox.js?v=2.1.5 HTTP/1.1" 200 48706
88.198.233.69 - - [02/Jul/2015:00:02:46 -0500] "GET / HTTP/1.1" 200 10190
201.231.66.196 - - [02/Jul/2015:00:02:49 -0500] "GET /BLA/boletinlegal/js/jquery.scrollShow.js HTTP/1.1" 200 4586
201.231.66.196 - - [02/Jul/2015:00:02:49 -0500] "GET /BLA/boletinlegal/js/jquery.scrollTo-min.js HTTP/1.1" 200 1150
201.231.66.196 - - [02/Jul/2015:00:02:49 -0500] "GET /galeria/galeria/jquery.fancybox.js?v=2.1.5 HTTP/1.1" 200 48706
201.231.66.196 - - [02/Jul/2015:00:02:49 -0500] "GET /galeria/galeria/jquery.fancybox.css?v=2.1.5 HTTP/1.1" 200 4895
66.249.79.107 - - [02/Jul/2015:00:02:49 -0500] "GET /BLA/resoluciones/AUTOS%202014/5607.pdf HTTP/1.1" 200 283364
66.249.79.107 - - [02/Jul/2015:00:03:03 -0500] "GET /BLA/resoluciones/RESOLUCIONES%202009/8505.pdf HTTP/1.1" 200 385162
66.249.79.107 - - [02/Jul/2015:00:03:17 -0500] "GET /BLA/resoluciones/AUTOS%202013/2154.pdf HTTP/1.1" 200 672812
191.102.216.33 - - [02/Jul/2015:00:03:20 -0500] "GET /galeria/galeria/jquery.fancybox.css?v=2.1.5 HTTP/1.1" 304 -
191.102.216.33 - - [02/Jul/2015:00:03:20 -0500] "GET /BLA/boletinlegal/js/jquery.scrollTo-min.js HTTP/1.1" 304 -
191.102.216.33 - - [02/Jul/2015:00:03:20 -0500] "GET /BLA/boletinlegal/js/jquery.scrollShow.js HTTP/1.1" 304 -
191.102.216.33 - - [02/Jul/2015:00:03:20 -0500] "GET /galeria/galeria/jquery.fancybox.js?v=2.1.5 HTTP/1.1" 304 -
66.249.79.164 - - [02/Jul/2015:00:03:30 -0500] "GET /dama/libreria/pdf/reportesredaire/anuales/2000.pdf HTTP/1.1" 404 1019
66.249.79.133 - - [02/Jul/2015:00:03:32 -0500] "GET /BLA/resoluciones/index.php?dir=RESOLUCIONES+2006%2FRES+2006+2601-2650%2F HTTP/1.1" 200 11939
66.249.79.120 - - [02/Jul/2015:00:03:46 -0500] "GET /BLA/resoluciones/RESOLUCIONES%202010/5278.pdf HTTP/1.1" 200 758761
186.30.6.141 - - [02/Jul/2015:00:03:51 -0500] "GET /BLA/resoluciones/RESOLUCIONES%202011/0258.pdf HTTP/1.1" 200 292609
66.249.79.120 - - [02/Jul/2015:00:04:00 -0500] "GET /BLA/resoluciones/RESOLUCIONES%202007/RES%202007%202401%20AL%202500/RESOLUCION%202496%20DE%202007.pdf HTTP/1.1" 200 437401
66.249.79.107 - - [02/Jul/2015:00:04:14 -0500] "GET /BLA/resoluciones/RESOLUCIONES%202007/RES%202007%203601%20AL%203700/RESOLUCION%203648%20DE%202007.pdf HTTP/1.1" 200 298700
201.245.192.252 - - [02/Jul/2015:00:04:24 -0500] "GET /forestReports/webcontent/birt/images/Down_disabled.gif HTTP/1.1" 304 -
66.249.79.133 - - [02/Jul/2015:00:04:28 -0500] "GET /BLA/resoluciones/Notificaciones/AUTOS%202014/3264.doc HTTP/1.1" 200 98816
186.30.6.141 - - [02/Jul/2015:00:04:40 -0500] "GET /favicon.ico HTTP/1.1" 200 7782
66.249.79.133 - - [02/Jul/2015:00:04:42 -0500] "GET /BLA/resoluciones/RESOLUCIONES%202009/7738.pdf HTTP/1.1" 200 559256
201.245.192.252 - - [02/Jul/2015:00:04:44 -0500] "GET /forestReports/webcontent/birt/images/Report_parameters.gif HTTP/1.1" 304 -
66.249.79.120 - - [02/Jul/2015:00:04:57 -0500] "GET /BLA/resoluciones/index.php?dir=RESOLUCIONES%202007/RES%202007%203201%20AL%203300/&sort=name&order=desc HTTP/1.1" 200 27111
201.245.192.252 - - [02/Jul/2015:00:04:57 -0500] "GET /forestReports/webcontent/birt/images/Add.gif HTTP/1.1" 304 -
201.245.192.252 - - [02/Jul/2015:00:05:04 -0500] "GET /forestReports/webcontent/birt/images/Toc.gif HTTP/1.1" 304 -
66.249.79.177 - - [02/Jul/2015:00:05:11 -0500] "GET /Autoliquidacion/Fauna%20Silvestre/Aplicativo%20certificacion%20de%20salvoconducto%202015.htm HTTP/1.1" 304 -
201.245.192.252 - - [02/Jul/2015:00:05:17 -0500] "GET /forest/session.jsp?a=0.8940568338996132 HTTP/1.1" 200 4
66.249.79.120 - - [02/Jul/2015:00:05:25 -0500] "GET /BLA/resoluciones/RESOLUCIONES%202009/8502.pdf HTTP/1.1" 304 -
66.249.79.107 - - [02/Jul/2015:00:05:39 -0500] "GET /BLA/resoluciones/AUTOS%202012/2292.pdf HTTP/1.1" 304 -
66.249.79.133 - - [02/Jul/2015:00:05:52 -0500] "GET /BLA/resoluciones/AUTOS%202009/3119.pdf HTTP/1.1" 304 -
66.249.79.107 - - [02/Jul/2015:00:05:53 -0500] "GET /BLA/resoluciones/AUTOS%202007/3711.pdf HTTP/1.1" 304 -
201.245.192.252 - - [02/Jul/2015:00:05:56 -0500] "GET /forestReports/webcontent/birt/pages/common/blank.html HTTP/1.1" 304 -
201.245.192.252 - - [02/Jul/2015:00:05:57 -0500] "GET /forest/session.jsp?a=0.026501274788188756 HTTP/1.1" 200 4
66.249.79.120 - - [02/Jul/2015:00:06:08 -0500] "GET /BLA/resoluciones/AUTOS%202012/0651.pdf HTTP/1.1" 304 -
66.249.79.120 - - [02/Jul/2015:00:06:22 -0500] "GET /BLA/resoluciones/AUTOS%202012/0472.pdf HTTP/1.1" 304 -
66.249.79.120 - - [02/Jul/2015:00:06:36 -0500] "GET /BLA/resoluciones/RESOLUCIONES%202010/2303.pdf HTTP/1.1" 200 273381
74.86.158.107 - - [02/Jul/2015:00:06:39 -0500] "HEAD / HTTP/1.1" 200 -
66.249.79.120 - - [02/Jul/2015:00:06:50 -0500] "GET /BLA/resoluciones/AUTOS%202008/1018.pdf HTTP/1.1" 304 -
66.249.79.107 - - [02/Jul/2015:00:07:04 -0500] "GET /BLA/resoluciones/AUTOS%202010/6398.pdf HTTP/1.1" 304 -
186.28.3.222 - - [02/Jul/2015:00:07:10 -0500] "GET /forest/session.jsp?a=0.8818094229791313 HTTP/1.1" 200 5
186.28.3.222 - - [02/Jul/2015:00:07:10 -0500] "GET /forest/login.jsp?a=0.9793187766335905 HTTP/1.1" 200 2996
66.249.79.133 - - [02/Jul/2015:00:07:18 -0500] "GET /BLA/resoluciones/AUTOS%202010/4391.pdf HTTP/1.1" 304 -
66.249.79.120 - - [02/Jul/2015:00:07:33 -0500] "GET /BLA/resoluciones/Notificaciones/AUTOS%202014/6606.doc HTTP/1.1" 304 -
66.249.79.133 - - [02/Jul/2015:00:07:47 -0500] "GET /BLA/resoluciones/RESOLUCIONES%202007/RES%202007%203001%20AL%203100/RESOLUCION%203067%20DE%202007.pdf HTTP/1.1" 304 -
66.249.79.120 - - [02/Jul/2015:00:07:58 -0500] "GET /BLA/resoluciones/RESOLUCIONES%202010/5262.pdf HTTP/1.1" 200 274945
66.249.79.133 - - [02/Jul/2015:00:08:01 -0500] "GET /BLA/resoluciones/RESOLUCIONES%202012/1906.pdf HTTP/1.1" 304 -
66.249.79.120 - - [02/Jul/2015:00:08:15 -0500] "GET /BLA/resoluciones/RESOLUCIONES%202012/1893.pdf HTTP/1.1" 304 -
66.249.79.107 - - [02/Jul/2015:00:08:29 -0500] "GET /BLA/resoluciones/RESOLUCIONES%202011/3818.pdf HTTP/1.1" 304 -
66.249.79.107 - - [02/Jul/2015:00:08:43 -0500] "GET /BLA/resoluciones/RESOLUCIONES%202007/RES%202007%203101%20AL%203200/RESOLUCION%203151%20DE%202007.pdf HTTP/1.1" 304 -
66.249.79.107 - - [02/Jul/2015:00:08:58 -0500] "GET /BLA/resoluciones/AUTOS%202013/1091.pdf HTTP/1.1" 304 -
66.249.79.177 - - [02/Jul/2015:00:09:01 -0500] "GET /FBBVA/Premios/tlfb_pbiod_i_t_formularios.htm HTTP/1.1" 404 1019
66.249.79.120 - - [02/Jul/2015:00:09:12 -0500] "GET /BLA/resoluciones/RESOLUCIONES%202012/0656.pdf HTTP/1.1" 304 -
66.249.79.107 - - [02/Jul/2015:00:09:26 -0500] "GET /BLA/resoluciones/RESOLUCIONES%202011/1710.pdf HTTP/1.1" 304 -
66.249.79.120 - - [02/Jul/2015:00:09:31 -0500] "GET /portel_dama/libreria/pdf/ecosistemas/areas_prot/sitio/xtras/2.pdf HTTP/1.1" 404 1018
66.249.79.133 - - [02/Jul/2015:00:09:40 -0500] "GET /BLA/resoluciones/RESOLUCIONES%202011/1210.pdf HTTP/1.1" 304 -
66.249.79.107 - - [02/Jul/2015:00:09:43 -0500] "GET /BLA/resoluciones/RESOLUCIONES%202012/0388.pdf HTTP/1.1" 200 321623
66.249.79.120 - - [02/Jul/2015:00:09:54 -0500] "GET /BLA/resoluciones/RESOLUCIONES%202014/0085.pdf HTTP/1.1" 304 -
66.249.79.133 - - [02/Jul/2015:00:10:08 -0500] "GET /BLA/resoluciones/RESOLUCIONES%202007/RES%202007%201401%20AL%201500/RESOLUCION%201440%20DE%202007.pdf HTTP/1.1" 304 -
201.245.192.252 - - [02/Jul/2015:00:10:17 -0500] "GET /forest/session.jsp?a=0.5182417743844445 HTTP/1.1" 200 4
66.249.79.120 - - [02/Jul/2015:00:10:23 -0500] "GET /BLA/resoluciones/RESOLUCIONES%202007/RES%202007%201501%20AL%201600/RESOLUCION%201516%20DE%202007.pdf HTTP/1.1" 304 -
66.249.79.107 - - [02/Jul/2015:00:10:37 -0500] "GET /BLA/resoluciones/AUTOS%202008/1873.pdf HTTP/1.1" 304 -
66.249.79.107 - - [02/Jul/2015:00:10:39 -0500] "GET /BLA/resoluciones/AUTOS%202012/1514.pdf HTTP/1.1" 304 -
66.249.79.120 - - [02/Jul/2015:00:10:51 -0500] "GET /BLA/resoluciones/RESOLUCIONES%202010/5661.pdf HTTP/1.1" 304 -
181.54.228.146 - - [02/Jul/2015:00:10:51 -0500] "GET /BLA/resoluciones/RESOLUCIONES%202011/1597.pdf HTTP/1.1" 200 84449
181.54.228.146 - - [02/Jul/2015:00:10:52 -0500] "GET /BLA/resoluciones/RESOLUCIONES%202011/1597.pdf HTTP/1.1" 200 84449
201.245.192.252 - - [02/Jul/2015:00:10:57 -0500] "GET /forest/session.jsp?a=0.49379835732288835 HTTP/1.1" 200 4
66.249.79.133 - - [02/Jul/2015:00:11:05 -0500] "GET /BLA/resoluciones/RESOLUCIONES%202007/RES%202007%203501%20AL%203600/RESOLUCION%203563%20DE%202007.pdf HTTP/1.1" 304 -
66.249.79.107 - - [02/Jul/2015:00:11:19 -0500] "GET /BLA/resoluciones/RESOLUCIONES%202009/9461.pdf HTTP/1.1" 304 -
66.249.79.107 - - [02/Jul/2015:00:11:33 -0500] "GET /BLA/resoluciones/RESOLUCIONES%202007/RES%202007%203801%20AL%203900/RESOLUCION%203880%20DE%202007.pdf HTTP/1.1" 304 -
74.86.158.107 - - [02/Jul/2015:00:11:39 -0500] "HEAD / HTTP/1.1" 200 -
66.249.79.107 - - [02/Jul/2015:00:11:48 -0500] "GET /BLA/resoluciones/RESOLUCIONES%202009/4123.pdf HTTP/1.1" 304 -
66.249.79.133 - - [02/Jul/2015:00:12:02 -0500] "GET /BLA/resoluciones/RESOLUCIONES%202009/9478.pdf HTTP/1.1" 304 -
66.249.79.133 - - [02/Jul/2015:00:12:16 -0500] "GET /BLA/resoluciones/Notificaciones/AUTOS%202014/4219.doc HTTP/1.1" 200 94208
66.249.79.107 - - [02/Jul/2015:00:12:30 -0500] "GET /BLA/resoluciones/RESOLUCIONES%202007/RES%202007%204301%20AL%204352/RESOLUCION%204313%20DE%202007.pdf HTTP/1.1" 304 -
66.249.79.107 - - [02/Jul/2015:00:12:44 -0500] "GET /BLA/resoluciones/RESOLUCIONES%202010/7387.pdf HTTP/1.1" 304 -
66.249.79.120 - - [02/Jul/2015:00:12:59 -0500] "GET /BLA/resoluciones/RESOLUCIONES%202009/2530.pdf HTTP/1.1" 304 -
186.28.3.222 - - [02/Jul/2015:00:13:11 -0500] "GET /forest/?_a=0.18533682636916637 HTTP/1.1" 200 12815
66.249.79.107 - - [02/Jul/2015:00:13:13 -0500] "GET /BLA/resoluciones/AUTOS%202013/2141.pdf HTTP/1.1" 304 -
186.28.3.222 - - [02/Jul/2015:00:13:14 -0500] "GET /forest/img/forestIcon.gif?version=1503.161801 HTTP/1.1" 200 573
66.249.79.107 - - [02/Jul/2015:00:13:27 -0500] "GET /BLA/resoluciones/RESOLUCIONES%202011/1206.pdf HTTP/1.1" 304 -
66.249.79.133 - - [02/Jul/2015:00:13:41 -0500] "GET /BLA/resoluciones/RESOLUCIONES%202009/3779.pdf HTTP/1.1" 200 12167111
66.249.79.164 - - [02/Jul/2015:00:13:54 -0500] "GET /videos/Spots_Home.flv HTTP/1.1" 200 7044695
66.249.79.133 - - [02/Jul/2015:00:14:02 -0500] "GET /BLA/resoluciones/AUTOS%202012/1200.pdf HTTP/1.1" 304 -
66.249.79.120 - - [02/Jul/2015:00:14:08 -0500] "GET /BLA/resoluciones/RESOLUCIONES%202008/3790.pdf HTTP/1.1" 304 -
66.249.79.120 - - [02/Jul/2015:00:14:22 -0500] "GET /BLA/resoluciones/AUTOS%202014/6636.pdf HTTP/1.1" 304 -
66.249.79.133 - - [02/Jul/2015:00:14:35 -0500] "GET /BLA/resoluciones/RESOLUCIONES%202009/5531.pdf HTTP/1.1" 304 -
66.249.79.133 - - [02/Jul/2015:00:14:49 -0500] "GET /BLA/resoluciones/RESOLUCIONES%202007/RES%202007%203001%20AL%203100/RESOLUCION%203044%20%20DE%202007.pdf HTTP/1.1" 304 -
66.249.79.133 - - [02/Jul/2015:00:15:03 -0500] "GET /BLA/resoluciones/RESOLUCIONES%202014/1247.pdf HTTP/1.1" 200 1979376
66.249.79.107 - - [02/Jul/2015:00:15:16 -0500] "GET /BLA/resoluciones/RESOLUCIONES%202014/1225.pdf HTTP/1.1" 200 852415
201.245.192.252 - - [02/Jul/2015:00:15:17 -0500] "GET /forest/session.jsp?a=0.9382432149280552 HTTP/1.1" 200 4
66.249.79.120 - - [02/Jul/2015:00:15:21 -0500] "GET /BLA/resoluciones/AUTOS%202010/5639.pdf HTTP/1.1" 304 -
66.249.79.133 - - [02/Jul/2015:00:15:30 -0500] "GET /BLA/resoluciones/RESOLUCIONES%202009/8922.pdf HTTP/1.1" 304 -
66.249.79.107 - - [02/Jul/2015:00:15:44 -0500] "GET /BLA/resoluciones/RESOLUCIONES%202009/0139.pdf HTTP/1.1" 304 -
66.249.79.107 - - [02/Jul/2015:00:15:57 -0500] "GET /BLA/resoluciones/RESOLUCIONES%202012/0997.pdf HTTP/1.1" 304 -
201.245.192.252 - - [02/Jul/2015:00:15:57 -0500] "GET /forest/session.jsp?a=0.6911888721680803 HTTP/1.1" 200 4
152.61.193.99 - - [02/Jul/2015:00:16:00 -0500] "HEAD / HTTP/1.1" 200 -
152.61.193.99 - - [02/Jul/2015:00:16:00 -0500] "GET /arcgis/services/Calidad_del_Agua_WQI/MapServer/WMSServer?request=GetCapabilities&service=WMS HTTP/1.1" 200 32135
152.61.193.99 - - [02/Jul/2015:00:16:01 -0500] "GET /arcgis/services/Calidad_del_Agua_WQI/MapServer/WMSServer?request=GetCapabilities&service=WMS HTTP/1.1" 200 32135
152.61.193.99 - - [02/Jul/2015:00:16:02 -0500] "GET /arcgis/services/Calidad_del_Agua_WQI/MapServer/WMSServer?request=GetCapabilities&service=WMS HTTP/1.1" 200 32135
152.61.193.99 - - [02/Jul/2015:00:16:02 -0500] "GET /arcgis/services/Calidad_del_Agua_WQI/MapServer/WMSServer?request=GetCapabilities&service=WMS HTTP/1.1" 200 32135
152.61.193.99 - - [02/Jul/2015:00:16:03 -0500] "GET /arcgis/services/Calidad_del_Agua_WQI/MapServer/WMSServer?VERSION=1.1.1&REQUEST=GetMap&LAYERS=0&SRS=EPSG:4326&BBOX=-74.473395,3.674381,-73.963300,4.920569&WIDTH=250&HEIGHT=250&FORMAT=image/bmp&STYLES=& HTTP/1.1" 200 188054
66.249.79.107 - - [02/Jul/2015:00:16:11 -0500] "GET /BLA/resoluciones/RESOLUCIONES%202007/RES%202007%203101%20AL%203200/RESOLUCION%203159%20DE%202007.pdf HTTP/1.1" 304 -
66.249.79.120 - - [02/Jul/2015:00:16:18 -0500] "GET /videos/QueEsPREAD.flv HTTP/1.1" 304 -
66.249.79.133 - - [02/Jul/2015:00:16:25 -0500] "GET /BLA/resoluciones/AUTOS%202011/2924.pdf HTTP/1.1" 304 -
152.61.128.66 - - [02/Jul/2015:00:16:36 -0500] "HEAD / HTTP/1.1" 200 -
152.61.128.66 - - [02/Jul/2015:00:16:36 -0500] "GET /arcgis/services/Calidad_del_Agua_WQI/MapServer/WMSServer?SERVICE=WMS&REQUEST=GetCapabilities HTTP/1.1" 200 32135
152.61.128.66 - - [02/Jul/2015:00:16:36 -0500] "GET /arcgis/services/Calidad_del_Agua_WQI/MapServer/WMSServer?SERVICE=WMS&REQUEST=GetCapabilities HTTP/1.0" 200 32135
152.61.128.66 - - [02/Jul/2015:00:16:37 -0500] "GET /arcgis/services/Calidad_del_Agua_WQI/MapServer/WMSServer?SERVICE=WMS&REQUEST=GetCapabilities HTTP/1.0" 200 32135
66.249.79.120 - - [02/Jul/2015:00:16:38 -0500] "GET /BLA/resoluciones/AUTOS%202011/0016.pdf HTTP/1.1" 304 -
74.86.158.107 - - [02/Jul/2015:00:16:39 -0500] "HEAD / HTTP/1.1" 200 -
152.61.128.66 - - [02/Jul/2015:00:16:38 -0500] "GET /arcgis/services/Calidad_del_Agua_WQI/MapServer/WMSServer?SERVICE=WMS&REQUEST=GetCapabilities HTTP/1.0" 200 32135
152.61.128.66 - - [02/Jul/2015:00:16:39 -0500] "GET /arcgis/services/Calidad_del_Agua_WQI/MapServer/WMSServer?VERSION=1.1.1&REQUEST=GetMap&LAYERS=0&SRS=EPSG:4326&BBOX=-74.473395,3.674381,-73.963300,4.920569&WIDTH=250&HEIGHT=250&FORMAT=image/bmp&STYLES=& HTTP/1.1" 200 188054
66.249.79.120 - - [02/Jul/2015:00:16:52 -0500] "GET /BLA/resoluciones/RESOLUCIONES%202012/0661.pdf HTTP/1.1" 304 -
66.249.79.107 - - [02/Jul/2015:00:17:06 -0500] "GET /BLA/resoluciones/RESOLUCIONES%202007/RES%202007%203601%20AL%203700/RESOLUCION%203698%20DE%202007.pdf HTTP/1.1" 304 -
66.249.79.177 - - [02/Jul/2015:00:17:20 -0500] "GET /portalsiaccapacitaciones/Soportes%20Capacitaciones%202013/0032.%20PRESENTACI%C3%93N%20FUENTES%20FIJAS%20-%2015%20de%20Agosto.pdf HTTP/1.1" 304 -
66.249.79.120 - - [02/Jul/2015:00:17:33 -0500] "GET /BLA/resoluciones/RESOLUCIONES%202008/2406.pdf HTTP/1.1" 304 -
201.245.192.252 - - [02/Jul/2015:00:17:38 -0500] "GET /forest/1ibre/protoaculous.js HTTP/1.1" 304 -
66.249.79.190 - - [02/Jul/2015:00:17:47 -0500] "GET /Autoliquidacion/index.php?dir=Grupo%20Forestal%20-%20Industria%20de%20la%20Madera/&sort=date&order=asc HTTP/1.1" 200 7255
66.249.79.190 - - [02/Jul/2015:00:17:48 -0500] "GET /re/Talleres/papel/imagenes%20papel/fotos%20papel/mache%202.jpg HTTP/1.1" 404 1019
66.249.79.107 - - [02/Jul/2015:00:18:01 -0500] "GET /BLA/resoluciones/AUTOS%202013/3197.pdf HTTP/1.1" 200 676575
201.245.192.252 - - [02/Jul/2015:00:18:11 -0500] "GET /forestReports/webcontent/birt/images/PreviousPage_disabled.gif HTTP/1.1" 304 -
66.249.79.120 - - [02/Jul/2015:00:18:14 -0500] "GET /BLA/resoluciones/RESOLUCIONES%202013/1703.pdf HTTP/1.1" 200 345652
66.249.79.133 - - [02/Jul/2015:00:18:28 -0500] "GET /BLA/resoluciones/RESOLUCIONES%202008/2290.pdf HTTP/1.1" 200 355173
66.249.79.120 - - [02/Jul/2015:00:18:42 -0500] "GET /BLA/resoluciones/RESOLUCIONES%202011/2251.pdf HTTP/1.1" 200 691886
66.249.79.120 - - [02/Jul/2015:00:18:56 -0500] "GET /BLA/resoluciones/RESOLUCIONES%202009/6176.pdf HTTP/1.1" 200 656194
66.249.79.107 - - [02/Jul/2015:00:19:10 -0500] "GET /BLA/resoluciones/RESOLUCIONES%202007/RES%202007%20501%20AL%20600/RESOLUCION%200589%20DE%202007.pdf HTTP/1.1" 200 851877
66.249.79.120 - - [02/Jul/2015:00:19:24 -0500] "GET /BLA/resoluciones/AUTOS%202011/5293.pdf HTTP/1.1" 200 508934
201.245.192.252 - - [02/Jul/2015:00:19:26 -0500] "GET /forest/1ibre/1ibre.js HTTP/1.1" 304 -
66.249.79.133 - - [02/Jul/2015:00:19:38 -0500] "GET /BLA/resoluciones/RESOLUCIONES%202014/1628.pdf HTTP/1.1" 200 3653814
66.249.79.133 - - [02/Jul/2015:00:19:52 -0500] "GET /BLA/resoluciones/RESOLUCIONES%202011/5359.pdf HTTP/1.1" 200 526897
66.249.79.133 - - [02/Jul/2015:00:19:54 -0500] "GET /BLA/resoluciones/AUTOS%202009/1030.pdf HTTP/1.1" 304 -
181.31.202.252 - - [02/Jul/2015:00:20:00 -0500] "GET /galeria/galeria/jquery.fancybox.css?v=2.1.5 HTTP/1.1" 200 4895
181.31.202.252 - - [02/Jul/2015:00:20:00 -0500] "GET /BLA/boletinlegal/js/jquery.scrollTo-min.js HTTP/1.1" 200 1150
181.31.202.252 - - [02/Jul/2015:00:20:00 -0500] "GET /BLA/boletinlegal/js/jquery.scrollShow.js HTTP/1.1" 200 4586
181.31.202.252 - - [02/Jul/2015:00:20:00 -0500] "GET /galeria/galeria/jquery.fancybox.js?v=2.1.5 HTTP/1.1" 200 48706
66.249.79.120 - - [02/Jul/2015:00:20:06 -0500] "GET /BLA/resoluciones/RESOLUCIONES%202010/3904.pdf HTTP/1.1" 200 1028174
201.245.192.252 - - [02/Jul/2015:00:20:07 -0500] "GET /forestReports/webcontent/birt/images/AddAll.gif HTTP/1.1" 304 -
181.31.202.252 - - [02/Jul/2015:00:20:10 -0500] "GET /galeria/galeria/jquery.fancybox.css?v=2.1.5 HTTP/1.1" 304 -
181.31.202.252 - - [02/Jul/2015:00:20:10 -0500] "GET /BLA/boletinlegal/js/jquery.scrollTo-min.js HTTP/1.1" 304 -
181.31.202.252 - - [02/Jul/2015:00:20:10 -0500] "GET /BLA/boletinlegal/js/jquery.scrollShow.js HTTP/1.1" 304 -
181.31.202.252 - - [02/Jul/2015:00:20:10 -0500] "GET /galeria/galeria/jquery.fancybox.js?v=2.1.5 HTTP/1.1" 304 -
201.245.192.252 - - [02/Jul/2015:00:20:17 -0500] "GET /forest/session.jsp?a=0.6859151196193993 HTTP/1.1" 200 4
66.249.79.133 - - [02/Jul/2015:00:20:20 -0500] "GET /BLA/resoluciones/AUTOS%202010/5427.pdf HTTP/1.1" 200 374926
66.249.79.120 - - [02/Jul/2015:00:20:34 -0500] "GET /BLA/resoluciones/RESOLUCIONES%202011/1448.pdf HTTP/1.1" 200 71297
66.249.79.107 - - [02/Jul/2015:00:20:40 -0500] "GET /PORTAL_SIAC/swf/videos/RURALIDAD_Buenas_Pr%C3%A1cticas_Agricolas.jpg HTTP/1.1" 200 92249
66.249.79.133 - - [02/Jul/2015:00:20:48 -0500] "GET /BLA/resoluciones/AUTOS%202013/3627.pdf HTTP/1.1" 200 396259
201.245.192.252 - - [02/Jul/2015:00:20:58 -0500] "GET /forest/session.jsp?a=0.003003647659021058 HTTP/1.1" 200 4
66.249.79.120 - - [02/Jul/2015:00:21:02 -0500] "GET /BLA/resoluciones/AUTOS%202013/1594.pdf HTTP/1.1" 200 273724
179.33.41.23 - - [02/Jul/2015:00:21:10 -0500] "GET /BLA/boletinlegal/js/jquery.scrollShow.js HTTP/1.1" 200 4586
179.33.41.23 - - [02/Jul/2015:00:21:10 -0500] "GET /galeria/galeria/jquery.fancybox.css?v=2.1.5 HTTP/1.1" 200 4895
179.33.41.23 - - [02/Jul/2015:00:21:10 -0500] "GET /galeria/galeria/jquery.fancybox.js?v=2.1.5 HTTP/1.1" 200 48706
179.33.41.23 - - [02/Jul/2015:00:21:10 -0500] "GET /BLA/boletinlegal/js/jquery.scrollTo-min.js HTTP/1.1" 200 1150
66.249.79.120 - - [02/Jul/2015:00:21:16 -0500] "GET /BLA/resoluciones/AUTOS%202013/2250.pdf HTTP/1.1" 200 785746
66.249.79.120 - - [02/Jul/2015:00:21:30 -0500] "GET /BLA/resoluciones/AUTOS%202013/0872.pdf HTTP/1.1" 200 1251637
74.86.158.107 - - [02/Jul/2015:00:21:39 -0500] "HEAD / HTTP/1.1" 200 -
66.249.79.107 - - [02/Jul/2015:00:21:41 -0500] "GET /BLA/resoluciones/RESOLUCIONES%202007/RES%202007%203301%20AL%203400/RESOLUCION%203337%20DE%202007.pdf HTTP/1.1" 200 317872
66.249.79.107 - - [02/Jul/2015:00:21:43 -0500] "GET /BLA/resoluciones/AUTOS%202013/3304.pdf HTTP/1.1" 200 305662
66.249.79.133 - - [02/Jul/2015:00:21:57 -0500] "GET /BLA/resoluciones/AUTOS%202007/3171.pdf HTTP/1.1" 200 148026
66.249.79.120 - - [02/Jul/2015:00:21:58 -0500] "GET /BLA/resoluciones/AUTOS%202013/1829.pdf HTTP/1.1" 200 1049913
220.181.108.149 - - [02/Jul/2015:00:21:59 -0500] "GET /BLA/boletinlegal/js/jquery.scrollShow.js HTTP/1.1" 200 4586
66.249.79.133 - - [02/Jul/2015:00:22:11 -0500] "GET /BLA/resoluciones/AUTOS%202013/2270.pdf HTTP/1.1" 200 308239
66.249.79.107 - - [02/Jul/2015:00:22:25 -0500] "GET /BLA/resoluciones/AUTOS%202013/2305.pdf HTTP/1.1" 200 466912
201.245.192.252 - - [02/Jul/2015:00:22:33 -0500] "GET /forestReports/webcontent/birt/images/RemoveAll_disabled.gif HTTP/1.1" 304 -
66.249.79.107 - - [02/Jul/2015:00:22:39 -0500] "GET /BLA/resoluciones/AUTOS%202013/3105.pdf HTTP/1.1" 200 226435
66.249.79.120 - - [02/Jul/2015:00:22:53 -0500] "GET /BLA/resoluciones/AUTOS%202013/1160.pdf HTTP/1.1" 200 535806
66.249.79.120 - - [02/Jul/2015:00:23:07 -0500] "GET /BLA/resoluciones/AUTOS%202013/2125.pdf HTTP/1.1" 200 548881
66.249.79.133 - - [02/Jul/2015:00:23:21 -0500] "GET /BLA/resoluciones/AUTOS%202013/2514.pdf HTTP/1.1" 200 1046903
201.245.192.252 - - [02/Jul/2015:00:23:24 -0500] "GET /forestReports/webcontent/birt/images/Remove_disabled.gif HTTP/1.1" 304 -
66.249.79.120 - - [02/Jul/2015:00:23:35 -0500] "GET /BLA/resoluciones/AUTOS%202013/3525.pdf HTTP/1.1" 200 476456
201.245.192.252 - - [02/Jul/2015:00:23:36 -0500] "GET /forestReports/webcontent/birt/images/ExportReport.gif HTTP/1.1" 304 -
66.249.79.120 - - [02/Jul/2015:00:23:48 -0500] "GET /BLA/resoluciones/AUTOS%202013/1176.pdf HTTP/1.1" 200 1128648
201.234.75.11 - - [02/Jul/2015:00:24:01 -0500] "GET /StormSDA/stormWeb/presentacion.html HTTP/1.1" 304 -
66.249.79.133 - - [02/Jul/2015:00:24:02 -0500] "GET /BLA/resoluciones/AUTOS%202013/2586.pdf HTTP/1.1" 200 882281
66.249.79.107 - - [02/Jul/2015:00:24:15 -0500] "GET /BLA/resoluciones/AUTOS%202013/2517.pdf HTTP/1.1" 200 483266
66.249.79.120 - - [02/Jul/2015:00:24:29 -0500] "GET /BLA/resoluciones/AUTOS%202013/0713.pdf HTTP/1.1" 200 349745
66.249.79.133 - - [02/Jul/2015:00:24:31 -0500] "GET /BLA/resoluciones/RESOLUCIONES%202008/4244.pdf HTTP/1.1" 304 -
66.249.79.107 - - [02/Jul/2015:00:24:43 -0500] "GET /BLA/resoluciones/AUTOS%202013/3207.pdf HTTP/1.1" 200 618744
66.249.79.120 - - [02/Jul/2015:00:24:56 -0500] "GET /BLA/resoluciones/AUTOS%202013/2606.pdf HTTP/1.1" 200 955624
201.245.192.252 - - [02/Jul/2015:00:25:18 -0500] "GET /forest/session.jsp?a=0.22328605148613945 HTTP/1.1" 200 4
66.249.79.120 - - [02/Jul/2015:00:25:23 -0500] "GET /BLA/resoluciones/AUTOS%202013/0993.pdf HTTP/1.1" 200 231588
152.61.128.66 - - [02/Jul/2015:00:25:33 -0500] "HEAD / HTTP/1.1" 200 -
152.61.128.66 - - [02/Jul/2015:00:25:33 -0500] "GET /arcgis/services/Calidad_del_Agua_WQI/MapServer/WMSServer?request=GetCapabilities&service=WMS HTTP/1.1" 200 32135
152.61.128.66 - - [02/Jul/2015:00:25:34 -0500] "GET /arcgis/services/Calidad_del_Agua_WQI/MapServer/WMSServer?request=GetCapabilities&service=WMS HTTP/1.0" 200 32135
152.61.128.66 - - [02/Jul/2015:00:25:35 -0500] "GET /arcgis/services/Calidad_del_Agua_WQI/MapServer/WMSServer?request=GetCapabilities&service=WMS HTTP/1.0" 200 32135
152.61.128.66 - - [02/Jul/2015:00:25:35 -0500] "GET /arcgis/services/Calidad_del_Agua_WQI/MapServer/WMSServer?request=GetCapabilities&service=WMS HTTP/1.0" 200 32135
66.249.79.120 - - [02/Jul/2015:00:25:37 -0500] "GET /BLA/resoluciones/AUTOS%202013/1458.pdf HTTP/1.1" 200 538242
152.61.128.66 - - [02/Jul/2015:00:25:36 -0500] "GET /arcgis/services/Calidad_del_Agua_WQI/MapServer/WMSServer?VERSION=1.1.1&REQUEST=GetMap&LAYERS=0&SRS=EPSG:4326&BBOX=-74.473395,3.674381,-73.963300,4.920569&WIDTH=250&HEIGHT=250&FORMAT=image/bmp&STYLES=& HTTP/1.1" 200 188054
181.63.225.85 - - [02/Jul/2015:00:25:39 -0500] "GET /BLA/boletinlegal/js/jquery.scrollTo-min.js HTTP/1.1" 200 1150
181.63.225.85 - - [02/Jul/2015:00:25:39 -0500] "GET /galeria/galeria/jquery.fancybox.js?v=2.1.5 HTTP/1.1" 200 48706
181.63.225.85 - - [02/Jul/2015:00:25:39 -0500] "GET /galeria/galeria/jquery.fancybox.css?v=2.1.5 HTTP/1.1" 200 4895
181.63.225.85 - - [02/Jul/2015:00:25:39 -0500] "GET /BLA/boletinlegal/js/jquery.scrollShow.js HTTP/1.1" 200 4586
181.63.225.85 - - [02/Jul/2015:00:25:42 -0500] "GET /BLA/boletinlegal/js/jquery.scrollShow.js HTTP/1.1" 304 -
181.63.225.85 - - [02/Jul/2015:00:25:42 -0500] "GET /galeria/galeria/jquery.fancybox.js?v=2.1.5 HTTP/1.1" 304 -
181.63.225.85 - - [02/Jul/2015:00:25:42 -0500] "GET /BLA/boletinlegal/js/jquery.scrollTo-min.js HTTP/1.1" 304 -
181.63.225.85 - - [02/Jul/2015:00:25:42 -0500] "GET /galeria/galeria/jquery.fancybox.css?v=2.1.5 HTTP/1.1" 304 -
66.249.79.107 - - [02/Jul/2015:00:25:50 -0500] "GET /BLA/resoluciones/AUTOS%202013/0345.pdf HTTP/1.1" 200 278958
201.245.192.252 - - [02/Jul/2015:00:25:58 -0500] "GET /forest/session.jsp?a=0.41144843216972127 HTTP/1.1" 200 4
66.249.79.120 - - [02/Jul/2015:00:26:04 -0500] "GET /BLA/resoluciones/AUTOS%202013/2173.pdf HTTP/1.1" 200 941097
66.249.79.120 - - [02/Jul/2015:00:26:18 -0500] "GET /BLA/resoluciones/AUTOS%202013/3337.pdf HTTP/1.1" 200 560798
186.145.111.252 - - [02/Jul/2015:00:26:22 -0500] "POST /wp-admin/admin-ajax.php HTTP/1.1" 200 1
186.145.111.252 - - [02/Jul/2015:00:26:18 -0500] "POST /wp-admin/admin-ajax.php HTTP/1.1" 200 84
66.249.79.107 - - [02/Jul/2015:00:26:31 -0500] "GET /BLA/resoluciones/AUTOS%202013/2825.pdf HTTP/1.1" 200 390824
74.86.158.107 - - [02/Jul/2015:00:26:39 -0500] "HEAD / HTTP/1.1" 200 -
66.249.79.107 - - [02/Jul/2015:00:26:45 -0500] "GET /BLA/resoluciones/AUTOS%202013/2254.pdf HTTP/1.1" 200 347504
66.249.79.107 - - [02/Jul/2015:00:26:58 -0500] "GET /BLA/resoluciones/AUTOS%202013/3507.pdf HTTP/1.1" 200 1027386
66.249.79.133 - - [02/Jul/2015:00:27:12 -0500] "GET /BLA/resoluciones/AUTOS%202013/1915.pdf HTTP/1.1" 200 467269
66.249.79.120 - - [02/Jul/2015:00:27:19 -0500] "GET /resoluciones/RESOLUCIONES%202007/RES%202007%202801%20AL%202900/RESOLUCION%202834%20DE%202007.pdf HTTP/1.1" 404 1018
201.245.192.252 - - [02/Jul/2015:00:27:21 -0500] "GET /forest/skins/gdocs-jar/img/activity2.gif HTTP/1.1" 304 -
66.249.79.133 - - [02/Jul/2015:00:27:25 -0500] "GET /BLA/resoluciones/AUTOS%202013/2262.pdf HTTP/1.1" 200 462496
66.249.79.133 - - [02/Jul/2015:00:27:35 -0500] "GET /BLA/resoluciones/RESOLUCIONES%202010/4033.pdf HTTP/1.1" 200 874625
66.249.79.133 - - [02/Jul/2015:00:27:39 -0500] "GET /BLA/resoluciones/AUTOS%202013/3115.pdf HTTP/1.1" 200 346483
186.145.30.145 - - [02/Jul/2015:00:27:49 -0500] "GET /BLA/boletinlegal/js/jquery.scrollShow.js HTTP/1.1" 200 4586
186.145.30.145 - - [02/Jul/2015:00:27:49 -0500] "GET /BLA/boletinlegal/js/jquery.scrollTo-min.js HTTP/1.1" 200 1150
186.145.30.145 - - [02/Jul/2015:00:27:49 -0500] "GET /galeria/galeria/jquery.fancybox.js?v=2.1.5 HTTP/1.1" 200 48706
186.145.30.145 - - [02/Jul/2015:00:27:49 -0500] "GET /galeria/galeria/jquery.fancybox.css?v=2.1.5 HTTP/1.1" 200 4895
186.145.30.145 - - [02/Jul/2015:00:27:49 -0500] "GET /galeria/carrusel/Carrusel/jquery.thumbnailScroller.css HTTP/1.1" 200 2066
186.145.30.145 - - [02/Jul/2015:00:27:49 -0500] "GET /galeria/carrusel/Carrusel/jquery-ui-1.8.13.custom.min.js HTTP/1.1" 200 10800
186.145.30.145 - - [02/Jul/2015:00:27:49 -0500] "GET /galeria/carrusel/Carrusel/jquery.thumbnailScroller.js HTTP/1.1" 200 8157
186.145.30.145 - - [02/Jul/2015:00:27:51 -0500] "GET /galeria/nivo-slider/demo/demo.html HTTP/1.1" 200 4868
66.249.79.133 - - [02/Jul/2015:00:27:53 -0500] "GET /BLA/resoluciones/AUTOS%202013/1653.pdf HTTP/1.1" 200 177358
186.145.30.145 - - [02/Jul/2015:00:27:56 -0500] "GET /galeria/nivo-slider/demo/style.css HTTP/1.1" 200 2222
186.145.30.145 - - [02/Jul/2015:00:27:56 -0500] "GET /galeria/nivo-slider/themes/default/default.css HTTP/1.1" 200 1569
186.145.30.145 - - [02/Jul/2015:00:27:56 -0500] "GET /galeria/nivo-slider/nivo-slider.css HTTP/1.1" 200 1507
186.145.30.145 - - [02/Jul/2015:00:27:56 -0500] "GET /galeria/nivo-slider/themes/pascal/pascal.css HTTP/1.1" 200 2258
186.145.30.145 - - [02/Jul/2015:00:27:56 -0500] "GET /galeria/nivo-slider/themes/orman/orman.css HTTP/1.1" 200 2152
186.145.30.145 - - [02/Jul/2015:00:27:56 -0500] "GET /galeria/nivo-slider/demo/images/Rendicion-de-cuentas.jpg HTTP/1.1" 200 174889
186.145.30.145 - - [02/Jul/2015:00:27:57 -0500] "GET /galeria/nivo-slider/demo/images/VoluntariadoPYBA.jpg HTTP/1.1" 200 40647
186.145.30.145 - - [02/Jul/2015:00:27:57 -0500] "GET /galeria/nivo-slider/demo/images/9Signos.jpg HTTP/1.1" 200 81776
186.145.30.145 - - [02/Jul/2015:00:27:57 -0500] "GET /galeria/nivo-slider/demo/images/Banner-encuesta-de-percepscio.jpg HTTP/1.1" 200 201899
186.145.30.145 - - [02/Jul/2015:00:27:57 -0500] "GET /galeria/nivo-slider/demo/images/GAE-banner.jpg HTTP/1.1" 200 97556
186.145.30.145 - - [02/Jul/2015:00:27:57 -0500] "GET /galeria/nivo-slider/demo/images/Licitaciones-proyecto-paramo.jpg HTTP/1.1" 200 221877
186.145.30.145 - - [02/Jul/2015:00:27:58 -0500] "GET /galeria/nivo-slider/demo/images/Banner-decreto1299.jpg HTTP/1.1" 200 182613
186.145.30.145 - - [02/Jul/2015:00:27:59 -0500] "GET /galeria/nivo-slider/demo/images/Banner-Directorio.jpg HTTP/1.1" 200 182068
186.145.30.145 - - [02/Jul/2015:00:27:59 -0500] "GET /galeria/nivo-slider/demo/images/Ruta-vertimientos-01.jpg HTTP/1.1" 200 130151
186.145.30.145 - - [02/Jul/2015:00:27:59 -0500] "GET /galeria/nivo-slider/demo/images/bolsas-06.jpg HTTP/1.1" 200 90982
186.145.30.145 - - [02/Jul/2015:00:27:59 -0500] "GET /galeria/nivo-slider/demo/images/Comparendo-ambiental-Banner.jpg HTTP/1.1" 200 83731
186.145.30.145 - - [02/Jul/2015:00:27:59 -0500] "GET /galeria/nivo-slider/demo/images/banner-Pacto-por-la-madera.jpg HTTP/1.1" 200 209966
186.145.30.145 - - [02/Jul/2015:00:27:59 -0500] "GET /galeria/nivo-slider/demo/images/acuerdo_569.jpg HTTP/1.1" 200 62670
186.145.30.145 - - [02/Jul/2015:00:28:00 -0500] "GET /galeria/nivo-slider/demo/images/4Simple_Slider.png HTTP/1.1" 200 11722
186.145.30.145 - - [02/Jul/2015:00:28:00 -0500] "GET /galeria/nivo-slider/themes/default/loading.gif HTTP/1.1" 200 1737
186.145.30.145 - - [02/Jul/2015:00:28:00 -0500] "GET /galeria/nivo-slider/demo/images/Conoce-los-humedales.jpg HTTP/1.1" 200 294036
186.145.30.145 - - [02/Jul/2015:00:28:00 -0500] "GET /galeria/nivo-slider/demo/images/Banner-Caracol-Africano.jpg HTTP/1.1" 200 331986
186.145.30.145 - - [02/Jul/2015:00:28:00 -0500] "GET /galeria/nivo-slider/demo/images/ecolecta-Dic2014.png HTTP/1.1" 200 288593
186.145.30.145 - - [02/Jul/2015:00:28:01 -0500] "GET /galeria/nivo-slider/demo/images/banner-llantas2.jpg HTTP/1.1" 200 204644
186.145.30.145 - - [02/Jul/2015:00:28:02 -0500] "GET /galeria/nivo-slider/demo/scripts/jquery-1.7.1.min.js HTTP/1.1" 200 93868
186.145.30.145 - - [02/Jul/2015:00:28:02 -0500] "GET /galeria/nivo-slider/jquery.nivo.slider.pack.js HTTP/1.1" 200 11561
201.245.192.252 - - [02/Jul/2015:00:28:05 -0500] "GET /forest/skins/gdocs-jar/img/itemlist.gif HTTP/1.1" 304 -
190.24.64.55 - - [02/Jul/2015:00:28:05 -0500] "GET /galeria/galeria/jquery.fancybox.css?v=2.1.5 HTTP/1.1" 200 4895
190.24.64.55 - - [02/Jul/2015:00:28:05 -0500] "GET /galeria/carrusel/Carrusel/jquery.thumbnailScroller.css HTTP/1.1" 200 2066
190.24.64.55 - - [02/Jul/2015:00:28:05 -0500] "GET /BLA/boletinlegal/js/jquery.scrollTo-min.js HTTP/1.1" 200 1150
190.24.64.55 - - [02/Jul/2015:00:28:05 -0500] "GET /BLA/boletinlegal/js/jquery.scrollShow.js HTTP/1.1" 200 4586
190.24.64.55 - - [02/Jul/2015:00:28:05 -0500] "GET /galeria/galeria/jquery.fancybox.js?v=2.1.5 HTTP/1.1" 200 48706
190.24.64.55 - - [02/Jul/2015:00:28:05 -0500] "GET /galeria/carrusel/Carrusel/jquery-ui-1.8.13.custom.min.js HTTP/1.1" 200 10800
190.24.64.55 - - [02/Jul/2015:00:28:05 -0500] "GET /galeria/carrusel/Carrusel/jquery.thumbnailScroller.js HTTP/1.1" 200 8157
66.249.79.107 - - [02/Jul/2015:00:28:06 -0500] "GET /BLA/resoluciones/AUTOS%202013/0668.pdf HTTP/1.1" 200 240836
186.145.30.145 - - [02/Jul/2015:00:28:06 -0500] "GET /galeria/nivo-slider/themes/default/arrows.png HTTP/1.1" 200 824
186.145.30.145 - - [02/Jul/2015:00:28:07 -0500] "GET /galeria/nivo-slider/themes/default/bullets.png HTTP/1.1" 200 1281
66.249.79.133 - - [02/Jul/2015:00:28:20 -0500] "GET /BLA/resoluciones/AUTOS%202013/1377.pdf HTTP/1.1" 200 1818595
66.249.79.120 - - [02/Jul/2015:00:28:33 -0500] "GET /BLA/resoluciones/AUTOS%202013/3574.pdf HTTP/1.1" 200 459845
73.48.65.187 - - [02/Jul/2015:00:28:35 -0500] "GET /webdav/x32.php?host=volt.oblivion-network.com&time=60&port=80 HTTP/1.1" 404 1018
66.249.79.133 - - [02/Jul/2015:00:28:47 -0500] "GET /BLA/resoluciones/AUTOS%202013/1257.pdf HTTP/1.1" 200 238622
66.249.79.133 - - [02/Jul/2015:00:29:01 -0500] "GET /BLA/resoluciones/AUTOS%202013/1745.pdf HTTP/1.1" 200 884682
66.249.79.120 - - [02/Jul/2015:00:29:05 -0500] "GET /BLA/resoluciones/RESOLUCIONES%202012/0578.pdf HTTP/1.1" 304 -
66.249.79.120 - - [02/Jul/2015:00:29:15 -0500] "GET /BLA/resoluciones/AUTOS%202013/0871.pdf HTTP/1.1" 200 2337676
186.146.14.244 - - [02/Jul/2015:00:29:20 -0500] "GET /BLA/resoluciones/AUTOS%202010/1470.pdf HTTP/1.1" 200 271233
186.146.14.244 - - [02/Jul/2015:00:29:20 -0500] "GET /favicon.ico HTTP/1.1" 200 7782
66.249.79.177 - - [02/Jul/2015:00:29:21 -0500] "GET /videos/60sgsMayo6.flv HTTP/1.1" 200 8244808
66.249.79.133 - - [02/Jul/2015:00:29:33 -0500] "GET /BLA/resoluciones/AUTOS%202013/3590.pdf HTTP/1.1" 200 1124794
66.249.79.133 - - [02/Jul/2015:00:29:42 -0500] "GET /BLA/resoluciones/AUTOS%202013/2327.pdf HTTP/1.1" 200 401929
66.249.79.120 - - [02/Jul/2015:00:29:56 -0500] "GET /BLA/resoluciones/RESOLUCIONES%202008/5524.pdf HTTP/1.1" 200 46698
123.125.71.98 - - [02/Jul/2015:00:30:03 -0500] "GET / HTTP/1.1" 200 10190
66.249.79.120 - - [02/Jul/2015:00:30:10 -0500] "GET /BLA/resoluciones/RESOLUCIONES%202008/1343.pdf HTTP/1.1" 200 320662
186.83.179.123 - - [02/Jul/2015:00:30:15 -0500] "GET /galeria/galeria/jquery.fancybox.css?v=2.1.5 HTTP/1.1" 200 4895
186.83.179.123 - - [02/Jul/2015:00:30:15 -0500] "GET /galeria/carrusel/Carrusel/jquery.thumbnailScroller.css HTTP/1.1" 200 2066
186.83.179.123 - - [02/Jul/2015:00:30:15 -0500] "GET /BLA/boletinlegal/js/jquery.scrollTo-min.js HTTP/1.1" 200 1150
186.83.179.123 - - [02/Jul/2015:00:30:15 -0500] "GET /BLA/boletinlegal/js/jquery.scrollShow.js HTTP/1.1" 200 4586
186.83.179.123 - - [02/Jul/2015:00:30:15 -0500] "GET /galeria/galeria/jquery.fancybox.js?v=2.1.5 HTTP/1.1" 200 48706
186.83.179.123 - - [02/Jul/2015:00:30:15 -0500] "GET /galeria/carrusel/Carrusel/jquery-ui-1.8.13.custom.min.js HTTP/1.1" 200 10800
186.83.179.123 - - [02/Jul/2015:00:30:15 -0500] "GET /galeria/carrusel/Carrusel/jquery.thumbnailScroller.js HTTP/1.1" 200 8157
186.83.179.123 - - [02/Jul/2015:00:30:17 -0500] "GET /galeria/nivo-slider/demo/demo.html HTTP/1.1" 200 4868
201.245.192.252 - - [02/Jul/2015:00:30:18 -0500] "GET /forest/session.jsp?a=0.9309129271544752 HTTP/1.1" 200 4
186.83.179.123 - - [02/Jul/2015:00:30:19 -0500] "GET /galeria/nivo-slider/themes/default/default.css HTTP/1.1" 200 1569
186.83.179.123 - - [02/Jul/2015:00:30:19 -0500] "GET /galeria/nivo-slider/themes/pascal/pascal.css HTTP/1.1" 200 2258
186.83.179.123 - - [02/Jul/2015:00:30:19 -0500] "GET /galeria/nivo-slider/themes/orman/orman.css HTTP/1.1" 200 2152
186.83.179.123 - - [02/Jul/2015:00:30:19 -0500] "GET /galeria/nivo-slider/nivo-slider.css HTTP/1.1" 200 1507
186.83.179.123 - - [02/Jul/2015:00:30:19 -0500] "GET /galeria/nivo-slider/demo/scripts/jquery-1.7.1.min.js HTTP/1.1" 200 93868
186.83.179.123 - - [02/Jul/2015:00:30:19 -0500] "GET /galeria/nivo-slider/demo/style.css HTTP/1.1" 200 2222
186.83.179.123 - - [02/Jul/2015:00:30:19 -0500] "GET /galeria/nivo-slider/jquery.nivo.slider.pack.js HTTP/1.1" 200 11561
186.83.179.123 - - [02/Jul/2015:00:30:19 -0500] "GET /galeria/nivo-slider/demo/images/4Simple_Slider.png HTTP/1.1" 200 11722
186.83.179.123 - - [02/Jul/2015:00:30:19 -0500] "GET /galeria/nivo-slider/themes/default/loading.gif HTTP/1.1" 200 1737
186.83.179.123 - - [02/Jul/2015:00:30:20 -0500] "GET /galeria/nivo-slider/demo/images/Rendicion-de-cuentas.jpg HTTP/1.1" 200 174889
186.83.179.123 - - [02/Jul/2015:00:30:20 -0500] "GET /galeria/nivo-slider/demo/images/VoluntariadoPYBA.jpg HTTP/1.1" 200 40647
186.83.179.123 - - [02/Jul/2015:00:30:20 -0500] "GET /galeria/nivo-slider/demo/images/9Signos.jpg HTTP/1.1" 200 81776
186.83.179.123 - - [02/Jul/2015:00:30:22 -0500] "GET /galeria/nivo-slider/demo/images/Comparendo-ambiental-Banner.jpg HTTP/1.1" 200 83731
186.83.179.123 - - [02/Jul/2015:00:30:22 -0500] "GET /galeria/nivo-slider/demo/images/GAE-banner.jpg HTTP/1.1" 200 97556
186.83.179.123 - - [02/Jul/2015:00:30:23 -0500] "GET /galeria/nivo-slider/demo/images/Banner-encuesta-de-percepscio.jpg HTTP/1.1" 200 201899
186.83.179.123 - - [02/Jul/2015:00:30:23 -0500] "GET /galeria/nivo-slider/demo/images/banner-Pacto-por-la-madera.jpg HTTP/1.1" 200 209966
66.249.79.133 - - [02/Jul/2015:00:30:23 -0500] "GET /BLA/resoluciones/RESOLUCIONES%202008/4087.pdf HTTP/1.1" 200 429827
186.83.179.123 - - [02/Jul/2015:00:30:24 -0500] "GET /galeria/nivo-slider/demo/images/acuerdo_569.jpg HTTP/1.1" 200 62670
186.83.179.123 - - [02/Jul/2015:00:30:25 -0500] "GET /galeria/nivo-slider/demo/images/Licitaciones-proyecto-paramo.jpg HTTP/1.1" 200 221877
186.83.179.123 - - [02/Jul/2015:00:30:25 -0500] "GET /galeria/nivo-slider/demo/images/Banner-decreto1299.jpg HTTP/1.1" 200 182613
186.83.179.123 - - [02/Jul/2015:00:30:25 -0500] "GET /galeria/nivo-slider/demo/images/Banner-Directorio.jpg HTTP/1.1" 200 182068
186.83.179.123 - - [02/Jul/2015:00:30:25 -0500] "GET /galeria/nivo-slider/demo/images/Ruta-vertimientos-01.jpg HTTP/1.1" 200 130151
186.83.179.123 - - [02/Jul/2015:00:30:26 -0500] "GET /galeria/nivo-slider/demo/images/bolsas-06.jpg HTTP/1.1" 200 90982
186.83.179.123 - - [02/Jul/2015:00:30:27 -0500] "GET /galeria/nivo-slider/demo/images/Conoce-los-humedales.jpg HTTP/1.1" 200 294036
186.83.179.123 - - [02/Jul/2015:00:30:28 -0500] "GET /galeria/nivo-slider/demo/images/ecolecta-Dic2014.png HTTP/1.1" 200 288593
186.83.179.123 - - [02/Jul/2015:00:30:29 -0500] "GET /galeria/nivo-slider/demo/images/Banner-Caracol-Africano.jpg HTTP/1.1" 200 331986
186.83.179.123 - - [02/Jul/2015:00:30:29 -0500] "GET /galeria/nivo-slider/demo/images/banner-llantas2.jpg HTTP/1.1" 200 204644
186.83.179.123 - - [02/Jul/2015:00:30:36 -0500] "GET /galeria/nivo-slider/themes/default/arrows.png HTTP/1.1" 200 824
186.83.179.123 - - [02/Jul/2015:00:30:36 -0500] "GET /galeria/nivo-slider/themes/default/bullets.png HTTP/1.1" 200 1281
66.249.79.133 - - [02/Jul/2015:00:30:37 -0500] "GET /BLA/resoluciones/RESOLUCIONES%202009/0177.pdf HTTP/1.1" 200 470150
186.83.179.123 - - [02/Jul/2015:00:30:51 -0500] "GET /BLA/boletinlegal/js/jquery.scrollTo-min.js HTTP/1.1" 304 -
186.83.179.123 - - [02/Jul/2015:00:30:51 -0500] "GET /BLA/boletinlegal/js/jquery.scrollShow.js HTTP/1.1" 304 -
186.83.179.123 - - [02/Jul/2015:00:30:51 -0500] "GET /galeria/galeria/jquery.fancybox.js?v=2.1.5 HTTP/1.1" 304 -
186.83.179.123 - - [02/Jul/2015:00:30:51 -0500] "GET /galeria/galeria/jquery.fancybox.css?v=2.1.5 HTTP/1.1" 304 -
66.249.79.120 - - [02/Jul/2015:00:30:51 -0500] "GET /BLA/resoluciones/RESOLUCIONES%202008/4482.pdf HTTP/1.1" 200 326103
201.245.192.252 - - [02/Jul/2015:00:30:58 -0500] "GET /forest/session.jsp?a=0.4776192266080729 HTTP/1.1" 200 4
66.249.79.133 - - [02/Jul/2015:00:31:04 -0500] "GET /BLA/resoluciones/AUTOS%202013/0300.pdf HTTP/1.1" 304 -
186.80.240.183 - - [02/Jul/2015:00:31:14 -0500] "GET /autoliquidacion/TR%C3%81MITES%20MINER%C3%8DA/126PM04-PR39-M-A6-V5.0%20Terminos%20de%20referencia%20PMRRA[1].doc HTTP/1.1" 200 384000
66.249.79.133 - - [02/Jul/2015:00:31:18 -0500] "GET /BLA/resoluciones/RESOLUCIONES%202012/1798.pdf HTTP/1.1" 200 448225
66.249.79.120 - - [02/Jul/2015:00:31:32 -0500] "GET /BLA/resoluciones/RESOLUCIONES%202009/6563.pdf HTTP/1.1" 200 440446
74.86.158.107 - - [02/Jul/2015:00:31:39 -0500] "HEAD / HTTP/1.1" 200 -
66.249.79.107 - - [02/Jul/2015:00:31:46 -0500] "GET /BLA/resoluciones/RESOLUCIONES%202009/8594.pdf HTTP/1.1" 200 395799
66.249.79.120 - - [02/Jul/2015:00:31:59 -0500] "GET /BLA/resoluciones/RESOLUCIONES%202010/6498.pdf HTTP/1.1" 200 44364
66.249.79.120 - - [02/Jul/2015:00:32:08 -0500] "GET /BLA/resoluciones/AUTOS%202012/1020.pdf HTTP/1.1" 200 248070
66.249.79.133 - - [02/Jul/2015:00:32:13 -0500] "GET /BLA/resoluciones/AUTOS%202007/3387.pdf HTTP/1.1" 200 57882
66.249.79.120 - - [02/Jul/2015:00:32:27 -0500] "GET /BLA/resoluciones/RESOLUCIONES%202007/RES%202007%202101%20AL%202200/RESOLUCION%202195%20DE%202007.pdf HTTP/1.1" 200 837449
66.249.79.133 - - [02/Jul/2015:00:32:40 -0500] "GET /BLA/resoluciones/index.php?dir=RESOLUCIONES%202007/RES%202007%203001%20AL%203100/&sort=date&order=desc HTTP/1.1" 200 26890
66.249.79.120 - - [02/Jul/2015:00:32:54 -0500] "GET /BLA/resoluciones/RESOLUCIONES%202009/2364.pdf HTTP/1.1" 200 494052
