188.165.15.152 - - [03/Jul/2015:00:42:17 -0500] "GET /BLA/resoluciones/index.php?dir=RESOLUCIONES%202007/RES%202007%20301%20AL%20400/&sort=date&order=asc HTTP/1.1" 200 26381
66.249.65.213 - - [03/Jul/2015:00:42:40 -0500] "GET /BLA/resoluciones/RESOLUCIONES%202009/6485.pdf HTTP/1.1" 200 1085602
188.165.15.152 - - [03/Jul/2015:00:42:53 -0500] "GET /BLA/resoluciones/index.php?dir=RESOLUCIONES%202007/RES%202007%20601%20AL%20700/&sort=size&order=asc HTTP/1.1" 200 26655
66.249.65.45 - - [03/Jul/2015:00:43:05 -0500] "GET /ecodirectorio/files/res/pages/page_0094.swf HTTP/1.1" 200 187001
66.249.65.213 - - [03/Jul/2015:00:43:27 -0500] "GET /BLA/resoluciones/RESOLUCIONES%202010/2702.pdf HTTP/1.1" 200 380204
66.249.65.220 - - [03/Jul/2015:00:43:30 -0500] "GET /BLA/resoluciones/AUTOS%202014/1611.pdf HTTP/1.1" 200 3724099
66.249.65.227 - - [03/Jul/2015:00:43:56 -0500] "GET /BLA/resoluciones/RESOLUCIONES%202013/0274.pdf HTTP/1.1" 200 2569651
221.226.116.26 - - [03/Jul/2015:00:44:20 -0500] "GET /phpMyAdmin/scripts/setup.php HTTP/1.1" 403 1165
66.249.65.220 - - [03/Jul/2015:00:44:21 -0500] "GET /BLA/resoluciones/RESOLUCIONES%202011/7134.pdf HTTP/1.1" 200 1045562
221.226.116.26 - - [03/Jul/2015:00:44:21 -0500] "GET /pma/scripts/setup.php HTTP/1.1" 404 1018
221.226.116.26 - - [03/Jul/2015:00:44:22 -0500] "GET /myadmin/scripts/setup.php HTTP/1.1" 404 1018
66.249.65.213 - - [03/Jul/2015:00:44:46 -0500] "GET /BLA/resoluciones/RESOLUCIONES%202010/0784.pdf HTTP/1.1" 200 110110
66.249.65.227 - - [03/Jul/2015:00:45:11 -0500] "GET /BLA/resoluciones/AUTOS%202013/1516.pdf HTTP/1.1" 200 2142190
188.165.15.152 - - [03/Jul/2015:00:45:15 -0500] "GET /BLA/resoluciones/AUTOS%202006/AUTOS%202006%203301%20-%203418/00003361.tif HTTP/1.1" 200 186924
66.249.65.213 - - [03/Jul/2015:00:45:31 -0500] "GET /BLA/resoluciones/AUTOS%202007/1949.pdf HTTP/1.1" 200 94697
66.249.65.227 - - [03/Jul/2015:00:45:37 -0500] "GET /BLA/resoluciones/AUTOS%202008/0714.pdf HTTP/1.1" 200 184784
66.249.65.227 - - [03/Jul/2015:00:46:02 -0500] "GET /BLA/resoluciones/AUTOS%202011/6342.pdf HTTP/1.1" 200 228421
66.249.65.227 - - [03/Jul/2015:00:46:19 -0500] "GET /BLA/resoluciones/AUTOS%202012/0348.pdf HTTP/1.1" 200 342261
66.249.65.220 - - [03/Jul/2015:00:46:27 -0500] "GET /BLA/resoluciones/AUTOS%202014/3934.pdf HTTP/1.1" 200 688991
66.249.65.227 - - [03/Jul/2015:00:46:33 -0500] "GET /galeria/nivo-slider/demo/images/sincarro003.jpg HTTP/1.1" 200 38133
188.165.15.152 - - [03/Jul/2015:00:46:33 -0500] "GET /BLA/resoluciones/AUTOS%202006/AUTOS%202006%202801%20-%202900/00002849.tif HTTP/1.1" 200 79124
66.249.65.213 - - [03/Jul/2015:00:46:52 -0500] "GET /BLA/resoluciones/RESOLUCIONES%202009/0089.pdf HTTP/1.1" 200 186518
74.86.158.107 - - [03/Jul/2015:00:47:04 -0500] "HEAD / HTTP/1.1" 200 -
181.112.207.161 - - [03/Jul/2015:00:47:08 -0500] "GET /BLA/boletinlegal/js/jquery.scrollTo-min.js HTTP/1.1" 200 1150
181.112.207.161 - - [03/Jul/2015:00:47:08 -0500] "GET /BLA/boletinlegal/js/jquery.scrollShow.js HTTP/1.1" 200 4586
181.112.207.161 - - [03/Jul/2015:00:47:08 -0500] "GET /galeria/galeria/jquery.fancybox.js?v=2.1.5 HTTP/1.1" 200 48706
181.112.207.161 - - [03/Jul/2015:00:47:09 -0500] "GET /galeria/galeria/jquery.fancybox.css?v=2.1.5 HTTP/1.1" 200 4895
66.249.65.227 - - [03/Jul/2015:00:47:17 -0500] "GET /BLA/resoluciones/RESOLUCIONES%202008/5652.pdf HTTP/1.1" 200 297230
66.249.65.227 - - [03/Jul/2015:00:47:43 -0500] "GET /BLA/resoluciones/AUTOS%202014/1036.pdf HTTP/1.1" 200 1348136
66.249.65.220 - - [03/Jul/2015:00:48:08 -0500] "GET /BLA/resoluciones/AUTOS%202014/1878.pdf HTTP/1.1" 200 350736
188.165.15.152 - - [03/Jul/2015:00:48:15 -0500] "GET /BLA/resoluciones/index.php?dir=Notificaciones/AUTOS%202014/&sort=name&order=desc HTTP/1.1" 200 130697
66.249.65.220 - - [03/Jul/2015:00:48:33 -0500] "GET /BLA/resoluciones/RESOLUCIONES%202013/0446.pdf HTTP/1.1" 200 3916085
190.8.196.75 - - [03/Jul/2015:00:48:49 -0500] "GET /galeria/galeria/jquery.fancybox.css?v=2.1.5 HTTP/1.1" 200 4895
190.8.196.75 - - [03/Jul/2015:00:48:49 -0500] "GET /galeria/galeria/jquery.fancybox.js?v=2.1.5 HTTP/1.1" 200 48706
190.8.196.75 - - [03/Jul/2015:00:48:49 -0500] "GET /BLA/boletinlegal/js/jquery.scrollTo-min.js HTTP/1.1" 200 1150
190.8.196.75 - - [03/Jul/2015:00:48:49 -0500] "GET /BLA/boletinlegal/js/jquery.scrollShow.js HTTP/1.1" 200 4586
66.249.65.227 - - [03/Jul/2015:00:48:52 -0500] "GET /BLA/resoluciones/RESOLUCIONES%202010/2711.pdf HTTP/1.1" 200 393465
190.8.196.75 - - [03/Jul/2015:00:48:54 -0500] "GET /BLA/boletinlegal/js/jquery.scrollTo-min.js HTTP/1.1" 304 -
190.8.196.75 - - [03/Jul/2015:00:48:54 -0500] "GET /BLA/boletinlegal/js/jquery.scrollShow.js HTTP/1.1" 304 -
190.8.196.75 - - [03/Jul/2015:00:48:54 -0500] "GET /galeria/galeria/jquery.fancybox.js?v=2.1.5 HTTP/1.1" 304 -
190.8.196.75 - - [03/Jul/2015:00:48:54 -0500] "GET /galeria/galeria/jquery.fancybox.css?v=2.1.5 HTTP/1.1" 304 -
180.76.15.147 - - [03/Jul/2015:00:48:56 -0500] "GET /BLA/boletinlegal/jurisprudencia/analisis/G__Jurisp.%20Junio%202014_SENTENCIA%20C-554%20DE%202007.docx HTTP/1.1" 404 1019
66.249.65.227 - - [03/Jul/2015:00:48:58 -0500] "GET /BLA/resoluciones/RESOLUCIONES%202011/5794.pdf HTTP/1.1" 200 495227
186.147.97.133 - - [03/Jul/2015:00:49:03 -0500] "GET /videos/ArchivoSDA.flv HTTP/1.1" 200 31205279
66.249.65.227 - - [03/Jul/2015:00:49:24 -0500] "GET /BLA/resoluciones/RESOLUCIONES%202010/2111.pdf HTTP/1.1" 200 687651
66.249.65.213 - - [03/Jul/2015:00:49:26 -0500] "GET /BLA/resoluciones/RESOLUCIONES%202004/RES%202004%201301-1350/00001307.tif HTTP/1.1" 200 98750
66.249.65.213 - - [03/Jul/2015:00:49:49 -0500] "GET /BLA/resoluciones/RESOLUCIONES%202013/0241.pdf HTTP/1.1" 200 2141329
66.249.65.220 - - [03/Jul/2015:00:50:03 -0500] "GET /BLA/resoluciones/RESOLUCIONES%202010/5304.pdf HTTP/1.1" 200 749635
66.249.65.213 - - [03/Jul/2015:00:50:14 -0500] "GET /BLA/resoluciones/AUTOS%202013/0226.pdf HTTP/1.1" 200 219029
188.165.15.152 - - [03/Jul/2015:00:50:31 -0500] "GET /BLA/resoluciones/RESOLUCIONES%202003/RES%202003%201501-1550/20031546.tif HTTP/1.1" 200 48028
157.55.39.94 - - [03/Jul/2015:00:50:39 -0500] "GET /Anexos%20estudio%20Organizacional%20SDA/ANEXO%20No.%201-%20NORMAS%20LEGALES%20DE%20ESTRUCTURA%20Y%20PLANTA/Decreto%20distrital%20110%20de%202009%20-%20modifica%20planta%20de%20empleos%20SDA.jsp.htm HTTP/1.1" 200 44025
66.249.65.213 - - [03/Jul/2015:00:50:39 -0500] "GET /BLA/resoluciones/AUTOS%202014/0072.pdf HTTP/1.1" 200 1091209
66.249.65.227 - - [03/Jul/2015:00:51:05 -0500] "GET /BLA/resoluciones/RESOLUCIONES%202009/2113.pdf HTTP/1.1" 200 307297
66.249.65.51 - - [03/Jul/2015:00:51:26 -0500] "GET /normnew/rl090401.htm HTTP/1.1" 404 1019
66.249.65.213 - - [03/Jul/2015:00:51:30 -0500] "GET /BLA/resoluciones/RESOLUCIONES%202013/1279.pdf HTTP/1.1" 200 353528
66.249.65.213 - - [03/Jul/2015:00:51:55 -0500] "GET /BLA/resoluciones/index.php?dir=RESOLUCIONES%202007/RES%202007%202501%20AL%202600/&sort=size&order=desc HTTP/1.1" 200 26846
74.86.158.107 - - [03/Jul/2015:00:52:04 -0500] "HEAD / HTTP/1.1" 200 -
179.7.89.95 - - [03/Jul/2015:00:52:05 -0500] "GET /galeria/galeria/jquery.fancybox.css?v=2.1.5 HTTP/1.1" 200 4895
179.7.89.95 - - [03/Jul/2015:00:52:05 -0500] "GET /BLA/boletinlegal/js/jquery.scrollTo-min.js HTTP/1.1" 200 1150
179.7.89.95 - - [03/Jul/2015:00:52:05 -0500] "GET /BLA/boletinlegal/js/jquery.scrollShow.js HTTP/1.1" 200 4586
179.7.89.95 - - [03/Jul/2015:00:52:05 -0500] "GET /galeria/galeria/jquery.fancybox.js?v=2.1.5 HTTP/1.1" 200 48706
200.31.20.195 - - [03/Jul/2015:00:52:12 -0500] "GET /BLA/resoluciones/RESOLUCIONES%202010/3390.pdf HTTP/1.1" 200 500939
200.31.20.195 - - [03/Jul/2015:00:52:12 -0500] "GET /favicon.ico HTTP/1.1" 304 -
179.7.89.95 - - [03/Jul/2015:00:52:17 -0500] "GET /BLA/boletinlegal/js/jquery.scrollTo-min.js HTTP/1.1" 304 -
179.7.89.95 - - [03/Jul/2015:00:52:18 -0500] "GET /galeria/galeria/jquery.fancybox.css?v=2.1.5 HTTP/1.1" 304 -
179.7.89.95 - - [03/Jul/2015:00:52:18 -0500] "GET /BLA/boletinlegal/js/jquery.scrollShow.js HTTP/1.1" 304 -
179.7.89.95 - - [03/Jul/2015:00:52:18 -0500] "GET /galeria/galeria/jquery.fancybox.js?v=2.1.5 HTTP/1.1" 304 -
66.249.65.220 - - [03/Jul/2015:00:52:20 -0500] "GET /BLA/resoluciones/AUTOS%202011/2104.pdf HTTP/1.1" 200 253630
66.249.65.220 - - [03/Jul/2015:00:52:45 -0500] "GET /BLA/resoluciones/RESOLUCIONES%202007/RES%202007%202101%20AL%202200/RESOLUCION%202125%20DE%202007.pdf HTTP/1.1" 200 534352
188.165.15.152 - - [03/Jul/2015:00:53:08 -0500] "GET /BLA/resoluciones/RESOLUCIONES%202005/RES%202005%202701%20-2750/00002701.tif HTTP/1.1" 200 88954
66.249.65.220 - - [03/Jul/2015:00:53:11 -0500] "GET /BLA/resoluciones/AUTOS%202014/1798.pdf HTTP/1.1" 200 323466
66.249.65.213 - - [03/Jul/2015:00:53:36 -0500] "GET /BLA/resoluciones/AUTOS%202011/0211.pdf HTTP/1.1" 200 315789
66.249.65.227 - - [03/Jul/2015:00:53:56 -0500] "GET /BLA/resoluciones/RESOLUCIONES%202008/2978.pdf HTTP/1.1" 200 258258
66.249.65.213 - - [03/Jul/2015:00:54:01 -0500] "GET /BLA/resoluciones/RESOLUCIONES%202011/4851.pdf HTTP/1.1" 200 239463
66.249.65.227 - - [03/Jul/2015:00:54:26 -0500] "GET /BLA/resoluciones/RESOLUCIONES%202009/4480.pdf HTTP/1.1" 200 783941
188.165.15.152 - - [03/Jul/2015:00:54:52 -0500] "GET /BLA/resoluciones/AUTOS%202006/AUTOS%202006%202001%20-%202100/00002048.tif HTTP/1.1" 200 56526
66.249.65.220 - - [03/Jul/2015:00:54:52 -0500] "GET /BLA/resoluciones/RESOLUCIONES%202007/RES%202007%202101%20AL%202200/RESOLUCION%202115%20DE%202007.pdf HTTP/1.1" 200 100272
66.249.65.220 - - [03/Jul/2015:00:55:17 -0500] "GET /BLA/resoluciones/RESOLUCIONES%202011/4331.pdf HTTP/1.1" 200 491865
188.165.15.152 - - [03/Jul/2015:00:55:28 -0500] "GET /BLA/resoluciones/AUTOS%202006/AUTOS%202006%203301%20-%203418/00003310.tif HTTP/1.1" 200 51074
157.55.39.128 - - [03/Jul/2015:00:55:31 -0500] "GET /Autoliquidacion/Grupo%20Forestal%20-%20Industria%20de%20la%20Madera/Aplicativo%20certificados%202015.htm HTTP/1.1" 200 451
66.249.65.227 - - [03/Jul/2015:00:55:42 -0500] "GET /BLA/resoluciones/RESOLUCIONES%202010/0617.pdf HTTP/1.1" 200 517729
66.249.65.227 - - [03/Jul/2015:00:56:07 -0500] "GET /BLA/resoluciones/RESOLUCIONES%202007/RES%202007%204001%20AL%204100/RESOLUCION%204003%20DE%202007.pdf HTTP/1.1" 200 944643
66.249.65.213 - - [03/Jul/2015:00:56:33 -0500] "GET /BLA/resoluciones/RESOLUCIONES%202007/RES%202007%201101%20AL%201200/RESOLUCION%201164%20DE%202007.pdf HTTP/1.1" 200 508038
66.249.65.48 - - [03/Jul/2015:00:56:37 -0500] "GET /videos/60%20Segundos_6.flv HTTP/1.1" 200 8318803
188.165.15.152 - - [03/Jul/2015:00:56:48 -0500] "GET /BLA/resoluciones/AUTOS%202006/AUTOS%202006%202501%20-%202600/00002536.tif HTTP/1.1" 200 41756
66.249.65.227 - - [03/Jul/2015:00:56:58 -0500] "GET /BLA/resoluciones/AUTOS%202012/0966.pdf HTTP/1.1" 200 379921
74.86.158.107 - - [03/Jul/2015:00:57:04 -0500] "HEAD / HTTP/1.1" 200 -
66.249.65.213 - - [03/Jul/2015:00:57:23 -0500] "GET /BLA/resoluciones/RESOLUCIONES%202009/6013.pdf HTTP/1.1" 200 380332
157.55.39.142 - - [03/Jul/2015:00:57:38 -0500] "GET /StormSDA/stormWeb/img/?C=D;O=A HTTP/1.1" 200 2925
157.55.39.142 - - [03/Jul/2015:00:57:39 -0500] "GET /SIG/ECS/126PM04-PR34.pdf HTTP/1.1" 200 1987791
66.249.65.227 - - [03/Jul/2015:00:57:48 -0500] "GET /BLA/resoluciones/RESOLUCIONES%202008/0654.pdf HTTP/1.1" 200 94075
66.249.65.220 - - [03/Jul/2015:00:58:03 -0500] "GET /BLA/resoluciones/AUTOS%202007/0809.pdf HTTP/1.1" 200 90807
66.249.65.213 - - [03/Jul/2015:00:58:07 -0500] "GET /BLA/resoluciones/RESOLUCIONES%202010/2555.pdf HTTP/1.1" 200 539945
66.249.65.220 - - [03/Jul/2015:00:58:13 -0500] "GET /BLA/resoluciones/AUTOS%202010/2607.pdf HTTP/1.1" 200 160815
188.165.15.152 - - [03/Jul/2015:00:58:15 -0500] "GET /BLA/resoluciones/AUTOS%202006/AUTOS%202006%202001%20-%202100/00002072.tif HTTP/1.1" 200 56170
157.55.39.93 - - [03/Jul/2015:00:58:25 -0500] "GET /huelladecarbono/soluciones2.html HTTP/1.1" 200 4642
66.249.65.227 - - [03/Jul/2015:00:58:39 -0500] "GET /BLA/resoluciones/RESOLUCIONES%202011/1561.pdf HTTP/1.1" 200 197105
157.55.39.94 - - [03/Jul/2015:00:58:50 -0500] "GET /Anexos%20estudio%20Organizacional%20SDA/index.php?dir=ANEXO%20No.12-PROYECTO%20ACTUALIZACION%20MANUAL%20DE%20FUNCIONES%20SDA/&sort=size&order=desc HTTP/1.1" 200 2514
66.249.65.213 - - [03/Jul/2015:00:59:04 -0500] "GET /BLA/resoluciones/RESOLUCIONES%202013/0255.pdf HTTP/1.1" 200 2756226
66.249.65.213 - - [03/Jul/2015:00:59:11 -0500] "GET /BLA/resoluciones/RESOLUCIONES%202008/3167.pdf HTTP/1.1" 200 251574
66.249.65.227 - - [03/Jul/2015:00:59:29 -0500] "GET /BLA/resoluciones/AUTOS%202014/6162.pdf HTTP/1.1" 200 4967264
66.249.65.213 - - [03/Jul/2015:00:59:54 -0500] "GET /BLA/resoluciones/AUTOS%202013/0552.pdf HTTP/1.1" 200 1678912
66.249.65.220 - - [03/Jul/2015:01:00:20 -0500] "GET /BLA/resoluciones/AUTOS%202011/0170.pdf HTTP/1.1" 200 163603
157.55.39.220 - - [03/Jul/2015:01:00:35 -0500] "GET /BLA/boletinlegal/Circulares/2011/Circular%20003%20de%20Febrero%20de%202011.pdf HTTP/1.1" 200 224758
157.55.39.220 - - [03/Jul/2015:01:00:35 -0500] "GET /BLA/boletinlegal/Directivas/2011/Directiva%20No.%208%20del%2020%20de%20Septiembre%20de%202011.pdf HTTP/1.1" 200 727150
157.55.39.220 - - [03/Jul/2015:01:00:36 -0500] "GET /SIG/ECS/126PM04-PR48.pdf HTTP/1.1" 200 4031352
157.55.39.220 - - [03/Jul/2015:01:00:36 -0500] "GET /Autoliquidacion/index.php?dir=Cobro%20Evaluacion%20Certificaci\xc3\xb3n%20Para%20La%20Deducci\xc3\xb3n%20Por%20Inversi\xc3\xb3n%20En%20Medio%20Ambiente/&sort=size&order=asc HTTP/1.1" 200 6779
66.249.65.227 - - [03/Jul/2015:01:00:45 -0500] "GET /BLA/resoluciones/AUTOS%202014/1703.pdf HTTP/1.1" 200 1069309
66.249.65.227 - - [03/Jul/2015:01:01:10 -0500] "GET /BLA/resoluciones/RESOLUCIONES%202007/RES%202007%202901%20AL%203000/RESOLUCION%202990%20DE%202007.pdf HTTP/1.1" 200 215793
66.249.65.227 - - [03/Jul/2015:01:01:35 -0500] "GET /BLA/resoluciones/AUTOS%202007/0701.pdf HTTP/1.1" 200 133082
188.165.15.152 - - [03/Jul/2015:01:01:36 -0500] "GET /BLA/resoluciones/RESOLUCIONES%202004/RES%202004%201601-1650/00001605.tif HTTP/1.1" 200 341964
190.27.161.176 - - [03/Jul/2015:01:01:50 -0500] "GET /galeria/galeria/jquery.fancybox.css?v=2.1.5 HTTP/1.1" 200 4895
190.27.161.176 - - [03/Jul/2015:01:01:50 -0500] "GET /BLA/boletinlegal/js/jquery.scrollTo-min.js HTTP/1.1" 200 1150
190.27.161.176 - - [03/Jul/2015:01:01:50 -0500] "GET /BLA/boletinlegal/js/jquery.scrollShow.js HTTP/1.1" 200 4586
190.27.161.176 - - [03/Jul/2015:01:01:50 -0500] "GET /galeria/galeria/jquery.fancybox.js?v=2.1.5 HTTP/1.1" 200 48706
66.249.65.220 - - [03/Jul/2015:01:02:01 -0500] "GET /BLA/resoluciones/AUTOS%202013/1427.pdf HTTP/1.1" 200 326933
74.86.158.107 - - [03/Jul/2015:01:02:04 -0500] "HEAD / HTTP/1.1" 200 -
190.237.59.241 - - [03/Jul/2015:01:02:06 -0500] "GET /BLA/boletinlegal/images/screen_3.png HTTP/1.1" 200 210620
188.165.15.152 - - [03/Jul/2015:01:02:06 -0500] "GET /BLA/resoluciones/RESOLUCIONES%202005/RES%202005%203051-3100/00003097.tif HTTP/1.1" 200 148484
190.237.59.241 - - [03/Jul/2015:01:02:09 -0500] "GET /BLA/boletinlegal/images/screen_3.png HTTP/1.1" 200 210620
188.165.15.152 - - [03/Jul/2015:01:02:20 -0500] "GET /BLA/resoluciones/RESOLUCIONES%202006/RES%202006%201351-1400/00001353.tif HTTP/1.1" 200 184772
66.249.65.227 - - [03/Jul/2015:01:02:26 -0500] "GET /BLA/resoluciones/RESOLUCIONES%202011/3775.pdf HTTP/1.1" 200 699524
88.198.233.69 - - [03/Jul/2015:01:02:48 -0500] "GET / HTTP/1.1" 200 10190
186.155.162.117 - - [03/Jul/2015:01:02:49 -0500] "GET /BLA/boletinlegal/js/jquery.scrollTo-min.js HTTP/1.1" 200 1150
186.155.162.117 - - [03/Jul/2015:01:02:49 -0500] "GET /galeria/galeria/jquery.fancybox.js?v=2.1.5 HTTP/1.1" 200 48706
186.155.162.117 - - [03/Jul/2015:01:02:49 -0500] "GET /BLA/boletinlegal/js/jquery.scrollShow.js HTTP/1.1" 200 4586
186.155.162.117 - - [03/Jul/2015:01:02:49 -0500] "GET /galeria/galeria/jquery.fancybox.css?v=2.1.5 HTTP/1.1" 200 4895
66.249.65.213 - - [03/Jul/2015:01:02:51 -0500] "GET /BLA/resoluciones/AUTOS%202014/0991.pdf HTTP/1.1" 200 382510
186.155.162.117 - - [03/Jul/2015:01:02:57 -0500] "GET /galeria/galeria/jquery.fancybox.css?v=2.1.5 HTTP/1.1" 200 4895
186.155.162.117 - - [03/Jul/2015:01:02:57 -0500] "GET /BLA/boletinlegal/js/jquery.scrollTo-min.js HTTP/1.1" 200 1150
186.155.162.117 - - [03/Jul/2015:01:02:57 -0500] "GET /BLA/boletinlegal/js/jquery.scrollShow.js HTTP/1.1" 200 4586
186.155.162.117 - - [03/Jul/2015:01:02:57 -0500] "GET /galeria/galeria/jquery.fancybox.js?v=2.1.5 HTTP/1.1" 200 48706
66.249.65.213 - - [03/Jul/2015:01:03:16 -0500] "GET /BLA/resoluciones/AUTOS%202014/4096.pdf HTTP/1.1" 200 513359
66.249.65.220 - - [03/Jul/2015:01:03:41 -0500] "GET /BLA/resoluciones/RESOLUCIONES%202007/RES%202007%20601%20AL%20700/RESOLUCION%200653%20DE%202007.pdf HTTP/1.1" 200 341749
66.249.65.227 - - [03/Jul/2015:01:04:07 -0500] "GET /BLA/resoluciones/RESOLUCIONES%202010/3640.pdf HTTP/1.1" 200 760485
188.165.15.152 - - [03/Jul/2015:01:04:24 -0500] "GET /BLA/resoluciones/RESOLUCIONES%202002/RES%202002%201901-1950/20021927.tif HTTP/1.1" 200 134350
66.249.65.213 - - [03/Jul/2015:01:04:32 -0500] "GET /BLA/resoluciones/AUTOS%202011/2888.pdf HTTP/1.1" 200 322761
66.249.65.227 - - [03/Jul/2015:01:04:57 -0500] "GET /autoliquidacion/TR%C3%81MITES%20VERTIMIENTOS/PERMISOS%20DE%20VERTIMIENTOS/ANEXO%202.%20LISTA%20CHEQUEO%20PERMISO%20VERT.%20SUELO%20Y%20CUERPO%20DE%20AGUA%20F..xls HTTP/1.1" 200 211456
66.249.65.227 - - [03/Jul/2015:01:05:22 -0500] "GET /BLA/resoluciones/RESOLUCIONES%202010/7000.pdf HTTP/1.1" 200 271000
188.165.15.152 - - [03/Jul/2015:01:05:38 -0500] "GET /BLA/resoluciones/RESOLUCIONES%202005/RES%202005%20301-351/00000328.tif HTTP/1.1" 200 159144
66.249.65.227 - - [03/Jul/2015:01:05:48 -0500] "GET /BLA/resoluciones/AUTOS%202013/1382.pdf HTTP/1.1" 200 1597695
66.249.65.220 - - [03/Jul/2015:01:06:13 -0500] "GET /BLA/resoluciones/RESOLUCIONES%202010/1931.pdf HTTP/1.1" 200 735226
201.245.192.252 - - [03/Jul/2015:01:06:27 -0500] "GET /webfile/skins/gdocs-jar/js/graphicForm.js?version=1412.171112 HTTP/1.1" 304 -
66.249.65.213 - - [03/Jul/2015:01:06:38 -0500] "GET /BLA/resoluciones/RESOLUCIONES%202014/2965.pdf HTTP/1.1" 200 4377676
66.249.65.213 - - [03/Jul/2015:01:07:03 -0500] "GET /BLA/resoluciones/RESOLUCIONES%202007/RES%202007%201601%20AL%201725/RESOLUCION%201609%20%20DE%202007.pdf HTTP/1.1" 200 500189
74.86.158.107 - - [03/Jul/2015:01:07:04 -0500] "HEAD / HTTP/1.1" 200 -
66.249.65.227 - - [03/Jul/2015:01:07:06 -0500] "GET /BLA/resoluciones/dlf/styles.css HTTP/1.1" 200 3049
190.255.168.178 - - [03/Jul/2015:01:07:25 -0500] "GET /Residuos/impresion/files/guia_impresion-lit.pdf HTTP/1.1" 200 12573981
190.255.168.178 - - [03/Jul/2015:01:07:27 -0500] "GET /favicon.ico HTTP/1.1" 200 7782
190.255.168.178 - - [03/Jul/2015:01:07:27 -0500] "GET /Residuos/impresion/files/guia_impresion-lit.pdf HTTP/1.1" 206 32768
190.255.168.178 - - [03/Jul/2015:01:07:28 -0500] "GET /Residuos/impresion/files/guia_impresion-lit.pdf HTTP/1.1" 206 12541213
66.249.65.220 - - [03/Jul/2015:01:07:29 -0500] "GET /BLA/resoluciones/RESOLUCIONES%202011/4814.pdf HTTP/1.1" 200 558197
66.249.65.227 - - [03/Jul/2015:01:07:54 -0500] "GET /BLA/resoluciones/RESOLUCIONES%202010/6934.pdf HTTP/1.1" 200 515577
201.245.192.252 - - [03/Jul/2015:01:08:01 -0500] "GET /webfile/skins/gdocs-jar/js/number-functions.js?version=1412.171112 HTTP/1.1" 304 -
66.249.65.220 - - [03/Jul/2015:01:08:19 -0500] "GET /BLA/resoluciones/RESOLUCIONES%202010/6185.pdf HTTP/1.1" 200 884665
66.249.65.220 - - [03/Jul/2015:01:08:44 -0500] "GET /BLA/resoluciones/RESOLUCIONES%202009/6236.pdf HTTP/1.1" 200 487723
66.249.65.220 - - [03/Jul/2015:01:09:10 -0500] "GET /BLA/resoluciones/RESOLUCIONES%202008/5244.pdf HTTP/1.1" 200 535669
200.24.200.210 - - [03/Jul/2015:01:09:16 -0500] "GET /galeria/galeria/jquery.fancybox.css?v=2.1.5 HTTP/1.1" 200 4895
200.24.200.210 - - [03/Jul/2015:01:09:16 -0500] "GET /BLA/boletinlegal/js/jquery.scrollShow.js HTTP/1.1" 200 4586
200.24.200.210 - - [03/Jul/2015:01:09:16 -0500] "GET /BLA/boletinlegal/js/jquery.scrollTo-min.js HTTP/1.1" 200 1150
200.24.200.210 - - [03/Jul/2015:01:09:16 -0500] "GET /galeria/galeria/jquery.fancybox.js?v=2.1.5 HTTP/1.1" 200 48706
66.249.65.220 - - [03/Jul/2015:01:09:17 -0500] "GET /BLA/resoluciones/RESOLUCIONES%202007/RES%202007%202901%20AL%203000/RESOLUCION%202958%20DE%202007.pdf HTTP/1.1" 200 472417
66.249.65.227 - - [03/Jul/2015:01:09:19 -0500] "GET /BLA/resoluciones/RESOLUCIONES%202012/0981.pdf HTTP/1.1" 200 213028
200.24.200.210 - - [03/Jul/2015:01:09:32 -0500] "GET /galeria/galeria/jquery.fancybox.css?v=2.1.5 HTTP/1.1" 304 -
200.24.200.210 - - [03/Jul/2015:01:09:32 -0500] "GET /BLA/boletinlegal/js/jquery.scrollTo-min.js HTTP/1.1" 304 -
200.24.200.210 - - [03/Jul/2015:01:09:32 -0500] "GET /BLA/boletinlegal/js/jquery.scrollShow.js HTTP/1.1" 304 -
200.24.200.210 - - [03/Jul/2015:01:09:32 -0500] "GET /galeria/galeria/jquery.fancybox.js?v=2.1.5 HTTP/1.1" 304 -
66.249.65.220 - - [03/Jul/2015:01:09:34 -0500] "GET /BLA/resoluciones/RESOLUCIONES%202010/0172.pdf HTTP/1.1" 200 446764
66.249.65.213 - - [03/Jul/2015:01:09:35 -0500] "GET /BLA/resoluciones/RESOLUCIONES%202011/2445.pdf HTTP/1.1" 200 595472
157.55.39.70 - - [03/Jul/2015:01:09:44 -0500] "GET /desprendiblespago/controlador HTTP/1.1" 200 2321
66.249.65.220 - - [03/Jul/2015:01:10:00 -0500] "GET /BLA/boletinlegal/Circulares/2011/Circular%20No.%201%20del%2012%20de%20Abril%20de%202011.pdf HTTP/1.1" 200 366269
66.249.65.227 - - [03/Jul/2015:01:10:25 -0500] "GET /BLA/resoluciones/RESOLUCIONES%202010/5122.pdf HTTP/1.1" 200 1321375
66.249.65.227 - - [03/Jul/2015:01:10:50 -0500] "GET /BLA/resoluciones/RESOLUCIONES%202011/2531.pdf HTTP/1.1" 200 494806
66.249.65.45 - - [03/Jul/2015:01:11:16 -0500] "GET / HTTP/1.1" 200 10190
188.165.15.152 - - [03/Jul/2015:01:11:32 -0500] "GET /BLA/resoluciones/index.php?dir=RESOLUCIONES%202005/RES%202005%20%201651-1700/&sort=name&order=desc HTTP/1.1" 200 12422
66.249.65.213 - - [03/Jul/2015:01:11:41 -0500] "GET /BLA/resoluciones/AUTOS%202010/0809.pdf HTTP/1.1" 200 181679
74.86.158.107 - - [03/Jul/2015:01:12:04 -0500] "HEAD / HTTP/1.1" 200 -
66.249.65.220 - - [03/Jul/2015:01:12:06 -0500] "GET /BLA/resoluciones/RESOLUCIONES%202013/1197.pdf HTTP/1.1" 304 -
66.249.65.227 - - [03/Jul/2015:01:12:07 -0500] "GET /BLA/resoluciones/RESOLUCIONES%202007/RES%202007%202301%20AL%202400/RESOLUCION%202396%20DE%202007.pdf HTTP/1.1" 200 2873129
66.249.65.213 - - [03/Jul/2015:01:12:31 -0500] "GET /BLA/resoluciones/RESOLUCIONES%202010/4257.pdf HTTP/1.1" 200 627246
66.249.65.220 - - [03/Jul/2015:01:12:33 -0500] "GET /BLA/resoluciones/RESOLUCIONES%202010/4724.pdf HTTP/1.1" 200 327419
66.249.65.227 - - [03/Jul/2015:01:12:57 -0500] "GET /BLA/resoluciones/AUTOS%202013/1474.pdf HTTP/1.1" 200 847896
188.165.15.152 - - [03/Jul/2015:01:12:59 -0500] "GET /BLA/resoluciones/AUTOS%202006/AUTOS%202006%202201%20-%202300/00002287.tif HTTP/1.1" 200 71170
188.165.15.152 - - [03/Jul/2015:01:13:09 -0500] "GET /BLA/resoluciones/RESOLUCIONES%202002/RES%202002%20301-350/00000320.tif HTTP/1.1" 200 106056
188.165.15.152 - - [03/Jul/2015:01:13:09 -0500] "GET /BLA/resoluciones/RESOLUCIONES%202003/RES%202003%20401-450/421.tif HTTP/1.1" 200 201596
66.249.65.227 - - [03/Jul/2015:01:13:22 -0500] "GET /BLA/resoluciones/RESOLUCIONES%202007/RES%202007%202101%20AL%202200/RESOLUCION%202112%20DE%202007.pdf HTTP/1.1" 200 52303
66.249.65.213 - - [03/Jul/2015:01:13:47 -0500] "GET /BLA/resoluciones/RESOLUCIONES%202007/RES%202007%202301%20AL%202400/RESOLUCION%202344%20DE%202007.pdf HTTP/1.1" 200 239096
186.82.141.211 - - [03/Jul/2015:01:13:57 -0500] "GET /galeria/galeria/jquery.fancybox.js?v=2.1.5 HTTP/1.1" 200 48706
186.82.141.211 - - [03/Jul/2015:01:13:57 -0500] "GET /galeria/galeria/jquery.fancybox.css?v=2.1.5 HTTP/1.1" 200 4895
186.82.141.211 - - [03/Jul/2015:01:13:57 -0500] "GET /galeria/galeria/fotos/Humedal-Santa-Mar%C3%ADa-del-Lago1P.jpg HTTP/1.1" 200 26912
186.82.141.211 - - [03/Jul/2015:01:13:57 -0500] "GET /galeria/galeria/fotos/Humedal-Santa-Mar%C3%ADa-del-Lago2P.jpg HTTP/1.1" 200 37138
186.82.141.211 - - [03/Jul/2015:01:13:57 -0500] "GET /galeria/galeria/fotos/Humedal-Santa-Mar%C3%ADa-del-Lago3P.jpg HTTP/1.1" 200 30161
186.82.141.211 - - [03/Jul/2015:01:13:57 -0500] "GET /galeria/galeria/fotos/Humedal-Santa-Mar%C3%ADa-del-Lago4P.jpg HTTP/1.1" 200 33121
66.249.65.213 - - [03/Jul/2015:01:14:12 -0500] "GET /BLA/resoluciones/AUTOS%202013/0382.pdf HTTP/1.1" 200 2688464
66.249.65.220 - - [03/Jul/2015:01:14:38 -0500] "GET /BLA/resoluciones/AUTOS%202007/0916.pdf HTTP/1.1" 200 257731
188.165.15.152 - - [03/Jul/2015:01:15:02 -0500] "GET /BLA/resoluciones/RESOLUCIONES%202006/RES%202006%202051-2100/00002082.tif HTTP/1.1" 200 277890
66.249.65.213 - - [03/Jul/2015:01:15:03 -0500] "GET /BLA/resoluciones/RESOLUCIONES%202013/0084.pdf HTTP/1.1" 200 2600458
188.165.15.152 - - [03/Jul/2015:01:15:15 -0500] "GET /BLA/resoluciones/RESOLUCIONES%202006/RES%202006%20151-200/00000161.tif HTTP/1.1" 200 149506
66.249.65.227 - - [03/Jul/2015:01:15:21 -0500] "GET /galeria/nivo-slider/demo/images/Rio20Bogota.jpg HTTP/1.1" 200 281500
66.249.65.213 - - [03/Jul/2015:01:15:28 -0500] "GET /BLA/resoluciones/RESOLUCIONES%202007/RES%202007%201501%20AL%201600/RESOLUCION%201574%20DE%202007.pdf HTTP/1.1" 200 640055
66.249.65.227 - - [03/Jul/2015:01:15:53 -0500] "GET /autoliquidacion/Solicitudes%20relacionadas%20con%20calidad%20del%20aire%20auditiva%20y%20visual/Evaluaci%C3%B3n%20de%20Estudios%20de%20ruido/Aplicativo%20Evaluacion%20estudios%20de%20ruido%202015.xlsx HTTP/1.1" 200 77856
201.245.192.252 - - [03/Jul/2015:01:15:56 -0500] "GET /autoliquidacion/Grupo%20Forestal%20-%20Industria%20de%20la%20Madera/Formulario%20para%20la%20Relaci%C3%B3n%20de%20Salvoconductos_facturas_remisiones_CARA1.pdf HTTP/1.1" 304 -
188.165.15.152 - - [03/Jul/2015:01:16:11 -0500] "GET /BLA/resoluciones/RESOLUCIONES%202006/RES%202006%20151-200/00000185.tif HTTP/1.1" 200 2406498
66.249.65.227 - - [03/Jul/2015:01:16:18 -0500] "GET /BLA/resoluciones/AUTOS%202013/0492.pdf HTTP/1.1" 200 1530556
188.165.15.152 - - [03/Jul/2015:01:16:27 -0500] "GET /BLA/resoluciones/RESOLUCIONES%202005/RES%202005%201751-1800/00001781.tif HTTP/1.1" 200 105742
66.249.65.220 - - [03/Jul/2015:01:16:44 -0500] "GET /BLA/resoluciones/RESOLUCIONES%202011/1182.pdf HTTP/1.1" 200 682738
74.86.158.107 - - [03/Jul/2015:01:17:04 -0500] "HEAD / HTTP/1.1" 200 -
66.249.65.213 - - [03/Jul/2015:01:17:09 -0500] "GET /BLA/resoluciones/RESOLUCIONES%202010/7575.pdf HTTP/1.1" 200 880616
66.249.65.227 - - [03/Jul/2015:01:17:29 -0500] "GET /BLA/resoluciones/RESOLUCIONES%202010/3121.pdf HTTP/1.1" 200 740255
66.249.65.227 - - [03/Jul/2015:01:17:33 -0500] "GET /BLA/resoluciones/AUTOS%202012/0140.pdf HTTP/1.1" 200 165628
66.249.65.227 - - [03/Jul/2015:01:17:34 -0500] "GET /BLA/resoluciones/RESOLUCIONES%202008/0410.pdf HTTP/1.1" 200 712867
66.249.65.220 - - [03/Jul/2015:01:17:46 -0500] "GET /BLA/resoluciones/AUTOS%202010/0174.pdf HTTP/1.1" 200 359908
66.249.65.227 - - [03/Jul/2015:01:17:59 -0500] "GET /BLA/resoluciones/RESOLUCIONES%202011/5761.pdf HTTP/1.1" 200 591699
66.249.65.227 - - [03/Jul/2015:01:18:13 -0500] "GET /BLA/resoluciones/RESOLUCIONES%202003/RES%202003%202101-2150/20032150.tif HTTP/1.1" 200 184950
66.249.65.227 - - [03/Jul/2015:01:18:25 -0500] "GET /BLA/resoluciones/AUTOS%202014/1936.pdf HTTP/1.1" 200 2185742
66.249.65.227 - - [03/Jul/2015:01:18:50 -0500] "GET /BLA/resoluciones/RESOLUCIONES%202007/RES%202007%201101%20AL%201200/RESOLUCION%201175%20DE%202007.pdf HTTP/1.1" 200 501229
188.165.15.152 - - [03/Jul/2015:01:19:03 -0500] "GET /BLA/resoluciones/AUTOS%202006/AUTOS%202006%202301%20-%202400/00002369.tif HTTP/1.1" 200 52454
66.249.65.227 - - [03/Jul/2015:01:19:15 -0500] "GET /BLA/resoluciones/AUTOS%202014/6574.pdf HTTP/1.1" 200 2338570
201.131.148.3 - - [03/Jul/2015:01:19:23 -0500] "GET /galeria/galeria/jquery.fancybox.css?v=2.1.5 HTTP/1.1" 200 4895
201.131.148.3 - - [03/Jul/2015:01:19:23 -0500] "GET /BLA/boletinlegal/js/jquery.scrollTo-min.js HTTP/1.1" 200 1150
201.131.148.3 - - [03/Jul/2015:01:19:23 -0500] "GET /BLA/boletinlegal/js/jquery.scrollShow.js HTTP/1.1" 200 4586
201.131.148.3 - - [03/Jul/2015:01:19:23 -0500] "GET /galeria/galeria/jquery.fancybox.js?v=2.1.5 HTTP/1.1" 200 48706
201.131.148.3 - - [03/Jul/2015:01:19:36 -0500] "GET /galeria/galeria/jquery.fancybox.css?v=2.1.5 HTTP/1.1" 304 -
201.131.148.3 - - [03/Jul/2015:01:19:36 -0500] "GET /BLA/boletinlegal/js/jquery.scrollTo-min.js HTTP/1.1" 304 -
201.131.148.3 - - [03/Jul/2015:01:19:36 -0500] "GET /BLA/boletinlegal/js/jquery.scrollShow.js HTTP/1.1" 304 -
201.131.148.3 - - [03/Jul/2015:01:19:36 -0500] "GET /galeria/galeria/jquery.fancybox.js?v=2.1.5 HTTP/1.1" 304 -
201.131.148.3 - - [03/Jul/2015:01:19:38 -0500] "GET /galeria/galeria/jquery.fancybox.js?v=2.1.5 HTTP/1.1" 304 -
66.249.65.213 - - [03/Jul/2015:01:19:40 -0500] "GET /BLA/resoluciones/RESOLUCIONES%202010/5315.pdf HTTP/1.1" 200 523877
201.245.192.252 - - [03/Jul/2015:01:19:49 -0500] "GET /autoliquidacion/ HTTP/1.1" 200 6375
66.249.65.227 - - [03/Jul/2015:01:19:51 -0500] "GET /even/Ca0jr6ay/tsld004.htm HTTP/1.1" 404 1018
66.249.65.220 - - [03/Jul/2015:01:20:06 -0500] "GET /BLA/resoluciones/RESOLUCIONES%202007/RES%202007%20501%20AL%20600/RESOLUCION%200507%20DE%202007.pdf HTTP/1.1" 200 317943
66.249.65.220 - - [03/Jul/2015:01:20:31 -0500] "GET /BLA/resoluciones/RESOLUCIONES%202007/RES%202007%201001%20AL%201100/RESOLUCION%201006%20DE%202007.pdf HTTP/1.1" 304 -
188.165.15.152 - - [03/Jul/2015:01:20:38 -0500] "GET /BLA/resoluciones/RESOLUCIONES%202004/RES%202004%20301-350/00000317.tif HTTP/1.1" 200 211496
188.165.15.152 - - [03/Jul/2015:01:20:47 -0500] "GET /BLA/resoluciones/AUTOS%202006/AUTOS%202006%203301%20-%203418/00003333.tif HTTP/1.1" 200 87796
66.249.65.220 - - [03/Jul/2015:01:20:56 -0500] "GET /BLA/resoluciones/RESOLUCIONES%202007/RES%202007%20601%20AL%20700/RESOLUCION%200627%20DE%202007.pdf HTTP/1.1" 200 950039
66.249.65.220 - - [03/Jul/2015:01:21:21 -0500] "GET /BLA/resoluciones/RESOLUCIONES%202007/RES%202007%20101%20AL%20200/RESOLUCION%200154%20DE%202007.pdf HTTP/1.1" 200 308126
66.249.65.220 - - [03/Jul/2015:01:21:47 -0500] "GET /BLA/resoluciones/RESOLUCIONES%202013/0804.pdf HTTP/1.1" 200 4132423
74.86.158.107 - - [03/Jul/2015:01:22:04 -0500] "HEAD / HTTP/1.1" 200 -
66.249.65.227 - - [03/Jul/2015:01:22:12 -0500] "GET /BLA/resoluciones/AUTOS%202009/3326.pdf HTTP/1.1" 200 101874
66.249.65.227 - - [03/Jul/2015:01:22:37 -0500] "GET /BLA/resoluciones/RESOLUCIONES%202007/RES%202007%201901%20AL%202000/RESOLUCION%201903%20DE%202007.pdf HTTP/1.1" 200 195777
66.249.65.213 - - [03/Jul/2015:01:22:46 -0500] "GET /BLA/resoluciones/AUTOS%202007/3759.pdf HTTP/1.1" 200 190184
66.249.65.213 - - [03/Jul/2015:01:23:02 -0500] "GET /BLA/resoluciones/RESOLUCIONES%202009/7260.pdf HTTP/1.1" 200 264027
66.249.65.213 - - [03/Jul/2015:01:23:09 -0500] "GET /BLA/resoluciones/AUTOS%202007/1776.pdf HTTP/1.1" 200 29437
157.55.39.220 - - [03/Jul/2015:01:23:14 -0500] "GET /SIG/Comunicaciones/126PG02-PR03.pdf HTTP/1.1" 200 65301
157.55.39.220 - - [03/Jul/2015:01:23:15 -0500] "GET /videos/Vallasled/ HTTP/1.1" 200 1872
66.249.65.220 - - [03/Jul/2015:01:23:27 -0500] "GET /BLA/resoluciones/RESOLUCIONES%202014/3228.pdf HTTP/1.1" 200 3784921
123.125.71.16 - - [03/Jul/2015:01:23:44 -0500] "GET / HTTP/1.1" 200 10190
66.249.65.220 - - [03/Jul/2015:01:23:53 -0500] "GET /BLA/resoluciones/RESOLUCIONES%202010/4682.pdf HTTP/1.1" 200 753463
188.165.15.152 - - [03/Jul/2015:01:24:18 -0500] "GET /BLA/resoluciones/RESOLUCIONES%202003/RES%202003%20851-900/872.tif HTTP/1.1" 200 66092
66.249.65.227 - - [03/Jul/2015:01:24:18 -0500] "GET /BLA/resoluciones/AUTOS%202009/3124.pdf HTTP/1.1" 200 174037
66.249.65.213 - - [03/Jul/2015:01:24:43 -0500] "GET /BLA/resoluciones/AUTOS%202014/6798.pdf HTTP/1.1" 200 1895027
190.113.211.230 - - [03/Jul/2015:01:25:06 -0500] "GET /galeria/galeria/jquery.fancybox.css?v=2.1.5 HTTP/1.1" 200 4895
190.113.211.230 - - [03/Jul/2015:01:25:06 -0500] "GET /BLA/boletinlegal/js/jquery.scrollTo-min.js HTTP/1.1" 200 1150
190.113.211.230 - - [03/Jul/2015:01:25:06 -0500] "GET /BLA/boletinlegal/js/jquery.scrollShow.js HTTP/1.1" 200 4586
190.113.211.230 - - [03/Jul/2015:01:25:06 -0500] "GET /galeria/galeria/jquery.fancybox.js?v=2.1.5 HTTP/1.1" 200 48706
66.249.65.220 - - [03/Jul/2015:01:25:09 -0500] "GET /BLA/resoluciones/RESOLUCIONES%202009/3658.pdf HTTP/1.1" 200 68728
190.113.211.230 - - [03/Jul/2015:01:25:21 -0500] "GET /BLA/boletinlegal/js/jquery.scrollTo-min.js HTTP/1.1" 304 -
190.113.211.230 - - [03/Jul/2015:01:25:21 -0500] "GET /BLA/boletinlegal/js/jquery.scrollShow.js HTTP/1.1" 304 -
190.113.211.230 - - [03/Jul/2015:01:25:21 -0500] "GET /galeria/galeria/jquery.fancybox.css?v=2.1.5 HTTP/1.1" 304 -
190.113.211.230 - - [03/Jul/2015:01:25:21 -0500] "GET /galeria/galeria/jquery.fancybox.js?v=2.1.5 HTTP/1.1" 304 -
66.249.65.213 - - [03/Jul/2015:01:25:34 -0500] "GET /BLA/resoluciones/RESOLUCIONES%202010/0408.pdf HTTP/1.1" 200 458546
180.76.15.156 - - [03/Jul/2015:01:25:43 -0500] "GET /BLA/boletinlegal/Circulares/2009/Circular%20No.%2035%20del%2024%20de%20Diciembre%20de%202009.pdf HTTP/1.1" 200 578234
66.249.65.220 - - [03/Jul/2015:01:25:59 -0500] "GET /BLA/resoluciones/RESOLUCIONES%202014/0464.pdf HTTP/1.1" 200 1120083
201.245.192.252 - - [03/Jul/2015:01:26:12 -0500] "GET /wp-includes/js/wp-emoji-release.min.js?ver=4.2.2 HTTP/1.1" 304 -
66.249.65.213 - - [03/Jul/2015:01:26:24 -0500] "GET /BLA/resoluciones/RESOLUCIONES%202009/2489.pdf HTTP/1.1" 200 255895
188.165.15.152 - - [03/Jul/2015:01:26:42 -0500] "GET /BLA/resoluciones/RESOLUCIONES%202004/RES%202004%20901-950/00000921.tif HTTP/1.1" 200 184770
66.249.65.220 - - [03/Jul/2015:01:26:49 -0500] "GET /BLA/resoluciones/RESOLUCIONES%202012/0823.pdf HTTP/1.1" 200 417485
74.86.158.107 - - [03/Jul/2015:01:27:04 -0500] "HEAD / HTTP/1.1" 200 -
66.249.65.227 - - [03/Jul/2015:01:27:15 -0500] "GET /BLA/resoluciones/RESOLUCIONES%202008/0545.pdf HTTP/1.1" 200 293398
66.249.65.213 - - [03/Jul/2015:01:27:40 -0500] "GET /BLA/resoluciones/RESOLUCIONES%202010/0220.pdf HTTP/1.1" 200 273178
66.249.65.220 - - [03/Jul/2015:01:27:43 -0500] "GET /BLA/resoluciones/RESOLUCIONES%202010/0905.pdf HTTP/1.1" 200 100237
66.249.65.227 - - [03/Jul/2015:01:28:05 -0500] "GET /BLA/resoluciones/RESOLUCIONES%202009/7641.pdf HTTP/1.1" 200 696263
66.249.65.227 - - [03/Jul/2015:01:28:30 -0500] "GET /BLA/resoluciones/AUTOS%202014/0651.pdf HTTP/1.1" 200 343552
66.249.65.213 - - [03/Jul/2015:01:28:55 -0500] "GET /BLA/resoluciones/RESOLUCIONES%202007/RES%202007%202701%20AL%202800/RESOLUCION%202728%20DE%202007.pdf HTTP/1.1" 200 416251
66.249.65.213 - - [03/Jul/2015:01:29:21 -0500] "GET /BLA/resoluciones/RESOLUCIONES%202012/1239.pdf HTTP/1.1" 200 474610
220.181.108.146 - - [03/Jul/2015:01:29:36 -0500] "GET / HTTP/1.1" 200 10190
66.249.65.227 - - [03/Jul/2015:01:29:46 -0500] "GET /BLA/resoluciones/RESOLUCIONES%202009/7345.pdf HTTP/1.1" 200 371078
199.195.118.53 - - [03/Jul/2015:01:30:05 -0500] "GET / HTTP/1.1" 200 10190
66.249.65.220 - - [03/Jul/2015:01:30:11 -0500] "GET /BLA/resoluciones/RESOLUCIONES%202010/6564.pdf HTTP/1.1" 200 216183
66.249.65.220 - - [03/Jul/2015:01:30:36 -0500] "GET /BLA/resoluciones/AUTOS%202007/2009.pdf HTTP/1.1" 200 101953
180.76.15.13 - - [03/Jul/2015:01:30:48 -0500] "GET / HTTP/1.1" 200 10190
66.249.65.227 - - [03/Jul/2015:01:31:02 -0500] "GET /BLA/resoluciones/AUTOS%202009/1215.pdf HTTP/1.1" 200 119473
180.76.15.25 - - [03/Jul/2015:01:31:22 -0500] "GET / HTTP/1.1" 200 10190
66.249.65.227 - - [03/Jul/2015:01:31:27 -0500] "GET /BLA/resoluciones/RESOLUCIONES%202010/6708.pdf HTTP/1.1" 200 367904
188.165.15.152 - - [03/Jul/2015:01:31:36 -0500] "GET /BLA/resoluciones/RESOLUCIONES%202005/RES%202005%201-50/00000002.tif HTTP/1.1" 200 78810
66.249.65.213 - - [03/Jul/2015:01:31:52 -0500] "GET /BLA/resoluciones/RESOLUCIONES%202007/RES%202007%20301%20AL%20400/RESOLUCION%200326%20DE%202007.pdf HTTP/1.1" 200 181594
74.86.158.107 - - [03/Jul/2015:01:32:04 -0500] "HEAD / HTTP/1.1" 200 -
66.249.65.227 - - [03/Jul/2015:01:32:17 -0500] "GET /BLA/resoluciones/AUTOS%202013/2554.pdf HTTP/1.1" 200 1993380
66.249.65.213 - - [03/Jul/2015:01:32:43 -0500] "GET /BLA/resoluciones/RESOLUCIONES%202011/1881.pdf HTTP/1.1" 200 608550
188.165.15.152 - - [03/Jul/2015:01:32:44 -0500] "GET /BLA/resoluciones/AUTOS%202006/AUTOS%202006%202301%20-%202400/00002302.tif HTTP/1.1" 200 67200
188.165.15.152 - - [03/Jul/2015:01:33:01 -0500] "GET /BLA/resoluciones/AUTOS%202006/AUTOS%202006%20601-700/00000629.tif HTTP/1.1" 200 56346
188.165.15.152 - - [03/Jul/2015:01:33:02 -0500] "GET /BLA/resoluciones/AUTOS%202006/AUTOS%202006%202701%20-%202800/00002708.tif HTTP/1.1" 200 78666
157.55.39.94 - - [03/Jul/2015:01:33:08 -0500] "GET /BLA/boletinlegal/Circulares/2010/Circular%2006%20de%208%20de%20septiembre%20de%202010.pdf HTTP/1.1" 200 4657752
66.249.65.220 - - [03/Jul/2015:01:33:08 -0500] "GET /BLA/resoluciones/RESOLUCIONES%202009/0147.pdf HTTP/1.1" 200 50588
66.249.65.227 - - [03/Jul/2015:01:33:33 -0500] "GET /BLA/resoluciones/RESOLUCIONES%202011/0869.pdf HTTP/1.1" 200 224747
66.249.65.227 - - [03/Jul/2015:01:33:58 -0500] "GET /BLA/resoluciones/AUTOS%202009/3211.pdf HTTP/1.1" 200 208239
188.165.15.152 - - [03/Jul/2015:01:34:21 -0500] "GET /BLA/resoluciones/AUTOS%202006/AUTOS%202006%20201-300/00000237.tif HTTP/1.1" 200 121080
66.249.65.213 - - [03/Jul/2015:01:34:24 -0500] "GET /BLA/resoluciones/RESOLUCIONES%202010/6705.pdf HTTP/1.1" 200 132076
66.249.65.220 - - [03/Jul/2015:01:34:31 -0500] "GET /BLA/resoluciones/RESOLUCIONES%202012/0655.pdf HTTP/1.1" 200 640554
186.80.242.217 - - [03/Jul/2015:01:34:41 -0500] "GET /galeria/galeria/jquery.fancybox.css?v=2.1.5 HTTP/1.1" 200 4895
186.80.242.217 - - [03/Jul/2015:01:34:41 -0500] "GET /galeria/galeria/jquery.fancybox.js?v=2.1.5 HTTP/1.1" 200 48706
186.80.242.217 - - [03/Jul/2015:01:34:41 -0500] "GET /BLA/boletinlegal/js/jquery.scrollShow.js HTTP/1.1" 200 4586
186.80.242.217 - - [03/Jul/2015:01:34:41 -0500] "GET /BLA/boletinlegal/js/jquery.scrollTo-min.js HTTP/1.1" 200 1150
66.249.65.227 - - [03/Jul/2015:01:34:48 -0500] "GET /BLA/resoluciones/RESOLUCIONES%202012/0911.pdf HTTP/1.1" 200 684237
66.249.65.220 - - [03/Jul/2015:01:34:50 -0500] "GET /BLA/resoluciones/AUTOS%202013/0353.pdf HTTP/1.1" 200 1155831
66.249.65.220 - - [03/Jul/2015:01:35:04 -0500] "GET /BLA/resoluciones/AUTOS%202007/2419.pdf HTTP/1.1" 200 31284
66.249.65.227 - - [03/Jul/2015:01:35:14 -0500] "GET /BLA/resoluciones/RESOLUCIONES%202011/3712.pdf HTTP/1.1" 200 933245
66.249.65.213 - - [03/Jul/2015:01:35:39 -0500] "GET /BLA/resoluciones/RESOLUCIONES%202014/3649.pdf HTTP/1.1" 200 5663628
188.165.15.152 - - [03/Jul/2015:01:35:59 -0500] "GET /BLA/resoluciones/AUTOS%202006/AUTOS%202006%202301%20-%202400/00002384.tif HTTP/1.1" 200 72316
66.249.65.220 - - [03/Jul/2015:01:36:04 -0500] "GET /BLA/resoluciones/RESOLUCIONES%202007/RES%202007%201726%20AL%201800/RESOLUCION%201792%20DE%202007.pdf HTTP/1.1" 200 1042799
66.249.65.220 - - [03/Jul/2015:01:36:30 -0500] "GET /BLA/resoluciones/RESOLUCIONES%202013/2070.pdf HTTP/1.1" 200 727057
66.249.65.51 - - [03/Jul/2015:01:36:37 -0500] "GET /videos/Humedals2015WEB.flv HTTP/1.1" 200 16650865
188.165.15.152 - - [03/Jul/2015:01:36:39 -0500] "GET /BLA/resoluciones/AUTOS%202006/AUTOS%202006%201901%20-%202000/00001966.tif HTTP/1.1" 200 55624
66.249.65.213 - - [03/Jul/2015:01:37:02 -0500] "GET /BLA/resoluciones/RESOLUCIONES%202009/3521.pdf HTTP/1.1" 200 663340
74.86.158.107 - - [03/Jul/2015:01:37:04 -0500] "HEAD / HTTP/1.1" 200 -
188.165.15.152 - - [03/Jul/2015:01:37:18 -0500] "GET /BLA/resoluciones/RESOLUCIONES%202006/RES%202006%201851-1900/00001875.tif HTTP/1.1" 200 174138
66.249.65.213 - - [03/Jul/2015:01:37:20 -0500] "GET /BLA/resoluciones/RESOLUCIONES%202009/3077.pdf HTTP/1.1" 200 505539
188.165.15.152 - - [03/Jul/2015:01:37:20 -0500] "GET /BLA/resoluciones/RESOLUCIONES%202004/RES%202004%20401-450/00000418.tif HTTP/1.1" 200 174798
66.249.65.220 - - [03/Jul/2015:01:37:45 -0500] "GET /BLA/resoluciones/AUTOS%202013/0654.pdf HTTP/1.1" 200 1060114
190.131.194.135 - - [03/Jul/2015:01:37:57 -0500] "GET /BLA/boletinlegal/js/jquery.scrollTo-min.js HTTP/1.1" 200 1150
190.131.194.135 - - [03/Jul/2015:01:37:57 -0500] "GET /galeria/galeria/jquery.fancybox.js?v=2.1.5 HTTP/1.1" 200 48706
190.131.194.135 - - [03/Jul/2015:01:37:57 -0500] "GET /galeria/carrusel/Carrusel/jquery.thumbnailScroller.css HTTP/1.1" 200 2066
190.131.194.135 - - [03/Jul/2015:01:37:57 -0500] "GET /galeria/galeria/jquery.fancybox.css?v=2.1.5 HTTP/1.1" 200 4895
190.131.194.135 - - [03/Jul/2015:01:37:57 -0500] "GET /BLA/boletinlegal/js/jquery.scrollShow.js HTTP/1.1" 200 4586
190.131.194.135 - - [03/Jul/2015:01:37:57 -0500] "GET /galeria/carrusel/Carrusel/jquery-ui-1.8.13.custom.min.js HTTP/1.1" 200 10800
190.131.194.135 - - [03/Jul/2015:01:37:58 -0500] "GET /galeria/carrusel/Carrusel/jquery.thumbnailScroller.js HTTP/1.1" 200 8157
190.131.194.135 - - [03/Jul/2015:01:37:58 -0500] "GET /galeria/nivo-slider/demo/demo.html HTTP/1.1" 200 4868
190.131.194.135 - - [03/Jul/2015:01:37:58 -0500] "GET /galeria/nivo-slider/themes/default/default.css HTTP/1.1" 200 1569
190.131.194.135 - - [03/Jul/2015:01:37:58 -0500] "GET /galeria/nivo-slider/themes/pascal/pascal.css HTTP/1.1" 200 2258
190.131.194.135 - - [03/Jul/2015:01:37:58 -0500] "GET /galeria/nivo-slider/themes/orman/orman.css HTTP/1.1" 200 2152
190.131.194.135 - - [03/Jul/2015:01:37:58 -0500] "GET /galeria/nivo-slider/nivo-slider.css HTTP/1.1" 200 1507
190.131.194.135 - - [03/Jul/2015:01:37:58 -0500] "GET /galeria/nivo-slider/demo/style.css HTTP/1.1" 200 2222
190.131.194.135 - - [03/Jul/2015:01:37:58 -0500] "GET /galeria/nivo-slider/demo/images/Rendicion-de-cuentas.jpg HTTP/1.1" 200 174889
190.131.194.135 - - [03/Jul/2015:01:37:58 -0500] "GET /galeria/nivo-slider/demo/images/VoluntariadoPYBA.jpg HTTP/1.1" 200 40647
190.131.194.135 - - [03/Jul/2015:01:37:58 -0500] "GET /galeria/nivo-slider/demo/images/9Signos.jpg HTTP/1.1" 200 81776
190.131.194.135 - - [03/Jul/2015:01:37:58 -0500] "GET /galeria/nivo-slider/demo/images/Comparendo-ambiental-Banner.jpg HTTP/1.1" 200 83731
190.131.194.135 - - [03/Jul/2015:01:37:58 -0500] "GET /galeria/nivo-slider/demo/images/GAE-banner.jpg HTTP/1.1" 200 97556
190.131.194.135 - - [03/Jul/2015:01:37:58 -0500] "GET /galeria/nivo-slider/demo/images/Banner-encuesta-de-percepscio.jpg HTTP/1.1" 200 201899
190.131.194.135 - - [03/Jul/2015:01:37:58 -0500] "GET /galeria/nivo-slider/demo/images/acuerdo_569.jpg HTTP/1.1" 200 62670
190.131.194.135 - - [03/Jul/2015:01:37:58 -0500] "GET /galeria/nivo-slider/demo/images/banner-Pacto-por-la-madera.jpg HTTP/1.1" 200 209966
190.131.194.135 - - [03/Jul/2015:01:37:59 -0500] "GET /galeria/nivo-slider/demo/images/Licitaciones-proyecto-paramo.jpg HTTP/1.1" 200 221877
190.131.194.135 - - [03/Jul/2015:01:37:59 -0500] "GET /galeria/nivo-slider/demo/images/Banner-Directorio.jpg HTTP/1.1" 200 182068
190.131.194.135 - - [03/Jul/2015:01:37:59 -0500] "GET /galeria/nivo-slider/demo/images/Banner-decreto1299.jpg HTTP/1.1" 200 182613
190.131.194.135 - - [03/Jul/2015:01:37:59 -0500] "GET /galeria/nivo-slider/demo/images/Ruta-vertimientos-01.jpg HTTP/1.1" 200 130151
190.131.194.135 - - [03/Jul/2015:01:37:59 -0500] "GET /galeria/nivo-slider/demo/images/bolsas-06.jpg HTTP/1.1" 200 90982
190.131.194.135 - - [03/Jul/2015:01:37:59 -0500] "GET /galeria/nivo-slider/demo/images/Conoce-los-humedales.jpg HTTP/1.1" 200 294036
190.131.194.135 - - [03/Jul/2015:01:38:00 -0500] "GET /galeria/nivo-slider/demo/images/ecolecta-Dic2014.png HTTP/1.1" 200 288593
190.131.194.135 - - [03/Jul/2015:01:38:00 -0500] "GET /galeria/nivo-slider/demo/images/Banner-Caracol-Africano.jpg HTTP/1.1" 200 331986
190.131.194.135 - - [03/Jul/2015:01:38:00 -0500] "GET /galeria/nivo-slider/demo/scripts/jquery-1.7.1.min.js HTTP/1.1" 200 93868
190.131.194.135 - - [03/Jul/2015:01:38:00 -0500] "GET /galeria/nivo-slider/demo/images/banner-llantas2.jpg HTTP/1.1" 200 204644
190.131.194.135 - - [03/Jul/2015:01:38:00 -0500] "GET /galeria/nivo-slider/jquery.nivo.slider.pack.js HTTP/1.1" 200 11561
190.131.194.135 - - [03/Jul/2015:01:38:00 -0500] "GET /galeria/nivo-slider/demo/images/4Simple_Slider.png HTTP/1.1" 200 11722
190.131.194.135 - - [03/Jul/2015:01:38:00 -0500] "GET /galeria/nivo-slider/themes/default/loading.gif HTTP/1.1" 200 1737
190.131.194.135 - - [03/Jul/2015:01:38:01 -0500] "GET /galeria/nivo-slider/themes/default/bullets.png HTTP/1.1" 200 1281
190.131.194.135 - - [03/Jul/2015:01:38:01 -0500] "GET /galeria/nivo-slider/themes/default/arrows.png HTTP/1.1" 200 824
66.249.65.220 - - [03/Jul/2015:01:38:11 -0500] "GET /BLA/resoluciones/RESOLUCIONES%202010/4567.pdf HTTP/1.1" 200 1101476
66.249.65.227 - - [03/Jul/2015:01:38:36 -0500] "GET /BLA/resoluciones/RESOLUCIONES%202013/0933.pdf HTTP/1.1" 200 2227984
188.165.15.152 - - [03/Jul/2015:01:38:48 -0500] "GET /BLA/resoluciones/RESOLUCIONES%202003/RES%202003%201401-1450/20031412.tif HTTP/1.1" 200 100538
66.249.65.213 - - [03/Jul/2015:01:39:01 -0500] "GET /BLA/resoluciones/RESOLUCIONES%202011/0503.pdf HTTP/1.1" 200 795552
188.165.15.152 - - [03/Jul/2015:01:39:03 -0500] "GET /BLA/resoluciones/RESOLUCIONES%202002/RES%202002%201251-1301/20021276.tif HTTP/1.1" 200 95708
66.249.65.220 - - [03/Jul/2015:01:39:08 -0500] "GET /BLA/resoluciones/RESOLUCIONES%202013/0202.pdf HTTP/1.1" 200 2216369
207.46.13.15 - - [03/Jul/2015:01:39:14 -0500] "GET /BLA/boletinlegal/Circulares/2012/Circular%20No.%206%20del%2025%20de%20Mayo%20de%202012.pdf HTTP/1.1" 200 387391
66.249.65.220 - - [03/Jul/2015:01:39:24 -0500] "GET /BLA/resoluciones/RESOLUCIONES%202013/0594.pdf HTTP/1.1" 200 3335575
157.55.39.94 - - [03/Jul/2015:01:39:30 -0500] "GET /logos/logos.htm HTTP/1.1" 404 1019
207.46.13.15 - - [03/Jul/2015:01:39:41 -0500] "GET /actuali- HTTP/1.1" 404 1015
188.165.15.152 - - [03/Jul/2015:01:39:48 -0500] "GET /BLA/resoluciones/RESOLUCIONES%202005/RES%202005%202201-2250/00002213.tif HTTP/1.1" 200 168322
66.249.65.213 - - [03/Jul/2015:01:39:52 -0500] "GET /BLA/resoluciones/RESOLUCIONES%202012/0958.pdf HTTP/1.1" 200 468764
66.249.65.220 - - [03/Jul/2015:01:40:17 -0500] "GET /BLA/resoluciones/RESOLUCIONES%202012/1769.pdf HTTP/1.1" 200 422832
188.165.15.152 - - [03/Jul/2015:01:40:22 -0500] "GET /BLA/resoluciones/RESOLUCIONES%202003/RES%202003%202051-2100/00002092.tif HTTP/1.1" 200 218272
66.249.65.220 - - [03/Jul/2015:01:40:25 -0500] "GET /BLA/resoluciones/RESOLUCIONES%202010/1391.pdf HTTP/1.1" 200 381448
66.249.65.48 - - [03/Jul/2015:01:40:40 -0500] "GET /htdocs/guia/ HTTP/1.1" 404 1019
66.249.65.213 - - [03/Jul/2015:01:40:43 -0500] "GET /BLA/resoluciones/AUTOS%202013/3484.pdf HTTP/1.1" 200 228771
66.249.65.220 - - [03/Jul/2015:01:41:00 -0500] "GET /BLA/resoluciones/RESOLUCIONES%202010/2468.pdf HTTP/1.1" 200 496446
66.249.65.227 - - [03/Jul/2015:01:41:07 -0500] "GET /BLA/resoluciones/RESOLUCIONES%202007/RES%202007%202301%20AL%202400/RESOLUCION%202347%20DE%202007.pdf HTTP/1.1" 200 381354
66.249.65.220 - - [03/Jul/2015:01:41:13 -0500] "GET /BLA/resoluciones/RESOLUCIONES%202007/RES%202007%203001%20AL%203100/RESOLUCION%203076%20DE%202007.pdf HTTP/1.1" 200 46685
66.249.65.220 - - [03/Jul/2015:01:41:32 -0500] "GET /BLA/resoluciones/AUTOS%202013/0141.pdf HTTP/1.1" 200 2385824
137.183.232.27 - - [03/Jul/2015:01:41:38 -0500] "GET /galeria/galeria/jquery.fancybox.css?v=2.1.5 HTTP/1.1" 304 -
66.249.65.213 - - [03/Jul/2015:01:41:58 -0500] "GET /BLA/resoluciones/RESOLUCIONES%202013/1477.pdf HTTP/1.1" 200 457350
74.86.158.107 - - [03/Jul/2015:01:42:04 -0500] "HEAD / HTTP/1.1" 200 -
66.249.65.213 - - [03/Jul/2015:01:42:23 -0500] "GET /BLA/resoluciones/AUTOS%202007/1498.pdf HTTP/1.1" 200 91894
186.145.137.115 - - [03/Jul/2015:01:42:43 -0500] "GET /BLA/boletinlegal/js/jquery.scrollTo-min.js HTTP/1.1" 200 1150
186.145.137.115 - - [03/Jul/2015:01:42:43 -0500] "GET /galeria/galeria/jquery.fancybox.js?v=2.1.5 HTTP/1.1" 200 48706
186.145.137.115 - - [03/Jul/2015:01:42:43 -0500] "GET /galeria/galeria/jquery.fancybox.css?v=2.1.5 HTTP/1.1" 200 4895
186.145.137.115 - - [03/Jul/2015:01:42:43 -0500] "GET /BLA/boletinlegal/js/jquery.scrollShow.js HTTP/1.1" 200 4586
66.249.65.227 - - [03/Jul/2015:01:42:48 -0500] "GET /BLA/resoluciones/RESOLUCIONES%202010/5810.pdf HTTP/1.1" 200 304342
66.249.65.227 - - [03/Jul/2015:01:43:13 -0500] "GET /BLA/resoluciones/RESOLUCIONES%202013/2091.pdf HTTP/1.1" 200 529441
81.164.39.228 - - [03/Jul/2015:01:43:23 -0500] "GET /BLA/boletinlegal/js/jquery.scrollTo-min.js HTTP/1.1" 200 1150
81.164.39.228 - - [03/Jul/2015:01:43:24 -0500] "GET /galeria/galeria/jquery.fancybox.css?v=2.1.5 HTTP/1.1" 200 4895
81.164.39.228 - - [03/Jul/2015:01:43:24 -0500] "GET /BLA/boletinlegal/js/jquery.scrollShow.js HTTP/1.1" 200 4586
81.164.39.228 - - [03/Jul/2015:01:43:24 -0500] "GET /galeria/carrusel/Carrusel/jquery-ui-1.8.13.custom.min.js HTTP/1.1" 200 10800
81.164.39.228 - - [03/Jul/2015:01:43:24 -0500] "GET /galeria/galeria/jquery.fancybox.js?v=2.1.5 HTTP/1.1" 200 48706
81.164.39.228 - - [03/Jul/2015:01:43:24 -0500] "GET /galeria/carrusel/Carrusel/jquery.thumbnailScroller.css HTTP/1.1" 200 2066
66.249.65.220 - - [03/Jul/2015:01:43:24 -0500] "GET /BLA/resoluciones/RESOLUCIONES%202008/3702.pdf HTTP/1.1" 200 155722
81.164.39.228 - - [03/Jul/2015:01:43:28 -0500] "GET /galeria/carrusel/Carrusel/jquery.thumbnailScroller.js HTTP/1.1" 200 8157
81.164.39.228 - - [03/Jul/2015:01:43:28 -0500] "GET /galeria/nivo-slider/demo/demo.html HTTP/1.1" 200 4868
81.164.39.228 - - [03/Jul/2015:01:43:28 -0500] "GET /galeria/nivo-slider/themes/default/default.css HTTP/1.1" 200 1569
81.164.39.228 - - [03/Jul/2015:01:43:28 -0500] "GET /galeria/nivo-slider/themes/pascal/pascal.css HTTP/1.1" 200 2258
81.164.39.228 - - [03/Jul/2015:01:43:28 -0500] "GET /galeria/nivo-slider/themes/orman/orman.css HTTP/1.1" 200 2152
81.164.39.228 - - [03/Jul/2015:01:43:28 -0500] "GET /galeria/nivo-slider/nivo-slider.css HTTP/1.1" 200 1507
81.164.39.228 - - [03/Jul/2015:01:43:28 -0500] "GET /galeria/nivo-slider/demo/style.css HTTP/1.1" 200 2222
81.164.39.228 - - [03/Jul/2015:01:43:28 -0500] "GET /galeria/nivo-slider/demo/images/Rendicion-de-cuentas.jpg HTTP/1.1" 200 174889
