207.46.13.115 - - [10/Jul/2015:02:53:02 -0500] "GET /BLA/boletinlegal/js/jquery.scrollTo-min.js HTTP/1.1" 200 1150
207.46.13.115 - - [10/Jul/2015:02:53:03 -0500] "GET /galeria/galeria/jquery.fancybox.js?v=2.1.5 HTTP/1.1" 200 48706
66.249.79.133 - - [10/Jul/2015:02:53:05 -0500] "GET /BLA/resoluciones/AUTOS%202007/3415.pdf HTTP/1.1" 200 205484
66.249.79.120 - - [10/Jul/2015:02:53:16 -0500] "GET /BLA/resoluciones/RESOLUCIONES%202008/0933.pdf HTTP/1.1" 304 -
157.55.39.57 - - [10/Jul/2015:02:53:25 -0500] "GET /BLA/boletinlegal/js/jquery.scrollShow.js HTTP/1.1" 200 4586
66.249.79.120 - - [10/Jul/2015:02:53:33 -0500] "GET /BLA/resoluciones/RESOLUCIONES%202013/0906.pdf HTTP/1.1" 304 -
66.249.79.120 - - [10/Jul/2015:02:53:44 -0500] "GET /BLA/resoluciones/RESOLUCIONES%202010/3429.pdf HTTP/1.1" 200 743747
66.249.79.107 - - [10/Jul/2015:02:53:50 -0500] "GET /BLA/resoluciones/RESOLUCIONES%202012/1481.pdf HTTP/1.1" 304 -
66.249.79.133 - - [10/Jul/2015:02:53:58 -0500] "GET /BLA/resoluciones/AUTOS%202007/2326.pdf HTTP/1.1" 200 71559
188.165.15.117 - - [10/Jul/2015:02:53:59 -0500] "GET /BLA/resoluciones/RESOLUCIONES%202005/RES%202005%201251-1300/00001282.tif HTTP/1.1" 200 228892
66.249.79.120 - - [10/Jul/2015:02:54:07 -0500] "GET /BLA/resoluciones/RESOLUCIONES%202011/5892.pdf HTTP/1.1" 304 -
66.249.79.180 - - [10/Jul/2015:02:54:24 -0500] "GET / HTTP/1.1" 200 56457
66.249.79.120 - - [10/Jul/2015:02:54:40 -0500] "GET /BLA/resoluciones/RESOLUCIONES%202011/0258.pdf HTTP/1.1" 304 -
66.249.79.120 - - [10/Jul/2015:02:54:57 -0500] "GET /BLA/resoluciones/RESOLUCIONES%202014/2284.pdf HTTP/1.1" 304 -
66.249.79.133 - - [10/Jul/2015:02:55:14 -0500] "GET /BLA/resoluciones/RESOLUCIONES%202007/RES%202007%202501%20AL%202600/RESOLUCION%202551%20DE%202007.pdf HTTP/1.1" 304 -
66.249.79.133 - - [10/Jul/2015:02:55:31 -0500] "GET /BLA/resoluciones/RESOLUCIONES%202010/6933.pdf HTTP/1.1" 304 -
66.249.79.133 - - [10/Jul/2015:02:55:48 -0500] "GET /BLA/resoluciones/AUTOS%202010/0809.pdf HTTP/1.1" 304 -
188.165.15.117 - - [10/Jul/2015:02:56:02 -0500] "GET /BLA/resoluciones/RESOLUCIONES%202005/RES%202005%201151-1200/00001166.tif HTTP/1.1" 200 228228
66.249.79.120 - - [10/Jul/2015:02:56:05 -0500] "GET /BLA/resoluciones/RESOLUCIONES%202011/6971.pdf HTTP/1.1" 304 -
66.249.79.133 - - [10/Jul/2015:02:56:22 -0500] "GET /BLA/resoluciones/RESOLUCIONES%202010/0605.pdf HTTP/1.1" 304 -
188.165.15.117 - - [10/Jul/2015:02:56:25 -0500] "GET /BLA/resoluciones/index.php?dir=RESOLUCIONES%202005/RES%202005%201301-1350/&sort=date&order=asc HTTP/1.1" 200 12344
66.249.79.133 - - [10/Jul/2015:02:56:27 -0500] "GET /BLA/resoluciones/RESOLUCIONES%202009/1621.pdf HTTP/1.1" 200 693415
66.249.79.107 - - [10/Jul/2015:02:56:38 -0500] "GET /BLA/resoluciones/AUTOS%202011/4367.pdf HTTP/1.1" 304 -
66.249.79.120 - - [10/Jul/2015:02:56:42 -0500] "GET /BLA/resoluciones/RESOLUCIONES%202007/RES%202007%201801%20AL%201900/RESOLUCION%201850%20DE%202007.pdf HTTP/1.1" 200 672973
188.165.15.117 - - [10/Jul/2015:02:56:57 -0500] "GET /BLA/resoluciones/AUTOS%202006/AUTOS%202006%202501%20-%202600/00002512.tif HTTP/1.1" 200 78694
66.249.79.107 - - [10/Jul/2015:02:57:12 -0500] "GET /BLA/resoluciones/RESOLUCIONES%202007/RES%202007%202301%20AL%202400/RESOLUCION%202349%20DE%202007.pdf HTTP/1.1" 304 -
74.86.158.107 - - [10/Jul/2015:02:57:26 -0500] "HEAD / HTTP/1.1" 200 -
66.249.79.107 - - [10/Jul/2015:02:57:29 -0500] "GET /BLA/resoluciones/RESOLUCIONES%202008/4700.pdf HTTP/1.1" 200 254006
66.249.79.92 - - [10/Jul/2015:02:57:46 -0500] "GET / HTTP/1.1" 200 56457
199.195.118.53 - - [10/Jul/2015:02:57:55 -0500] "GET / HTTP/1.1" 200 10190
66.249.79.133 - - [10/Jul/2015:02:58:03 -0500] "GET /BLA/resoluciones/AUTOS%202013/1597.pdf HTTP/1.1" 200 138080
66.249.79.120 - - [10/Jul/2015:02:58:20 -0500] "GET /BLA/resoluciones/AUTOS%202013/0492.pdf HTTP/1.1" 304 -
188.165.15.117 - - [10/Jul/2015:02:58:23 -0500] "GET /BLA/resoluciones/RESOLUCIONES%202005/RES%202005%202451-2500/00002494.tif HTTP/1.1" 200 248592
66.249.79.120 - - [10/Jul/2015:02:58:24 -0500] "GET /BLA/resoluciones/RESOLUCIONES%202006/RES%202006%201-50/00000046.tif HTTP/1.1" 200 116318
66.249.79.120 - - [10/Jul/2015:02:58:36 -0500] "GET /BLA/resoluciones/RESOLUCIONES%202013/0936.pdf HTTP/1.1" 304 -
188.165.15.117 - - [10/Jul/2015:02:58:50 -0500] "GET /BLA/resoluciones/RESOLUCIONES%202003/RES%202003%201251-1300/20031282.tif HTTP/1.1" 200 126662
66.249.79.133 - - [10/Jul/2015:02:58:53 -0500] "GET /BLA/resoluciones/RESOLUCIONES%202013/0003.pdf HTTP/1.1" 304 -
188.165.15.117 - - [10/Jul/2015:02:59:07 -0500] "GET /BLA/resoluciones/RESOLUCIONES%202006/RES%202006%20501-550/00000513.tif HTTP/1.1" 200 145030
66.249.79.120 - - [10/Jul/2015:02:59:10 -0500] "GET /Residuos/impresion/files/guia_impresion-lit.pdf HTTP/1.1" 304 -
66.249.79.133 - - [10/Jul/2015:02:59:27 -0500] "GET /BLA/resoluciones/AUTOS%202013/1967.pdf HTTP/1.1" 304 -
66.249.79.107 - - [10/Jul/2015:02:59:44 -0500] "GET /BLA/resoluciones/RESOLUCIONES%202010/0417.pdf HTTP/1.1" 304 -
66.249.79.133 - - [10/Jul/2015:03:00:01 -0500] "GET /BLA/resoluciones/RESOLUCIONES%202012/1754.pdf HTTP/1.1" 304 -
66.249.79.120 - - [10/Jul/2015:03:00:10 -0500] "GET /BLA/resoluciones/AUTOS%202007/1182.pdf HTTP/1.1" 200 84725
66.249.79.107 - - [10/Jul/2015:03:00:18 -0500] "GET /BLA/resoluciones/RESOLUCIONES%202014/0825.pdf HTTP/1.1" 304 -
188.165.15.117 - - [10/Jul/2015:03:00:27 -0500] "GET /BLA/resoluciones/RESOLUCIONES%202005/RES%202005%201351-1400/00001387.tif HTTP/1.1" 200 155342
66.249.79.107 - - [10/Jul/2015:03:00:35 -0500] "GET /BLA/resoluciones/RESOLUCIONES%202007/RES%202007%20601%20AL%20700/RESOLUCION%200642%20DE%202007.pdf HTTP/1.1" 304 -
66.249.79.133 - - [10/Jul/2015:03:00:48 -0500] "GET /BLA/resoluciones/RESOLUCIONES%202009/7369.pdf HTTP/1.1" 200 1056186
188.165.15.117 - - [10/Jul/2015:03:00:51 -0500] "GET /BLA/resoluciones/RESOLUCIONES%202002/RES%202002%20601-650/00000623.tif HTTP/1.1" 200 38542
66.249.79.190 - - [10/Jul/2015:03:00:52 -0500] "GET /BLA/boletinlegal/jurisprudencia/analisis/CUADRO%20SENTENCIA%20T-299%20DE%202008.doc HTTP/1.1" 304 -
66.249.79.120 - - [10/Jul/2015:03:00:52 -0500] "GET /BLA/resoluciones/AUTOS%202007/0718.pdf HTTP/1.1" 200 286846
220.181.108.95 - - [10/Jul/2015:03:00:54 -0500] "GET /galeria/galeria/jquery.fancybox.css?v=2.1.5 HTTP/1.1" 200 4895
66.249.79.120 - - [10/Jul/2015:03:01:08 -0500] "GET /BLA/resoluciones/AUTOS%202013/1102.pdf HTTP/1.1" 304 -
188.165.15.117 - - [10/Jul/2015:03:01:25 -0500] "GET /BLA/resoluciones/RESOLUCIONES%202002/RES%202002%20451-500/00000463.tif HTTP/1.1" 200 105166
66.249.79.107 - - [10/Jul/2015:03:01:25 -0500] "GET /BLA/resoluciones/RESOLUCIONES%202011/5156.pdf HTTP/1.1" 304 -
66.249.79.133 - - [10/Jul/2015:03:01:42 -0500] "GET /BLA/resoluciones/RESOLUCIONES%202014/1570.pdf HTTP/1.1" 304 -
74.176.249.172 - - [10/Jul/2015:03:01:47 -0500] "GET /webdav/x32.php?host=172.4.227.70&time=60&port=80 HTTP/1.1" 404 1018
66.249.79.107 - - [10/Jul/2015:03:01:48 -0500] "GET /BLA/resoluciones/RESOLUCIONES%202010/1830.pdf HTTP/1.1" 200 497793
66.249.79.107 - - [10/Jul/2015:03:01:59 -0500] "GET /BLA/resoluciones/RESOLUCIONES%202013/0825.pdf HTTP/1.1" 304 -
66.249.79.107 - - [10/Jul/2015:03:02:16 -0500] "GET /BLA/resoluciones/RESOLUCIONES%202007/RES%202007%20301%20AL%20400/RESOLUCION%200317%20DE%202007.pdf HTTP/1.1" 304 -
88.198.233.69 - - [10/Jul/2015:03:02:25 -0500] "GET / HTTP/1.1" 200 10190
74.86.158.107 - - [10/Jul/2015:03:02:26 -0500] "HEAD / HTTP/1.1" 200 -
66.249.79.107 - - [10/Jul/2015:03:02:33 -0500] "GET /BLA/resoluciones/AUTOS%202012/1752.pdf HTTP/1.1" 304 -
66.249.79.107 - - [10/Jul/2015:03:02:49 -0500] "GET /BLA/resoluciones/RESOLUCIONES%202013/0883.pdf HTTP/1.1" 304 -
66.249.79.120 - - [10/Jul/2015:03:03:06 -0500] "GET /BLA/resoluciones/RESOLUCIONES%202007/RES%202007%20601%20AL%20700/RESOLUCION%200627%20DE%202007.pdf HTTP/1.1" 304 -
66.249.79.133 - - [10/Jul/2015:03:03:23 -0500] "GET /BLA/resoluciones/RESOLUCIONES%202011/0302.pdf HTTP/1.1" 304 -
66.249.79.120 - - [10/Jul/2015:03:03:38 -0500] "GET /BLA/resoluciones/AUTOS%202007/0215.pdf HTTP/1.1" 200 16795
66.249.79.120 - - [10/Jul/2015:03:03:40 -0500] "GET /BLA/resoluciones/RESOLUCIONES%202011/5904.pdf HTTP/1.1" 304 -
66.249.79.133 - - [10/Jul/2015:03:03:40 -0500] "GET /BLA/resoluciones/RESOLUCIONES%202010/1719.pdf HTTP/1.1" 200 406692
180.76.15.145 - - [10/Jul/2015:03:03:54 -0500] "GET /SIG/ECS/126PM04-PR80.pdf HTTP/1.1" 200 2172597
66.249.79.120 - - [10/Jul/2015:03:03:57 -0500] "GET /BLA/resoluciones/AUTOS%202013/1795.pdf HTTP/1.1" 304 -
66.249.79.107 - - [10/Jul/2015:03:04:07 -0500] "GET /BLA/resoluciones/AUTOS%202007/1415.pdf HTTP/1.1" 200 30678
66.249.79.133 - - [10/Jul/2015:03:04:14 -0500] "GET /BLA/resoluciones/RESOLUCIONES%202008/3852.pdf HTTP/1.1" 304 -
66.249.79.133 - - [10/Jul/2015:03:04:23 -0500] "GET /BLA/resoluciones/AUTOS%202007/3803.pdf HTTP/1.1" 200 68472
66.249.79.133 - - [10/Jul/2015:03:04:31 -0500] "GET /BLA/resoluciones/AUTOS%202013/0224.pdf HTTP/1.1" 304 -
66.249.79.107 - - [10/Jul/2015:03:04:47 -0500] "GET /BLA/resoluciones/RESOLUCIONES%202009/0517.pdf HTTP/1.1" 200 563597
66.249.79.107 - - [10/Jul/2015:03:05:04 -0500] "GET /BLA/resoluciones/RESOLUCIONES%202007/RES%202007%203101%20AL%203200/RESOLUCION%203149%20DE%202007.pdf HTTP/1.1" 304 -
66.249.79.107 - - [10/Jul/2015:03:05:21 -0500] "GET /BLA/resoluciones/AUTOS%202012/1252.pdf HTTP/1.1" 304 -
66.249.79.107 - - [10/Jul/2015:03:05:23 -0500] "GET /BLA/resoluciones/RESOLUCIONES%202009/3262.pdf HTTP/1.1" 200 710358
66.249.79.133 - - [10/Jul/2015:03:05:38 -0500] "GET /BLA/resoluciones/RESOLUCIONES%202010/5900.pdf HTTP/1.1" 304 -
66.249.79.120 - - [10/Jul/2015:03:05:55 -0500] "GET /BLA/resoluciones/RESOLUCIONES%202007/RES%202007%20801%20AL%20900/RESOLUCION%200878%20DE%202007.pdf HTTP/1.1" 304 -
66.249.79.164 - - [10/Jul/2015:03:06:12 -0500] "GET /SIG/Gesti%C3%B3n%20Ambiental/126PM03-PR14.pdf HTTP/1.1" 200 386760
188.165.15.117 - - [10/Jul/2015:03:06:26 -0500] "GET /BLA/resoluciones/AUTOS%202006/AUTOS%202006%202901%20-%203000/00002947.tif HTTP/1.1" 200 53662
66.249.79.107 - - [10/Jul/2015:03:06:29 -0500] "GET /BLA/resoluciones/RESOLUCIONES%202011/5794.pdf HTTP/1.1" 304 -
66.249.79.133 - - [10/Jul/2015:03:06:36 -0500] "GET /BLA/resoluciones/RESOLUCIONES%202002/RES%202002%201251-1301/20021272.tif HTTP/1.1" 304 -
66.249.79.107 - - [10/Jul/2015:03:06:45 -0500] "GET /BLA/resoluciones/RESOLUCIONES%202009/3576.pdf HTTP/1.1" 200 590681
123.125.71.94 - - [10/Jul/2015:03:06:52 -0500] "GET /BLA/boletinlegal/js/jquery.scrollShow.js HTTP/1.1" 200 4586
123.125.71.18 - - [10/Jul/2015:03:06:53 -0500] "GET /galeria/galeria/jquery.fancybox.css?v=2.1.5 HTTP/1.1" 200 4895
66.249.79.133 - - [10/Jul/2015:03:07:02 -0500] "GET /BLA/resoluciones/AUTOS%202014/1778.pdf HTTP/1.1" 304 -
66.249.79.133 - - [10/Jul/2015:03:07:19 -0500] "GET /BLA/resoluciones/RESOLUCIONES%202009/6692.pdf HTTP/1.1" 200 459106
74.86.158.107 - - [10/Jul/2015:03:07:26 -0500] "HEAD / HTTP/1.1" 200 -
66.249.79.120 - - [10/Jul/2015:03:07:36 -0500] "GET /BLA/resoluciones/RESOLUCIONES%202009/7139.pdf HTTP/1.1" 304 -
66.249.79.133 - - [10/Jul/2015:03:07:53 -0500] "GET /BLA/resoluciones/RESOLUCIONES%202008/4391.pdf HTTP/1.1" 200 278949
66.249.79.107 - - [10/Jul/2015:03:08:10 -0500] "GET /BLA/resoluciones/AUTOS%202008/0611.pdf HTTP/1.1" 200 164489
66.249.79.133 - - [10/Jul/2015:03:08:27 -0500] "GET /BLA/resoluciones/RESOLUCIONES%202010/4626.pdf HTTP/1.1" 200 2291622
181.63.11.118 - - [10/Jul/2015:03:08:42 -0500] "GET /BLA/directivas/2009/0.pdf HTTP/1.1" 200 1636862
181.63.11.118 - - [10/Jul/2015:03:08:43 -0500] "GET /BLA/directivas/2009/0.pdf HTTP/1.1" 200 1636862
66.249.79.107 - - [10/Jul/2015:03:08:43 -0500] "GET /Anexos%20estudio%20Organizacional%20SDA/ANEXO%20No.%201-%20NORMAS%20LEGALES%20DE%20ESTRUCTURA%20Y%20PLANTA/Acuerdo%209%20de%201990%20Concejo%20de%20Bogot%C3%A1..htm HTTP/1.1" 200 34207
66.249.79.107 - - [10/Jul/2015:03:09:00 -0500] "GET /BLA/resoluciones/AUTOS%202008/0282.pdf HTTP/1.1" 200 226364
66.249.79.107 - - [10/Jul/2015:03:09:17 -0500] "GET /BLA/resoluciones/RESOLUCIONES%202007/RES%202007%203201%20AL%203300/RESOLUCION%203257%20DE%202007.pdf HTTP/1.1" 304 -
66.249.79.107 - - [10/Jul/2015:03:09:34 -0500] "GET /BLA/resoluciones/RESOLUCIONES%202013/1138.pdf HTTP/1.1" 304 -
66.249.79.120 - - [10/Jul/2015:03:09:38 -0500] "GET /BLA/resoluciones/AUTOS%202012/0259.pdf HTTP/1.1" 304 -
66.249.79.120 - - [10/Jul/2015:03:09:45 -0500] "GET /BLA/resoluciones/AUTOS%202013/0454.pdf HTTP/1.1" 200 489636
66.249.79.120 - - [10/Jul/2015:03:09:51 -0500] "GET /BLA/resoluciones/RESOLUCIONES%202008/5525.pdf HTTP/1.1" 304 -
66.249.79.107 - - [10/Jul/2015:03:10:08 -0500] "GET /BLA/resoluciones/RESOLUCIONES%202009/5856.pdf HTTP/1.1" 304 -
188.165.15.117 - - [10/Jul/2015:03:10:23 -0500] "GET /BLA/resoluciones/AUTOS%202006/AUTOS%202006%201301-1400/00001384.tif HTTP/1.1" 200 81000
66.249.79.120 - - [10/Jul/2015:03:10:25 -0500] "GET /BLA/resoluciones/RESOLUCIONES%202009/2947.pdf HTTP/1.1" 304 -
66.249.79.107 - - [10/Jul/2015:03:10:42 -0500] "GET /BLA/resoluciones/AUTOS%202014/3259.pdf HTTP/1.1" 304 -
66.249.79.120 - - [10/Jul/2015:03:10:54 -0500] "GET /BLA/resoluciones/RESOLUCIONES%202009/1803.pdf HTTP/1.1" 200 613104
66.249.79.120 - - [10/Jul/2015:03:10:58 -0500] "GET /BLA/resoluciones/AUTOS%202014/1553.pdf HTTP/1.1" 304 -
66.249.79.133 - - [10/Jul/2015:03:11:15 -0500] "GET /BLA/resoluciones/AUTOS%202011/1540.pdf HTTP/1.1" 304 -
188.165.15.117 - - [10/Jul/2015:03:11:18 -0500] "GET /BLA/resoluciones/AUTOS%202006/AUTOS%202006%201701%20-%201800/00001751.tif HTTP/1.1" 200 101002
66.249.79.133 - - [10/Jul/2015:03:11:22 -0500] "GET /BLA/resoluciones/RESOLUCIONES%202009/4594.pdf HTTP/1.1" 200 639365
66.249.79.107 - - [10/Jul/2015:03:11:32 -0500] "GET /BLA/resoluciones/AUTOS%202012/0140.pdf HTTP/1.1" 304 -
66.249.79.120 - - [10/Jul/2015:03:11:49 -0500] "GET /BLA/resoluciones/AUTOS%202009/1340.pdf HTTP/1.1" 304 -
66.249.79.107 - - [10/Jul/2015:03:12:06 -0500] "GET /BLA/resoluciones/RESOLUCIONES%202007/RES%202007%201201%20AL%201300/RESOLUCION%201208%20DE%202007.pdf HTTP/1.1" 304 -
66.249.79.120 - - [10/Jul/2015:03:12:23 -0500] "GET /BLA/resoluciones/RESOLUCIONES%202011/2537.pdf HTTP/1.1" 304 -
74.86.158.107 - - [10/Jul/2015:03:12:26 -0500] "HEAD / HTTP/1.1" 200 -
66.249.79.107 - - [10/Jul/2015:03:12:40 -0500] "GET /BLA/resoluciones/RESOLUCIONES%202013/1135.pdf HTTP/1.1" 304 -
74.176.249.172 - - [10/Jul/2015:03:12:49 -0500] "GET /webdav/x32.php?host=189.202.121.32&time=60&port=3074 HTTP/1.1" 404 1018
66.249.79.120 - - [10/Jul/2015:03:12:56 -0500] "GET /BLA/resoluciones/AUTOS%202007/3665.pdf HTTP/1.1" 304 -
220.181.108.142 - - [10/Jul/2015:03:13:02 -0500] "GET /galeria/galeria/jquery.fancybox.css?v=2.1.5 HTTP/1.1" 200 4895
66.249.79.107 - - [10/Jul/2015:03:13:13 -0500] "GET /BLA/resoluciones/RESOLUCIONES%202012/0788.pdf HTTP/1.1" 304 -
186.29.38.71 - - [10/Jul/2015:03:13:18 -0500] "GET /galeria/galeria/jquery.fancybox.css?v=2.1.5 HTTP/1.1" 200 4895
186.29.38.71 - - [10/Jul/2015:03:13:18 -0500] "GET /BLA/boletinlegal/js/jquery.scrollTo-min.js HTTP/1.1" 200 1150
186.29.38.71 - - [10/Jul/2015:03:13:18 -0500] "GET /BLA/boletinlegal/js/jquery.scrollShow.js HTTP/1.1" 200 4586
186.29.38.71 - - [10/Jul/2015:03:13:18 -0500] "GET /galeria/galeria/jquery.fancybox.js?v=2.1.5 HTTP/1.1" 200 48706
186.29.38.71 - - [10/Jul/2015:03:13:24 -0500] "GET /BLA/boletinlegal/js/jquery.scrollTo-min.js HTTP/1.1" 304 -
186.29.38.71 - - [10/Jul/2015:03:13:24 -0500] "GET /BLA/boletinlegal/js/jquery.scrollShow.js HTTP/1.1" 304 -
186.29.38.71 - - [10/Jul/2015:03:13:24 -0500] "GET /galeria/galeria/jquery.fancybox.js?v=2.1.5 HTTP/1.1" 304 -
186.29.38.71 - - [10/Jul/2015:03:13:24 -0500] "GET /galeria/galeria/jquery.fancybox.css?v=2.1.5 HTTP/1.1" 304 -
66.249.79.120 - - [10/Jul/2015:03:13:30 -0500] "GET /BLA/resoluciones/RESOLUCIONES%202007/RES%202007%203001%20AL%203100/RESOLUCION%203037%20DE%202007.pdf HTTP/1.1" 304 -
66.249.79.133 - - [10/Jul/2015:03:13:47 -0500] "GET /BLA/resoluciones/AUTOS%202008/0667.pdf HTTP/1.1" 304 -
66.249.79.164 - - [10/Jul/2015:03:13:59 -0500] "GET /sinmi3/7/aire.ppt HTTP/1.1" 404 1019
188.165.15.117 - - [10/Jul/2015:03:14:00 -0500] "GET /BLA/resoluciones/AUTOS%202006/AUTOS%202006%201901%20-%202000/00001905.tif HTTP/1.1" 200 78786
66.249.79.120 - - [10/Jul/2015:03:14:04 -0500] "GET /BLA/resoluciones/RESOLUCIONES%202014/0456.pdf HTTP/1.1" 304 -
186.30.166.92 - - [10/Jul/2015:03:14:05 -0500] "GET /BLA/resoluciones/Notificaciones/AUTOS%202014/4048.doc HTTP/1.1" 200 93696
66.249.79.120 - - [10/Jul/2015:03:14:21 -0500] "GET /BLA/resoluciones/RESOLUCIONES%202009/4406.pdf HTTP/1.1" 304 -
188.165.15.117 - - [10/Jul/2015:03:14:31 -0500] "GET /BLA/resoluciones/AUTOS%202006/AUTOS%202006%202901%20-%203000/00002924.tif HTTP/1.1" 200 197386
66.249.79.107 - - [10/Jul/2015:03:14:38 -0500] "GET /BLA/resoluciones/RESOLUCIONES%202007/RES%202007%201401%20AL%201500/RESOLUCION%201478%20DE%202007.pdf HTTP/1.1" 304 -
188.165.15.117 - - [10/Jul/2015:03:14:48 -0500] "GET /BLA/resoluciones/index.php?dir=RESOLUCIONES%202004/RES%202004%20751-800/&sort=date&order=asc HTTP/1.1" 200 12053
66.249.79.120 - - [10/Jul/2015:03:14:54 -0500] "GET /BLA/resoluciones/AUTOS%202010/0531.pdf HTTP/1.1" 304 -
66.249.79.133 - - [10/Jul/2015:03:15:11 -0500] "GET /BLA/resoluciones/Notificaciones/AUTOS%202014/4048.doc HTTP/1.1" 304 -
66.249.79.107 - - [10/Jul/2015:03:15:26 -0500] "GET /BLA/resoluciones/AUTOS%202007/0111.pdf HTTP/1.1" 200 47819
66.249.79.107 - - [10/Jul/2015:03:15:28 -0500] "GET /BLA/resoluciones/AUTOS%202011/0320.pdf HTTP/1.1" 304 -
188.165.15.117 - - [10/Jul/2015:03:15:40 -0500] "GET /BLA/resoluciones/RESOLUCIONES%202006/RES%202006%202551-2600/00002589.tif HTTP/1.1" 200 264294
66.249.79.120 - - [10/Jul/2015:03:15:45 -0500] "GET /BLA/resoluciones/RESOLUCIONES%202011/0810.pdf HTTP/1.1" 304 -
181.51.52.111 - - [10/Jul/2015:03:15:52 -0500] "GET /galeria/galeria/jquery.fancybox.css?v=2.1.5 HTTP/1.1" 200 4895
181.51.52.111 - - [10/Jul/2015:03:15:52 -0500] "GET /BLA/boletinlegal/js/jquery.scrollTo-min.js HTTP/1.1" 200 1150
181.51.52.111 - - [10/Jul/2015:03:15:52 -0500] "GET /BLA/boletinlegal/js/jquery.scrollShow.js HTTP/1.1" 200 4586
181.51.52.111 - - [10/Jul/2015:03:15:52 -0500] "GET /galeria/galeria/jquery.fancybox.js?v=2.1.5 HTTP/1.1" 200 48706
181.51.52.111 - - [10/Jul/2015:03:15:58 -0500] "GET /galeria/galeria/jquery.fancybox.css?v=2.1.5 HTTP/1.1" 304 -
181.51.52.111 - - [10/Jul/2015:03:15:58 -0500] "GET /BLA/boletinlegal/js/jquery.scrollTo-min.js HTTP/1.1" 304 -
181.51.52.111 - - [10/Jul/2015:03:15:58 -0500] "GET /BLA/boletinlegal/js/jquery.scrollShow.js HTTP/1.1" 304 -
181.51.52.111 - - [10/Jul/2015:03:15:58 -0500] "GET /galeria/galeria/jquery.fancybox.js?v=2.1.5 HTTP/1.1" 304 -
66.249.79.133 - - [10/Jul/2015:03:16:02 -0500] "GET /BLA/resoluciones/AUTOS%202009/0730.pdf HTTP/1.1" 304 -
66.249.79.107 - - [10/Jul/2015:03:16:19 -0500] "GET /BLA/resoluciones/AUTOS%202010/5635.pdf HTTP/1.1" 304 -
66.249.79.164 - - [10/Jul/2015:03:16:22 -0500] "GET /videos/NuestraGente_D%C3%ADadelHumedal.flv HTTP/1.1" 200 55308776
66.249.79.107 - - [10/Jul/2015:03:16:46 -0500] "GET /BLA/resoluciones/RESOLUCIONES%202014/2004.pdf HTTP/1.1" 304 -
66.249.79.107 - - [10/Jul/2015:03:16:46 -0500] "GET /BLA/resoluciones/RESOLUCIONES%202007/RES%202007%201726%20AL%201800/RESOLUCION%201788%20DE%202007.pdf HTTP/1.1" 200 1089988
66.249.79.120 - - [10/Jul/2015:03:16:52 -0500] "GET /BLA/resoluciones/AUTOS%202008/2079.pdf HTTP/1.1" 304 -
66.249.79.133 - - [10/Jul/2015:03:17:08 -0500] "GET /BLA/resoluciones/RESOLUCIONES%202012/0208.pdf HTTP/1.1" 200 176030
66.249.79.120 - - [10/Jul/2015:03:17:09 -0500] "GET /BLA/circulares/7-2011.pdf HTTP/1.1" 304 -
74.86.158.107 - - [10/Jul/2015:03:17:26 -0500] "HEAD / HTTP/1.1" 200 -
66.249.79.120 - - [10/Jul/2015:03:17:26 -0500] "GET /BLA/resoluciones/RESOLUCIONES%202013/0848.pdf HTTP/1.1" 304 -
66.249.79.133 - - [10/Jul/2015:03:17:43 -0500] "GET /BLA/resoluciones/RESOLUCIONES%202012/0823.pdf HTTP/1.1" 304 -
66.249.79.107 - - [10/Jul/2015:03:18:00 -0500] "GET /BLA/resoluciones/AUTOS%202013/0324.pdf HTTP/1.1" 304 -
66.249.79.107 - - [10/Jul/2015:03:18:04 -0500] "GET /BLA/resoluciones/RESOLUCIONES%202009/4703.pdf HTTP/1.1" 200 251103
66.249.79.133 - - [10/Jul/2015:03:18:17 -0500] "GET /BLA/resoluciones/RESOLUCIONES%202007/RES%202007%202301%20AL%202400/RESOLUCION%202400%20DE%202007.pdf HTTP/1.1" 304 -
66.249.79.133 - - [10/Jul/2015:03:18:20 -0500] "GET /BLA/resoluciones/RESOLUCIONES%202008/4634.pdf HTTP/1.1" 200 265801
66.249.79.120 - - [10/Jul/2015:03:18:34 -0500] "GET /BLA/resoluciones/RESOLUCIONES%202009/6310.pdf HTTP/1.1" 304 -
66.249.79.120 - - [10/Jul/2015:03:18:50 -0500] "GET /BLA/resoluciones/RESOLUCIONES%202007/RES%202007%201401%20AL%201500/RESOLUCION%201443%20DE%202007.pdf HTTP/1.1" 304 -
180.76.15.146 - - [10/Jul/2015:03:18:54 -0500] "GET /POT-2013/memoria%20justificativa/ANEXOS_2,3,4.pdf HTTP/1.1" 200 617731
188.165.15.117 - - [10/Jul/2015:03:19:03 -0500] "GET /BLA/resoluciones/AUTOS%202006/AUTOS%202006%203301%20-%203418/00003370.tif HTTP/1.1" 200 54328
66.249.79.133 - - [10/Jul/2015:03:19:07 -0500] "GET /BLA/resoluciones/RESOLUCIONES%202013/0184.pdf HTTP/1.1" 304 -
188.165.15.117 - - [10/Jul/2015:03:19:19 -0500] "GET /BLA/resoluciones/RESOLUCIONES%202003/RES%202003%20851-900/871.tif HTTP/1.1" 200 74904
188.165.15.117 - - [10/Jul/2015:03:19:21 -0500] "GET /BLA/resoluciones/RESOLUCIONES%202005/RES%202005%203151-3180/00003153.tif HTTP/1.1" 200 188172
66.249.79.107 - - [10/Jul/2015:03:19:24 -0500] "GET /BLA/resoluciones/RESOLUCIONES%202009/0077.pdf HTTP/1.1" 304 -
188.165.15.117 - - [10/Jul/2015:03:19:34 -0500] "GET /BLA/resoluciones/AUTOS%202006/AUTOS%202006%20601-700/00000602.tif HTTP/1.1" 200 235392
66.249.79.120 - - [10/Jul/2015:03:19:41 -0500] "GET /BLA/resoluciones/RESOLUCIONES%202011/4569.pdf HTTP/1.1" 304 -
181.63.11.118 - - [10/Jul/2015:03:19:42 -0500] "GET /BLA/directivas/2009/0.pdf HTTP/1.1" 200 1636862
188.165.15.117 - - [10/Jul/2015:03:19:52 -0500] "GET /BLA/resoluciones/RESOLUCIONES%202005/RES%202005%20351-400/00000373.tif HTTP/1.1" 200 158014
66.249.79.120 - - [10/Jul/2015:03:19:58 -0500] "GET /BLA/resoluciones/AUTOS%202011/0202.pdf HTTP/1.1" 304 -
188.165.15.117 - - [10/Jul/2015:03:20:13 -0500] "GET /BLA/resoluciones/AUTOS%202006/AUTOS%202006%202801%20-%202900/00002831.tif HTTP/1.1" 200 99200
66.249.79.120 - - [10/Jul/2015:03:20:15 -0500] "GET /BLA/resoluciones/RESOLUCIONES%202007/RES%202007%201401%20AL%201500/RESOLUCION%201408%20DE%202007.pdf HTTP/1.1" 304 -
66.249.79.133 - - [10/Jul/2015:03:20:32 -0500] "GET /BLA/resoluciones/AUTOS%202012/1584.pdf HTTP/1.1" 304 -
123.125.71.41 - - [10/Jul/2015:03:20:38 -0500] "GET / HTTP/1.1" 200 10190
66.249.79.120 - - [10/Jul/2015:03:20:49 -0500] "GET /BLA/boletinlegal/ HTTP/1.1" 200 50649
66.249.79.107 - - [10/Jul/2015:03:21:32 -0500] "GET /BLA/resoluciones/RESOLUCIONES%202008/1475.pdf HTTP/1.1" 200 824288
66.249.79.164 - - [10/Jul/2015:03:21:34 -0500] "GET /Autoliquidacion/dlf/styles.css HTTP/1.1" 200 3045
66.249.79.133 - - [10/Jul/2015:03:21:35 -0500] "GET /BLA/resoluciones/RESOLUCIONES%202002/RES%202002%201251-1301/20021271.tif HTTP/1.1" 304 -
66.249.79.133 - - [10/Jul/2015:03:21:35 -0500] "GET /BLA/resoluciones/AUTOS%202012/0303.pdf HTTP/1.1" 200 171958
66.249.79.133 - - [10/Jul/2015:03:21:37 -0500] "GET /autoliquidacion/TR%C3%81MITES%20MINER%C3%8DA/126PM04-PR39-M-A6-V5.0%20Terminos%20de%20referencia%20PMRRA[1].doc HTTP/1.1" 304 -
66.249.79.120 - - [10/Jul/2015:03:21:38 -0500] "GET /BLA/resoluciones/RESOLUCIONES%202009/2840.pdf HTTP/1.1" 304 -
66.249.79.133 - - [10/Jul/2015:03:21:39 -0500] "GET /BLA/resoluciones/AUTOS%202014/1522.pdf HTTP/1.1" 304 -
66.249.79.107 - - [10/Jul/2015:03:21:56 -0500] "GET /BLA/resoluciones/AUTOS%202013/0622.pdf HTTP/1.1" 304 -
66.249.79.133 - - [10/Jul/2015:03:21:58 -0500] "GET /BLA/resoluciones/AUTOS%202014/0552.pdf HTTP/1.1" 304 -
66.249.79.107 - - [10/Jul/2015:03:22:13 -0500] "GET /BLA/resoluciones/RESOLUCIONES%202010/7572.pdf HTTP/1.1" 304 -
66.249.79.133 - - [10/Jul/2015:03:22:13 -0500] "GET /BLA/resoluciones/RESOLUCIONES%202009/3074.pdf HTTP/1.1" 200 682573
66.249.79.133 - - [10/Jul/2015:03:22:21 -0500] "GET /BLA/resoluciones/RESOLUCIONES%202007/RES%202007%203801%20AL%203900/RESOLUCION%203828%20DE%202007.pdf HTTP/1.1" 200 214473
66.249.79.107 - - [10/Jul/2015:03:22:24 -0500] "GET /BLA/resoluciones/RESOLUCIONES%202007/RES%202007%201501%20AL%201600/RESOLUCION%201515%20DE%202007.pdf HTTP/1.1" 200 158602
74.86.158.107 - - [10/Jul/2015:03:22:26 -0500] "HEAD / HTTP/1.1" 200 -
66.249.79.133 - - [10/Jul/2015:03:22:30 -0500] "GET /BLA/resoluciones/RESOLUCIONES%202007/RES%202007%202401%20AL%202500/RESOLUCION%202401%20DE%202007.pdf HTTP/1.1" 304 -
201.234.75.11 - - [10/Jul/2015:03:22:32 -0500] "GET /galeria/nivo-slider/themes/orman/orman.css HTTP/1.1" 304 -
66.249.79.120 - - [10/Jul/2015:03:22:36 -0500] "GET /BLA/resoluciones/RESOLUCIONES%202006/RES%202006%201-50/00000023.tif HTTP/1.1" 200 214924
66.249.79.133 - - [10/Jul/2015:03:22:47 -0500] "GET /BLA/resoluciones/RESOLUCIONES%202011/1049.pdf HTTP/1.1" 304 -
66.249.79.133 - - [10/Jul/2015:03:23:03 -0500] "GET /BLA/resoluciones/AUTOS%202013/0351.pdf HTTP/1.1" 304 -
188.165.15.117 - - [10/Jul/2015:03:23:17 -0500] "GET /BLA/resoluciones/AUTOS%202006/AUTOS%202006%201801-%201900/00001810.tif HTTP/1.1" 200 257968
66.249.79.120 - - [10/Jul/2015:03:23:20 -0500] "GET /BLA/resoluciones/RESOLUCIONES%202012/1122.pdf HTTP/1.1" 304 -
66.249.79.133 - - [10/Jul/2015:03:23:25 -0500] "GET /BLA/resoluciones/RESOLUCIONES%202007/RES%202007%20701%20AL%20800/RESOLUCION%200794%20DE%202007.pdf HTTP/1.1" 200 94272
66.249.79.133 - - [10/Jul/2015:03:23:37 -0500] "GET /BLA/directivas/2011/3.pdf HTTP/1.1" 304 -
66.249.79.107 - - [10/Jul/2015:03:23:40 -0500] "GET /BLA/resoluciones/AUTOS%202008/1313.pdf HTTP/1.1" 200 315430
66.249.79.133 - - [10/Jul/2015:03:23:54 -0500] "GET /BLA/resoluciones/RESOLUCIONES%202014/1220.pdf HTTP/1.1" 304 -
66.249.79.120 - - [10/Jul/2015:03:24:05 -0500] "GET /BLA/resoluciones/RESOLUCIONES%202007/RES%202007%202701%20AL%202800/RESOLUCION%202772%20DE%202007.pdf HTTP/1.1" 200 229735
66.249.79.107 - - [10/Jul/2015:03:24:11 -0500] "GET /BLA/resoluciones/RESOLUCIONES%202007/RES%202007%201801%20AL%201900/RESOLUCION%201855%20DE%202007.pdf HTTP/1.1" 304 -
66.249.79.133 - - [10/Jul/2015:03:24:26 -0500] "GET /BLA/resoluciones/AUTOS%202007/1864.pdf HTTP/1.1" 200 96911
66.249.79.133 - - [10/Jul/2015:03:24:28 -0500] "GET /BLA/resoluciones/RESOLUCIONES%202011/4851.pdf HTTP/1.1" 304 -
188.165.15.117 - - [10/Jul/2015:03:24:30 -0500] "GET /BLA/resoluciones/RESOLUCIONES%202005/RES%202005%202151-2200/00002170.tif HTTP/1.1" 200 121426
188.165.15.117 - - [10/Jul/2015:03:24:43 -0500] "GET /BLA/resoluciones/index.php?dir=RESOLUCIONES%202007/RES%202007%204101%20AL%204200/&sort=date&order=desc HTTP/1.1" 200 26885
180.76.15.16 - - [10/Jul/2015:03:24:44 -0500] "GET / HTTP/1.1" 200 10190
66.249.79.107 - - [10/Jul/2015:03:24:45 -0500] "GET /BLA/resoluciones/AUTOS%202013/0511.pdf HTTP/1.1" 304 -
66.249.79.120 - - [10/Jul/2015:03:25:01 -0500] "GET /BLA/resoluciones/RESOLUCIONES%202014/1998.pdf HTTP/1.1" 304 -
180.76.15.17 - - [10/Jul/2015:03:25:02 -0500] "GET / HTTP/1.1" 200 10190
123.125.71.75 - - [10/Jul/2015:03:25:16 -0500] "GET /BLA/boletinlegal/js/jquery.scrollShow.js HTTP/1.1" 200 4586
123.125.71.26 - - [10/Jul/2015:03:25:18 -0500] "GET /galeria/galeria/jquery.fancybox.js?v=2.1.5 HTTP/1.1" 200 48706
66.249.79.190 - - [10/Jul/2015:03:25:18 -0500] "GET /Anexos%20estudio%20Organizacional%20SDA/ANEXO%20No.%203-%20CONTRATACI%C3%93N%20%20OPS%C2%B4s%202008-2012/CONTRATOS%20SDA%202009%20POR%20DEPENDENCIA%20(1).xls HTTP/1.1" 304 -
203.133.170.206 - - [10/Jul/2015:03:25:27 -0500] "GET / HTTP/1.1" 200 10190
66.249.79.107 - - [10/Jul/2015:03:25:35 -0500] "GET /BLA/resoluciones/RESOLUCIONES%202013/0746.pdf HTTP/1.1" 304 -
66.249.79.107 - - [10/Jul/2015:03:25:52 -0500] "GET /autoliquidacion/Grupo%20Forestal%20-%20Silvicultura/Estructura%20del%20SIADAMA.xls HTTP/1.1" 304 -
188.165.15.117 - - [10/Jul/2015:03:25:53 -0500] "GET /BLA/resoluciones/AUTOS%202006/AUTOS%202006%201801-%201900/00001819.tif HTTP/1.1" 200 219720
66.249.79.133 - - [10/Jul/2015:03:26:26 -0500] "GET /BLA/resoluciones/Notificaciones/REGISTROS%202014/00997.doc HTTP/1.1" 304 -
66.249.79.133 - - [10/Jul/2015:03:26:43 -0500] "GET /BLA/resoluciones/RESOLUCIONES%202007/RES%202007%201601%20AL%201725/RESOLUCION%201607%20DE%202007.pdf HTTP/1.1" 304 -
66.249.79.107 - - [10/Jul/2015:03:26:59 -0500] "GET /BLA/resoluciones/RESOLUCIONES%202014/0956.pdf HTTP/1.1" 304 -
66.249.79.133 - - [10/Jul/2015:03:27:16 -0500] "GET /BLA/resoluciones/AUTOS%202014/6465.pdf HTTP/1.1" 304 -
74.86.158.107 - - [10/Jul/2015:03:27:26 -0500] "HEAD / HTTP/1.1" 200 -
66.249.79.133 - - [10/Jul/2015:03:27:33 -0500] "GET /BLA/resoluciones/RESOLUCIONES%202013/1450.pdf HTTP/1.1" 304 -
66.249.79.133 - - [10/Jul/2015:03:27:50 -0500] "GET /BLA/resoluciones/Notificaciones/AUTOS%202014/3581.doc HTTP/1.1" 304 -
66.249.79.120 - - [10/Jul/2015:03:27:57 -0500] "GET /BLA/resoluciones/RESOLUCIONES%202013/1262.pdf HTTP/1.1" 304 -
66.249.79.120 - - [10/Jul/2015:03:28:07 -0500] "GET /BLA/resoluciones/AUTOS%202012/0153.pdf HTTP/1.1" 304 -
66.249.79.107 - - [10/Jul/2015:03:28:24 -0500] "GET /BLA/resoluciones/RESOLUCIONES%202011/1108.pdf HTTP/1.1" 304 -
188.165.15.117 - - [10/Jul/2015:03:28:27 -0500] "GET /BLA/resoluciones/AUTOS%202006/AUTOS%202006%202001%20-%202100/00002090.tif HTTP/1.1" 200 55520
66.249.79.107 - - [10/Jul/2015:03:28:41 -0500] "GET /BLA/resoluciones/AUTOS%202013/1079.pdf HTTP/1.1" 304 -
66.249.79.133 - - [10/Jul/2015:03:28:42 -0500] "GET /BLA/resoluciones/RESOLUCIONES%202008/0544.pdf HTTP/1.1" 200 1277169
66.249.79.107 - - [10/Jul/2015:03:28:58 -0500] "GET /BLA/resoluciones/AUTOS%202013/0650.pdf HTTP/1.1" 304 -
66.249.79.133 - - [10/Jul/2015:03:29:14 -0500] "GET /BLA/resoluciones/RESOLUCIONES%202009/3813.pdf HTTP/1.1" 304 -
188.165.15.117 - - [10/Jul/2015:03:29:19 -0500] "GET /BLA/resoluciones/RESOLUCIONES%202006/RES%202006%201151-1200/00001173.tif HTTP/1.1" 200 154028
66.249.79.120 - - [10/Jul/2015:03:29:31 -0500] "GET /BLA/resoluciones/RESOLUCIONES%202013/1279.pdf HTTP/1.1" 304 -
188.165.15.117 - - [10/Jul/2015:03:29:33 -0500] "GET /BLA/resoluciones/AUTOS%202006/AUTOS%202006%202201%20-%202300/00002265.tif HTTP/1.1" 200 72654
188.165.15.117 - - [10/Jul/2015:03:29:46 -0500] "GET /BLA/resoluciones/AUTOS%202006/AUTOS%202006%202601%20-%202700/00002622.tif HTTP/1.1" 200 47706
66.249.79.133 - - [10/Jul/2015:03:29:48 -0500] "GET /BLA/resoluciones/RESOLUCIONES%202013/0112.pdf HTTP/1.1" 304 -
188.165.15.117 - - [10/Jul/2015:03:29:54 -0500] "GET /BLA/resoluciones/RESOLUCIONES%202005/RES%202005%201-50/00000010.tif HTTP/1.1" 200 263136
66.249.79.107 - - [10/Jul/2015:03:30:05 -0500] "GET /BLA/resoluciones/AUTOS%202007/2189.pdf HTTP/1.1" 304 -
188.165.15.117 - - [10/Jul/2015:03:30:20 -0500] "GET /BLA/resoluciones/AUTOS%202006/AUTOS%202006%202701%20-%202800/00002739.tif HTTP/1.1" 200 77770
66.249.79.120 - - [10/Jul/2015:03:30:22 -0500] "GET /BLA/resoluciones/AUTOS%202011/7422.pdf HTTP/1.1" 304 -
66.249.79.107 - - [10/Jul/2015:03:30:39 -0500] "GET /BLA/resoluciones/AUTOS%202012/1665.pdf HTTP/1.1" 200 486893
66.249.79.133 - - [10/Jul/2015:03:30:56 -0500] "GET /BLA/resoluciones/RESOLUCIONES%202007/RES%202007%202901%20AL%203000/RESOLUCION%202909%20DE%202007.pdf HTTP/1.1" 304 -
66.249.79.133 - - [10/Jul/2015:03:31:11 -0500] "GET /BLA/resoluciones/RESOLUCIONES%202008/3820.pdf HTTP/1.1" 200 679807
66.249.79.107 - - [10/Jul/2015:03:31:16 -0500] "GET /BLA/resoluciones/RESOLUCIONES%202009/8085.pdf HTTP/1.1" 200 565837
123.125.71.58 - - [10/Jul/2015:03:31:20 -0500] "GET /galeria/galeria/jquery.fancybox.css?v=2.1.5 HTTP/1.1" 200 4895
66.249.79.107 - - [10/Jul/2015:03:31:29 -0500] "GET /BLA/resoluciones/RESOLUCIONES%202010/2433.pdf HTTP/1.1" 304 -
66.249.79.120 - - [10/Jul/2015:03:31:46 -0500] "GET /BLA/resoluciones/RESOLUCIONES%202009/7615.pdf HTTP/1.1" 304 -
157.55.39.29 - - [10/Jul/2015:03:32:01 -0500] "GET /dama/libreria/pdf/ecosistemas/restauracion/1_ar22.pdf HTTP/1.1" 404 1019
66.249.79.120 - - [10/Jul/2015:03:32:03 -0500] "GET /BLA/resoluciones/AUTOS%202008/3304.pdf HTTP/1.1" 304 -
188.165.15.117 - - [10/Jul/2015:03:32:11 -0500] "GET /BLA/resoluciones/RESOLUCIONES%202002/RES%202002%201051-1100/00001071.tif HTTP/1.1" 200 378038
66.249.79.107 - - [10/Jul/2015:03:32:20 -0500] "GET /BLA/resoluciones/AUTOS%202012/0457.pdf HTTP/1.1" 304 -
74.86.158.107 - - [10/Jul/2015:03:32:26 -0500] "HEAD / HTTP/1.1" 200 -
188.165.15.117 - - [10/Jul/2015:03:32:31 -0500] "GET /BLA/resoluciones/RESOLUCIONES%202006/RES%202006%202451-2500/00002493.tif HTTP/1.1" 200 235026
66.249.79.120 - - [10/Jul/2015:03:32:37 -0500] "GET /BLA/resoluciones/AUTOS%202013/0560.pdf HTTP/1.1" 200 1719741
66.249.79.107 - - [10/Jul/2015:03:32:42 -0500] "GET /BLA/resoluciones/AUTOS%202007/2516.pdf HTTP/1.1" 200 284510
66.249.79.120 - - [10/Jul/2015:03:32:43 -0500] "GET /BLA/resoluciones/RESOLUCIONES%202009/3754.pdf HTTP/1.1" 200 439358
66.249.79.133 - - [10/Jul/2015:03:32:54 -0500] "GET /BLA/resoluciones/RESOLUCIONES%202007/RES%202007%202901%20AL%203000/RESOLUCION%202906%20DE%202007.pdf HTTP/1.1" 304 -
66.249.79.133 - - [10/Jul/2015:03:33:10 -0500] "GET /BLA/resoluciones/AUTOS%202012/2210.pdf HTTP/1.1" 304 -
66.249.79.164 - - [10/Jul/2015:03:33:27 -0500] "GET /POT-2013/Cartografia/27_Estructura_Sociespacial_2013.pdf HTTP/1.1" 304 -
66.249.79.133 - - [10/Jul/2015:03:33:44 -0500] "GET /BLA/resoluciones/AUTOS%202007/0902.pdf HTTP/1.1" 304 -
180.76.15.152 - - [10/Jul/2015:03:33:54 -0500] "GET /SIG/Gesti%F3n%20Jur%EDdica/126PA05-PR09.pdf HTTP/1.1" 403 1007
66.249.79.107 - - [10/Jul/2015:03:34:01 -0500] "GET /BLA/resoluciones/RESOLUCIONES%202009/6549.pdf HTTP/1.1" 200 619491
66.249.79.120 - - [10/Jul/2015:03:34:05 -0500] "GET /BLA/resoluciones/AUTOS%202012/0096.pdf HTTP/1.1" 304 -
66.249.79.107 - - [10/Jul/2015:03:34:18 -0500] "GET /BLA/resoluciones/RESOLUCIONES%202009/1964.pdf HTTP/1.1" 200 488860
66.249.79.133 - - [10/Jul/2015:03:34:35 -0500] "GET /BLA/resoluciones/AUTOS%202007/3066.pdf HTTP/1.1" 200 94328
66.249.79.133 - - [10/Jul/2015:03:34:35 -0500] "GET /BLA/resoluciones/RESOLUCIONES%202009/1803.pdf HTTP/1.1" 304 -
66.249.79.133 - - [10/Jul/2015:03:34:52 -0500] "GET /BLA/resoluciones/RESOLUCIONES%202009/8567.pdf HTTP/1.1" 304 -
66.249.79.120 - - [10/Jul/2015:03:35:03 -0500] "GET /BLA/resoluciones/RESOLUCIONES%202002/RES%202002%201251-1301/20021297.tif HTTP/1.1" 304 -
66.249.79.107 - - [10/Jul/2015:03:35:08 -0500] "GET /BLA/resoluciones/AUTOS%202007/3034.pdf HTTP/1.1" 200 152471
66.249.79.120 - - [10/Jul/2015:03:35:25 -0500] "GET /BLA/resoluciones/RESOLUCIONES%202010/1958.pdf HTTP/1.1" 200 494813
66.249.79.120 - - [10/Jul/2015:03:35:42 -0500] "GET /BLA/resoluciones/RESOLUCIONES%202010/4775.pdf HTTP/1.1" 304 -
66.249.79.120 - - [10/Jul/2015:03:35:59 -0500] "GET /BLA/resoluciones/AUTOS%202011/6967.pdf HTTP/1.1" 304 -
66.249.79.120 - - [10/Jul/2015:03:36:16 -0500] "GET /BLA/resoluciones/AUTOS%202010/5592.pdf HTTP/1.1" 304 -
66.249.79.133 - - [10/Jul/2015:03:36:19 -0500] "GET /BLA/resoluciones/RESOLUCIONES%202008/1695.pdf HTTP/1.1" 200 220780
66.249.79.133 - - [10/Jul/2015:03:36:30 -0500] "GET /BLA/resoluciones/AUTOS%202007/3495.pdf HTTP/1.1" 200 80905
66.249.79.107 - - [10/Jul/2015:03:36:33 -0500] "GET /BLA/resoluciones/RESOLUCIONES%202008/4086.pdf HTTP/1.1" 304 -
66.249.79.133 - - [10/Jul/2015:03:36:50 -0500] "GET /BLA/resoluciones/AUTOS%202013/1951.pdf HTTP/1.1" 304 -
188.165.15.117 - - [10/Jul/2015:03:36:57 -0500] "GET /BLA/resoluciones/AUTOS%202006/AUTOS%202006%201201-1300/INDEX.DAT HTTP/1.1" 200 4000
66.249.79.133 - - [10/Jul/2015:03:37:06 -0500] "GET /BLA/resoluciones/RESOLUCIONES%202008/0407.pdf HTTP/1.1" 304 -
66.249.79.133 - - [10/Jul/2015:03:37:23 -0500] "GET /BLA/resoluciones/AUTOS%202013/0954.pdf HTTP/1.1" 304 -
74.86.158.107 - - [10/Jul/2015:03:37:26 -0500] "HEAD / HTTP/1.1" 200 -
220.181.108.184 - - [10/Jul/2015:03:37:30 -0500] "GET /BLA/boletinlegal/js/jquery.scrollTo-min.js HTTP/1.1" 200 1150
66.249.79.133 - - [10/Jul/2015:03:37:40 -0500] "GET /BLA/resoluciones/RESOLUCIONES%202007/RES%202007%203601%20AL%203700/RESOLUCION%203674%20DE%202007.pdf HTTP/1.1" 304 -
66.249.79.120 - - [10/Jul/2015:03:37:57 -0500] "GET /BLA/resoluciones/AUTOS%202014/2372.pdf HTTP/1.1" 304 -
66.249.79.107 - - [10/Jul/2015:03:38:14 -0500] "GET /BLA/resoluciones/RESOLUCIONES%202007/RES%202007%201901%20AL%202000/RESOLUCION%201939%20DE%202007.pdf HTTP/1.1" 304 -
188.165.15.117 - - [10/Jul/2015:03:38:21 -0500] "GET /BLA/resoluciones/AUTOS%202006/AUTOS%202006%20901-1000/00000962.tif HTTP/1.1" 200 156796
66.249.79.107 - - [10/Jul/2015:03:38:21 -0500] "GET /BLA/resoluciones/RESOLUCIONES%202009/6321.pdf HTTP/1.1" 200 618211
66.249.79.133 - - [10/Jul/2015:03:38:31 -0500] "GET /BLA/resoluciones/RESOLUCIONES%202011/5095.pdf HTTP/1.1" 304 -
66.249.79.120 - - [10/Jul/2015:03:38:48 -0500] "GET /BLA/resoluciones/RESOLUCIONES%202007/RES%202007%202901%20AL%203000/RESOLUCION%202997%20DE%202007.pdf HTTP/1.1" 304 -
188.165.15.117 - - [10/Jul/2015:03:38:53 -0500] "GET /BLA/resoluciones/RESOLUCIONES%202006/RES%202006%20601-650/00000615.tif HTTP/1.1" 200 185678
66.249.79.120 - - [10/Jul/2015:03:39:05 -0500] "GET /BLA/resoluciones/AUTOS%202011/2105.pdf HTTP/1.1" 304 -
188.165.15.117 - - [10/Jul/2015:03:39:05 -0500] "GET /BLA/resoluciones/AUTOS%202006/AUTOS%202006%202001%20-%202100/00002007.tif HTTP/1.1" 200 104526
66.249.79.107 - - [10/Jul/2015:03:39:21 -0500] "GET /BLA/resoluciones/RESOLUCIONES%202010/2414.pdf HTTP/1.1" 304 -
66.249.79.120 - - [10/Jul/2015:03:39:38 -0500] "GET /autoliquidacion/TR%C3%81MITES%20VERTIMIENTOS/PERMISOS%20DE%20VERTIMIENTOS/ANEXO%20%205.%20%20MATRIZ%20PAR%C3%81METRSO%20ACTIVDADES%20PRODUCTIVAS.xls HTTP/1.1" 304 -
66.249.79.107 - - [10/Jul/2015:03:39:55 -0500] "GET /BLA/resoluciones/RESOLUCIONES%202010/5629.pdf HTTP/1.1" 304 -
188.165.15.117 - - [10/Jul/2015:03:39:59 -0500] "GET /BLA/resoluciones/AUTOS%202006/AUTOS%202006%202601%20-%202700/00002602.tif HTTP/1.1" 200 53012
66.249.79.107 - - [10/Jul/2015:03:40:03 -0500] "GET /BLA/resoluciones/AUTOS%202009/0527.pdf HTTP/1.1" 304 -
188.165.15.117 - - [10/Jul/2015:03:40:06 -0500] "GET /BLA/resoluciones/RESOLUCIONES%202006/RES%202006%201351-1400/00001355.tif HTTP/1.1" 200 183246
66.249.79.120 - - [10/Jul/2015:03:40:12 -0500] "GET /BLA/resoluciones/RESOLUCIONES%202007/RES%202007%202201%20AL%202300/RESOLUCION%202297%20DE%202007.pdf HTTP/1.1" 304 -
66.249.79.133 - - [10/Jul/2015:03:40:29 -0500] "GET /BLA/resoluciones/AUTOS%202008/3491.pdf HTTP/1.1" 304 -
66.249.79.133 - - [10/Jul/2015:03:40:46 -0500] "GET /BLA/resoluciones/RESOLUCIONES%202011/4809.pdf HTTP/1.1" 304 -
66.249.79.107 - - [10/Jul/2015:03:41:03 -0500] "GET /BLA/resoluciones/RESOLUCIONES%202010/0523.pdf HTTP/1.1" 304 -
66.249.79.133 - - [10/Jul/2015:03:41:05 -0500] "GET /BLA/resoluciones/AUTOS%202007/3632.pdf HTTP/1.1" 200 235649
188.165.15.117 - - [10/Jul/2015:03:41:05 -0500] "GET /BLA/resoluciones/AUTOS%202006/AUTOS%202006%201901%20-%202000/00001909.tif HTTP/1.1" 200 76330
66.249.79.120 - - [10/Jul/2015:03:41:12 -0500] "GET /BLA/resoluciones/RESOLUCIONES%202010/4617.pdf HTTP/1.1" 200 364742
66.249.79.107 - - [10/Jul/2015:03:41:19 -0500] "GET /BLA/resoluciones/AUTOS%202008/3467.pdf HTTP/1.1" 304 -
66.249.79.133 - - [10/Jul/2015:03:41:36 -0500] "GET /BLA/resoluciones/AUTOS%202007/1498.pdf HTTP/1.1" 304 -
66.249.79.164 - - [10/Jul/2015:03:41:37 -0500] "GET /videos/Vallasled/ HTTP/1.1" 200 1872
188.165.15.117 - - [10/Jul/2015:03:41:50 -0500] "GET /BLA/resoluciones/index.php?dir=RESOLUCIONES%202005/RES%202005%202051-2100/&sort=size&order=desc HTTP/1.1" 200 12351
66.249.79.133 - - [10/Jul/2015:03:41:53 -0500] "GET /BLA/resoluciones/AUTOS%202007/0555.pdf HTTP/1.1" 200 127473
66.249.79.120 - - [10/Jul/2015:03:42:04 -0500] "GET /BLA/resoluciones/RESOLUCIONES%202008/3591.pdf HTTP/1.1" 200 257917
66.249.79.133 - - [10/Jul/2015:03:42:10 -0500] "GET /BLA/resoluciones/RESOLUCIONES%202008/1803.pdf HTTP/1.1" 304 -
188.165.15.117 - - [10/Jul/2015:03:42:15 -0500] "GET /BLA/resoluciones/index.php?dir=RESOLUCIONES%202014/&sort=name&order=desc HTTP/1.1" 200 208642
74.86.158.107 - - [10/Jul/2015:03:42:26 -0500] "HEAD / HTTP/1.1" 200 -
66.249.79.120 - - [10/Jul/2015:03:42:27 -0500] "GET /BLA/resoluciones/RESOLUCIONES%202009/6886.pdf HTTP/1.1" 200 342353
66.249.79.107 - - [10/Jul/2015:03:42:44 -0500] "GET /BLA/resoluciones/RESOLUCIONES%202009/4361.pdf HTTP/1.1" 304 -
188.165.15.117 - - [10/Jul/2015:03:42:55 -0500] "GET /BLA/resoluciones/RESOLUCIONES%202006/RES%202006%201601-1650/00001601.tif HTTP/1.1" 200 189846
66.249.79.133 - - [10/Jul/2015:03:43:01 -0500] "GET /BLA/resoluciones/RESOLUCIONES%202010/4175.pdf HTTP/1.1" 304 -
66.249.79.133 - - [10/Jul/2015:03:43:17 -0500] "GET /BLA/resoluciones/RESOLUCIONES%202009/9834.pdf HTTP/1.1" 304 -
188.165.15.117 - - [10/Jul/2015:03:43:20 -0500] "GET /BLA/resoluciones/RESOLUCIONES%202004/RES%202004%201201-1250/00001214.tif HTTP/1.1" 200 92396
188.165.15.117 - - [10/Jul/2015:03:43:20 -0500] "GET /BLA/resoluciones/RESOLUCIONES%202006/RES%202006%20151-200/00000158.tif HTTP/1.1" 200 145214
188.165.15.117 - - [10/Jul/2015:03:43:21 -0500] "GET /BLA/resoluciones/AUTOS%202006/AUTOS%202006%202001%20-%202100/00002094.tif HTTP/1.1" 200 56862
66.249.79.133 - - [10/Jul/2015:03:43:34 -0500] "GET /BLA/resoluciones/RESOLUCIONES%202012/1055.pdf HTTP/1.1" 304 -
123.125.71.108 - - [10/Jul/2015:03:43:37 -0500] "GET /galeria/galeria/jquery.fancybox.css?v=2.1.5 HTTP/1.1" 200 4895
66.249.79.107 - - [10/Jul/2015:03:43:51 -0500] "GET /BLA/resoluciones/RESOLUCIONES%202007/RES%202007%202301%20AL%202400/RESOLUCION%202348%20DE%202007.pdf HTTP/1.1" 304 -
220.181.108.153 - - [10/Jul/2015:03:43:54 -0500] "GET /BLA/boletinlegal/js/jquery.scrollTo-min.js HTTP/1.1" 200 1150
66.249.79.120 - - [10/Jul/2015:03:44:08 -0500] "GET /BLA/resoluciones/AUTOS%202013/0829.pdf HTTP/1.1" 304 -
66.249.79.120 - - [10/Jul/2015:03:44:09 -0500] "GET /BLA/resoluciones/RESOLUCIONES%202008/3011.pdf HTTP/1.1" 200 205132
181.131.66.120 - - [10/Jul/2015:03:44:19 -0500] "GET /BLA/boletinlegal/js/jquery.scrollTo-min.js HTTP/1.1" 200 1150
181.131.66.120 - - [10/Jul/2015:03:44:19 -0500] "GET /galeria/galeria/jquery.fancybox.css?v=2.1.5 HTTP/1.1" 200 4895
181.131.66.120 - - [10/Jul/2015:03:44:19 -0500] "GET /BLA/boletinlegal/js/jquery.scrollShow.js HTTP/1.1" 200 4586
181.131.66.120 - - [10/Jul/2015:03:44:19 -0500] "GET /galeria/galeria/jquery.fancybox.js?v=2.1.5 HTTP/1.1" 200 48706
66.249.79.120 - - [10/Jul/2015:03:44:23 -0500] "GET /BLA/resoluciones/AUTOS%202013/0609.pdf HTTP/1.1" 200 1556593
181.131.66.120 - - [10/Jul/2015:03:44:26 -0500] "GET /galeria/galeria/jquery.fancybox.css?v=2.1.5 HTTP/1.1" 304 -
181.131.66.120 - - [10/Jul/2015:03:44:26 -0500] "GET /BLA/boletinlegal/js/jquery.scrollTo-min.js HTTP/1.1" 304 -
181.131.66.120 - - [10/Jul/2015:03:44:26 -0500] "GET /BLA/boletinlegal/js/jquery.scrollShow.js HTTP/1.1" 304 -
181.131.66.120 - - [10/Jul/2015:03:44:26 -0500] "GET /galeria/galeria/jquery.fancybox.js?v=2.1.5 HTTP/1.1" 304 -
66.249.79.120 - - [10/Jul/2015:03:44:27 -0500] "GET /BLA/resoluciones/RESOLUCIONES%202006/RES%202006%201-50/00000048.tif HTTP/1.1" 200 270214
66.249.79.107 - - [10/Jul/2015:03:44:28 -0500] "GET /BLA/resoluciones/RESOLUCIONES%202013/0274.pdf HTTP/1.1" 304 -
66.249.79.133 - - [10/Jul/2015:03:44:42 -0500] "GET /BLA/resoluciones/RESOLUCIONES%202010/7144.pdf HTTP/1.1" 304 -
66.249.79.133 - - [10/Jul/2015:03:44:59 -0500] "GET /BLA/resoluciones/RESOLUCIONES%202007/RES%202007%203801%20AL%203900/RESOLUCION%203859%20DE%202007.pdf HTTP/1.1" 304 -
66.249.79.120 - - [10/Jul/2015:03:45:15 -0500] "GET /BLA/resoluciones/RESOLUCIONES%202011/4416.pdf HTTP/1.1" 304 -
188.165.15.117 - - [10/Jul/2015:03:45:17 -0500] "GET /BLA/resoluciones/RESOLUCIONES%202006/RES%202006%20401-450/00000442.tif HTTP/1.1" 200 126640
157.55.39.204 - - [10/Jul/2015:03:45:32 -0500] "GET /galeria/juegos/rompecabezas/ HTTP/1.1" 200 1108
66.249.79.107 - - [10/Jul/2015:03:45:32 -0500] "GET /BLA/resoluciones/RESOLUCIONES%202010/0053.pdf HTTP/1.1" 304 -
66.249.79.107 - - [10/Jul/2015:03:45:49 -0500] "GET /BLA/resoluciones/RESOLUCIONES%202014/3750.pdf HTTP/1.1" 304 -
188.165.15.117 - - [10/Jul/2015:03:45:55 -0500] "GET /BLA/resoluciones/AUTOS%202006/AUTOS%202006%202701%20-%202800/00002737.tif HTTP/1.1" 200 49426
66.249.79.120 - - [10/Jul/2015:03:46:06 -0500] "GET /BLA/resoluciones/AUTOS%202014/0075.pdf HTTP/1.1" 304 -
66.249.79.133 - - [10/Jul/2015:03:46:23 -0500] "GET /BLA/resoluciones/RESOLUCIONES%202007/RES%202007%202901%20AL%203000/RESOLUCION%202905%20DE%202007.pdf HTTP/1.1" 304 -
66.249.79.133 - - [10/Jul/2015:03:46:40 -0500] "GET /BLA/resoluciones/RESOLUCIONES%202011/0878.pdf HTTP/1.1" 304 -
66.249.79.133 - - [10/Jul/2015:03:46:57 -0500] "GET /BLA/resoluciones/AUTOS%202013/0133.pdf HTTP/1.1" 304 -
66.249.79.133 - - [10/Jul/2015:03:47:13 -0500] "GET /BLA/resoluciones/AUTOS%202013/0550.pdf HTTP/1.1" 304 -
74.86.158.107 - - [10/Jul/2015:03:47:26 -0500] "HEAD / HTTP/1.1" 200 -
188.165.15.117 - - [10/Jul/2015:03:47:28 -0500] "GET /BLA/resoluciones/AUTOS%202006/AUTOS%202006%201501%20-%201600/00001543.tif HTTP/1.1" 200 85324
66.249.79.133 - - [10/Jul/2015:03:47:30 -0500] "GET /BLA/resoluciones/AUTOS%202011/1362.pdf HTTP/1.1" 304 -
66.249.79.107 - - [10/Jul/2015:03:47:47 -0500] "GET /BLA/resoluciones/RESOLUCIONES%202010/6810.pdf HTTP/1.1" 304 -
66.249.79.133 - - [10/Jul/2015:03:47:51 -0500] "GET /BLA/resoluciones/RESOLUCIONES%202009/2979.pdf HTTP/1.1" 200 473393
66.249.79.120 - - [10/Jul/2015:03:48:04 -0500] "GET /BLA/resoluciones/RESOLUCIONES%202013/0120.pdf HTTP/1.1" 304 -
66.249.79.107 - - [10/Jul/2015:03:48:21 -0500] "GET /BLA/resoluciones/RESOLUCIONES%202010/4492.pdf HTTP/1.1" 304 -
66.249.79.107 - - [10/Jul/2015:03:48:38 -0500] "GET /BLA/resoluciones/AUTOS%202014/6904.pdf HTTP/1.1" 304 -
66.249.79.133 - - [10/Jul/2015:03:48:55 -0500] "GET /BLA/resoluciones/RESOLUCIONES%202009/1717.pdf HTTP/1.1" 304 -
188.165.15.117 - - [10/Jul/2015:03:48:55 -0500] "GET /BLA/resoluciones/AUTOS%202006/AUTOS%202006%203301%20-%203418/00003305.tif HTTP/1.1" 200 50494
66.249.79.107 - - [10/Jul/2015:03:49:12 -0500] "GET /BLA/resoluciones/AUTOS%202008/0508.pdf HTTP/1.1" 304 -
66.249.79.133 - - [10/Jul/2015:03:49:19 -0500] "GET /BLA/resoluciones/RESOLUCIONES%202002/RES%202002%201251-1301/20021270.tif HTTP/1.1" 304 -
66.249.79.120 - - [10/Jul/2015:03:49:28 -0500] "GET /BLA/resoluciones/AUTOS%202012/1743.pdf HTTP/1.1" 304 -
66.249.79.133 - - [10/Jul/2015:03:49:45 -0500] "GET /BLA/resoluciones/RESOLUCIONES%202013/0594.pdf HTTP/1.1" 304 -
66.249.79.120 - - [10/Jul/2015:03:49:47 -0500] "GET /BLA/resoluciones/RESOLUCIONES%202009/1318.pdf HTTP/1.1" 200 481535
220.181.108.153 - - [10/Jul/2015:03:50:01 -0500] "GET /galeria/galeria/jquery.fancybox.js?v=2.1.5 HTTP/1.1" 200 48706
66.249.79.133 - - [10/Jul/2015:03:50:02 -0500] "GET /BLA/resoluciones/AUTOS%202011/2368.pdf HTTP/1.1" 304 -
66.249.79.164 - - [10/Jul/2015:03:50:19 -0500] "GET /POT-2013/index.php?dir=memoria%20justificativa/&sort=size&order=desc HTTP/1.1" 200 2483
66.249.79.107 - - [10/Jul/2015:03:50:36 -0500] "GET /BLA/resoluciones/AUTOS%202013/1282.pdf HTTP/1.1" 304 -
188.165.15.117 - - [10/Jul/2015:03:50:38 -0500] "GET /BLA/resoluciones/RESOLUCIONES%202005/RES%202005%202951-3000/00002967.tif HTTP/1.1" 200 437012
66.249.79.107 - - [10/Jul/2015:03:50:53 -0500] "GET /BLA/resoluciones/RESOLUCIONES%202013/0468.pdf HTTP/1.1" 304 -
66.249.79.120 - - [10/Jul/2015:03:51:07 -0500] "GET /BLA/resoluciones/RESOLUCIONES%202009/2305.pdf HTTP/1.1" 200 467577
66.249.79.133 - - [10/Jul/2015:03:51:10 -0500] "GET /autoliquidacion/TR%C3%81MITES%20VERTIMIENTOS/REGISTRO%20DE%20VERTIMIENTOS/LISTA%20DE%20CHEQUEO%20REGISTRO%20DE%20VERTIMIENTOS.xls HTTP/1.1" 304 -
188.165.15.117 - - [10/Jul/2015:03:51:12 -0500] "GET /BLA/resoluciones/RESOLUCIONES%202006/RES%202006%20651-700/00000681.tif HTTP/1.1" 200 252026
66.249.79.107 - - [10/Jul/2015:03:51:26 -0500] "GET /BLA/resoluciones/RESOLUCIONES%202009/7486.pdf HTTP/1.1" 304 -
66.249.79.120 - - [10/Jul/2015:03:51:43 -0500] "GET /BLA/resoluciones/AUTOS%202013/0925.pdf HTTP/1.1" 304 -
188.165.15.117 - - [10/Jul/2015:03:51:44 -0500] "GET /BLA/resoluciones/index.php?dir=RESOLUCIONES%202007/RES%202007%204201%20AL%204300/&sort=name&order=asc HTTP/1.1" 200 26607
66.249.79.107 - - [10/Jul/2015:03:51:47 -0500] "GET /BLA/resoluciones/RESOLUCIONES%202007/RES%202007%202701%20AL%202800/RESOLUCION%202771%20DE%202007.pdf HTTP/1.1" 200 380316
66.249.79.107 - - [10/Jul/2015:03:52:00 -0500] "GET /BLA/resoluciones/AUTOS%202012/1078.pdf HTTP/1.1" 304 -
66.249.79.133 - - [10/Jul/2015:03:52:17 -0500] "GET /BLA/resoluciones/AUTOS%202014/1929.pdf HTTP/1.1" 304 -
188.165.15.117 - - [10/Jul/2015:03:52:20 -0500] "GET /BLA/resoluciones/AUTOS%202006/AUTOS%202006%202101%20-%202200/00002134.tif HTTP/1.1" 200 62646
74.86.158.107 - - [10/Jul/2015:03:52:26 -0500] "HEAD / HTTP/1.1" 200 -
66.249.79.120 - - [10/Jul/2015:03:52:34 -0500] "GET /BLA/resoluciones/AUTOS%202013/0161.pdf HTTP/1.1" 304 -
66.249.79.120 - - [10/Jul/2015:03:52:51 -0500] "GET /BLA/resoluciones/AUTOS%202013/2418.pdf HTTP/1.1" 304 -
188.165.15.117 - - [10/Jul/2015:03:53:04 -0500] "GET /BLA/resoluciones/AUTOS%202006/AUTOS%202006%202301%20-%202400/00002383.tif HTTP/1.1" 200 102318
66.249.79.120 - - [10/Jul/2015:03:53:08 -0500] "GET /BLA/resoluciones/RESOLUCIONES%202010/6085.pdf HTTP/1.1" 304 -
104.154.114.234 - - [10/Jul/2015:03:53:09 -0500] "GET /BLA/boletinlegal/js/jquery.scrollTo-min.js HTTP/1.1" 200 1150
104.154.114.234 - - [10/Jul/2015:03:53:09 -0500] "GET /galeria/galeria/jquery.fancybox.css?v=2.1.5 HTTP/1.1" 200 4895
104.154.114.234 - - [10/Jul/2015:03:53:09 -0500] "GET /BLA/boletinlegal/js/jquery.scrollShow.js HTTP/1.1" 200 4586
104.154.114.234 - - [10/Jul/2015:03:53:09 -0500] "GET /galeria/carrusel/Carrusel/jquery.thumbnailScroller.css HTTP/1.1" 200 2066
104.154.114.234 - - [10/Jul/2015:03:53:09 -0500] "GET /galeria/galeria/jquery.fancybox.js?v=2.1.5 HTTP/1.1" 200 48706
