66.249.79.107 - - [10/Jul/2015:05:20:48 -0500] "GET /BLA/resoluciones/RESOLUCIONES%202011/6971.pdf HTTP/1.1" 304 -
66.249.79.120 - - [10/Jul/2015:05:20:53 -0500] "GET /BLA/resoluciones/RESOLUCIONES%202010/4492.pdf HTTP/1.1" 304 -
66.249.79.120 - - [10/Jul/2015:05:21:05 -0500] "GET /BLA/resoluciones/RESOLUCIONES%202012/0406.pdf HTTP/1.1" 304 -
188.165.15.117 - - [10/Jul/2015:05:21:08 -0500] "GET /BLA/resoluciones/RESOLUCIONES%202003/RES%202003%20551-600/599.tif HTTP/1.1" 200 239012
181.54.102.195 - - [10/Jul/2015:05:21:11 -0500] "GET /galeria/galeria/jquery.fancybox.js?v=2.1.5 HTTP/1.1" 304 -
181.54.102.195 - - [10/Jul/2015:05:21:11 -0500] "GET /BLA/boletinlegal/js/jquery.scrollShow.js HTTP/1.1" 304 -
181.54.102.195 - - [10/Jul/2015:05:21:11 -0500] "GET /BLA/boletinlegal/js/jquery.scrollTo-min.js HTTP/1.1" 304 -
181.54.102.195 - - [10/Jul/2015:05:21:11 -0500] "GET /galeria/galeria/jquery.fancybox.css?v=2.1.5 HTTP/1.1" 304 -
66.249.79.107 - - [10/Jul/2015:05:21:22 -0500] "GET /BLA/resoluciones/RESOLUCIONES%202012/1223.pdf HTTP/1.1" 304 -
220.181.108.113 - - [10/Jul/2015:05:21:36 -0500] "GET /BLA/boletinlegal/js/jquery.scrollShow.js HTTP/1.1" 200 4586
220.181.108.81 - - [10/Jul/2015:05:21:37 -0500] "GET /galeria/galeria/jquery.fancybox.css?v=2.1.5 HTTP/1.1" 200 4895
66.249.79.120 - - [10/Jul/2015:05:21:39 -0500] "GET /BLA/resoluciones/AUTOS%202010/5421.pdf HTTP/1.1" 304 -
66.249.79.107 - - [10/Jul/2015:05:21:56 -0500] "GET /BLA/resoluciones/AUTOS%202009/0730.pdf HTTP/1.1" 304 -
188.165.15.117 - - [10/Jul/2015:05:22:02 -0500] "GET /BLA/resoluciones/RESOLUCIONES%202006/RES%202006%20851-900/00000855.tif HTTP/1.1" 200 98120
66.249.79.107 - - [10/Jul/2015:05:22:13 -0500] "GET /BLA/resoluciones/RESOLUCIONES%202010/2823.pdf HTTP/1.1" 304 -
74.86.158.107 - - [10/Jul/2015:05:22:26 -0500] "HEAD / HTTP/1.1" 200 -
66.249.79.133 - - [10/Jul/2015:05:22:29 -0500] "GET /BLA/resoluciones/RESOLUCIONES%202009/6785.pdf HTTP/1.1" 200 659270
157.55.39.78 - - [10/Jul/2015:05:22:37 -0500] "GET / HTTP/1.1" 200 10190
66.249.79.190 - - [10/Jul/2015:05:22:37 -0500] "GET /videos/SpotCarneSilvestre_HD_Finalparamedios.flv HTTP/1.1" 200 3753092
66.249.79.133 - - [10/Jul/2015:05:22:46 -0500] "GET /BLA/resoluciones/AUTOS%202014/3589.pdf HTTP/1.1" 304 -
66.249.79.120 - - [10/Jul/2015:05:23:03 -0500] "GET /BLA/resoluciones/RESOLUCIONES%202007/RES%202007%201301%20AL%201400/RESOLUCION%201310%20DE%202007.pdf HTTP/1.1" 304 -
66.249.79.133 - - [10/Jul/2015:05:23:20 -0500] "GET /BLA/resoluciones/RESOLUCIONES%202010/6017.pdf HTTP/1.1" 304 -
66.249.79.133 - - [10/Jul/2015:05:23:37 -0500] "GET /BLA/resoluciones/RESOLUCIONES%202009/5179.pdf HTTP/1.1" 304 -
66.249.79.107 - - [10/Jul/2015:05:23:54 -0500] "GET /BLA/resoluciones/AUTOS%202014/5702.pdf HTTP/1.1" 304 -
66.249.79.133 - - [10/Jul/2015:05:24:11 -0500] "GET /BLA/resoluciones/RESOLUCIONES%202007/RES%202007%202401%20AL%202500/RESOLUCION%202419%20DE%202007.pdf HTTP/1.1" 304 -
66.249.79.164 - - [10/Jul/2015:05:24:28 -0500] "GET /Autoliquidacion/index.php?dir=TR%C1MITES%20VERTIMIENTOS/PERMISOS%20DE%20VERTIMIENTOS/&sort=size&order=desc HTTP/1.1" 200 3489
66.249.79.120 - - [10/Jul/2015:05:24:44 -0500] "GET /BLA/resoluciones/RESOLUCIONES%202010/4881.pdf HTTP/1.1" 304 -
66.249.79.120 - - [10/Jul/2015:05:25:01 -0500] "GET /POT-2013/DTS/DTS_20FEB2013_300pm.pdf HTTP/1.1" 304 -
66.249.79.120 - - [10/Jul/2015:05:25:18 -0500] "GET /BLA/resoluciones/AUTOS%202008/3491.pdf HTTP/1.1" 304 -
66.249.79.133 - - [10/Jul/2015:05:25:35 -0500] "GET /BLA/resoluciones/RESOLUCIONES%202010/6439.pdf HTTP/1.1" 304 -
188.165.15.117 - - [10/Jul/2015:05:25:46 -0500] "GET /BLA/resoluciones/RESOLUCIONES%202005/RES%202005%20251-300/00000294.tif HTTP/1.1" 200 128030
66.249.79.133 - - [10/Jul/2015:05:25:52 -0500] "GET /BLA/resoluciones/RESOLUCIONES%202013/0883.pdf HTTP/1.1" 304 -
188.165.15.117 - - [10/Jul/2015:05:26:07 -0500] "GET /BLA/resoluciones/AUTOS%202006/AUTOS%202006%20601-700/00000634.tif HTTP/1.1" 200 58228
66.249.79.120 - - [10/Jul/2015:05:26:09 -0500] "GET /BLA/resoluciones/Notificaciones/AUTOS%202014/5836.doc HTTP/1.1" 304 -
190.248.246.4 - - [10/Jul/2015:05:26:13 -0500] "GET /BLA/boletinlegal/js/jquery.scrollTo-min.js HTTP/1.1" 200 1150
190.248.246.4 - - [10/Jul/2015:05:26:13 -0500] "GET /BLA/boletinlegal/js/jquery.scrollShow.js HTTP/1.1" 200 4586
190.248.246.4 - - [10/Jul/2015:05:26:14 -0500] "GET /galeria/galeria/jquery.fancybox.js?v=2.1.5 HTTP/1.1" 200 48706
190.248.246.4 - - [10/Jul/2015:05:26:14 -0500] "GET /galeria/galeria/jquery.fancybox.css?v=2.1.5 HTTP/1.1" 200 4895
66.249.79.107 - - [10/Jul/2015:05:26:25 -0500] "GET /BLA/resoluciones/RESOLUCIONES%202010/2414.pdf HTTP/1.1" 304 -
190.248.246.4 - - [10/Jul/2015:05:26:28 -0500] "GET /BLA/boletinlegal/js/jquery.scrollTo-min.js HTTP/1.1" 304 -
190.248.246.4 - - [10/Jul/2015:05:26:28 -0500] "GET /BLA/boletinlegal/js/jquery.scrollShow.js HTTP/1.1" 304 -
190.248.246.4 - - [10/Jul/2015:05:26:28 -0500] "GET /galeria/galeria/jquery.fancybox.css?v=2.1.5 HTTP/1.1" 304 -
190.248.246.4 - - [10/Jul/2015:05:26:28 -0500] "GET /galeria/galeria/jquery.fancybox.js?v=2.1.5 HTTP/1.1" 304 -
188.165.15.117 - - [10/Jul/2015:05:26:41 -0500] "GET /BLA/resoluciones/RESOLUCIONES%202005/RES%202005%202651-2700/00002668.tif HTTP/1.1" 200 291072
66.249.79.107 - - [10/Jul/2015:05:26:42 -0500] "GET /BLA/resoluciones/RESOLUCIONES%202013/1223.pdf HTTP/1.1" 304 -
66.249.79.120 - - [10/Jul/2015:05:26:59 -0500] "GET /BLA/circulares/3-2011.pdf HTTP/1.1" 304 -
188.165.15.117 - - [10/Jul/2015:05:27:04 -0500] "GET /BLA/resoluciones/index.php?dir=AUTOS%202006/AUTOS%202006%201001-1100/&sort=size&order=asc HTTP/1.1" 200 21966
66.249.79.133 - - [10/Jul/2015:05:27:06 -0500] "GET /BLA/resoluciones/AUTOS%202013/1077.pdf HTTP/1.1" 304 -
66.249.79.133 - - [10/Jul/2015:05:27:16 -0500] "GET /BLA/resoluciones/RESOLUCIONES%202008/2580.pdf HTTP/1.1" 304 -
180.153.163.210 - - [10/Jul/2015:05:27:20 -0500] "GET / HTTP/1.1" 200 10190
74.86.158.107 - - [10/Jul/2015:05:27:26 -0500] "HEAD / HTTP/1.1" 200 -
66.249.79.133 - - [10/Jul/2015:05:27:33 -0500] "GET /BLA/resoluciones/RESOLUCIONES%202011/0165.pdf HTTP/1.1" 304 -
188.165.15.117 - - [10/Jul/2015:05:27:48 -0500] "GET /BLA/resoluciones/RESOLUCIONES%202004/RES%202004%201001-1050/00001049.tif HTTP/1.1" 200 156754
66.249.79.120 - - [10/Jul/2015:05:27:50 -0500] "GET /BLA/resoluciones/RESOLUCIONES%202011/6409.pdf HTTP/1.1" 304 -
66.249.79.120 - - [10/Jul/2015:05:28:07 -0500] "GET /BLA/resoluciones/AUTOS%202014/6261.pdf HTTP/1.1" 304 -
66.249.79.133 - - [10/Jul/2015:05:28:23 -0500] "GET /BLA/resoluciones/RESOLUCIONES%202013/0936.pdf HTTP/1.1" 304 -
66.249.79.107 - - [10/Jul/2015:05:28:32 -0500] "GET /BLA/resoluciones/RESOLUCIONES%202002/RES%202002%201251-1301/20021258.tif HTTP/1.1" 304 -
66.249.79.133 - - [10/Jul/2015:05:28:40 -0500] "GET /BLA/resoluciones/RESOLUCIONES%202009/0077.pdf HTTP/1.1" 304 -
216.145.54.35 - - [10/Jul/2015:05:28:51 -0500] "GET / HTTP/1.0" 200 10190
66.249.79.120 - - [10/Jul/2015:05:28:57 -0500] "GET /BLA/resoluciones/RESOLUCIONES%202010/6810.pdf HTTP/1.1" 304 -
188.165.15.117 - - [10/Jul/2015:05:29:08 -0500] "GET /BLA/resoluciones/RESOLUCIONES%202003/RES%202003%20101-150/2003RES101.tif HTTP/1.1" 200 167144
66.249.79.107 - - [10/Jul/2015:05:29:14 -0500] "GET /BLA/resoluciones/RESOLUCIONES%202007/RES%202007%203001%20AL%203100/RESOLUCION%203077%20DE%202007.pdf HTTP/1.1" 304 -
188.165.15.117 - - [10/Jul/2015:05:29:23 -0500] "GET /BLA/resoluciones/AUTOS%202006/AUTOS%202006%202801%20-%202900/00002850.tif HTTP/1.1" 200 80098
66.249.79.133 - - [10/Jul/2015:05:29:31 -0500] "GET /BLA/resoluciones/RESOLUCIONES%202014/2004.pdf HTTP/1.1" 304 -
66.249.79.133 - - [10/Jul/2015:05:29:48 -0500] "GET /BLA/resoluciones/AUTOS%202012/1584.pdf HTTP/1.1" 304 -
186.85.126.37 - - [10/Jul/2015:05:30:01 -0500] "GET /BLA/boletinlegal/js/jquery.scrollTo-min.js HTTP/1.1" 200 1150
186.85.126.37 - - [10/Jul/2015:05:30:01 -0500] "GET /galeria/galeria/jquery.fancybox.js?v=2.1.5 HTTP/1.1" 200 48706
186.85.126.37 - - [10/Jul/2015:05:30:01 -0500] "GET /galeria/galeria/jquery.fancybox.css?v=2.1.5 HTTP/1.1" 200 4895
186.85.126.37 - - [10/Jul/2015:05:30:01 -0500] "GET /BLA/boletinlegal/js/jquery.scrollShow.js HTTP/1.1" 200 4586
66.249.79.195 - - [10/Jul/2015:05:30:05 -0500] "GET /prensa-y-documentos-de-interes/ HTTP/1.1" 200 25098
66.249.79.190 - - [10/Jul/2015:05:30:22 -0500] "GET /BLA/ HTTP/1.1" 200 538
66.249.79.133 - - [10/Jul/2015:05:30:38 -0500] "GET /BLA/resoluciones/AUTOS%202014/2220.pdf HTTP/1.1" 304 -
66.249.79.107 - - [10/Jul/2015:05:30:55 -0500] "GET /BLA/resoluciones/RESOLUCIONES%202008/0896.pdf HTTP/1.1" 304 -
180.76.15.157 - - [10/Jul/2015:05:31:00 -0500] "GET /BLA/boletinlegal/Directivas/2011/Directiva%20No.%205%20del%2029%20de%20Agosto%20de%202011.pdf HTTP/1.1" 200 444404
66.249.79.120 - - [10/Jul/2015:05:31:12 -0500] "GET /BLA/directivas/2011/3.pdf HTTP/1.1" 304 -
66.249.79.120 - - [10/Jul/2015:05:31:29 -0500] "GET /BLA/resoluciones/RESOLUCIONES%202007/RES%202007%20101%20AL%20200/RESOLUCION%200108%20%20DE%202007.pdf HTTP/1.1" 304 -
66.249.79.164 - - [10/Jul/2015:05:31:46 -0500] "GET /Autoliquidacion/Grupo%20Forestal%20-%20Industria%20de%20la%20Madera/Solicitud%20Certificaci%C3%B3n.pdf HTTP/1.1" 304 -
66.249.79.120 - - [10/Jul/2015:05:32:03 -0500] "GET /BLA/resoluciones/Notificaciones/AUTOS%202014/3581.doc HTTP/1.1" 304 -
66.249.79.164 - - [10/Jul/2015:05:32:08 -0500] "GET /POT-2013/dlf/styles.css HTTP/1.1" 200 3045
66.249.79.195 - - [10/Jul/2015:05:32:20 -0500] "GET /vivir-la-cumbre/ HTTP/1.1" 200 30913
188.165.15.117 - - [10/Jul/2015:05:32:22 -0500] "GET /BLA/resoluciones/RESOLUCIONES%202003/RES%202003%20701-750/739.tif HTTP/1.1" 200 135348
74.86.158.107 - - [10/Jul/2015:05:32:26 -0500] "HEAD / HTTP/1.1" 200 -
66.249.79.133 - - [10/Jul/2015:05:32:36 -0500] "GET /BLA/resoluciones/RESOLUCIONES%202009/8017.pdf HTTP/1.1" 304 -
188.165.15.117 - - [10/Jul/2015:05:32:44 -0500] "GET /BLA/resoluciones/RESOLUCIONES%202004/RES%202004%201501-1550/00001545.tif HTTP/1.1" 200 119850
66.249.79.107 - - [10/Jul/2015:05:32:53 -0500] "GET /BLA/resoluciones/RESOLUCIONES%202012/0823.pdf HTTP/1.1" 304 -
66.249.79.107 - - [10/Jul/2015:05:33:10 -0500] "GET /BLA/resoluciones/RESOLUCIONES%202011/4569.pdf HTTP/1.1" 304 -
188.165.15.117 - - [10/Jul/2015:05:33:16 -0500] "GET /BLA/resoluciones/RESOLUCIONES%202005/RES%202005%20601-650/00000642.tif HTTP/1.1" 200 228574
66.249.79.107 - - [10/Jul/2015:05:33:27 -0500] "GET /BLA/resoluciones/RESOLUCIONES%202010/5258.pdf HTTP/1.1" 304 -
66.249.79.133 - - [10/Jul/2015:05:33:30 -0500] "GET /BLA/resoluciones/RESOLUCIONES%202010/6690.pdf HTTP/1.1" 304 -
188.165.15.117 - - [10/Jul/2015:05:33:37 -0500] "GET /BLA/resoluciones/RESOLUCIONES%202005/RES%202005%203001-3050/00003008.tif HTTP/1.1" 200 177868
188.165.15.117 - - [10/Jul/2015:05:34:20 -0500] "GET /BLA/resoluciones/RESOLUCIONES%202003/RES%202003%201951-2000/00001960.tif HTTP/1.1" 200 80166
66.249.79.164 - - [10/Jul/2015:05:33:44 -0500] "GET /BLA/boletinlegal/index.php HTTP/1.1" 200 50649
66.249.79.120 - - [10/Jul/2015:05:34:27 -0500] "GET /BLA/resoluciones/RESOLUCIONES%202013/1132.pdf HTTP/1.1" 304 -
66.249.79.195 - - [10/Jul/2015:05:34:28 -0500] "GET /nota-logistica/ HTTP/1.1" 200 23396
66.249.79.133 - - [10/Jul/2015:05:34:34 -0500] "GET /BLA/resoluciones/Resoluciones%202011/6416.pdf HTTP/1.1" 304 -
201.245.192.253 - - [10/Jul/2015:05:34:50 -0500] "GET /galeria/carrusel/Carrusel/jquery.thumbnailScroller.css HTTP/1.1" 200 2066
201.245.192.253 - - [10/Jul/2015:05:34:50 -0500] "GET /galeria/galeria/jquery.fancybox.css?v=2.1.5 HTTP/1.1" 200 4895
201.245.192.253 - - [10/Jul/2015:05:34:50 -0500] "GET /BLA/boletinlegal/js/jquery.scrollTo-min.js HTTP/1.1" 200 1150
201.245.192.253 - - [10/Jul/2015:05:34:50 -0500] "GET /BLA/boletinlegal/js/jquery.scrollShow.js HTTP/1.1" 200 4586
201.245.192.253 - - [10/Jul/2015:05:34:50 -0500] "GET /galeria/galeria/jquery.fancybox.js?v=2.1.5 HTTP/1.1" 200 48706
201.245.192.253 - - [10/Jul/2015:05:34:50 -0500] "GET /galeria/carrusel/Carrusel/jquery-ui-1.8.13.custom.min.js HTTP/1.1" 200 10800
201.245.192.253 - - [10/Jul/2015:05:34:50 -0500] "GET /galeria/carrusel/Carrusel/jquery.thumbnailScroller.js HTTP/1.1" 200 8157
66.249.79.133 - - [10/Jul/2015:05:34:51 -0500] "GET /BLA/resoluciones/RESOLUCIONES%202013/0350.pdf HTTP/1.1" 304 -
201.245.192.253 - - [10/Jul/2015:05:35:02 -0500] "GET /galeria/nivo-slider/demo/demo.html HTTP/1.1" 200 4869
201.245.192.253 - - [10/Jul/2015:05:35:05 -0500] "GET /galeria/nivo-slider/themes/default/default.css HTTP/1.1" 200 1569
201.245.192.253 - - [10/Jul/2015:05:35:05 -0500] "GET /galeria/nivo-slider/themes/pascal/pascal.css HTTP/1.1" 200 2258
201.245.192.253 - - [10/Jul/2015:05:35:05 -0500] "GET /galeria/nivo-slider/themes/orman/orman.css HTTP/1.1" 200 2152
201.245.192.253 - - [10/Jul/2015:05:35:05 -0500] "GET /galeria/nivo-slider/nivo-slider.css HTTP/1.1" 200 1507
201.245.192.253 - - [10/Jul/2015:05:35:05 -0500] "GET /galeria/nivo-slider/demo/style.css HTTP/1.1" 200 2222
201.245.192.253 - - [10/Jul/2015:05:35:05 -0500] "GET /galeria/nivo-slider/demo/scripts/jquery-1.7.1.min.js HTTP/1.1" 200 93868
201.245.192.253 - - [10/Jul/2015:05:35:06 -0500] "GET /galeria/nivo-slider/demo/images/Rendicion-de-cuentas.jpg HTTP/1.1" 200 174889
201.245.192.253 - - [10/Jul/2015:05:35:06 -0500] "GET /galeria/nivo-slider/jquery.nivo.slider.pack.js HTTP/1.1" 200 11561
66.249.79.164 - - [10/Jul/2015:05:35:08 -0500] "GET /BLA/boletinlegal/actas/097-2013.pdf HTTP/1.1" 304 -
201.245.192.253 - - [10/Jul/2015:05:35:08 -0500] "GET /galeria/nivo-slider/demo/images/banner-llantas2.jpg HTTP/1.1" 200 204644
201.245.192.253 - - [10/Jul/2015:05:35:08 -0500] "GET /galeria/nivo-slider/demo/images/VoluntariadoPYBA.jpg HTTP/1.1" 200 40647
201.245.192.253 - - [10/Jul/2015:05:35:08 -0500] "GET /galeria/nivo-slider/demo/images/9Signos.jpg HTTP/1.1" 200 81776
201.245.192.253 - - [10/Jul/2015:05:35:08 -0500] "GET /galeria/nivo-slider/demo/images/Comparendo-ambiental-Banner.jpg HTTP/1.1" 200 83731
201.245.192.253 - - [10/Jul/2015:05:35:08 -0500] "GET /galeria/nivo-slider/demo/images/GAE-banner.jpg HTTP/1.1" 200 97556
201.245.192.253 - - [10/Jul/2015:05:35:09 -0500] "GET /galeria/nivo-slider/demo/images/Banner-encuesta-de-percepscio.jpg HTTP/1.1" 200 201899
201.245.192.253 - - [10/Jul/2015:05:35:10 -0500] "GET /galeria/nivo-slider/demo/images/banner-Pacto-por-la-madera.jpg HTTP/1.1" 200 209966
201.245.192.253 - - [10/Jul/2015:05:35:10 -0500] "GET /galeria/nivo-slider/demo/images/acuerdo_569.jpg HTTP/1.1" 200 62670
201.245.192.253 - - [10/Jul/2015:05:35:11 -0500] "GET /galeria/nivo-slider/demo/images/Licitaciones-proyecto-paramo.jpg HTTP/1.1" 200 221877
201.245.192.253 - - [10/Jul/2015:05:35:11 -0500] "GET /galeria/nivo-slider/demo/images/Banner-decreto1299.jpg HTTP/1.1" 200 182613
201.245.192.253 - - [10/Jul/2015:05:35:12 -0500] "GET /galeria/nivo-slider/demo/images/Banner-Directorio.jpg HTTP/1.1" 200 182068
201.245.192.253 - - [10/Jul/2015:05:35:13 -0500] "GET /galeria/nivo-slider/demo/images/Ruta-vertimientos-01.jpg HTTP/1.1" 200 130151
201.245.192.253 - - [10/Jul/2015:05:35:14 -0500] "GET /galeria/nivo-slider/demo/images/bolsas-06.jpg HTTP/1.1" 200 90982
201.245.192.253 - - [10/Jul/2015:05:35:14 -0500] "GET /galeria/nivo-slider/demo/images/Conoce-los-humedales.jpg HTTP/1.1" 200 294036
201.245.192.253 - - [10/Jul/2015:05:35:14 -0500] "GET /galeria/nivo-slider/demo/images/ecolecta-Dic2014.png HTTP/1.1" 200 288593
201.245.192.253 - - [10/Jul/2015:05:35:14 -0500] "GET /galeria/nivo-slider/demo/images/Banner-Caracol-Africano.jpg HTTP/1.1" 200 331986
201.245.192.253 - - [10/Jul/2015:05:35:17 -0500] "GET /galeria/nivo-slider/demo/images/4Simple_Slider.png HTTP/1.1" 200 11722
201.245.192.253 - - [10/Jul/2015:05:35:20 -0500] "GET /galeria/nivo-slider/themes/default/loading.gif HTTP/1.1" 200 1737
188.165.15.117 - - [10/Jul/2015:05:35:25 -0500] "GET /BLA/resoluciones/RESOLUCIONES%202005/RES%202005%202001-2050/00002044.tif HTTP/1.1" 200 138210
66.249.79.107 - - [10/Jul/2015:05:35:25 -0500] "GET /BLA/resoluciones/RESOLUCIONES%202012/1281.pdf HTTP/1.1" 304 -
201.245.192.253 - - [10/Jul/2015:05:35:26 -0500] "GET /galeria/nivo-slider/themes/default/arrows.png HTTP/1.1" 200 824
201.245.192.253 - - [10/Jul/2015:05:35:27 -0500] "GET /galeria/nivo-slider/themes/default/bullets.png HTTP/1.1" 200 1281
66.249.79.190 - - [10/Jul/2015:05:35:42 -0500] "GET /BLA/boletinlegal/jurisprudencia/analisis/SENTENCIA%20C-703%20DE%202010.xls HTTP/1.1" 304 -
66.249.79.133 - - [10/Jul/2015:05:35:59 -0500] "GET /BLA/resoluciones/AUTOS%202012/1995.pdf HTTP/1.1" 304 -
66.249.79.107 - - [10/Jul/2015:05:36:16 -0500] "GET /BLA/resoluciones/AUTOS%202012/2498.pdf HTTP/1.1" 304 -
188.165.15.117 - - [10/Jul/2015:05:36:24 -0500] "GET /BLA/resoluciones/AUTOS%202006/AUTOS%202006%20901-1000/00000979.tif HTTP/1.1" 200 55170
66.249.79.120 - - [10/Jul/2015:05:36:32 -0500] "GET /Autoliquidacion/TR%C3%81MITES%20AGUAS%20SUPERFICIALES/FORMULARIO%20NACIONAL%20SOLICITUD%20-Concesion%20Aguas%20Superficiales.pdf HTTP/1.1" 304 -
66.249.75.165 - - [10/Jul/2015:05:36:45 -0500] "GET /BLA/resoluciones/RESOLUCIONES%202006/RES%202006%201-50/00000019.tif HTTP/1.1" 200 5550
66.249.79.107 - - [10/Jul/2015:05:36:49 -0500] "GET /BLA/resoluciones/AUTOS%202014/5789.pdf HTTP/1.1" 304 -
66.249.79.164 - - [10/Jul/2015:05:37:06 -0500] "GET /ecodirectorio/files/res/other/search.txt HTTP/1.1" 304 -
188.165.15.117 - - [10/Jul/2015:05:37:12 -0500] "GET /BLA/resoluciones/AUTOS%202006/AUTOS%202006%202101%20-%202200/00002151.tif HTTP/1.1" 200 58518
66.249.79.133 - - [10/Jul/2015:05:37:23 -0500] "GET /BLA/resoluciones/AUTOS%202011/0202.pdf HTTP/1.1" 304 -
74.86.158.107 - - [10/Jul/2015:05:37:26 -0500] "HEAD / HTTP/1.1" 200 -
66.249.79.120 - - [10/Jul/2015:05:37:40 -0500] "GET /BLA/resoluciones/RESOLUCIONES%202013/0848.pdf HTTP/1.1" 304 -
66.249.79.120 - - [10/Jul/2015:05:37:57 -0500] "GET /BLA/resoluciones/RESOLUCIONES%202011/5904.pdf HTTP/1.1" 304 -
66.249.79.164 - - [10/Jul/2015:05:38:02 -0500] "GET /htdocs/counter/digits/rock/ HTTP/1.1" 404 1019
66.249.79.120 - - [10/Jul/2015:05:38:41 -0500] "GET /BLA/resoluciones/AUTOS%202014/4394.pdf HTTP/1.1" 304 -
66.249.79.107 - - [10/Jul/2015:05:38:47 -0500] "GET /BLA/resoluciones/RESOLUCIONES%202010/0238.pdf HTTP/1.1" 304 -
66.249.79.120 - - [10/Jul/2015:05:39:04 -0500] "GET /BLA/resoluciones/RESOLUCIONES%202007/RES%202007%202301%20AL%202400/RESOLUCION%202349%20DE%202007.pdf HTTP/1.1" 304 -
180.76.15.23 - - [10/Jul/2015:05:39:16 -0500] "GET / HTTP/1.1" 200 10190
66.249.79.133 - - [10/Jul/2015:05:39:21 -0500] "GET /BLA/resoluciones/AUTOS%202012/0322.pdf HTTP/1.1" 304 -
66.249.79.120 - - [10/Jul/2015:05:39:38 -0500] "GET /BLA/resoluciones/AUTOS%202013/1079.pdf HTTP/1.1" 304 -
66.249.79.120 - - [10/Jul/2015:05:39:55 -0500] "GET /BLA/resoluciones/RESOLUCIONES%202010/7206.pdf HTTP/1.1" 304 -
66.249.79.133 - - [10/Jul/2015:05:40:05 -0500] "GET /BLA/resoluciones/RESOLUCIONES%202013/2596.pdf HTTP/1.1" 304 -
123.125.71.69 - - [10/Jul/2015:05:40:07 -0500] "GET /BLA/boletinlegal/js/jquery.scrollShow.js HTTP/1.1" 200 4586
123.125.71.36 - - [10/Jul/2015:05:40:09 -0500] "GET /galeria/galeria/jquery.fancybox.css?v=2.1.5 HTTP/1.1" 200 4895
180.76.15.26 - - [10/Jul/2015:05:40:11 -0500] "GET / HTTP/1.1" 200 10190
66.249.79.120 - - [10/Jul/2015:05:40:12 -0500] "GET /BLA/resoluciones/RESOLUCIONES%202009/6310.pdf HTTP/1.1" 304 -
123.125.71.102 - - [10/Jul/2015:05:40:23 -0500] "GET /galeria/galeria/jquery.fancybox.js?v=2.1.5 HTTP/1.1" 200 48706
66.249.79.120 - - [10/Jul/2015:05:40:29 -0500] "GET /BLA/resoluciones/RESOLUCIONES%202007/RES%202007%202201%20AL%202300/RESOLUCION%202297%20DE%202007.pdf HTTP/1.1" 304 -
66.249.79.133 - - [10/Jul/2015:05:40:45 -0500] "GET /BLA/resoluciones/AUTOS%202008/2710.pdf HTTP/1.1" 200 99384
66.249.79.107 - - [10/Jul/2015:05:41:02 -0500] "GET /BLA/resoluciones/RESOLUCIONES%202007/RES%202007%201001%20AL%201100/RESOLUCION%201006%20DE%202007.pdf HTTP/1.1" 304 -
66.249.79.107 - - [10/Jul/2015:05:41:19 -0500] "GET /BLA/resoluciones/RESOLUCIONES%202007/RES%202007%201501%20AL%201600/RESOLUCION%201596%20DE%202007.pdf HTTP/1.1" 304 -
186.30.168.118 - - [10/Jul/2015:05:41:26 -0500] "GET /galeria/galeria/jquery.fancybox.css?v=2.1.5 HTTP/1.1" 200 4895
186.30.168.118 - - [10/Jul/2015:05:41:26 -0500] "GET /BLA/boletinlegal/js/jquery.scrollTo-min.js HTTP/1.1" 200 1150
186.30.168.118 - - [10/Jul/2015:05:41:26 -0500] "GET /BLA/boletinlegal/js/jquery.scrollShow.js HTTP/1.1" 200 4586
186.30.168.118 - - [10/Jul/2015:05:41:26 -0500] "GET /galeria/galeria/jquery.fancybox.js?v=2.1.5 HTTP/1.1" 200 48706
66.249.79.120 - - [10/Jul/2015:05:41:36 -0500] "GET /BLA/resoluciones/RESOLUCIONES%202007/RES%202007%202201%20AL%202300/RESOLUCION%202228%20DE%202007.pdf HTTP/1.1" 304 -
66.249.79.107 - - [10/Jul/2015:05:41:38 -0500] "GET /BLA/resoluciones/RESOLUCIONES%202014/1570.pdf HTTP/1.1" 304 -
186.30.168.118 - - [10/Jul/2015:05:41:41 -0500] "GET /galeria/galeria/jquery.fancybox.css?v=2.1.5 HTTP/1.1" 304 -
186.30.168.118 - - [10/Jul/2015:05:41:41 -0500] "GET /BLA/boletinlegal/js/jquery.scrollTo-min.js HTTP/1.1" 304 -
186.30.168.118 - - [10/Jul/2015:05:41:41 -0500] "GET /BLA/boletinlegal/js/jquery.scrollShow.js HTTP/1.1" 304 -
186.30.168.118 - - [10/Jul/2015:05:41:41 -0500] "GET /galeria/galeria/jquery.fancybox.js?v=2.1.5 HTTP/1.1" 304 -
66.249.79.133 - - [10/Jul/2015:05:41:53 -0500] "GET /BLA/resoluciones/RESOLUCIONES%202013/0817.pdf HTTP/1.1" 304 -
188.165.15.117 - - [10/Jul/2015:05:41:58 -0500] "GET /BLA/resoluciones/RESOLUCIONES%202002/RES%202002%201051-1100/00001086.tif HTTP/1.1" 200 70372
66.249.79.133 - - [10/Jul/2015:05:42:10 -0500] "GET /BLA/resoluciones/RESOLUCIONES%202007/RES%202007%203501%20AL%203600/RESOLUCION%203559%20DE%202007.pdf HTTP/1.1" 200 25453
74.86.158.107 - - [10/Jul/2015:05:42:26 -0500] "HEAD / HTTP/1.1" 200 -
66.249.79.133 - - [10/Jul/2015:05:42:27 -0500] "GET /BLA/resoluciones/AUTOS%202013/1874.pdf HTTP/1.1" 304 -
66.249.79.133 - - [10/Jul/2015:05:42:42 -0500] "GET /BLA/resoluciones/RESOLUCIONES%202002/RES%202002%20151-200/2002RES169.tif HTTP/1.1" 304 -
66.249.79.133 - - [10/Jul/2015:05:42:43 -0500] "GET /BLA/resoluciones/Notificaciones/REGISTROS%202014/00934.doc HTTP/1.1" 304 -
66.249.79.107 - - [10/Jul/2015:05:43:00 -0500] "GET /BLA/resoluciones/AUTOS%202014/3568.pdf HTTP/1.1" 304 -
188.165.15.117 - - [10/Jul/2015:05:43:04 -0500] "GET /BLA/resoluciones/RESOLUCIONES%202006/RES%202006%20151-200/00000163.tif HTTP/1.1" 200 122242
66.249.79.120 - - [10/Jul/2015:05:43:17 -0500] "GET /BLA/resoluciones/Notificaciones/AUTOS%202014/4048.doc HTTP/1.1" 304 -
46.165.197.141 - - [10/Jul/2015:05:43:25 -0500] "GET /robots.txt HTTP/1.0" 404 1019
46.165.197.141 - - [10/Jul/2015:05:43:26 -0500] "GET /Anexos%20estudio%20Organizacional%20SDA/ANEXO%20No.%201-%20NORMAS%20LEGALES%20DE%20ESTRUCTURA%20Y%20PLANTA/Acuerdo%209%20de%201990%20Concejo%20de%20Bogot%C3%A1..htm HTTP/1.0" 200 34207
46.165.197.141 - - [10/Jul/2015:05:43:33 -0500] "GET /Autoliquidacion/Grupo%20Forestal%20-%20Silvicultura/Solicitud%20y%20lista%20de%20chequeo%20Evaluaci%C3%B3n%20Silvicultural.xlsx HTTP/1.0" 200 100649
66.249.79.107 - - [10/Jul/2015:05:43:34 -0500] "GET /BLA/resoluciones/RESOLUCIONES%202011/1665.pdf HTTP/1.1" 304 -
46.165.197.141 - - [10/Jul/2015:05:43:34 -0500] "GET /PORTAL_SIAC/swf/?C=D;O=D HTTP/1.0" 200 6173
46.165.197.141 - - [10/Jul/2015:05:43:37 -0500] "GET /PORTAL_SIAC/swf/?C=M;O=D HTTP/1.0" 200 6173
66.249.79.120 - - [10/Jul/2015:05:43:51 -0500] "GET /BLA/resoluciones/RESOLUCIONES%202009/1906.pdf HTTP/1.1" 304 -
46.165.197.141 - - [10/Jul/2015:05:43:52 -0500] "GET /PORTAL_SIAC/swf/?C=N;O=A HTTP/1.0" 200 6173
46.165.197.141 - - [10/Jul/2015:05:44:05 -0500] "GET /PORTAL_SIAC/swf/?C=S;O=D HTTP/1.0" 200 6173
46.165.197.141 - - [10/Jul/2015:05:44:07 -0500] "GET /PORTAL_SIAC/swf/videos/?C=D;O=D HTTP/1.0" 200 13066
66.249.79.107 - - [10/Jul/2015:05:44:08 -0500] "GET /BLA/resoluciones/RESOLUCIONES%202009/9413.pdf HTTP/1.1" 304 -
46.165.197.141 - - [10/Jul/2015:05:44:24 -0500] "GET /PORTAL_SIAC/swf/videos/?C=M;O=D HTTP/1.0" 200 13066
66.249.79.107 - - [10/Jul/2015:05:44:25 -0500] "GET /BLA/resoluciones/RESOLUCIONES%202009/5107.pdf HTTP/1.1" 304 -
46.165.197.141 - - [10/Jul/2015:05:44:26 -0500] "GET /PORTAL_SIAC/swf/videos/?C=N;O=A HTTP/1.0" 200 13066
46.165.197.141 - - [10/Jul/2015:05:44:40 -0500] "GET /PORTAL_SIAC/swf/videos/?C=S;O=D HTTP/1.0" 200 13066
66.249.79.133 - - [10/Jul/2015:05:44:41 -0500] "GET /BLA/resoluciones/RESOLUCIONES%202007/RES%202007%202101%20AL%202200/RESOLUCION%202178%20DE%202007.pdf HTTP/1.1" 304 -
46.165.197.141 - - [10/Jul/2015:05:44:42 -0500] "GET /PORTAL_SIAC/swf/videos/abuelitos.flv HTTP/1.0" 200 5086588
66.249.79.120 - - [10/Jul/2015:05:44:58 -0500] "GET /POT-2013/memoria%20justificativa/Memoria_Justificativa.pdf HTTP/1.1" 200 2916360
188.165.15.117 - - [10/Jul/2015:05:45:02 -0500] "GET /BLA/resoluciones/RESOLUCIONES%202004/RES%202004%202201-2250/00002238.tif HTTP/1.1" 200 197816
66.249.79.133 - - [10/Jul/2015:05:45:15 -0500] "GET /BLA/resoluciones/RESOLUCIONES%202010/0242.pdf HTTP/1.1" 304 -
188.165.15.117 - - [10/Jul/2015:05:45:25 -0500] "GET /BLA/resoluciones/RESOLUCIONES%202004/RES%202004%20851-900/00000875.tif HTTP/1.1" 200 95580
46.165.197.141 - - [10/Jul/2015:05:45:25 -0500] "GET /PruebasSTORM/StormSDA_pruebas/forms/?C=D;O=D HTTP/1.0" 200 3538
46.165.197.141 - - [10/Jul/2015:05:45:28 -0500] "GET /PruebasSTORM/StormSDA_pruebas/forms/?C=M;O=D HTTP/1.0" 200 3538
66.249.79.133 - - [10/Jul/2015:05:45:32 -0500] "GET /BLA/resoluciones/RESOLUCIONES%202008/4814.pdf HTTP/1.1" 200 255188
188.165.15.117 - - [10/Jul/2015:05:45:26 -0500] "GET /BLA/resoluciones/index.php?dir=AUTOS%202014/&sort=name&order=desc HTTP/1.1" 200 416271
46.165.197.141 - - [10/Jul/2015:05:45:41 -0500] "GET /PruebasSTORM/StormSDA_pruebas/lib/?C=D;O=D HTTP/1.0" 200 6445
66.249.79.107 - - [10/Jul/2015:05:45:49 -0500] "GET /BLA/resoluciones/AUTOS%202013/0146.pdf HTTP/1.1" 304 -
46.165.197.141 - - [10/Jul/2015:05:45:49 -0500] "GET /PruebasSTORM/StormSDA_pruebas/lib/?C=M;O=D HTTP/1.0" 200 6445
46.165.197.141 - - [10/Jul/2015:05:45:51 -0500] "GET /PruebasSTORM/StormSDA_pruebas/lib/?C=N;O=A HTTP/1.0" 200 6445
46.165.197.141 - - [10/Jul/2015:05:45:53 -0500] "GET /PruebasSTORM/StormSDA_pruebas/lib/?C=S;O=D HTTP/1.0" 200 6445
46.165.197.141 - - [10/Jul/2015:05:45:55 -0500] "GET /PruebasSTORM/StormSDA_pruebas/lib/win32/?C=D;O=A HTTP/1.0" 200 1266
46.165.197.141 - - [10/Jul/2015:05:45:56 -0500] "GET /PruebasSTORM/StormSDA_pruebas/lib/win32/?C=M;O=A HTTP/1.0" 200 1266
46.165.197.141 - - [10/Jul/2015:05:45:58 -0500] "GET /PruebasSTORM/StormSDA_pruebas/lib/win32/?C=N;O=D HTTP/1.0" 200 1266
46.165.197.141 - - [10/Jul/2015:05:46:00 -0500] "GET /PruebasSTORM/StormSDA_pruebas/lib/win32/?C=S;O=A HTTP/1.0" 200 1266
46.165.197.141 - - [10/Jul/2015:05:46:01 -0500] "GET /PruebasSTORM/StormSDA_pruebas/lib/win32/jdic.jar HTTP/1.0" 200 82996
46.165.197.141 - - [10/Jul/2015:05:46:00 -0500] "GET /PORTAL_SIAC/swf/videos/premio_agua.flv HTTP/1.0" 200 20131195
46.165.197.141 - - [10/Jul/2015:05:46:03 -0500] "GET /PruebasSTORM/StormSDA_pruebas/lib/win32/jdic_native.jar HTTP/1.0" 200 158802
66.249.79.107 - - [10/Jul/2015:05:46:06 -0500] "GET /BLA/resoluciones/RESOLUCIONES%202014/1893.pdf HTTP/1.1" 304 -
46.165.197.141 - - [10/Jul/2015:05:46:08 -0500] "GET /PruebasSTORM/StormSDA_pruebas/stormWeb/img/?C=D;O=A HTTP/1.0" 200 2988
46.165.197.141 - - [10/Jul/2015:05:46:10 -0500] "GET /PruebasSTORM/StormSDA_pruebas/stormWeb/img/?C=M;O=A HTTP/1.0" 200 2988
220.181.108.102 - - [10/Jul/2015:05:46:11 -0500] "GET /BLA/boletinlegal/js/jquery.scrollTo-min.js HTTP/1.1" 200 1150
46.165.197.141 - - [10/Jul/2015:05:46:11 -0500] "GET /PruebasSTORM/StormSDA_pruebas/stormWeb/img/?C=N;O=D HTTP/1.0" 200 2988
66.249.79.107 - - [10/Jul/2015:05:46:23 -0500] "GET /BLA/resoluciones/RESOLUCIONES%202010/5799.pdf HTTP/1.1" 304 -
46.165.197.141 - - [10/Jul/2015:05:46:24 -0500] "GET /PruebasSTORM/StormSDA_pruebas/stormWeb/img/?C=S;O=A HTTP/1.0" 200 2988
66.249.79.120 - - [10/Jul/2015:05:46:40 -0500] "GET /BLA/resoluciones/RESOLUCIONES%202008/0026.pdf HTTP/1.1" 304 -
66.249.79.120 - - [10/Jul/2015:05:46:56 -0500] "GET /BLA/resoluciones/AUTOS%202007/0969.pdf HTTP/1.1" 304 -
46.165.197.141 - - [10/Jul/2015:05:47:09 -0500] "GET /PruebasSTORM/StormSDA_pruebas/stormWeb/img/index.jsp HTTP/1.0" 200 16876
46.165.197.141 - - [10/Jul/2015:05:47:11 -0500] "GET /PruebasSTORM/StormSDA_pruebas/userFiles/user_files/1/ HTTP/1.0" 200 1754
66.249.79.120 - - [10/Jul/2015:05:47:13 -0500] "GET /BLA/resoluciones/AUTOS%202013/2008.pdf HTTP/1.1" 304 -
46.165.197.141 - - [10/Jul/2015:05:47:23 -0500] "GET /PruebasSTORM/StormSDA_pruebas/userFiles/user_files/85/ HTTP/1.0" 200 1756
46.165.197.141 - - [10/Jul/2015:05:47:25 -0500] "GET /PruebasSTORM/StormSDA_pruebas/userFiles/user_files/86/ HTTP/1.0" 200 1756
74.86.158.107 - - [10/Jul/2015:05:47:26 -0500] "HEAD / HTTP/1.1" 200 -
46.165.197.141 - - [10/Jul/2015:05:47:26 -0500] "GET /PruebasSTORM/StormSDA_pruebas/userFiles/user_files/87/ HTTP/1.0" 200 1756
66.249.79.120 - - [10/Jul/2015:05:47:30 -0500] "GET /BLA/resoluciones/AUTOS%202013/1133.pdf HTTP/1.1" 304 -
46.165.197.141 - - [10/Jul/2015:05:47:38 -0500] "GET /PruebasSTORM/StormSDA_pruebas/userFiles/user_files/88/ HTTP/1.0" 200 1756
46.165.197.141 - - [10/Jul/2015:05:47:41 -0500] "GET /PruebasSTORM/StormSDA_pruebas/userFiles/user_files/89/ HTTP/1.0" 200 1756
66.249.79.133 - - [10/Jul/2015:05:47:47 -0500] "GET /BLA/resoluciones/RESOLUCIONES%202010/2591.pdf HTTP/1.1" 304 -
46.165.197.141 - - [10/Jul/2015:05:47:52 -0500] "GET /PruebasSTORM/StormSDA_pruebas/userFiles/user_files/90/ HTTP/1.0" 200 1756
46.165.197.141 - - [10/Jul/2015:05:47:54 -0500] "GET /PruebasSTORM/StormSDA_pruebas/userFiles/user_files/91/ HTTP/1.0" 200 1756
66.249.79.190 - - [10/Jul/2015:05:48:01 -0500] "GET /videos/ambiente-ciudad/ HTTP/1.1" 200 2475
66.249.79.107 - - [10/Jul/2015:05:48:04 -0500] "GET /BLA/resoluciones/RESOLUCIONES%202010/5803.pdf HTTP/1.1" 304 -
46.165.197.141 - - [10/Jul/2015:05:48:05 -0500] "GET /PruebasSTORM/StormSDA_pruebas/userFiles/user_files/92/ HTTP/1.0" 200 1756
46.165.197.141 - - [10/Jul/2015:05:48:06 -0500] "GET /PruebasSTORM/StormSDA_pruebas/userFiles/user_files/93/ HTTP/1.0" 200 1756
46.165.197.141 - - [10/Jul/2015:05:48:08 -0500] "GET /PruebasSTORM/StormSDA_pruebas/userFiles/user_files/94/ HTTP/1.0" 200 1756
46.165.197.141 - - [10/Jul/2015:05:48:10 -0500] "GET /PruebasSTORM/StormSDA_pruebas/userFiles/user_files/95/ HTTP/1.0" 200 1756
46.165.197.141 - - [10/Jul/2015:05:48:20 -0500] "GET /PruebasSTORM/StormSDA_pruebas/userFiles/user_files/96/ HTTP/1.0" 200 1756
66.249.79.107 - - [10/Jul/2015:05:48:21 -0500] "GET /BLA/resoluciones/AUTOS%202011/1968.pdf HTTP/1.1" 304 -
46.165.197.141 - - [10/Jul/2015:05:48:21 -0500] "GET /PruebasSTORM/StormSDA_pruebas/userFiles/user_files/97/ HTTP/1.0" 200 1756
46.165.197.141 - - [10/Jul/2015:05:48:23 -0500] "GET /PruebasSTORM/StormSDA_pruebas/userFiles/user_files/98/ HTTP/1.0" 200 1756
46.165.197.141 - - [10/Jul/2015:05:48:33 -0500] "GET /PruebasSTORM/StormSDA_pruebas/userFiles/user_files/?C=D;O=A HTTP/1.0" 200 5906
46.165.197.141 - - [10/Jul/2015:05:48:35 -0500] "GET /PruebasSTORM/StormSDA_pruebas/userFiles/user_files/?C=M;O=A HTTP/1.0" 200 5906
66.249.79.133 - - [10/Jul/2015:05:48:37 -0500] "GET /BLA/resoluciones/RESOLUCIONES%202010/7461.pdf HTTP/1.1" 200 68265
46.165.197.141 - - [10/Jul/2015:05:48:37 -0500] "GET /PruebasSTORM/StormSDA_pruebas/userFiles/user_files/?C=N;O=D HTTP/1.0" 200 5906
46.165.197.141 - - [10/Jul/2015:05:48:40 -0500] "GET /PruebasSTORM/StormSDA_pruebas/userFiles/user_files/?C=S;O=A HTTP/1.0" 200 5906
46.165.197.141 - - [10/Jul/2015:05:48:42 -0500] "GET /PruebasSTORM/StormSDA_pruebas/userFiles/user_files/Str_Informe.xml HTTP/1.0" 200 3309
46.165.197.141 - - [10/Jul/2015:05:48:50 -0500] "GET /PruebasSTORM/StormSDA_pruebas/userFiles/user_files/listas/ HTTP/1.0" 200 49942
46.165.197.141 - - [10/Jul/2015:05:48:52 -0500] "GET /PruebasSTORM/StormSDA_pruebas/userFiles/user_files/str_areas.xml HTTP/1.0" 200 1056
46.165.197.141 - - [10/Jul/2015:05:48:54 -0500] "GET /PruebasSTORM/StormSDA_pruebas/userFiles/user_files/str_entidad.xml HTTP/1.0" 200 60919
66.249.79.107 - - [10/Jul/2015:05:48:54 -0500] "GET /BLA/resoluciones/AUTOS%202011/3759.pdf HTTP/1.1" 200 155873
46.165.197.141 - - [10/Jul/2015:05:48:57 -0500] "GET /PruebasSTORM/StormSDA_pruebas/userFiles/user_files/str_expresiones.xml HTTP/1.0" 200 1592
46.165.197.141 - - [10/Jul/2015:05:48:58 -0500] "GET /PruebasSTORM/StormSDA_pruebas/userFiles/user_files/str_moneda.xml HTTP/1.0" 200 327
46.165.197.141 - - [10/Jul/2015:05:49:00 -0500] "GET /PruebasSTORM/StormSDA_pruebas/userFiles/user_files/str_periodicidad.xml HTTP/1.0" 200 518
46.165.197.141 - - [10/Jul/2015:05:49:02 -0500] "GET /StormSDA/userFiles%20-%20Copy%2019-07-2012/user_files/1/?C=D;O=D HTTP/1.0" 200 1751
46.165.197.141 - - [10/Jul/2015:05:49:07 -0500] "GET /StormSDA/userFiles%20-%20Copy%2019-07-2012/user_files/1/?C=M;O=D HTTP/1.0" 200 1751
46.165.197.141 - - [10/Jul/2015:05:49:08 -0500] "GET /StormSDA/userFiles%20-%20Copy%2019-07-2012/user_files/1/?C=N;O=A HTTP/1.0" 200 1751
46.165.197.141 - - [10/Jul/2015:05:49:10 -0500] "GET /StormSDA/userFiles%20-%20Copy%2019-07-2012/user_files/1/?C=S;O=D HTTP/1.0" 200 1751
66.249.79.177 - - [10/Jul/2015:05:49:11 -0500] "GET /POT-2013/Cartografia/32_Altura%20para%20c%C3%A1lculo%20de%20edificabilidad%20predominante%20y%20aisl.pdf HTTP/1.1" 304 -
46.165.197.141 - - [10/Jul/2015:05:49:21 -0500] "GET /StormSDA/userFiles%20-%20Copy%2019-07-2012/user_files/88/?C=D;O=D HTTP/1.0" 200 877
46.165.197.141 - - [10/Jul/2015:05:49:25 -0500] "GET /StormSDA/userFiles%20-%20Copy%2019-07-2012/user_files/88/?C=N;O=A HTTP/1.0" 200 877
46.165.197.141 - - [10/Jul/2015:05:49:27 -0500] "GET /StormSDA/userFiles%20-%20Copy%2019-07-2012/user_files/88/?C=S;O=D HTTP/1.0" 200 877
66.249.79.107 - - [10/Jul/2015:05:49:28 -0500] "GET /BLA/resoluciones/RESOLUCIONES%202010/6000.pdf HTTP/1.1" 304 -
46.165.197.141 - - [10/Jul/2015:05:49:29 -0500] "GET /StormSDA/userFiles%20-%20Copy%2019-07-2012/user_files/89/?C=D;O=D HTTP/1.0" 200 877
46.165.197.141 - - [10/Jul/2015:05:49:31 -0500] "GET /StormSDA/userFiles%20-%20Copy%2019-07-2012/user_files/89/?C=M;O=D HTTP/1.0" 200 877
46.165.197.141 - - [10/Jul/2015:05:49:33 -0500] "GET /StormSDA/userFiles%20-%20Copy%2019-07-2012/user_files/89/?C=N;O=A HTTP/1.0" 200 877
46.165.197.141 - - [10/Jul/2015:05:49:35 -0500] "GET /StormSDA/userFiles%20-%20Copy%2019-07-2012/user_files/89/?C=S;O=D HTTP/1.0" 200 877
46.165.197.141 - - [10/Jul/2015:05:49:36 -0500] "GET /StormSDA/userFiles%20-%20Copy%2019-07-2012/user_files/90/?C=D;O=D HTTP/1.0" 200 877
207.46.13.49 - - [10/Jul/2015:05:49:38 -0500] "GET /autoliquidacion HTTP/1.1" 301 310
46.165.197.141 - - [10/Jul/2015:05:49:38 -0500] "GET /StormSDA/userFiles%20-%20Copy%2019-07-2012/user_files/90/?C=M;O=D HTTP/1.0" 200 877
46.165.197.141 - - [10/Jul/2015:05:49:40 -0500] "GET /StormSDA/userFiles%20-%20Copy%2019-07-2012/user_files/90/?C=N;O=A HTTP/1.0" 200 877
46.165.197.141 - - [10/Jul/2015:05:49:41 -0500] "GET /StormSDA/userFiles%20-%20Copy%2019-07-2012/user_files/90/?C=S;O=D HTTP/1.0" 200 877
207.46.13.49 - - [10/Jul/2015:05:49:42 -0500] "GET /autoliquidacion/ HTTP/1.1" 200 6375
46.165.197.141 - - [10/Jul/2015:05:49:43 -0500] "GET /StormSDA/userFiles%20-%20Copy%2019-07-2012/user_files/91/?C=D;O=D HTTP/1.0" 200 877
46.165.197.141 - - [10/Jul/2015:05:49:44 -0500] "GET /StormSDA/userFiles%20-%20Copy%2019-07-2012/user_files/91/?C=M;O=D HTTP/1.0" 200 877
66.249.79.107 - - [10/Jul/2015:05:49:45 -0500] "GET /autoliquidacion/Solicitud%20de%20expedici%C3%B3n%20de%20certificados%20de%20estado%20de%20conservaci%C3%B3n%20ambiental%20(CECA)/FORMULARIO%20DE%20SOLICITUD%20DE%20CECA.pdf HTTP/1.1" 304 -
46.165.197.141 - - [10/Jul/2015:05:49:46 -0500] "GET /StormSDA/userFiles%20-%20Copy%2019-07-2012/user_files/91/?C=N;O=A HTTP/1.0" 200 877
188.165.15.117 - - [10/Jul/2015:05:49:47 -0500] "GET /BLA/resoluciones/AUTOS%202006/AUTOS%202006%201601%20-%201700/00001626.tif HTTP/1.1" 200 163234
46.165.197.141 - - [10/Jul/2015:05:49:48 -0500] "GET /StormSDA/userFiles%20-%20Copy%2019-07-2012/user_files/91/?C=S;O=D HTTP/1.0" 200 877
46.165.197.141 - - [10/Jul/2015:05:49:50 -0500] "GET /StormSDA/userFiles%20-%20Copy%2019-07-2012/user_files/92/?C=D;O=D HTTP/1.0" 200 877
46.165.197.141 - - [10/Jul/2015:05:49:51 -0500] "GET /StormSDA/userFiles%20-%20Copy%2019-07-2012/user_files/92/?C=M;O=D HTTP/1.0" 200 877
46.165.197.141 - - [10/Jul/2015:05:49:53 -0500] "GET /StormSDA/userFiles%20-%20Copy%2019-07-2012/user_files/92/?C=N;O=A HTTP/1.0" 200 877
46.165.197.141 - - [10/Jul/2015:05:49:55 -0500] "GET /StormSDA/userFiles%20-%20Copy%2019-07-2012/user_files/92/?C=S;O=D HTTP/1.0" 200 877
46.165.197.141 - - [10/Jul/2015:05:49:56 -0500] "GET /StormSDA/userFiles%20-%20Copy%2019-07-2012/user_files/93/?C=D;O=D HTTP/1.0" 200 877
46.165.197.141 - - [10/Jul/2015:05:49:58 -0500] "GET /StormSDA/userFiles%20-%20Copy%2019-07-2012/user_files/93/?C=M;O=D HTTP/1.0" 200 877
46.165.197.141 - - [10/Jul/2015:05:49:59 -0500] "GET /StormSDA/userFiles%20-%20Copy%2019-07-2012/user_files/93/?C=N;O=A HTTP/1.0" 200 877
46.165.197.141 - - [10/Jul/2015:05:50:01 -0500] "GET /StormSDA/userFiles%20-%20Copy%2019-07-2012/user_files/93/?C=S;O=D HTTP/1.0" 200 877
66.249.79.133 - - [10/Jul/2015:05:50:02 -0500] "GET /BLA/resoluciones/RESOLUCIONES%202012/0195.pdf HTTP/1.1" 304 -
46.165.197.141 - - [10/Jul/2015:05:50:03 -0500] "GET /StormSDA/userFiles%20-%20Copy%2019-07-2012/user_files/94/?C=D;O=D HTTP/1.0" 200 877
46.165.197.141 - - [10/Jul/2015:05:50:05 -0500] "GET /StormSDA/userFiles%20-%20Copy%2019-07-2012/user_files/94/?C=M;O=D HTTP/1.0" 200 877
46.165.197.141 - - [10/Jul/2015:05:50:06 -0500] "GET /StormSDA/userFiles%20-%20Copy%2019-07-2012/user_files/94/?C=N;O=A HTTP/1.0" 200 877
46.165.197.141 - - [10/Jul/2015:05:50:08 -0500] "GET /StormSDA/userFiles%20-%20Copy%2019-07-2012/user_files/94/?C=S;O=D HTTP/1.0" 200 877
46.165.197.141 - - [10/Jul/2015:05:50:10 -0500] "GET /StormSDA/userFiles%20-%20Copy%2019-07-2012/user_files/95/?C=D;O=D HTTP/1.0" 200 877
46.165.197.141 - - [10/Jul/2015:05:50:11 -0500] "GET /StormSDA/userFiles%20-%20Copy%2019-07-2012/user_files/95/?C=M;O=D HTTP/1.0" 200 877
66.249.79.133 - - [10/Jul/2015:05:50:19 -0500] "GET /BLA/resoluciones/AUTOS%202014/5572.pdf HTTP/1.1" 304 -
46.165.197.141 - - [10/Jul/2015:05:50:19 -0500] "GET /StormSDA/userFiles%20-%20Copy%2019-07-2012/user_files/95/?C=N;O=A HTTP/1.0" 200 877
46.165.197.141 - - [10/Jul/2015:05:50:20 -0500] "GET /StormSDA/userFiles%20-%20Copy%2019-07-2012/user_files/95/?C=S;O=D HTTP/1.0" 200 877
46.165.197.141 - - [10/Jul/2015:05:50:27 -0500] "GET /StormSDA/userFiles%20-%20Copy%2019-07-2012/user_files/96/?C=D;O=D HTTP/1.0" 200 877
46.165.197.141 - - [10/Jul/2015:05:50:32 -0500] "GET /StormSDA/userFiles%20-%20Copy%2019-07-2012/user_files/96/?C=M;O=D HTTP/1.0" 200 877
66.249.79.120 - - [10/Jul/2015:05:50:36 -0500] "GET /BLA/resoluciones/AUTOS%202011/6967.pdf HTTP/1.1" 304 -
46.165.197.141 - - [10/Jul/2015:05:50:43 -0500] "GET /StormSDA/userFiles%20-%20Copy%2019-07-2012/user_files/96/?C=N;O=A HTTP/1.0" 200 877
66.249.79.133 - - [10/Jul/2015:05:50:52 -0500] "GET /BLA/resoluciones/AUTOS%202013/0494.pdf HTTP/1.1" 304 -
46.165.197.141 - - [10/Jul/2015:05:50:54 -0500] "GET /StormSDA/userFiles%20-%20Copy%2019-07-2012/user_files/96/?C=S;O=D HTTP/1.0" 200 877
46.165.197.141 - - [10/Jul/2015:05:50:56 -0500] "GET /StormSDA/userFiles%20-%20Copy%2019-07-2012/user_files/97/?C=D;O=D HTTP/1.0" 200 877
46.165.197.141 - - [10/Jul/2015:05:50:58 -0500] "GET /StormSDA/userFiles%20-%20Copy%2019-07-2012/user_files/97/?C=M;O=D HTTP/1.0" 200 877
46.165.197.141 - - [10/Jul/2015:05:51:00 -0500] "GET /StormSDA/userFiles%20-%20Copy%2019-07-2012/user_files/97/?C=N;O=A HTTP/1.0" 200 877
46.165.197.141 - - [10/Jul/2015:05:51:02 -0500] "GET /StormSDA/userFiles%20-%20Copy%2019-07-2012/user_files/97/?C=S;O=D HTTP/1.0" 200 877
46.165.197.141 - - [10/Jul/2015:05:51:04 -0500] "GET /StormSDA/userFiles%20-%20Copy%2019-07-2012/user_files/98/?C=D;O=D HTTP/1.0" 200 877
46.165.197.141 - - [10/Jul/2015:05:51:06 -0500] "GET /StormSDA/userFiles%20-%20Copy%2019-07-2012/user_files/98/?C=M;O=D HTTP/1.0" 200 877
46.165.197.141 - - [10/Jul/2015:05:51:08 -0500] "GET /StormSDA/userFiles%20-%20Copy%2019-07-2012/user_files/98/?C=N;O=A HTTP/1.0" 200 877
66.249.79.120 - - [10/Jul/2015:05:51:09 -0500] "GET /BLA/resoluciones/RESOLUCIONES%202013/1297.pdf HTTP/1.1" 304 -
46.165.197.141 - - [10/Jul/2015:05:51:19 -0500] "GET /StormSDA/userFiles%20-%20Copy%2019-07-2012/user_files/98/?C=S;O=D HTTP/1.0" 200 877
188.165.15.117 - - [10/Jul/2015:05:51:26 -0500] "GET /BLA/resoluciones/RESOLUCIONES%202004/RES%202004%202101-2150/00002128.tif HTTP/1.1" 200 250290
66.249.79.107 - - [10/Jul/2015:05:51:26 -0500] "GET /BLA/resoluciones/RESOLUCIONES%202007/RES%202007%201801%20AL%201900/RESOLUCION%201855%20DE%202007.pdf HTTP/1.1" 304 -
46.165.197.141 - - [10/Jul/2015:05:51:29 -0500] "GET /StormSDA/userFiles%20-%20Copy%2019-07-2012/user_files/formatos/?C=D;O=D HTTP/1.0" 200 1518
46.165.197.141 - - [10/Jul/2015:05:51:31 -0500] "GET /StormSDA/userFiles%20-%20Copy%2019-07-2012/user_files/formatos/?C=M;O=D HTTP/1.0" 200 1518
46.165.197.141 - - [10/Jul/2015:05:51:32 -0500] "GET /StormSDA/userFiles%20-%20Copy%2019-07-2012/user_files/formatos/?C=N;O=A HTTP/1.0" 200 1518
46.165.197.141 - - [10/Jul/2015:05:51:34 -0500] "GET /StormSDA/userFiles%20-%20Copy%2019-07-2012/user_files/formatos/?C=S;O=D HTTP/1.0" 200 1518
66.249.79.120 - - [10/Jul/2015:05:51:43 -0500] "GET /BLA/resoluciones/RESOLUCIONES%202014/1998.pdf HTTP/1.1" 304 -
46.165.197.141 - - [10/Jul/2015:05:51:44 -0500] "GET /StormSDA/userFiles%20-%20Copy%2019-07-2012/user_files/formatos/eventos/?C=D;O=A HTTP/1.0" 200 914
46.165.197.141 - - [10/Jul/2015:05:51:47 -0500] "GET /StormSDA/userFiles%20-%20Copy%2019-07-2012/user_files/formatos/eventos/?C=M;O=A HTTP/1.0" 200 914
181.141.32.139 - - [10/Jul/2015:05:51:48 -0500] "GET /BLA/boletinlegal/js/jquery.scrollTo-min.js HTTP/1.1" 200 1150
181.141.32.139 - - [10/Jul/2015:05:51:48 -0500] "GET /BLA/boletinlegal/js/jquery.scrollShow.js HTTP/1.1" 200 4586
181.141.32.139 - - [10/Jul/2015:05:51:48 -0500] "GET /galeria/galeria/jquery.fancybox.js?v=2.1.5 HTTP/1.1" 200 48706
181.141.32.139 - - [10/Jul/2015:05:51:48 -0500] "GET /galeria/galeria/jquery.fancybox.css?v=2.1.5 HTTP/1.1" 200 4895
46.165.197.141 - - [10/Jul/2015:05:51:49 -0500] "GET /StormSDA/userFiles%20-%20Copy%2019-07-2012/user_files/formatos/eventos/?C=N;O=D HTTP/1.0" 200 914
46.165.197.141 - - [10/Jul/2015:05:51:50 -0500] "GET /StormSDA/userFiles%20-%20Copy%2019-07-2012/user_files/formatos/eventos/?C=S;O=A HTTP/1.0" 200 914
46.165.197.141 - - [10/Jul/2015:05:51:52 -0500] "GET /StormSDA/userFiles%20-%20Copy%2019-07-2012/user_files/formulas/2/?C=D;O=A HTTP/1.0" 200 902
46.165.197.141 - - [10/Jul/2015:05:51:54 -0500] "GET /StormSDA/userFiles%20-%20Copy%2019-07-2012/user_files/formulas/2/?C=M;O=A HTTP/1.0" 200 902
46.165.197.141 - - [10/Jul/2015:05:51:56 -0500] "GET /StormSDA/userFiles%20-%20Copy%2019-07-2012/user_files/formulas/3/?C=N;O=D HTTP/1.0" 200 902
46.165.197.141 - - [10/Jul/2015:05:51:57 -0500] "GET /StormSDA/userFiles%20-%20Copy%2019-07-2012/user_files/formulas/3/?C=S;O=A HTTP/1.0" 200 902
46.165.197.141 - - [10/Jul/2015:05:51:59 -0500] "GET /StormSDA/userFiles%20-%20Copy%2019-07-2012/user_files/formulas/4/?C=D;O=A HTTP/1.0" 200 902
180.153.163.210 - - [10/Jul/2015:05:51:59 -0500] "GET /js/bootstrap.min.js HTTP/1.1" 200 28538
66.249.79.133 - - [10/Jul/2015:05:52:00 -0500] "GET /BLA/resoluciones/RESOLUCIONES%202012/1898.pdf HTTP/1.1" 304 -
46.165.197.141 - - [10/Jul/2015:05:52:01 -0500] "GET /StormSDA/userFiles%20-%20Copy%2019-07-2012/user_files/formulas/4/?C=M;O=A HTTP/1.0" 200 902
46.165.197.141 - - [10/Jul/2015:05:52:02 -0500] "GET /StormSDA/userFiles%20-%20Copy%2019-07-2012/user_files/formulas/4/?C=N;O=D HTTP/1.0" 200 902
180.153.163.210 - - [10/Jul/2015:05:52:02 -0500] "GET /js/jquery.js HTTP/1.1" 200 97120
46.165.197.141 - - [10/Jul/2015:05:52:04 -0500] "GET /StormSDA/userFiles%20-%20Copy%2019-07-2012/user_files/formulas/4/?C=S;O=A HTTP/1.0" 200 902
46.165.197.141 - - [10/Jul/2015:05:52:06 -0500] "GET /StormSDA/userFiles%20-%20Copy%2019-07-2012/user_files/formulas/?C=D;O=D HTTP/1.0" 200 1504
46.165.197.141 - - [10/Jul/2015:05:52:07 -0500] "GET /StormSDA/userFiles%20-%20Copy%2019-07-2012/user_files/formulas/?C=M;O=D HTTP/1.0" 200 1504
181.141.32.139 - - [10/Jul/2015:05:52:07 -0500] "GET /BLA/boletinlegal/js/jquery.scrollTo-min.js HTTP/1.1" 304 -
181.141.32.139 - - [10/Jul/2015:05:52:08 -0500] "GET /BLA/boletinlegal/js/jquery.scrollShow.js HTTP/1.1" 304 -
181.141.32.139 - - [10/Jul/2015:05:52:08 -0500] "GET /galeria/galeria/jquery.fancybox.js?v=2.1.5 HTTP/1.1" 304 -
181.141.32.139 - - [10/Jul/2015:05:52:08 -0500] "GET /galeria/galeria/jquery.fancybox.css?v=2.1.5 HTTP/1.1" 304 -
46.165.197.141 - - [10/Jul/2015:05:52:10 -0500] "GET /StormSDA/userFiles%20-%20Copy%2019-07-2012/user_files/formulas/?C=N;O=A HTTP/1.0" 200 1504
46.165.197.141 - - [10/Jul/2015:05:52:12 -0500] "GET /StormSDA/userFiles%20-%20Copy%2019-07-2012/user_files/formulas/?C=S;O=D HTTP/1.0" 200 1504
46.165.197.141 - - [10/Jul/2015:05:52:14 -0500] "GET /StormSDA/userFiles%20-%20Copy%2019-07-2012/user_files/listas/?C=D;O=D HTTP/1.0" 200 1303
46.165.197.141 - - [10/Jul/2015:05:52:16 -0500] "GET /StormSDA/userFiles%20-%20Copy%2019-07-2012/user_files/listas/?C=M;O=D HTTP/1.0" 200 1303
66.249.79.133 - - [10/Jul/2015:05:52:17 -0500] "GET /BLA/resoluciones/index.php?dir=RESOLUCIONES%202002/RES%202002%201501-1550/&sort=size&order=asc HTTP/1.1" 200 12147
220.181.108.150 - - [10/Jul/2015:05:52:19 -0500] "GET /BLA/boletinlegal/js/jquery.scrollTo-min.js HTTP/1.1" 200 1150
46.165.197.141 - - [10/Jul/2015:05:52:22 -0500] "GET /StormSDA/userFiles%20-%20Copy%2019-07-2012/user_files/listas/?C=N;O=A HTTP/1.0" 200 1303
46.165.197.141 - - [10/Jul/2015:05:52:24 -0500] "GET /StormSDA/userFiles%20-%20Copy%2019-07-2012/user_files/listas/?C=S;O=D HTTP/1.0" 200 1303
74.86.158.107 - - [10/Jul/2015:05:52:26 -0500] "HEAD / HTTP/1.1" 200 -
46.165.197.141 - - [10/Jul/2015:05:52:26 -0500] "GET /StormSDA/userFiles/user_files/1/?C=D;O=D HTTP/1.0" 200 1691
46.165.197.141 - - [10/Jul/2015:05:52:28 -0500] "GET /StormSDA/userFiles/user_files/1/?C=M;O=D HTTP/1.0" 200 1691
46.165.197.141 - - [10/Jul/2015:05:52:30 -0500] "GET /StormSDA/userFiles/user_files/1/?C=N;O=A HTTP/1.0" 200 1691
46.165.197.141 - - [10/Jul/2015:05:52:31 -0500] "GET /StormSDA/userFiles/user_files/1/?C=S;O=D HTTP/1.0" 200 1691
46.165.197.141 - - [10/Jul/2015:05:52:33 -0500] "GET /StormSDA/userFiles/user_files/85/?C=D;O=D HTTP/1.0" 200 817
66.249.79.120 - - [10/Jul/2015:05:52:34 -0500] "GET /BLA/resoluciones/AUTOS%202014/6465.pdf HTTP/1.1" 304 -
46.165.197.141 - - [10/Jul/2015:05:52:35 -0500] "GET /StormSDA/userFiles/user_files/85/?C=M;O=D HTTP/1.0" 200 817
46.165.197.141 - - [10/Jul/2015:05:52:36 -0500] "GET /StormSDA/userFiles/user_files/85/?C=N;O=A HTTP/1.0" 200 817
46.165.197.141 - - [10/Jul/2015:05:52:38 -0500] "GET /StormSDA/userFiles/user_files/85/?C=S;O=D HTTP/1.0" 200 817
46.165.197.141 - - [10/Jul/2015:05:52:40 -0500] "GET /StormSDA/userFiles/user_files/86/?C=D;O=D HTTP/1.0" 200 817
46.165.197.141 - - [10/Jul/2015:05:52:41 -0500] "GET /StormSDA/userFiles/user_files/86/?C=M;O=D HTTP/1.0" 200 817
46.165.197.141 - - [10/Jul/2015:05:52:46 -0500] "GET /StormSDA/userFiles/user_files/86/?C=N;O=A HTTP/1.0" 200 817
46.165.197.141 - - [10/Jul/2015:05:52:48 -0500] "GET /StormSDA/userFiles/user_files/86/?C=S;O=D HTTP/1.0" 200 817
46.165.197.141 - - [10/Jul/2015:05:52:49 -0500] "GET /StormSDA/userFiles/user_files/87/?C=D;O=D HTTP/1.0" 200 817
66.249.79.120 - - [10/Jul/2015:05:52:50 -0500] "GET /BLA/resoluciones/RESOLUCIONES%202009/4955.pdf HTTP/1.1" 304 -
46.165.197.141 - - [10/Jul/2015:05:52:51 -0500] "GET /StormSDA/userFiles/user_files/87/?C=M;O=D HTTP/1.0" 200 817
46.165.197.141 - - [10/Jul/2015:05:52:56 -0500] "GET /StormSDA/userFiles/user_files/87/?C=N;O=A HTTP/1.0" 200 817
46.165.197.141 - - [10/Jul/2015:05:52:58 -0500] "GET /StormSDA/userFiles/user_files/87/?C=S;O=D HTTP/1.0" 200 817
46.165.197.141 - - [10/Jul/2015:05:52:59 -0500] "GET /StormSDA/userFiles/user_files/88/?C=D;O=D HTTP/1.0" 200 817
46.165.197.141 - - [10/Jul/2015:05:53:01 -0500] "GET /StormSDA/userFiles/user_files/88/?C=M;O=D HTTP/1.0" 200 817
46.165.197.141 - - [10/Jul/2015:05:53:03 -0500] "GET /StormSDA/userFiles/user_files/88/?C=N;O=A HTTP/1.0" 200 817
46.165.197.141 - - [10/Jul/2015:05:53:04 -0500] "GET /StormSDA/userFiles/user_files/88/?C=S;O=D HTTP/1.0" 200 817
66.249.79.120 - - [10/Jul/2015:05:53:07 -0500] "GET /BLA/resoluciones/RESOLUCIONES%202014/1564.pdf HTTP/1.1" 304 -
46.165.197.141 - - [10/Jul/2015:05:53:09 -0500] "GET /StormSDA/userFiles/user_files/89/?C=D;O=D HTTP/1.0" 200 817
46.165.197.141 - - [10/Jul/2015:05:53:10 -0500] "GET /StormSDA/userFiles/user_files/89/?C=M;O=D HTTP/1.0" 200 817
46.165.197.141 - - [10/Jul/2015:05:53:12 -0500] "GET /StormSDA/userFiles/user_files/89/?C=N;O=A HTTP/1.0" 200 817
46.165.197.141 - - [10/Jul/2015:05:53:14 -0500] "GET /StormSDA/userFiles/user_files/89/?C=S;O=D HTTP/1.0" 200 817
46.165.197.141 - - [10/Jul/2015:05:53:15 -0500] "GET /StormSDA/userFiles/user_files/90/?C=D;O=D HTTP/1.0" 200 817
46.165.197.141 - - [10/Jul/2015:05:53:17 -0500] "GET /StormSDA/userFiles/user_files/90/?C=M;O=D HTTP/1.0" 200 817
46.165.197.141 - - [10/Jul/2015:05:53:19 -0500] "GET /StormSDA/userFiles/user_files/90/?C=N;O=A HTTP/1.0" 200 817
46.165.197.141 - - [10/Jul/2015:05:53:21 -0500] "GET /StormSDA/userFiles/user_files/90/?C=S;O=D HTTP/1.0" 200 817
46.165.197.141 - - [10/Jul/2015:05:53:23 -0500] "GET /StormSDA/userFiles/user_files/91/?C=D;O=D HTTP/1.0" 200 817
66.249.79.133 - - [10/Jul/2015:05:53:24 -0500] "GET /autoliquidacion/Cobro%20Clasificacion%20Uso%20De%20Vivenda%20En%20Suelo%20Restringido/instructivo.doc HTTP/1.1" 304 -
