90.202.115.31 - - [17/Jul/2015:05:47:20 -0500] "GET /webdav/x32.php?host=197.3.255.112&time=60&port=80 HTTP/1.1" 404 1018
66.249.65.227 - - [17/Jul/2015:05:47:27 -0500] "GET /BLA/resoluciones/RESOLUCIONES%202010/4484.pdf HTTP/1.1" 304 -
66.249.65.220 - - [17/Jul/2015:05:47:49 -0500] "GET /BLA/resoluciones/RESOLUCIONES%202013/1223.pdf HTTP/1.1" 304 -
66.249.65.213 - - [17/Jul/2015:05:48:06 -0500] "GET /BLA/resoluciones/RESOLUCIONES%202009/6855.pdf HTTP/1.1" 200 276021
66.249.65.220 - - [17/Jul/2015:05:48:11 -0500] "GET /BLA/resoluciones/AUTOS%202012/0096.pdf HTTP/1.1" 304 -
181.60.213.171 - - [17/Jul/2015:05:48:13 -0500] "GET /forms/frmservlet?config=sia HTTP/1.1" 200 4028
181.60.213.171 - - [17/Jul/2015:05:48:22 -0500] "GET /forms/java/frmall_jinit.jar HTTP/1.1" 304 -
181.60.213.171 - - [17/Jul/2015:05:48:22 -0500] "GET /forms/java/icons.jar HTTP/1.1" 304 -
181.60.213.171 - - [17/Jul/2015:05:48:22 -0500] "GET /forms/java/java/awt/KeyboardFocusManager.class HTTP/1.1" 404 352
181.60.213.171 - - [17/Jul/2015:05:48:22 -0500] "GET /forms/java/java/awt/KeyboardFocusManager.class HTTP/1.1" 404 352
181.60.213.171 - - [17/Jul/2015:05:48:23 -0500] "GET /forms/java/java/awt/event/MouseWheelListener.class HTTP/1.1" 404 356
181.60.213.171 - - [17/Jul/2015:05:48:23 -0500] "GET /forms/java/java/awt/event/MouseWheelListener.class HTTP/1.1" 404 356
181.60.213.171 - - [17/Jul/2015:05:48:23 -0500] "GET /forms/java/oracle/forms/registry/Registry.dat HTTP/1.1" 200 4213
181.60.213.171 - - [17/Jul/2015:05:48:23 -0500] "GET /forms/java/oracle/forms/registry/default.dat HTTP/1.1" 404 350
181.60.213.171 - - [17/Jul/2015:05:48:23 -0500] "GET /forms/frmservlet?config=sia&acceptLanguage=es-CO&ifcmd=startsession HTTP/1.1" 200 118
181.60.213.171 - - [17/Jul/2015:05:48:23 -0500] "GET /forms/lservlet;jsessionid=ac16012b30d69da727e7dae24f749504c4bd85103e32.e3iSbxaKaheRe34MbhmNaxqNb41ynknvrkLOlQzNp65In0?ifcmd=getinfo&ifhost=DanielRoa&ifip=192.168.0.12 HTTP/1.1" 200 8
181.60.213.171 - - [17/Jul/2015:05:48:23 -0500] "POST /forms/lservlet;jsessionid=ac16012b30d69da727e7dae24f749504c4bd85103e32.e3iSbxaKaheRe34MbhmNaxqNb41ynknvrkLOlQzNp65In0 HTTP/1.1" 200 8
181.60.213.171 - - [17/Jul/2015:05:48:25 -0500] "GET /forms/java/oracle/forms/engine/RunformBundle_es_CO.class HTTP/1.1" 404 362
181.60.213.171 - - [17/Jul/2015:05:48:25 -0500] "GET /forms/java/oracle/forms/engine/RunformBundle_es_CO.class HTTP/1.1" 404 362
181.60.213.171 - - [17/Jul/2015:05:48:25 -0500] "GET /forms/java/oracle/forms/engine/RunformBundle_es_CO.properties HTTP/1.1" 404 367
181.60.213.171 - - [17/Jul/2015:05:48:25 -0500] "POST /forms/lservlet;jsessionid=ac16012b30d69da727e7dae24f749504c4bd85103e32.e3iSbxaKaheRe34MbhmNaxqNb41ynknvrkLOlQzNp65In0 HTTP/1.1" 200 64000
181.60.213.171 - - [17/Jul/2015:05:48:25 -0500] "POST /forms/lservlet;jsessionid=ac16012b30d69da727e7dae24f749504c4bd85103e32.e3iSbxaKaheRe34MbhmNaxqNb41ynknvrkLOlQzNp65In0 HTTP/1.1" 200 64000
181.60.213.171 - - [17/Jul/2015:05:48:26 -0500] "POST /forms/lservlet;jsessionid=ac16012b30d69da727e7dae24f749504c4bd85103e32.e3iSbxaKaheRe34MbhmNaxqNb41ynknvrkLOlQzNp65In0 HTTP/1.1" 200 63623
181.60.213.171 - - [17/Jul/2015:05:48:26 -0500] "HEAD /imagenes/dama_logo.gif HTTP/1.1" 200 -
181.60.213.171 - - [17/Jul/2015:05:48:26 -0500] "GET /imagenes/dama_logo.gif HTTP/1.1" 200 21482
181.60.213.171 - - [17/Jul/2015:05:48:27 -0500] "POST /forms/lservlet;jsessionid=ac16012b30d69da727e7dae24f749504c4bd85103e32.e3iSbxaKaheRe34MbhmNaxqNb41ynknvrkLOlQzNp65In0 HTTP/1.1" 200 2
181.60.213.171 - - [17/Jul/2015:05:48:27 -0500] "POST /forms/lservlet;jsessionid=ac16012b30d69da727e7dae24f749504c4bd85103e32.e3iSbxaKaheRe34MbhmNaxqNb41ynknvrkLOlQzNp65In0 HTTP/1.1" 200 2
66.249.65.213 - - [17/Jul/2015:05:48:33 -0500] "GET /BLA/resoluciones/RESOLUCIONES%202012/1557.pdf HTTP/1.1" 304 -
66.249.65.220 - - [17/Jul/2015:05:48:44 -0500] "GET /BLA/resoluciones/RESOLUCIONES%202008/0026.pdf HTTP/1.1" 304 -
181.60.213.171 - - [17/Jul/2015:05:48:46 -0500] "POST /forms/lservlet;jsessionid=ac16012b30d69da727e7dae24f749504c4bd85103e32.e3iSbxaKaheRe34MbhmNaxqNb41ynknvrkLOlQzNp65In0 HTTP/1.1" 200 7990
181.60.213.171 - - [17/Jul/2015:05:48:47 -0500] "POST /forms/lservlet;jsessionid=ac16012b30d69da727e7dae24f749504c4bd85103e32.e3iSbxaKaheRe34MbhmNaxqNb41ynknvrkLOlQzNp65In0 HTTP/1.1" 200 64
181.60.213.171 - - [17/Jul/2015:05:48:47 -0500] "POST /forms/lservlet;jsessionid=ac16012b30d69da727e7dae24f749504c4bd85103e32.e3iSbxaKaheRe34MbhmNaxqNb41ynknvrkLOlQzNp65In0 HTTP/1.1" 200 2
181.60.213.171 - - [17/Jul/2015:05:48:47 -0500] "POST /forms/lservlet;jsessionid=ac16012b30d69da727e7dae24f749504c4bd85103e32.e3iSbxaKaheRe34MbhmNaxqNb41ynknvrkLOlQzNp65In0 HTTP/1.1" 200 2
181.60.213.171 - - [17/Jul/2015:05:48:47 -0500] "POST /forms/lservlet;jsessionid=ac16012b30d69da727e7dae24f749504c4bd85103e32.e3iSbxaKaheRe34MbhmNaxqNb41ynknvrkLOlQzNp65In0 HTTP/1.1" 200 2
66.249.65.220 - - [17/Jul/2015:05:48:55 -0500] "GET /BLA/resoluciones/AUTOS%202013/0198.pdf HTTP/1.1" 304 -
74.86.158.107 - - [17/Jul/2015:05:49:08 -0500] "HEAD / HTTP/1.1" 200 -
66.249.65.227 - - [17/Jul/2015:05:49:18 -0500] "GET /BLA/resoluciones/AUTOS%202013/0359.pdf HTTP/1.1" 304 -
66.249.65.227 - - [17/Jul/2015:05:49:29 -0500] "GET /BLA/resoluciones/RESOLUCIONES%202009/6420.pdf HTTP/1.1" 200 437097
66.249.65.220 - - [17/Jul/2015:05:49:40 -0500] "GET /BLA/resoluciones/RESOLUCIONES%202014/0456.pdf HTTP/1.1" 304 -
66.249.65.213 - - [17/Jul/2015:05:50:02 -0500] "GET /BLA/resoluciones/RESOLUCIONES%202007/RES%202007%201001%20AL%201100/RESOLUCION%201006%20DE%202007.pdf HTTP/1.1" 304 -
66.249.65.220 - - [17/Jul/2015:05:50:24 -0500] "GET /BLA/resoluciones/RESOLUCIONES%202009/3279.pdf HTTP/1.1" 200 726192
181.60.213.171 - - [17/Jul/2015:05:50:25 -0500] "POST /forms/lservlet;jsessionid=ac16012b30d69da727e7dae24f749504c4bd85103e32.e3iSbxaKaheRe34MbhmNaxqNb41ynknvrkLOlQzNp65In0 HTTP/1.1" 200 2
66.249.65.220 - - [17/Jul/2015:05:50:25 -0500] "GET /BLA/resoluciones/RESOLUCIONES%202008/0058.pdf HTTP/1.1" 200 276253
66.249.65.227 - - [17/Jul/2015:05:50:47 -0500] "GET /BLA/resoluciones/RESOLUCIONES%202010/4743.pdf HTTP/1.1" 304 -
123.126.113.85 - - [17/Jul/2015:05:50:48 -0500] "GET /resoluciones/RESOLUCIONES%202009/0777.pdf HTTP/1.1" 404 1018
66.249.65.213 - - [17/Jul/2015:05:50:51 -0500] "GET /BLA/resoluciones/RESOLUCIONES%202014/0649.pdf HTTP/1.1" 304 -
123.126.113.85 - - [17/Jul/2015:05:51:01 -0500] "GET /resoluciones/RESOLUCIONES%202009/0922.pdf HTTP/1.1" 404 1018
66.249.65.213 - - [17/Jul/2015:05:51:04 -0500] "GET /BLA/resoluciones/RESOLUCIONES%202009/0714.pdf HTTP/1.1" 200 266703
66.249.65.213 - - [17/Jul/2015:05:51:08 -0500] "GET /BLA/resoluciones/AUTOS%202011/1834.pdf HTTP/1.1" 304 -
66.249.65.220 - - [17/Jul/2015:05:51:26 -0500] "GET /BLA/resoluciones/RESOLUCIONES%202012/1355.pdf HTTP/1.1" 200 291015
66.249.65.213 - - [17/Jul/2015:05:51:31 -0500] "GET /BLA/resoluciones/RESOLUCIONES%202009/2840.pdf HTTP/1.1" 304 -
66.249.65.227 - - [17/Jul/2015:05:51:53 -0500] "GET /BLA/resoluciones/AUTOS%202014/0552.pdf HTTP/1.1" 304 -
123.126.113.85 - - [17/Jul/2015:05:51:14 -0500] "GET /BLA/boletinlegal/ HTTP/1.1" 200 50649
66.249.65.48 - - [17/Jul/2015:05:52:15 -0500] "GET /Anexos%20estudio%20Organizacional%20SDA/ANEXO%20No.%203-%20CONTRATACI%C3%93N%20%20OPS%C2%B4s%202008-2012/CONTRATOS%20SDA%202012%20POR%20DEPENDENCIA.xls HTTP/1.1" 304 -
181.60.213.171 - - [17/Jul/2015:05:52:25 -0500] "POST /forms/lservlet;jsessionid=ac16012b30d69da727e7dae24f749504c4bd85103e32.e3iSbxaKaheRe34MbhmNaxqNb41ynknvrkLOlQzNp65In0 HTTP/1.1" 200 2
66.249.65.48 - - [17/Jul/2015:05:52:37 -0500] "GET /Anexos%20estudio%20Organizacional%20SDA/ANEXO%20No.%203-%20CONTRATACI%C3%93N%20%20OPS%C2%B4s%202008-2012/CONTRATOS%20SDA%202010%20POR%20DEPENDENCIA%20(1).xls HTTP/1.1" 304 -
181.50.176.110 - - [17/Jul/2015:05:52:44 -0500] "GET /galeria/galeria/jquery.fancybox.js?v=2.1.5 HTTP/1.1" 200 48706
191.102.216.12 - - [17/Jul/2015:05:52:50 -0500] "GET /BLA/boletinlegal/js/jquery.scrollShow.js HTTP/1.1" 200 4586
191.102.216.12 - - [17/Jul/2015:05:52:50 -0500] "GET /galeria/galeria/jquery.fancybox.js?v=2.1.5 HTTP/1.1" 200 48706
191.102.216.12 - - [17/Jul/2015:05:52:50 -0500] "GET /galeria/galeria/jquery.fancybox.css?v=2.1.5 HTTP/1.1" 200 4895
66.249.65.220 - - [17/Jul/2015:05:52:59 -0500] "GET /autoliquidacion/Grupo%20Forestal%20-%20Industria%20de%20la%20Madera/Formulario%20para%20la%20Relaci%C3%B3n%20de%20Salvoconductos_facturas_remisiones_CARA1.pdf HTTP/1.1" 304 -
201.234.75.11 - - [17/Jul/2015:05:53:03 -0500] "GET /StormSDA/stormWeb/presentacion.html HTTP/1.1" 304 -
66.249.65.220 - - [17/Jul/2015:05:53:22 -0500] "GET /BLA/resoluciones/RESOLUCIONES%202013/0074%20.pdf HTTP/1.1" 304 -
66.249.65.213 - - [17/Jul/2015:05:53:30 -0500] "GET /BLA/resoluciones/RESOLUCIONES%202009/4479.pdf HTTP/1.1" 200 569579
66.249.65.227 - - [17/Jul/2015:05:53:44 -0500] "GET /BLA/resoluciones/RESOLUCIONES%202011/6971.pdf HTTP/1.1" 304 -
66.249.65.220 - - [17/Jul/2015:05:54:06 -0500] "GET /BLA/resoluciones/RESOLUCIONES%202012/1143.pdf HTTP/1.1" 304 -
74.86.158.107 - - [17/Jul/2015:05:54:08 -0500] "HEAD / HTTP/1.1" 200 -
200.119.112.64 - - [17/Jul/2015:05:54:09 -0500] "GET /galeria/galeria/jquery.fancybox.css?v=2.1.5 HTTP/1.1" 200 4895
200.119.112.64 - - [17/Jul/2015:05:54:10 -0500] "GET /BLA/boletinlegal/js/jquery.scrollShow.js HTTP/1.1" 200 4586
200.119.112.64 - - [17/Jul/2015:05:54:10 -0500] "GET /galeria/galeria/jquery.fancybox.js?v=2.1.5 HTTP/1.1" 200 48706
200.119.112.64 - - [17/Jul/2015:05:54:17 -0500] "GET /galeria/galeria/jquery.fancybox.css?v=2.1.5 HTTP/1.1" 304 -
200.119.112.64 - - [17/Jul/2015:05:54:17 -0500] "GET /BLA/boletinlegal/js/jquery.scrollShow.js HTTP/1.1" 304 -
200.119.112.64 - - [17/Jul/2015:05:54:17 -0500] "GET /galeria/galeria/jquery.fancybox.js?v=2.1.5 HTTP/1.1" 304 -
181.60.213.171 - - [17/Jul/2015:05:54:25 -0500] "POST /forms/lservlet;jsessionid=ac16012b30d69da727e7dae24f749504c4bd85103e32.e3iSbxaKaheRe34MbhmNaxqNb41ynknvrkLOlQzNp65In0 HTTP/1.1" 200 2
66.249.65.227 - - [17/Jul/2015:05:54:28 -0500] "GET /BLA/resoluciones/RESOLUCIONES%202010/3849.pdf HTTP/1.1" 304 -
66.249.65.220 - - [17/Jul/2015:05:54:50 -0500] "GET /BLA/resoluciones/RESOLUCIONES%202009/4361.pdf HTTP/1.1" 304 -
66.249.65.227 - - [17/Jul/2015:05:55:12 -0500] "GET /BLA/resoluciones/RESOLUCIONES%202014/1115.pdf HTTP/1.1" 304 -
66.249.65.51 - - [17/Jul/2015:05:55:35 -0500] "GET /BLA/boletinlegal/jurisprudencia/analisis/CUADRO%20SENTENCIA%20T-299%20DE%202008.doc HTTP/1.1" 304 -
66.249.65.213 - - [17/Jul/2015:05:55:39 -0500] "GET /BLA/resoluciones/AUTOS%202013/0058.pdf HTTP/1.1" 200 1380540
66.249.65.213 - - [17/Jul/2015:05:55:57 -0500] "GET /BLA/resoluciones/AUTOS%202013/0622.pdf HTTP/1.1" 304 -
66.249.65.213 - - [17/Jul/2015:05:56:16 -0500] "GET /BLA/resoluciones/RESOLUCIONES%202009/5618.pdf HTTP/1.1" 200 756247
66.249.65.227 - - [17/Jul/2015:05:56:19 -0500] "GET /BLA/resoluciones/AUTOS%202013/1593.pdf HTTP/1.1" 304 -
181.60.213.171 - - [17/Jul/2015:05:56:25 -0500] "POST /forms/lservlet;jsessionid=ac16012b30d69da727e7dae24f749504c4bd85103e32.e3iSbxaKaheRe34MbhmNaxqNb41ynknvrkLOlQzNp65In0 HTTP/1.1" 200 2
66.249.65.213 - - [17/Jul/2015:05:56:25 -0500] "GET /BLA/resoluciones/RESOLUCIONES%202011/0810.pdf HTTP/1.1" 304 -
66.249.65.220 - - [17/Jul/2015:05:56:41 -0500] "GET /BLA/resoluciones/RESOLUCIONES%202010/2414.pdf HTTP/1.1" 304 -
66.249.65.227 - - [17/Jul/2015:05:56:53 -0500] "GET /BLA/resoluciones/AUTOS%202007/3150.pdf HTTP/1.1" 200 40930
181.60.213.171 - - [17/Jul/2015:05:57:07 -0500] "POST /forms/lservlet;jsessionid=ac16012b30d69da727e7dae24f749504c4bd85103e32.e3iSbxaKaheRe34MbhmNaxqNb41ynknvrkLOlQzNp65In0 HTTP/1.1" 200 34711
181.60.213.171 - - [17/Jul/2015:05:57:09 -0500] "GET /imagenes/listval.gif HTTP/1.1" 200 905
181.60.213.171 - - [17/Jul/2015:05:57:09 -0500] "GET /imagenes/tree1.gif HTTP/1.1" 200 1161
181.60.213.171 - - [17/Jul/2015:05:57:09 -0500] "GET /imagenes/listval.gif HTTP/1.1" 200 905
181.60.213.171 - - [17/Jul/2015:05:57:09 -0500] "GET /imagenes/CAMERA3.gif HTTP/1.1" 200 4150
181.60.213.171 - - [17/Jul/2015:05:57:09 -0500] "GET /imagenes/SLIDE1.gif HTTP/1.1" 200 1111
181.60.213.171 - - [17/Jul/2015:05:57:09 -0500] "GET /imagenes/flexcomb.gif HTTP/1.1" 200 1169
181.60.213.171 - - [17/Jul/2015:05:57:09 -0500] "GET /imagenes/GO.gif HTTP/1.1" 200 904
181.60.213.171 - - [17/Jul/2015:05:57:09 -0500] "GET /imagenes/HRTOOLS.gif HTTP/1.1" 200 2238
181.60.213.171 - - [17/Jul/2015:05:57:09 -0500] "GET /imagenes/rt_rec1.gif HTTP/1.1" 200 867
181.60.213.171 - - [17/Jul/2015:05:57:09 -0500] "GET /imagenes/apply.gif HTTP/1.1" 200 903
181.60.213.171 - - [17/Jul/2015:05:57:09 -0500] "GET /imagenes/exit.gif HTTP/1.1" 200 916
181.60.213.171 - - [17/Jul/2015:05:57:09 -0500] "GET /imagenes/LISTVAL.gif HTTP/1.1" 200 905
181.60.213.171 - - [17/Jul/2015:05:57:09 -0500] "GET /imagenes/edit.gif HTTP/1.1" 200 919
181.60.213.171 - - [17/Jul/2015:05:57:09 -0500] "GET /imagenes/rt_rec4.gif HTTP/1.1" 200 865
181.60.213.171 - - [17/Jul/2015:05:57:09 -0500] "GET /imagenes/rt_rec3.gif HTTP/1.1" 200 844
181.60.213.171 - - [17/Jul/2015:05:57:09 -0500] "GET /imagenes/rt_rec2.gif HTTP/1.1" 200 847
181.60.213.171 - - [17/Jul/2015:05:57:09 -0500] "GET /imagenes/rt_rdel.gif HTTP/1.1" 200 899
181.60.213.171 - - [17/Jul/2015:05:57:09 -0500] "GET /imagenes/rt_radd.gif HTTP/1.1" 200 907
181.60.213.171 - - [17/Jul/2015:05:57:09 -0500] "GET /imagenes/rt_quer3.gif HTTP/1.1" 200 939
181.60.213.171 - - [17/Jul/2015:05:57:09 -0500] "GET /imagenes/rt_quer2.gif HTTP/1.1" 200 936
181.60.213.171 - - [17/Jul/2015:05:57:09 -0500] "GET /imagenes/rt_quer1.gif HTTP/1.1" 200 930
181.60.213.171 - - [17/Jul/2015:05:57:09 -0500] "GET /imagenes/rt_save.gif HTTP/1.1" 200 903
181.60.213.171 - - [17/Jul/2015:05:57:09 -0500] "GET /imagenes/rt_pset.gif HTTP/1.1" 200 914
181.60.213.171 - - [17/Jul/2015:05:57:09 -0500] "GET /imagenes/QUEJA.gif HTTP/1.1" 200 1091
181.60.213.171 - - [17/Jul/2015:05:57:09 -0500] "GET /imagenes/ARBOL.gif HTTP/1.1" 200 1026
181.60.213.171 - - [17/Jul/2015:05:57:09 -0500] "GET /imagenes/Clipboard.gif HTTP/1.1" 200 1466
181.60.213.171 - - [17/Jul/2015:05:57:09 -0500] "GET /imagenes/DINERO.gif HTTP/1.1" 200 1766
181.60.213.171 - - [17/Jul/2015:05:57:09 -0500] "GET /imagenes/URGENTE.gif HTTP/1.1" 200 964
181.60.213.171 - - [17/Jul/2015:05:57:09 -0500] "GET /imagenes/TREE4.gif HTTP/1.1" 200 4150
181.60.213.171 - - [17/Jul/2015:05:57:09 -0500] "POST /forms/lservlet;jsessionid=ac16012b30d69da727e7dae24f749504c4bd85103e32.e3iSbxaKaheRe34MbhmNaxqNb41ynknvrkLOlQzNp65In0 HTTP/1.1" 200 7
181.60.213.171 - - [17/Jul/2015:05:57:09 -0500] "POST /forms/lservlet;jsessionid=ac16012b30d69da727e7dae24f749504c4bd85103e32.e3iSbxaKaheRe34MbhmNaxqNb41ynknvrkLOlQzNp65In0 HTTP/1.1" 200 34
181.60.213.171 - - [17/Jul/2015:05:57:09 -0500] "POST /forms/lservlet;jsessionid=ac16012b30d69da727e7dae24f749504c4bd85103e32.e3iSbxaKaheRe34MbhmNaxqNb41ynknvrkLOlQzNp65In0 HTTP/1.1" 200 2
66.249.65.220 - - [17/Jul/2015:05:57:10 -0500] "GET /BLA/resoluciones/RESOLUCIONES%202008/0020.pdf HTTP/1.1" 200 2037219
181.60.213.171 - - [17/Jul/2015:05:57:10 -0500] "POST /forms/lservlet;jsessionid=ac16012b30d69da727e7dae24f749504c4bd85103e32.e3iSbxaKaheRe34MbhmNaxqNb41ynknvrkLOlQzNp65In0 HTTP/1.1" 200 2
181.60.213.171 - - [17/Jul/2015:05:57:10 -0500] "POST /forms/lservlet;jsessionid=ac16012b30d69da727e7dae24f749504c4bd85103e32.e3iSbxaKaheRe34MbhmNaxqNb41ynknvrkLOlQzNp65In0 HTTP/1.1" 200 699
181.60.213.171 - - [17/Jul/2015:05:57:11 -0500] "GET /imagenes/Srch_frw.gif HTTP/1.1" 200 925
181.60.213.171 - - [17/Jul/2015:05:57:11 -0500] "POST /forms/lservlet;jsessionid=ac16012b30d69da727e7dae24f749504c4bd85103e32.e3iSbxaKaheRe34MbhmNaxqNb41ynknvrkLOlQzNp65In0 HTTP/1.1" 200 10
181.60.213.171 - - [17/Jul/2015:05:57:12 -0500] "POST /forms/lservlet;jsessionid=ac16012b30d69da727e7dae24f749504c4bd85103e32.e3iSbxaKaheRe34MbhmNaxqNb41ynknvrkLOlQzNp65In0 HTTP/1.1" 200 24
37.228.106.51 - - [17/Jul/2015:05:57:13 -0500] "GET /BLA/boletinlegal/js/jquery.scrollShow.js HTTP/1.1" 200 4586
37.228.106.51 - - [17/Jul/2015:05:57:13 -0500] "GET /galeria/galeria/jquery.fancybox.js?v=2.1.5 HTTP/1.1" 200 48706
37.228.106.51 - - [17/Jul/2015:05:57:13 -0500] "GET /galeria/galeria/jquery.fancybox.css?v=2.1.5 HTTP/1.1" 200 4895
181.60.213.171 - - [17/Jul/2015:05:57:12 -0500] "POST /forms/lservlet;jsessionid=ac16012b30d69da727e7dae24f749504c4bd85103e32.e3iSbxaKaheRe34MbhmNaxqNb41ynknvrkLOlQzNp65In0 HTTP/1.1" 200 14
66.249.65.45 - - [17/Jul/2015:05:57:14 -0500] "GET /galeria/galeria/fotos/15.jpg HTTP/1.1" 200 218669
181.60.213.171 - - [17/Jul/2015:05:57:13 -0500] "POST /forms/lservlet;jsessionid=ac16012b30d69da727e7dae24f749504c4bd85103e32.e3iSbxaKaheRe34MbhmNaxqNb41ynknvrkLOlQzNp65In0 HTTP/1.1" 200 14
181.60.213.171 - - [17/Jul/2015:05:57:15 -0500] "POST /forms/lservlet;jsessionid=ac16012b30d69da727e7dae24f749504c4bd85103e32.e3iSbxaKaheRe34MbhmNaxqNb41ynknvrkLOlQzNp65In0 HTTP/1.1" 200 5030
181.60.213.171 - - [17/Jul/2015:05:57:15 -0500] "POST /forms/lservlet;jsessionid=ac16012b30d69da727e7dae24f749504c4bd85103e32.e3iSbxaKaheRe34MbhmNaxqNb41ynknvrkLOlQzNp65In0 HTTP/1.1" 200 2
66.249.65.227 - - [17/Jul/2015:05:57:16 -0500] "GET /galeria/nivo-slider/demo/images/avistamiento3.jpg HTTP/1.1" 200 54851
37.228.106.51 - - [17/Jul/2015:05:57:17 -0500] "GET /BLA/boletinlegal/js/jquery.scrollShow.js HTTP/1.1" 200 4586
37.228.106.51 - - [17/Jul/2015:05:57:17 -0500] "GET /galeria/galeria/jquery.fancybox.js?v=2.1.5 HTTP/1.1" 200 48706
37.228.106.51 - - [17/Jul/2015:05:57:17 -0500] "GET /galeria/galeria/jquery.fancybox.css?v=2.1.5 HTTP/1.1" 200 4895
201.228.41.120 - - [17/Jul/2015:05:57:18 -0500] "GET /BLA/boletinlegal/js/jquery.scrollTo-min.js HTTP/1.1" 200 1150
201.228.41.120 - - [17/Jul/2015:05:57:18 -0500] "GET /BLA/boletinlegal/js/jquery.scrollShow.js HTTP/1.1" 200 4586
186.29.89.207 - - [17/Jul/2015:05:57:19 -0500] "GET /BLA/boletinlegal/js/jquery.scrollShow.js HTTP/1.1" 200 4586
186.29.89.207 - - [17/Jul/2015:05:57:19 -0500] "GET /galeria/galeria/jquery.fancybox.js?v=2.1.5 HTTP/1.1" 200 48706
186.29.89.207 - - [17/Jul/2015:05:57:19 -0500] "GET /galeria/galeria/jquery.fancybox.css?v=2.1.5 HTTP/1.1" 200 4895
186.29.89.207 - - [17/Jul/2015:05:57:19 -0500] "GET /galeria/carrusel/Carrusel/jquery.thumbnailScroller.css HTTP/1.1" 200 2066
201.228.41.120 - - [17/Jul/2015:05:57:19 -0500] "GET /galeria/galeria/jquery.fancybox.js?v=2.1.5 HTTP/1.1" 200 48706
186.29.89.207 - - [17/Jul/2015:05:57:19 -0500] "GET /galeria/carrusel/Carrusel/jquery-ui-1.8.13.custom.min.js HTTP/1.1" 200 10800
201.228.41.120 - - [17/Jul/2015:05:57:19 -0500] "GET /galeria/galeria/jquery.fancybox.css?v=2.1.5 HTTP/1.1" 200 4895
186.29.89.207 - - [17/Jul/2015:05:57:19 -0500] "GET /galeria/carrusel/Carrusel/jquery.thumbnailScroller.js HTTP/1.1" 200 8157
186.29.89.207 - - [17/Jul/2015:05:57:23 -0500] "GET /galeria/nivo-slider/demo/demo.html HTTP/1.1" 200 5224
66.249.65.220 - - [17/Jul/2015:05:57:25 -0500] "GET /BLA/resoluciones/AUTOS%202012/2511.pdf HTTP/1.1" 304 -
181.129.66.1 - - [17/Jul/2015:05:57:26 -0500] "GET /BLA/resoluciones/AUTOS%202012/1995.pdf HTTP/1.1" 200 1636459
186.29.89.207 - - [17/Jul/2015:05:57:26 -0500] "GET /galeria/nivo-slider/themes/default/default.css HTTP/1.1" 200 1569
186.29.89.207 - - [17/Jul/2015:05:57:26 -0500] "GET /galeria/nivo-slider/themes/pascal/pascal.css HTTP/1.1" 200 2258
186.29.89.207 - - [17/Jul/2015:05:57:26 -0500] "GET /galeria/nivo-slider/themes/orman/orman.css HTTP/1.1" 200 2152
186.29.89.207 - - [17/Jul/2015:05:57:26 -0500] "GET /galeria/nivo-slider/nivo-slider.css HTTP/1.1" 200 1507
186.29.89.207 - - [17/Jul/2015:05:57:26 -0500] "GET /galeria/nivo-slider/demo/style.css HTTP/1.1" 200 2222
186.29.89.207 - - [17/Jul/2015:05:57:26 -0500] "GET /galeria/nivo-slider/demo/images/Rendicion-de-cuentas.jpg HTTP/1.1" 200 174889
186.29.89.207 - - [17/Jul/2015:05:57:26 -0500] "GET /galeria/nivo-slider/demo/images/banner-llantas2.jpg HTTP/1.1" 200 204644
186.29.89.207 - - [17/Jul/2015:05:57:26 -0500] "GET /galeria/nivo-slider/demo/images/Semana-PYBA.jpg HTTP/1.1" 200 147360
186.29.89.207 - - [17/Jul/2015:05:57:26 -0500] "GET /galeria/nivo-slider/demo/images/PREDAcamp.jpg HTTP/1.1" 200 295358
186.29.89.207 - - [17/Jul/2015:05:57:26 -0500] "GET /galeria/nivo-slider/demo/images/VoluntariadoPYBA.jpg HTTP/1.1" 200 40647
186.29.89.207 - - [17/Jul/2015:05:57:26 -0500] "GET /galeria/nivo-slider/demo/images/9Signos.jpg HTTP/1.1" 200 81776
186.29.89.207 - - [17/Jul/2015:05:57:27 -0500] "GET /galeria/nivo-slider/demo/images/Comparendo-ambiental-Banner.jpg HTTP/1.1" 200 83731
181.129.66.1 - - [17/Jul/2015:05:57:28 -0500] "GET /BLA/resoluciones/AUTOS%202012/1995.pdf HTTP/1.1" 206 32768
181.129.66.1 - - [17/Jul/2015:05:57:28 -0500] "GET /BLA/resoluciones/AUTOS%202012/1995.pdf HTTP/1.1" 206 1603691
186.29.89.207 - - [17/Jul/2015:05:57:28 -0500] "GET /galeria/nivo-slider/demo/images/GAE-banner.jpg HTTP/1.1" 200 97556
181.60.213.171 - - [17/Jul/2015:05:57:33 -0500] "POST /forms/lservlet;jsessionid=ac16012b30d69da727e7dae24f749504c4bd85103e32.e3iSbxaKaheRe34MbhmNaxqNb41ynknvrkLOlQzNp65In0 HTTP/1.1" 200 2
181.60.213.171 - - [17/Jul/2015:05:57:34 -0500] "POST /forms/lservlet;jsessionid=ac16012b30d69da727e7dae24f749504c4bd85103e32.e3iSbxaKaheRe34MbhmNaxqNb41ynknvrkLOlQzNp65In0 HTTP/1.1" 200 2371
181.60.213.171 - - [17/Jul/2015:05:57:34 -0500] "GET /imagenes/Srch_frw.gif HTTP/1.1" 200 925
181.60.213.171 - - [17/Jul/2015:05:57:34 -0500] "POST /forms/lservlet;jsessionid=ac16012b30d69da727e7dae24f749504c4bd85103e32.e3iSbxaKaheRe34MbhmNaxqNb41ynknvrkLOlQzNp65In0 HTTP/1.1" 200 10
181.60.213.171 - - [17/Jul/2015:05:57:35 -0500] "POST /forms/lservlet;jsessionid=ac16012b30d69da727e7dae24f749504c4bd85103e32.e3iSbxaKaheRe34MbhmNaxqNb41ynknvrkLOlQzNp65In0 HTTP/1.1" 200 24
181.60.213.171 - - [17/Jul/2015:05:57:35 -0500] "POST /forms/lservlet;jsessionid=ac16012b30d69da727e7dae24f749504c4bd85103e32.e3iSbxaKaheRe34MbhmNaxqNb41ynknvrkLOlQzNp65In0 HTTP/1.1" 200 3938
181.60.213.171 - - [17/Jul/2015:05:57:36 -0500] "POST /forms/lservlet;jsessionid=ac16012b30d69da727e7dae24f749504c4bd85103e32.e3iSbxaKaheRe34MbhmNaxqNb41ynknvrkLOlQzNp65In0 HTTP/1.1" 200 2
201.228.41.120 - - [17/Jul/2015:05:57:39 -0500] "GET /galeria/galeria/jquery.fancybox.css?v=2.1.5 HTTP/1.1" 304 -
201.228.41.120 - - [17/Jul/2015:05:57:39 -0500] "GET /BLA/boletinlegal/js/jquery.scrollShow.js HTTP/1.1" 304 -
201.228.41.120 - - [17/Jul/2015:05:57:39 -0500] "GET /galeria/galeria/jquery.fancybox.js?v=2.1.5 HTTP/1.1" 304 -
66.249.65.220 - - [17/Jul/2015:05:57:48 -0500] "GET /BLA/resoluciones/RESOLUCIONES%202008/0409.pdf HTTP/1.1" 304 -
66.249.65.227 - - [17/Jul/2015:05:57:56 -0500] "GET /m/BLA/resoluciones/RESOLUCIONES%202007/RES%202007%203901%20AL%204000/RESOLUCION%203957%20DE%202007.pdf HTTP/1.1" 404 1018
66.249.65.220 - - [17/Jul/2015:05:58:10 -0500] "GET /BLA/resoluciones/RESOLUCIONES%202012/1556.pdf HTTP/1.1" 304 -
66.249.65.227 - - [17/Jul/2015:05:58:17 -0500] "GET /BLA/resoluciones/RESOLUCIONES%202009/2913.pdf HTTP/1.1" 200 1316999
181.60.213.171 - - [17/Jul/2015:05:58:25 -0500] "POST /forms/lservlet;jsessionid=ac16012b30d69da727e7dae24f749504c4bd85103e32.e3iSbxaKaheRe34MbhmNaxqNb41ynknvrkLOlQzNp65In0 HTTP/1.1" 200 2
66.249.65.227 - - [17/Jul/2015:05:58:32 -0500] "GET /BLA/resoluciones/RESOLUCIONES%202010/4492.pdf HTTP/1.1" 304 -
74.86.158.107 - - [17/Jul/2015:05:59:08 -0500] "HEAD / HTTP/1.1" 200 -
66.249.65.48 - - [17/Jul/2015:05:58:47 -0500] "GET /BLA/boletinlegal/index.php HTTP/1.1" 200 50649
66.249.65.220 - - [17/Jul/2015:05:59:36 -0500] "GET /BLA/resoluciones/RESOLUCIONES%202007/RES%202007%201401%20AL%201500/RESOLUCION%201409%20DE%202007.pdf HTTP/1.1" 304 -
66.249.65.227 - - [17/Jul/2015:05:59:36 -0500] "GET /BLA/resoluciones/RESOLUCIONES%202012/1307.pdf HTTP/1.1" 304 -
66.249.65.220 - - [17/Jul/2015:05:59:38 -0500] "GET /BLA/resoluciones/RESOLUCIONES%202013/2596.pdf HTTP/1.1" 304 -
190.42.16.174 - - [17/Jul/2015:05:59:59 -0500] "GET /BLA/boletinlegal/js/jquery.scrollShow.js HTTP/1.1" 200 4586
190.42.16.174 - - [17/Jul/2015:05:59:59 -0500] "GET /galeria/galeria/jquery.fancybox.js?v=2.1.5 HTTP/1.1" 200 48706
190.42.16.174 - - [17/Jul/2015:05:59:59 -0500] "GET /galeria/galeria/jquery.fancybox.css?v=2.1.5 HTTP/1.1" 200 4895
66.249.65.220 - - [17/Jul/2015:06:00:23 -0500] "GET /BLA/resoluciones/AUTOS%202007/3665.pdf HTTP/1.1" 304 -
181.60.213.171 - - [17/Jul/2015:06:00:25 -0500] "POST /forms/lservlet;jsessionid=ac16012b30d69da727e7dae24f749504c4bd85103e32.e3iSbxaKaheRe34MbhmNaxqNb41ynknvrkLOlQzNp65In0 HTTP/1.1" 200 2
190.158.133.59 - - [17/Jul/2015:06:00:27 -0500] "GET /BLA/boletinlegal/js/jquery.scrollShow.js HTTP/1.1" 200 4586
190.158.133.59 - - [17/Jul/2015:06:00:27 -0500] "GET /galeria/galeria/jquery.fancybox.js?v=2.1.5 HTTP/1.1" 200 48706
190.158.133.59 - - [17/Jul/2015:06:00:27 -0500] "GET /galeria/galeria/jquery.fancybox.css?v=2.1.5 HTTP/1.1" 200 4895
190.42.16.174 - - [17/Jul/2015:06:00:27 -0500] "GET /BLA/boletinlegal/js/jquery.scrollShow.js HTTP/1.1" 200 4586
190.42.16.174 - - [17/Jul/2015:06:00:27 -0500] "GET /galeria/galeria/jquery.fancybox.js?v=2.1.5 HTTP/1.1" 200 48706
190.42.16.174 - - [17/Jul/2015:06:00:27 -0500] "GET /galeria/galeria/jquery.fancybox.css?v=2.1.5 HTTP/1.1" 200 4895
66.249.65.213 - - [17/Jul/2015:06:00:45 -0500] "GET /BLA/resoluciones/RESOLUCIONES%202007/RES%202007%203001%20AL%203100/RESOLUCION%203077%20DE%202007.pdf HTTP/1.1" 304 -
186.145.139.151 - - [17/Jul/2015:06:00:46 -0500] "GET /galeria/galeria/jquery.fancybox.css?v=2.1.5 HTTP/1.1" 200 4895
186.145.139.151 - - [17/Jul/2015:06:00:46 -0500] "GET /BLA/boletinlegal/js/jquery.scrollShow.js HTTP/1.1" 200 4586
186.145.139.151 - - [17/Jul/2015:06:00:46 -0500] "GET /galeria/galeria/jquery.fancybox.js?v=2.1.5 HTTP/1.1" 200 48706
186.145.139.151 - - [17/Jul/2015:06:00:50 -0500] "GET /BLA/boletinlegal/js/jquery.scrollShow.js HTTP/1.1" 304 -
186.145.139.151 - - [17/Jul/2015:06:00:50 -0500] "GET /galeria/galeria/jquery.fancybox.js?v=2.1.5 HTTP/1.1" 304 -
186.145.139.151 - - [17/Jul/2015:06:00:50 -0500] "GET /galeria/galeria/jquery.fancybox.css?v=2.1.5 HTTP/1.1" 304 -
66.249.65.213 - - [17/Jul/2015:06:01:07 -0500] "GET /BLA/circulares/5.pdf HTTP/1.1" 304 -
66.249.65.220 - - [17/Jul/2015:06:01:29 -0500] "GET /BLA/resoluciones/RESOLUCIONES%202014/1460.pdf HTTP/1.1" 304 -
66.249.65.220 - - [17/Jul/2015:06:01:52 -0500] "GET /BLA/resoluciones/AUTOS%202012/1723.pdf HTTP/1.1" 304 -
66.249.65.220 - - [17/Jul/2015:06:02:04 -0500] "GET /BLA/resoluciones/RESOLUCIONES%202012/1311.pdf HTTP/1.1" 200 1612140
66.249.65.227 - - [17/Jul/2015:06:02:14 -0500] "GET /BLA/resoluciones/RESOLUCIONES%202013/0466.pdf HTTP/1.1" 304 -
181.60.213.171 - - [17/Jul/2015:06:02:25 -0500] "POST /forms/lservlet;jsessionid=ac16012b30d69da727e7dae24f749504c4bd85103e32.e3iSbxaKaheRe34MbhmNaxqNb41ynknvrkLOlQzNp65In0 HTTP/1.1" 200 2
66.249.65.220 - - [17/Jul/2015:06:02:36 -0500] "GET /BLA/resoluciones/RESOLUCIONES%202010/0417.pdf HTTP/1.1" 304 -
66.249.65.227 - - [17/Jul/2015:06:02:58 -0500] "GET /BLA/resoluciones/AUTOS%202009/0022.pdf HTTP/1.1" 304 -
200.14.238.130 - - [17/Jul/2015:06:03:05 -0500] "GET /BLA/boletinlegal/js/jquery.scrollShow.js HTTP/1.1" 200 4586
200.14.238.130 - - [17/Jul/2015:06:03:05 -0500] "GET /galeria/galeria/jquery.fancybox.css?v=2.1.5 HTTP/1.1" 200 4895
200.14.238.130 - - [17/Jul/2015:06:03:05 -0500] "GET /galeria/galeria/jquery.fancybox.js?v=2.1.5 HTTP/1.1" 200 48706
188.165.15.188 - - [17/Jul/2015:06:03:06 -0500] "GET /BLA/resoluciones/AUTOS%202006/AUTOS%202006%20401-500/00000412.tif HTTP/1.1" 200 235516
181.60.213.171 - - [17/Jul/2015:06:03:06 -0500] "POST /forms/lservlet;jsessionid=ac16012b30d69da727e7dae24f749504c4bd85103e32.e3iSbxaKaheRe34MbhmNaxqNb41ynknvrkLOlQzNp65In0 HTTP/1.1" 200 2
181.60.213.171 - - [17/Jul/2015:06:03:07 -0500] "POST /forms/lservlet;jsessionid=ac16012b30d69da727e7dae24f749504c4bd85103e32.e3iSbxaKaheRe34MbhmNaxqNb41ynknvrkLOlQzNp65In0 HTTP/1.1" 200 2324
181.60.213.171 - - [17/Jul/2015:06:03:07 -0500] "GET /imagenes/Srch_frw.gif HTTP/1.1" 200 925
181.60.213.171 - - [17/Jul/2015:06:03:07 -0500] "POST /forms/lservlet;jsessionid=ac16012b30d69da727e7dae24f749504c4bd85103e32.e3iSbxaKaheRe34MbhmNaxqNb41ynknvrkLOlQzNp65In0 HTTP/1.1" 200 10
88.198.233.69 - - [17/Jul/2015:06:03:07 -0500] "GET / HTTP/1.1" 200 10190
181.60.213.171 - - [17/Jul/2015:06:03:08 -0500] "POST /forms/lservlet;jsessionid=ac16012b30d69da727e7dae24f749504c4bd85103e32.e3iSbxaKaheRe34MbhmNaxqNb41ynknvrkLOlQzNp65In0 HTTP/1.1" 200 24
181.60.213.171 - - [17/Jul/2015:06:03:08 -0500] "POST /forms/lservlet;jsessionid=ac16012b30d69da727e7dae24f749504c4bd85103e32.e3iSbxaKaheRe34MbhmNaxqNb41ynknvrkLOlQzNp65In0 HTTP/1.1" 200 3883
181.60.213.171 - - [17/Jul/2015:06:03:09 -0500] "POST /forms/lservlet;jsessionid=ac16012b30d69da727e7dae24f749504c4bd85103e32.e3iSbxaKaheRe34MbhmNaxqNb41ynknvrkLOlQzNp65In0 HTTP/1.1" 200 2
200.14.238.130 - - [17/Jul/2015:06:03:09 -0500] "GET /BLA/boletinlegal/js/jquery.scrollShow.js HTTP/1.1" 304 -
200.14.238.130 - - [17/Jul/2015:06:03:09 -0500] "GET /galeria/galeria/jquery.fancybox.js?v=2.1.5 HTTP/1.1" 304 -
200.14.238.130 - - [17/Jul/2015:06:03:09 -0500] "GET /galeria/galeria/jquery.fancybox.css?v=2.1.5 HTTP/1.1" 304 -
201.234.75.11 - - [17/Jul/2015:06:03:17 -0500] "GET /galeria/nivo-slider/demo/images/bolsas-08.jpg HTTP/1.1" 304 -
66.249.65.227 - - [17/Jul/2015:06:03:20 -0500] "GET /BLA/resoluciones/RESOLUCIONES%202010/4175.pdf HTTP/1.1" 304 -
151.80.31.127 - - [17/Jul/2015:06:03:22 -0500] "GET //t_blank HTTP/1.1" 404 1019
181.60.213.171 - - [17/Jul/2015:06:03:24 -0500] "POST /forms/lservlet;jsessionid=ac16012b30d69da727e7dae24f749504c4bd85103e32.e3iSbxaKaheRe34MbhmNaxqNb41ynknvrkLOlQzNp65In0 HTTP/1.1" 200 2
181.60.213.171 - - [17/Jul/2015:06:03:24 -0500] "POST /forms/lservlet;jsessionid=ac16012b30d69da727e7dae24f749504c4bd85103e32.e3iSbxaKaheRe34MbhmNaxqNb41ynknvrkLOlQzNp65In0 HTTP/1.1" 200 2345
181.60.213.171 - - [17/Jul/2015:06:03:24 -0500] "GET /imagenes/Srch_frw.gif HTTP/1.1" 200 925
181.60.213.171 - - [17/Jul/2015:06:03:24 -0500] "POST /forms/lservlet;jsessionid=ac16012b30d69da727e7dae24f749504c4bd85103e32.e3iSbxaKaheRe34MbhmNaxqNb41ynknvrkLOlQzNp65In0 HTTP/1.1" 200 10
181.60.213.171 - - [17/Jul/2015:06:03:25 -0500] "POST /forms/lservlet;jsessionid=ac16012b30d69da727e7dae24f749504c4bd85103e32.e3iSbxaKaheRe34MbhmNaxqNb41ynknvrkLOlQzNp65In0 HTTP/1.1" 200 24
201.190.112.199 - - [17/Jul/2015:06:03:26 -0500] "GET /galeria/galeria/jquery.fancybox.css?v=2.1.5 HTTP/1.1" 200 4895
201.190.112.199 - - [17/Jul/2015:06:03:26 -0500] "GET /galeria/galeria/jquery.fancybox.js?v=2.1.5 HTTP/1.1" 200 48706
201.190.112.199 - - [17/Jul/2015:06:03:26 -0500] "GET /BLA/boletinlegal/js/jquery.scrollShow.js HTTP/1.1" 200 4586
181.60.213.171 - - [17/Jul/2015:06:03:26 -0500] "POST /forms/lservlet;jsessionid=ac16012b30d69da727e7dae24f749504c4bd85103e32.e3iSbxaKaheRe34MbhmNaxqNb41ynknvrkLOlQzNp65In0 HTTP/1.1" 200 3919
181.60.213.171 - - [17/Jul/2015:06:03:26 -0500] "POST /forms/lservlet;jsessionid=ac16012b30d69da727e7dae24f749504c4bd85103e32.e3iSbxaKaheRe34MbhmNaxqNb41ynknvrkLOlQzNp65In0 HTTP/1.1" 200 2
66.249.65.213 - - [17/Jul/2015:06:03:29 -0500] "GET /BLA/resoluciones/RESOLUCIONES%202009/3903.pdf HTTP/1.1" 200 777665
66.249.65.220 - - [17/Jul/2015:06:03:42 -0500] "GET /BLA/resoluciones/AUTOS%202013/0196.pdf HTTP/1.1" 304 -
181.60.213.171 - - [17/Jul/2015:06:03:49 -0500] "POST /forms/lservlet;jsessionid=ac16012b30d69da727e7dae24f749504c4bd85103e32.e3iSbxaKaheRe34MbhmNaxqNb41ynknvrkLOlQzNp65In0 HTTP/1.1" 200 2
181.60.213.171 - - [17/Jul/2015:06:03:49 -0500] "POST /forms/lservlet;jsessionid=ac16012b30d69da727e7dae24f749504c4bd85103e32.e3iSbxaKaheRe34MbhmNaxqNb41ynknvrkLOlQzNp65In0 HTTP/1.1" 200 2322
181.60.213.171 - - [17/Jul/2015:06:03:49 -0500] "POST /forms/lservlet;jsessionid=ac16012b30d69da727e7dae24f749504c4bd85103e32.e3iSbxaKaheRe34MbhmNaxqNb41ynknvrkLOlQzNp65In0 HTTP/1.1" 200 10
181.60.213.171 - - [17/Jul/2015:06:03:50 -0500] "POST /forms/lservlet;jsessionid=ac16012b30d69da727e7dae24f749504c4bd85103e32.e3iSbxaKaheRe34MbhmNaxqNb41ynknvrkLOlQzNp65In0 HTTP/1.1" 200 24
181.60.213.171 - - [17/Jul/2015:06:03:50 -0500] "POST /forms/lservlet;jsessionid=ac16012b30d69da727e7dae24f749504c4bd85103e32.e3iSbxaKaheRe34MbhmNaxqNb41ynknvrkLOlQzNp65In0 HTTP/1.1" 200 3835
181.60.213.171 - - [17/Jul/2015:06:03:50 -0500] "POST /forms/lservlet;jsessionid=ac16012b30d69da727e7dae24f749504c4bd85103e32.e3iSbxaKaheRe34MbhmNaxqNb41ynknvrkLOlQzNp65In0 HTTP/1.1" 200 2
66.249.65.227 - - [17/Jul/2015:06:04:05 -0500] "GET /BLA/resoluciones/RESOLUCIONES%202014/1512.pdf HTTP/1.1" 304 -
74.86.158.107 - - [17/Jul/2015:06:04:08 -0500] "HEAD / HTTP/1.1" 200 -
181.60.213.171 - - [17/Jul/2015:06:04:18 -0500] "POST /forms/lservlet;jsessionid=ac16012b30d69da727e7dae24f749504c4bd85103e32.e3iSbxaKaheRe34MbhmNaxqNb41ynknvrkLOlQzNp65In0 HTTP/1.1" 200 2
181.60.213.171 - - [17/Jul/2015:06:04:18 -0500] "POST /forms/lservlet;jsessionid=ac16012b30d69da727e7dae24f749504c4bd85103e32.e3iSbxaKaheRe34MbhmNaxqNb41ynknvrkLOlQzNp65In0 HTTP/1.1" 200 2383
181.60.213.171 - - [17/Jul/2015:06:04:18 -0500] "GET /imagenes/Srch_frw.gif HTTP/1.1" 200 925
181.60.213.171 - - [17/Jul/2015:06:04:18 -0500] "POST /forms/lservlet;jsessionid=ac16012b30d69da727e7dae24f749504c4bd85103e32.e3iSbxaKaheRe34MbhmNaxqNb41ynknvrkLOlQzNp65In0 HTTP/1.1" 200 10
181.60.213.171 - - [17/Jul/2015:06:04:19 -0500] "POST /forms/lservlet;jsessionid=ac16012b30d69da727e7dae24f749504c4bd85103e32.e3iSbxaKaheRe34MbhmNaxqNb41ynknvrkLOlQzNp65In0 HTTP/1.1" 200 24
181.60.213.171 - - [17/Jul/2015:06:04:19 -0500] "POST /forms/lservlet;jsessionid=ac16012b30d69da727e7dae24f749504c4bd85103e32.e3iSbxaKaheRe34MbhmNaxqNb41ynknvrkLOlQzNp65In0 HTTP/1.1" 200 580
181.60.213.171 - - [17/Jul/2015:06:04:19 -0500] "POST /forms/lservlet;jsessionid=ac16012b30d69da727e7dae24f749504c4bd85103e32.e3iSbxaKaheRe34MbhmNaxqNb41ynknvrkLOlQzNp65In0 HTTP/1.1" 200 11
181.60.213.171 - - [17/Jul/2015:06:04:21 -0500] "POST /forms/lservlet;jsessionid=ac16012b30d69da727e7dae24f749504c4bd85103e32.e3iSbxaKaheRe34MbhmNaxqNb41ynknvrkLOlQzNp65In0 HTTP/1.1" 200 2
181.60.213.171 - - [17/Jul/2015:06:04:21 -0500] "POST /forms/lservlet;jsessionid=ac16012b30d69da727e7dae24f749504c4bd85103e32.e3iSbxaKaheRe34MbhmNaxqNb41ynknvrkLOlQzNp65In0 HTTP/1.1" 200 448
181.60.213.171 - - [17/Jul/2015:06:04:21 -0500] "POST /forms/lservlet;jsessionid=ac16012b30d69da727e7dae24f749504c4bd85103e32.e3iSbxaKaheRe34MbhmNaxqNb41ynknvrkLOlQzNp65In0 HTTP/1.1" 200 11
181.60.213.171 - - [17/Jul/2015:06:04:24 -0500] "POST /forms/lservlet;jsessionid=ac16012b30d69da727e7dae24f749504c4bd85103e32.e3iSbxaKaheRe34MbhmNaxqNb41ynknvrkLOlQzNp65In0 HTTP/1.1" 200 24
181.60.213.171 - - [17/Jul/2015:06:04:24 -0500] "POST /forms/lservlet;jsessionid=ac16012b30d69da727e7dae24f749504c4bd85103e32.e3iSbxaKaheRe34MbhmNaxqNb41ynknvrkLOlQzNp65In0 HTTP/1.1" 200 3922
181.60.213.171 - - [17/Jul/2015:06:04:24 -0500] "POST /forms/lservlet;jsessionid=ac16012b30d69da727e7dae24f749504c4bd85103e32.e3iSbxaKaheRe34MbhmNaxqNb41ynknvrkLOlQzNp65In0 HTTP/1.1" 200 2
181.60.213.171 - - [17/Jul/2015:06:04:25 -0500] "POST /forms/lservlet;jsessionid=ac16012b30d69da727e7dae24f749504c4bd85103e32.e3iSbxaKaheRe34MbhmNaxqNb41ynknvrkLOlQzNp65In0 HTTP/1.1" 200 2
66.249.65.227 - - [17/Jul/2015:06:04:25 -0500] "GET /BLA/resoluciones/RESOLUCIONES%202009/2588.pdf HTTP/1.1" 200 1138094
66.249.65.227 - - [17/Jul/2015:06:04:28 -0500] "GET /BLA/resoluciones/RESOLUCIONES%202013/0847.pdf HTTP/1.1" 304 -
66.249.65.220 - - [17/Jul/2015:06:04:31 -0500] "GET /Autoliquidacion/TR%C3%81MITES%20AGUAS%20SUPERFICIALES/FORMULARIO%20NACIONAL%20SOLICITUD%20-Concesion%20Aguas%20Superficiales.pdf HTTP/1.1" 304 -
181.60.213.171 - - [17/Jul/2015:06:04:38 -0500] "POST /forms/lservlet;jsessionid=ac16012b30d69da727e7dae24f749504c4bd85103e32.e3iSbxaKaheRe34MbhmNaxqNb41ynknvrkLOlQzNp65In0 HTTP/1.1" 200 2
181.60.213.171 - - [17/Jul/2015:06:04:38 -0500] "POST /forms/lservlet;jsessionid=ac16012b30d69da727e7dae24f749504c4bd85103e32.e3iSbxaKaheRe34MbhmNaxqNb41ynknvrkLOlQzNp65In0 HTTP/1.1" 200 2350
181.60.213.171 - - [17/Jul/2015:06:04:38 -0500] "GET /imagenes/Srch_frw.gif HTTP/1.1" 200 925
181.60.213.171 - - [17/Jul/2015:06:04:38 -0500] "POST /forms/lservlet;jsessionid=ac16012b30d69da727e7dae24f749504c4bd85103e32.e3iSbxaKaheRe34MbhmNaxqNb41ynknvrkLOlQzNp65In0 HTTP/1.1" 200 10
181.60.213.171 - - [17/Jul/2015:06:04:39 -0500] "POST /forms/lservlet;jsessionid=ac16012b30d69da727e7dae24f749504c4bd85103e32.e3iSbxaKaheRe34MbhmNaxqNb41ynknvrkLOlQzNp65In0 HTTP/1.1" 200 24
181.60.213.171 - - [17/Jul/2015:06:04:39 -0500] "POST /forms/lservlet;jsessionid=ac16012b30d69da727e7dae24f749504c4bd85103e32.e3iSbxaKaheRe34MbhmNaxqNb41ynknvrkLOlQzNp65In0 HTTP/1.1" 200 518
181.60.213.171 - - [17/Jul/2015:06:04:39 -0500] "POST /forms/lservlet;jsessionid=ac16012b30d69da727e7dae24f749504c4bd85103e32.e3iSbxaKaheRe34MbhmNaxqNb41ynknvrkLOlQzNp65In0 HTTP/1.1" 200 11
181.60.213.171 - - [17/Jul/2015:06:04:41 -0500] "POST /forms/lservlet;jsessionid=ac16012b30d69da727e7dae24f749504c4bd85103e32.e3iSbxaKaheRe34MbhmNaxqNb41ynknvrkLOlQzNp65In0 HTTP/1.1" 200 2
181.60.213.171 - - [17/Jul/2015:06:04:41 -0500] "POST /forms/lservlet;jsessionid=ac16012b30d69da727e7dae24f749504c4bd85103e32.e3iSbxaKaheRe34MbhmNaxqNb41ynknvrkLOlQzNp65In0 HTTP/1.1" 200 448
181.60.213.171 - - [17/Jul/2015:06:04:41 -0500] "POST /forms/lservlet;jsessionid=ac16012b30d69da727e7dae24f749504c4bd85103e32.e3iSbxaKaheRe34MbhmNaxqNb41ynknvrkLOlQzNp65In0 HTTP/1.1" 200 11
181.60.213.171 - - [17/Jul/2015:06:04:43 -0500] "POST /forms/lservlet;jsessionid=ac16012b30d69da727e7dae24f749504c4bd85103e32.e3iSbxaKaheRe34MbhmNaxqNb41ynknvrkLOlQzNp65In0 HTTP/1.1" 200 24
181.60.213.171 - - [17/Jul/2015:06:04:43 -0500] "POST /forms/lservlet;jsessionid=ac16012b30d69da727e7dae24f749504c4bd85103e32.e3iSbxaKaheRe34MbhmNaxqNb41ynknvrkLOlQzNp65In0 HTTP/1.1" 200 3898
181.60.213.171 - - [17/Jul/2015:06:04:44 -0500] "POST /forms/lservlet;jsessionid=ac16012b30d69da727e7dae24f749504c4bd85103e32.e3iSbxaKaheRe34MbhmNaxqNb41ynknvrkLOlQzNp65In0 HTTP/1.1" 200 2
66.249.65.213 - - [17/Jul/2015:06:04:49 -0500] "GET /BLA/resoluciones/Notificaciones/AUTOS%202014/5643.doc HTTP/1.1" 304 -
181.60.213.171 - - [17/Jul/2015:06:04:59 -0500] "POST /forms/lservlet;jsessionid=ac16012b30d69da727e7dae24f749504c4bd85103e32.e3iSbxaKaheRe34MbhmNaxqNb41ynknvrkLOlQzNp65In0 HTTP/1.1" 200 2
181.60.213.171 - - [17/Jul/2015:06:04:59 -0500] "POST /forms/lservlet;jsessionid=ac16012b30d69da727e7dae24f749504c4bd85103e32.e3iSbxaKaheRe34MbhmNaxqNb41ynknvrkLOlQzNp65In0 HTTP/1.1" 200 2304
181.60.213.171 - - [17/Jul/2015:06:04:59 -0500] "GET /imagenes/Srch_frw.gif HTTP/1.1" 200 925
181.60.213.171 - - [17/Jul/2015:06:04:59 -0500] "POST /forms/lservlet;jsessionid=ac16012b30d69da727e7dae24f749504c4bd85103e32.e3iSbxaKaheRe34MbhmNaxqNb41ynknvrkLOlQzNp65In0 HTTP/1.1" 200 10
181.60.213.171 - - [17/Jul/2015:06:05:02 -0500] "POST /forms/lservlet;jsessionid=ac16012b30d69da727e7dae24f749504c4bd85103e32.e3iSbxaKaheRe34MbhmNaxqNb41ynknvrkLOlQzNp65In0 HTTP/1.1" 200 24
181.60.213.171 - - [17/Jul/2015:06:05:02 -0500] "POST /forms/lservlet;jsessionid=ac16012b30d69da727e7dae24f749504c4bd85103e32.e3iSbxaKaheRe34MbhmNaxqNb41ynknvrkLOlQzNp65In0 HTTP/1.1" 200 4052
181.60.213.171 - - [17/Jul/2015:06:05:03 -0500] "POST /forms/lservlet;jsessionid=ac16012b30d69da727e7dae24f749504c4bd85103e32.e3iSbxaKaheRe34MbhmNaxqNb41ynknvrkLOlQzNp65In0 HTTP/1.1" 200 2
66.249.65.48 - - [17/Jul/2015:06:05:11 -0500] "GET /POT-2013/Cartografia/28_USOS%20Y%20AREAS%20DE%20ACTIVIDAD.pdf HTTP/1.1" 304 -
66.249.65.213 - - [17/Jul/2015:06:05:33 -0500] "GET /BLA/resoluciones/AUTOS%202011/2208.pdf HTTP/1.1" 304 -
66.249.65.220 - - [17/Jul/2015:06:05:56 -0500] "GET /BLA/resoluciones/AUTOS%202013/0219.pdf HTTP/1.1" 304 -
66.249.65.227 - - [17/Jul/2015:06:06:18 -0500] "GET /BLA/resoluciones/RESOLUCIONES%202011/6563.pdf HTTP/1.1" 304 -
181.60.213.171 - - [17/Jul/2015:06:06:25 -0500] "POST /forms/lservlet;jsessionid=ac16012b30d69da727e7dae24f749504c4bd85103e32.e3iSbxaKaheRe34MbhmNaxqNb41ynknvrkLOlQzNp65In0 HTTP/1.1" 200 2
66.249.65.227 - - [17/Jul/2015:06:06:40 -0500] "GET /BLA/resoluciones/RESOLUCIONES%202007/RES%202007%20401%20AL%20500/RESOLUCION%200461%20DE%202007.pdf HTTP/1.1" 304 -
66.249.65.220 - - [17/Jul/2015:06:06:54 -0500] "GET /BLA/resoluciones/RESOLUCIONES%202008/3926.pdf HTTP/1.1" 200 220207
66.249.65.213 - - [17/Jul/2015:06:07:02 -0500] "GET /BLA/resoluciones/RESOLUCIONES%202009/4230.pdf HTTP/1.1" 304 -
152.61.128.66 - - [17/Jul/2015:06:07:16 -0500] "HEAD / HTTP/1.1" 200 -
152.61.128.66 - - [17/Jul/2015:06:07:16 -0500] "GET /arcgis/services/Calidad_del_Agua_WQI/MapServer/WMSServer?SERVICE=WMS&REQUEST=GetCapabilities HTTP/1.1" 200 32135
152.61.128.66 - - [17/Jul/2015:06:07:17 -0500] "GET /arcgis/services/Calidad_del_Agua_WQI/MapServer/WMSServer?SERVICE=WMS&REQUEST=GetCapabilities HTTP/1.0" 200 32135
152.61.128.66 - - [17/Jul/2015:06:07:18 -0500] "GET /arcgis/services/Calidad_del_Agua_WQI/MapServer/WMSServer?SERVICE=WMS&REQUEST=GetCapabilities HTTP/1.0" 200 32135
152.61.128.66 - - [17/Jul/2015:06:07:19 -0500] "GET /arcgis/services/Calidad_del_Agua_WQI/MapServer/WMSServer?SERVICE=WMS&REQUEST=GetCapabilities HTTP/1.0" 200 32135
152.61.128.66 - - [17/Jul/2015:06:07:20 -0500] "GET /arcgis/services/Calidad_del_Agua_WQI/MapServer/WMSServer?VERSION=1.1.1&REQUEST=GetMap&LAYERS=0&SRS=EPSG:4326&BBOX=-74.473395,3.674381,-73.963300,4.920569&WIDTH=250&HEIGHT=250&FORMAT=image/bmp&STYLES=& HTTP/1.1" 200 188054
66.249.65.220 - - [17/Jul/2015:06:07:24 -0500] "GET /BLA/resoluciones/AUTOS%202012/2170.pdf HTTP/1.1" 304 -
186.113.41.186 - - [17/Jul/2015:06:07:32 -0500] "GET /galeria/galeria/jquery.fancybox.css?v=2.1.5 HTTP/1.1" 200 4895
186.113.41.186 - - [17/Jul/2015:06:07:32 -0500] "GET /BLA/boletinlegal/js/jquery.scrollShow.js HTTP/1.1" 200 4586
186.113.41.186 - - [17/Jul/2015:06:07:32 -0500] "GET /galeria/galeria/jquery.fancybox.js?v=2.1.5 HTTP/1.1" 200 48706
66.249.65.220 - - [17/Jul/2015:06:07:46 -0500] "GET /BLA/resoluciones/RESOLUCIONES%202007/RES%202007%202001%20AL%202100/RESOLUCION%202080%20DE%202007.pdf HTTP/1.1" 304 -
186.113.41.186 - - [17/Jul/2015:06:07:55 -0500] "GET /galeria/galeria/jquery.fancybox.css?v=2.1.5 HTTP/1.1" 304 -
186.113.41.186 - - [17/Jul/2015:06:07:55 -0500] "GET /BLA/boletinlegal/js/jquery.scrollShow.js HTTP/1.1" 304 -
186.113.41.186 - - [17/Jul/2015:06:07:55 -0500] "GET /galeria/galeria/jquery.fancybox.js?v=2.1.5 HTTP/1.1" 304 -
66.249.65.227 - - [17/Jul/2015:06:08:09 -0500] "GET /autoliquidacion/Solicitud%20de%20expedici%C3%B3n%20de%20certificados%20de%20estado%20de%20conservaci%C3%B3n%20ambiental%20(CECA)/FORMULARIO%20DE%20SOLICITUD%20DE%20CECA.pdf HTTP/1.1" 304 -
181.60.213.171 - - [17/Jul/2015:06:08:25 -0500] "POST /forms/lservlet;jsessionid=ac16012b30d69da727e7dae24f749504c4bd85103e32.e3iSbxaKaheRe34MbhmNaxqNb41ynknvrkLOlQzNp65In0 HTTP/1.1" 200 2
181.248.149.180 - - [17/Jul/2015:06:08:28 -0500] "GET /galeria/galeria/jquery.fancybox.css?v=2.1.5 HTTP/1.1" 200 4895
181.248.149.180 - - [17/Jul/2015:06:08:28 -0500] "GET /galeria/carrusel/Carrusel/jquery.thumbnailScroller.css HTTP/1.1" 200 2066
181.248.149.180 - - [17/Jul/2015:06:08:28 -0500] "GET /BLA/boletinlegal/js/jquery.scrollShow.js HTTP/1.1" 200 4586
181.248.149.180 - - [17/Jul/2015:06:08:28 -0500] "GET /galeria/galeria/jquery.fancybox.js?v=2.1.5 HTTP/1.1" 200 48706
181.248.149.180 - - [17/Jul/2015:06:08:28 -0500] "GET /galeria/carrusel/Carrusel/jquery-ui-1.8.13.custom.min.js HTTP/1.1" 200 10800
181.248.149.180 - - [17/Jul/2015:06:08:28 -0500] "GET /galeria/carrusel/Carrusel/jquery.thumbnailScroller.js HTTP/1.1" 200 8157
66.249.65.220 - - [17/Jul/2015:06:08:30 -0500] "GET /BLA/resoluciones/RESOLUCIONES%202010/0468.pdf HTTP/1.1" 200 115666
66.249.65.213 - - [17/Jul/2015:06:08:31 -0500] "GET /BLA/resoluciones/RESOLUCIONES%202014/3687.pdf HTTP/1.1" 304 -
181.248.149.180 - - [17/Jul/2015:06:08:41 -0500] "GET /galeria/nivo-slider/demo/demo.html HTTP/1.1" 200 5224
181.248.149.180 - - [17/Jul/2015:06:08:42 -0500] "GET /galeria/nivo-slider/themes/default/default.css HTTP/1.1" 200 1569
181.248.149.180 - - [17/Jul/2015:06:08:43 -0500] "GET /galeria/nivo-slider/themes/pascal/pascal.css HTTP/1.1" 200 2258
181.248.149.180 - - [17/Jul/2015:06:08:43 -0500] "GET /galeria/nivo-slider/themes/orman/orman.css HTTP/1.1" 200 2152
181.248.149.180 - - [17/Jul/2015:06:08:43 -0500] "GET /galeria/nivo-slider/nivo-slider.css HTTP/1.1" 200 1507
181.248.149.180 - - [17/Jul/2015:06:08:43 -0500] "GET /galeria/nivo-slider/demo/style.css HTTP/1.1" 200 2222
181.248.149.180 - - [17/Jul/2015:06:08:43 -0500] "GET /galeria/nivo-slider/demo/scripts/jquery-1.7.1.min.js HTTP/1.1" 200 93868
181.248.149.180 - - [17/Jul/2015:06:08:43 -0500] "GET /galeria/nivo-slider/jquery.nivo.slider.pack.js HTTP/1.1" 200 11561
181.248.149.180 - - [17/Jul/2015:06:08:43 -0500] "GET /galeria/nivo-slider/demo/images/banner-llantas2.jpg HTTP/1.1" 200 204644
181.248.149.180 - - [17/Jul/2015:06:08:43 -0500] "GET /galeria/nivo-slider/demo/images/Rendicion-de-cuentas.jpg HTTP/1.1" 200 174889
181.248.149.180 - - [17/Jul/2015:06:08:43 -0500] "GET /galeria/nivo-slider/demo/images/Semana-PYBA.jpg HTTP/1.1" 200 147360
181.248.149.180 - - [17/Jul/2015:06:08:43 -0500] "GET /galeria/nivo-slider/demo/images/PREDAcamp.jpg HTTP/1.1" 200 295358
181.248.149.180 - - [17/Jul/2015:06:08:45 -0500] "GET /galeria/nivo-slider/demo/images/VoluntariadoPYBA.jpg HTTP/1.1" 200 40647
181.248.149.180 - - [17/Jul/2015:06:08:45 -0500] "GET /galeria/nivo-slider/demo/images/9Signos.jpg HTTP/1.1" 200 81776
181.248.149.180 - - [17/Jul/2015:06:08:46 -0500] "GET /galeria/nivo-slider/demo/images/Comparendo-ambiental-Banner.jpg HTTP/1.1" 200 83731
181.248.149.180 - - [17/Jul/2015:06:08:46 -0500] "GET /galeria/nivo-slider/demo/images/GAE-banner.jpg HTTP/1.1" 200 97556
181.248.149.180 - - [17/Jul/2015:06:08:46 -0500] "GET /galeria/nivo-slider/demo/images/Banner-encuesta-de-percepscio.jpg HTTP/1.1" 200 201899
181.248.149.180 - - [17/Jul/2015:06:08:46 -0500] "GET /galeria/nivo-slider/demo/images/4Simple_Slider.png HTTP/1.1" 200 11722
181.248.149.180 - - [17/Jul/2015:06:08:47 -0500] "GET /galeria/nivo-slider/themes/default/loading.gif HTTP/1.1" 200 1737
181.248.149.180 - - [17/Jul/2015:06:08:47 -0500] "GET /galeria/nivo-slider/demo/images/banner-Pacto-por-la-madera.jpg HTTP/1.1" 200 209966
181.248.149.180 - - [17/Jul/2015:06:08:47 -0500] "GET /galeria/nivo-slider/demo/images/acuerdo_569.jpg HTTP/1.1" 200 62670
181.248.149.180 - - [17/Jul/2015:06:08:50 -0500] "GET /galeria/nivo-slider/demo/images/Licitaciones-proyecto-paramo.jpg HTTP/1.1" 200 221877
181.248.149.180 - - [17/Jul/2015:06:08:52 -0500] "GET /galeria/nivo-slider/demo/images/Banner-decreto1299.jpg HTTP/1.1" 200 182613
181.248.149.180 - - [17/Jul/2015:06:08:52 -0500] "GET /galeria/nivo-slider/demo/images/Banner-Directorio.jpg HTTP/1.1" 200 182068
66.249.65.220 - - [17/Jul/2015:06:08:53 -0500] "GET /BLA/resoluciones/RESOLUCIONES%202007/RES%202007%202401%20AL%202500/RESOLUCION%202488%20DE%202007.pdf HTTP/1.1" 304 -
181.248.149.180 - - [17/Jul/2015:06:08:53 -0500] "GET /galeria/nivo-slider/demo/images/Ruta-vertimientos-01.jpg HTTP/1.1" 200 130151
181.248.149.180 - - [17/Jul/2015:06:08:54 -0500] "GET /galeria/nivo-slider/demo/images/bolsas-06.jpg HTTP/1.1" 200 90982
181.248.149.180 - - [17/Jul/2015:06:08:54 -0500] "GET /galeria/nivo-slider/demo/images/Conoce-los-humedales.jpg HTTP/1.1" 200 294036
181.248.149.180 - - [17/Jul/2015:06:08:55 -0500] "GET /galeria/nivo-slider/demo/images/ecolecta-Dic2014.png HTTP/1.1" 200 288593
181.248.149.180 - - [17/Jul/2015:06:08:55 -0500] "GET /galeria/nivo-slider/demo/images/Banner-Caracol-Africano.jpg HTTP/1.1" 200 331986
181.248.149.180 - - [17/Jul/2015:06:09:02 -0500] "GET /galeria/nivo-slider/themes/default/arrows.png HTTP/1.1" 200 824
181.248.149.180 - - [17/Jul/2015:06:09:02 -0500] "GET /galeria/nivo-slider/themes/default/bullets.png HTTP/1.1" 200 1281
74.86.158.107 - - [17/Jul/2015:06:09:08 -0500] "HEAD / HTTP/1.1" 200 -
66.249.65.213 - - [17/Jul/2015:06:09:15 -0500] "GET /BLA/resoluciones/AUTOS%202010/1470.pdf HTTP/1.1" 304 -
190.158.14.200 - - [17/Jul/2015:06:09:25 -0500] "GET /galeria/galeria/jquery.fancybox.js?v=2.1.5 HTTP/1.1" 200 48706
190.158.14.200 - - [17/Jul/2015:06:09:25 -0500] "GET /BLA/boletinlegal/js/jquery.scrollShow.js HTTP/1.1" 200 4586
190.158.14.200 - - [17/Jul/2015:06:09:25 -0500] "GET /galeria/galeria/jquery.fancybox.css?v=2.1.5 HTTP/1.1" 200 4895
66.249.65.220 - - [17/Jul/2015:06:09:37 -0500] "GET /BLA/resoluciones/RESOLUCIONES%202010/0238.pdf HTTP/1.1" 304 -
190.158.14.200 - - [17/Jul/2015:06:09:43 -0500] "GET /galeria/galeria/jquery.fancybox.css?v=2.1.5 HTTP/1.1" 200 4895
190.158.14.200 - - [17/Jul/2015:06:09:43 -0500] "GET /BLA/boletinlegal/js/jquery.scrollShow.js HTTP/1.1" 200 4586
190.158.14.200 - - [17/Jul/2015:06:09:43 -0500] "GET /galeria/galeria/jquery.fancybox.js?v=2.1.5 HTTP/1.1" 200 48706
66.249.65.220 - - [17/Jul/2015:06:09:59 -0500] "GET /BLA/resoluciones/RESOLUCIONES%202014/1570.pdf HTTP/1.1" 304 -
66.249.65.213 - - [17/Jul/2015:06:10:10 -0500] "GET /BLA/resoluciones/AUTOS%202012/0211.pdf HTTP/1.1" 200 189488
90.202.115.31 - - [17/Jul/2015:06:10:12 -0500] "GET /webdav/x32.php?host=197.3.255.112&time=60&port=80 HTTP/1.1" 404 1018
152.61.128.66 - - [17/Jul/2015:06:10:16 -0500] "HEAD / HTTP/1.1" 200 -
152.61.128.66 - - [17/Jul/2015:06:10:16 -0500] "GET /arcgis/services/Calidad_del_Agua_WQI/MapServer/WMSServer?request=GetCapabilities&service=WMS HTTP/1.1" 200 32135
152.61.128.66 - - [17/Jul/2015:06:10:17 -0500] "GET /arcgis/services/Calidad_del_Agua_WQI/MapServer/WMSServer?request=GetCapabilities&service=WMS HTTP/1.0" 200 32135
152.61.128.66 - - [17/Jul/2015:06:10:18 -0500] "GET /arcgis/services/Calidad_del_Agua_WQI/MapServer/WMSServer?request=GetCapabilities&service=WMS HTTP/1.0" 200 32135
152.61.128.66 - - [17/Jul/2015:06:10:19 -0500] "GET /arcgis/services/Calidad_del_Agua_WQI/MapServer/WMSServer?request=GetCapabilities&service=WMS HTTP/1.0" 200 32135
