152.61.128.66 - - [17/Jul/2015:06:10:19 -0500] "GET /arcgis/services/Calidad_del_Agua_WQI/MapServer/WMSServer?VERSION=1.1.1&REQUEST=GetMap&LAYERS=0&SRS=EPSG:4326&BBOX=-74.473395,3.674381,-73.963300,4.920569&WIDTH=250&HEIGHT=250&FORMAT=image/bmp&STYLES=& HTTP/1.1" 200 188054
66.249.65.213 - - [17/Jul/2015:06:10:22 -0500] "GET /BLA/resoluciones/RESOLUCIONES%202010/7837.pdf HTTP/1.1" 304 -
181.60.213.171 - - [17/Jul/2015:06:10:25 -0500] "POST /forms/lservlet;jsessionid=ac16012b30d69da727e7dae24f749504c4bd85103e32.e3iSbxaKaheRe34MbhmNaxqNb41ynknvrkLOlQzNp65In0 HTTP/1.1" 200 2
190.127.232.233 - - [17/Jul/2015:06:10:29 -0500] "GET /galeria/galeria/jquery.fancybox.css?v=2.1.5 HTTP/1.1" 200 4895
190.127.232.233 - - [17/Jul/2015:06:10:30 -0500] "GET /BLA/boletinlegal/js/jquery.scrollShow.js HTTP/1.1" 200 4586
190.127.232.233 - - [17/Jul/2015:06:10:31 -0500] "GET /galeria/galeria/jquery.fancybox.js?v=2.1.5 HTTP/1.1" 200 48706
66.249.65.213 - - [17/Jul/2015:06:10:44 -0500] "GET /BLA/resoluciones/RESOLUCIONES%202011/1071.pdf HTTP/1.1" 304 -
188.165.15.188 - - [17/Jul/2015:06:10:59 -0500] "GET /BLA/resoluciones/RESOLUCIONES%202006/RES%202006%20%202851-2900/00002853.tif HTTP/1.1" 200 332634
66.249.65.213 - - [17/Jul/2015:06:11:06 -0500] "GET /BLA/resoluciones/AUTOS%202013/0148.pdf HTTP/1.1" 304 -
66.249.65.213 - - [17/Jul/2015:06:11:28 -0500] "GET /BLA/resoluciones/RESOLUCIONES%202013/0025.pdf HTTP/1.1" 200 5879706
66.249.65.220 - - [17/Jul/2015:06:11:35 -0500] "GET /BLA/resoluciones/RESOLUCIONES%202009/7628.pdf HTTP/1.1" 200 542911
157.55.39.162 - - [17/Jul/2015:06:11:48 -0500] "GET /ecodirectorio/files/mobile/index.html HTTP/1.1" 304 -
66.249.65.227 - - [17/Jul/2015:06:11:50 -0500] "GET /BLA/resoluciones/RESOLUCIONES%202007/RES%202007%20401%20AL%20500/RESOLUCION%200431%20DE%202007.pdf HTTP/1.1" 304 -
66.249.65.227 - - [17/Jul/2015:06:12:04 -0500] "GET /BLA/resoluciones/RESOLUCIONES%202013/1297.pdf HTTP/1.1" 304 -
66.249.65.213 - - [17/Jul/2015:06:12:13 -0500] "GET /BLA/resoluciones/AUTOS%202013/2086.pdf HTTP/1.1" 304 -
181.60.213.171 - - [17/Jul/2015:06:12:25 -0500] "POST /forms/lservlet;jsessionid=ac16012b30d69da727e7dae24f749504c4bd85103e32.e3iSbxaKaheRe34MbhmNaxqNb41ynknvrkLOlQzNp65In0 HTTP/1.1" 200 2
66.249.65.227 - - [17/Jul/2015:06:12:35 -0500] "GET /BLA/directivas/2011/3.pdf HTTP/1.1" 304 -
66.249.65.213 - - [17/Jul/2015:06:12:57 -0500] "GET /BLA/resoluciones/RESOLUCIONES%202013/0125.pdf HTTP/1.1" 304 -
201.245.192.253 - - [17/Jul/2015:06:13:14 -0500] "GET /galeria/nivo-slider/demo/demo.html HTTP/1.1" 304 -
201.245.192.253 - - [17/Jul/2015:06:13:16 -0500] "GET /galeria/nivo-slider/demo/images/Semana-PYBA.jpg HTTP/1.1" 304 -
201.245.192.253 - - [17/Jul/2015:06:13:16 -0500] "GET /galeria/nivo-slider/demo/images/PREDAcamp.jpg HTTP/1.1" 304 -
201.245.192.253 - - [17/Jul/2015:06:13:16 -0500] "GET /galeria/nivo-slider/demo/images/GAE-banner.jpg HTTP/1.1" 304 -
66.249.65.220 - - [17/Jul/2015:06:13:19 -0500] "GET /stormWeb/ HTTP/1.1" 200 12126
66.249.65.220 - - [17/Jul/2015:06:13:41 -0500] "GET /BLA/resoluciones/AUTOS%202009/1922.pdf HTTP/1.1" 304 -
66.249.65.220 - - [17/Jul/2015:06:14:03 -0500] "GET /BLA/resoluciones/RESOLUCIONES%202010/5720.pdf HTTP/1.1" 304 -
74.86.158.107 - - [17/Jul/2015:06:14:07 -0500] "HEAD / HTTP/1.1" 200 -
181.60.213.171 - - [17/Jul/2015:06:14:25 -0500] "POST /forms/lservlet;jsessionid=ac16012b30d69da727e7dae24f749504c4bd85103e32.e3iSbxaKaheRe34MbhmNaxqNb41ynknvrkLOlQzNp65In0 HTTP/1.1" 200 2
66.249.65.227 - - [17/Jul/2015:06:14:26 -0500] "GET /BLA/resoluciones/RESOLUCIONES%202013/1489.pdf HTTP/1.1" 304 -
66.249.65.45 - - [17/Jul/2015:06:14:48 -0500] "GET /BLA/ HTTP/1.1" 200 538
66.249.65.213 - - [17/Jul/2015:06:15:10 -0500] "GET /BLA/resoluciones/RESOLUCIONES%202010/5757.pdf HTTP/1.1" 304 -
66.249.65.227 - - [17/Jul/2015:06:15:32 -0500] "GET /BLA/resoluciones/RESOLUCIONES%202014/0933.pdf HTTP/1.1" 304 -
66.249.65.213 - - [17/Jul/2015:06:15:54 -0500] "GET /BLA/resoluciones/RESOLUCIONES%202011/5202.pdf HTTP/1.1" 304 -
66.249.65.227 - - [17/Jul/2015:06:16:16 -0500] "GET /BLA/resoluciones/RESOLUCIONES%202007/RES%202007%20601%20AL%20700/RESOLUCION%200627%20DE%202007.pdf HTTP/1.1" 304 -
181.60.213.171 - - [17/Jul/2015:06:16:25 -0500] "POST /forms/lservlet;jsessionid=ac16012b30d69da727e7dae24f749504c4bd85103e32.e3iSbxaKaheRe34MbhmNaxqNb41ynknvrkLOlQzNp65In0 HTTP/1.1" 200 2
66.249.65.227 - - [17/Jul/2015:06:16:39 -0500] "GET /BLA/resoluciones/RESOLUCIONES%202014/5704.pdf HTTP/1.1" 304 -
201.245.192.253 - - [17/Jul/2015:06:16:56 -0500] "GET /isolucionsda/ HTTP/1.1" 200 739
201.245.192.253 - - [17/Jul/2015:06:16:58 -0500] "GET /isolucionsda/IdentificaUsuario.asp?Pagina1=FrameSetGeneral.asp& HTTP/1.1" 200 4997
201.245.192.253 - - [17/Jul/2015:06:17:00 -0500] "POST /isolucionsda/IdentificaUsuario.asp?Pagina1=FrameSetGeneral.asp& HTTP/1.1" 302 173
66.249.65.227 - - [17/Jul/2015:06:17:01 -0500] "GET /BLA/resoluciones/RESOLUCIONES%202010/7471.pdf HTTP/1.1" 304 -
201.245.192.253 - - [17/Jul/2015:06:17:03 -0500] "GET /isolucionsda/FrameSetGeneral.asp?Pagina1=FrameSetGeneral.asp& HTTP/1.1" 200 6613
201.245.192.253 - - [17/Jul/2015:06:17:03 -0500] "GET /isolucionsda/Encabezado.asp?Pagina1=FrameSetGeneral.asp&&Pagina=MagazinHome.asp HTTP/1.1" 200 15420
201.245.192.253 - - [17/Jul/2015:06:17:03 -0500] "GET /isolucionsda/BarraTitulos.asp?Pagina1=FrameSetGeneral.asp&&Pagina=MagazinHome.asp HTTP/1.1" 200 6972
201.245.192.253 - - [17/Jul/2015:06:17:03 -0500] "GET /isolucionsda/BarraFavoritos.asp HTTP/1.1" 200 911
201.245.192.253 - - [17/Jul/2015:06:17:03 -0500] "GET /isolucionsda/MagazinHome.asp HTTP/1.1" 200 28336
201.245.192.253 - - [17/Jul/2015:06:17:03 -0500] "GET /isolucionsda/Session.asp?Continue=1 HTTP/1.1" 200 6324
201.245.192.253 - - [17/Jul/2015:06:17:04 -0500] "GET /isolucionsda/g/Bgr_Destacado3399CC.jpg HTTP/1.1" 404 5217
201.245.192.253 - - [17/Jul/2015:06:17:04 -0500] "GET /isolucionsda/TareasSFRedirect.asp HTTP/1.1" 302 195
201.245.192.253 - - [17/Jul/2015:06:17:05 -0500] "GET /isolucionsda/FrameSetGeneral.asp?Pagina=Menu.asp&IdModulo=4 HTTP/1.1" 200 6583
201.245.192.253 - - [17/Jul/2015:06:17:05 -0500] "GET /isolucionsda/BarraFavoritos.asp HTTP/1.1" 200 911
201.245.192.253 - - [17/Jul/2015:06:17:04 -0500] "GET /isolucionsda/Login.aspx?TARGET=SFContainerFiltrado.aspx&number=69674852525252554548 HTTP/1.1" 302 886
201.245.192.253 - - [17/Jul/2015:06:17:05 -0500] "GET /isolucionsda/BarraTitulos.asp?Pagina=Menu.asp&IdModulo=4 HTTP/1.1" 200 6985
201.245.192.253 - - [17/Jul/2015:06:17:05 -0500] "GET /isolucionsda/Menu.asp?Pagina=Menu.asp&IdModulo=4 HTTP/1.1" 200 9695
201.245.192.253 - - [17/Jul/2015:06:17:06 -0500] "GET /isolucionsda/Encabezado.asp?Pagina=Menu.asp&IdModulo=4 HTTP/1.1" 200 15421
201.245.192.253 - - [17/Jul/2015:06:17:06 -0500] "GET /isolucionsda/Session.asp?Continue=1 HTTP/1.1" 200 6324
201.245.192.253 - - [17/Jul/2015:06:17:08 -0500] "GET /isolucionsda/FrameSetGeneral.asp?Pagina=ListadoMaestroDocumentos3.asp HTTP/1.1" 200 6634
201.245.192.253 - - [17/Jul/2015:06:17:08 -0500] "GET /isolucionsda/BarraFavoritos.asp HTTP/1.1" 200 911
201.245.192.253 - - [17/Jul/2015:06:17:08 -0500] "GET /isolucionsda/Encabezado.asp?Pagina=ListadoMaestroDocumentos3.asp HTTP/1.1" 200 15396
201.245.192.253 - - [17/Jul/2015:06:17:08 -0500] "GET /isolucionsda/Session.asp?Continue=1 HTTP/1.1" 200 6324
201.245.192.253 - - [17/Jul/2015:06:17:08 -0500] "GET /isolucionsda/BarraTitulos.asp?Pagina=ListadoMaestroDocumentos3.asp HTTP/1.1" 200 6985
201.245.192.253 - - [17/Jul/2015:06:17:09 -0500] "GET /isolucionsda/ListadoMaestroDocumentos3.asp?Pagina=ListadoMaestroDocumentos3.asp HTTP/1.1" 200 11467
201.245.192.253 - - [17/Jul/2015:06:17:18 -0500] "POST /isolucionsda/ListadoMaestroDocumentos3.asp HTTP/1.1" 200 14649
66.249.65.213 - - [17/Jul/2015:06:17:23 -0500] "GET /BLA/resoluciones/AUTOS%202011/3603.pdf HTTP/1.1" 304 -
188.165.15.188 - - [17/Jul/2015:06:17:25 -0500] "GET /BLA/resoluciones/AUTOS%202006/AUTOS%202006%201501%20-%201600/00001595.tif HTTP/1.1" 200 167530
66.249.65.227 - - [17/Jul/2015:06:17:45 -0500] "GET /BLA/resoluciones/RESOLUCIONES%202013/0812.pdf HTTP/1.1" 304 -
179.33.69.89 - - [17/Jul/2015:06:17:48 -0500] "GET /BLA/boletinlegal/js/jquery.scrollTo-min.js HTTP/1.1" 200 1150
179.33.69.89 - - [17/Jul/2015:06:17:48 -0500] "GET /BLA/boletinlegal/js/jquery.scrollShow.js HTTP/1.1" 200 4586
179.33.69.89 - - [17/Jul/2015:06:17:48 -0500] "GET /galeria/galeria/jquery.fancybox.js?v=2.1.5 HTTP/1.1" 200 48706
179.33.69.89 - - [17/Jul/2015:06:17:48 -0500] "GET /galeria/galeria/jquery.fancybox.css?v=2.1.5 HTTP/1.1" 200 4895
188.165.15.188 - - [17/Jul/2015:06:18:03 -0500] "GET /BLA/resoluciones/RESOLUCIONES%202004/RES%202004%20951-1000/00000960.tif HTTP/1.1" 200 95360
66.249.65.220 - - [17/Jul/2015:06:18:07 -0500] "GET /BLA/resoluciones/RESOLUCIONES%202014/1488.pdf HTTP/1.1" 304 -
201.245.192.253 - - [17/Jul/2015:06:18:22 -0500] "POST /isolucionsda/ListadoMaestroDocumentos3.asp HTTP/1.1" 200 11497
181.60.213.171 - - [17/Jul/2015:06:18:25 -0500] "POST /forms/lservlet;jsessionid=ac16012b30d69da727e7dae24f749504c4bd85103e32.e3iSbxaKaheRe34MbhmNaxqNb41ynknvrkLOlQzNp65In0 HTTP/1.1" 200 2
201.245.192.253 - - [17/Jul/2015:06:18:28 -0500] "POST /isolucionsda/ListadoMaestroDocumentos3.asp HTTP/1.1" 200 11495
66.249.65.227 - - [17/Jul/2015:06:18:30 -0500] "GET /BLA/resoluciones/RESOLUCIONES%202012/1725.pdf HTTP/1.1" 304 -
201.245.192.253 - - [17/Jul/2015:06:18:32 -0500] "POST /isolucionsda/ListadoMaestroDocumentos3.asp HTTP/1.1" 200 11511
66.249.65.227 - - [17/Jul/2015:06:18:52 -0500] "GET /BLA/resoluciones/AUTOS%202013/0161.pdf HTTP/1.1" 304 -
186.145.36.195 - - [17/Jul/2015:06:19:00 -0500] "GET /galeria/nivo-slider/demo/demo.html HTTP/1.1" 200 5224
186.145.36.195 - - [17/Jul/2015:06:19:00 -0500] "GET /galeria/nivo-slider/demo/images/Rendicion-de-cuentas.jpg HTTP/1.1" 304 -
186.145.36.195 - - [17/Jul/2015:06:19:01 -0500] "GET /galeria/nivo-slider/demo/images/PREDAcamp.jpg HTTP/1.1" 200 295358
186.145.36.195 - - [17/Jul/2015:06:19:01 -0500] "GET /galeria/nivo-slider/demo/images/Semana-PYBA.jpg HTTP/1.1" 200 147360
186.145.36.195 - - [17/Jul/2015:06:19:01 -0500] "GET /galeria/nivo-slider/demo/images/VoluntariadoPYBA.jpg HTTP/1.1" 304 -
186.145.36.195 - - [17/Jul/2015:06:19:01 -0500] "GET /galeria/nivo-slider/demo/images/9Signos.jpg HTTP/1.1" 304 -
186.145.36.195 - - [17/Jul/2015:06:19:01 -0500] "GET /galeria/nivo-slider/demo/images/acuerdo_569.jpg HTTP/1.1" 304 -
186.145.36.195 - - [17/Jul/2015:06:19:01 -0500] "GET /galeria/nivo-slider/demo/images/banner-Pacto-por-la-madera.jpg HTTP/1.1" 304 -
74.86.158.107 - - [17/Jul/2015:06:19:08 -0500] "HEAD / HTTP/1.1" 200 -
66.249.65.227 - - [17/Jul/2015:06:19:14 -0500] "GET /BLA/resoluciones/AUTOS%202013/1075.pdf HTTP/1.1" 304 -
66.249.65.220 - - [17/Jul/2015:06:19:36 -0500] "GET /BLA/resoluciones/AUTOS%202009/0708.pdf HTTP/1.1" 304 -
66.249.65.51 - - [17/Jul/2015:06:19:52 -0500] "GET /PORTAL_SIAC/swf/Residuos/pinturas/images/page72_thumbnail.jpg HTTP/1.1" 200 5685
66.249.65.220 - - [17/Jul/2015:06:19:58 -0500] "GET /BLA/resoluciones/RESOLUCIONES%202012/0611.pdf HTTP/1.1" 304 -
66.249.65.227 - - [17/Jul/2015:06:20:00 -0500] "GET /BLA/resoluciones/AUTOS%202009/0022.pdf HTTP/1.1" 304 -
66.249.65.220 - - [17/Jul/2015:06:20:20 -0500] "GET /BLA/resoluciones/AUTOS%202013/0817.pdf HTTP/1.1" 304 -
181.60.213.171 - - [17/Jul/2015:06:20:25 -0500] "POST /forms/lservlet;jsessionid=ac16012b30d69da727e7dae24f749504c4bd85103e32.e3iSbxaKaheRe34MbhmNaxqNb41ynknvrkLOlQzNp65In0 HTTP/1.1" 200 2
66.249.65.220 - - [17/Jul/2015:06:20:43 -0500] "GET /BLA/resoluciones/RESOLUCIONES%202012/0714.pdf HTTP/1.1" 304 -
66.249.65.220 - - [17/Jul/2015:06:21:05 -0500] "GET /BLA/directivas/2011/1.pdf HTTP/1.1" 304 -
66.249.65.227 - - [17/Jul/2015:06:21:27 -0500] "GET /BLA/resoluciones/RESOLUCIONES%202013/0468.pdf HTTP/1.1" 304 -
66.249.65.220 - - [17/Jul/2015:06:21:49 -0500] "GET /BLA/resoluciones/RESOLUCIONES%202011/0190.pdf HTTP/1.1" 304 -
186.82.92.84 - - [17/Jul/2015:06:21:57 -0500] "GET /BLA/boletinlegal/js/jquery.scrollShow.js HTTP/1.1" 200 4586
186.82.92.84 - - [17/Jul/2015:06:21:57 -0500] "GET /galeria/galeria/jquery.fancybox.js?v=2.1.5 HTTP/1.1" 200 48706
186.82.92.84 - - [17/Jul/2015:06:21:57 -0500] "GET /galeria/galeria/jquery.fancybox.css?v=2.1.5 HTTP/1.1" 200 4895
186.82.92.84 - - [17/Jul/2015:06:22:12 -0500] "GET /galeria/galeria/jquery.fancybox.css?v=2.1.5 HTTP/1.1" 304 -
186.82.92.84 - - [17/Jul/2015:06:22:12 -0500] "GET /BLA/boletinlegal/js/jquery.scrollShow.js HTTP/1.1" 304 -
186.82.92.84 - - [17/Jul/2015:06:22:12 -0500] "GET /galeria/galeria/jquery.fancybox.js?v=2.1.5 HTTP/1.1" 304 -
181.60.213.171 - - [17/Jul/2015:06:22:25 -0500] "POST /forms/lservlet;jsessionid=ac16012b30d69da727e7dae24f749504c4bd85103e32.e3iSbxaKaheRe34MbhmNaxqNb41ynknvrkLOlQzNp65In0 HTTP/1.1" 200 2
66.249.65.220 - - [17/Jul/2015:06:22:33 -0500] "GET /BLA/resoluciones/RESOLUCIONES%202013/0848.pdf HTTP/1.1" 304 -
66.249.65.220 - - [17/Jul/2015:06:22:56 -0500] "GET /BLA/resoluciones/RESOLUCIONES%202014/3050.pdf HTTP/1.1" 304 -
180.76.15.149 - - [17/Jul/2015:06:23:02 -0500] "GET /ecodirectorio/files/mobile/ HTTP/1.1" 200 1036
91.121.89.202 - - [17/Jul/2015:06:23:09 -0500] "GET / HTTP/1.0" 200 10190
188.165.15.188 - - [17/Jul/2015:06:23:18 -0500] "GET /BLA/resoluciones/AUTOS%202006/AUTOS%202006%202201%20-%202300/00002231.tif HTTP/1.1" 200 57312
66.249.65.227 - - [17/Jul/2015:06:23:18 -0500] "GET /BLA/resoluciones/RESOLUCIONES%202013/0825.pdf HTTP/1.1" 304 -
66.249.65.227 - - [17/Jul/2015:06:23:40 -0500] "GET /BLA/resoluciones/RESOLUCIONES%202009/6104.pdf HTTP/1.1" 304 -
181.60.213.171 - - [17/Jul/2015:06:23:53 -0500] "POST /forms/lservlet;jsessionid=ac16012b30d69da727e7dae24f749504c4bd85103e32.e3iSbxaKaheRe34MbhmNaxqNb41ynknvrkLOlQzNp65In0 HTTP/1.1" 200 2
181.60.213.171 - - [17/Jul/2015:06:23:53 -0500] "POST /forms/lservlet;jsessionid=ac16012b30d69da727e7dae24f749504c4bd85103e32.e3iSbxaKaheRe34MbhmNaxqNb41ynknvrkLOlQzNp65In0 HTTP/1.1" 200 2342
181.60.213.171 - - [17/Jul/2015:06:23:53 -0500] "GET /imagenes/Srch_frw.gif HTTP/1.1" 200 925
181.60.213.171 - - [17/Jul/2015:06:23:53 -0500] "POST /forms/lservlet;jsessionid=ac16012b30d69da727e7dae24f749504c4bd85103e32.e3iSbxaKaheRe34MbhmNaxqNb41ynknvrkLOlQzNp65In0 HTTP/1.1" 200 10
181.60.213.171 - - [17/Jul/2015:06:23:59 -0500] "POST /forms/lservlet;jsessionid=ac16012b30d69da727e7dae24f749504c4bd85103e32.e3iSbxaKaheRe34MbhmNaxqNb41ynknvrkLOlQzNp65In0 HTTP/1.1" 200 24
181.60.213.171 - - [17/Jul/2015:06:24:00 -0500] "POST /forms/lservlet;jsessionid=ac16012b30d69da727e7dae24f749504c4bd85103e32.e3iSbxaKaheRe34MbhmNaxqNb41ynknvrkLOlQzNp65In0 HTTP/1.1" 200 4489
181.60.213.171 - - [17/Jul/2015:06:24:00 -0500] "POST /forms/lservlet;jsessionid=ac16012b30d69da727e7dae24f749504c4bd85103e32.e3iSbxaKaheRe34MbhmNaxqNb41ynknvrkLOlQzNp65In0 HTTP/1.1" 200 2
66.249.65.227 - - [17/Jul/2015:06:24:02 -0500] "GET /BLA/resoluciones/AUTOS%202011/2368.pdf HTTP/1.1" 304 -
181.60.213.171 - - [17/Jul/2015:06:24:04 -0500] "POST /forms/lservlet;jsessionid=ac16012b30d69da727e7dae24f749504c4bd85103e32.e3iSbxaKaheRe34MbhmNaxqNb41ynknvrkLOlQzNp65In0 HTTP/1.1" 200 136
181.60.213.171 - - [17/Jul/2015:06:24:04 -0500] "POST /forms/lservlet;jsessionid=ac16012b30d69da727e7dae24f749504c4bd85103e32.e3iSbxaKaheRe34MbhmNaxqNb41ynknvrkLOlQzNp65In0 HTTP/1.1" 200 7
191.77.181.40 - - [17/Jul/2015:06:24:07 -0500] "GET /BLA/boletinlegal/js/jquery.scrollShow.js HTTP/1.1" 200 4586
191.77.181.40 - - [17/Jul/2015:06:24:07 -0500] "GET /galeria/galeria/jquery.fancybox.js?v=2.1.5 HTTP/1.1" 200 48706
191.77.181.40 - - [17/Jul/2015:06:24:07 -0500] "GET /galeria/galeria/jquery.fancybox.css?v=2.1.5 HTTP/1.1" 200 4895
74.86.158.107 - - [17/Jul/2015:06:24:07 -0500] "HEAD / HTTP/1.1" 200 -
181.60.213.171 - - [17/Jul/2015:06:24:11 -0500] "POST /forms/lservlet;jsessionid=ac16012b30d69da727e7dae24f749504c4bd85103e32.e3iSbxaKaheRe34MbhmNaxqNb41ynknvrkLOlQzNp65In0 HTTP/1.1" 200 152
181.60.213.171 - - [17/Jul/2015:06:24:11 -0500] "POST /forms/lservlet;jsessionid=ac16012b30d69da727e7dae24f749504c4bd85103e32.e3iSbxaKaheRe34MbhmNaxqNb41ynknvrkLOlQzNp65In0 HTTP/1.1" 200 8
181.60.213.171 - - [17/Jul/2015:06:24:11 -0500] "POST /forms/lservlet;jsessionid=ac16012b30d69da727e7dae24f749504c4bd85103e32.e3iSbxaKaheRe34MbhmNaxqNb41ynknvrkLOlQzNp65In0 HTTP/1.1" 200 2
186.116.118.243 - - [17/Jul/2015:06:24:22 -0500] "GET /galeria/galeria/jquery.fancybox.css?v=2.1.5 HTTP/1.1" 200 4895
186.116.118.243 - - [17/Jul/2015:06:24:24 -0500] "GET /BLA/boletinlegal/js/jquery.scrollShow.js HTTP/1.1" 200 4586
186.116.118.243 - - [17/Jul/2015:06:24:24 -0500] "GET /galeria/galeria/jquery.fancybox.js?v=2.1.5 HTTP/1.1" 200 48706
66.249.65.227 - - [17/Jul/2015:06:24:24 -0500] "GET /BLA/resoluciones/RESOLUCIONES%202007/RES%202007%204001%20AL%204100/RESOLUCION%204090%20DE%202007.pdf HTTP/1.1" 200 13950935
181.60.213.171 - - [17/Jul/2015:06:24:25 -0500] "POST /forms/lservlet;jsessionid=ac16012b30d69da727e7dae24f749504c4bd85103e32.e3iSbxaKaheRe34MbhmNaxqNb41ynknvrkLOlQzNp65In0 HTTP/1.1" 200 2
191.77.181.40 - - [17/Jul/2015:06:24:30 -0500] "GET /BLA/boletinlegal/js/jquery.scrollShow.js HTTP/1.1" 304 -
191.77.181.40 - - [17/Jul/2015:06:24:30 -0500] "GET /galeria/galeria/jquery.fancybox.js?v=2.1.5 HTTP/1.1" 304 -
191.77.181.40 - - [17/Jul/2015:06:24:30 -0500] "GET /galeria/galeria/jquery.fancybox.css?v=2.1.5 HTTP/1.1" 304 -
181.60.213.171 - - [17/Jul/2015:06:24:31 -0500] "POST /forms/lservlet;jsessionid=ac16012b30d69da727e7dae24f749504c4bd85103e32.e3iSbxaKaheRe34MbhmNaxqNb41ynknvrkLOlQzNp65In0 HTTP/1.1" 200 2
181.60.213.171 - - [17/Jul/2015:06:24:31 -0500] "POST /forms/lservlet;jsessionid=ac16012b30d69da727e7dae24f749504c4bd85103e32.e3iSbxaKaheRe34MbhmNaxqNb41ynknvrkLOlQzNp65In0 HTTP/1.1" 200 8
181.60.213.171 - - [17/Jul/2015:06:24:31 -0500] "POST /forms/lservlet;jsessionid=ac16012b30d69da727e7dae24f749504c4bd85103e32.e3iSbxaKaheRe34MbhmNaxqNb41ynknvrkLOlQzNp65In0 HTTP/1.1" 200 2
66.249.65.213 - - [17/Jul/2015:06:24:47 -0500] "GET /BLA/resoluciones/RESOLUCIONES%202010/6285.pdf HTTP/1.1" 304 -
186.116.118.243 - - [17/Jul/2015:06:25:06 -0500] "GET /galeria/galeria/jquery.fancybox.css?v=2.1.5 HTTP/1.1" 304 -
186.116.118.243 - - [17/Jul/2015:06:25:06 -0500] "GET /BLA/boletinlegal/js/jquery.scrollShow.js HTTP/1.1" 304 -
186.116.118.243 - - [17/Jul/2015:06:25:06 -0500] "GET /galeria/galeria/jquery.fancybox.js?v=2.1.5 HTTP/1.1" 304 -
66.249.65.220 - - [17/Jul/2015:06:25:09 -0500] "GET /BLA/resoluciones/RESOLUCIONES%202013/0474.pdf HTTP/1.1" 304 -
66.249.65.220 - - [17/Jul/2015:06:25:31 -0500] "GET /BLA/resoluciones/AUTOS%202012/1781.pdf HTTP/1.1" 304 -
66.249.65.227 - - [17/Jul/2015:06:25:53 -0500] "GET /BLA/resoluciones/Notificaciones/AUTOS%202014/3581.doc HTTP/1.1" 304 -
66.249.65.227 - - [17/Jul/2015:06:26:04 -0500] "GET /galeria/nivo-slider/demo/images/banner-cierre.jpg HTTP/1.1" 200 57306
66.249.65.227 - - [17/Jul/2015:06:26:15 -0500] "GET /BLA/resoluciones/RESOLUCIONES%202007/RES%202007%202601%20AL%202700/RESOLUCION%202643%20DE%202007.pdf HTTP/1.1" 304 -
66.249.65.213 - - [17/Jul/2015:06:26:26 -0500] "GET /m/BLA/resoluciones/RESOLUCIONES%202010/7751.pdf HTTP/1.1" 404 1018
181.60.213.171 - - [17/Jul/2015:06:26:28 -0500] "POST /forms/lservlet;jsessionid=ac16012b30d69da727e7dae24f749504c4bd85103e32.e3iSbxaKaheRe34MbhmNaxqNb41ynknvrkLOlQzNp65In0 HTTP/1.1" 200 2
66.249.65.227 - - [17/Jul/2015:06:26:37 -0500] "GET /BLA/resoluciones/AUTOS%202012/1114.pdf HTTP/1.1" 304 -
66.249.65.220 - - [17/Jul/2015:06:27:00 -0500] "GET /BLA/resoluciones/RESOLUCIONES%202014/1941.pdf HTTP/1.1" 304 -
66.249.65.227 - - [17/Jul/2015:06:27:22 -0500] "GET /BLA/resoluciones/AUTOS%202013/0650.pdf HTTP/1.1" 304 -
186.31.170.16 - - [17/Jul/2015:06:27:42 -0500] "GET /galeria/galeria/jquery.fancybox.css?v=2.1.5 HTTP/1.1" 200 4895
186.31.170.16 - - [17/Jul/2015:06:27:42 -0500] "GET /BLA/boletinlegal/js/jquery.scrollShow.js HTTP/1.1" 200 4586
186.31.170.16 - - [17/Jul/2015:06:27:42 -0500] "GET /galeria/galeria/jquery.fancybox.js?v=2.1.5 HTTP/1.1" 200 48706
66.249.65.45 - - [17/Jul/2015:06:27:44 -0500] "GET / HTTP/1.1" 200 10190
181.60.213.171 - - [17/Jul/2015:06:27:44 -0500] "POST /forms/lservlet;jsessionid=ac16012b30d69da727e7dae24f749504c4bd85103e32.e3iSbxaKaheRe34MbhmNaxqNb41ynknvrkLOlQzNp65In0 HTTP/1.1" 200 8
181.60.213.171 - - [17/Jul/2015:06:27:45 -0500] "POST /forms/lservlet;jsessionid=ac16012b30d69da727e7dae24f749504c4bd85103e32.e3iSbxaKaheRe34MbhmNaxqNb41ynknvrkLOlQzNp65In0 HTTP/1.1" 200 108
186.31.170.16 - - [17/Jul/2015:06:27:46 -0500] "GET /BLA/boletinlegal/js/jquery.scrollShow.js HTTP/1.1" 304 -
186.31.170.16 - - [17/Jul/2015:06:27:46 -0500] "GET /galeria/galeria/jquery.fancybox.js?v=2.1.5 HTTP/1.1" 304 -
186.31.170.16 - - [17/Jul/2015:06:27:46 -0500] "GET /galeria/galeria/jquery.fancybox.css?v=2.1.5 HTTP/1.1" 304 -
181.60.213.171 - - [17/Jul/2015:06:27:46 -0500] "POST /forms/lservlet;jsessionid=ac16012b30d69da727e7dae24f749504c4bd85103e32.e3iSbxaKaheRe34MbhmNaxqNb41ynknvrkLOlQzNp65In0 HTTP/1.1" 200 2
181.60.213.171 - - [17/Jul/2015:06:27:47 -0500] "POST /forms/lservlet;jsessionid=ac16012b30d69da727e7dae24f749504c4bd85103e32.e3iSbxaKaheRe34MbhmNaxqNb41ynknvrkLOlQzNp65In0 HTTP/1.1" 200 2379
181.60.213.171 - - [17/Jul/2015:06:27:47 -0500] "GET /imagenes/Srch_frw.gif HTTP/1.1" 200 925
181.60.213.171 - - [17/Jul/2015:06:27:47 -0500] "POST /forms/lservlet;jsessionid=ac16012b30d69da727e7dae24f749504c4bd85103e32.e3iSbxaKaheRe34MbhmNaxqNb41ynknvrkLOlQzNp65In0 HTTP/1.1" 200 10
181.60.213.171 - - [17/Jul/2015:06:27:48 -0500] "POST /forms/lservlet;jsessionid=ac16012b30d69da727e7dae24f749504c4bd85103e32.e3iSbxaKaheRe34MbhmNaxqNb41ynknvrkLOlQzNp65In0 HTTP/1.1" 200 21
181.60.213.171 - - [17/Jul/2015:06:27:48 -0500] "POST /forms/lservlet;jsessionid=ac16012b30d69da727e7dae24f749504c4bd85103e32.e3iSbxaKaheRe34MbhmNaxqNb41ynknvrkLOlQzNp65In0 HTTP/1.1" 200 4056
181.60.213.171 - - [17/Jul/2015:06:27:49 -0500] "POST /forms/lservlet;jsessionid=ac16012b30d69da727e7dae24f749504c4bd85103e32.e3iSbxaKaheRe34MbhmNaxqNb41ynknvrkLOlQzNp65In0 HTTP/1.1" 200 2
181.60.213.171 - - [17/Jul/2015:06:27:50 -0500] "POST /forms/lservlet;jsessionid=ac16012b30d69da727e7dae24f749504c4bd85103e32.e3iSbxaKaheRe34MbhmNaxqNb41ynknvrkLOlQzNp65In0 HTTP/1.1" 200 138
181.60.213.171 - - [17/Jul/2015:06:27:51 -0500] "POST /forms/lservlet;jsessionid=ac16012b30d69da727e7dae24f749504c4bd85103e32.e3iSbxaKaheRe34MbhmNaxqNb41ynknvrkLOlQzNp65In0 HTTP/1.1" 200 106
186.31.170.16 - - [17/Jul/2015:06:27:53 -0500] "GET /galeria/carrusel/Carrusel/jquery.thumbnailScroller.css HTTP/1.1" 200 2066
186.31.170.16 - - [17/Jul/2015:06:27:53 -0500] "GET /galeria/carrusel/Carrusel/jquery-ui-1.8.13.custom.min.js HTTP/1.1" 200 10800
186.31.170.16 - - [17/Jul/2015:06:27:53 -0500] "GET /galeria/carrusel/Carrusel/jquery.thumbnailScroller.js HTTP/1.1" 200 8157
186.31.170.16 - - [17/Jul/2015:06:27:53 -0500] "GET /galeria/nivo-slider/demo/demo.html HTTP/1.1" 200 5224
186.31.170.16 - - [17/Jul/2015:06:27:54 -0500] "GET /galeria/nivo-slider/themes/default/default.css HTTP/1.1" 200 1569
186.31.170.16 - - [17/Jul/2015:06:27:54 -0500] "GET /galeria/nivo-slider/themes/pascal/pascal.css HTTP/1.1" 200 2258
186.31.170.16 - - [17/Jul/2015:06:27:54 -0500] "GET /galeria/nivo-slider/themes/orman/orman.css HTTP/1.1" 200 2152
186.31.170.16 - - [17/Jul/2015:06:27:54 -0500] "GET /galeria/nivo-slider/nivo-slider.css HTTP/1.1" 200 1507
186.31.170.16 - - [17/Jul/2015:06:27:54 -0500] "GET /galeria/nivo-slider/demo/style.css HTTP/1.1" 200 2222
186.31.170.16 - - [17/Jul/2015:06:27:54 -0500] "GET /galeria/nivo-slider/demo/scripts/jquery-1.7.1.min.js HTTP/1.1" 200 93868
186.31.170.16 - - [17/Jul/2015:06:27:54 -0500] "GET /galeria/nivo-slider/demo/images/banner-llantas2.jpg HTTP/1.1" 200 204644
186.31.170.16 - - [17/Jul/2015:06:27:54 -0500] "GET /galeria/nivo-slider/demo/images/Semana-PYBA.jpg HTTP/1.1" 200 147360
186.31.170.16 - - [17/Jul/2015:06:27:54 -0500] "GET /galeria/nivo-slider/demo/images/PREDAcamp.jpg HTTP/1.1" 200 295358
186.31.170.16 - - [17/Jul/2015:06:27:54 -0500] "GET /galeria/nivo-slider/demo/images/Rendicion-de-cuentas.jpg HTTP/1.1" 200 174889
186.31.170.16 - - [17/Jul/2015:06:27:54 -0500] "GET /galeria/nivo-slider/jquery.nivo.slider.pack.js HTTP/1.1" 200 11561
186.31.170.16 - - [17/Jul/2015:06:27:54 -0500] "GET /galeria/nivo-slider/demo/images/VoluntariadoPYBA.jpg HTTP/1.1" 200 40647
186.31.170.16 - - [17/Jul/2015:06:27:54 -0500] "GET /galeria/nivo-slider/demo/images/9Signos.jpg HTTP/1.1" 200 81776
186.31.170.16 - - [17/Jul/2015:06:27:54 -0500] "GET /galeria/nivo-slider/demo/images/Comparendo-ambiental-Banner.jpg HTTP/1.1" 200 83731
186.31.170.16 - - [17/Jul/2015:06:27:54 -0500] "GET /galeria/nivo-slider/demo/images/4Simple_Slider.png HTTP/1.1" 200 11722
186.31.170.16 - - [17/Jul/2015:06:27:54 -0500] "GET /galeria/nivo-slider/themes/default/loading.gif HTTP/1.1" 200 1737
186.31.170.16 - - [17/Jul/2015:06:27:54 -0500] "GET /galeria/nivo-slider/demo/images/GAE-banner.jpg HTTP/1.1" 200 97556
186.31.170.16 - - [17/Jul/2015:06:27:54 -0500] "GET /galeria/nivo-slider/demo/images/Banner-encuesta-de-percepscio.jpg HTTP/1.1" 200 201899
186.31.170.16 - - [17/Jul/2015:06:27:54 -0500] "GET /galeria/nivo-slider/demo/images/banner-Pacto-por-la-madera.jpg HTTP/1.1" 200 209966
186.31.170.16 - - [17/Jul/2015:06:27:54 -0500] "GET /galeria/nivo-slider/demo/images/acuerdo_569.jpg HTTP/1.1" 200 62670
186.31.170.16 - - [17/Jul/2015:06:27:55 -0500] "GET /galeria/nivo-slider/demo/images/Licitaciones-proyecto-paramo.jpg HTTP/1.1" 200 221877
186.31.170.16 - - [17/Jul/2015:06:27:55 -0500] "GET /galeria/nivo-slider/demo/images/Banner-decreto1299.jpg HTTP/1.1" 200 182613
186.31.170.16 - - [17/Jul/2015:06:27:55 -0500] "GET /galeria/nivo-slider/demo/images/Banner-Directorio.jpg HTTP/1.1" 200 182068
186.31.170.16 - - [17/Jul/2015:06:27:55 -0500] "GET /galeria/nivo-slider/demo/images/Ruta-vertimientos-01.jpg HTTP/1.1" 200 130151
186.31.170.16 - - [17/Jul/2015:06:27:55 -0500] "GET /galeria/nivo-slider/demo/images/bolsas-06.jpg HTTP/1.1" 200 90982
186.31.170.16 - - [17/Jul/2015:06:27:56 -0500] "GET /galeria/nivo-slider/demo/images/Conoce-los-humedales.jpg HTTP/1.1" 200 294036
186.31.170.16 - - [17/Jul/2015:06:27:56 -0500] "GET /galeria/nivo-slider/demo/images/ecolecta-Dic2014.png HTTP/1.1" 200 288593
186.31.170.16 - - [17/Jul/2015:06:27:56 -0500] "GET /galeria/nivo-slider/demo/images/Banner-Caracol-Africano.jpg HTTP/1.1" 200 331986
186.31.170.16 - - [17/Jul/2015:06:27:57 -0500] "GET /galeria/nivo-slider/themes/default/arrows.png HTTP/1.1" 200 824
186.31.170.16 - - [17/Jul/2015:06:27:57 -0500] "GET /galeria/nivo-slider/themes/default/bullets.png HTTP/1.1" 200 1281
66.249.65.227 - - [17/Jul/2015:06:28:03 -0500] "GET /BLA/resoluciones/RESOLUCIONES%202013/0763.pdf HTTP/1.1" 304 -
66.249.65.227 - - [17/Jul/2015:06:28:06 -0500] "GET /BLA/resoluciones/AUTOS%202013/0041.pdf HTTP/1.1" 304 -
181.48.9.60 - - [17/Jul/2015:06:28:20 -0500] "GET /BLA/boletinlegal/js/jquery.scrollShow.js HTTP/1.1" 304 -
181.48.9.60 - - [17/Jul/2015:06:28:20 -0500] "GET /galeria/galeria/jquery.fancybox.js?v=2.1.5 HTTP/1.1" 304 -
181.48.9.60 - - [17/Jul/2015:06:28:20 -0500] "GET /galeria/galeria/jquery.fancybox.css?v=2.1.5 HTTP/1.1" 304 -
66.249.65.213 - - [17/Jul/2015:06:28:28 -0500] "GET /BLA/resoluciones/RESOLUCIONES%202014/3750.pdf HTTP/1.1" 304 -
181.60.213.171 - - [17/Jul/2015:06:28:28 -0500] "POST /forms/lservlet;jsessionid=ac16012b30d69da727e7dae24f749504c4bd85103e32.e3iSbxaKaheRe34MbhmNaxqNb41ynknvrkLOlQzNp65In0 HTTP/1.1" 200 2
66.249.65.227 - - [17/Jul/2015:06:28:50 -0500] "GET /BLA/resoluciones/AUTOS%202013/0201.pdf HTTP/1.1" 304 -
74.86.158.107 - - [17/Jul/2015:06:29:07 -0500] "HEAD / HTTP/1.1" 200 -
66.249.65.213 - - [17/Jul/2015:06:29:13 -0500] "GET /BLA/resoluciones/RESOLUCIONES%202010/7751.pdf HTTP/1.1" 304 -
66.249.65.227 - - [17/Jul/2015:06:29:35 -0500] "GET /BLA/resoluciones/RESOLUCIONES%202009/5692.pdf HTTP/1.1" 304 -
66.249.65.213 - - [17/Jul/2015:06:29:57 -0500] "GET /BLA/resoluciones/AUTOS%202013/0540.pdf HTTP/1.1" 304 -
66.249.65.213 - - [17/Jul/2015:06:30:19 -0500] "GET /BLA/resoluciones/RESOLUCIONES%202007/RES%202007%202901%20AL%203000/RESOLUCION%202905%20DE%202007.pdf HTTP/1.1" 304 -
181.60.213.171 - - [17/Jul/2015:06:30:28 -0500] "POST /forms/lservlet;jsessionid=ac16012b30d69da727e7dae24f749504c4bd85103e32.e3iSbxaKaheRe34MbhmNaxqNb41ynknvrkLOlQzNp65In0 HTTP/1.1" 200 2
66.249.65.213 - - [17/Jul/2015:06:30:41 -0500] "GET /BLA/resoluciones/RESOLUCIONES%202007/RES%202007%202001%20AL%202100/RESOLUCION%202015%20DE%202007.pdf HTTP/1.1" 304 -
66.249.65.213 - - [17/Jul/2015:06:31:04 -0500] "GET /BLA/circulares/2-2011.pdf HTTP/1.1" 304 -
181.60.213.171 - - [17/Jul/2015:06:31:14 -0500] "POST /forms/lservlet;jsessionid=ac16012b30d69da727e7dae24f749504c4bd85103e32.e3iSbxaKaheRe34MbhmNaxqNb41ynknvrkLOlQzNp65In0 HTTP/1.1" 200 208
181.60.213.171 - - [17/Jul/2015:06:31:21 -0500] "POST /forms/lservlet;jsessionid=ac16012b30d69da727e7dae24f749504c4bd85103e32.e3iSbxaKaheRe34MbhmNaxqNb41ynknvrkLOlQzNp65In0 HTTP/1.1" 200 2
181.60.213.171 - - [17/Jul/2015:06:31:21 -0500] "POST /forms/lservlet;jsessionid=ac16012b30d69da727e7dae24f749504c4bd85103e32.e3iSbxaKaheRe34MbhmNaxqNb41ynknvrkLOlQzNp65In0 HTTP/1.1" 200 541
181.60.213.171 - - [17/Jul/2015:06:31:21 -0500] "GET /imagenes/Srch_frw.gif HTTP/1.1" 200 925
181.60.213.171 - - [17/Jul/2015:06:31:21 -0500] "POST /forms/lservlet;jsessionid=ac16012b30d69da727e7dae24f749504c4bd85103e32.e3iSbxaKaheRe34MbhmNaxqNb41ynknvrkLOlQzNp65In0 HTTP/1.1" 200 7
181.60.213.171 - - [17/Jul/2015:06:31:23 -0500] "POST /forms/lservlet;jsessionid=ac16012b30d69da727e7dae24f749504c4bd85103e32.e3iSbxaKaheRe34MbhmNaxqNb41ynknvrkLOlQzNp65In0 HTTP/1.1" 200 2
181.60.213.171 - - [17/Jul/2015:06:31:23 -0500] "POST /forms/lservlet;jsessionid=ac16012b30d69da727e7dae24f749504c4bd85103e32.e3iSbxaKaheRe34MbhmNaxqNb41ynknvrkLOlQzNp65In0 HTTP/1.1" 200 101
181.60.213.171 - - [17/Jul/2015:06:31:23 -0500] "POST /forms/lservlet;jsessionid=ac16012b30d69da727e7dae24f749504c4bd85103e32.e3iSbxaKaheRe34MbhmNaxqNb41ynknvrkLOlQzNp65In0 HTTP/1.1" 200 2
181.60.213.171 - - [17/Jul/2015:06:31:24 -0500] "POST /forms/lservlet;jsessionid=ac16012b30d69da727e7dae24f749504c4bd85103e32.e3iSbxaKaheRe34MbhmNaxqNb41ynknvrkLOlQzNp65In0 HTTP/1.1" 200 372
181.60.213.171 - - [17/Jul/2015:06:31:25 -0500] "POST /forms/lservlet;jsessionid=ac16012b30d69da727e7dae24f749504c4bd85103e32.e3iSbxaKaheRe34MbhmNaxqNb41ynknvrkLOlQzNp65In0 HTTP/1.1" 200 2
181.60.213.171 - - [17/Jul/2015:06:31:25 -0500] "POST /forms/lservlet;jsessionid=ac16012b30d69da727e7dae24f749504c4bd85103e32.e3iSbxaKaheRe34MbhmNaxqNb41ynknvrkLOlQzNp65In0 HTTP/1.1" 200 53
181.60.213.171 - - [17/Jul/2015:06:31:25 -0500] "POST /forms/lservlet;jsessionid=ac16012b30d69da727e7dae24f749504c4bd85103e32.e3iSbxaKaheRe34MbhmNaxqNb41ynknvrkLOlQzNp65In0 HTTP/1.1" 200 2
66.249.65.220 - - [17/Jul/2015:06:31:26 -0500] "GET /BLA/resoluciones/RESOLUCIONES%202007/RES%202007%201901%20AL%202000/RESOLUCION%201901%20DE%202007.pdf HTTP/1.1" 304 -
181.60.213.171 - - [17/Jul/2015:06:31:26 -0500] "POST /forms/lservlet;jsessionid=ac16012b30d69da727e7dae24f749504c4bd85103e32.e3iSbxaKaheRe34MbhmNaxqNb41ynknvrkLOlQzNp65In0 HTTP/1.1" 200 2
181.60.213.171 - - [17/Jul/2015:06:31:26 -0500] "POST /forms/lservlet;jsessionid=ac16012b30d69da727e7dae24f749504c4bd85103e32.e3iSbxaKaheRe34MbhmNaxqNb41ynknvrkLOlQzNp65In0 HTTP/1.1" 200 2017
181.60.213.171 - - [17/Jul/2015:06:31:27 -0500] "POST /forms/lservlet;jsessionid=ac16012b30d69da727e7dae24f749504c4bd85103e32.e3iSbxaKaheRe34MbhmNaxqNb41ynknvrkLOlQzNp65In0 HTTP/1.1" 200 78
181.60.213.171 - - [17/Jul/2015:06:31:29 -0500] "POST /forms/lservlet;jsessionid=ac16012b30d69da727e7dae24f749504c4bd85103e32.e3iSbxaKaheRe34MbhmNaxqNb41ynknvrkLOlQzNp65In0 HTTP/1.1" 200 34756
181.60.213.171 - - [17/Jul/2015:06:31:30 -0500] "GET /imagenes/listval.gif HTTP/1.1" 200 905
181.60.213.171 - - [17/Jul/2015:06:31:30 -0500] "POST /forms/lservlet;jsessionid=ac16012b30d69da727e7dae24f749504c4bd85103e32.e3iSbxaKaheRe34MbhmNaxqNb41ynknvrkLOlQzNp65In0 HTTP/1.1" 200 7
181.60.213.171 - - [17/Jul/2015:06:31:30 -0500] "POST /forms/lservlet;jsessionid=ac16012b30d69da727e7dae24f749504c4bd85103e32.e3iSbxaKaheRe34MbhmNaxqNb41ynknvrkLOlQzNp65In0 HTTP/1.1" 200 34
181.60.213.171 - - [17/Jul/2015:06:31:30 -0500] "POST /forms/lservlet;jsessionid=ac16012b30d69da727e7dae24f749504c4bd85103e32.e3iSbxaKaheRe34MbhmNaxqNb41ynknvrkLOlQzNp65In0 HTTP/1.1" 200 2
181.60.213.171 - - [17/Jul/2015:06:31:31 -0500] "POST /forms/lservlet;jsessionid=ac16012b30d69da727e7dae24f749504c4bd85103e32.e3iSbxaKaheRe34MbhmNaxqNb41ynknvrkLOlQzNp65In0 HTTP/1.1" 200 2
181.60.213.171 - - [17/Jul/2015:06:31:31 -0500] "POST /forms/lservlet;jsessionid=ac16012b30d69da727e7dae24f749504c4bd85103e32.e3iSbxaKaheRe34MbhmNaxqNb41ynknvrkLOlQzNp65In0 HTTP/1.1" 200 662
181.60.213.171 - - [17/Jul/2015:06:31:31 -0500] "POST /forms/lservlet;jsessionid=ac16012b30d69da727e7dae24f749504c4bd85103e32.e3iSbxaKaheRe34MbhmNaxqNb41ynknvrkLOlQzNp65In0 HTTP/1.1" 200 10
181.60.213.171 - - [17/Jul/2015:06:31:35 -0500] "POST /forms/lservlet;jsessionid=ac16012b30d69da727e7dae24f749504c4bd85103e32.e3iSbxaKaheRe34MbhmNaxqNb41ynknvrkLOlQzNp65In0 HTTP/1.1" 200 26
181.60.213.171 - - [17/Jul/2015:06:31:36 -0500] "POST /forms/lservlet;jsessionid=ac16012b30d69da727e7dae24f749504c4bd85103e32.e3iSbxaKaheRe34MbhmNaxqNb41ynknvrkLOlQzNp65In0 HTTP/1.1" 200 4341
181.60.213.171 - - [17/Jul/2015:06:31:36 -0500] "POST /forms/lservlet;jsessionid=ac16012b30d69da727e7dae24f749504c4bd85103e32.e3iSbxaKaheRe34MbhmNaxqNb41ynknvrkLOlQzNp65In0 HTTP/1.1" 200 2
157.55.39.245 - - [17/Jul/2015:06:31:44 -0500] "GET /pot5.htm HTTP/1.1" 404 1019
66.249.65.220 - - [17/Jul/2015:06:31:49 -0500] "GET /BLA/resoluciones/RESOLUCIONES%202011/1013.pdf HTTP/1.1" 304 -
66.249.65.227 - - [17/Jul/2015:06:32:10 -0500] "GET /BLA/resoluciones/RESOLUCIONES%202011/2646.pdf HTTP/1.1" 304 -
200.119.56.110 - - [17/Jul/2015:06:32:19 -0500] "GET /galeria/galeria/jquery.fancybox.css?v=2.1.5 HTTP/1.1" 200 4895
200.119.56.110 - - [17/Jul/2015:06:32:19 -0500] "GET /galeria/galeria/jquery.fancybox.js?v=2.1.5 HTTP/1.1" 200 48706
181.60.213.171 - - [17/Jul/2015:06:32:28 -0500] "POST /forms/lservlet;jsessionid=ac16012b30d69da727e7dae24f749504c4bd85103e32.e3iSbxaKaheRe34MbhmNaxqNb41ynknvrkLOlQzNp65In0 HTTP/1.1" 200 2
66.249.65.213 - - [17/Jul/2015:06:32:32 -0500] "GET /BLA/resoluciones/RESOLUCIONES%202010/6900.pdf HTTP/1.1" 304 -
199.195.118.53 - - [17/Jul/2015:06:32:40 -0500] "GET / HTTP/1.1" 200 10190
66.249.65.227 - - [17/Jul/2015:06:32:54 -0500] "GET /BLA/resoluciones/AUTOS%202011/6279.pdf HTTP/1.1" 304 -
206.53.226.251 - - [17/Jul/2015:06:32:58 -0500] "GET /galeria/nivo-slider/demo/images/porloshumedales.jpg HTTP/1.1" 304 -
66.249.65.213 - - [17/Jul/2015:06:33:17 -0500] "GET /BLA/resoluciones/AUTOS%202013/1617.pdf HTTP/1.1" 304 -
66.249.65.227 - - [17/Jul/2015:06:33:39 -0500] "GET /BLA/resoluciones/Notificaciones/REGISTROS%202014/00997.doc HTTP/1.1" 304 -
66.249.65.213 - - [17/Jul/2015:06:34:01 -0500] "GET /BLA/resoluciones/RESOLUCIONES%202010/6906.pdf HTTP/1.1" 304 -
74.86.158.107 - - [17/Jul/2015:06:34:07 -0500] "HEAD / HTTP/1.1" 200 -
201.245.192.253 - - [17/Jul/2015:06:34:23 -0500] "GET /galeria/galeria/jquery.fancybox.js?v=2.1.5 HTTP/1.1" 304 -
201.245.192.253 - - [17/Jul/2015:06:34:23 -0500] "GET /galeria/galeria/jquery.fancybox.css?v=2.1.5 HTTP/1.1" 304 -
66.249.65.213 - - [17/Jul/2015:06:34:23 -0500] "GET /BLA/resoluciones/RESOLUCIONES%202014/1105.pdf HTTP/1.1" 304 -
45.22.77.96 - - [17/Jul/2015:06:34:23 -0500] "GET /webdav/x32.php?host=69.77.230.132&time=60&port=80 HTTP/1.1" 404 1018
201.245.192.253 - - [17/Jul/2015:06:34:26 -0500] "GET /galeria/nivo-slider/demo/demo.html HTTP/1.1" 304 -
181.60.213.171 - - [17/Jul/2015:06:34:28 -0500] "POST /forms/lservlet;jsessionid=ac16012b30d69da727e7dae24f749504c4bd85103e32.e3iSbxaKaheRe34MbhmNaxqNb41ynknvrkLOlQzNp65In0 HTTP/1.1" 200 2
201.245.192.253 - - [17/Jul/2015:06:34:33 -0500] "GET /galeria/nivo-slider/demo/images/Rendicion-de-cuentas.jpg HTTP/1.1" 304 -
201.245.192.253 - - [17/Jul/2015:06:34:33 -0500] "GET /galeria/nivo-slider/demo/images/Semana-PYBA.jpg HTTP/1.1" 304 -
201.245.192.253 - - [17/Jul/2015:06:34:33 -0500] "GET /galeria/nivo-slider/demo/images/PREDAcamp.jpg HTTP/1.1" 304 -
201.245.192.253 - - [17/Jul/2015:06:34:33 -0500] "GET /galeria/nivo-slider/demo/images/banner-Pacto-por-la-madera.jpg HTTP/1.1" 304 -
201.245.192.253 - - [17/Jul/2015:06:34:33 -0500] "GET /galeria/nivo-slider/demo/images/GAE-banner.jpg HTTP/1.1" 304 -
188.165.15.188 - - [17/Jul/2015:06:34:45 -0500] "GET /BLA/resoluciones/RESOLUCIONES%202006/RES%202006%20401-450/00000409.tif HTTP/1.1" 200 70836
66.249.65.213 - - [17/Jul/2015:06:34:45 -0500] "GET /BLA/resoluciones/RESOLUCIONES%202014/2004.pdf HTTP/1.1" 304 -
66.249.65.227 - - [17/Jul/2015:06:35:07 -0500] "GET /BLA/resoluciones/RESOLUCIONES%202012/0031.pdf HTTP/1.1" 304 -
181.141.34.27 - - [17/Jul/2015:06:35:24 -0500] "GET /BLA/boletinlegal/js/jquery.scrollShow.js HTTP/1.1" 200 4586
181.141.34.27 - - [17/Jul/2015:06:35:24 -0500] "GET /galeria/galeria/jquery.fancybox.js?v=2.1.5 HTTP/1.1" 200 48706
181.141.34.27 - - [17/Jul/2015:06:35:24 -0500] "GET /galeria/galeria/jquery.fancybox.css?v=2.1.5 HTTP/1.1" 200 4895
66.249.65.213 - - [17/Jul/2015:06:35:30 -0500] "GET /BLA/resoluciones/RESOLUCIONES%202013/0184.pdf HTTP/1.1" 304 -
181.141.34.27 - - [17/Jul/2015:06:35:36 -0500] "GET /BLA/boletinlegal/js/jquery.scrollShow.js HTTP/1.1" 304 -
181.141.34.27 - - [17/Jul/2015:06:35:36 -0500] "GET /galeria/galeria/jquery.fancybox.js?v=2.1.5 HTTP/1.1" 304 -
181.141.34.27 - - [17/Jul/2015:06:35:36 -0500] "GET /galeria/galeria/jquery.fancybox.css?v=2.1.5 HTTP/1.1" 304 -
66.249.65.213 - - [17/Jul/2015:06:35:52 -0500] "GET /BLA/resoluciones/AUTOS%202013/0171.pdf HTTP/1.1" 304 -
66.249.65.51 - - [17/Jul/2015:06:36:13 -0500] "GET /ecodirectorio/files/res/other/search.txt HTTP/1.1" 304 -
66.249.65.220 - - [17/Jul/2015:06:36:14 -0500] "GET /BLA/resoluciones/RESOLUCIONES%202007/RES%202007%202401%20AL%202500/RESOLUCION%202401%20DE%202007.pdf HTTP/1.1" 304 -
181.60.213.171 - - [17/Jul/2015:06:36:28 -0500] "POST /forms/lservlet;jsessionid=ac16012b30d69da727e7dae24f749504c4bd85103e32.e3iSbxaKaheRe34MbhmNaxqNb41ynknvrkLOlQzNp65In0 HTTP/1.1" 200 2
66.249.65.213 - - [17/Jul/2015:06:36:36 -0500] "GET /BLA/resoluciones/AUTOS%202013/1077.pdf HTTP/1.1" 304 -
66.249.65.45 - - [17/Jul/2015:06:36:58 -0500] "GET /Autoliquidacion/Solicitudes%20relacionadas%20con%20calidad%20del%20aire%20auditiva%20y%20visual/Evaluaci%C3%B3n%20de%20estudios%20de%20Emisiones%20con%20miras%20a%20verificar%20el%20cumplimiento%20de%20las%20normas%20de%20emisiones/Aplicativo%20Evaluaci%C3%B3n%20de%20estudios%20de%20emisiones%202015.xlsx HTTP/1.1" 304 -
181.48.60.5 - - [17/Jul/2015:06:37:07 -0500] "GET /galeria/galeria/jquery.fancybox.js?v=2.1.5 HTTP/1.1" 200 48706
181.48.60.5 - - [17/Jul/2015:06:37:07 -0500] "GET /BLA/boletinlegal/js/jquery.scrollShow.js HTTP/1.1" 200 4586
181.48.60.5 - - [17/Jul/2015:06:37:07 -0500] "GET /galeria/galeria/jquery.fancybox.css?v=2.1.5 HTTP/1.1" 200 4895
66.249.65.227 - - [17/Jul/2015:06:37:20 -0500] "GET /BLA/resoluciones/AUTOS%202009/0527.pdf HTTP/1.1" 304 -
181.48.60.5 - - [17/Jul/2015:06:37:30 -0500] "GET /BLA/boletinlegal/js/jquery.scrollShow.js HTTP/1.1" 304 -
181.48.60.5 - - [17/Jul/2015:06:37:30 -0500] "GET /galeria/galeria/jquery.fancybox.js?v=2.1.5 HTTP/1.1" 304 -
181.48.60.5 - - [17/Jul/2015:06:37:30 -0500] "GET /galeria/galeria/jquery.fancybox.css?v=2.1.5 HTTP/1.1" 304 -
66.249.65.213 - - [17/Jul/2015:06:37:43 -0500] "GET /BLA/resoluciones/AUTOS%202013/0607.pdf HTTP/1.1" 304 -
188.165.15.188 - - [17/Jul/2015:06:37:46 -0500] "GET /BLA/resoluciones/AUTOS%202006/AUTOS%202006%203101%20-%203200/00003174.tif HTTP/1.1" 200 51880
66.249.65.213 - - [17/Jul/2015:06:38:05 -0500] "GET /BLA/resoluciones/RESOLUCIONES%202007/RES%202007%204101%20AL%204200/RESOLUCION%204106%20DE%202007.pdf HTTP/1.1" 304 -
188.165.15.188 - - [17/Jul/2015:06:38:18 -0500] "GET /BLA/resoluciones/RESOLUCIONES%202006/RES%202006%201751-1800/00001761.tif HTTP/1.1" 200 319360
66.249.65.220 - - [17/Jul/2015:06:38:27 -0500] "GET /BLA/resoluciones/RESOLUCIONES%202009/8359.pdf HTTP/1.1" 304 -
181.60.213.171 - - [17/Jul/2015:06:38:28 -0500] "POST /forms/lservlet;jsessionid=ac16012b30d69da727e7dae24f749504c4bd85103e32.e3iSbxaKaheRe34MbhmNaxqNb41ynknvrkLOlQzNp65In0 HTTP/1.1" 200 2
66.249.65.220 - - [17/Jul/2015:06:38:49 -0500] "GET /BLA/resoluciones/AUTOS%202013/2051.pdf HTTP/1.1" 304 -
74.86.158.107 - - [17/Jul/2015:06:39:07 -0500] "HEAD / HTTP/1.1" 200 -
66.249.65.227 - - [17/Jul/2015:06:39:11 -0500] "GET /BLA/resoluciones/AUTOS%202009/0730.pdf HTTP/1.1" 304 -
112.198.103.68 - - [17/Jul/2015:06:39:22 -0500] "L" 400 291
112.198.103.68 - - [17/Jul/2015:06:39:23 -0500] "POST / HTTP/1.1" 200 10190
66.249.65.220 - - [17/Jul/2015:06:39:34 -0500] "GET /BLA/resoluciones/RESOLUCIONES%202014/1177.pdf HTTP/1.1" 304 -
66.249.88.228 - - [17/Jul/2015:06:39:40 -0500] "GET /galeria/galeria/jquery.fancybox.css?v=2.1.5 HTTP/1.1" 200 4895
66.249.88.223 - - [17/Jul/2015:06:39:40 -0500] "GET /BLA/boletinlegal/js/jquery.scrollShow.js HTTP/1.1" 200 4586
66.249.88.233 - - [17/Jul/2015:06:39:40 -0500] "GET /galeria/galeria/jquery.fancybox.js?v=2.1.5 HTTP/1.1" 200 48706
66.249.88.228 - - [17/Jul/2015:06:39:51 -0500] "GET /galeria/galeria/jquery.fancybox.css?v=2.1.5 HTTP/1.1" 304 -
66.249.88.228 - - [17/Jul/2015:06:39:51 -0500] "GET /galeria/galeria/jquery.fancybox.js?v=2.1.5 HTTP/1.1" 304 -
66.249.88.233 - - [17/Jul/2015:06:39:51 -0500] "GET /BLA/boletinlegal/js/jquery.scrollShow.js HTTP/1.1" 304 -
66.249.65.213 - - [17/Jul/2015:06:39:56 -0500] "GET /BLA/resoluciones/RESOLUCIONES%202013/0157.pdf HTTP/1.1" 304 -
181.48.9.60 - - [17/Jul/2015:06:40:06 -0500] "GET /galeria/galeria/jquery.fancybox.css?v=2.1.5 HTTP/1.1" 304 -
181.48.9.60 - - [17/Jul/2015:06:40:06 -0500] "GET /BLA/boletinlegal/js/jquery.scrollShow.js HTTP/1.1" 304 -
181.48.9.60 - - [17/Jul/2015:06:40:06 -0500] "GET /galeria/galeria/jquery.fancybox.js?v=2.1.5 HTTP/1.1" 304 -
112.198.103.68 - - [17/Jul/2015:06:40:09 -0500] "POST / HTTP/1.1" 200 10190
66.249.65.51 - - [17/Jul/2015:06:40:18 -0500] "GET /BLA/boletinlegal/jurisprudencia/analisis/Analisis%20Jurisprudencia%20Sent%202000-00005-01.doc HTTP/1.1" 304 -
181.48.9.60 - - [17/Jul/2015:06:40:26 -0500] "GET /BLA/boletinlegal/js/jquery.scrollShow.js HTTP/1.1" 304 -
181.48.9.60 - - [17/Jul/2015:06:40:26 -0500] "GET /galeria/galeria/jquery.fancybox.css?v=2.1.5 HTTP/1.1" 304 -
181.48.9.60 - - [17/Jul/2015:06:40:26 -0500] "GET /galeria/galeria/jquery.fancybox.js?v=2.1.5 HTTP/1.1" 304 -
181.60.213.171 - - [17/Jul/2015:06:40:32 -0500] "POST /forms/lservlet;jsessionid=ac16012b30d69da727e7dae24f749504c4bd85103e32.e3iSbxaKaheRe34MbhmNaxqNb41ynknvrkLOlQzNp65In0 HTTP/1.1" 200 2
112.198.103.68 - - [17/Jul/2015:06:40:56 -0500] "POST / HTTP/1.1" 200 10190
186.30.71.98 - - [17/Jul/2015:06:41:07 -0500] "GET /galeria/galeria/jquery.fancybox.css?v=2.1.5 HTTP/1.1" 200 4895
186.30.71.98 - - [17/Jul/2015:06:41:07 -0500] "GET /galeria/carrusel/Carrusel/jquery.thumbnailScroller.css HTTP/1.1" 200 2066
186.30.71.98 - - [17/Jul/2015:06:41:07 -0500] "GET /galeria/galeria/jquery.fancybox.js?v=2.1.5 HTTP/1.1" 200 48706
186.30.71.98 - - [17/Jul/2015:06:41:07 -0500] "GET /BLA/boletinlegal/js/jquery.scrollShow.js HTTP/1.1" 200 4586
186.30.71.98 - - [17/Jul/2015:06:41:07 -0500] "GET /galeria/carrusel/Carrusel/jquery-ui-1.8.13.custom.min.js HTTP/1.1" 200 10800
186.30.71.98 - - [17/Jul/2015:06:41:07 -0500] "GET /galeria/carrusel/Carrusel/jquery.thumbnailScroller.js HTTP/1.1" 200 8157
186.30.71.98 - - [17/Jul/2015:06:41:11 -0500] "GET /galeria/nivo-slider/demo/demo.html HTTP/1.1" 200 5224
186.30.71.98 - - [17/Jul/2015:06:41:12 -0500] "GET /galeria/nivo-slider/themes/default/default.css HTTP/1.1" 200 1569
186.30.71.98 - - [17/Jul/2015:06:41:13 -0500] "GET /galeria/nivo-slider/nivo-slider.css HTTP/1.1" 200 1507
186.30.71.98 - - [17/Jul/2015:06:41:13 -0500] "GET /galeria/nivo-slider/demo/style.css HTTP/1.1" 200 2222
186.30.71.98 - - [17/Jul/2015:06:41:13 -0500] "GET /galeria/nivo-slider/themes/orman/orman.css HTTP/1.1" 200 2152
186.30.71.98 - - [17/Jul/2015:06:41:13 -0500] "GET /galeria/nivo-slider/themes/pascal/pascal.css HTTP/1.1" 200 2258
186.30.71.98 - - [17/Jul/2015:06:41:13 -0500] "GET /galeria/nivo-slider/demo/scripts/jquery-1.7.1.min.js HTTP/1.1" 200 93868
186.30.71.98 - - [17/Jul/2015:06:41:13 -0500] "GET /galeria/nivo-slider/jquery.nivo.slider.pack.js HTTP/1.1" 200 11561
186.30.71.98 - - [17/Jul/2015:06:41:13 -0500] "GET /galeria/nivo-slider/demo/images/Rendicion-de-cuentas.jpg HTTP/1.1" 200 174889
186.30.71.98 - - [17/Jul/2015:06:41:13 -0500] "GET /galeria/nivo-slider/demo/images/banner-llantas2.jpg HTTP/1.1" 200 204644
186.30.71.98 - - [17/Jul/2015:06:41:14 -0500] "GET /galeria/nivo-slider/demo/images/Semana-PYBA.jpg HTTP/1.1" 200 147360
186.30.71.98 - - [17/Jul/2015:06:41:14 -0500] "GET /galeria/nivo-slider/demo/images/PREDAcamp.jpg HTTP/1.1" 200 295358
186.30.71.98 - - [17/Jul/2015:06:41:14 -0500] "GET /galeria/nivo-slider/demo/images/VoluntariadoPYBA.jpg HTTP/1.1" 200 40647
186.30.71.98 - - [17/Jul/2015:06:41:14 -0500] "GET /galeria/nivo-slider/demo/images/9Signos.jpg HTTP/1.1" 200 81776
201.245.192.253 - - [17/Jul/2015:06:41:15 -0500] "GET /galeria/nivo-slider/demo/demo.html HTTP/1.1" 304 -
186.30.71.98 - - [17/Jul/2015:06:41:15 -0500] "GET /galeria/nivo-slider/demo/images/Comparendo-ambiental-Banner.jpg HTTP/1.1" 200 83731
186.30.71.98 - - [17/Jul/2015:06:41:15 -0500] "GET /galeria/nivo-slider/demo/images/GAE-banner.jpg HTTP/1.1" 200 97556
186.30.71.98 - - [17/Jul/2015:06:41:15 -0500] "GET /galeria/nivo-slider/demo/images/Banner-encuesta-de-percepscio.jpg HTTP/1.1" 200 201899
186.30.71.98 - - [17/Jul/2015:06:41:15 -0500] "GET /galeria/nivo-slider/demo/images/banner-Pacto-por-la-madera.jpg HTTP/1.1" 200 209966
186.30.71.98 - - [17/Jul/2015:06:41:16 -0500] "GET /galeria/nivo-slider/demo/images/acuerdo_569.jpg HTTP/1.1" 200 62670
186.30.71.98 - - [17/Jul/2015:06:41:16 -0500] "GET /galeria/nivo-slider/demo/images/Licitaciones-proyecto-paramo.jpg HTTP/1.1" 200 221877
186.30.71.98 - - [17/Jul/2015:06:41:16 -0500] "GET /galeria/nivo-slider/demo/images/Banner-decreto1299.jpg HTTP/1.1" 200 182613
186.30.71.98 - - [17/Jul/2015:06:41:17 -0500] "GET /galeria/nivo-slider/demo/images/Banner-Directorio.jpg HTTP/1.1" 200 182068
186.30.71.98 - - [17/Jul/2015:06:41:18 -0500] "GET /galeria/nivo-slider/demo/images/Ruta-vertimientos-01.jpg HTTP/1.1" 200 130151
186.30.71.98 - - [17/Jul/2015:06:41:18 -0500] "GET /galeria/nivo-slider/demo/images/bolsas-06.jpg HTTP/1.1" 200 90982
201.245.192.253 - - [17/Jul/2015:06:41:19 -0500] "GET /galeria/nivo-slider/demo/images/PREDAcamp.jpg HTTP/1.1" 304 -
201.245.192.253 - - [17/Jul/2015:06:41:19 -0500] "GET /galeria/nivo-slider/demo/images/Semana-PYBA.jpg HTTP/1.1" 304 -
186.30.71.98 - - [17/Jul/2015:06:41:19 -0500] "GET /galeria/nivo-slider/demo/images/Conoce-los-humedales.jpg HTTP/1.1" 200 294036
201.245.192.253 - - [17/Jul/2015:06:41:19 -0500] "GET /galeria/nivo-slider/demo/images/VoluntariadoPYBA.jpg HTTP/1.1" 304 -
186.30.71.98 - - [17/Jul/2015:06:41:20 -0500] "GET /galeria/nivo-slider/demo/images/ecolecta-Dic2014.png HTTP/1.1" 200 288593
186.30.71.98 - - [17/Jul/2015:06:41:20 -0500] "GET /galeria/nivo-slider/demo/images/Banner-Caracol-Africano.jpg HTTP/1.1" 200 331986
66.249.65.48 - - [17/Jul/2015:06:40:40 -0500] "GET /BLA/boletinlegal/index.php HTTP/1.1" 200 50649
66.249.65.48 - - [17/Jul/2015:06:41:22 -0500] "GET /POT-2013/Cartografia/32_Altura%20para%20c%C3%A1lculo%20de%20edificabilidad%20predominante%20y%20aisl.pdf HTTP/1.1" 304 -
186.30.71.98 - - [17/Jul/2015:06:41:22 -0500] "GET /galeria/nivo-slider/demo/images/4Simple_Slider.png HTTP/1.1" 200 11722
186.30.71.98 - - [17/Jul/2015:06:41:22 -0500] "GET /galeria/nivo-slider/themes/default/loading.gif HTTP/1.1" 200 1737
186.30.71.98 - - [17/Jul/2015:06:41:24 -0500] "GET /galeria/nivo-slider/themes/default/arrows.png HTTP/1.1" 200 824
66.249.65.220 - - [17/Jul/2015:06:41:24 -0500] "GET /BLA/resoluciones/RESOLUCIONES%202013/1279.pdf HTTP/1.1" 304 -
186.30.71.98 - - [17/Jul/2015:06:41:24 -0500] "GET /galeria/nivo-slider/themes/default/bullets.png HTTP/1.1" 200 1281
201.245.192.253 - - [17/Jul/2015:06:41:40 -0500] "GET /videos/ArchivoSDA.flv HTTP/1.1" 206 1
201.245.192.253 - - [17/Jul/2015:06:41:40 -0500] "GET /videos/ArchivoSDA.flv HTTP/1.1" 206 19506887
112.198.103.68 - - [17/Jul/2015:06:41:42 -0500] "POST / HTTP/1.1" 200 10190
66.249.65.220 - - [17/Jul/2015:06:41:47 -0500] "GET /BLA/resoluciones/RESOLUCIONES%202007/RES%202007%202301%20AL%202400/RESOLUCION%202349%20DE%202007.pdf HTTP/1.1" 304 -
180.76.15.143 - - [17/Jul/2015:06:41:51 -0500] "GET /BLA/resoluciones/index.php?dir=RESOLUCIONES+2007/RES+2007+3001+AL+3100/ HTTP/1.1" 200 26891
188.165.15.188 - - [17/Jul/2015:06:41:56 -0500] "GET /BLA/resoluciones/index.php?dir=Notificaciones/AUTOS%202013/&sort=date&order=desc HTTP/1.1" 200 31230
112.198.103.68 - - [17/Jul/2015:06:42:29 -0500] "POST / HTTP/1.1" 200 10190
181.60.213.171 - - [17/Jul/2015:06:42:32 -0500] "POST /forms/lservlet;jsessionid=ac16012b30d69da727e7dae24f749504c4bd85103e32.e3iSbxaKaheRe34MbhmNaxqNb41ynknvrkLOlQzNp65In0 HTTP/1.1" 200 2
112.198.103.68 - - [17/Jul/2015:06:43:16 -0500] "POST / HTTP/1.1" 200 10190
186.30.71.98 - - [17/Jul/2015:06:43:23 -0500] "GET /galeria/galeria/jquery.fancybox.css?v=2.1.5 HTTP/1.1" 304 -
186.30.71.98 - - [17/Jul/2015:06:43:23 -0500] "GET /BLA/boletinlegal/js/jquery.scrollShow.js HTTP/1.1" 304 -
186.30.71.98 - - [17/Jul/2015:06:43:23 -0500] "GET /galeria/galeria/jquery.fancybox.js?v=2.1.5 HTTP/1.1" 304 -
188.165.15.188 - - [17/Jul/2015:06:43:31 -0500] "GET /BLA/resoluciones/RESOLUCIONES%202005/RES%202005%202651-2700/00002699.tif HTTP/1.1" 200 917044
66.249.65.213 - - [17/Jul/2015:06:42:09 -0500] "GET /BLA/boletinlegal/ HTTP/1.1" 200 50649
