177.252.129.230 - - [18/Jul/2015:01:14:55 -0500] "GET /galeria/nivo-slider/themes/default/arrows.png HTTP/1.1" 200 824
177.252.129.230 - - [18/Jul/2015:01:14:55 -0500] "GET /galeria/nivo-slider/themes/default/bullets.png HTTP/1.1" 200 1281
201.245.192.253 - - [18/Jul/2015:01:16:00 -0500] "GET /forest/session.jsp?a=0.6351617938861626 HTTP/1.1" 200 4
74.86.158.107 - - [18/Jul/2015:01:16:18 -0500] "HEAD / HTTP/1.1" 200 -
201.245.192.253 - - [18/Jul/2015:01:17:45 -0500] "GET /forest/session.jsp?a=0.40965043430456527 HTTP/1.1" 200 4
66.249.75.174 - - [18/Jul/2015:01:19:51 -0500] "GET /BLA/resoluciones/RESOLUCIONES%202009/4230.pdf HTTP/1.1" 304 -
66.249.75.165 - - [18/Jul/2015:01:19:51 -0500] "GET /BLA/directivas/2009/0.pdf HTTP/1.1" 304 -
66.249.69.56 - - [18/Jul/2015:01:19:52 -0500] "GET /BLA/ HTTP/1.1" 200 538
66.249.75.165 - - [18/Jul/2015:01:19:53 -0500] "GET /BLA/resoluciones/RESOLUCIONES%202013/0594.pdf HTTP/1.1" 304 -
74.86.158.107 - - [18/Jul/2015:01:19:59 -0500] "HEAD / HTTP/1.1" 200 -
188.165.15.188 - - [18/Jul/2015:01:20:41 -0500] "GET /BLA/resoluciones/RESOLUCIONES%202004/RES%202004%20501-550/00000530.tif HTTP/1.1" 200 184804
152.61.128.66 - - [18/Jul/2015:01:20:50 -0500] "HEAD / HTTP/1.1" 200 -
152.61.128.66 - - [18/Jul/2015:01:20:50 -0500] "GET /arcgis/services/Calidad_del_Agua_WQI/MapServer/WMSServer?request=GetCapabilities&service=WMS HTTP/1.1" 200 32135
152.61.128.66 - - [18/Jul/2015:01:20:51 -0500] "GET /arcgis/services/Calidad_del_Agua_WQI/MapServer/WMSServer?request=GetCapabilities&service=WMS HTTP/1.0" 200 32135
152.61.128.66 - - [18/Jul/2015:01:20:52 -0500] "GET /arcgis/services/Calidad_del_Agua_WQI/MapServer/WMSServer?request=GetCapabilities&service=WMS HTTP/1.0" 200 32135
152.61.128.66 - - [18/Jul/2015:01:20:53 -0500] "GET /arcgis/services/Calidad_del_Agua_WQI/MapServer/WMSServer?request=GetCapabilities&service=WMS HTTP/1.0" 200 32135
152.61.128.66 - - [18/Jul/2015:01:20:54 -0500] "GET /arcgis/services/Calidad_del_Agua_WQI/MapServer/WMSServer?VERSION=1.1.1&REQUEST=GetMap&LAYERS=0&SRS=EPSG:4326&BBOX=-74.473395,3.674381,-73.963300,4.920569&WIDTH=250&HEIGHT=250&FORMAT=image/bmp&STYLES=& HTTP/1.1" 200 188054
66.249.75.156 - - [18/Jul/2015:01:20:55 -0500] "GET /BLA/resoluciones/AUTOS%202012/1114.pdf HTTP/1.1" 304 -
66.249.75.165 - - [18/Jul/2015:01:20:55 -0500] "GET /BLA/resoluciones/RESOLUCIONES%202011/0190.pdf HTTP/1.1" 304 -
66.249.75.165 - - [18/Jul/2015:01:20:56 -0500] "GET /BLA/resoluciones/RESOLUCIONES%202014/1488.pdf HTTP/1.1" 304 -
66.249.75.174 - - [18/Jul/2015:01:20:57 -0500] "GET /BLA/resoluciones/RESOLUCIONES%202010/7471.pdf HTTP/1.1" 304 -
66.249.75.174 - - [18/Jul/2015:01:20:58 -0500] "GET /BLA/resoluciones/AUTOS%202013/0201.pdf HTTP/1.1" 304 -
66.249.75.165 - - [18/Jul/2015:01:20:59 -0500] "GET /BLA/resoluciones/RESOLUCIONES%202007/RES%202007%204001%20AL%204100/RESOLUCION%204090%20DE%202007.pdf HTTP/1.1" 200 13950935
201.245.192.253 - - [18/Jul/2015:01:21:00 -0500] "GET /forest/session.jsp?a=0.07367273247442307 HTTP/1.1" 200 4
66.249.75.156 - - [18/Jul/2015:01:21:15 -0500] "GET /BLA/resoluciones/RESOLUCIONES%202013/0825.pdf HTTP/1.1" 304 -
66.249.75.156 - - [18/Jul/2015:01:21:15 -0500] "GET /BLA/resoluciones/AUTOS%202013/0540.pdf HTTP/1.1" 304 -
66.249.75.174 - - [18/Jul/2015:01:21:16 -0500] "GET /BLA/resoluciones/RESOLUCIONES%202009/5692.pdf HTTP/1.1" 304 -
152.61.193.99 - - [18/Jul/2015:01:22:11 -0500] "HEAD / HTTP/1.1" 200 -
152.61.193.99 - - [18/Jul/2015:01:22:11 -0500] "GET /arcgis/services/Calidad_del_Agua_WQI/MapServer/WMSServer?request=GetCapabilities&service=WMS HTTP/1.1" 200 32135
152.61.193.99 - - [18/Jul/2015:01:22:11 -0500] "GET /arcgis/services/Calidad_del_Agua_WQI/MapServer/WMSServer?request=GetCapabilities&service=WMS HTTP/1.1" 200 32135
152.61.193.99 - - [18/Jul/2015:01:22:12 -0500] "GET /arcgis/services/Calidad_del_Agua_WQI/MapServer/WMSServer?request=GetCapabilities&service=WMS HTTP/1.1" 200 32135
66.249.75.174 - - [18/Jul/2015:01:22:13 -0500] "GET /BLA/resoluciones/RESOLUCIONES%202007/RES%202007%201301%20AL%201400/RESOLUCION%201400%20DE%202007.pdf HTTP/1.1" 304 -
152.61.193.99 - - [18/Jul/2015:01:22:13 -0500] "GET /arcgis/services/Calidad_del_Agua_WQI/MapServer/WMSServer?request=GetCapabilities&service=WMS HTTP/1.1" 200 32135
66.249.75.174 - - [18/Jul/2015:01:22:13 -0500] "GET /BLA/resoluciones/RESOLUCIONES%202007/RES%202007%20501%20AL%20600/RESOLUCION%200507%20DE%202007.pdf HTTP/1.1" 304 -
152.61.193.99 - - [18/Jul/2015:01:22:13 -0500] "GET /arcgis/services/Calidad_del_Agua_WQI/MapServer/WMSServer?VERSION=1.1.1&REQUEST=GetMap&LAYERS=0&SRS=EPSG:4326&BBOX=-74.473395,3.674381,-73.963300,4.920569&WIDTH=250&HEIGHT=250&FORMAT=image/bmp&STYLES=& HTTP/1.1" 200 188054
201.245.192.253 - - [18/Jul/2015:01:22:45 -0500] "GET /forest/session.jsp?a=0.5525390341794524 HTTP/1.1" 200 4
66.249.75.165 - - [18/Jul/2015:01:23:38 -0500] "GET /BLA/resoluciones/AUTOS%202013/0622.pdf HTTP/1.1" 304 -
190.212.200.247 - - [18/Jul/2015:01:23:52 -0500] "GET /galeria/galeria/jquery.fancybox.css?v=2.1.5 HTTP/1.1" 200 4895
190.212.200.247 - - [18/Jul/2015:01:23:52 -0500] "GET /BLA/boletinlegal/js/jquery.scrollShow.js HTTP/1.1" 200 4586
190.212.200.247 - - [18/Jul/2015:01:23:52 -0500] "GET /galeria/galeria/jquery.fancybox.js?v=2.1.5 HTTP/1.1" 200 48706
74.86.158.107 - - [18/Jul/2015:01:24:18 -0500] "HEAD / HTTP/1.1" 200 -
66.249.75.165 - - [18/Jul/2015:01:25:23 -0500] "GET /BLA/resoluciones/AUTOS%202012/1995.pdf HTTP/1.1" 304 -
181.234.180.19 - - [18/Jul/2015:01:25:56 -0500] "GET /galeria/galeria/jquery.fancybox.css?v=2.1.5 HTTP/1.1" 200 4895
181.234.180.19 - - [18/Jul/2015:01:25:56 -0500] "GET /BLA/boletinlegal/js/jquery.scrollShow.js HTTP/1.1" 200 4586
181.234.180.19 - - [18/Jul/2015:01:25:56 -0500] "GET /galeria/galeria/jquery.fancybox.js?v=2.1.5 HTTP/1.1" 200 48706
201.245.192.253 - - [18/Jul/2015:01:26:00 -0500] "GET /forest/session.jsp?a=0.04162692499547982 HTTP/1.1" 200 4
190.25.116.71 - - [18/Jul/2015:01:26:47 -0500] "GET /galeria/galeria/jquery.fancybox.css?v=2.1.5 HTTP/1.1" 200 4895
190.25.116.71 - - [18/Jul/2015:01:26:47 -0500] "GET /BLA/boletinlegal/js/jquery.scrollShow.js HTTP/1.1" 200 4586
190.25.116.71 - - [18/Jul/2015:01:26:47 -0500] "GET /galeria/galeria/jquery.fancybox.js?v=2.1.5 HTTP/1.1" 200 48706
64.90.52.147 - - [18/Jul/2015:01:27:13 -0500] "GET /wp-admin/ HTTP/1.1" 404 1018
66.249.75.174 - - [18/Jul/2015:01:27:34 -0500] "GET /BLA/resoluciones/RESOLUCIONES%202010/7206.pdf HTTP/1.1" 304 -
188.165.15.188 - - [18/Jul/2015:01:27:42 -0500] "GET /BLA/resoluciones/AUTOS%202006/AUTOS%202006%201801-%201900/00001895.tif HTTP/1.1" 200 78602
201.245.192.253 - - [18/Jul/2015:01:27:45 -0500] "GET /forest/session.jsp?a=0.2238321880386529 HTTP/1.1" 200 4
157.55.39.185 - - [18/Jul/2015:01:28:13 -0500] "GET /BLA/resoluciones/RESOLUCIONES%202010/1203.pdf HTTP/1.1" 200 124832
157.55.39.71 - - [18/Jul/2015:01:28:50 -0500] "GET /dama/libreria/php/decide.php?patron=03.1703 HTTP/1.1" 404 1019
74.86.158.107 - - [18/Jul/2015:01:29:18 -0500] "HEAD / HTTP/1.1" 200 -
66.249.75.156 - - [18/Jul/2015:01:29:38 -0500] "GET /sia/ HTTP/1.1" 304 -
74.86.158.107 - - [18/Jul/2015:01:30:25 -0500] "HEAD / HTTP/1.1" 200 -
201.245.192.253 - - [18/Jul/2015:01:31:00 -0500] "GET /forest/session.jsp?a=0.27797663189517885 HTTP/1.1" 200 4
201.245.192.253 - - [18/Jul/2015:01:32:45 -0500] "GET /forest/session.jsp?a=0.5071838696942846 HTTP/1.1" 200 4
188.165.15.188 - - [18/Jul/2015:01:33:10 -0500] "GET /BLA/resoluciones/AUTOS%202006/AUTOS%202006%201801-%201900/00001888.tif HTTP/1.1" 200 397394
188.165.15.188 - - [18/Jul/2015:01:34:16 -0500] "GET /BLA/resoluciones/AUTOS%202006/AUTOS%202006%203101%20-%203200/00003146.tif HTTP/1.1" 200 79676
74.86.158.107 - - [18/Jul/2015:01:35:25 -0500] "HEAD / HTTP/1.1" 200 -
200.118.68.160 - - [18/Jul/2015:01:35:32 -0500] "GET /BLA/boletinlegal/js/jquery.scrollShow.js HTTP/1.1" 200 4586
200.118.68.160 - - [18/Jul/2015:01:35:32 -0500] "GET /galeria/galeria/jquery.fancybox.js?v=2.1.5 HTTP/1.1" 200 48706
200.118.68.160 - - [18/Jul/2015:01:35:32 -0500] "GET /galeria/galeria/jquery.fancybox.css?v=2.1.5 HTTP/1.1" 200 4895
200.118.68.160 - - [18/Jul/2015:01:35:46 -0500] "GET /BLA/boletinlegal/js/jquery.scrollShow.js HTTP/1.1" 304 -
200.118.68.160 - - [18/Jul/2015:01:35:46 -0500] "GET /galeria/galeria/jquery.fancybox.css?v=2.1.5 HTTP/1.1" 304 -
200.118.68.160 - - [18/Jul/2015:01:35:46 -0500] "GET /galeria/galeria/jquery.fancybox.js?v=2.1.5 HTTP/1.1" 304 -
66.249.69.40 - - [18/Jul/2015:01:35:17 -0500] "GET /BLA/boletinlegal/index.php HTTP/1.1" 200 50649
66.249.75.156 - - [18/Jul/2015:01:36:00 -0500] "GET /BLA/resoluciones/AUTOS%202014/3659.pdf HTTP/1.1" 304 -
201.245.192.253 - - [18/Jul/2015:01:36:00 -0500] "GET /forest/session.jsp?a=0.26087718291172335 HTTP/1.1" 200 4
66.249.75.174 - - [18/Jul/2015:01:36:00 -0500] "GET /BLA/resoluciones/RESOLUCIONES%202011/4788.pdf HTTP/1.1" 304 -
66.249.75.165 - - [18/Jul/2015:01:36:29 -0500] "GET /BLA/resoluciones/AUTOS%202014/5789.pdf HTTP/1.1" 304 -
64.90.52.147 - - [18/Jul/2015:01:36:36 -0500] "GET /test/wp-admin/ HTTP/1.1" 404 1018
66.249.75.156 - - [18/Jul/2015:01:36:59 -0500] "GET /BLA/resoluciones/AUTOS%202012/1752.pdf HTTP/1.1" 304 -
201.245.192.253 - - [18/Jul/2015:01:37:45 -0500] "GET /forest/session.jsp?a=0.17881808863213455 HTTP/1.1" 200 4
66.249.75.156 - - [18/Jul/2015:01:37:56 -0500] "GET /BLA/resoluciones/RESOLUCIONES%202008/4487.pdf HTTP/1.1" 304 -
66.249.75.156 - - [18/Jul/2015:01:38:24 -0500] "GET /BLA/resoluciones/AUTOS%202013/3484.pdf HTTP/1.1" 304 -
186.119.10.121 - - [18/Jul/2015:01:38:40 -0500] "GET /BLA/boletinlegal/js/jquery.scrollTo-min.js HTTP/1.1" 200 1150
186.119.10.121 - - [18/Jul/2015:01:38:40 -0500] "GET /BLA/boletinlegal/js/jquery.scrollShow.js HTTP/1.1" 200 4586
186.119.10.121 - - [18/Jul/2015:01:38:41 -0500] "GET /galeria/galeria/jquery.fancybox.js?v=2.1.5 HTTP/1.1" 200 48706
186.119.10.121 - - [18/Jul/2015:01:38:41 -0500] "GET /galeria/galeria/jquery.fancybox.css?v=2.1.5 HTTP/1.1" 200 4895
186.119.10.121 - - [18/Jul/2015:01:38:49 -0500] "GET /galeria/galeria/jquery.fancybox.css?v=2.1.5 HTTP/1.1" 304 -
186.119.10.121 - - [18/Jul/2015:01:38:49 -0500] "GET /BLA/boletinlegal/js/jquery.scrollShow.js HTTP/1.1" 304 -
186.119.10.121 - - [18/Jul/2015:01:38:49 -0500] "GET /galeria/galeria/jquery.fancybox.js?v=2.1.5 HTTP/1.1" 304 -
66.249.69.48 - - [18/Jul/2015:01:38:52 -0500] "GET /Autoliquidacion/Solicitudes%20relacionadas%20con%20calidad%20del%20aire%20auditiva%20y%20visual/Evaluaci%C3%B3n%20para%20Certificaci%C3%B3n%20en%20materia%20de%20Revisi%C3%B3n%20de%20Gases/lista%20de%20chequeo%20certificacion%20en%20materia%20de%20revision%20de%20gases.pdf HTTP/1.1" 304 -
188.165.15.188 - - [18/Jul/2015:01:39:17 -0500] "GET /BLA/resoluciones/AUTOS%202006/AUTOS%202006%20401-500/00000469.tif HTTP/1.1" 200 49568
66.249.75.156 - - [18/Jul/2015:01:39:20 -0500] "GET /BLA/resoluciones/RESOLUCIONES%202013/2276.pdf HTTP/1.1" 304 -
188.165.15.188 - - [18/Jul/2015:01:39:24 -0500] "GET /BLA/resoluciones/AUTOS%202006/AUTOS%202006%20401-500/00000494.tif HTTP/1.1" 200 40042
186.146.141.76 - - [18/Jul/2015:01:39:30 -0500] "GET /BLA/boletinlegal/js/jquery.scrollShow.js HTTP/1.1" 200 4586
186.146.141.76 - - [18/Jul/2015:01:39:30 -0500] "GET /galeria/galeria/jquery.fancybox.js?v=2.1.5 HTTP/1.1" 200 48706
186.146.141.76 - - [18/Jul/2015:01:39:30 -0500] "GET /galeria/galeria/jquery.fancybox.css?v=2.1.5 HTTP/1.1" 200 4895
186.146.141.76 - - [18/Jul/2015:01:39:33 -0500] "GET /BLA/boletinlegal/js/jquery.scrollShow.js HTTP/1.1" 304 -
186.146.141.76 - - [18/Jul/2015:01:39:33 -0500] "GET /galeria/galeria/jquery.fancybox.js?v=2.1.5 HTTP/1.1" 304 -
186.146.141.76 - - [18/Jul/2015:01:39:33 -0500] "GET /galeria/galeria/jquery.fancybox.css?v=2.1.5 HTTP/1.1" 304 -
66.249.75.165 - - [18/Jul/2015:01:39:47 -0500] "GET /BLA/resoluciones/RESOLUCIONES%202014/2004.pdf HTTP/1.1" 304 -
66.249.75.165 - - [18/Jul/2015:01:40:14 -0500] "GET /BLA/resoluciones/Notificaciones/AUTOS%202014/3581.doc HTTP/1.1" 304 -
74.86.158.107 - - [18/Jul/2015:01:40:25 -0500] "HEAD / HTTP/1.1" 200 -
66.249.75.156 - - [18/Jul/2015:01:40:41 -0500] "GET /BLA/resoluciones/AUTOS%202012/2523.pdf HTTP/1.1" 304 -
201.245.192.253 - - [18/Jul/2015:01:41:00 -0500] "GET /forest/session.jsp?a=0.19111463502984583 HTTP/1.1" 200 4
66.249.75.174 - - [18/Jul/2015:01:41:08 -0500] "GET /BLA/resoluciones/RESOLUCIONES%202007/RES%202007%204101%20AL%204200/RESOLUCION%204167%20DE%202007.pdf HTTP/1.1" 304 -
207.46.13.99 - - [18/Jul/2015:01:41:32 -0500] "GET /BLA/resoluciones/RESOLUCIONES%202010/1956.pdf HTTP/1.1" 200 284751
66.249.75.156 - - [18/Jul/2015:01:41:34 -0500] "GET /BLA/resoluciones/RESOLUCIONES%202013/0817.pdf HTTP/1.1" 304 -
207.46.13.99 - - [18/Jul/2015:01:41:37 -0500] "GET /BLA/resoluciones/RESOLUCIONES%202010/1263.pdf HTTP/1.1" 200 101956
66.249.75.165 - - [18/Jul/2015:01:42:00 -0500] "GET /BLA/resoluciones/RESOLUCIONES%202013/2765.pdf HTTP/1.1" 304 -
66.249.75.156 - - [18/Jul/2015:01:42:26 -0500] "GET /BLA/resoluciones/RESOLUCIONES%202009/8589.pdf HTTP/1.1" 304 -
201.245.192.253 - - [18/Jul/2015:01:42:45 -0500] "GET /forest/session.jsp?a=0.11215973706024585 HTTP/1.1" 200 4
66.249.75.165 - - [18/Jul/2015:01:42:52 -0500] "GET /galeria/nivo-slider/demo/images/Donacion%20(2).jpg HTTP/1.1" 200 128638
181.54.234.205 - - [18/Jul/2015:01:42:55 -0500] "GET /galeria/galeria/jquery.fancybox.css?v=2.1.5 HTTP/1.1" 200 4895
181.54.234.205 - - [18/Jul/2015:01:42:55 -0500] "GET /BLA/boletinlegal/js/jquery.scrollShow.js HTTP/1.1" 200 4586
181.54.234.205 - - [18/Jul/2015:01:42:55 -0500] "GET /galeria/galeria/jquery.fancybox.js?v=2.1.5 HTTP/1.1" 200 48706
181.54.234.205 - - [18/Jul/2015:01:43:01 -0500] "GET /BLA/boletinlegal/js/jquery.scrollShow.js HTTP/1.1" 304 -
181.54.234.205 - - [18/Jul/2015:01:43:01 -0500] "GET /galeria/galeria/jquery.fancybox.js?v=2.1.5 HTTP/1.1" 304 -
181.54.234.205 - - [18/Jul/2015:01:43:01 -0500] "GET /galeria/galeria/jquery.fancybox.css?v=2.1.5 HTTP/1.1" 304 -
66.249.75.156 - - [18/Jul/2015:01:43:17 -0500] "GET /BLA/resoluciones/RESOLUCIONES%202011/2646.pdf HTTP/1.1" 304 -
66.249.75.174 - - [18/Jul/2015:01:43:42 -0500] "GET /autoliquidacion/Grupo%20Forestal%20-%20Industria%20de%20la%20Madera/Solicitud%20de%20Salvoconducto%20de%20movilizaci%C3%B3n%20flora.pdf HTTP/1.1" 304 -
66.249.75.156 - - [18/Jul/2015:01:44:07 -0500] "GET /BLA/resoluciones/RESOLUCIONES%202008/5735.pdf HTTP/1.1" 304 -
66.249.75.156 - - [18/Jul/2015:01:44:32 -0500] "GET /BLA/resoluciones/RESOLUCIONES%202010/0514.pdf HTTP/1.1" 304 -
180.76.15.7 - - [18/Jul/2015:01:44:39 -0500] "GET / HTTP/1.1" 200 10190
66.249.75.156 - - [18/Jul/2015:01:44:56 -0500] "GET /BLA/resoluciones/RESOLUCIONES%202010/6900.pdf HTTP/1.1" 304 -
66.249.75.165 - - [18/Jul/2015:01:45:20 -0500] "GET /BLA/resoluciones/RESOLUCIONES%202007/RES%202007%202401%20AL%202500/RESOLUCION%202401%20DE%202007.pdf HTTP/1.1" 304 -
74.86.158.107 - - [18/Jul/2015:01:45:25 -0500] "HEAD / HTTP/1.1" 200 -
64.90.52.147 - - [18/Jul/2015:01:45:30 -0500] "GET /wordpress/wp-admin/ HTTP/1.1" 404 1018
180.76.15.13 - - [18/Jul/2015:01:45:43 -0500] "GET / HTTP/1.1" 200 10190
66.249.75.174 - - [18/Jul/2015:01:45:44 -0500] "GET /BLA/resoluciones/AUTOS%202011/1834.pdf HTTP/1.1" 304 -
201.245.192.253 - - [18/Jul/2015:01:46:00 -0500] "GET /forest/session.jsp?a=0.6198471322622583 HTTP/1.1" 200 4
66.249.75.174 - - [18/Jul/2015:01:46:08 -0500] "GET /BLA/resoluciones/AUTOS%202012/2545.pdf HTTP/1.1" 304 -
66.249.75.174 - - [18/Jul/2015:01:46:31 -0500] "GET /BLA/resoluciones/RESOLUCIONES%202010/6690.pdf HTTP/1.1" 304 -
66.249.75.165 - - [18/Jul/2015:01:46:54 -0500] "GET /BLA/resoluciones/RESOLUCIONES%202010/7136.pdf HTTP/1.1" 304 -
66.249.69.48 - - [18/Jul/2015:01:47:17 -0500] "GET /POT-2013/Cartografia/15_Sistema%20de%20Movilidad%20_Secciones%20Viales_Circuitos_movilida.pdf HTTP/1.1" 304 -
66.249.75.165 - - [18/Jul/2015:01:47:40 -0500] "GET /BLA/resoluciones/RESOLUCIONES%202008/0411.pdf HTTP/1.1" 304 -
201.245.192.253 - - [18/Jul/2015:01:47:45 -0500] "GET /forest/session.jsp?a=0.4675640950648473 HTTP/1.1" 200 4
66.249.75.156 - - [18/Jul/2015:01:48:02 -0500] "GET /BLA/resoluciones/RESOLUCIONES%202007/RES%202007%203801%20AL%203900/RESOLUCION%203888%20DE%202007.pdf HTTP/1.1" 304 -
66.249.75.174 - - [18/Jul/2015:01:48:46 -0500] "GET /BLA/resoluciones/AUTOS%202008/0520.pdf HTTP/1.1" 304 -
66.249.75.165 - - [18/Jul/2015:01:49:08 -0500] "GET /BLA/resoluciones/RESOLUCIONES%202007/RES%202007%201401%20AL%201500/RESOLUCION%201408%20DE%202007.pdf HTTP/1.1" 304 -
123.125.71.79 - - [18/Jul/2015:01:49:27 -0500] "GET /BLA/boletinlegal/js/jquery.scrollShow.js HTTP/1.1" 200 4586
220.181.108.177 - - [18/Jul/2015:01:49:28 -0500] "GET /galeria/galeria/jquery.fancybox.css?v=2.1.5 HTTP/1.1" 200 4895
66.249.75.156 - - [18/Jul/2015:01:49:51 -0500] "GET / HTTP/1.1" 200 10190
66.249.75.156 - - [18/Jul/2015:01:50:12 -0500] "GET /BLA/resoluciones/AUTOS%202013/2086.pdf HTTP/1.1" 304 -
74.86.158.107 - - [18/Jul/2015:01:50:25 -0500] "HEAD / HTTP/1.1" 200 -
188.165.15.188 - - [18/Jul/2015:01:50:30 -0500] "GET /BLA/resoluciones/RESOLUCIONES%202004/RES%202004%201351-1400/00001361.tif HTTP/1.1" 200 126874
190.66.255.222 - - [18/Jul/2015:01:50:33 -0500] "GET /BLA/resoluciones/RESOLUCIONES%202007/RES%202007%203001%20AL%203100/RESOLUCION%203048%20DE%202007.pdf HTTP/1.1" 200 1240302
66.249.75.165 - - [18/Jul/2015:01:50:33 -0500] "GET /BLA/resoluciones/AUTOS%202013/1079.pdf HTTP/1.1" 304 -
190.66.255.222 - - [18/Jul/2015:01:50:34 -0500] "GET /favicon.ico HTTP/1.1" 200 7782
190.66.255.222 - - [18/Jul/2015:01:50:34 -0500] "GET /BLA/resoluciones/RESOLUCIONES%202007/RES%202007%203001%20AL%203100/RESOLUCION%203048%20DE%202007.pdf HTTP/1.1" 206 32768
190.66.255.222 - - [18/Jul/2015:01:50:34 -0500] "GET /BLA/resoluciones/RESOLUCIONES%202007/RES%202007%203001%20AL%203100/RESOLUCION%203048%20DE%202007.pdf HTTP/1.1" 206 1207534
66.249.75.156 - - [18/Jul/2015:01:50:54 -0500] "GET /BLA/resoluciones/AUTOS%202012/1078.pdf HTTP/1.1" 304 -
201.245.192.253 - - [18/Jul/2015:01:51:00 -0500] "GET /forest/session.jsp?a=0.47832231449324214 HTTP/1.1" 200 4
66.249.75.156 - - [18/Jul/2015:01:51:15 -0500] "GET /BLA/circulares/3-2011.pdf HTTP/1.1" 304 -
66.249.75.165 - - [18/Jul/2015:01:51:55 -0500] "GET /BLA/resoluciones/Notificaciones/REGISTROS%202014/00997.doc HTTP/1.1" 304 -
66.249.75.174 - - [18/Jul/2015:01:52:15 -0500] "GET /BLA/resoluciones/RESOLUCIONES%202013/0474.pdf HTTP/1.1" 304 -
66.249.75.174 - - [18/Jul/2015:01:52:35 -0500] "GET /BLA/resoluciones/RESOLUCIONES%202010/4626.pdf HTTP/1.1" 304 -
201.245.192.253 - - [18/Jul/2015:01:52:45 -0500] "GET /forest/session.jsp?a=0.46347294496673996 HTTP/1.1" 200 4
201.234.75.11 - - [18/Jul/2015:01:52:49 -0500] "GET /StormSDA/stormWeb/presentacion.html HTTP/1.1" 304 -
66.249.75.165 - - [18/Jul/2015:01:52:55 -0500] "GET /autoliquidacion/TR%C3%81MITES%20VERTIMIENTOS/PERMISOS%20DE%20VERTIMIENTOS/ANEXO3.%20LISTA%20DE%20CHEQUEO%20PERMISO%20VERT.%20ALCANTARILLADO%20-%20F.xls HTTP/1.1" 304 -
66.249.75.174 - - [18/Jul/2015:01:53:14 -0500] "GET /BLA/resoluciones/RESOLUCIONES%202010/5315.pdf HTTP/1.1" 304 -
207.46.13.99 - - [18/Jul/2015:01:53:20 -0500] "GET /BLA/resoluciones/RESOLUCIONES%202010/1084.pdf HTTP/1.1" 200 134138
66.249.75.165 - - [18/Jul/2015:01:53:33 -0500] "GET /BLA/resoluciones/RESOLUCIONES%202011/4788.pdf HTTP/1.1" 304 -
66.249.75.174 - - [18/Jul/2015:01:53:52 -0500] "GET /Residuos/impresion/files/guia_impresion-lit.pdf HTTP/1.1" 304 -
66.249.75.165 - - [18/Jul/2015:01:54:11 -0500] "GET /BLA/resoluciones/AUTOS%202012/2957.pdf HTTP/1.1" 304 -
207.46.13.40 - - [18/Jul/2015:01:54:13 -0500] "GET /BLA/resoluciones/RESOLUCIONES%202010/2481.pdf HTTP/1.1" 200 286819
66.249.69.40 - - [18/Jul/2015:01:54:30 -0500] "GET /Autoliquidacion/index.php?dir=Solicitudes+relacionadas+con+calidad+del+aire+auditiva+y+visual%2FEvaluaci%F3n+certificado+de+Intensidad+Auditiva%2F HTTP/1.1" 200 2823
207.46.13.99 - - [18/Jul/2015:01:54:32 -0500] "GET /BLA/resoluciones/RESOLUCIONES%202010/0666.pdf HTTP/1.1" 200 349035
64.90.52.147 - - [18/Jul/2015:01:54:33 -0500] "GET /blog/wp-admin/ HTTP/1.1" 404 1018
81.107.13.22 - - [18/Jul/2015:01:55:17 -0500] "GET /webdav/x32.php HTTP/1.1" 404 1018
74.86.158.107 - - [18/Jul/2015:01:55:25 -0500] "HEAD / HTTP/1.1" 200 -
201.245.192.253 - - [18/Jul/2015:01:56:00 -0500] "GET /forest/session.jsp?a=0.2700550477498995 HTTP/1.1" 200 4
188.165.15.188 - - [18/Jul/2015:01:56:30 -0500] "GET /BLA/resoluciones/AUTOS%202006/AUTOS%202006%201801-%201900/00001883.tif HTTP/1.1" 200 300744
157.55.39.136 - - [18/Jul/2015:01:57:24 -0500] "GET /BLA/resoluciones/RESOLUCIONES%202010/1270.pdf HTTP/1.1" 200 106280
188.165.15.188 - - [18/Jul/2015:01:57:27 -0500] "GET /BLA/resoluciones/RESOLUCIONES%202006/RES%202006%201651-1700/00001660.tif HTTP/1.1" 200 148156
201.245.192.253 - - [18/Jul/2015:01:57:45 -0500] "GET /forest/session.jsp?a=0.31576706422449063 HTTP/1.1" 200 4
66.249.75.165 - - [18/Jul/2015:01:57:57 -0500] "GET /sia/ HTTP/1.1" 304 -
66.249.69.48 - - [18/Jul/2015:01:58:09 -0500] "GET /Autoliquidacion/index.php?dir=Grupo%20Forestal%20-%20Industria%20de%20la%20Madera/&sort=date&order=asc HTTP/1.1" 200 7255
66.249.75.156 - - [18/Jul/2015:01:58:10 -0500] "GET /BLA/resoluciones/AUTOS%202012/2523.pdf HTTP/1.1" 304 -
66.249.75.165 - - [18/Jul/2015:01:58:11 -0500] "GET /BLA/resoluciones/RESOLUCIONES%202012/0848.pdf HTTP/1.1" 304 -
66.249.75.165 - - [18/Jul/2015:01:58:23 -0500] "GET /BLA/resoluciones/RESOLUCIONES%202013/2765.pdf HTTP/1.1" 304 -
66.249.75.174 - - [18/Jul/2015:01:58:25 -0500] "GET /BLA/resoluciones/RESOLUCIONES%202009/8589.pdf HTTP/1.1" 304 -
66.249.75.165 - - [18/Jul/2015:01:58:27 -0500] "GET /BLA/resoluciones/RESOLUCIONES%202008/5735.pdf HTTP/1.1" 304 -
66.249.75.174 - - [18/Jul/2015:01:58:30 -0500] "GET /BLA/resoluciones/RESOLUCIONES%202014/2004.pdf HTTP/1.1" 304 -
66.249.75.156 - - [18/Jul/2015:01:58:32 -0500] "GET /BLA/resoluciones/AUTOS%202012/0348.pdf HTTP/1.1" 304 -
66.249.75.156 - - [18/Jul/2015:01:58:34 -0500] "GET /BLA/resoluciones/RESOLUCIONES%202013/1450.pdf HTTP/1.1" 304 -
66.249.75.174 - - [18/Jul/2015:01:58:36 -0500] "GET /autoliquidacion/Grupo%20Forestal%20-%20Industria%20de%20la%20Madera/Solicitud%20de%20Salvoconducto%20de%20movilizaci%C3%B3n%20flora.pdf HTTP/1.1" 304 -
66.249.75.174 - - [18/Jul/2015:01:58:37 -0500] "GET /BLA/resoluciones/RESOLUCIONES%202010/0514.pdf HTTP/1.1" 304 -
66.249.75.165 - - [18/Jul/2015:01:58:39 -0500] "GET /BLA/resoluciones/RESOLUCIONES%202011/2646.pdf HTTP/1.1" 304 -
188.165.15.188 - - [18/Jul/2015:01:59:12 -0500] "GET /BLA/resoluciones/RESOLUCIONES%202006/RES%202006%202601-2650/00002633.tif HTTP/1.1" 200 639722
157.55.39.184 - - [18/Jul/2015:01:59:40 -0500] "GET /BLA/resoluciones/RESOLUCIONES%202010/1983.pdf HTTP/1.1" 200 339832
157.55.39.136 - - [18/Jul/2015:02:00:10 -0500] "GET /BLA/resoluciones/RESOLUCIONES%202010/1127.pdf HTTP/1.1" 200 105940
74.86.158.107 - - [18/Jul/2015:02:00:25 -0500] "HEAD / HTTP/1.1" 200 -
201.245.192.253 - - [18/Jul/2015:02:01:00 -0500] "GET /forest/session.jsp?a=0.04857277401796778 HTTP/1.1" 200 4
66.249.75.174 - - [18/Jul/2015:02:01:25 -0500] "GET /BLA/resoluciones/RESOLUCIONES%202012/0714.pdf HTTP/1.1" 304 -
201.245.192.253 - - [18/Jul/2015:02:02:45 -0500] "GET /forest/session.jsp?a=0.05060030957104744 HTTP/1.1" 200 4
88.198.233.69 - - [18/Jul/2015:02:03:24 -0500] "GET / HTTP/1.1" 200 10190
218.62.126.134 - - [18/Jul/2015:02:03:39 -0500] "GET /BLA/resoluciones/RESOLUCIONES%202007/RES%202007%204001%20AL%204100/RESOLUCION%204065%20DE%202007.pdf HTTP/1.1" 200 248019
64.90.52.147 - - [18/Jul/2015:02:03:40 -0500] "GET /wp/wp-admin/ HTTP/1.1" 404 1018
188.165.15.188 - - [18/Jul/2015:02:03:41 -0500] "GET /BLA/resoluciones/RESOLUCIONES%202005/RES%202005%201451-1500/00001458.tif HTTP/1.1" 200 275290
208.97.177.178 - - [18/Jul/2015:02:05:03 -0500] "GET /wp-admin/ HTTP/1.1" 404 1018
74.86.158.107 - - [18/Jul/2015:02:05:25 -0500] "HEAD / HTTP/1.1" 200 -
201.245.192.253 - - [18/Jul/2015:02:06:00 -0500] "GET /forest/session.jsp?a=0.7910359018021464 HTTP/1.1" 200 4
66.249.75.156 - - [18/Jul/2015:02:07:35 -0500] "GET /BLA/resoluciones/RESOLUCIONES%202014/3653.pdf HTTP/1.1" 304 -
66.249.75.156 - - [18/Jul/2015:02:07:45 -0500] "GET /BLA/resoluciones/RESOLUCIONES%202010/6000.pdf HTTP/1.1" 304 -
201.245.192.253 - - [18/Jul/2015:02:07:45 -0500] "GET /forest/session.jsp?a=0.08452811760760193 HTTP/1.1" 200 4
66.249.75.174 - - [18/Jul/2015:02:09:37 -0500] "GET /BLA/resoluciones/RESOLUCIONES%202013/1297.pdf HTTP/1.1" 304 -
66.249.69.56 - - [18/Jul/2015:02:10:18 -0500] "GET /POT-2013/Cartografia/15_Sistema%20de%20Movilidad%20_Secciones%20Viales_Circuitos_movilida.pdf HTTP/1.1" 304 -
74.86.158.107 - - [18/Jul/2015:02:10:25 -0500] "HEAD / HTTP/1.1" 200 -
188.165.15.188 - - [18/Jul/2015:02:10:43 -0500] "GET /BLA/resoluciones/AUTOS%202006/AUTOS%202006%203101%20-%203200/00003127.tif HTTP/1.1" 200 76636
66.249.75.165 - - [18/Jul/2015:02:10:45 -0500] "GET /BLA/resoluciones/RESOLUCIONES%202007/RES%202007%202401%20AL%202500/RESOLUCION%202401%20DE%202007.pdf HTTP/1.1" 304 -
201.245.192.253 - - [18/Jul/2015:02:11:00 -0500] "GET /forest/session.jsp?a=0.5057568513024954 HTTP/1.1" 200 4
66.249.75.174 - - [18/Jul/2015:02:11:15 -0500] "GET /BLA/resoluciones/RESOLUCIONES%202010/6900.pdf HTTP/1.1" 304 -
66.249.75.174 - - [18/Jul/2015:02:11:17 -0500] "GET /galeria/nivo-slider/demo/images/PREDAcamp.jpg HTTP/1.1" 200 295358
66.249.75.174 - - [18/Jul/2015:02:11:45 -0500] "GET /BLA/resoluciones/RESOLUCIONES%202008/0411.pdf HTTP/1.1" 304 -
186.28.217.187 - - [18/Jul/2015:02:12:03 -0500] "GET /galeria/galeria/jquery.fancybox.css?v=2.1.5 HTTP/1.1" 200 4895
186.28.217.187 - - [18/Jul/2015:02:12:03 -0500] "GET /galeria/galeria/jquery.fancybox.js?v=2.1.5 HTTP/1.1" 200 48706
186.28.217.187 - - [18/Jul/2015:02:12:03 -0500] "GET /BLA/boletinlegal/js/jquery.scrollShow.js HTTP/1.1" 200 4586
186.28.217.187 - - [18/Jul/2015:02:12:06 -0500] "GET /BLA/boletinlegal/js/jquery.scrollShow.js HTTP/1.1" 304 -
186.28.217.187 - - [18/Jul/2015:02:12:06 -0500] "GET /galeria/galeria/jquery.fancybox.js?v=2.1.5 HTTP/1.1" 304 -
186.28.217.187 - - [18/Jul/2015:02:12:06 -0500] "GET /galeria/galeria/jquery.fancybox.css?v=2.1.5 HTTP/1.1" 304 -
188.165.15.188 - - [18/Jul/2015:02:12:13 -0500] "GET /BLA/resoluciones/RESOLUCIONES%202006/RES%202006%20901-950/00000917.tif HTTP/1.1" 200 78272
66.249.75.165 - - [18/Jul/2015:02:12:15 -0500] "GET /BLA/resoluciones/RESOLUCIONES%202011/5543.pdf HTTP/1.1" 304 -
188.165.15.188 - - [18/Jul/2015:02:12:33 -0500] "GET /BLA/resoluciones/RESOLUCIONES%202002/RES%202002%20751-800/2002RES798.tif HTTP/1.1" 200 84410
66.249.75.174 - - [18/Jul/2015:02:12:45 -0500] "GET /BLA/resoluciones/RESOLUCIONES%202007/RES%202007%204101%20AL%204200/RESOLUCION%204167%20DE%202007.pdf HTTP/1.1" 304 -
201.245.192.253 - - [18/Jul/2015:02:12:46 -0500] "GET /forest/session.jsp?a=0.9855443925958695 HTTP/1.1" 200 4
180.76.15.141 - - [18/Jul/2015:02:12:52 -0500] "GET /BLA/boletinlegal/Circulares/2011/Circular%20No.%209%20del%2003%20de%20Noviembre%20de%202011.pdf HTTP/1.1" 200 54568
64.90.52.147 - - [18/Jul/2015:02:13:00 -0500] "GET /old/wp-admin/ HTTP/1.1" 404 1018
66.249.75.165 - - [18/Jul/2015:02:13:15 -0500] "GET /BLA/resoluciones/RESOLUCIONES%202010/5315.pdf HTTP/1.1" 304 -
66.249.75.156 - - [18/Jul/2015:02:13:45 -0500] "GET /BLA/resoluciones/Notificaciones/AUTOS%202014/3581.doc HTTP/1.1" 304 -
66.249.75.165 - - [18/Jul/2015:02:14:33 -0500] "GET /hidrico/aguas%20subterraneas/index.php?dir=Cartograf%ECa_Final_2013/Geolog%EDa/&sort=date&order=desc HTTP/1.1" 404 1018
74.86.158.107 - - [18/Jul/2015:02:15:25 -0500] "HEAD / HTTP/1.1" 200 -
199.195.118.53 - - [18/Jul/2015:02:15:30 -0500] "GET / HTTP/1.1" 200 10190
208.97.177.178 - - [18/Jul/2015:02:15:40 -0500] "GET /test/wp-admin/ HTTP/1.1" 404 1018
201.245.192.253 - - [18/Jul/2015:02:16:00 -0500] "GET /forest/session.jsp?a=0.3729370319249501 HTTP/1.1" 200 4
188.165.15.188 - - [18/Jul/2015:02:17:12 -0500] "GET /BLA/resoluciones/AUTOS%202006/AUTOS%202006%201701%20-%201800/00001748.tif HTTP/1.1" 200 70606
207.46.13.40 - - [18/Jul/2015:02:17:19 -0500] "GET /BLA/resoluciones/RESOLUCIONES%202010/1955.pdf HTTP/1.1" 200 342308
66.249.75.156 - - [18/Jul/2015:02:17:34 -0500] "GET /BLA/resoluciones/RESOLUCIONES%202009/0079.pdf HTTP/1.1" 200 398680
66.249.75.174 - - [18/Jul/2015:02:17:35 -0500] "GET /BLA/resoluciones/RESOLUCIONES%202007/RES%202007%20401%20AL%20500/RESOLUCION%200461%20DE%202007.pdf HTTP/1.1" 304 -
66.249.75.156 - - [18/Jul/2015:02:17:41 -0500] "GET /BLA/resoluciones/RESOLUCIONES%202007/RES%202007%202001%20AL%202100/RESOLUCION%202080%20DE%202007.pdf HTTP/1.1" 304 -
66.249.75.165 - - [18/Jul/2015:02:17:41 -0500] "GET /BLA/resoluciones/Resoluciones%202011/6416.pdf HTTP/1.1" 304 -
157.55.39.184 - - [18/Jul/2015:02:17:43 -0500] "GET /BLA/resoluciones/RESOLUCIONES%202010/0223.pdf HTTP/1.1" 200 276112
201.245.192.253 - - [18/Jul/2015:02:17:46 -0500] "GET /forest/session.jsp?a=0.9427864013495406 HTTP/1.1" 200 4
66.249.75.165 - - [18/Jul/2015:02:17:48 -0500] "GET /BLA/resoluciones/RESOLUCIONES%202009/1803.pdf HTTP/1.1" 304 -
66.249.75.174 - - [18/Jul/2015:02:17:50 -0500] "GET /BLA/circulares/6.pdf HTTP/1.1" 304 -
66.249.75.174 - - [18/Jul/2015:02:17:52 -0500] "GET /BLA/resoluciones/RESOLUCIONES%202012/1114.pdf HTTP/1.1" 304 -
66.249.75.165 - - [18/Jul/2015:02:17:53 -0500] "GET /autoliquidacion/TR%C3%81MITES%20VERTIMIENTOS/PERMISOS%20DE%20VERTIMIENTOS/ANEXO3.%20LISTA%20DE%20CHEQUEO%20PERMISO%20VERT.%20ALCANTARILLADO%20-%20F.xls HTTP/1.1" 304 -
66.249.75.156 - - [18/Jul/2015:02:17:56 -0500] "GET /BLA/resoluciones/RESOLUCIONES%202013/0466.pdf HTTP/1.1" 304 -
66.249.75.156 - - [18/Jul/2015:02:18:05 -0500] "GET /BLA/resoluciones/AUTOS%202013/1426.pdf HTTP/1.1" 304 -
66.249.69.40 - - [18/Jul/2015:02:18:55 -0500] "GET /BLA/boletinlegal/index.php HTTP/1.1" 200 50649
66.249.75.174 - - [18/Jul/2015:02:19:39 -0500] "GET /BLA/resoluciones/RESOLUCIONES%202013/1138.pdf HTTP/1.1" 304 -
66.249.75.156 - - [18/Jul/2015:02:19:40 -0500] "GET /BLA/resoluciones/RESOLUCIONES%202014/1941.pdf HTTP/1.1" 304 -
66.249.75.174 - - [18/Jul/2015:02:19:40 -0500] "GET /BLA/resoluciones/RESOLUCIONES%202013/1297.pdf HTTP/1.1" 304 -
66.249.75.156 - - [18/Jul/2015:02:19:41 -0500] "GET /BLA/resoluciones/RESOLUCIONES%202012/1557.pdf HTTP/1.1" 304 -
66.249.75.156 - - [18/Jul/2015:02:19:42 -0500] "GET /BLA/resoluciones/RESOLUCIONES%202010/0417.pdf HTTP/1.1" 304 -
188.165.15.188 - - [18/Jul/2015:02:19:42 -0500] "GET /BLA/resoluciones/RESOLUCIONES%202006/RES%202006%20%202801-2850/00002835.tif HTTP/1.1" 200 286260
74.86.158.107 - - [18/Jul/2015:02:20:25 -0500] "HEAD / HTTP/1.1" 200 -
201.245.192.253 - - [18/Jul/2015:02:21:00 -0500] "GET /forest/session.jsp?a=0.4129290792638478 HTTP/1.1" 200 4
201.245.192.253 - - [18/Jul/2015:02:22:46 -0500] "GET /forest/session.jsp?a=0.26298893365125287 HTTP/1.1" 200 4
157.55.39.184 - - [18/Jul/2015:02:24:39 -0500] "GET /BLA/resoluciones/RESOLUCIONES%202010/1992.pdf HTTP/1.1" 200 338576
74.86.158.107 - - [18/Jul/2015:02:25:25 -0500] "HEAD / HTTP/1.1" 200 -
188.165.15.188 - - [18/Jul/2015:02:25:41 -0500] "GET /BLA/resoluciones/AUTOS%202006/AUTOS%202006%201301-1400/00001358.tif HTTP/1.1" 200 53450
157.55.39.59 - - [18/Jul/2015:02:25:43 -0500] "GET /Anexos%20estudio%20Organizacional%20SDA/index.php?dir=&sort=name&order=desc HTTP/1.1" 200 5839
201.245.192.253 - - [18/Jul/2015:02:26:01 -0500] "GET /forest/session.jsp?a=0.9125380976757067 HTTP/1.1" 200 4
66.249.75.174 - - [18/Jul/2015:02:27:06 -0500] "GET /BLA/resoluciones/RESOLUCIONES%202012/0611.pdf HTTP/1.1" 304 -
66.249.75.165 - - [18/Jul/2015:02:27:31 -0500] "GET /BLA/resoluciones/RESOLUCIONES%202010/4484.pdf HTTP/1.1" 304 -
66.249.75.156 - - [18/Jul/2015:02:27:32 -0500] "GET /BLA/resoluciones/RESOLUCIONES%202009/2840.pdf HTTP/1.1" 304 -
66.249.75.165 - - [18/Jul/2015:02:27:33 -0500] "GET /BLA/resoluciones/RESOLUCIONES%202012/0195.pdf HTTP/1.1" 304 -
66.249.75.174 - - [18/Jul/2015:02:27:36 -0500] "GET /BLA/resoluciones/RESOLUCIONES%202013/0883.pdf HTTP/1.1" 304 -
201.245.192.253 - - [18/Jul/2015:02:27:46 -0500] "GET /forest/session.jsp?a=0.76545255662123 HTTP/1.1" 200 4
200.1.126.10 - - [18/Jul/2015:02:27:53 -0500] "GET /galeria/nivo-slider/demo/images/acuerdo_569.jpg HTTP/1.1" 304 -
66.249.75.165 - - [18/Jul/2015:02:27:54 -0500] "GET /BLA/resoluciones/RESOLUCIONES%202007/RES%202007%201401%20AL%201500/RESOLUCION%201402%20DE%202007.pdf HTTP/1.1" 304 -
66.249.75.165 - - [18/Jul/2015:02:27:56 -0500] "GET /BLA/resoluciones/RESOLUCIONES%202007/RES%202007%201401%20AL%201500/RESOLUCION%201409%20DE%202007.pdf HTTP/1.1" 304 -
66.249.75.174 - - [18/Jul/2015:02:30:17 -0500] "GET /BLA/resoluciones/AUTOS%202009/0022.pdf HTTP/1.1" 304 -
74.86.158.107 - - [18/Jul/2015:02:30:25 -0500] "HEAD / HTTP/1.1" 200 -
66.249.75.174 - - [18/Jul/2015:02:30:38 -0500] "GET /BLA/resoluciones/AUTOS%202013/3091.pdf HTTP/1.1" 304 -
201.245.192.253 - - [18/Jul/2015:02:31:01 -0500] "GET /forest/session.jsp?a=0.6756609860804189 HTTP/1.1" 200 4
66.249.75.165 - - [18/Jul/2015:02:31:08 -0500] "GET /BLA/resoluciones/RESOLUCIONES%202012/1898.pdf HTTP/1.1" 304 -
207.46.13.40 - - [18/Jul/2015:02:31:16 -0500] "GET /BLA/resoluciones/RESOLUCIONES%202010/1820.pdf HTTP/1.1" 200 350984
66.249.75.156 - - [18/Jul/2015:02:31:38 -0500] "GET /BLA/resoluciones/AUTOS%202012/1723.pdf HTTP/1.1" 304 -
66.249.75.156 - - [18/Jul/2015:02:32:08 -0500] "GET /BLA/resoluciones/RESOLUCIONES%202014/1460.pdf HTTP/1.1" 304 -
66.249.75.174 - - [18/Jul/2015:02:32:38 -0500] "GET /BLA/resoluciones/AUTOS%202013/0324.pdf HTTP/1.1" 304 -
201.245.192.253 - - [18/Jul/2015:02:32:46 -0500] "GET /forest/session.jsp?a=0.6044815955201185 HTTP/1.1" 200 4
66.249.75.156 - - [18/Jul/2015:02:32:49 -0500] "GET /manual_funciones_Listado/index.php?dir=2.5.%20Direcci%F3n%20de%20Gesti%F3n%20Corporativa/&sort=size&order=asc HTTP/1.1" 404 1018
188.165.15.188 - - [18/Jul/2015:02:33:07 -0500] "GET /BLA/resoluciones/RESOLUCIONES%202004/RES%202004%2001-%2050/00000026.tif HTTP/1.1" 200 31904
66.249.75.165 - - [18/Jul/2015:02:33:08 -0500] "GET /BLA/resoluciones/RESOLUCIONES%202009/4361.pdf HTTP/1.1" 304 -
157.55.39.184 - - [18/Jul/2015:02:33:51 -0500] "GET /BLA/resoluciones/RESOLUCIONES%202010/2110.pdf HTTP/1.1" 200 351516
188.165.15.188 - - [18/Jul/2015:02:34:05 -0500] "GET /BLA/resoluciones/RESOLUCIONES%202003/RES%202003%20001-050/2003RES24.tif HTTP/1.1" 200 155268
66.249.75.156 - - [18/Jul/2015:02:35:25 -0500] "GET /BLA/resoluciones/AUTOS%202013/0354.pdf HTTP/1.1" 304 -
74.86.158.107 - - [18/Jul/2015:02:35:25 -0500] "HEAD / HTTP/1.1" 200 -
201.245.192.253 - - [18/Jul/2015:02:36:01 -0500] "GET /forest/session.jsp?a=0.12450779439880011 HTTP/1.1" 200 4
157.55.39.185 - - [18/Jul/2015:02:35:52 -0500] "GET /videos/CRRFFS.mp4 HTTP/1.1" 200 286784363
208.97.177.178 - - [18/Jul/2015:02:36:16 -0500] "GET /blog/wp-admin/ HTTP/1.1" 404 1018
188.165.15.188 - - [18/Jul/2015:02:36:40 -0500] "GET /BLA/resoluciones/AUTOS%202006/AUTOS%202006%201201-1300/00001300.tif HTTP/1.1" 200 84346
81.107.13.22 - - [18/Jul/2015:02:37:30 -0500] "GET /webdav/x32.php HTTP/1.1" 404 1018
201.245.192.253 - - [18/Jul/2015:02:37:46 -0500] "GET /forest/session.jsp?a=0.3083783816190666 HTTP/1.1" 200 4
66.249.75.174 - - [18/Jul/2015:02:38:00 -0500] "GET /BLA/resoluciones/RESOLUCIONES%202007/RES%202007%202201%20AL%202300/RESOLUCION%202297%20DE%202007.pdf HTTP/1.1" 304 -
66.249.75.165 - - [18/Jul/2015:02:38:01 -0500] "GET /BLA/resoluciones/RESOLUCIONES%202013/2596.pdf HTTP/1.1" 304 -
66.249.75.174 - - [18/Jul/2015:02:38:06 -0500] "GET /BLA/resoluciones/RESOLUCIONES%202010/4492.pdf HTTP/1.1" 304 -
188.165.15.188 - - [18/Jul/2015:02:38:41 -0500] "GET /BLA/resoluciones/RESOLUCIONES%202003/RES%202003%201951-2000/00002000.tif HTTP/1.1" 200 101150
66.249.75.165 - - [18/Jul/2015:02:39:03 -0500] "GET /BLA/resoluciones/AUTOS%202013/1593.pdf HTTP/1.1" 304 -
66.249.75.156 - - [18/Jul/2015:02:39:03 -0500] "GET /BLA/resoluciones/RESOLUCIONES%202010/7136.pdf HTTP/1.1" 304 -
66.249.75.165 - - [18/Jul/2015:02:39:04 -0500] "GET /BLA/resoluciones/RESOLUCIONES%202010/7751.pdf HTTP/1.1" 304 -
66.249.75.156 - - [18/Jul/2015:02:39:06 -0500] "GET /BLA/resoluciones/RESOLUCIONES%202010/4775.pdf HTTP/1.1" 304 -
188.165.15.188 - - [18/Jul/2015:02:39:07 -0500] "GET /BLA/resoluciones/RESOLUCIONES%202004/RES%202004%20851-900/00000868.tif HTTP/1.1" 200 90550
66.249.75.156 - - [18/Jul/2015:02:39:08 -0500] "GET /BLA/resoluciones/RESOLUCIONES%202008/2580.pdf HTTP/1.1" 304 -
66.249.75.165 - - [18/Jul/2015:02:39:10 -0500] "GET /BLA/resoluciones/RESOLUCIONES%202013/1002.pdf HTTP/1.1" 304 -
66.249.75.156 - - [18/Jul/2015:02:39:12 -0500] "GET /BLA/circulares/5.pdf HTTP/1.1" 304 -
66.249.75.156 - - [18/Jul/2015:02:39:14 -0500] "GET /BLA/resoluciones/RESOLUCIONES%202012/1556.pdf HTTP/1.1" 304 -
66.249.75.174 - - [18/Jul/2015:02:39:16 -0500] "GET /BLA/resoluciones/RESOLUCIONES%202013/0468.pdf HTTP/1.1" 304 -
66.249.75.174 - - [18/Jul/2015:02:39:27 -0500] "GET /BLA/resoluciones/RESOLUCIONES%202008/0410.pdf HTTP/1.1" 304 -
66.249.75.165 - - [18/Jul/2015:02:39:57 -0500] "GET /BLA/resoluciones/AUTOS%202011/2105.pdf HTTP/1.1" 304 -
66.249.75.165 - - [18/Jul/2015:02:40:05 -0500] "GET /galeria/nivo-slider/demo/images/Semana-PYBA.jpg HTTP/1.1" 200 147360
74.86.158.107 - - [18/Jul/2015:02:40:25 -0500] "HEAD / HTTP/1.1" 200 -
66.249.75.156 - - [18/Jul/2015:02:40:27 -0500] "GET /BLA/resoluciones/RESOLUCIONES%202011/5202.pdf HTTP/1.1" 304 -
66.249.75.156 - - [18/Jul/2015:02:40:57 -0500] "GET /autoliquidacion/Grupo%20Forestal%20-%20Industria%20de%20la%20Madera/Formulario%20para%20la%20Relaci%C3%B3n%20de%20Salvoconductos_facturas_remisiones_CARA1.pdf HTTP/1.1" 304 -
201.245.192.253 - - [18/Jul/2015:02:41:01 -0500] "GET /forest/session.jsp?a=0.8750838145590843 HTTP/1.1" 200 4
201.245.192.253 - - [18/Jul/2015:02:42:46 -0500] "GET /forest/session.jsp?a=0.664764610540971 HTTP/1.1" 200 4
66.249.75.174 - - [18/Jul/2015:02:44:17 -0500] "GET /BLA/resoluciones/RESOLUCIONES%202013/0594.pdf HTTP/1.1" 304 -
188.165.15.188 - - [18/Jul/2015:02:45:18 -0500] "GET /BLA/resoluciones/RESOLUCIONES%202004/RES%202004%20651-700/00000676.tif HTTP/1.1" 200 351202
208.97.177.178 - - [18/Jul/2015:02:45:19 -0500] "GET /wp/wp-admin/ HTTP/1.1" 404 1018
74.86.158.107 - - [18/Jul/2015:02:45:25 -0500] "HEAD / HTTP/1.1" 200 -
201.245.192.253 - - [18/Jul/2015:02:46:01 -0500] "GET /forest/session.jsp?a=0.6686699454918459 HTTP/1.1" 200 4
201.245.192.253 - - [18/Jul/2015:02:47:46 -0500] "GET /forest/session.jsp?a=0.8507070476506234 HTTP/1.1" 200 4
157.55.39.25 - - [18/Jul/2015:02:48:07 -0500] "GET /Autoliquidacion/index.php?dir=TR%C1MITES+AGUAS+SUBTERR%C1NEAS%2F126PM04-PR93-PR%D3RROGA+CONCESI%D3N+AGUAS+SUBTERR%C1NEAS%2F HTTP/1.1" 200 2907
157.55.39.25 - - [18/Jul/2015:02:48:07 -0500] "GET / HTTP/1.1" 200 10190
157.55.39.25 - - [18/Jul/2015:02:48:08 -0500] "GET /Anexos%20estudio%20Organizacional%20SDA/index.php?dir=ANEXO%20No.%204%20-%20ENCUESTA%20DE%20AN\xc3\x81LISIS%20ORGANIZACIONAL/&sort=name&order=desc HTTP/1.1" 200 6162
157.55.39.25 - - [18/Jul/2015:02:48:08 -0500] "GET /SIG/ HTTP/1.1" 200 4514
157.55.39.25 - - [18/Jul/2015:02:48:08 -0500] "GET /Anexos%20estudio%20Organizacional%20SDA/index.php?dir=ANEXO%20No.%204%20-%20ENCUESTA%20DE%20AN\xc3\x81LISIS%20ORGANIZACIONAL/&sort=date&order=asc HTTP/1.1" 200 6163
66.249.75.174 - - [18/Jul/2015:02:48:17 -0500] "GET /BLA/resoluciones/RESOLUCIONES%202007/RES%202007%201201%20AL%201300/RESOLUCION%201208%20DE%202007.pdf HTTP/1.1" 304 -
66.249.75.156 - - [18/Jul/2015:02:48:18 -0500] "GET / HTTP/1.1" 200 10190
66.249.65.227 - - [18/Jul/2015:02:48:19 -0500] "GET /BLA/resoluciones/AUTOS%202008/0520.pdf HTTP/1.1" 304 -
188.165.15.188 - - [18/Jul/2015:02:48:17 -0500] "GET /BLA/resoluciones/index.php?dir=AUTOS%202013/&sort=size&order=asc HTTP/1.1" 200 351633
66.249.69.40 - - [18/Jul/2015:02:49:31 -0500] "GET /BLA/boletinlegal/jurisprudencia/analisis/CUADRO%20SENTENCIA%20C-222%20DE%202011.doc HTTP/1.1" 304 -
66.249.75.165 - - [18/Jul/2015:02:49:31 -0500] "GET /BLA/resoluciones/AUTOS%202011/3603.pdf HTTP/1.1" 304 -
66.249.75.156 - - [18/Jul/2015:02:49:32 -0500] "GET /BLA/resoluciones/RESOLUCIONES%202012/1228.pdf HTTP/1.1" 304 -
66.249.75.156 - - [18/Jul/2015:02:49:32 -0500] "GET /BLA/resoluciones/AUTOS%202013/0540.pdf HTTP/1.1" 304 -
74.86.158.107 - - [18/Jul/2015:02:50:25 -0500] "HEAD / HTTP/1.1" 200 -
188.165.15.188 - - [18/Jul/2015:02:50:32 -0500] "GET /BLA/resoluciones/RESOLUCIONES%202003/RES%202003%20201-250/2003RES225.tif HTTP/1.1" 200 96308
66.249.75.174 - - [18/Jul/2015:02:50:43 -0500] "GET /BLA/resoluciones/RESOLUCIONES%202013/0825.pdf HTTP/1.1" 304 -
201.245.192.253 - - [18/Jul/2015:02:51:01 -0500] "GET /forest/session.jsp?a=0.10990508438411839 HTTP/1.1" 200 4
66.249.75.174 - - [18/Jul/2015:02:51:31 -0500] "GET /BLA/resoluciones/RESOLUCIONES%202013/0985.pdf HTTP/1.1" 304 -
66.249.75.165 - - [18/Jul/2015:02:51:50 -0500] "GET /portalsiaccapacitaciones/Soportes%20Capacitaciones%20A%C3%B1o%202013/0038.%20Presentaci%C3%B3n%20Construcci%C3%B3n%20Sostenible.pdf HTTP/1.1" 404 1018
66.249.75.174 - - [18/Jul/2015:02:52:01 -0500] "GET /BLA/resoluciones/RESOLUCIONES%202011/0216.pdf HTTP/1.1" 304 -
66.249.75.174 - - [18/Jul/2015:02:52:31 -0500] "GET /BLA/resoluciones/RESOLUCIONES%202014/1488.pdf HTTP/1.1" 304 -
201.245.192.253 - - [18/Jul/2015:02:52:46 -0500] "GET /forest/session.jsp?a=0.9009904914963519 HTTP/1.1" 200 4
66.249.75.165 - - [18/Jul/2015:02:53:01 -0500] "GET /BLA/resoluciones/RESOLUCIONES%202010/6809.pdf HTTP/1.1" 304 -
66.249.75.174 - - [18/Jul/2015:02:53:28 -0500] "GET /BLA/resoluciones/RESOLUCIONES%202010/7477.pdf HTTP/1.1" 304 -
66.249.75.174 - - [18/Jul/2015:02:53:31 -0500] "GET /BLA/resoluciones/RESOLUCIONES%202010/0319.pdf HTTP/1.1" 304 -
208.97.177.178 - - [18/Jul/2015:02:54:36 -0500] "GET /old/wp-admin/ HTTP/1.1" 404 1018
188.165.15.188 - - [18/Jul/2015:02:54:58 -0500] "GET /BLA/resoluciones/AUTOS%202006/AUTOS%202006%20501-600/00000503.tif HTTP/1.1" 200 59770
74.86.158.107 - - [18/Jul/2015:02:55:25 -0500] "HEAD / HTTP/1.1" 200 -
188.165.15.188 - - [18/Jul/2015:02:55:31 -0500] "GET /BLA/resoluciones/RESOLUCIONES%202005/RES%202005%201401-1450/00001418.tif HTTP/1.1" 200 219316
201.245.192.253 - - [18/Jul/2015:02:56:01 -0500] "GET /forest/session.jsp?a=0.2863347421578273 HTTP/1.1" 200 4
157.55.39.136 - - [18/Jul/2015:02:56:09 -0500] "GET /BLA/resoluciones/RESOLUCIONES%202010/1357.pdf HTTP/1.1" 200 345285
201.245.192.253 - - [18/Jul/2015:02:57:46 -0500] "GET /forest/session.jsp?a=0.2703596247786447 HTTP/1.1" 200 4
188.165.15.188 - - [18/Jul/2015:02:58:18 -0500] "GET /BLA/resoluciones/index.php?dir=RESOLUCIONES%202007/RES%202007%202601%20AL%202700/&sort=date&order=desc HTTP/1.1" 200 26864
188.165.15.188 - - [18/Jul/2015:02:58:43 -0500] "GET /BLA/resoluciones/RESOLUCIONES%202002/RES%202002%20451-500/00000475.tif HTTP/1.1" 200 142302
188.165.15.188 - - [18/Jul/2015:02:58:56 -0500] "GET /BLA/resoluciones/AUTOS%202006/AUTOS%202006%202401%20-%202500/00002485.tif HTTP/1.1" 200 61024
66.249.75.165 - - [18/Jul/2015:02:58:17 -0500] "GET /BLA/boletinlegal/ HTTP/1.1" 200 50649
66.249.75.156 - - [18/Jul/2015:02:59:00 -0500] "GET /BLA/resoluciones/RESOLUCIONES%202012/1725.pdf HTTP/1.1" 304 -
66.249.75.165 - - [18/Jul/2015:02:59:06 -0500] "GET /BLA/resoluciones/RESOLUCIONES%202007/RES%202007%20701%20AL%20800/RESOLUCION%200705%20DE%202007.pdf HTTP/1.1" 304 -
66.249.75.174 - - [18/Jul/2015:02:59:06 -0500] "GET /BLA/resoluciones/RESOLUCIONES%202014/1998.pdf HTTP/1.1" 304 -
66.249.75.156 - - [18/Jul/2015:02:59:07 -0500] "GET /BLA/resoluciones/AUTOS%202012/0096.pdf HTTP/1.1" 304 -
188.165.15.188 - - [18/Jul/2015:02:59:49 -0500] "GET /BLA/resoluciones/RESOLUCIONES%202004/RES%202004%20651-700/00000669.tif HTTP/1.1" 200 118372
66.249.75.156 - - [18/Jul/2015:03:00:11 -0500] "GET /BLA/directivas/2009/0.pdf HTTP/1.1" 304 -
66.249.75.165 - - [18/Jul/2015:03:00:11 -0500] "GET /autoliquidacion/TR%C3%81MITES%20MINER%C3%8DA/126PM04-PR39-M-A6-V5.0%20Terminos%20de%20referencia%20PMRRA[1].doc HTTP/1.1" 304 -
66.249.75.156 - - [18/Jul/2015:03:00:12 -0500] "GET /BLA/resoluciones/RESOLUCIONES%202007/RES%202007%201001%20AL%201100/RESOLUCION%201006%20DE%202007.pdf HTTP/1.1" 304 -
66.249.75.165 - - [18/Jul/2015:03:00:13 -0500] "GET /BLA/resoluciones/RESOLUCIONES%202013/1223.pdf HTTP/1.1" 304 -
66.249.75.156 - - [18/Jul/2015:03:00:15 -0500] "GET /BLA/resoluciones/RESOLUCIONES%202012/1391.pdf HTTP/1.1" 304 -
74.86.158.107 - - [18/Jul/2015:03:00:25 -0500] "HEAD / HTTP/1.1" 200 -
201.245.192.253 - - [18/Jul/2015:03:01:01 -0500] "GET /forest/session.jsp?a=0.34052525857451765 HTTP/1.1" 200 4
66.249.75.174 - - [18/Jul/2015:03:01:20 -0500] "GET /BLA/resoluciones/AUTOS%202009/0527.pdf HTTP/1.1" 304 -
66.249.75.174 - - [18/Jul/2015:03:01:20 -0500] "GET /BLA/resoluciones/RESOLUCIONES%202012/1143.pdf HTTP/1.1" 304 -
66.249.75.156 - - [18/Jul/2015:03:01:40 -0500] "GET /galeria/nivo-slider/demo/images/ HTTP/1.1" 200 177022
66.249.75.165 - - [18/Jul/2015:03:02:10 -0500] "GET /BLA/resoluciones/RESOLUCIONES%202007/RES%202007%202301%20AL%202400/RESOLUCION%202347%20DE%202007.pdf HTTP/1.1" 304 -
66.249.75.174 - - [18/Jul/2015:03:02:22 -0500] "GET /BLA/resoluciones/RESOLUCIONES%202007/RES%202007%201401%20AL%201500/RESOLUCION%201402%20DE%202007.pdf HTTP/1.1" 304 -
66.249.75.156 - - [18/Jul/2015:03:02:40 -0500] "GET /BLA/resoluciones/AUTOS%202011/2208.pdf HTTP/1.1" 304 -
201.245.192.253 - - [18/Jul/2015:03:02:46 -0500] "GET /forest/session.jsp?a=0.34376668506297003 HTTP/1.1" 200 4
88.198.233.69 - - [18/Jul/2015:03:03:06 -0500] "GET / HTTP/1.1" 200 10190
188.165.15.188 - - [18/Jul/2015:03:04:40 -0500] "GET /BLA/resoluciones/index.php?dir=AUTOS%202009/&sort=size&order=desc HTTP/1.1" 200 395125
207.46.13.99 - - [18/Jul/2015:03:05:09 -0500] "GET /BLA/resoluciones/RESOLUCIONES%202010/1078.pdf HTTP/1.1" 200 113350
74.86.158.107 - - [18/Jul/2015:03:05:25 -0500] "HEAD / HTTP/1.1" 200 -
188.165.15.188 - - [18/Jul/2015:03:05:45 -0500] "GET /BLA/resoluciones/RESOLUCIONES%202004/RES%202004%20501-550/00000509.tif HTTP/1.1" 200 181414
201.245.192.253 - - [18/Jul/2015:03:06:01 -0500] "GET /forest/session.jsp?a=0.12689527746701235 HTTP/1.1" 200 4
188.165.15.188 - - [18/Jul/2015:03:07:42 -0500] "GET /BLA/resoluciones/index.php?dir=AUTOS%202006/AUTOS%202006%20201-300/&sort=name&order=desc HTTP/1.1" 200 21765
201.245.192.253 - - [18/Jul/2015:03:07:46 -0500] "GET /forest/session.jsp?a=0.8366545493600323 HTTP/1.1" 200 4
188.165.15.188 - - [18/Jul/2015:03:08:15 -0500] "GET /BLA/resoluciones/AUTOS%202006/AUTOS%202006%201901%20-%202000/00001953.tif HTTP/1.1" 200 57092
207.46.13.99 - - [18/Jul/2015:03:09:02 -0500] "GET /BLA/resoluciones/RESOLUCIONES%202010/2079.pdf HTTP/1.1" 200 198695
66.249.75.174 - - [18/Jul/2015:03:09:13 -0500] "GET /galeria/nivo-slider/demo/images/todosxelagua19.jpg HTTP/1.1" 200 111119
66.249.75.156 - - [18/Jul/2015:03:10:13 -0500] "GET /manual_funciones_Listado/2.%20Subsecretar%C3%ADa%20General%20y%20de%20Control%20Disciplinario/Auxiliar%20Administrativo%20407-09.pdf HTTP/1.1" 404 1018
66.249.75.174 - - [18/Jul/2015:03:10:19 -0500] "GET /BLA/resoluciones/AUTOS%202014/3659.pdf HTTP/1.1" 304 -
66.249.75.165 - - [18/Jul/2015:03:10:20 -0500] "GET /BLA/resoluciones/RESOLUCIONES%202010/7252.pdf HTTP/1.1" 304 -
66.249.75.156 - - [18/Jul/2015:03:10:20 -0500] "GET /BLA/resoluciones/AUTOS%202010/0531.pdf HTTP/1.1" 304 -
66.249.75.156 - - [18/Jul/2015:03:10:20 -0500] "GET /BLA/resoluciones/RESOLUCIONES%202012/1281.pdf HTTP/1.1" 304 -
66.249.75.156 - - [18/Jul/2015:03:10:21 -0500] "GET /BLA/resoluciones/Notificaciones/AUTOS%202014/0799.doc HTTP/1.1" 304 -
66.249.75.165 - - [18/Jul/2015:03:10:23 -0500] "GET /BLA/resoluciones/RESOLUCIONES%202012/0909.pdf HTTP/1.1" 304 -
66.249.75.174 - - [18/Jul/2015:03:10:24 -0500] "GET /BLA/resoluciones/RESOLUCIONES%202011/4560.pdf HTTP/1.1" 304 -
74.86.158.107 - - [18/Jul/2015:03:10:25 -0500] "HEAD / HTTP/1.1" 200 -
66.249.75.156 - - [18/Jul/2015:03:10:25 -0500] "GET /BLA/resoluciones/AUTOS%202008/0729.pdf HTTP/1.1" 304 -
201.245.192.253 - - [18/Jul/2015:03:11:01 -0500] "GET /forest/session.jsp?a=0.633962933771303 HTTP/1.1" 200 4
66.249.75.174 - - [18/Jul/2015:03:12:10 -0500] "GET /BLA/resoluciones/RESOLUCIONES%202011/6097.pdf HTTP/1.1" 304 -
66.249.75.174 - - [18/Jul/2015:03:12:20 -0500] "GET /BLA/resoluciones/AUTOS%202014/5789.pdf HTTP/1.1" 304 -
199.195.118.53 - - [18/Jul/2015:03:12:24 -0500] "GET / HTTP/1.1" 200 10190
201.245.192.253 - - [18/Jul/2015:03:12:46 -0500] "GET /forest/session.jsp?a=0.6215551508015211 HTTP/1.1" 200 4
66.249.75.174 - - [18/Jul/2015:03:13:01 -0500] "GET /BLA/resoluciones/RESOLUCIONES%202007/RES%202007%201301%20AL%201400/RESOLUCION%201400%20DE%202007.pdf HTTP/1.1" 304 -
66.249.75.174 - - [18/Jul/2015:03:13:31 -0500] "GET /BLA/resoluciones/AUTOS%202013/1077.pdf HTTP/1.1" 304 -
74.86.158.107 - - [18/Jul/2015:03:15:25 -0500] "HEAD / HTTP/1.1" 200 -
201.245.192.253 - - [18/Jul/2015:03:16:01 -0500] "GET /forest/session.jsp?a=0.3230600457671271 HTTP/1.1" 200 4
119.154.3.192 - - [18/Jul/2015:03:16:23 -0500] "GET /xmlrpc.php HTTP/1.1" 404 1018
180.76.15.143 - - [18/Jul/2015:03:16:24 -0500] "GET /SIG/ECS/126PM04-PR65.pdf HTTP/1.1" 200 1394721
123.125.71.83 - - [18/Jul/2015:03:17:07 -0500] "GET / HTTP/1.1" 200 10190
201.245.192.253 - - [18/Jul/2015:03:17:46 -0500] "GET /forest/session.jsp?a=0.03817953295681853 HTTP/1.1" 200 4
66.249.75.156 - - [18/Jul/2015:03:18:12 -0500] "GET /robots.txt HTTP/1.1" 404 1018
66.249.75.165 - - [18/Jul/2015:03:18:12 -0500] "GET /BLA/resoluciones/RESOLUCIONES%202007/RES%202007%201901%20AL%202000/RESOLUCION%201945%20DE%202007.pdf HTTP/1.1" 304 -
66.249.75.156 - - [18/Jul/2015:03:18:13 -0500] "GET /BLA/resoluciones/RESOLUCIONES%202007/RES%202007%202601%20AL%202700/RESOLUCION%202643%20DE%202007.pdf HTTP/1.1" 304 -
66.249.75.156 - - [18/Jul/2015:03:18:16 -0500] "GET /BLA/resoluciones/AUTOS%202012/3038.pdf HTTP/1.1" 304 -
66.249.75.156 - - [18/Jul/2015:03:18:16 -0500] "GET /BLA/resoluciones/AUTOS%202013/0041.pdf HTTP/1.1" 304 -
