186.80.81.246 - - [20/Jul/2015:14:17:26 -0500] "GET /favicon.ico HTTP/1.1" 200 7782
190.8.251.209 - - [20/Jul/2015:14:17:30 -0500] "GET /forest/skins/gdocs-jar/css/forest.css?version=1503.161801 HTTP/1.1" 200 51
190.8.251.209 - - [20/Jul/2015:14:17:30 -0500] "GET /forest/skins/gdocs-jar/css/menu.css?version=1503.161801 HTTP/1.1" 200 4235
190.8.251.209 - - [20/Jul/2015:14:17:30 -0500] "GET /forest/ HTTP/1.1" 200 12815
190.8.251.209 - - [20/Jul/2015:14:17:30 -0500] "GET /forest/skins/gdocs-jar/css/autocomplete.css?version=1503.161801 HTTP/1.1" 200 1620
190.8.251.209 - - [20/Jul/2015:14:17:30 -0500] "GET /forest/css/index.css?version=1503.161801 HTTP/1.1" 200 1900
190.8.251.209 - - [20/Jul/2015:14:17:30 -0500] "GET /forest/1ibre/jscalendar/calendar-win2k-1.css?version=1503.161801 HTTP/1.1" 200 5986
190.8.251.209 - - [20/Jul/2015:14:17:30 -0500] "GET /forest/css/escritorio.css?version=1503.161801 HTTP/1.1" 200 15878
190.8.251.209 - - [20/Jul/2015:14:17:30 -0500] "GET /forest/skins/gdocs-jar/css/dialog.css?version=1503.161801 HTTP/1.1" 200 1430
190.8.251.209 - - [20/Jul/2015:14:17:30 -0500] "GET /forest/skins/gdocs-jar/css/forms.css?version=1503.161801 HTTP/1.1" 200 7180
190.8.251.209 - - [20/Jul/2015:14:17:30 -0500] "GET /forest/img/loading.gif HTTP/1.1" 200 1197
190.8.251.209 - - [20/Jul/2015:14:17:30 -0500] "GET /forest/img/spacer.gif HTTP/1.1" 200 43
190.8.251.209 - - [20/Jul/2015:14:17:30 -0500] "GET /forest/img/panel/view_icon.gif HTTP/1.1" 200 681
190.8.251.209 - - [20/Jul/2015:14:17:30 -0500] "GET /forest/js/json3.js HTTP/1.1" 200 39592
190.8.251.209 - - [20/Jul/2015:14:17:30 -0500] "GET /forest/img/inicio/1.gif HTTP/1.1" 200 23925
190.8.251.209 - - [20/Jul/2015:14:17:30 -0500] "GET /forest/img/inicio/2.gif HTTP/1.1" 200 42562
190.8.251.209 - - [20/Jul/2015:14:17:30 -0500] "GET /forest/img/inicio/3.gif HTTP/1.1" 200 29737
190.8.251.209 - - [20/Jul/2015:14:17:30 -0500] "GET /forest/jsoptimized/gz/js/gdocsall-1503.161801.js HTTP/1.1" 200 99246
190.8.251.209 - - [20/Jul/2015:14:17:30 -0500] "GET /forest/img/inicio/4.gif HTTP/1.1" 200 27784
190.8.251.209 - - [20/Jul/2015:14:17:31 -0500] "GET /forest/img/inicio/5.gif HTTP/1.1" 200 25611
190.8.251.209 - - [20/Jul/2015:14:17:31 -0500] "GET /forest/img/inicio/6.gif HTTP/1.1" 200 12239
190.8.251.209 - - [20/Jul/2015:14:17:31 -0500] "GET /forest/img/mplogo.gif HTTP/1.1" 200 806
190.8.251.209 - - [20/Jul/2015:14:17:31 -0500] "GET /forest/img/close.gif HTTP/1.1" 200 571
190.8.251.209 - - [20/Jul/2015:14:17:31 -0500] "GET /forest/skins/gdocs-jar/img/okey.gif HTTP/1.1" 200 203
190.8.251.209 - - [20/Jul/2015:14:17:31 -0500] "GET /forest/img/inicio/7.gif HTTP/1.1" 200 18547
190.8.251.209 - - [20/Jul/2015:14:17:31 -0500] "GET /forest/img/base/bsc2_r1_c2.gif HTTP/1.1" 200 269
190.8.251.209 - - [20/Jul/2015:14:17:31 -0500] "GET /forest/img/base/bsc2_r1_c3.gif HTTP/1.1" 200 3704
190.8.251.209 - - [20/Jul/2015:14:17:31 -0500] "GET /forest/img/base/bsc2_r1_c1.gif HTTP/1.1" 200 28640
190.8.251.209 - - [20/Jul/2015:14:17:31 -0500] "GET /forest/1ibre/1ibre.css HTTP/1.1" 200 614
186.84.29.20 - - [20/Jul/2015:14:17:31 -0500] "GET /galeria/galeria/jquery.fancybox.css?v=2.1.5 HTTP/1.1" 304 -
186.84.29.20 - - [20/Jul/2015:14:17:31 -0500] "GET /BLA/boletinlegal/js/jquery.scrollShow.js HTTP/1.1" 304 -
186.84.29.20 - - [20/Jul/2015:14:17:31 -0500] "GET /galeria/galeria/jquery.fancybox.js?v=2.1.5 HTTP/1.1" 304 -
186.154.177.105 - - [20/Jul/2015:14:17:35 -0500] "GET /BLA/boletinlegal/js/jquery.scrollShow.js HTTP/1.1" 200 4586
186.154.177.105 - - [20/Jul/2015:14:17:35 -0500] "GET /galeria/galeria/jquery.fancybox.js?v=2.1.5 HTTP/1.1" 200 48706
186.154.177.105 - - [20/Jul/2015:14:17:35 -0500] "GET /galeria/galeria/jquery.fancybox.css?v=2.1.5 HTTP/1.1" 200 4895
186.154.177.105 - - [20/Jul/2015:14:17:36 -0500] "GET /galeria/carrusel/Carrusel/jquery.thumbnailScroller.css HTTP/1.1" 200 2066
186.154.177.105 - - [20/Jul/2015:14:17:36 -0500] "GET /galeria/carrusel/Carrusel/jquery-ui-1.8.13.custom.min.js HTTP/1.1" 200 10800
186.154.177.105 - - [20/Jul/2015:14:17:36 -0500] "GET /galeria/carrusel/Carrusel/jquery.thumbnailScroller.js HTTP/1.1" 200 8157
186.154.177.105 - - [20/Jul/2015:14:17:39 -0500] "GET /galeria/nivo-slider/demo/demo.html HTTP/1.1" 200 5224
190.8.251.209 - - [20/Jul/2015:14:17:43 -0500] "POST /forms/lservlet;jsessionid=ac16012b30d6e44cdc23b9de419394c5868aafa2da9d.e3iSbxaKaheRe34MbhmNaxqNb41ynknvrkLOlQzNp65In0 HTTP/1.1" 200 2
66.249.75.156 - - [20/Jul/2015:14:17:43 -0500] "GET /BLA/resoluciones/RESOLUCIONES%202007/RES%202007%202801%20AL%202900/RESOLUCION%202844%20DE%202007.pdf HTTP/1.1" 304 -
186.84.50.252 - - [20/Jul/2015:14:17:43 -0500] "POST /forms/lservlet;jsessionid=ac16012b30d66dec13605ca740178ff5beeff790b40a.e3iSbxaKaheRe34MbhmNaxqNb41ynknvrkLOlQzNp65In0 HTTP/1.1" 200 2
186.154.177.105 - - [20/Jul/2015:14:17:52 -0500] "GET /galeria/nivo-slider/themes/default/default.css HTTP/1.1" 200 1569
186.154.177.105 - - [20/Jul/2015:14:17:52 -0500] "GET /galeria/nivo-slider/themes/pascal/pascal.css HTTP/1.1" 200 2258
186.154.177.105 - - [20/Jul/2015:14:17:52 -0500] "GET /galeria/nivo-slider/themes/orman/orman.css HTTP/1.1" 200 2152
186.154.177.105 - - [20/Jul/2015:14:17:52 -0500] "GET /galeria/nivo-slider/nivo-slider.css HTTP/1.1" 200 1507
186.154.177.105 - - [20/Jul/2015:14:17:52 -0500] "GET /galeria/nivo-slider/demo/style.css HTTP/1.1" 200 2222
186.154.177.105 - - [20/Jul/2015:14:17:52 -0500] "GET /galeria/nivo-slider/demo/scripts/jquery-1.7.1.min.js HTTP/1.1" 200 93868
186.154.177.105 - - [20/Jul/2015:14:17:52 -0500] "GET /galeria/nivo-slider/jquery.nivo.slider.pack.js HTTP/1.1" 200 11561
186.154.177.105 - - [20/Jul/2015:14:17:52 -0500] "GET /galeria/nivo-slider/demo/images/Rendicion-de-cuentas.jpg HTTP/1.1" 200 309079
186.154.177.105 - - [20/Jul/2015:14:17:52 -0500] "GET /galeria/nivo-slider/demo/images/banner-llantas2.jpg HTTP/1.1" 200 204644
186.154.177.105 - - [20/Jul/2015:14:17:52 -0500] "GET /galeria/nivo-slider/demo/images/PREDAcamp.jpg HTTP/1.1" 200 295358
186.154.177.105 - - [20/Jul/2015:14:17:52 -0500] "GET /galeria/nivo-slider/demo/images/Semana-PYBA.jpg HTTP/1.1" 200 147360
186.154.177.105 - - [20/Jul/2015:14:17:52 -0500] "GET /galeria/nivo-slider/demo/images/VoluntariadoPYBA.jpg HTTP/1.1" 200 40647
186.154.177.105 - - [20/Jul/2015:14:17:53 -0500] "GET /galeria/nivo-slider/demo/images/4Simple_Slider.png HTTP/1.1" 200 11722
186.154.177.105 - - [20/Jul/2015:14:17:54 -0500] "GET /galeria/nivo-slider/themes/default/loading.gif HTTP/1.1" 200 1737
186.154.177.105 - - [20/Jul/2015:14:17:54 -0500] "GET /galeria/nivo-slider/demo/images/9Signos.jpg HTTP/1.1" 200 81776
186.154.177.105 - - [20/Jul/2015:14:17:55 -0500] "GET /galeria/nivo-slider/demo/images/Comparendo-ambiental-Banner.jpg HTTP/1.1" 200 83731
186.154.177.105 - - [20/Jul/2015:14:17:55 -0500] "GET /galeria/nivo-slider/demo/images/GAE-banner.jpg HTTP/1.1" 200 97556
186.154.177.105 - - [20/Jul/2015:14:17:55 -0500] "GET /galeria/nivo-slider/demo/images/Banner-encuesta-de-percepscio.jpg HTTP/1.1" 200 201899
186.154.177.105 - - [20/Jul/2015:14:17:56 -0500] "GET /galeria/nivo-slider/demo/images/banner-Pacto-por-la-madera.jpg HTTP/1.1" 200 209966
186.154.177.105 - - [20/Jul/2015:14:17:56 -0500] "GET /galeria/nivo-slider/demo/images/acuerdo_569.jpg HTTP/1.1" 200 62670
186.154.177.105 - - [20/Jul/2015:14:17:57 -0500] "GET /galeria/nivo-slider/demo/images/Licitaciones-proyecto-paramo.jpg HTTP/1.1" 200 221877
186.154.177.105 - - [20/Jul/2015:14:17:58 -0500] "GET /galeria/nivo-slider/demo/images/Banner-decreto1299.jpg HTTP/1.1" 200 182613
186.154.177.105 - - [20/Jul/2015:14:18:00 -0500] "GET /galeria/nivo-slider/demo/images/Banner-Directorio.jpg HTTP/1.1" 200 182068
186.154.177.105 - - [20/Jul/2015:14:18:00 -0500] "GET /galeria/nivo-slider/demo/images/Ruta-vertimientos-01.jpg HTTP/1.1" 200 130151
186.154.177.105 - - [20/Jul/2015:14:18:01 -0500] "GET /galeria/nivo-slider/demo/images/bolsas-06.jpg HTTP/1.1" 200 90982
186.154.177.105 - - [20/Jul/2015:14:18:01 -0500] "GET /galeria/nivo-slider/demo/images/Conoce-los-humedales.jpg HTTP/1.1" 200 294036
186.154.177.105 - - [20/Jul/2015:14:18:03 -0500] "GET /galeria/nivo-slider/demo/images/ecolecta-Dic2014.png HTTP/1.1" 200 288593
186.154.177.105 - - [20/Jul/2015:14:18:04 -0500] "GET /galeria/nivo-slider/demo/images/Banner-Caracol-Africano.jpg HTTP/1.1" 200 331986
186.118.67.228 - - [20/Jul/2015:14:18:04 -0500] "GET /BLA/boletinlegal/js/jquery.scrollShow.js HTTP/1.1" 200 4586
186.118.67.228 - - [20/Jul/2015:14:18:04 -0500] "GET /galeria/galeria/jquery.fancybox.js?v=2.1.5 HTTP/1.1" 200 48706
186.118.67.228 - - [20/Jul/2015:14:18:04 -0500] "GET /galeria/galeria/jquery.fancybox.css?v=2.1.5 HTTP/1.1" 200 4895
186.154.177.105 - - [20/Jul/2015:14:18:06 -0500] "GET /galeria/nivo-slider/themes/default/arrows.png HTTP/1.1" 200 824
186.154.177.105 - - [20/Jul/2015:14:18:06 -0500] "GET /galeria/nivo-slider/themes/default/bullets.png HTTP/1.1" 200 1281
66.249.75.165 - - [20/Jul/2015:14:18:07 -0500] "GET /BLA/resoluciones/AUTOS%202011/0945.pdf HTTP/1.1" 304 -
201.245.192.253 - - [20/Jul/2015:14:18:21 -0500] "GET /forest/session.jsp?a=0.8117341557974608 HTTP/1.1" 200 4
181.50.242.40 - - [20/Jul/2015:14:18:26 -0500] "GET /BLA/boletinlegal/js/jquery.scrollShow.js HTTP/1.1" 200 4586
181.50.242.40 - - [20/Jul/2015:14:18:26 -0500] "GET /galeria/galeria/jquery.fancybox.js?v=2.1.5 HTTP/1.1" 200 48706
181.50.242.40 - - [20/Jul/2015:14:18:26 -0500] "GET /galeria/galeria/jquery.fancybox.css?v=2.1.5 HTTP/1.1" 200 4895
190.8.251.209 - - [20/Jul/2015:14:17:57 -0500] "POST /forest/login.do HTTP/1.1" 200 12926
186.118.67.228 - - [20/Jul/2015:14:18:30 -0500] "GET /BLA/boletinlegal/js/jquery.scrollShow.js HTTP/1.1" 304 -
186.118.67.228 - - [20/Jul/2015:14:18:30 -0500] "GET /galeria/galeria/jquery.fancybox.js?v=2.1.5 HTTP/1.1" 304 -
186.118.67.228 - - [20/Jul/2015:14:18:30 -0500] "GET /galeria/galeria/jquery.fancybox.css?v=2.1.5 HTTP/1.1" 304 -
66.249.75.174 - - [20/Jul/2015:14:18:31 -0500] "GET /BLA/resoluciones/RESOLUCIONES%202007/RES%202007%202101%20AL%202200/RESOLUCION%202105%20DE%202007.pdf HTTP/1.1" 304 -
181.50.242.40 - - [20/Jul/2015:14:18:35 -0500] "GET /BLA/boletinlegal/js/jquery.scrollShow.js HTTP/1.1" 200 4586
181.50.242.40 - - [20/Jul/2015:14:18:35 -0500] "GET /galeria/galeria/jquery.fancybox.js?v=2.1.5 HTTP/1.1" 200 48706
181.50.242.40 - - [20/Jul/2015:14:18:35 -0500] "GET /galeria/galeria/jquery.fancybox.css?v=2.1.5 HTTP/1.1" 200 4895
201.234.75.11 - - [20/Jul/2015:14:18:55 -0500] "GET /galeria/nivo-slider/demo/images/mailling-acercar-xpress.jpg HTTP/1.1" 304 -
66.249.75.174 - - [20/Jul/2015:14:18:56 -0500] "GET /BLA/resoluciones/RESOLUCIONES%202007/RES%202007%202501%20AL%202600/RESOLUCION%202509%20DE%202007.pdf HTTP/1.1" 304 -
74.86.158.107 - - [20/Jul/2015:14:19:00 -0500] "HEAD / HTTP/1.1" 200 -
181.130.192.57 - - [20/Jul/2015:14:19:13 -0500] "GET /BLA/boletinlegal/js/jquery.scrollShow.js HTTP/1.1" 200 4586
181.130.192.57 - - [20/Jul/2015:14:19:13 -0500] "GET /galeria/galeria/jquery.fancybox.js?v=2.1.5 HTTP/1.1" 200 48706
181.130.192.57 - - [20/Jul/2015:14:19:13 -0500] "GET /galeria/galeria/jquery.fancybox.css?v=2.1.5 HTTP/1.1" 200 4895
66.249.75.174 - - [20/Jul/2015:14:19:20 -0500] "GET /BLA/resoluciones/RESOLUCIONES%202013/0804.pdf HTTP/1.1" 304 -
181.130.192.57 - - [20/Jul/2015:14:19:21 -0500] "GET /galeria/galeria/jquery.fancybox.js?v=2.1.5 HTTP/1.1" 304 -
181.130.192.57 - - [20/Jul/2015:14:19:21 -0500] "GET /galeria/galeria/jquery.fancybox.css?v=2.1.5 HTTP/1.1" 304 -
181.130.192.57 - - [20/Jul/2015:14:19:21 -0500] "GET /BLA/boletinlegal/js/jquery.scrollShow.js HTTP/1.1" 304 -
190.8.251.209 - - [20/Jul/2015:14:19:43 -0500] "POST /forms/lservlet;jsessionid=ac16012b30d6e44cdc23b9de419394c5868aafa2da9d.e3iSbxaKaheRe34MbhmNaxqNb41ynknvrkLOlQzNp65In0 HTTP/1.1" 200 2
186.84.50.252 - - [20/Jul/2015:14:19:43 -0500] "POST /forms/lservlet;jsessionid=ac16012b30d66dec13605ca740178ff5beeff790b40a.e3iSbxaKaheRe34MbhmNaxqNb41ynknvrkLOlQzNp65In0 HTTP/1.1" 200 2
66.249.75.156 - - [20/Jul/2015:14:19:44 -0500] "GET /BLA/resoluciones/AUTOS%202014/6574.pdf HTTP/1.1" 304 -
66.249.75.156 - - [20/Jul/2015:14:20:09 -0500] "GET /BLA/resoluciones/RESOLUCIONES%202012/0036.pdf HTTP/1.1" 304 -
179.52.163.108 - - [20/Jul/2015:14:20:14 -0500] "GET /BLA/resoluciones/RESOLUCIONES%202010/2853.pdf HTTP/1.1" 200 4821097
66.249.75.156 - - [20/Jul/2015:14:20:33 -0500] "GET /BLA/resoluciones/AUTOS%202012/1723.pdf HTTP/1.1" 304 -
186.30.70.84 - - [20/Jul/2015:14:20:54 -0500] "GET /galeria/galeria/jquery.fancybox.css?v=2.1.5 HTTP/1.1" 200 4895
186.30.70.84 - - [20/Jul/2015:14:20:54 -0500] "GET /BLA/boletinlegal/js/jquery.scrollShow.js HTTP/1.1" 200 4586
186.30.70.84 - - [20/Jul/2015:14:20:54 -0500] "GET /galeria/galeria/jquery.fancybox.js?v=2.1.5 HTTP/1.1" 200 48706
66.249.75.165 - - [20/Jul/2015:14:20:57 -0500] "GET /BLA/resoluciones/AUTOS%202012/2511.pdf HTTP/1.1" 304 -
66.249.75.156 - - [20/Jul/2015:14:21:01 -0500] "GET /BLA/resoluciones/RESOLUCIONES%202014/0992.pdf HTTP/1.1" 200 981736
186.30.70.84 - - [20/Jul/2015:14:21:03 -0500] "GET /galeria/galeria/jquery.fancybox.css?v=2.1.5 HTTP/1.1" 304 -
186.30.70.84 - - [20/Jul/2015:14:21:03 -0500] "GET /BLA/boletinlegal/js/jquery.scrollShow.js HTTP/1.1" 304 -
186.30.70.84 - - [20/Jul/2015:14:21:03 -0500] "GET /galeria/galeria/jquery.fancybox.js?v=2.1.5 HTTP/1.1" 304 -
186.30.70.84 - - [20/Jul/2015:14:21:04 -0500] "GET /galeria/galeria/jquery.fancybox.js?v=2.1.5 HTTP/1.1" 304 -
186.30.70.84 - - [20/Jul/2015:14:21:04 -0500] "GET /galeria/galeria/jquery.fancybox.css?v=2.1.5 HTTP/1.1" 304 -
190.158.105.198 - - [20/Jul/2015:14:21:13 -0500] "GET /galeria/carrusel/Carrusel/jquery.thumbnailScroller.css HTTP/1.1" 304 -
190.158.105.198 - - [20/Jul/2015:14:21:13 -0500] "GET /galeria/carrusel/Carrusel/jquery.thumbnailScroller.js HTTP/1.1" 304 -
190.158.105.198 - - [20/Jul/2015:14:21:13 -0500] "GET /galeria/carrusel/Carrusel/jquery-ui-1.8.13.custom.min.js HTTP/1.1" 304 -
190.158.105.198 - - [20/Jul/2015:14:21:13 -0500] "GET /galeria/nivo-slider/demo/demo.html HTTP/1.1" 304 -
190.158.105.198 - - [20/Jul/2015:14:21:14 -0500] "GET /galeria/nivo-slider/demo/images/Rendicion-de-cuentas.jpg HTTP/1.1" 200 309079
190.158.105.198 - - [20/Jul/2015:14:21:14 -0500] "GET /galeria/nivo-slider/demo/images/banner-llantas2.jpg HTTP/1.1" 304 -
190.158.105.198 - - [20/Jul/2015:14:21:14 -0500] "GET /galeria/nivo-slider/demo/images/Semana-PYBA.jpg HTTP/1.1" 304 -
190.158.105.198 - - [20/Jul/2015:14:21:14 -0500] "GET /galeria/nivo-slider/demo/images/PREDAcamp.jpg HTTP/1.1" 304 -
190.158.105.198 - - [20/Jul/2015:14:21:14 -0500] "GET /galeria/nivo-slider/demo/images/VoluntariadoPYBA.jpg HTTP/1.1" 304 -
190.158.105.198 - - [20/Jul/2015:14:21:14 -0500] "GET /galeria/nivo-slider/demo/images/GAE-banner.jpg HTTP/1.1" 304 -
190.158.105.198 - - [20/Jul/2015:14:21:14 -0500] "GET /galeria/nivo-slider/demo/images/Comparendo-ambiental-Banner.jpg HTTP/1.1" 304 -
190.158.105.198 - - [20/Jul/2015:14:21:14 -0500] "GET /galeria/nivo-slider/demo/images/Banner-encuesta-de-percepscio.jpg HTTP/1.1" 304 -
190.158.105.198 - - [20/Jul/2015:14:21:15 -0500] "GET /galeria/nivo-slider/demo/images/banner-Pacto-por-la-madera.jpg HTTP/1.1" 304 -
186.85.4.113 - - [20/Jul/2015:14:21:17 -0500] "GET /galeria/galeria/jquery.fancybox.js?v=2.1.5 HTTP/1.1" 200 48706
186.85.4.113 - - [20/Jul/2015:14:21:17 -0500] "GET /BLA/boletinlegal/js/jquery.scrollShow.js HTTP/1.1" 200 4586
186.85.4.113 - - [20/Jul/2015:14:21:17 -0500] "GET /galeria/galeria/jquery.fancybox.css?v=2.1.5 HTTP/1.1" 200 4895
186.85.4.113 - - [20/Jul/2015:14:21:17 -0500] "GET /galeria/carrusel/Carrusel/jquery.thumbnailScroller.css HTTP/1.1" 200 2066
186.85.4.113 - - [20/Jul/2015:14:21:17 -0500] "GET /galeria/carrusel/Carrusel/jquery-ui-1.8.13.custom.min.js HTTP/1.1" 200 10800
186.85.4.113 - - [20/Jul/2015:14:21:17 -0500] "GET /galeria/carrusel/Carrusel/jquery.thumbnailScroller.js HTTP/1.1" 200 8157
186.85.4.113 - - [20/Jul/2015:14:21:19 -0500] "GET /galeria/nivo-slider/demo/demo.html HTTP/1.1" 200 5224
186.85.4.113 - - [20/Jul/2015:14:21:21 -0500] "GET /galeria/nivo-slider/themes/pascal/pascal.css HTTP/1.1" 200 2258
186.85.4.113 - - [20/Jul/2015:14:21:21 -0500] "GET /galeria/nivo-slider/themes/orman/orman.css HTTP/1.1" 200 2152
186.85.4.113 - - [20/Jul/2015:14:21:21 -0500] "GET /galeria/nivo-slider/demo/style.css HTTP/1.1" 200 2222
186.85.4.113 - - [20/Jul/2015:14:21:21 -0500] "GET /galeria/nivo-slider/demo/images/Semana-PYBA.jpg HTTP/1.1" 200 147360
186.85.4.113 - - [20/Jul/2015:14:21:21 -0500] "GET /galeria/nivo-slider/demo/images/VoluntariadoPYBA.jpg HTTP/1.1" 200 40647
186.85.4.113 - - [20/Jul/2015:14:21:21 -0500] "GET /galeria/nivo-slider/demo/images/PREDAcamp.jpg HTTP/1.1" 200 295358
186.85.4.113 - - [20/Jul/2015:14:21:21 -0500] "GET /galeria/nivo-slider/themes/default/default.css HTTP/1.1" 200 1569
186.85.4.113 - - [20/Jul/2015:14:21:21 -0500] "GET /galeria/nivo-slider/nivo-slider.css HTTP/1.1" 200 1507
186.85.4.113 - - [20/Jul/2015:14:21:21 -0500] "GET /galeria/nivo-slider/demo/images/9Signos.jpg HTTP/1.1" 200 81776
186.85.4.113 - - [20/Jul/2015:14:21:21 -0500] "GET /galeria/nivo-slider/demo/images/Rendicion-de-cuentas.jpg HTTP/1.1" 200 309079
186.85.4.113 - - [20/Jul/2015:14:21:21 -0500] "GET /galeria/nivo-slider/demo/images/banner-llantas2.jpg HTTP/1.1" 200 204644
186.85.4.113 - - [20/Jul/2015:14:21:21 -0500] "GET /galeria/nivo-slider/demo/images/GAE-banner.jpg HTTP/1.1" 200 97556
186.85.4.113 - - [20/Jul/2015:14:21:21 -0500] "GET /galeria/nivo-slider/demo/images/Comparendo-ambiental-Banner.jpg HTTP/1.1" 200 83731
186.85.4.113 - - [20/Jul/2015:14:21:21 -0500] "GET /galeria/nivo-slider/demo/images/Banner-encuesta-de-percepscio.jpg HTTP/1.1" 200 201899
186.85.4.113 - - [20/Jul/2015:14:21:21 -0500] "GET /galeria/nivo-slider/demo/images/banner-Pacto-por-la-madera.jpg HTTP/1.1" 200 209966
186.85.4.113 - - [20/Jul/2015:14:21:21 -0500] "GET /galeria/nivo-slider/demo/images/Ruta-vertimientos-01.jpg HTTP/1.1" 200 130151
186.85.4.113 - - [20/Jul/2015:14:21:21 -0500] "GET /galeria/nivo-slider/demo/images/bolsas-06.jpg HTTP/1.1" 200 90982
186.85.4.113 - - [20/Jul/2015:14:21:21 -0500] "GET /galeria/nivo-slider/demo/images/Banner-decreto1299.jpg HTTP/1.1" 200 182613
66.249.75.156 - - [20/Jul/2015:14:21:22 -0500] "GET /BLA/resoluciones/RESOLUCIONES%202013/0466.pdf HTTP/1.1" 304 -
186.85.4.113 - - [20/Jul/2015:14:21:23 -0500] "GET /galeria/nivo-slider/demo/images/4Simple_Slider.png HTTP/1.1" 200 11722
186.85.4.113 - - [20/Jul/2015:14:21:23 -0500] "GET /galeria/nivo-slider/themes/default/loading.gif HTTP/1.1" 200 1737
186.85.4.113 - - [20/Jul/2015:14:21:21 -0500] "GET /galeria/nivo-slider/demo/images/Banner-Directorio.jpg HTTP/1.1" 200 182068
186.85.4.113 - - [20/Jul/2015:14:21:24 -0500] "GET /galeria/nivo-slider/demo/images/Conoce-los-humedales.jpg HTTP/1.1" 200 294036
186.85.4.113 - - [20/Jul/2015:14:21:24 -0500] "GET /galeria/nivo-slider/demo/scripts/jquery-1.7.1.min.js HTTP/1.1" 200 93868
186.85.4.113 - - [20/Jul/2015:14:21:24 -0500] "GET /galeria/nivo-slider/jquery.nivo.slider.pack.js HTTP/1.1" 200 11561
186.85.4.113 - - [20/Jul/2015:14:21:21 -0500] "GET /galeria/nivo-slider/demo/images/ecolecta-Dic2014.png HTTP/1.1" 200 288593
186.85.4.113 - - [20/Jul/2015:14:21:24 -0500] "GET /galeria/nivo-slider/demo/images/Banner-Caracol-Africano.jpg HTTP/1.1" 200 331986
186.85.4.113 - - [20/Jul/2015:14:21:21 -0500] "GET /galeria/nivo-slider/demo/images/Licitaciones-proyecto-paramo.jpg HTTP/1.1" 200 221877
186.85.4.113 - - [20/Jul/2015:14:21:21 -0500] "GET /galeria/nivo-slider/demo/images/acuerdo_569.jpg HTTP/1.1" 200 62670
186.85.4.113 - - [20/Jul/2015:14:21:27 -0500] "GET /galeria/nivo-slider/themes/default/arrows.png HTTP/1.1" 200 824
186.85.4.113 - - [20/Jul/2015:14:21:28 -0500] "GET /galeria/nivo-slider/themes/default/bullets.png HTTP/1.1" 200 1281
201.245.192.253 - - [20/Jul/2015:14:21:37 -0500] "GET /forest/session.jsp?a=0.7417514065929341 HTTP/1.1" 200 4
190.9.200.225 - - [20/Jul/2015:14:21:39 -0500] "GET /BLA/boletinlegal/js/jquery.scrollShow.js HTTP/1.1" 200 4586
190.9.200.225 - - [20/Jul/2015:14:21:39 -0500] "GET /galeria/galeria/jquery.fancybox.css?v=2.1.5 HTTP/1.1" 200 4895
190.9.200.225 - - [20/Jul/2015:14:21:39 -0500] "GET /galeria/galeria/jquery.fancybox.js?v=2.1.5 HTTP/1.1" 200 48706
190.8.251.209 - - [20/Jul/2015:14:21:43 -0500] "POST /forms/lservlet;jsessionid=ac16012b30d6e44cdc23b9de419394c5868aafa2da9d.e3iSbxaKaheRe34MbhmNaxqNb41ynknvrkLOlQzNp65In0 HTTP/1.1" 200 2
186.84.50.252 - - [20/Jul/2015:14:21:44 -0500] "POST /forms/lservlet;jsessionid=ac16012b30d66dec13605ca740178ff5beeff790b40a.e3iSbxaKaheRe34MbhmNaxqNb41ynknvrkLOlQzNp65In0 HTTP/1.1" 200 2
66.249.75.156 - - [20/Jul/2015:14:21:46 -0500] "GET /BLA/resoluciones/AUTOS%202013/0817.pdf HTTP/1.1" 304 -
186.30.70.84 - - [20/Jul/2015:14:21:57 -0500] "GET /BLA/boletinlegal/js/jquery.scrollShow.js HTTP/1.1" 304 -
186.30.70.84 - - [20/Jul/2015:14:21:57 -0500] "GET /galeria/galeria/jquery.fancybox.js?v=2.1.5 HTTP/1.1" 304 -
186.30.70.84 - - [20/Jul/2015:14:21:57 -0500] "GET /galeria/galeria/jquery.fancybox.css?v=2.1.5 HTTP/1.1" 304 -
186.30.70.84 - - [20/Jul/2015:14:21:58 -0500] "GET /BLA/boletinlegal/js/jquery.scrollShow.js HTTP/1.1" 304 -
186.30.70.84 - - [20/Jul/2015:14:21:58 -0500] "GET /galeria/galeria/jquery.fancybox.js?v=2.1.5 HTTP/1.1" 304 -
186.30.70.84 - - [20/Jul/2015:14:21:59 -0500] "GET /galeria/galeria/jquery.fancybox.css?v=2.1.5 HTTP/1.1" 304 -
66.249.75.165 - - [20/Jul/2015:14:22:10 -0500] "GET /BLA/resoluciones/RESOLUCIONES%202007/RES%202007%201401%20AL%201500/RESOLUCION%201409%20DE%202007.pdf HTTP/1.1" 304 -
66.249.75.156 - - [20/Jul/2015:14:22:35 -0500] "GET /galeria/nivo-slider/demo/images/ HTTP/1.1" 200 177022
186.85.4.113 - - [20/Jul/2015:14:22:36 -0500] "GET /BLA/boletinlegal/js/jquery.scrollShow.js HTTP/1.1" 304 -
186.85.4.113 - - [20/Jul/2015:14:22:36 -0500] "GET /galeria/galeria/jquery.fancybox.css?v=2.1.5 HTTP/1.1" 304 -
186.85.4.113 - - [20/Jul/2015:14:22:36 -0500] "GET /galeria/galeria/jquery.fancybox.js?v=2.1.5 HTTP/1.1" 304 -
66.249.75.165 - - [20/Jul/2015:14:22:59 -0500] "GET /BLA/resoluciones/RESOLUCIONES%202010/7477.pdf HTTP/1.1" 304 -
190.8.251.209 - - [20/Jul/2015:14:23:00 -0500] "POST /forms/lservlet;jsessionid=ac16012b30d6e44cdc23b9de419394c5868aafa2da9d.e3iSbxaKaheRe34MbhmNaxqNb41ynknvrkLOlQzNp65In0 HTTP/1.1" 200 2333
190.8.251.209 - - [20/Jul/2015:14:22:32 -0500] "POST /forest/login.do HTTP/1.1" 200 12926
186.29.138.159 - - [20/Jul/2015:14:23:06 -0500] "GET /forest/ HTTP/1.1" 200 12815
190.8.251.209 - - [20/Jul/2015:14:23:13 -0500] "POST /forms/lservlet;jsessionid=ac16012b30d6e44cdc23b9de419394c5868aafa2da9d.e3iSbxaKaheRe34MbhmNaxqNb41ynknvrkLOlQzNp65In0 HTTP/1.1" 200 24
190.8.251.209 - - [20/Jul/2015:14:23:13 -0500] "POST /forms/lservlet;jsessionid=ac16012b30d6e44cdc23b9de419394c5868aafa2da9d.e3iSbxaKaheRe34MbhmNaxqNb41ynknvrkLOlQzNp65In0 HTTP/1.1" 200 3901
190.8.251.209 - - [20/Jul/2015:14:23:14 -0500] "POST /forms/lservlet;jsessionid=ac16012b30d6e44cdc23b9de419394c5868aafa2da9d.e3iSbxaKaheRe34MbhmNaxqNb41ynknvrkLOlQzNp65In0 HTTP/1.1" 200 2
190.8.251.209 - - [20/Jul/2015:14:23:15 -0500] "POST /forms/lservlet;jsessionid=ac16012b30d6e44cdc23b9de419394c5868aafa2da9d.e3iSbxaKaheRe34MbhmNaxqNb41ynknvrkLOlQzNp65In0 HTTP/1.1" 200 2
190.8.251.209 - - [20/Jul/2015:14:23:16 -0500] "POST /forms/lservlet;jsessionid=ac16012b30d6e44cdc23b9de419394c5868aafa2da9d.e3iSbxaKaheRe34MbhmNaxqNb41ynknvrkLOlQzNp65In0 HTTP/1.1" 200 14
190.8.251.209 - - [20/Jul/2015:14:23:17 -0500] "POST /forms/lservlet;jsessionid=ac16012b30d6e44cdc23b9de419394c5868aafa2da9d.e3iSbxaKaheRe34MbhmNaxqNb41ynknvrkLOlQzNp65In0 HTTP/1.1" 200 112
190.8.251.209 - - [20/Jul/2015:14:23:17 -0500] "POST /forms/lservlet;jsessionid=ac16012b30d6e44cdc23b9de419394c5868aafa2da9d.e3iSbxaKaheRe34MbhmNaxqNb41ynknvrkLOlQzNp65In0 HTTP/1.1" 200 2
201.245.192.253 - - [20/Jul/2015:14:23:21 -0500] "GET /forest/session.jsp?a=0.6876055555163105 HTTP/1.1" 200 4
190.8.251.209 - - [20/Jul/2015:14:23:17 -0500] "GET /reports/rwservlet/getjobid357092?server=rep_srvapsda HTTP/1.0" 200 810546
66.249.75.156 - - [20/Jul/2015:14:23:23 -0500] "GET /BLA/resoluciones/RESOLUCIONES%202010/7460.pdf HTTP/1.1" 304 -
186.29.138.159 - - [20/Jul/2015:14:23:10 -0500] "POST /forest/login.do HTTP/1.1" 200 12924
190.8.251.209 - - [20/Jul/2015:14:23:43 -0500] "POST /forms/lservlet;jsessionid=ac16012b30d6e44cdc23b9de419394c5868aafa2da9d.e3iSbxaKaheRe34MbhmNaxqNb41ynknvrkLOlQzNp65In0 HTTP/1.1" 200 2
186.84.50.252 - - [20/Jul/2015:14:23:44 -0500] "POST /forms/lservlet;jsessionid=ac16012b30d66dec13605ca740178ff5beeff790b40a.e3iSbxaKaheRe34MbhmNaxqNb41ynknvrkLOlQzNp65In0 HTTP/1.1" 200 2
201.245.192.253 - - [20/Jul/2015:14:23:45 -0500] "GET /forest/ HTTP/1.1" 200 12815
201.245.192.253 - - [20/Jul/2015:14:23:46 -0500] "GET /forest/skins/gdocs-jar/css/forest.css?version=1503.161801 HTTP/1.1" 304 -
201.245.192.253 - - [20/Jul/2015:14:23:46 -0500] "GET /forest/skins/gdocs-jar/css/menu.css?version=1503.161801 HTTP/1.1" 304 -
201.245.192.253 - - [20/Jul/2015:14:23:46 -0500] "GET /forest/skins/gdocs-jar/css/autocomplete.css?version=1503.161801 HTTP/1.1" 304 -
201.245.192.253 - - [20/Jul/2015:14:23:46 -0500] "GET /forest/css/escritorio.css?version=1503.161801 HTTP/1.1" 304 -
201.245.192.253 - - [20/Jul/2015:14:23:46 -0500] "GET /forest/skins/gdocs-jar/css/dialog.css?version=1503.161801 HTTP/1.1" 304 -
201.245.192.253 - - [20/Jul/2015:14:23:46 -0500] "GET /forest/1ibre/jscalendar/calendar-win2k-1.css?version=1503.161801 HTTP/1.1" 304 -
201.245.192.253 - - [20/Jul/2015:14:23:46 -0500] "GET /forest/skins/gdocs-jar/css/forms.css?version=1503.161801 HTTP/1.1" 304 -
201.245.192.253 - - [20/Jul/2015:14:23:46 -0500] "GET /forest/css/index.css?version=1503.161801 HTTP/1.1" 304 -
201.245.192.253 - - [20/Jul/2015:14:23:46 -0500] "GET /forest/img/forestIcon.gif?version=1503.161801 HTTP/1.1" 304 -
66.249.75.165 - - [20/Jul/2015:14:23:48 -0500] "GET /BLA/resoluciones/RESOLUCIONES%202014/0970.pdf HTTP/1.1" 304 -
201.245.192.253 - - [20/Jul/2015:14:23:53 -0500] "GET /forest/ HTTP/1.1" 200 12815
201.245.192.253 - - [20/Jul/2015:14:23:53 -0500] "GET /forest/skins/gdocs-jar/css/forest.css?version=1503.161801 HTTP/1.1" 304 -
201.245.192.253 - - [20/Jul/2015:14:23:53 -0500] "GET /forest/skins/gdocs-jar/css/menu.css?version=1503.161801 HTTP/1.1" 304 -
201.245.192.253 - - [20/Jul/2015:14:23:53 -0500] "GET /forest/skins/gdocs-jar/css/autocomplete.css?version=1503.161801 HTTP/1.1" 304 -
201.245.192.253 - - [20/Jul/2015:14:23:53 -0500] "GET /forest/css/escritorio.css?version=1503.161801 HTTP/1.1" 304 -
201.245.192.253 - - [20/Jul/2015:14:23:53 -0500] "GET /forest/css/index.css?version=1503.161801 HTTP/1.1" 304 -
201.245.192.253 - - [20/Jul/2015:14:23:53 -0500] "GET /forest/1ibre/jscalendar/calendar-win2k-1.css?version=1503.161801 HTTP/1.1" 304 -
201.245.192.253 - - [20/Jul/2015:14:23:53 -0500] "GET /forest/skins/gdocs-jar/css/dialog.css?version=1503.161801 HTTP/1.1" 304 -
201.245.192.253 - - [20/Jul/2015:14:23:53 -0500] "GET /forest/skins/gdocs-jar/css/forms.css?version=1503.161801 HTTP/1.1" 304 -
201.245.192.253 - - [20/Jul/2015:14:23:53 -0500] "GET /forest/img/forestIcon.gif?version=1503.161801 HTTP/1.1" 304 -
74.86.158.107 - - [20/Jul/2015:14:24:00 -0500] "HEAD / HTTP/1.1" 200 -
66.249.75.156 - - [20/Jul/2015:14:24:12 -0500] "GET /BLA/resoluciones/RESOLUCIONES%202007/RES%202007%203201%20AL%203300/RESOLUCION%203244%20DE%202007.pdf HTTP/1.1" 304 -
157.55.39.233 - - [20/Jul/2015:14:24:15 -0500] "GET /galeria/mapa2/humedal.html? HTTP/1.1" 200 11166
201.245.192.253 - - [20/Jul/2015:14:24:01 -0500] "POST /forest/login.do HTTP/1.1" 200 12925
201.245.192.253 - - [20/Jul/2015:14:24:31 -0500] "GET /forest/skins/gdocs-jar/css/forest.css?version=1503.161801 HTTP/1.1" 304 -
201.245.192.253 - - [20/Jul/2015:14:24:31 -0500] "GET /forest/skins/gdocs-jar/css/menu.css?version=1503.161801 HTTP/1.1" 304 -
201.245.192.253 - - [20/Jul/2015:14:24:31 -0500] "GET /forest/skins/gdocs-jar/css/autocomplete.css?version=1503.161801 HTTP/1.1" 304 -
201.245.192.253 - - [20/Jul/2015:14:24:31 -0500] "GET /forest/1ibre/jscalendar/calendar-win2k-1.css?version=1503.161801 HTTP/1.1" 304 -
201.245.192.253 - - [20/Jul/2015:14:24:31 -0500] "GET /forest/css/escritorio.css?version=1503.161801 HTTP/1.1" 304 -
201.245.192.253 - - [20/Jul/2015:14:24:31 -0500] "GET /forest/skins/gdocs-jar/css/dialog.css?version=1503.161801 HTTP/1.1" 304 -
201.245.192.253 - - [20/Jul/2015:14:24:31 -0500] "GET /forest/css/index.css?version=1503.161801 HTTP/1.1" 304 -
201.245.192.253 - - [20/Jul/2015:14:24:31 -0500] "GET /forest/skins/gdocs-jar/css/forms.css?version=1503.161801 HTTP/1.1" 304 -
201.245.192.253 - - [20/Jul/2015:14:24:31 -0500] "GET /forest/img/forestIcon.gif?version=1503.161801 HTTP/1.1" 304 -
190.158.105.198 - - [20/Jul/2015:14:24:36 -0500] "GET /videos/ArchivoSDA.flv HTTP/1.1" 206 1
66.249.75.156 - - [20/Jul/2015:14:24:36 -0500] "GET /BLA/resoluciones/AUTOS%202013/1083.pdf HTTP/1.1" 304 -
190.158.105.198 - - [20/Jul/2015:14:24:37 -0500] "GET /videos/ArchivoSDA.flv HTTP/1.1" 206 23233639
190.9.201.113 - - [20/Jul/2015:14:25:03 -0500] "GET /BLA/resoluciones/AUTOS%202012/0523.pdf HTTP/1.1" 200 457709
66.249.75.156 - - [20/Jul/2015:14:25:14 -0500] "GET /BLA/resoluciones/RESOLUCIONES%202013/0812.pdf HTTP/1.1" 304 -
66.249.75.165 - - [20/Jul/2015:14:25:25 -0500] "GET /BLA/resoluciones/RESOLUCIONES%202007/RES%202007%201001%20AL%201100/RESOLUCION%201027%20DE%202007.pdf HTTP/1.1" 304 -
157.55.39.211 - - [20/Jul/2015:14:25:36 -0500] "GET /SIG/index.php?dir=Educaci\xc3\x83\xc2\xb3n%20Ambiental/&sort=size&order=desc HTTP/1.1" 200 4722
190.8.251.209 - - [20/Jul/2015:14:25:43 -0500] "POST /forms/lservlet;jsessionid=ac16012b30d6e44cdc23b9de419394c5868aafa2da9d.e3iSbxaKaheRe34MbhmNaxqNb41ynknvrkLOlQzNp65In0 HTTP/1.1" 200 2
186.84.50.252 - - [20/Jul/2015:14:25:44 -0500] "POST /forms/lservlet;jsessionid=ac16012b30d66dec13605ca740178ff5beeff790b40a.e3iSbxaKaheRe34MbhmNaxqNb41ynknvrkLOlQzNp65In0 HTTP/1.1" 200 2
66.249.75.156 - - [20/Jul/2015:14:25:49 -0500] "GET /BLA/resoluciones/RESOLUCIONES%202007/RES%202007%203001%20AL%203100/RESOLUCION%203090%20DE%202007.pdf HTTP/1.1" 304 -
66.249.75.174 - - [20/Jul/2015:14:26:14 -0500] "GET /BLA/resoluciones/RESOLUCIONES%202013/0034.pdf HTTP/1.1" 304 -
201.245.192.253 - - [20/Jul/2015:14:26:37 -0500] "GET /forest/session.jsp?a=0.006234644169463954 HTTP/1.1" 200 4
190.9.200.225 - - [20/Jul/2015:14:26:37 -0500] "GET /galeria/galeria/jquery.fancybox.css?v=2.1.5 HTTP/1.1" 304 -
190.9.200.225 - - [20/Jul/2015:14:26:37 -0500] "GET /BLA/boletinlegal/js/jquery.scrollShow.js HTTP/1.1" 304 -
190.9.200.225 - - [20/Jul/2015:14:26:37 -0500] "GET /galeria/galeria/jquery.fancybox.js?v=2.1.5 HTTP/1.1" 304 -
66.249.75.165 - - [20/Jul/2015:14:26:38 -0500] "GET /BLA/resoluciones/RESOLUCIONES%202010/4484.pdf HTTP/1.1" 304 -
66.249.75.165 - - [20/Jul/2015:14:27:02 -0500] "GET /BLA/resoluciones/RESOLUCIONES%202013/0745.pdf HTTP/1.1" 304 -
66.249.75.156 - - [20/Jul/2015:14:27:27 -0500] "GET /BLA/resoluciones/RESOLUCIONES%202007/RES%202007%20701%20AL%20800/RESOLUCION%200705%20DE%202007.pdf HTTP/1.1" 304 -
190.8.251.209 - - [20/Jul/2015:14:27:43 -0500] "POST /forms/lservlet;jsessionid=ac16012b30d6e44cdc23b9de419394c5868aafa2da9d.e3iSbxaKaheRe34MbhmNaxqNb41ynknvrkLOlQzNp65In0 HTTP/1.1" 200 2
186.84.50.252 - - [20/Jul/2015:14:27:44 -0500] "POST /forms/lservlet;jsessionid=ac16012b30d66dec13605ca740178ff5beeff790b40a.e3iSbxaKaheRe34MbhmNaxqNb41ynknvrkLOlQzNp65In0 HTTP/1.1" 200 2
66.249.75.174 - - [20/Jul/2015:14:27:51 -0500] "GET /BLA/resoluciones/AUTOS%202013/1593.pdf HTTP/1.1" 304 -
66.249.75.174 - - [20/Jul/2015:14:28:15 -0500] "GET /BLA/resoluciones/RESOLUCIONES%202010/2280.pdf HTTP/1.1" 304 -
201.245.192.253 - - [20/Jul/2015:14:28:21 -0500] "GET /forest/session.jsp?a=0.98857785600368 HTTP/1.1" 200 4
66.249.75.156 - - [20/Jul/2015:14:28:39 -0500] "GET /autoliquidacion/TR%C3%81MITES%20VERTIMIENTOS/PERMISOS%20DE%20VERTIMIENTOS/ANEXO%20%205.%20%20MATRIZ%20PAR%C3%81METRSO%20ACTIVDADES%20PRODUCTIVAS.xls HTTP/1.1" 304 -
190.252.60.245 - - [20/Jul/2015:14:28:57 -0500] "GET /galeria/galeria/jquery.fancybox.css?v=2.1.5 HTTP/1.1" 200 4895
190.252.60.245 - - [20/Jul/2015:14:28:57 -0500] "GET /BLA/boletinlegal/js/jquery.scrollShow.js HTTP/1.1" 200 4586
190.252.60.245 - - [20/Jul/2015:14:28:57 -0500] "GET /galeria/galeria/jquery.fancybox.js?v=2.1.5 HTTP/1.1" 200 48706
74.86.158.107 - - [20/Jul/2015:14:29:00 -0500] "HEAD / HTTP/1.1" 200 -
66.249.75.174 - - [20/Jul/2015:14:29:04 -0500] "GET /BLA/resoluciones/Resoluciones%202011/6416.pdf HTTP/1.1" 304 -
190.252.60.245 - - [20/Jul/2015:14:29:05 -0500] "GET /galeria/galeria/jquery.fancybox.css?v=2.1.5 HTTP/1.1" 304 -
190.252.60.245 - - [20/Jul/2015:14:29:05 -0500] "GET /BLA/boletinlegal/js/jquery.scrollShow.js HTTP/1.1" 304 -
190.252.60.245 - - [20/Jul/2015:14:29:05 -0500] "GET /galeria/galeria/jquery.fancybox.js?v=2.1.5 HTTP/1.1" 304 -
190.252.60.245 - - [20/Jul/2015:14:29:06 -0500] "GET /BLA/boletinlegal/js/jquery.scrollShow.js HTTP/1.1" 304 -
190.252.60.245 - - [20/Jul/2015:14:29:06 -0500] "GET /galeria/galeria/jquery.fancybox.js?v=2.1.5 HTTP/1.1" 304 -
190.252.60.245 - - [20/Jul/2015:14:29:07 -0500] "GET /galeria/galeria/jquery.fancybox.css?v=2.1.5 HTTP/1.1" 304 -
201.245.192.253 - - [20/Jul/2015:14:29:12 -0500] "GET /forest/index2.jsp?newInterface=1&tab=1 HTTP/1.1" 200 11252
201.245.192.253 - - [20/Jul/2015:14:29:12 -0500] "GET /forest/skins/gdocs-jar/css/forest.css?version=1503.161801 HTTP/1.1" 304 -
201.245.192.253 - - [20/Jul/2015:14:29:12 -0500] "GET /forest/skins/gdocs-jar/css/menu.css?version=1503.161801 HTTP/1.1" 304 -
201.245.192.253 - - [20/Jul/2015:14:29:12 -0500] "GET /forest/skins/gdocs-jar/css/autocomplete.css?version=1503.161801 HTTP/1.1" 304 -
201.245.192.253 - - [20/Jul/2015:14:29:12 -0500] "GET /forest/css/escritorio.css?version=1503.161801 HTTP/1.1" 304 -
201.245.192.253 - - [20/Jul/2015:14:29:12 -0500] "GET /forest/css/index.css?version=1503.161801 HTTP/1.1" 304 -
201.245.192.253 - - [20/Jul/2015:14:29:12 -0500] "GET /forest/1ibre/jscalendar/calendar-win2k-1.css?version=1503.161801 HTTP/1.1" 304 -
201.245.192.253 - - [20/Jul/2015:14:29:12 -0500] "GET /forest/img/forestIcon.gif?version=1503.161801 HTTP/1.1" 304 -
201.245.192.253 - - [20/Jul/2015:14:29:12 -0500] "GET /forest/skins/gdocs-jar/css/dialog.css?version=1503.161801 HTTP/1.1" 304 -
201.245.192.253 - - [20/Jul/2015:14:29:12 -0500] "GET /forest/skins/gdocs-jar/css/forms.css?version=1503.161801 HTTP/1.1" 304 -
201.245.192.253 - - [20/Jul/2015:14:29:12 -0500] "GET /forest/img/base/login/dialog_password.gif HTTP/1.1" 200 5924
201.245.192.253 - - [20/Jul/2015:14:29:12 -0500] "GET /forest/img/base/login/logo.gif HTTP/1.1" 200 11171
201.245.192.253 - - [20/Jul/2015:14:29:12 -0500] "GET /forest/img/base/login/logoForest.png HTTP/1.1" 200 62521
201.245.192.253 - - [20/Jul/2015:14:29:12 -0500] "GET /forest/img/base/login/bgLogin2.jpg HTTP/1.1" 200 13960
201.245.192.253 - - [20/Jul/2015:14:29:12 -0500] "GET /forest/img/base/login/big_seperator.png HTTP/1.1" 200 2878
201.245.192.253 - - [20/Jul/2015:14:29:12 -0500] "GET /forest/img/base/login/bgBtnLogin2.jpg HTTP/1.1" 200 799
201.245.192.253 - - [20/Jul/2015:14:29:12 -0500] "GET /forest/img/base/login/bgLogin.png HTTP/1.1" 200 97252
201.245.192.253 - - [20/Jul/2015:14:29:12 -0500] "GET /forest/img/base/login/nomSistema.png HTTP/1.1" 200 97087
201.245.192.253 - - [20/Jul/2015:14:29:17 -0500] "GET /forest/ HTTP/1.1" 200 11253
201.245.192.253 - - [20/Jul/2015:14:29:17 -0500] "GET /forest/skins/gdocs-jar/css/menu.css?version=1503.161801 HTTP/1.1" 304 -
201.245.192.253 - - [20/Jul/2015:14:29:17 -0500] "GET /forest/skins/gdocs-jar/css/forest.css?version=1503.161801 HTTP/1.1" 304 -
201.245.192.253 - - [20/Jul/2015:14:29:17 -0500] "GET /forest/skins/gdocs-jar/css/autocomplete.css?version=1503.161801 HTTP/1.1" 304 -
201.245.192.253 - - [20/Jul/2015:14:29:17 -0500] "GET /forest/css/escritorio.css?version=1503.161801 HTTP/1.1" 304 -
201.245.192.253 - - [20/Jul/2015:14:29:17 -0500] "GET /forest/1ibre/jscalendar/calendar-win2k-1.css?version=1503.161801 HTTP/1.1" 304 -
201.245.192.253 - - [20/Jul/2015:14:29:17 -0500] "GET /forest/css/index.css?version=1503.161801 HTTP/1.1" 304 -
201.245.192.253 - - [20/Jul/2015:14:29:17 -0500] "GET /forest/skins/gdocs-jar/css/dialog.css?version=1503.161801 HTTP/1.1" 304 -
201.245.192.253 - - [20/Jul/2015:14:29:17 -0500] "GET /forest/img/forestIcon.gif?version=1503.161801 HTTP/1.1" 304 -
201.245.192.253 - - [20/Jul/2015:14:29:17 -0500] "GET /forest/skins/gdocs-jar/css/forms.css?version=1503.161801 HTTP/1.1" 304 -
201.245.192.253 - - [20/Jul/2015:14:29:23 -0500] "GET /forest/ HTTP/1.1" 200 11253
201.245.192.253 - - [20/Jul/2015:14:29:23 -0500] "GET /forest/skins/gdocs-jar/css/forest.css?version=1503.161801 HTTP/1.1" 304 -
201.245.192.253 - - [20/Jul/2015:14:29:23 -0500] "GET /forest/skins/gdocs-jar/css/menu.css?version=1503.161801 HTTP/1.1" 304 -
201.245.192.253 - - [20/Jul/2015:14:29:23 -0500] "GET /forest/skins/gdocs-jar/css/autocomplete.css?version=1503.161801 HTTP/1.1" 304 -
201.245.192.253 - - [20/Jul/2015:14:29:23 -0500] "GET /forest/css/escritorio.css?version=1503.161801 HTTP/1.1" 304 -
201.245.192.253 - - [20/Jul/2015:14:29:23 -0500] "GET /forest/1ibre/jscalendar/calendar-win2k-1.css?version=1503.161801 HTTP/1.1" 304 -
201.245.192.253 - - [20/Jul/2015:14:29:23 -0500] "GET /forest/css/index.css?version=1503.161801 HTTP/1.1" 304 -
201.245.192.253 - - [20/Jul/2015:14:29:23 -0500] "GET /forest/skins/gdocs-jar/css/dialog.css?version=1503.161801 HTTP/1.1" 304 -
201.245.192.253 - - [20/Jul/2015:14:29:23 -0500] "GET /forest/skins/gdocs-jar/css/forms.css?version=1503.161801 HTTP/1.1" 304 -
201.245.192.253 - - [20/Jul/2015:14:29:23 -0500] "GET /forest/img/forestIcon.gif?version=1503.161801 HTTP/1.1" 304 -
66.249.75.174 - - [20/Jul/2015:14:29:27 -0500] "GET /BLA/resoluciones/RESOLUCIONES%202009/8299.pdf HTTP/1.1" 200 421328
66.249.75.156 - - [20/Jul/2015:14:29:28 -0500] "GET /BLA/resoluciones/RESOLUCIONES%202013/0372.pdf HTTP/1.1" 304 -
190.8.251.209 - - [20/Jul/2015:14:29:43 -0500] "POST /forms/lservlet;jsessionid=ac16012b30d6e44cdc23b9de419394c5868aafa2da9d.e3iSbxaKaheRe34MbhmNaxqNb41ynknvrkLOlQzNp65In0 HTTP/1.1" 200 2
186.84.50.252 - - [20/Jul/2015:14:29:44 -0500] "POST /forms/lservlet;jsessionid=ac16012b30d66dec13605ca740178ff5beeff790b40a.e3iSbxaKaheRe34MbhmNaxqNb41ynknvrkLOlQzNp65In0 HTTP/1.1" 200 2
190.248.229.58 - - [20/Jul/2015:14:29:47 -0500] "GET /galeria/galeria/jquery.fancybox.css?v=2.1.5 HTTP/1.1" 200 4895
190.248.229.58 - - [20/Jul/2015:14:29:47 -0500] "GET /BLA/boletinlegal/js/jquery.scrollShow.js HTTP/1.1" 200 4586
190.248.229.58 - - [20/Jul/2015:14:29:47 -0500] "GET /galeria/galeria/jquery.fancybox.js?v=2.1.5 HTTP/1.1" 200 48706
190.248.229.58 - - [20/Jul/2015:14:29:50 -0500] "GET /galeria/galeria/jquery.fancybox.js?v=2.1.5 HTTP/1.1" 304 -
190.248.229.58 - - [20/Jul/2015:14:29:50 -0500] "GET /galeria/galeria/jquery.fancybox.css?v=2.1.5 HTTP/1.1" 304 -
190.248.229.58 - - [20/Jul/2015:14:29:50 -0500] "GET /BLA/boletinlegal/js/jquery.scrollShow.js HTTP/1.1" 304 -
66.249.75.174 - - [20/Jul/2015:14:29:52 -0500] "GET /BLA/resoluciones/RESOLUCIONES%202013/0594.pdf HTTP/1.1" 304 -
192.99.107.27 - - [20/Jul/2015:14:30:00 -0500] "GET /robots.txt HTTP/1.1" 404 1019
192.99.107.27 - - [20/Jul/2015:14:30:01 -0500] "GET / HTTP/1.1" 200 10190
66.249.75.165 - - [20/Jul/2015:14:30:03 -0500] "GET /BLA/resoluciones/AUTOS%202012/1350.pdf HTTP/1.1" 200 348516
201.245.192.253 - - [20/Jul/2015:14:29:37 -0500] "POST /forest/login.do HTTP/1.1" 200 11363
201.245.192.253 - - [20/Jul/2015:14:30:07 -0500] "GET /forest/skins/gdocs-jar/css/forest.css?version=1503.161801 HTTP/1.1" 304 -
201.245.192.253 - - [20/Jul/2015:14:30:07 -0500] "GET /forest/skins/gdocs-jar/css/autocomplete.css?version=1503.161801 HTTP/1.1" 304 -
201.245.192.253 - - [20/Jul/2015:14:30:07 -0500] "GET /forest/skins/gdocs-jar/css/forms.css?version=1503.161801 HTTP/1.1" 304 -
201.245.192.253 - - [20/Jul/2015:14:30:07 -0500] "GET /forest/skins/gdocs-jar/css/dialog.css?version=1503.161801 HTTP/1.1" 304 -
201.245.192.253 - - [20/Jul/2015:14:30:07 -0500] "GET /forest/skins/gdocs-jar/css/menu.css?version=1503.161801 HTTP/1.1" 304 -
201.245.192.253 - - [20/Jul/2015:14:30:07 -0500] "GET /forest/css/escritorio.css?version=1503.161801 HTTP/1.1" 304 -
201.245.192.253 - - [20/Jul/2015:14:30:07 -0500] "GET /forest/1ibre/jscalendar/calendar-win2k-1.css?version=1503.161801 HTTP/1.1" 304 -
201.245.192.253 - - [20/Jul/2015:14:30:07 -0500] "GET /forest/css/index.css?version=1503.161801 HTTP/1.1" 304 -
201.245.192.253 - - [20/Jul/2015:14:30:07 -0500] "GET /forest/img/forestIcon.gif?version=1503.161801 HTTP/1.1" 304 -
66.249.75.174 - - [20/Jul/2015:14:30:17 -0500] "GET /autoliquidacion/Solicitudes%20relacionadas%20con%20calidad%20del%20aire%20auditiva%20y%20visual/Registro%20de%20Elementos%20de%20publicidad%20Exterior%20Visual/126pm04-pr16-f-a301%20Formato%20Solicitud%20de%20registro.xls HTTP/1.1" 304 -
66.249.75.165 - - [20/Jul/2015:14:30:19 -0500] "GET /BLA/resoluciones/AUTOS%202012/1526.pdf HTTP/1.1" 200 629930
191.104.59.101 - - [20/Jul/2015:14:30:34 -0500] "GET /galeria/galeria/jquery.fancybox.css?v=2.1.5 HTTP/1.1" 200 4895
191.104.59.101 - - [20/Jul/2015:14:30:34 -0500] "GET /galeria/galeria/jquery.fancybox.js?v=2.1.5 HTTP/1.1" 200 48706
191.104.59.101 - - [20/Jul/2015:14:30:34 -0500] "GET /galeria/galeria/fotos/mirador2P.jpg HTTP/1.1" 200 10111
191.104.59.101 - - [20/Jul/2015:14:30:34 -0500] "GET /galeria/galeria/fotos/mirador4P.jpg HTTP/1.1" 200 11757
191.104.59.101 - - [20/Jul/2015:14:30:34 -0500] "GET /galeria/galeria/fotos/mirador1P.jpg HTTP/1.1" 200 11433
191.104.59.101 - - [20/Jul/2015:14:30:34 -0500] "GET /galeria/galeria/fotos/mirador3P.jpg HTTP/1.1" 200 9765
66.249.75.174 - - [20/Jul/2015:14:30:41 -0500] "GET /BLA/resoluciones/AUTOS%202012/0096.pdf HTTP/1.1" 304 -
66.249.75.165 - - [20/Jul/2015:14:31:05 -0500] "GET /BLA/resoluciones/RESOLUCIONES%202012/1557.pdf HTTP/1.1" 304 -
190.127.234.43 - - [20/Jul/2015:14:31:17 -0500] "GET /galeria/galeria/jquery.fancybox.css?v=2.1.5 HTTP/1.1" 200 4895
190.127.234.43 - - [20/Jul/2015:14:31:17 -0500] "GET /BLA/boletinlegal/js/jquery.scrollShow.js HTTP/1.1" 200 4586
190.127.234.43 - - [20/Jul/2015:14:31:17 -0500] "GET /galeria/galeria/jquery.fancybox.js?v=2.1.5 HTTP/1.1" 200 48706
190.127.234.43 - - [20/Jul/2015:14:31:29 -0500] "GET /galeria/galeria/jquery.fancybox.css?v=2.1.5 HTTP/1.1" 304 -
190.127.234.43 - - [20/Jul/2015:14:31:29 -0500] "GET /BLA/boletinlegal/js/jquery.scrollShow.js HTTP/1.1" 304 -
190.127.234.43 - - [20/Jul/2015:14:31:29 -0500] "GET /galeria/galeria/jquery.fancybox.js?v=2.1.5 HTTP/1.1" 304 -
66.249.75.165 - - [20/Jul/2015:14:31:30 -0500] "GET /BLA/resoluciones/RESOLUCIONES%202009/2840.pdf HTTP/1.1" 304 -
201.245.192.253 - - [20/Jul/2015:14:31:37 -0500] "GET /forest/session.jsp?a=0.46942153567209677 HTTP/1.1" 200 4
190.8.251.209 - - [20/Jul/2015:14:31:43 -0500] "POST /forms/lservlet;jsessionid=ac16012b30d6e44cdc23b9de419394c5868aafa2da9d.e3iSbxaKaheRe34MbhmNaxqNb41ynknvrkLOlQzNp65In0 HTTP/1.1" 200 2
186.84.50.252 - - [20/Jul/2015:14:31:44 -0500] "POST /forms/lservlet;jsessionid=ac16012b30d66dec13605ca740178ff5beeff790b40a.e3iSbxaKaheRe34MbhmNaxqNb41ynknvrkLOlQzNp65In0 HTTP/1.1" 200 2
190.27.102.98 - - [20/Jul/2015:14:31:50 -0500] "GET /galeria/galeria/jquery.fancybox.css?v=2.1.5 HTTP/1.1" 200 4895
190.27.102.98 - - [20/Jul/2015:14:31:50 -0500] "GET /BLA/boletinlegal/js/jquery.scrollShow.js HTTP/1.1" 200 4586
190.27.102.98 - - [20/Jul/2015:14:31:50 -0500] "GET /galeria/galeria/jquery.fancybox.js?v=2.1.5 HTTP/1.1" 200 48706
66.249.75.174 - - [20/Jul/2015:14:31:54 -0500] "GET /BLA/resoluciones/RESOLUCIONES%202010/7038.pdf HTTP/1.1" 304 -
190.27.102.98 - - [20/Jul/2015:14:32:01 -0500] "GET /BLA/boletinlegal/js/jquery.scrollShow.js HTTP/1.1" 304 -
190.27.102.98 - - [20/Jul/2015:14:32:01 -0500] "GET /galeria/galeria/jquery.fancybox.js?v=2.1.5 HTTP/1.1" 304 -
190.27.102.98 - - [20/Jul/2015:14:32:01 -0500] "GET /galeria/galeria/jquery.fancybox.css?v=2.1.5 HTTP/1.1" 304 -
157.55.39.176 - - [20/Jul/2015:14:32:13 -0500] "GET / HTTP/1.1" 200 10190
66.249.75.174 - - [20/Jul/2015:14:32:18 -0500] "GET /BLA/resoluciones/RESOLUCIONES%202013/0518.pdf HTTP/1.1" 304 -
190.8.251.209 - - [20/Jul/2015:14:32:36 -0500] "POST /forms/lservlet;jsessionid=ac16012b30d6e44cdc23b9de419394c5868aafa2da9d.e3iSbxaKaheRe34MbhmNaxqNb41ynknvrkLOlQzNp65In0 HTTP/1.1" 200 2336
66.249.75.174 - - [20/Jul/2015:14:32:43 -0500] "GET /BLA/resoluciones/AUTOS%202013/2448.pdf HTTP/1.1" 304 -
190.143.33.233 - - [20/Jul/2015:14:32:44 -0500] "GET /galeria/galeria/fotos/Huemdal-Cordoba2G.jpg HTTP/1.1" 200 471832
200.118.229.146 - - [20/Jul/2015:14:33:14 -0500] "GET /BLA/boletinlegal/js/jquery.scrollShow.js HTTP/1.1" 200 4586
200.118.229.146 - - [20/Jul/2015:14:33:14 -0500] "GET /galeria/galeria/jquery.fancybox.js?v=2.1.5 HTTP/1.1" 200 48706
200.118.229.146 - - [20/Jul/2015:14:33:14 -0500] "GET /galeria/galeria/jquery.fancybox.css?v=2.1.5 HTTP/1.1" 200 4895
200.118.229.146 - - [20/Jul/2015:14:33:19 -0500] "GET /galeria/galeria/jquery.fancybox.js?v=2.1.5 HTTP/1.1" 304 -
200.118.229.146 - - [20/Jul/2015:14:33:19 -0500] "GET /BLA/boletinlegal/js/jquery.scrollShow.js HTTP/1.1" 304 -
200.118.229.146 - - [20/Jul/2015:14:33:19 -0500] "GET /galeria/galeria/jquery.fancybox.css?v=2.1.5 HTTP/1.1" 304 -
201.245.192.253 - - [20/Jul/2015:14:33:21 -0500] "GET /forest/session.jsp?a=0.5774870558809434 HTTP/1.1" 200 4
190.8.251.209 - - [20/Jul/2015:14:33:43 -0500] "POST /forms/lservlet;jsessionid=ac16012b30d6e44cdc23b9de419394c5868aafa2da9d.e3iSbxaKaheRe34MbhmNaxqNb41ynknvrkLOlQzNp65In0 HTTP/1.1" 200 2
186.84.50.252 - - [20/Jul/2015:14:33:44 -0500] "POST /forms/lservlet;jsessionid=ac16012b30d66dec13605ca740178ff5beeff790b40a.e3iSbxaKaheRe34MbhmNaxqNb41ynknvrkLOlQzNp65In0 HTTP/1.1" 200 2
186.43.58.25 - - [20/Jul/2015:14:33:48 -0500] "GET /galeria/galeria/jquery.fancybox.js?v=2.1.5 HTTP/1.1" 200 48706
186.43.58.25 - - [20/Jul/2015:14:33:48 -0500] "GET /galeria/galeria/jquery.fancybox.css?v=2.1.5 HTTP/1.1" 200 4895
186.43.58.25 - - [20/Jul/2015:14:33:48 -0500] "GET /BLA/boletinlegal/js/jquery.scrollShow.js HTTP/1.1" 200 4586
66.249.75.165 - - [20/Jul/2015:14:33:07 -0500] "GET /BLA/boletinlegal/ HTTP/1.1" 200 50649
66.249.75.165 - - [20/Jul/2015:14:33:50 -0500] "GET /BLA/resoluciones/AUTOS%202013/0174.pdf HTTP/1.1" 304 -
186.43.58.25 - - [20/Jul/2015:14:33:52 -0500] "GET /BLA/boletinlegal/js/jquery.scrollShow.js HTTP/1.1" 200 4586
186.43.58.25 - - [20/Jul/2015:14:33:52 -0500] "GET /galeria/galeria/jquery.fancybox.js?v=2.1.5 HTTP/1.1" 200 48706
186.43.58.25 - - [20/Jul/2015:14:33:52 -0500] "GET /galeria/galeria/jquery.fancybox.css?v=2.1.5 HTTP/1.1" 200 4895
66.249.69.48 - - [20/Jul/2015:14:33:56 -0500] "GET /POT-2013/index.php?dir=Cartografia%2F HTTP/1.1" 200 11465
186.81.154.46 - - [20/Jul/2015:14:33:57 -0500] "GET /BLA/boletinlegal/js/jquery.scrollShow.js HTTP/1.1" 200 4586
186.81.154.46 - - [20/Jul/2015:14:33:57 -0500] "GET /galeria/galeria/jquery.fancybox.js?v=2.1.5 HTTP/1.1" 200 48706
186.81.154.46 - - [20/Jul/2015:14:33:57 -0500] "GET /galeria/galeria/jquery.fancybox.css?v=2.1.5 HTTP/1.1" 200 4895
74.86.158.107 - - [20/Jul/2015:14:34:00 -0500] "HEAD / HTTP/1.1" 200 -
66.249.75.165 - - [20/Jul/2015:14:34:20 -0500] "GET /BLA/circulares/6.pdf HTTP/1.1" 304 -
207.46.13.123 - - [20/Jul/2015:14:34:23 -0500] "GET /SIG/ECS/126PM04-PR47.pdf HTTP/1.1" 200 2368425
66.249.75.156 - - [20/Jul/2015:14:34:27 -0500] "GET /BLA/resoluciones/RESOLUCIONES%202007/RES%202007%201401%20AL%201500/RESOLUCION%201409%20DE%202007.pdf HTTP/1.1" 304 -
66.249.75.156 - - [20/Jul/2015:14:34:44 -0500] "GET /BLA/resoluciones/RESOLUCIONES%202007/RES%202007%202601%20AL%202700/RESOLUCION%202646%20DE%202007.pdf HTTP/1.1" 304 -
157.55.39.195 - - [20/Jul/2015:14:34:45 -0500] "GET /StormSDA/userFiles/user_files/95/?C=S;O=A HTTP/1.1" 200 817
157.55.39.202 - - [20/Jul/2015:14:34:49 -0500] "GET /videos/ambiente-ciudad/skin/ HTTP/1.1" 200 1443
157.55.39.202 - - [20/Jul/2015:14:34:49 -0500] "GET /dama/libreria/pdf/formularios/formato_emisiones_fuentes_fijas.pdf HTTP/1.1" 404 1019
186.81.154.46 - - [20/Jul/2015:14:34:50 -0500] "GET /galeria/galeria/jquery.fancybox.css?v=2.1.5 HTTP/1.1" 304 -
186.81.154.46 - - [20/Jul/2015:14:34:50 -0500] "GET /BLA/boletinlegal/js/jquery.scrollShow.js HTTP/1.1" 304 -
186.81.154.46 - - [20/Jul/2015:14:34:50 -0500] "GET /galeria/galeria/jquery.fancybox.js?v=2.1.5 HTTP/1.1" 304 -
157.55.39.202 - - [20/Jul/2015:14:34:51 -0500] "GET /Anexos%20estudio%20Organizacional%20SDA/index.php?dir=ANEXO%20No.%207%20-%20PROYECTO%20DE%20DECRETO%20MODIFICATORIO%20DE%20ESTRUCTURA%20DE%20LA%20SDA/&sort=name&order=asc HTTP/1.1" 200 2594
66.249.75.156 - - [20/Jul/2015:14:35:08 -0500] "GET /BLA/resoluciones/RESOLUCIONES%202009/8002.pdf HTTP/1.1" 200 139770
66.249.75.156 - - [20/Jul/2015:14:35:09 -0500] "GET /BLA/resoluciones/RESOLUCIONES%202010/4492.pdf HTTP/1.1" 304 -
66.249.75.156 - - [20/Jul/2015:14:35:24 -0500] "GET /BLA/resoluciones/RESOLUCIONES%202009/5965.pdf HTTP/1.1" 200 119060
200.118.229.146 - - [20/Jul/2015:14:35:29 -0500] "GET /galeria/galeria/jquery.fancybox.css?v=2.1.5 HTTP/1.1" 304 -
200.118.229.146 - - [20/Jul/2015:14:35:29 -0500] "GET /BLA/boletinlegal/js/jquery.scrollShow.js HTTP/1.1" 304 -
200.118.229.146 - - [20/Jul/2015:14:35:29 -0500] "GET /galeria/galeria/jquery.fancybox.js?v=2.1.5 HTTP/1.1" 304 -
66.249.75.156 - - [20/Jul/2015:14:35:33 -0500] "GET /stormWeb/ HTTP/1.1" 200 12126
190.8.251.209 - - [20/Jul/2015:14:35:43 -0500] "POST /forms/lservlet;jsessionid=ac16012b30d6e44cdc23b9de419394c5868aafa2da9d.e3iSbxaKaheRe34MbhmNaxqNb41ynknvrkLOlQzNp65In0 HTTP/1.1" 200 2
186.84.50.252 - - [20/Jul/2015:14:35:44 -0500] "POST /forms/lservlet;jsessionid=ac16012b30d66dec13605ca740178ff5beeff790b40a.e3iSbxaKaheRe34MbhmNaxqNb41ynknvrkLOlQzNp65In0 HTTP/1.1" 200 2
