66.249.75.165 - - [20/Jul/2015:03:34:02 -0500] "GET /BLA/resoluciones/RESOLUCIONES%202011/1022.pdf HTTP/1.1" 304 -
66.249.75.165 - - [20/Jul/2015:03:34:30 -0500] "GET /autoliquidacion/index.php?dir=Solicitudes+relacionadas+con+calidad+del+aire+auditiva+y+visual%2F HTTP/1.1" 200 5748
66.249.75.156 - - [20/Jul/2015:03:34:41 -0500] "GET /galeria/nivo-slider/demo/images/PuntoLimpioSuba.jpg HTTP/1.1" 200 63907
66.249.75.156 - - [20/Jul/2015:03:34:59 -0500] "GET /BLA/resoluciones/RESOLUCIONES%202007/RES%202007%202201%20AL%202300/RESOLUCION%202297%20DE%202007.pdf HTTP/1.1" 304 -
66.249.75.165 - - [20/Jul/2015:03:35:28 -0500] "GET /BLA/resoluciones/RESOLUCIONES%202007/RES%202007%201001%20AL%201100/RESOLUCION%201006%20DE%202007.pdf HTTP/1.1" 304 -
157.55.39.143 - - [20/Jul/2015:03:35:29 -0500] "GET /SIG/Direccionamiento%20Estrategico/126PG01-PR07.pdf HTTP/1.1" 200 3326948
201.245.192.253 - - [20/Jul/2015:03:36:27 -0500] "GET /forest/session.jsp?a=0.17408346735277325 HTTP/1.1" 200 4
66.249.75.174 - - [20/Jul/2015:03:36:38 -0500] "GET /BLA/resoluciones/RESOLUCIONES%202011/0810.pdf HTTP/1.1" 304 -
66.249.75.165 - - [20/Jul/2015:03:36:39 -0500] "GET /BLA/resoluciones/RESOLUCIONES%202014/2872.pdf HTTP/1.1" 304 -
66.249.75.156 - - [20/Jul/2015:03:36:39 -0500] "GET /BLA/resoluciones/RESOLUCIONES%202012/0335.pdf HTTP/1.1" 304 -
66.249.69.40 - - [20/Jul/2015:03:37:19 -0500] "GET /POT-2013/Cartografia/29_EDIFICABILIDAD.pdf HTTP/1.1" 304 -
66.249.75.174 - - [20/Jul/2015:03:37:19 -0500] "GET /BLA/circulares/7-2011.pdf HTTP/1.1" 304 -
66.249.75.165 - - [20/Jul/2015:03:37:20 -0500] "GET /BLA/resoluciones/RESOLUCIONES%202013/1117.pdf HTTP/1.1" 304 -
66.249.75.156 - - [20/Jul/2015:03:37:20 -0500] "GET /BLA/resoluciones/RESOLUCIONES%202011/2646.pdf HTTP/1.1" 304 -
66.249.75.174 - - [20/Jul/2015:03:37:20 -0500] "GET /BLA/resoluciones/RESOLUCIONES%202008/0146.pdf HTTP/1.1" 304 -
66.249.75.165 - - [20/Jul/2015:03:37:21 -0500] "GET /BLA/resoluciones/AUTOS%202014/6465.pdf HTTP/1.1" 304 -
66.249.75.174 - - [20/Jul/2015:03:37:21 -0500] "GET /BLA/resoluciones/RESOLUCIONES%202010/6900.pdf HTTP/1.1" 304 -
66.249.69.56 - - [20/Jul/2015:03:37:22 -0500] "GET /BLA/boletinlegal/jurisprudencia.php HTTP/1.1" 200 12451
66.249.75.174 - - [20/Jul/2015:03:37:22 -0500] "GET /BLA/resoluciones/AUTOS%202011/2368.pdf HTTP/1.1" 304 -
74.86.158.107 - - [20/Jul/2015:03:37:56 -0500] "HEAD / HTTP/1.1" 200 -
66.249.75.165 - - [20/Jul/2015:03:38:05 -0500] "GET /BLA/resoluciones/RESOLUCIONES%202007/RES%202007%20401%20AL%20500/RESOLUCION%200431%20DE%202007.pdf HTTP/1.1" 304 -
66.249.75.156 - - [20/Jul/2015:03:38:06 -0500] "GET /BLA/resoluciones/RESOLUCIONES%202007/RES%202007%204001%20AL%204100/RESOLUCION%204045%20DE%202007.pdf HTTP/1.1" 304 -
66.249.75.156 - - [20/Jul/2015:03:38:06 -0500] "GET /BLA/resoluciones/AUTOS%202010/1470.pdf HTTP/1.1" 304 -
66.249.75.165 - - [20/Jul/2015:03:38:07 -0500] "GET /BLA/resoluciones/RESOLUCIONES%202010/7038.pdf HTTP/1.1" 304 -
90.16.157.84 - - [20/Jul/2015:03:38:09 -0500] "GET /webdav/x32.php?host=82.125.155.137&time=60&port=80 HTTP/1.1" 404 1018
201.245.192.253 - - [20/Jul/2015:03:38:12 -0500] "GET /forest/session.jsp?a=0.2616046979868837 HTTP/1.1" 200 4
66.249.75.165 - - [20/Jul/2015:03:38:21 -0500] "GET /autoliquidacion/TR%C3%81MITES%20VERTIMIENTOS/PERMISOS%20DE%20VERTIMIENTOS/ANEXO%202.%20LISTA%20CHEQUEO%20PERMISO%20VERT.%20SUELO%20Y%20CUERPO%20DE%20AGUA%20F..xls HTTP/1.1" 304 -
66.249.75.156 - - [20/Jul/2015:03:38:50 -0500] "GET /BLA/resoluciones/AUTOS%202009/1922.pdf HTTP/1.1" 304 -
180.76.15.161 - - [20/Jul/2015:03:39:04 -0500] "GET /BLA/boletinlegal/Circulares/2011/Circular%20No.%203%20del%2023%20de%20Junio%20de%202011.pdf HTTP/1.1" 200 1452758
157.55.39.71 - - [20/Jul/2015:03:39:27 -0500] "GET /BLA/boletinlegal/Circulares/2012/Circular%20No.%201%20del%2017%20de%20Enero%20de%202012.pdf HTTP/1.1" 200 1118749
58.2.238.190 - - [20/Jul/2015:03:40:23 -0500] "GET /BLA/resoluciones/RESOLUCIONES%202008/0871.pdf HTTP/1.1" 200 655280
58.2.238.190 - - [20/Jul/2015:03:40:36 -0500] "GET /favicon.ico HTTP/1.1" 200 7782
58.2.238.190 - - [20/Jul/2015:03:40:36 -0500] "GET /BLA/resoluciones/RESOLUCIONES%202008/0871.pdf HTTP/1.1" 200 655280
201.245.192.253 - - [20/Jul/2015:03:41:27 -0500] "GET /forest/session.jsp?a=0.5423132051665458 HTTP/1.1" 200 4
74.86.158.107 - - [20/Jul/2015:03:42:56 -0500] "HEAD / HTTP/1.1" 200 -
46.28.50.172 - - [20/Jul/2015:03:42:59 -0500] "GET /wp-admin/ HTTP/1.1" 404 1018
201.245.192.253 - - [20/Jul/2015:03:43:12 -0500] "GET /forest/session.jsp?a=0.3323481955596158 HTTP/1.1" 200 4
207.46.13.54 - - [20/Jul/2015:03:43:33 -0500] "GET /StormSDA/userFiles%20-%20Copy%2019-07-2012/user_files/listas/?C=D;O=A HTTP/1.1" 200 1303
66.249.75.165 - - [20/Jul/2015:03:43:57 -0500] "GET /BLA/boletinlegal/actos.php HTTP/1.1" 200 7574
181.54.79.59 - - [20/Jul/2015:03:44:10 -0500] "GET /galeria/galeria/jquery.fancybox.css?v=2.1.5 HTTP/1.1" 200 4895
181.54.79.59 - - [20/Jul/2015:03:44:10 -0500] "GET /galeria/carrusel/Carrusel/jquery.thumbnailScroller.css HTTP/1.1" 200 2066
181.54.79.59 - - [20/Jul/2015:03:44:10 -0500] "GET /galeria/carrusel/Carrusel/jquery-ui-1.8.13.custom.min.js HTTP/1.1" 200 10800
181.54.79.59 - - [20/Jul/2015:03:44:10 -0500] "GET /galeria/galeria/jquery.fancybox.js?v=2.1.5 HTTP/1.1" 200 48706
181.54.79.59 - - [20/Jul/2015:03:44:10 -0500] "GET /BLA/boletinlegal/js/jquery.scrollShow.js HTTP/1.1" 200 4586
181.54.79.59 - - [20/Jul/2015:03:44:10 -0500] "GET /galeria/carrusel/Carrusel/jquery.thumbnailScroller.js HTTP/1.1" 200 8157
181.54.79.59 - - [20/Jul/2015:03:44:14 -0500] "GET /galeria/nivo-slider/demo/demo.html HTTP/1.1" 200 5224
181.54.79.59 - - [20/Jul/2015:03:44:15 -0500] "GET /galeria/nivo-slider/themes/default/default.css HTTP/1.1" 200 1569
181.54.79.59 - - [20/Jul/2015:03:44:15 -0500] "GET /galeria/nivo-slider/themes/pascal/pascal.css HTTP/1.1" 200 2258
181.54.79.59 - - [20/Jul/2015:03:44:15 -0500] "GET /galeria/nivo-slider/themes/orman/orman.css HTTP/1.1" 200 2152
181.54.79.59 - - [20/Jul/2015:03:44:15 -0500] "GET /galeria/nivo-slider/nivo-slider.css HTTP/1.1" 200 1507
181.54.79.59 - - [20/Jul/2015:03:44:15 -0500] "GET /galeria/nivo-slider/demo/style.css HTTP/1.1" 200 2222
181.54.79.59 - - [20/Jul/2015:03:44:15 -0500] "GET /galeria/nivo-slider/demo/scripts/jquery-1.7.1.min.js HTTP/1.1" 200 93868
181.54.79.59 - - [20/Jul/2015:03:44:16 -0500] "GET /galeria/nivo-slider/jquery.nivo.slider.pack.js HTTP/1.1" 200 11561
181.54.79.59 - - [20/Jul/2015:03:44:16 -0500] "GET /galeria/nivo-slider/demo/images/Rendicion-de-cuentas.jpg HTTP/1.1" 200 309079
181.54.79.59 - - [20/Jul/2015:03:44:16 -0500] "GET /galeria/nivo-slider/demo/images/banner-llantas2.jpg HTTP/1.1" 200 204644
181.54.79.59 - - [20/Jul/2015:03:44:17 -0500] "GET /galeria/nivo-slider/demo/images/4Simple_Slider.png HTTP/1.1" 200 11722
181.54.79.59 - - [20/Jul/2015:03:44:17 -0500] "GET /galeria/nivo-slider/themes/default/loading.gif HTTP/1.1" 200 1737
181.54.79.59 - - [20/Jul/2015:03:44:17 -0500] "GET /galeria/nivo-slider/demo/images/Semana-PYBA.jpg HTTP/1.1" 200 147360
181.54.79.59 - - [20/Jul/2015:03:44:17 -0500] "GET /galeria/nivo-slider/demo/images/PREDAcamp.jpg HTTP/1.1" 200 295358
181.54.79.59 - - [20/Jul/2015:03:44:18 -0500] "GET /galeria/nivo-slider/demo/images/VoluntariadoPYBA.jpg HTTP/1.1" 200 40647
181.54.79.59 - - [20/Jul/2015:03:44:18 -0500] "GET /galeria/nivo-slider/demo/images/9Signos.jpg HTTP/1.1" 200 81776
181.54.79.59 - - [20/Jul/2015:03:44:18 -0500] "GET /galeria/nivo-slider/demo/images/Comparendo-ambiental-Banner.jpg HTTP/1.1" 200 83731
181.54.79.59 - - [20/Jul/2015:03:44:18 -0500] "GET /galeria/nivo-slider/demo/images/GAE-banner.jpg HTTP/1.1" 200 97556
181.54.79.59 - - [20/Jul/2015:03:44:19 -0500] "GET /galeria/nivo-slider/demo/images/Banner-encuesta-de-percepscio.jpg HTTP/1.1" 200 201899
181.54.79.59 - - [20/Jul/2015:03:44:19 -0500] "GET /galeria/nivo-slider/demo/images/banner-Pacto-por-la-madera.jpg HTTP/1.1" 200 209966
181.54.79.59 - - [20/Jul/2015:03:44:20 -0500] "GET /galeria/nivo-slider/demo/images/acuerdo_569.jpg HTTP/1.1" 200 62670
181.54.79.59 - - [20/Jul/2015:03:44:20 -0500] "GET /galeria/nivo-slider/demo/images/Licitaciones-proyecto-paramo.jpg HTTP/1.1" 200 221877
181.54.79.59 - - [20/Jul/2015:03:44:21 -0500] "GET /galeria/nivo-slider/demo/images/Banner-decreto1299.jpg HTTP/1.1" 200 182613
181.54.79.59 - - [20/Jul/2015:03:44:21 -0500] "GET /galeria/nivo-slider/demo/images/Banner-Directorio.jpg HTTP/1.1" 200 182068
181.54.79.59 - - [20/Jul/2015:03:44:21 -0500] "GET /galeria/nivo-slider/demo/images/Ruta-vertimientos-01.jpg HTTP/1.1" 200 130151
181.54.79.59 - - [20/Jul/2015:03:44:22 -0500] "GET /galeria/nivo-slider/demo/images/bolsas-06.jpg HTTP/1.1" 200 90982
181.54.79.59 - - [20/Jul/2015:03:44:24 -0500] "GET /galeria/nivo-slider/demo/images/Conoce-los-humedales.jpg HTTP/1.1" 200 294036
181.54.79.59 - - [20/Jul/2015:03:44:25 -0500] "GET /galeria/nivo-slider/demo/images/ecolecta-Dic2014.png HTTP/1.1" 200 288593
181.54.79.59 - - [20/Jul/2015:03:44:25 -0500] "GET /galeria/nivo-slider/demo/images/Banner-Caracol-Africano.jpg HTTP/1.1" 200 331986
181.54.79.59 - - [20/Jul/2015:03:44:29 -0500] "GET /galeria/nivo-slider/themes/default/arrows.png HTTP/1.1" 200 824
181.54.79.59 - - [20/Jul/2015:03:44:30 -0500] "GET /galeria/nivo-slider/themes/default/bullets.png HTTP/1.1" 200 1281
63.152.113.130 - - [20/Jul/2015:03:45:27 -0500] "GET /webdav/x32.php HTTP/1.1" 404 1018
201.245.192.253 - - [20/Jul/2015:03:46:27 -0500] "GET /forest/session.jsp?a=0.8204098730344768 HTTP/1.1" 200 4
66.249.75.165 - - [20/Jul/2015:03:46:55 -0500] "GET /BLA/resoluciones/AUTOS%202010/5700.pdf HTTP/1.1" 304 -
66.249.69.56 - - [20/Jul/2015:03:46:56 -0500] "GET /robots.txt HTTP/1.1" 404 1019
66.249.69.48 - - [20/Jul/2015:03:46:56 -0500] "GET /Autoliquidacion/index.php?dir=Grupo%20Forestal%20-%20Industria%20de%20la%20Madera/&sort=date&order=asc HTTP/1.1" 200 7255
66.249.75.156 - - [20/Jul/2015:03:47:19 -0500] "GET /BLA/resoluciones/AUTOS%202011/4157.pdf HTTP/1.1" 304 -
66.249.75.156 - - [20/Jul/2015:03:47:53 -0500] "GET /BLA/resoluciones/AUTOS%202013/0171.pdf HTTP/1.1" 304 -
74.86.158.107 - - [20/Jul/2015:03:47:56 -0500] "HEAD / HTTP/1.1" 200 -
201.245.192.253 - - [20/Jul/2015:03:48:12 -0500] "GET /forest/session.jsp?a=0.5951060009355301 HTTP/1.1" 200 4
181.50.112.141 - - [20/Jul/2015:03:49:25 -0500] "GET /galeria/galeria/jquery.fancybox.css?v=2.1.5 HTTP/1.1" 200 4895
181.50.112.141 - - [20/Jul/2015:03:49:25 -0500] "GET /BLA/boletinlegal/js/jquery.scrollShow.js HTTP/1.1" 200 4586
181.50.112.141 - - [20/Jul/2015:03:49:25 -0500] "GET /galeria/galeria/jquery.fancybox.js?v=2.1.5 HTTP/1.1" 200 48706
181.50.112.141 - - [20/Jul/2015:03:49:47 -0500] "GET /galeria/galeria/jquery.fancybox.css?v=2.1.5 HTTP/1.1" 304 -
181.50.112.141 - - [20/Jul/2015:03:49:47 -0500] "GET /BLA/boletinlegal/js/jquery.scrollShow.js HTTP/1.1" 304 -
181.50.112.141 - - [20/Jul/2015:03:49:47 -0500] "GET /galeria/galeria/jquery.fancybox.js?v=2.1.5 HTTP/1.1" 304 -
66.249.75.174 - - [20/Jul/2015:03:50:10 -0500] "GET /BLA/resoluciones/RESOLUCIONES%202011/6409.pdf HTTP/1.1" 304 -
157.55.39.71 - - [20/Jul/2015:03:50:11 -0500] "GET /SIG/index.php?dir=Control%20y%20mejora/&sort=date&order=desc HTTP/1.1" 200 2558
66.249.75.156 - - [20/Jul/2015:03:50:24 -0500] "GET /autoliquidacion/Grupo%20Forestal%20-%20Silvicultura/Formulario%20de%20recoleccion%20de%20informacion%20silvicultural%20-%20%20Ficha1.xls HTTP/1.1" 304 -
66.249.75.174 - - [20/Jul/2015:03:50:38 -0500] "GET /BLA/resoluciones/RESOLUCIONES%202012/0036.pdf HTTP/1.1" 304 -
66.249.75.165 - - [20/Jul/2015:03:50:53 -0500] "GET /BLA/resoluciones/RESOLUCIONES%202012/0299.pdf HTTP/1.1" 304 -
66.249.75.165 - - [20/Jul/2015:03:51:07 -0500] "GET /BLA/resoluciones/AUTOS%202012/1078.pdf HTTP/1.1" 304 -
66.249.75.174 - - [20/Jul/2015:03:51:22 -0500] "GET /BLA/resoluciones/RESOLUCIONES%202012/1545.pdf HTTP/1.1" 304 -
201.245.192.253 - - [20/Jul/2015:03:51:28 -0500] "GET /forest/session.jsp?a=0.9584216972746812 HTTP/1.1" 200 4
66.249.75.156 - - [20/Jul/2015:03:51:36 -0500] "GET /BLA/resoluciones/RESOLUCIONES%202011/5892.pdf HTTP/1.1" 304 -
66.249.75.165 - - [20/Jul/2015:03:52:05 -0500] "GET /BLA/resoluciones/RESOLUCIONES%202007/RES%202007%201401%20AL%201500/RESOLUCION%201401%20DE%202007.pdf HTTP/1.1" 304 -
181.56.41.91 - - [20/Jul/2015:03:52:07 -0500] "GET /galeria/galeria/jquery.fancybox.css?v=2.1.5 HTTP/1.1" 200 4895
181.56.41.91 - - [20/Jul/2015:03:52:07 -0500] "GET /BLA/boletinlegal/js/jquery.scrollShow.js HTTP/1.1" 200 4586
181.56.41.91 - - [20/Jul/2015:03:52:07 -0500] "GET /galeria/galeria/jquery.fancybox.js?v=2.1.5 HTTP/1.1" 200 48706
46.28.50.172 - - [20/Jul/2015:03:52:11 -0500] "GET /test/wp-admin/ HTTP/1.1" 404 1018
181.56.41.91 - - [20/Jul/2015:03:52:17 -0500] "GET /galeria/galeria/jquery.fancybox.css?v=2.1.5 HTTP/1.1" 304 -
181.56.41.91 - - [20/Jul/2015:03:52:17 -0500] "GET /galeria/galeria/jquery.fancybox.js?v=2.1.5 HTTP/1.1" 304 -
181.56.41.91 - - [20/Jul/2015:03:52:17 -0500] "GET /BLA/boletinlegal/js/jquery.scrollShow.js HTTP/1.1" 304 -
66.249.75.174 - - [20/Jul/2015:03:52:33 -0500] "GET /BLA/resoluciones/AUTOS%202014/4394.pdf HTTP/1.1" 304 -
74.86.158.107 - - [20/Jul/2015:03:52:55 -0500] "HEAD / HTTP/1.1" 200 -
66.249.75.165 - - [20/Jul/2015:03:53:02 -0500] "GET /BLA/resoluciones/AUTOS%202014/1034.pdf HTTP/1.1" 304 -
66.249.75.165 - - [20/Jul/2015:03:53:11 -0500] "GET /BLA/boletinlegal/niceforms-default.css HTTP/1.1" 200 6694
66.249.75.174 - - [20/Jul/2015:03:53:11 -0500] "GET /BLA/boletinlegal/js/ajax_actos.js HTTP/1.1" 200 1322
201.245.192.253 - - [20/Jul/2015:03:53:12 -0500] "GET /forest/session.jsp?a=0.16509943363140722 HTTP/1.1" 200 4
66.249.75.174 - - [20/Jul/2015:03:53:31 -0500] "GET /BLA/resoluciones/RESOLUCIONES%202013/0518.pdf HTTP/1.1" 304 -
199.195.118.53 - - [20/Jul/2015:03:53:38 -0500] "GET / HTTP/1.1" 200 10190
66.249.75.165 - - [20/Jul/2015:03:53:59 -0500] "GET /BLA/resoluciones/RESOLUCIONES%202010/4507.pdf HTTP/1.1" 304 -
66.249.75.165 - - [20/Jul/2015:03:54:28 -0500] "GET /BLA/resoluciones/AUTOS%202010/0853.pdf HTTP/1.1" 304 -
66.249.75.174 - - [20/Jul/2015:03:54:57 -0500] "GET /BLA/resoluciones/RESOLUCIONES%202009/6310.pdf HTTP/1.1" 304 -
66.249.75.156 - - [20/Jul/2015:03:55:25 -0500] "GET /BLA/resoluciones/RESOLUCIONES%202010/0238.pdf HTTP/1.1" 304 -
66.249.75.174 - - [20/Jul/2015:03:56:23 -0500] "GET /Residuos/farmaceutica/images/page59.swf HTTP/1.1" 200 37105
201.245.192.253 - - [20/Jul/2015:03:56:28 -0500] "GET /forest/session.jsp?a=0.14469249282763563 HTTP/1.1" 200 4
66.249.75.174 - - [20/Jul/2015:03:57:12 -0500] "GET /BLA/resoluciones/RESOLUCIONES%202008/0026.pdf HTTP/1.1" 304 -
66.249.75.156 - - [20/Jul/2015:03:57:35 -0500] "GET /BLA/resoluciones/AUTOS%202012/1690.pdf HTTP/1.1" 304 -
74.86.158.107 - - [20/Jul/2015:03:57:55 -0500] "HEAD / HTTP/1.1" 200 -
66.249.75.156 - - [20/Jul/2015:03:58:04 -0500] "GET /BLA/resoluciones/RESOLUCIONES%202011/6563.pdf HTTP/1.1" 304 -
201.245.192.253 - - [20/Jul/2015:03:58:12 -0500] "GET /forest/session.jsp?a=0.48886133493483763 HTTP/1.1" 200 4
66.249.69.40 - - [20/Jul/2015:03:58:32 -0500] "GET /Autoliquidacion/index.php?dir=Solicitudes+relacionadas+con+calidad+del+aire+auditiva+y+visual%2FEvaluaci%F3n+certificado+de+Intensidad+Auditiva%2F HTTP/1.1" 200 2823
66.249.75.165 - - [20/Jul/2015:03:58:43 -0500] "GET /BLA/resoluciones/AUTOS%202014/6814.pdf HTTP/1.1" 304 -
66.249.75.156 - - [20/Jul/2015:03:58:45 -0500] "GET /BLA/resoluciones/AUTOS%202014/1809.pdf HTTP/1.1" 304 -
157.55.39.71 - - [20/Jul/2015:03:58:54 -0500] "GET / HTTP/1.1" 200 10190
66.249.75.165 - - [20/Jul/2015:03:59:10 -0500] "GET /BLA/resoluciones/RESOLUCIONES%202007/RES%202007%20301%20AL%20400/RESOLUCION%200317%20DE%202007.pdf HTTP/1.1" 304 -
66.249.75.174 - - [20/Jul/2015:03:59:38 -0500] "GET /BLA/resoluciones/AUTOS%202013/0925.pdf HTTP/1.1" 304 -
66.249.75.174 - - [20/Jul/2015:04:00:07 -0500] "GET /BLA/resoluciones/RESOLUCIONES%202007/RES%202007%204001%20AL%204100/RESOLUCION%204062%20DE%202007.pdf HTTP/1.1" 304 -
66.249.75.174 - - [20/Jul/2015:04:00:36 -0500] "GET /BLA/resoluciones/RESOLUCIONES%202013/1558.pdf HTTP/1.1" 304 -
46.28.50.172 - - [20/Jul/2015:04:01:04 -0500] "GET /wordpress/wp-admin/ HTTP/1.1" 404 1018
66.249.75.165 - - [20/Jul/2015:04:01:04 -0500] "GET /BLA/resoluciones/AUTOS%202013/0196.pdf HTTP/1.1" 304 -
201.245.192.253 - - [20/Jul/2015:04:01:28 -0500] "GET /forest/session.jsp?a=0.8261035898782173 HTTP/1.1" 200 4
66.249.75.156 - - [20/Jul/2015:04:01:33 -0500] "GET /BLA/resoluciones/RESOLUCIONES%202011/0863.pdf HTTP/1.1" 304 -
108.181.0.193 - - [20/Jul/2015:04:01:59 -0500] "GET /webdav/x32.php?act=phptools&host=71.52.208.142&port=80&time=10000 HTTP/1.1" 404 1018
66.249.75.174 - - [20/Jul/2015:04:02:02 -0500] "GET /BLA/resoluciones/AUTOS%202013/1967.pdf HTTP/1.1" 304 -
66.249.75.156 - - [20/Jul/2015:04:02:30 -0500] "GET /BLA/resoluciones/RESOLUCIONES%202008/3835.pdf HTTP/1.1" 304 -
74.86.158.107 - - [20/Jul/2015:04:02:55 -0500] "HEAD / HTTP/1.1" 200 -
207.46.13.54 - - [20/Jul/2015:04:02:58 -0500] "GET /StormSDA/userFiles%20-%20Copy%2019-07-2012/user_files/92/ HTTP/1.1" 200 877
66.249.75.174 - - [20/Jul/2015:04:02:59 -0500] "GET /BLA/resoluciones/RESOLUCIONES%202007/RES%202007%201401%20AL%201500/RESOLUCION%201408%20DE%202007.pdf HTTP/1.1" 304 -
88.198.233.69 - - [20/Jul/2015:04:03:00 -0500] "GET / HTTP/1.1" 200 10190
201.245.192.253 - - [20/Jul/2015:04:03:12 -0500] "GET /forest/session.jsp?a=0.20733255510089155 HTTP/1.1" 200 4
66.249.75.156 - - [20/Jul/2015:04:03:28 -0500] "GET /BLA/resoluciones/RESOLUCIONES%202011/5543.pdf HTTP/1.1" 304 -
66.249.75.156 - - [20/Jul/2015:04:03:29 -0500] "GET /galeria/nivo-slider/demo/images/bannerEcolecta3.jpg HTTP/1.1" 200 280034
157.55.39.143 - - [20/Jul/2015:04:03:42 -0500] "GET /BLA/boletinlegal/Directivas/2011/Directiva%20No.%2011%20del%2027%20de%20Diciembre%20de%202011.pdf HTTP/1.1" 200 303527
90.16.157.84 - - [20/Jul/2015:04:04:47 -0500] "GET /webdav/x32.php?host=77.201.83.174&time=10&port=80 HTTP/1.1" 404 1018
207.46.13.54 - - [20/Jul/2015:04:05:26 -0500] "GET /Anexos%20estudio%20Organizacional%20SDA/index.php?dir=ANEXO%20No.%208%20-%20MATRICES%20DE%20REGISTRO%20Y%20DE%20SALIDA%20MEDICI\xc3\x93N%20CARGAS%20LABORALES%20SDA/2.%20Subsecretar\xc3\xada/&sort=date&order=asc HTTP/1.1" 200 6382
201.245.192.253 - - [20/Jul/2015:04:06:28 -0500] "GET /forest/session.jsp?a=0.8228316025199327 HTTP/1.1" 200 4
66.249.75.174 - - [20/Jul/2015:04:06:43 -0500] "GET /BLA/resoluciones/AUTOS%202012/1252.pdf HTTP/1.1" 304 -
66.249.75.174 - - [20/Jul/2015:04:07:49 -0500] "GET /BLA/resoluciones/RESOLUCIONES%202013/1132.pdf HTTP/1.1" 304 -
66.249.75.165 - - [20/Jul/2015:04:07:50 -0500] "GET /residuos/curtiembres/files/guia_curtiembres.pdf HTTP/1.1" 200 13618642
74.86.158.107 - - [20/Jul/2015:04:07:55 -0500] "HEAD / HTTP/1.1" 200 -
66.249.75.174 - - [20/Jul/2015:04:08:04 -0500] "GET /BLA/resoluciones/AUTOS%202013/2086.pdf HTTP/1.1" 304 -
66.249.75.165 - - [20/Jul/2015:04:08:04 -0500] "GET /BLA/resoluciones/AUTOS%202007/1619.pdf HTTP/1.1" 304 -
66.249.75.156 - - [20/Jul/2015:04:08:05 -0500] "GET /BLA/resoluciones/AUTOS%202013/2448.pdf HTTP/1.1" 304 -
66.249.75.156 - - [20/Jul/2015:04:08:05 -0500] "GET /BLA/resoluciones/RESOLUCIONES%202013/0025.pdf HTTP/1.1" 200 5879706
201.245.192.253 - - [20/Jul/2015:04:08:12 -0500] "GET /forest/session.jsp?a=0.7673300602480819 HTTP/1.1" 200 4
66.249.69.40 - - [20/Jul/2015:04:08:13 -0500] "GET /POT-2013/index.php?dir=memoria%20justificativa/&sort=size&order=desc HTTP/1.1" 200 2483
66.249.75.165 - - [20/Jul/2015:04:08:30 -0500] "GET /BLA/resoluciones/RESOLUCIONES%202007/RES%202007%203001%20AL%203100/RESOLUCION%203037%20DE%202007.pdf HTTP/1.1" 304 -
66.249.75.174 - - [20/Jul/2015:04:08:52 -0500] "GET /manual_funciones_Listado/index.php?dir=2.2.4.%20Subdirecci%F3n%20del%20Recurso%20H%EDdrico%20y%20del%20Suelo/&sort=size&order=desc HTTP/1.1" 404 1018
66.249.75.156 - - [20/Jul/2015:04:08:58 -0500] "GET /BLA/resoluciones/AUTOS%202011/3225.pdf HTTP/1.1" 304 -
66.249.75.165 - - [20/Jul/2015:04:09:27 -0500] "GET /BLA/resoluciones/RESOLUCIONES%202012/0969.pdf HTTP/1.1" 304 -
66.249.75.174 - - [20/Jul/2015:04:09:39 -0500] "GET /BLA/resoluciones/RESOLUCIONES%202010/7837.pdf HTTP/1.1" 304 -
66.249.75.174 - - [20/Jul/2015:04:09:56 -0500] "GET /BLA/resoluciones/AUTOS%202014/2220.pdf HTTP/1.1" 304 -
66.249.75.156 - - [20/Jul/2015:04:10:25 -0500] "GET /BLA/resoluciones/RESOLUCIONES%202008/3800.pdf HTTP/1.1" 304 -
66.249.75.174 - - [20/Jul/2015:04:10:53 -0500] "GET /BLA/resoluciones/AUTOS%202011/4447.pdf HTTP/1.1" 304 -
46.28.50.172 - - [20/Jul/2015:04:11:03 -0500] "GET /blog/wp-admin/ HTTP/1.1" 404 1018
66.249.75.165 - - [20/Jul/2015:04:11:22 -0500] "GET /BLA/resoluciones/RESOLUCIONES%202012/1481.pdf HTTP/1.1" 304 -
201.245.192.253 - - [20/Jul/2015:04:11:28 -0500] "GET /forest/session.jsp?a=0.8368036925542017 HTTP/1.1" 200 4
157.55.39.218 - - [20/Jul/2015:04:11:39 -0500] "GET /robots.txt HTTP/1.1" 404 1019
157.55.39.218 - - [20/Jul/2015:04:11:39 -0500] "GET /robots.txt HTTP/1.1" 404 1019
66.249.75.174 - - [20/Jul/2015:04:11:51 -0500] "GET /BLA/resoluciones/AUTOS%202011/4367.pdf HTTP/1.1" 304 -
66.249.75.174 - - [20/Jul/2015:04:12:19 -0500] "GET /BLA/resoluciones/RESOLUCIONES%202011/5904.pdf HTTP/1.1" 304 -
157.55.39.71 - - [20/Jul/2015:04:12:29 -0500] "GET /SIG/ECS/126PM04-PR58.pdf HTTP/1.1" 200 2284915
157.55.39.218 - - [20/Jul/2015:04:12:41 -0500] "GET /Autoliquidacion/Grupo%20Forestal%20-%20Industria%20de%20la%20Madera/Instructivo%20de%20Diligenciamiento%20del%20Libro%20de%20Operaciones%20V%206.0.pdf HTTP/1.1" 200 144008
201.245.192.253 - - [20/Jul/2015:04:13:13 -0500] "GET /forest/session.jsp?a=0.3156972927439241 HTTP/1.1" 200 4
74.86.158.107 - - [20/Jul/2015:04:14:01 -0500] "HEAD / HTTP/1.1" 200 -
157.55.39.218 - - [20/Jul/2015:04:14:40 -0500] "GET /sig/index.php?dir=Participaci\xc3\xb3n/&sort=date&order=asc HTTP/1.1" 200 4699
157.55.39.70 - - [20/Jul/2015:04:14:49 -0500] "GET /robots.txt HTTP/1.1" 404 1019
157.55.39.71 - - [20/Jul/2015:04:15:09 -0500] "GET /BLA/boletinlegal/Directivas/2013/Directiva%20No.%203%20del%2016%20de%20julio%20de%202013.pdf HTTP/1.1" 200 127414
201.245.192.253 - - [20/Jul/2015:04:16:28 -0500] "GET /forest/session.jsp?a=0.3883857962744146 HTTP/1.1" 200 4
66.249.69.40 - - [20/Jul/2015:04:16:49 -0500] "GET /Autoliquidacion/Solicitudes%20relacionadas%20con%20calidad%20del%20aire%20auditiva%20y%20visual/Evaluaci%C3%B3n%20de%20estudios%20de%20Emisiones%20con%20miras%20a%20verificar%20el%20cumplimiento%20de%20las%20normas%20de%20emisiones/Aplicativo%20Evaluaci%C3%B3n%20de%20estudios%20de%20emisiones%202015.xlsx HTTP/1.1" 304 -
66.249.75.156 - - [20/Jul/2015:04:16:56 -0500] "GET /BLA/resoluciones/RESOLUCIONES%202009/4230.pdf HTTP/1.1" 304 -
123.125.71.103 - - [20/Jul/2015:04:17:24 -0500] "GET / HTTP/1.1" 200 10190
190.84.209.166 - - [20/Jul/2015:04:17:32 -0500] "GET /galeria/galeria/jquery.fancybox.css?v=2.1.5 HTTP/1.1" 200 4895
190.84.209.166 - - [20/Jul/2015:04:17:32 -0500] "GET /galeria/carrusel/Carrusel/jquery.thumbnailScroller.css HTTP/1.1" 200 2066
190.84.209.166 - - [20/Jul/2015:04:17:32 -0500] "GET /BLA/boletinlegal/js/jquery.scrollShow.js HTTP/1.1" 200 4586
190.84.209.166 - - [20/Jul/2015:04:17:32 -0500] "GET /galeria/galeria/jquery.fancybox.js?v=2.1.5 HTTP/1.1" 200 48706
190.84.209.166 - - [20/Jul/2015:04:17:32 -0500] "GET /galeria/carrusel/Carrusel/jquery.thumbnailScroller.js HTTP/1.1" 200 8157
190.84.209.166 - - [20/Jul/2015:04:17:32 -0500] "GET /galeria/carrusel/Carrusel/jquery-ui-1.8.13.custom.min.js HTTP/1.1" 200 10800
190.84.209.166 - - [20/Jul/2015:04:17:33 -0500] "GET /galeria/nivo-slider/demo/demo.html HTTP/1.1" 200 5224
190.84.209.166 - - [20/Jul/2015:04:17:35 -0500] "GET /galeria/nivo-slider/themes/orman/orman.css HTTP/1.1" 200 2152
190.84.209.166 - - [20/Jul/2015:04:17:35 -0500] "GET /galeria/nivo-slider/nivo-slider.css HTTP/1.1" 200 1507
190.84.209.166 - - [20/Jul/2015:04:17:35 -0500] "GET /galeria/nivo-slider/demo/images/Rendicion-de-cuentas.jpg HTTP/1.1" 200 309079
190.84.209.166 - - [20/Jul/2015:04:17:35 -0500] "GET /galeria/nivo-slider/themes/pascal/pascal.css HTTP/1.1" 200 2258
190.84.209.166 - - [20/Jul/2015:04:17:35 -0500] "GET /galeria/nivo-slider/demo/style.css HTTP/1.1" 200 2222
190.84.209.166 - - [20/Jul/2015:04:17:35 -0500] "GET /galeria/nivo-slider/themes/default/default.css HTTP/1.1" 200 1569
190.84.209.166 - - [20/Jul/2015:04:17:35 -0500] "GET /galeria/nivo-slider/demo/scripts/jquery-1.7.1.min.js HTTP/1.1" 200 93868
190.84.209.166 - - [20/Jul/2015:04:17:35 -0500] "GET /galeria/nivo-slider/jquery.nivo.slider.pack.js HTTP/1.1" 200 11561
190.84.209.166 - - [20/Jul/2015:04:17:35 -0500] "GET /galeria/nivo-slider/demo/images/banner-llantas2.jpg HTTP/1.1" 200 204644
190.84.209.166 - - [20/Jul/2015:04:17:35 -0500] "GET /galeria/nivo-slider/demo/images/PREDAcamp.jpg HTTP/1.1" 200 295358
190.84.209.166 - - [20/Jul/2015:04:17:35 -0500] "GET /galeria/nivo-slider/demo/images/Semana-PYBA.jpg HTTP/1.1" 200 147360
190.84.209.166 - - [20/Jul/2015:04:17:35 -0500] "GET /galeria/nivo-slider/demo/images/VoluntariadoPYBA.jpg HTTP/1.1" 200 40647
181.52.243.50 - - [20/Jul/2015:04:18:09 -0500] "GET /BLA/boletinlegal/js/jquery.scrollShow.js HTTP/1.1" 200 4586
181.52.243.50 - - [20/Jul/2015:04:18:09 -0500] "GET /galeria/galeria/jquery.fancybox.css?v=2.1.5 HTTP/1.1" 200 4895
181.52.243.50 - - [20/Jul/2015:04:18:09 -0500] "GET /galeria/galeria/jquery.fancybox.js?v=2.1.5 HTTP/1.1" 200 48706
201.245.192.253 - - [20/Jul/2015:04:18:13 -0500] "GET /forest/session.jsp?a=0.3111411745508247 HTTP/1.1" 200 4
181.52.243.50 - - [20/Jul/2015:04:18:17 -0500] "GET /BLA/boletinlegal/js/jquery.scrollShow.js HTTP/1.1" 200 4586
181.52.243.50 - - [20/Jul/2015:04:18:17 -0500] "GET /galeria/galeria/jquery.fancybox.js?v=2.1.5 HTTP/1.1" 200 48706
181.52.243.50 - - [20/Jul/2015:04:18:17 -0500] "GET /galeria/galeria/jquery.fancybox.css?v=2.1.5 HTTP/1.1" 200 4895
74.86.158.107 - - [20/Jul/2015:04:19:01 -0500] "HEAD / HTTP/1.1" 200 -
207.46.13.54 - - [20/Jul/2015:04:19:19 -0500] "GET /SIG/Gestion%20Recursos%20Financieros/126PA02-PR22%20REGISTRO%20LITIGIOS%20Y%20DEMANDAS.pdf HTTP/1.1" 200 247658
46.28.50.172 - - [20/Jul/2015:04:19:26 -0500] "GET /wp/wp-admin/ HTTP/1.1" 404 1018
66.249.75.156 - - [20/Jul/2015:04:20:09 -0500] "GET /BLA/resoluciones/RESOLUCIONES%202007/RES%202007%202301%20AL%202400/RESOLUCION%202396%20DE%202007.pdf HTTP/1.1" 304 -
66.249.75.165 - - [20/Jul/2015:04:20:24 -0500] "GET /BLA/resoluciones/RESOLUCIONES%202012/1297.pdf HTTP/1.1" 304 -
66.249.75.174 - - [20/Jul/2015:04:20:38 -0500] "GET /BLA/resoluciones/RESOLUCIONES%202009/3199.pdf HTTP/1.1" 304 -
66.249.75.174 - - [20/Jul/2015:04:20:45 -0500] "GET /BLA/resoluciones/RESOLUCIONES%202013/0474.pdf HTTP/1.1" 304 -
66.249.75.165 - - [20/Jul/2015:04:20:52 -0500] "GET /BLA/resoluciones/RESOLUCIONES%202007/RES%202007%202901%20AL%203000/RESOLUCION%202955%20DE%202007.pdf HTTP/1.1" 304 -
66.249.75.156 - - [20/Jul/2015:04:21:07 -0500] "GET /BLA/resoluciones/RESOLUCIONES%202007/RES%202007%201101%20AL%201200/RESOLUCION%201164%20DE%202007.pdf HTTP/1.1" 304 -
66.249.75.174 - - [20/Jul/2015:04:21:21 -0500] "GET /BLA/resoluciones/RESOLUCIONES%202009/7104.pdf HTTP/1.1" 304 -
66.249.75.174 - - [20/Jul/2015:04:21:27 -0500] "GET /portalsiaccapacitaciones/Soportes%20Capacitaciones%20A%C3%B1o%202013/0024.%20Articulacion%20Eficiencia%20Energetica%20-%20Cambio%20Climatico%204%20de%20Julio.pdf HTTP/1.1" 404 1018
201.245.192.253 - - [20/Jul/2015:04:21:28 -0500] "GET /forest/session.jsp?a=0.2763079650451824 HTTP/1.1" 200 4
66.249.75.174 - - [20/Jul/2015:04:21:35 -0500] "GET /BLA/resoluciones/RESOLUCIONES%202010/3887.pdf HTTP/1.1" 304 -
66.249.75.174 - - [20/Jul/2015:04:22:04 -0500] "GET /BLA/resoluciones/RESOLUCIONES%202007/RES%202007%203201%20AL%203300/RESOLUCION%203208%20DE%202007.pdf HTTP/1.1" 304 -
92.103.101.78 - - [20/Jul/2015:04:22:30 -0500] "GET /BLA/resoluciones/RESOLUCIONES%202007/RES%202007%202201%20AL%202300/RESOLUCION%202293%20DE%202007.pdf HTTP/1.1" 200 763025
92.103.101.78 - - [20/Jul/2015:04:22:31 -0500] "GET /BLA/resoluciones/RESOLUCIONES%202007/RES%202007%202201%20AL%202300/RESOLUCION%202293%20DE%202007.pdf HTTP/1.1" 206 32768
92.103.101.78 - - [20/Jul/2015:04:22:32 -0500] "GET /BLA/resoluciones/RESOLUCIONES%202007/RES%202007%202201%20AL%202300/RESOLUCION%202293%20DE%202007.pdf HTTP/1.1" 206 730257
66.249.75.156 - - [20/Jul/2015:04:22:33 -0500] "GET /BLA/resoluciones/AUTOS%202011/0217.pdf HTTP/1.1" 304 -
66.249.75.174 - - [20/Jul/2015:04:23:01 -0500] "GET /BLA/resoluciones/AUTOS%202013/1346.pdf HTTP/1.1" 304 -
201.245.192.253 - - [20/Jul/2015:04:23:13 -0500] "GET /forest/session.jsp?a=0.22859778370020245 HTTP/1.1" 200 4
66.249.75.174 - - [20/Jul/2015:04:23:30 -0500] "GET /BLA/resoluciones/AUTOS%202012/1752.pdf HTTP/1.1" 304 -
66.249.75.165 - - [20/Jul/2015:04:23:59 -0500] "GET /BLA/resoluciones/AUTOS%202013/3484.pdf HTTP/1.1" 304 -
74.86.158.107 - - [20/Jul/2015:04:24:01 -0500] "HEAD / HTTP/1.1" 200 -
66.249.75.156 - - [20/Jul/2015:04:24:27 -0500] "GET /BLA/resoluciones/AUTOS%202013/1706.pdf HTTP/1.1" 304 -
66.249.75.174 - - [20/Jul/2015:04:24:56 -0500] "GET /BLA/resoluciones/RESOLUCIONES%202007/RES%202007%203001%20AL%203100/RESOLUCION%203077%20DE%202007.pdf HTTP/1.1" 304 -
157.55.39.9 - - [20/Jul/2015:04:25:05 -0500] "GET /sig/ECS/126PM04-PR26.pdf HTTP/1.1" 200 2827958
66.249.75.165 - - [20/Jul/2015:04:25:25 -0500] "GET /BLA/resoluciones/RESOLUCIONES%202012/1754.pdf HTTP/1.1" 304 -
66.249.75.156 - - [20/Jul/2015:04:25:53 -0500] "GET /BLA/resoluciones/RESOLUCIONES%202014/1570.pdf HTTP/1.1" 304 -
66.249.75.165 - - [20/Jul/2015:04:26:22 -0500] "GET /BLA/resoluciones/RESOLUCIONES%202011/4851.pdf HTTP/1.1" 304 -
201.245.192.253 - - [20/Jul/2015:04:26:28 -0500] "GET /forest/session.jsp?a=0.8999073769665336 HTTP/1.1" 200 4
66.249.69.56 - - [20/Jul/2015:04:26:43 -0500] "GET /PruebasSTORM/StormSDA_pruebas/userFiles/user_files/listas/58.xml HTTP/1.1" 200 247
157.55.39.142 - - [20/Jul/2015:04:27:01 -0500] "GET /sig/ECS/126PM04-PR59.pdf HTTP/1.1" 200 3568803
66.249.75.165 - - [20/Jul/2015:04:27:03 -0500] "GET /BLA/resoluciones/RESOLUCIONES%202012/1854.pdf HTTP/1.1" 304 -
66.249.75.156 - - [20/Jul/2015:04:27:04 -0500] "GET /BLA/resoluciones/RESOLUCIONES%202014/1941.pdf HTTP/1.1" 304 -
66.249.75.165 - - [20/Jul/2015:04:27:06 -0500] "GET /BLA/resoluciones/RESOLUCIONES%202009/9413.pdf HTTP/1.1" 304 -
66.249.75.165 - - [20/Jul/2015:04:27:07 -0500] "GET /BLA/resoluciones/RESOLUCIONES%202014/1559.pdf HTTP/1.1" 304 -
207.46.13.54 - - [20/Jul/2015:04:27:23 -0500] "GET /sig/Gesti%C3%B3n%20de%20Recursos%20F%C3%ADsicos/126PA04-PR07.pdf HTTP/1.1" 200 50179
201.245.192.253 - - [20/Jul/2015:04:28:13 -0500] "GET /forest/session.jsp?a=0.7450733306728675 HTTP/1.1" 200 4
66.249.75.165 - - [20/Jul/2015:04:28:24 -0500] "GET /BLA/resoluciones/AUTOS%202014/1052.pdf HTTP/1.1" 304 -
66.249.75.174 - - [20/Jul/2015:04:28:25 -0500] "GET /autoliquidacion/Grupo%20Forestal%20-%20Industria%20de%20la%20Madera/Instructivo%20para%20la%20Relaci%C3%B3n%20de%20Salvoconductos_facturas_remisiones_CARA_1_2.pdf HTTP/1.1" 304 -
66.249.75.174 - - [20/Jul/2015:04:28:25 -0500] "GET /BLA/resoluciones/RESOLUCIONES%202014/2401.pdf HTTP/1.1" 304 -
66.249.75.156 - - [20/Jul/2015:04:28:26 -0500] "GET /BLA/resoluciones/AUTOS%202008/2079.pdf HTTP/1.1" 304 -
66.249.75.156 - - [20/Jul/2015:04:28:28 -0500] "GET /BLA/resoluciones/RESOLUCIONES%202012/0958.pdf HTTP/1.1" 304 -
66.249.75.165 - - [20/Jul/2015:04:28:29 -0500] "GET /BLA/resoluciones/RESOLUCIONES%202010/7648.pdf HTTP/1.1" 304 -
66.249.75.174 - - [20/Jul/2015:04:28:30 -0500] "GET /BLA/resoluciones/AUTOS%202014/5698.pdf HTTP/1.1" 304 -
66.249.75.174 - - [20/Jul/2015:04:28:31 -0500] "GET /BLA/resoluciones/RESOLUCIONES%202009/8017.pdf HTTP/1.1" 304 -
66.249.75.165 - - [20/Jul/2015:04:28:32 -0500] "GET /BLA/resoluciones/RESOLUCIONES%202011/5156.pdf HTTP/1.1" 304 -
66.249.75.174 - - [20/Jul/2015:04:28:33 -0500] "GET /autoliquidacion/index.php?dir=TR%C1MITES+VERTIMIENTOS%2FREGISTRO+DE+VERTIMIENTOS%2F HTTP/1.1" 200 2663
66.249.69.56 - - [20/Jul/2015:04:28:34 -0500] "GET /POT-2013/Cartografia/28_USOS%20Y%20AREAS%20DE%20ACTIVIDAD.pdf HTTP/1.1" 200 3754922
66.249.75.165 - - [20/Jul/2015:04:28:38 -0500] "GET /BLA/resoluciones/RESOLUCIONES%202011/6215.pdf HTTP/1.1" 304 -
66.249.75.174 - - [20/Jul/2015:04:28:39 -0500] "GET /BLA/resoluciones/AUTOS%202014/3614.pdf HTTP/1.1" 304 -
66.249.75.174 - - [20/Jul/2015:04:28:39 -0500] "GET /autoliquidacion/index.php?dir=Solicitudes+relacionadas+con+calidad+del+aire+auditiva+y+visual%2FRegistro+de+Elementos+de+publicidad+Exterior+Visual%2F HTTP/1.1" 200 4037
66.249.75.165 - - [20/Jul/2015:04:28:40 -0500] "GET /BLA/resoluciones/RESOLUCIONES%202010/0419.pdf HTTP/1.1" 304 -
66.249.75.165 - - [20/Jul/2015:04:28:40 -0500] "GET /BLA/resoluciones/RESOLUCIONES%202007/RES%202007%203201%20AL%203300/RESOLUCION%203287%20DE%202007.pdf HTTP/1.1" 304 -
46.28.50.172 - - [20/Jul/2015:04:28:46 -0500] "GET /old/wp-admin/ HTTP/1.1" 404 1018
74.86.158.107 - - [20/Jul/2015:04:29:01 -0500] "HEAD / HTTP/1.1" 200 -
157.55.39.70 - - [20/Jul/2015:04:29:52 -0500] "GET /BLA/boletinlegal/Circulares/2010/Circular%2002%20de%2025%20de%20febrero%20de%202010.pdf HTTP/1.1" 200 233254
68.180.229.240 - - [20/Jul/2015:04:30:42 -0500] "GET /robots.txt HTTP/1.1" 404 1018
68.180.229.240 - - [20/Jul/2015:04:30:42 -0500] "GET /galeria/galeria/jquery.fancybox.css?v=2.1.5 HTTP/1.1" 304 -
201.245.192.253 - - [20/Jul/2015:04:31:28 -0500] "GET /forest/session.jsp?a=0.08881732596206571 HTTP/1.1" 200 4
190.84.65.158 - - [20/Jul/2015:04:31:52 -0500] "GET /BLA/boletinlegal/js/jquery.scrollShow.js HTTP/1.1" 200 4586
190.84.65.158 - - [20/Jul/2015:04:31:52 -0500] "GET /galeria/galeria/jquery.fancybox.css?v=2.1.5 HTTP/1.1" 200 4895
190.84.65.158 - - [20/Jul/2015:04:31:52 -0500] "GET /galeria/galeria/jquery.fancybox.js?v=2.1.5 HTTP/1.1" 200 48706
190.84.65.158 - - [20/Jul/2015:04:32:06 -0500] "GET /BLA/boletinlegal/js/jquery.scrollShow.js HTTP/1.1" 304 -
190.84.65.158 - - [20/Jul/2015:04:32:06 -0500] "GET /galeria/galeria/jquery.fancybox.css?v=2.1.5 HTTP/1.1" 304 -
190.84.65.158 - - [20/Jul/2015:04:32:06 -0500] "GET /galeria/galeria/jquery.fancybox.js?v=2.1.5 HTTP/1.1" 304 -
66.249.75.165 - - [20/Jul/2015:04:32:17 -0500] "GET /galeria/nivo-slider/demo/images/auambaricerros2.jpg HTTP/1.1" 200 68587
201.245.192.253 - - [20/Jul/2015:04:33:13 -0500] "GET /forest/session.jsp?a=0.4765620881242093 HTTP/1.1" 200 4
74.86.158.107 - - [20/Jul/2015:04:34:01 -0500] "HEAD / HTTP/1.1" 200 -
66.249.75.174 - - [20/Jul/2015:04:34:22 -0500] "GET /BLA/boletinlegal/Circulares/2011/Circular%20No.%205%20del%2012%20de%20Agosto%20de%202011.pdf HTTP/1.1" 200 431796
207.46.13.54 - - [20/Jul/2015:04:35:01 -0500] "GET /BLA/boletinlegal/Directivas/2011/Directiva%20No.%209%20del%2023%20de%20Septiembre%20de%202011.pdf HTTP/1.1" 200 326687
181.61.163.123 - - [20/Jul/2015:04:36:03 -0500] "GET /BLA/boletinlegal/js/jquery.scrollShow.js HTTP/1.1" 200 4586
181.61.163.123 - - [20/Jul/2015:04:36:03 -0500] "GET /galeria/galeria/jquery.fancybox.js?v=2.1.5 HTTP/1.1" 200 48706
181.61.163.123 - - [20/Jul/2015:04:36:03 -0500] "GET /galeria/galeria/jquery.fancybox.css?v=2.1.5 HTTP/1.1" 200 4895
66.249.75.165 - - [20/Jul/2015:04:36:21 -0500] "GET /BLA/resoluciones/AUTOS%202012/2957.pdf HTTP/1.1" 304 -
66.249.75.165 - - [20/Jul/2015:04:36:21 -0500] "GET /resoluciones/AUTOS%202007/3536.pdf HTTP/1.1" 404 1018
66.249.75.165 - - [20/Jul/2015:04:36:22 -0500] "GET /Residuos/metalmecanica/metalmecanica.html HTTP/1.1" 200 1969
201.245.192.253 - - [20/Jul/2015:04:36:28 -0500] "GET /forest/session.jsp?a=0.29735312341125 HTTP/1.1" 200 4
66.249.69.48 - - [20/Jul/2015:04:36:28 -0500] "GET /phpold/redaire/uv/_notes/ HTTP/1.1" 404 1019
66.249.75.174 - - [20/Jul/2015:04:36:33 -0500] "GET /BLA/resoluciones/AUTOS%202008/2729.pdf HTTP/1.1" 200 104294
66.249.69.48 - - [20/Jul/2015:04:36:34 -0500] "GET /even/Cakdu7gt/sld002.htm HTTP/1.1" 404 1019
66.249.75.156 - - [20/Jul/2015:04:36:35 -0500] "GET /resoluciones/RESOLUCIONES%202007/RES%202007%20501%20AL%20600/RESOLUCION%200577%20DE%202007.pdf HTTP/1.1" 404 1018
66.249.69.40 - - [20/Jul/2015:04:36:37 -0500] "GET /dama/libreria/php/frame_detalle.php?h_id=741&patron=03.180201 HTTP/1.1" 404 1019
66.249.69.56 - - [20/Jul/2015:04:36:38 -0500] "GET /parque/parque24.htm HTTP/1.1" 404 1019
66.249.75.156 - - [20/Jul/2015:04:36:39 -0500] "GET /BLA/resoluciones/AUTOS%202008/1057.pdf HTTP/1.1" 200 385274
66.249.75.165 - - [20/Jul/2015:04:36:41 -0500] "GET /BLA/resoluciones/RESOLUCIONES%202007/RES%202007%202101%20AL%202200/RESOLUCION%202148%20DE%202007.pdf HTTP/1.1" 200 181076
66.249.69.48 - - [20/Jul/2015:04:36:43 -0500] "GET /portalsiaccapacitaciones/Soportes%20Capacitaciones%202014/0113.%20Presentaci%C3%B3n%20Compensaci%C3%B3n%20Endurecidas%20Zonas%20Verdes%2011-11-14.pdf HTTP/1.1" 404 1019
66.249.75.165 - - [20/Jul/2015:04:37:36 -0500] "GET /BLA/resoluciones/RESOLUCIONES%202009/7374.pdf HTTP/1.1" 200 1266511
66.249.75.174 - - [20/Jul/2015:04:37:39 -0500] "GET /BLA/resoluciones/RESOLUCIONES%202007/RES%202007%202101%20AL%202200/RESOLUCION%202105%20DE%202007.pdf HTTP/1.1" 304 -
201.245.192.253 - - [20/Jul/2015:04:38:13 -0500] "GET /forest/session.jsp?a=0.12533193406569199 HTTP/1.1" 200 4
74.86.158.107 - - [20/Jul/2015:04:39:01 -0500] "HEAD / HTTP/1.1" 200 -
201.245.192.253 - - [20/Jul/2015:04:41:28 -0500] "GET /forest/session.jsp?a=0.67062109306216 HTTP/1.1" 200 4
157.55.39.143 - - [20/Jul/2015:04:41:38 -0500] "GET /StormSDA/stormWeb/img/index.jsp HTTP/1.1" 200 16876
66.249.75.174 - - [20/Jul/2015:04:42:15 -0500] "GET /BLA/resoluciones/AUTOS%202011/5706.pdf HTTP/1.1" 304 -
180.76.15.20 - - [20/Jul/2015:04:42:59 -0500] "GET / HTTP/1.1" 200 10190
201.245.192.253 - - [20/Jul/2015:04:43:13 -0500] "GET /forest/session.jsp?a=0.012649422577402758 HTTP/1.1" 200 4
180.76.15.148 - - [20/Jul/2015:04:43:14 -0500] "GET /BLA/boletinlegal/Circulares/2013/Circular%20No.%208%20del%201%20de%20Noviembre%20de%202013.pdf HTTP/1.1" 200 385156
207.46.13.54 - - [20/Jul/2015:04:43:46 -0500] "GET /POT-2013/Cartografia/26_Espacio_Publico_2013_V1.pdf HTTP/1.1" 200 3519741
180.76.15.151 - - [20/Jul/2015:04:43:53 -0500] "GET / HTTP/1.1" 200 10190
74.86.158.107 - - [20/Jul/2015:04:44:01 -0500] "HEAD / HTTP/1.1" 200 -
66.249.75.174 - - [20/Jul/2015:04:45:39 -0500] "GET /Residuos/metalmecanica/metalmecanica.swf HTTP/1.1" 200 400859
66.249.75.165 - - [20/Jul/2015:04:46:24 -0500] "GET /Residuos/metalmecanica/files/info.xml?rnd=bc9b59e2-eba5-4734-ac9c-86f65f1317d9 HTTP/1.1" 200 71799
66.249.75.165 - - [20/Jul/2015:04:46:25 -0500] "GET /Residuos/metalmecanica/files/search/searchtext.xml HTTP/1.1" 200 201331
66.249.75.165 - - [20/Jul/2015:04:46:25 -0500] "GET /BLA/resoluciones/RESOLUCIONES%202013/1197.pdf HTTP/1.1" 304 -
201.245.192.253 - - [20/Jul/2015:04:46:28 -0500] "GET /forest/session.jsp?a=0.23488795277938856 HTTP/1.1" 200 4
66.249.75.174 - - [20/Jul/2015:04:47:09 -0500] "GET /Residuos/metalmecanica/images/page1.swf HTTP/1.1" 200 167726
66.249.75.165 - - [20/Jul/2015:04:47:22 -0500] "GET /BLA/resoluciones/RESOLUCIONES%202014/1331.pdf HTTP/1.1" 200 726023
66.249.75.174 - - [20/Jul/2015:04:47:36 -0500] "GET /Anexos%20estudio%20Organizacional%20SDA/ANEXO%20No.%201-%20NORMAS%20LEGALES%20DE%20ESTRUCTURA%20Y%20PLANTA/Acuerdo%209%20de%201990%20Concejo%20de%20Bogot%C3%A1._files/ladc.css HTTP/1.1" 200 5119
66.249.75.165 - - [20/Jul/2015:04:47:37 -0500] "GET /Anexos%20estudio%20Organizacional%20SDA/ANEXO%20No.%201-%20NORMAS%20LEGALES%20DE%20ESTRUCTURA%20Y%20PLANTA/Acuerdo%209%20de%201990%20Concejo%20de%20Bogot%C3%A1._files/jquery.css HTTP/1.1" 200 4557
66.249.75.174 - - [20/Jul/2015:04:47:38 -0500] "GET /Anexos%20estudio%20Organizacional%20SDA/ANEXO%20No.%201-%20NORMAS%20LEGALES%20DE%20ESTRUCTURA%20Y%20PLANTA/Acuerdo%209%20de%201990%20Concejo%20de%20Bogot%C3%A1._files/screen.css HTTP/1.1" 200 2444
66.249.75.165 - - [20/Jul/2015:04:47:39 -0500] "GET /Anexos%20estudio%20Organizacional%20SDA/ANEXO%20No.%201-%20NORMAS%20LEGALES%20DE%20ESTRUCTURA%20Y%20PLANTA/norma_ajax.jsp?showBar=true&AjaxRequestUniqueId=14369184000240 HTTP/1.1" 404 1554
201.245.192.253 - - [20/Jul/2015:04:48:13 -0500] "GET /forest/session.jsp?a=0.8714007004975353 HTTP/1.1" 200 4
157.55.39.71 - - [20/Jul/2015:04:48:27 -0500] "GET /videos/galeria-cronicas/?C=D;O=A HTTP/1.1" 200 3764
74.86.158.107 - - [20/Jul/2015:04:49:01 -0500] "HEAD / HTTP/1.1" 200 -
186.87.50.231 - - [20/Jul/2015:04:49:59 -0500] "GET /galeria/galeria/jquery.fancybox.css?v=2.1.5 HTTP/1.1" 200 4895
186.87.50.231 - - [20/Jul/2015:04:49:59 -0500] "GET /galeria/galeria/jquery.fancybox.js?v=2.1.5 HTTP/1.1" 200 48706
186.87.50.231 - - [20/Jul/2015:04:49:59 -0500] "GET /BLA/boletinlegal/js/jquery.scrollShow.js HTTP/1.1" 200 4586
157.55.39.71 - - [20/Jul/2015:04:50:05 -0500] "GET /StormSDA/userFiles/user_files/85/?C=M;O=A HTTP/1.1" 200 817
199.195.118.53 - - [20/Jul/2015:04:50:07 -0500] "GET / HTTP/1.1" 200 10190
186.87.50.231 - - [20/Jul/2015:04:50:08 -0500] "GET /galeria/galeria/jquery.fancybox.css?v=2.1.5 HTTP/1.1" 304 -
186.87.50.231 - - [20/Jul/2015:04:50:08 -0500] "GET /BLA/boletinlegal/js/jquery.scrollShow.js HTTP/1.1" 304 -
186.87.50.231 - - [20/Jul/2015:04:50:08 -0500] "GET /galeria/galeria/jquery.fancybox.js?v=2.1.5 HTTP/1.1" 304 -
66.249.75.165 - - [20/Jul/2015:04:50:10 -0500] "GET /BLA/resoluciones/RESOLUCIONES%202010/1944.pdf HTTP/1.1" 200 543185
66.249.75.156 - - [20/Jul/2015:04:50:24 -0500] "GET /BLA/resoluciones/AUTOS%202013/1139.pdf HTTP/1.1" 200 1156711
66.249.75.156 - - [20/Jul/2015:04:50:38 -0500] "GET /BLA/resoluciones/AUTOS%202013/0616.pdf HTTP/1.1" 200 1756958
66.249.75.156 - - [20/Jul/2015:04:50:53 -0500] "GET /BLA/resoluciones/AUTOS%202011/1913.pdf HTTP/1.1" 200 216356
66.249.75.174 - - [20/Jul/2015:04:51:07 -0500] "GET /BLA/resoluciones/RESOLUCIONES%202013/1135.pdf HTTP/1.1" 304 -
66.249.75.165 - - [20/Jul/2015:04:51:21 -0500] "GET /BLA/resoluciones/RESOLUCIONES%202012/0288.pdf HTTP/1.1" 304 -
207.46.13.54 - - [20/Jul/2015:04:51:24 -0500] "GET /SIG/ECS/126PM04-PR28.pdf HTTP/1.1" 200 2943182
201.245.192.253 - - [20/Jul/2015:04:51:28 -0500] "GET /forest/session.jsp?a=0.094545601067894 HTTP/1.1" 200 4
66.249.75.174 - - [20/Jul/2015:04:51:36 -0500] "GET /BLA/resoluciones/RESOLUCIONES%202014/3653.pdf HTTP/1.1" 304 -
66.249.69.40 - - [20/Jul/2015:04:52:04 -0500] "GET /BLA/ HTTP/1.1" 200 538
66.249.75.174 - - [20/Jul/2015:04:52:06 -0500] "GET /m/BLA/resoluciones/AUTOS%202013/0174.pdf HTTP/1.1" 404 1018
66.249.69.56 - - [20/Jul/2015:04:52:18 -0500] "GET /BLA/boletinlegal/index.php HTTP/1.1" 200 50649
66.249.75.165 - - [20/Jul/2015:04:53:01 -0500] "GET /BLA/resoluciones/RESOLUCIONES%202014/1105.pdf HTTP/1.1" 304 -
66.249.69.40 - - [20/Jul/2015:04:53:01 -0500] "GET / HTTP/1.1" 200 10190
66.249.75.156 - - [20/Jul/2015:04:53:02 -0500] "GET /Autoliquidacion/TR%C3%81MITES%20AGUAS%20SUPERFICIALES/FORMULARIO%20NACIONAL%20SOLICITUD%20-Concesion%20Aguas%20Superficiales.pdf HTTP/1.1" 304 -
201.245.192.253 - - [20/Jul/2015:04:53:13 -0500] "GET /forest/session.jsp?a=0.727814404106356 HTTP/1.1" 200 4
66.249.75.174 - - [20/Jul/2015:04:53:31 -0500] "GET /BLA/resoluciones/RESOLUCIONES%202013/0350.pdf HTTP/1.1" 304 -
74.86.158.107 - - [20/Jul/2015:04:54:01 -0500] "HEAD / HTTP/1.1" 200 -
157.55.39.143 - - [20/Jul/2015:04:54:27 -0500] "GET /PORTAL_SIAC/swf/videos/?C=D;O=A HTTP/1.1" 200 13066
66.249.75.156 - - [20/Jul/2015:04:53:59 -0500] "GET /BLA/boletinlegal/ HTTP/1.1" 200 50649
66.249.75.165 - - [20/Jul/2015:04:54:43 -0500] "GET /BLA/resoluciones/RESOLUCIONES%202007/RES%202007%202501%20AL%202600/RESOLUCION%202542%20DE%202007.pdf HTTP/1.1" 304 -
66.249.75.174 - - [20/Jul/2015:04:54:57 -0500] "GET /BLA/resoluciones/RESOLUCIONES%202012/1114.pdf HTTP/1.1" 304 -
174.139.29.4 - - [20/Jul/2015:04:55:32 -0500] "GET /BLA/resoluciones/RESOLUCIONES%25202012/1204.pdf HTTP/1.1" 404 1018
66.249.75.174 - - [20/Jul/2015:04:56:10 -0500] "GET /BLA/resoluciones/RESOLUCIONES%202009/8359.pdf HTTP/1.1" 304 -
201.245.192.253 - - [20/Jul/2015:04:56:28 -0500] "GET /forest/session.jsp?a=0.523929843934222 HTTP/1.1" 200 4
68.180.229.240 - - [20/Jul/2015:04:56:38 -0500] "GET /BLA/boletinlegal/notificaciones.php HTTP/1.1" 200 42619
66.249.69.40 - - [20/Jul/2015:04:56:54 -0500] "GET /BLA/boletinlegal/index.php HTTP/1.1" 200 50649
66.249.75.165 - - [20/Jul/2015:04:57:38 -0500] "GET /autoliquidacion/TR%C3%81MITES%20VERTIMIENTOS/PERMISOS%20DE%20VERTIMIENTOS/ANEXO3.%20LISTA%20DE%20CHEQUEO%20PERMISO%20VERT.%20ALCANTARILLADO%20-%20F.xls HTTP/1.1" 304 -
66.249.75.156 - - [20/Jul/2015:04:57:38 -0500] "GET /BLA/resoluciones/RESOLUCIONES%202010/7136.pdf HTTP/1.1" 304 -
66.249.75.156 - - [20/Jul/2015:04:57:40 -0500] "GET /autoliquidacion/Solicitudes%20relacionadas%20con%20calidad%20del%20aire%20auditiva%20y%20visual/Registro%20de%20Elementos%20de%20publicidad%20Exterior%20Visual/126pm04-pr16-f-a301%20Formato%20Solicitud%20de%20registro.xls HTTP/1.1" 304 -
66.249.75.156 - - [20/Jul/2015:04:57:41 -0500] "GET /BLA/resoluciones/AUTOS%202007/0933.pdf HTTP/1.1" 200 29418
66.249.75.156 - - [20/Jul/2015:04:57:43 -0500] "GET /BLA/resoluciones/AUTOS%202012/0096.pdf HTTP/1.1" 304 -
66.249.69.48 - - [20/Jul/2015:04:57:45 -0500] "GET /POT-2013/index.php?dir=Cartografia%2F HTTP/1.1" 200 11465
66.249.75.174 - - [20/Jul/2015:04:57:59 -0500] "GET /BLA/directivas/2009/0.pdf HTTP/1.1" 304 -
201.245.192.253 - - [20/Jul/2015:04:58:13 -0500] "GET /forest/session.jsp?a=0.9519705205639956 HTTP/1.1" 200 4
66.249.75.174 - - [20/Jul/2015:04:58:27 -0500] "GET /stormWeb/ HTTP/1.1" 200 12126
66.249.75.165 - - [20/Jul/2015:04:58:56 -0500] "GET /BLA/resoluciones/AUTOS%202013/0174.pdf HTTP/1.1" 304 -
74.86.158.107 - - [20/Jul/2015:04:59:01 -0500] "HEAD / HTTP/1.1" 200 -
66.249.75.174 - - [20/Jul/2015:04:59:25 -0500] "GET /BLA/resoluciones/RESOLUCIONES%202007/RES%202007%201401%20AL%201500/RESOLUCION%201407%20DE%202007.pdf HTTP/1.1" 304 -
66.249.75.165 - - [20/Jul/2015:04:59:53 -0500] "GET /BLA/resoluciones/RESOLUCIONES%202012/1557.pdf HTTP/1.1" 304 -
66.249.75.156 - - [20/Jul/2015:05:00:22 -0500] "GET /BLA/resoluciones/RESOLUCIONES%202010/0417.pdf HTTP/1.1" 304 -
66.249.75.165 - - [20/Jul/2015:05:00:51 -0500] "GET /BLA/resoluciones/RESOLUCIONES%202012/0805.pdf HTTP/1.1" 304 -
66.249.75.156 - - [20/Jul/2015:05:01:05 -0500] "GET /galeria/nivo-slider/demo/images/AireSeptimaweb1.jpg HTTP/1.1" 200 60712
66.249.75.165 - - [20/Jul/2015:05:01:15 -0500] "GET /galeria/carrusel/Carrusel/jquery.thumbnailScroller.css HTTP/1.1" 304 -
66.249.75.165 - - [20/Jul/2015:05:01:15 -0500] "GET /BLA/boletinlegal/js/jquery.scrollShow.js HTTP/1.1" 304 -
66.249.75.156 - - [20/Jul/2015:05:01:16 -0500] "GET /galeria/galeria/jquery.fancybox.js?v=2.1.5 HTTP/1.1" 304 -
66.249.75.156 - - [20/Jul/2015:05:01:18 -0500] "GET /galeria/carrusel/Carrusel/jquery.thumbnailScroller.js HTTP/1.1" 304 -
66.249.75.174 - - [20/Jul/2015:05:01:19 -0500] "GET /galeria/carrusel/Carrusel/jquery-ui-1.8.13.custom.min.js HTTP/1.1" 304 -
66.249.75.156 - - [20/Jul/2015:05:01:20 -0500] "GET /BLA/resoluciones/RESOLUCIONES%202009/2840.pdf HTTP/1.1" 304 -
66.249.75.174 - - [20/Jul/2015:05:01:22 -0500] "GET /galeria/galeria/jquery.fancybox.css?v=2.1.5 HTTP/1.1" 304 -
157.55.39.71 - - [20/Jul/2015:05:01:24 -0500] "GET /SIG/ECS/126PM04-PR08.pdf HTTP/1.1" 200 3507449
201.245.192.253 - - [20/Jul/2015:05:01:28 -0500] "GET /forest/session.jsp?a=0.9712410457402396 HTTP/1.1" 200 4
66.249.75.156 - - [20/Jul/2015:05:01:48 -0500] "GET /autoliquidacion/TR%C3%81MITES%20MINER%C3%8DA/126PM04-PR39-M-A6-V5.0%20Terminos%20de%20referencia%20PMRRA[1].doc HTTP/1.1" 304 -
66.249.75.165 - - [20/Jul/2015:05:02:17 -0500] "GET /BLA/resoluciones/RESOLUCIONES%202013/0466.pdf HTTP/1.1" 304 -
186.145.153.198 - - [20/Jul/2015:05:02:40 -0500] "GET /galeria/galeria/jquery.fancybox.js?v=2.1.5 HTTP/1.1" 200 48706
186.145.153.198 - - [20/Jul/2015:05:02:40 -0500] "GET /galeria/galeria/jquery.fancybox.css?v=2.1.5 HTTP/1.1" 200 4895
186.145.153.198 - - [20/Jul/2015:05:02:40 -0500] "GET /BLA/boletinlegal/js/jquery.scrollShow.js HTTP/1.1" 200 4586
186.145.153.198 - - [20/Jul/2015:05:02:46 -0500] "GET /galeria/galeria/jquery.fancybox.css?v=2.1.5 HTTP/1.1" 304 -
186.145.153.198 - - [20/Jul/2015:05:02:46 -0500] "GET /galeria/galeria/jquery.fancybox.js?v=2.1.5 HTTP/1.1" 304 -
186.145.153.198 - - [20/Jul/2015:05:02:46 -0500] "GET /BLA/boletinlegal/js/jquery.scrollShow.js HTTP/1.1" 304 -
88.198.233.69 - - [20/Jul/2015:05:03:00 -0500] "GET / HTTP/1.1" 200 10190
201.245.192.253 - - [20/Jul/2015:05:03:13 -0500] "GET /forest/session.jsp?a=0.6757886221232422 HTTP/1.1" 200 4
74.86.158.107 - - [20/Jul/2015:05:04:01 -0500] "HEAD / HTTP/1.1" 200 -
66.249.75.174 - - [20/Jul/2015:05:05:31 -0500] "GET /mobile/BLA/resoluciones/RESOLUCIONES%202014/0933.pdf HTTP/1.1" 404 1018
66.249.75.156 - - [20/Jul/2015:05:06:10 -0500] "GET /BLA/resoluciones/RESOLUCIONES%202011/5794.pdf HTTP/1.1" 304 -
201.245.192.253 - - [20/Jul/2015:05:06:28 -0500] "GET /forest/session.jsp?a=0.8431460182745442 HTTP/1.1" 200 4
201.245.192.253 - - [20/Jul/2015:05:08:13 -0500] "GET /forest/session.jsp?a=0.2784215875510797 HTTP/1.1" 200 4
157.55.39.218 - - [20/Jul/2015:05:08:46 -0500] "GET /Anexos%20estudio%20Organizacional%20SDA/index.php?dir=ANEXO%20No.%201-%20NORMAS%20LEGALES%20DE%20ESTRUCTURA%20Y%20PLANTA/Acuerdo%209%20de%201990%20Concejo%20de%20Bogot\xc3\x83\xc2\xa1._files/&sort=size&order=desc HTTP/1.1" 200 6353
74.86.158.107 - - [20/Jul/2015:05:09:01 -0500] "HEAD / HTTP/1.1" 200 -
157.55.39.143 - - [20/Jul/2015:05:09:11 -0500] "GET /BLA/boletinlegal/Directivas/2011/Directiva%20No.%209%20del%2023%20de%20Septiembre%20de%202011.pdf HTTP/1.1" 200 326687
66.249.75.156 - - [20/Jul/2015:05:10:10 -0500] "GET /BLA/resoluciones/AUTOS%202013/1593.pdf HTTP/1.1" 304 -
66.249.75.156 - - [20/Jul/2015:05:10:24 -0500] "GET /BLA/resoluciones/RESOLUCIONES%202014/1460.pdf HTTP/1.1" 304 -
66.249.75.156 - - [20/Jul/2015:05:10:38 -0500] "GET /BLA/resoluciones/RESOLUCIONES%202013/0034.pdf HTTP/1.1" 304 -
