186.43.80.110 - - [20/Jul/2015:15:36:56 -0500] "GET /galeria/nivo-slider/demo/images/GAE-banner.jpg HTTP/1.1" 200 97556
186.43.80.110 - - [20/Jul/2015:15:36:57 -0500] "GET /galeria/nivo-slider/demo/images/Banner-encuesta-de-percepscio.jpg HTTP/1.1" 200 201899
66.249.75.165 - - [20/Jul/2015:15:36:57 -0500] "GET /BLA/resoluciones/RESOLUCIONES%202007/RES%202007%201501%20AL%201600/RESOLUCION%201599%20DE%202007.pdf HTTP/1.1" 200 700832
186.43.80.110 - - [20/Jul/2015:15:36:57 -0500] "GET /galeria/nivo-slider/demo/images/banner-Pacto-por-la-madera.jpg HTTP/1.1" 200 209966
186.43.80.110 - - [20/Jul/2015:15:36:57 -0500] "GET /galeria/nivo-slider/demo/images/acuerdo_569.jpg HTTP/1.1" 200 62670
186.43.80.110 - - [20/Jul/2015:15:36:57 -0500] "GET /galeria/nivo-slider/demo/images/acuerdo_569.jpg HTTP/1.1" 200 62670
186.43.80.110 - - [20/Jul/2015:15:36:57 -0500] "GET /galeria/nivo-slider/demo/images/Licitaciones-proyecto-paramo.jpg HTTP/1.1" 200 221877
186.43.80.110 - - [20/Jul/2015:15:36:58 -0500] "GET /galeria/nivo-slider/demo/images/Licitaciones-proyecto-paramo.jpg HTTP/1.1" 200 221877
186.43.80.110 - - [20/Jul/2015:15:36:58 -0500] "GET /galeria/nivo-slider/demo/images/Banner-decreto1299.jpg HTTP/1.1" 200 182613
186.43.80.110 - - [20/Jul/2015:15:36:58 -0500] "GET /galeria/nivo-slider/demo/images/4Simple_Slider.png HTTP/1.1" 200 11722
186.43.80.110 - - [20/Jul/2015:15:36:59 -0500] "GET /galeria/nivo-slider/themes/default/loading.gif HTTP/1.1" 200 1737
186.43.80.110 - - [20/Jul/2015:15:36:59 -0500] "GET /galeria/nivo-slider/demo/images/Banner-decreto1299.jpg HTTP/1.1" 200 182613
186.43.80.110 - - [20/Jul/2015:15:36:59 -0500] "GET /galeria/nivo-slider/demo/images/Banner-Directorio.jpg HTTP/1.1" 200 182068
190.103.69.179 - - [20/Jul/2015:15:37:01 -0500] "GET /BLA/boletinlegal/js/jquery.scrollShow.js HTTP/1.1" 304 -
186.43.80.110 - - [20/Jul/2015:15:37:01 -0500] "GET /galeria/nivo-slider/demo/images/Ruta-vertimientos-01.jpg HTTP/1.1" 200 130151
190.103.69.179 - - [20/Jul/2015:15:37:01 -0500] "GET /galeria/galeria/jquery.fancybox.css?v=2.1.5 HTTP/1.1" 304 -
186.43.80.110 - - [20/Jul/2015:15:37:02 -0500] "GET /galeria/nivo-slider/demo/images/bolsas-06.jpg HTTP/1.1" 200 90982
190.103.69.179 - - [20/Jul/2015:15:37:02 -0500] "GET /galeria/galeria/jquery.fancybox.js?v=2.1.5 HTTP/1.1" 304 -
186.43.80.110 - - [20/Jul/2015:15:37:02 -0500] "GET /galeria/nivo-slider/demo/images/Conoce-los-humedales.jpg HTTP/1.1" 200 294036
186.43.80.110 - - [20/Jul/2015:15:37:02 -0500] "GET /galeria/nivo-slider/demo/images/ecolecta-Dic2014.png HTTP/1.1" 200 288593
186.43.80.110 - - [20/Jul/2015:15:37:03 -0500] "GET /galeria/nivo-slider/demo/images/Banner-Caracol-Africano.jpg HTTP/1.1" 200 331986
200.114.141.8 - - [20/Jul/2015:15:37:03 -0500] "GET /galeria/galeria/jquery.fancybox.css?v=2.1.5 HTTP/1.1" 200 4895
200.114.141.8 - - [20/Jul/2015:15:37:03 -0500] "GET /BLA/boletinlegal/js/jquery.scrollShow.js HTTP/1.1" 200 4586
200.114.141.8 - - [20/Jul/2015:15:37:03 -0500] "GET /galeria/galeria/jquery.fancybox.js?v=2.1.5 HTTP/1.1" 200 48706
186.168.102.218 - - [20/Jul/2015:15:36:33 -0500] "POST /forest/login.do HTTP/1.1" 200 12925
186.43.80.110 - - [20/Jul/2015:15:37:07 -0500] "GET /galeria/nivo-slider/themes/default/arrows.png HTTP/1.1" 200 824
186.43.80.110 - - [20/Jul/2015:15:37:07 -0500] "GET /galeria/nivo-slider/themes/default/bullets.png HTTP/1.1" 200 1281
66.249.88.233 - - [20/Jul/2015:15:37:08 -0500] "GET /galeria/galeria/jquery.fancybox.css?v=2.1.5 HTTP/1.1" 200 4895
66.249.88.228 - - [20/Jul/2015:15:37:08 -0500] "GET /BLA/boletinlegal/js/jquery.scrollShow.js HTTP/1.1" 200 4586
66.249.88.233 - - [20/Jul/2015:15:37:08 -0500] "GET /galeria/galeria/jquery.fancybox.js?v=2.1.5 HTTP/1.1" 200 48706
66.249.75.165 - - [20/Jul/2015:15:37:10 -0500] "GET /BLA/resoluciones/RESOLUCIONES%202013/0763.pdf HTTP/1.1" 304 -
66.249.88.233 - - [20/Jul/2015:15:37:15 -0500] "GET /galeria/galeria/jquery.fancybox.css?v=2.1.5 HTTP/1.1" 304 -
66.249.88.228 - - [20/Jul/2015:15:37:15 -0500] "GET /BLA/boletinlegal/js/jquery.scrollShow.js HTTP/1.1" 304 -
66.249.88.233 - - [20/Jul/2015:15:37:15 -0500] "GET /galeria/galeria/jquery.fancybox.js?v=2.1.5 HTTP/1.1" 304 -
186.168.102.218 - - [20/Jul/2015:15:36:49 -0500] "POST /forest/login.do HTTP/1.1" 200 12925
66.249.75.174 - - [20/Jul/2015:15:37:34 -0500] "GET /autoliquidacion/TR%C3%81MITES%20VERTIMIENTOS/PERMISOS%20DE%20VERTIMIENTOS/ANEXO%202.%20LISTA%20CHEQUEO%20PERMISO%20VERT.%20SUELO%20Y%20CUERPO%20DE%20AGUA%20F..xls HTTP/1.1" 304 -
66.249.75.156 - - [20/Jul/2015:15:37:45 -0500] "GET /BLA/resoluciones/RESOLUCIONES%202009/5059.pdf HTTP/1.1" 200 489651
186.84.50.252 - - [20/Jul/2015:15:37:51 -0500] "POST /forms/lservlet;jsessionid=ac16012b30d66dec13605ca740178ff5beeff790b40a.e3iSbxaKaheRe34MbhmNaxqNb41ynknvrkLOlQzNp65In0 HTTP/1.1" 200 2
186.168.102.218 - - [20/Jul/2015:15:37:54 -0500] "GET /forest/ HTTP/1.1" 200 12815
186.168.102.218 - - [20/Jul/2015:15:37:54 -0500] "GET /forest/skins/gdocs-jar/css/forest.css?version=1503.161801 HTTP/1.1" 304 -
186.168.102.218 - - [20/Jul/2015:15:37:54 -0500] "GET /forest/skins/gdocs-jar/css/menu.css?version=1503.161801 HTTP/1.1" 304 -
186.168.102.218 - - [20/Jul/2015:15:37:54 -0500] "GET /forest/skins/gdocs-jar/css/autocomplete.css?version=1503.161801 HTTP/1.1" 304 -
186.168.102.218 - - [20/Jul/2015:15:37:54 -0500] "GET /forest/css/escritorio.css?version=1503.161801 HTTP/1.1" 304 -
186.168.102.218 - - [20/Jul/2015:15:37:54 -0500] "GET /forest/skins/gdocs-jar/css/dialog.css?version=1503.161801 HTTP/1.1" 304 -
186.168.102.218 - - [20/Jul/2015:15:37:54 -0500] "GET /forest/1ibre/jscalendar/calendar-win2k-1.css?version=1503.161801 HTTP/1.1" 304 -
186.168.102.218 - - [20/Jul/2015:15:37:54 -0500] "GET /forest/css/index.css?version=1503.161801 HTTP/1.1" 304 -
181.61.173.135 - - [20/Jul/2015:15:37:54 -0500] "GET /forest/login.do HTTP/1.1" 200 12815
186.168.102.218 - - [20/Jul/2015:15:37:54 -0500] "GET /forest/skins/gdocs-jar/css/forms.css?version=1503.161801 HTTP/1.1" 304 -
186.168.102.218 - - [20/Jul/2015:15:37:54 -0500] "GET /forest/img/forestIcon.gif?version=1503.161801 HTTP/1.1" 304 -
186.168.102.218 - - [20/Jul/2015:15:37:54 -0500] "GET /forest/jsoptimized/gz/js/gdocsall-1503.161801.js HTTP/1.1" 200 99246
66.249.75.174 - - [20/Jul/2015:15:37:59 -0500] "GET /BLA/resoluciones/RESOLUCIONES%202007/RES%202007%20401%20AL%20500/RESOLUCION%200431%20DE%202007.pdf HTTP/1.1" 304 -
190.249.20.233 - - [20/Jul/2015:15:38:02 -0500] "GET /BLA/resoluciones/RESOLUCIONES%202007/RES%202007%203901%20AL%204000/RESOLUCION%203975%20DE%202007.pdf HTTP/1.1" 200 703950
190.249.20.233 - - [20/Jul/2015:15:38:03 -0500] "GET /BLA/resoluciones/RESOLUCIONES%202007/RES%202007%203901%20AL%204000/RESOLUCION%203975%20DE%202007.pdf HTTP/1.1" 206 32768
190.249.20.233 - - [20/Jul/2015:15:38:03 -0500] "GET /BLA/resoluciones/RESOLUCIONES%202007/RES%202007%203901%20AL%204000/RESOLUCION%203975%20DE%202007.pdf HTTP/1.1" 206 671182
201.245.192.253 - - [20/Jul/2015:15:38:22 -0500] "GET /forest/session.jsp?a=0.4781636557718173 HTTP/1.1" 200 4
66.249.75.174 - - [20/Jul/2015:15:38:23 -0500] "GET /BLA/resoluciones/RESOLUCIONES%202009/4698.pdf HTTP/1.1" 304 -
181.61.173.135 - - [20/Jul/2015:15:38:03 -0500] "POST /forest/login.do HTTP/1.1" 200 12925
186.168.58.184 - - [20/Jul/2015:15:38:36 -0500] "GET /forest/ HTTP/1.1" 200 12815
186.168.58.184 - - [20/Jul/2015:15:38:36 -0500] "GET /forest/skins/gdocs-jar/css/forest.css?version=1503.161801 HTTP/1.1" 200 51
186.168.58.184 - - [20/Jul/2015:15:38:36 -0500] "GET /forest/skins/gdocs-jar/css/menu.css?version=1503.161801 HTTP/1.1" 200 4235
186.168.58.184 - - [20/Jul/2015:15:38:36 -0500] "GET /forest/skins/gdocs-jar/css/autocomplete.css?version=1503.161801 HTTP/1.1" 200 1620
186.168.58.184 - - [20/Jul/2015:15:38:36 -0500] "GET /forest/css/escritorio.css?version=1503.161801 HTTP/1.1" 200 15878
186.168.58.184 - - [20/Jul/2015:15:38:36 -0500] "GET /forest/css/index.css?version=1503.161801 HTTP/1.1" 200 1900
186.168.58.184 - - [20/Jul/2015:15:38:36 -0500] "GET /forest/1ibre/jscalendar/calendar-win2k-1.css?version=1503.161801 HTTP/1.1" 200 5986
186.168.58.184 - - [20/Jul/2015:15:38:36 -0500] "GET /forest/skins/gdocs-jar/css/dialog.css?version=1503.161801 HTTP/1.1" 200 1430
186.168.58.184 - - [20/Jul/2015:15:38:37 -0500] "GET /forest/skins/gdocs-jar/css/forms.css?version=1503.161801 HTTP/1.1" 200 7180
186.168.58.184 - - [20/Jul/2015:15:38:37 -0500] "GET /forest/jsoptimized/gz/js/gdocsall-1503.161801.js HTTP/1.1" 200 99246
186.168.58.184 - - [20/Jul/2015:15:38:37 -0500] "GET /forest/js/json3.js HTTP/1.1" 200 39592
186.168.58.184 - - [20/Jul/2015:15:38:37 -0500] "GET /forest/img/loading.gif HTTP/1.1" 200 1197
186.168.58.184 - - [20/Jul/2015:15:38:37 -0500] "GET /forest/img/spacer.gif HTTP/1.1" 200 43
186.168.58.184 - - [20/Jul/2015:15:38:37 -0500] "GET /forest/img/panel/view_icon.gif HTTP/1.1" 200 681
186.168.58.184 - - [20/Jul/2015:15:38:37 -0500] "GET /forest/img/inicio/1.gif HTTP/1.1" 200 23925
186.168.58.184 - - [20/Jul/2015:15:38:37 -0500] "GET /forest/img/inicio/2.gif HTTP/1.1" 200 42562
186.168.58.184 - - [20/Jul/2015:15:38:37 -0500] "GET /forest/img/inicio/3.gif HTTP/1.1" 200 29737
186.168.58.184 - - [20/Jul/2015:15:38:37 -0500] "GET /forest/img/inicio/5.gif HTTP/1.1" 200 25611
186.168.58.184 - - [20/Jul/2015:15:38:37 -0500] "GET /forest/img/inicio/4.gif HTTP/1.1" 200 27784
186.168.58.184 - - [20/Jul/2015:15:38:37 -0500] "GET /forest/img/inicio/6.gif HTTP/1.1" 200 12239
186.168.58.184 - - [20/Jul/2015:15:38:38 -0500] "GET /forest/img/base/bsc2_r1_c1.gif HTTP/1.1" 200 28640
186.168.58.184 - - [20/Jul/2015:15:38:38 -0500] "GET /forest/img/base/bsc2_r1_c2.gif HTTP/1.1" 200 269
186.168.58.184 - - [20/Jul/2015:15:38:38 -0500] "GET /forest/img/base/bsc2_r1_c3.gif HTTP/1.1" 200 3704
186.168.58.184 - - [20/Jul/2015:15:38:38 -0500] "GET /forest/img/mplogo.gif HTTP/1.1" 200 806
186.168.58.184 - - [20/Jul/2015:15:38:38 -0500] "GET /forest/img/close.gif HTTP/1.1" 200 571
186.168.58.184 - - [20/Jul/2015:15:38:38 -0500] "GET /forest/img/inicio/7.gif HTTP/1.1" 200 18547
186.168.58.184 - - [20/Jul/2015:15:38:38 -0500] "GET /forest/skins/gdocs-jar/img/okey.gif HTTP/1.1" 200 203
186.168.58.184 - - [20/Jul/2015:15:38:38 -0500] "GET /forest/1ibre/1ibre.css HTTP/1.1" 200 614
186.168.58.184 - - [20/Jul/2015:15:38:38 -0500] "GET /forest/img/forestIcon.gif?version=1503.161801 HTTP/1.1" 200 573
190.8.251.209 - - [20/Jul/2015:15:38:38 -0500] "POST /forms/lservlet;jsessionid=ac16012b30d6e44cdc23b9de419394c5868aafa2da9d.e3iSbxaKaheRe34MbhmNaxqNb41ynknvrkLOlQzNp65In0 HTTP/1.1" 200 2
186.84.50.252 - - [20/Jul/2015:15:38:41 -0500] "POST /forms/lservlet;jsessionid=ac16012b30d66dec13605ca740178ff5beeff790b40a.e3iSbxaKaheRe34MbhmNaxqNb41ynknvrkLOlQzNp65In0 HTTP/1.1" 200 83
186.84.50.252 - - [20/Jul/2015:15:38:41 -0500] "POST /forms/lservlet;jsessionid=ac16012b30d66dec13605ca740178ff5beeff790b40a.e3iSbxaKaheRe34MbhmNaxqNb41ynknvrkLOlQzNp65In0 HTTP/1.1" 200 -
66.249.75.174 - - [20/Jul/2015:15:38:47 -0500] "GET /BLA/resoluciones/RESOLUCIONES%202010/6285.pdf HTTP/1.1" 304 -
74.86.158.107 - - [20/Jul/2015:15:39:00 -0500] "HEAD / HTTP/1.1" 200 -
66.249.75.174 - - [20/Jul/2015:15:39:12 -0500] "GET /BLA/resoluciones/RESOLUCIONES%202013/2071.pdf HTTP/1.1" 304 -
186.168.102.218 - - [20/Jul/2015:15:39:33 -0500] "GET /forest/jsoptimized/gz/js/gdocsall-1503.161801.js HTTP/1.1" 200 99246
186.168.102.218 - - [20/Jul/2015:15:39:33 -0500] "GET /forest/img/forestIcon.gif?version=1503.161801 HTTP/1.1" 304 -
66.249.75.165 - - [20/Jul/2015:15:39:36 -0500] "GET /BLA/resoluciones/RESOLUCIONES%202007/RES%202007%203701%20AL%203800/RESOLUCION%203701%20DE%202007.pdf HTTP/1.1" 304 -
186.168.58.184 - - [20/Jul/2015:15:38:56 -0500] "POST /forest/login.do HTTP/1.1" 200 12925
186.168.58.184 - - [20/Jul/2015:15:39:49 -0500] "GET /forest/ HTTP/1.1" 200 12815
66.249.75.174 - - [20/Jul/2015:15:40:00 -0500] "GET /BLA/resoluciones/Resoluciones%202011/6416.pdf HTTP/1.1" 304 -
190.249.20.233 - - [20/Jul/2015:15:40:03 -0500] "GET /BLA/resoluciones/RESOLUCIONES%202007/RES%202007%203201%20AL%203300/RESOLUCION%203212%20DE%202007.pdf HTTP/1.1" 200 2126655
190.249.20.233 - - [20/Jul/2015:15:40:05 -0500] "GET /BLA/resoluciones/RESOLUCIONES%202007/RES%202007%203201%20AL%203300/RESOLUCION%203212%20DE%202007.pdf HTTP/1.1" 206 32768
190.249.20.233 - - [20/Jul/2015:15:40:05 -0500] "GET /BLA/resoluciones/RESOLUCIONES%202007/RES%202007%203201%20AL%203300/RESOLUCION%203212%20DE%202007.pdf HTTP/1.1" 206 2093887
66.249.79.120 - - [20/Jul/2015:15:40:14 -0500] "GET /BLA/resoluciones/RESOLUCIONES%202012/0567.pdf HTTP/1.1" 200 342282
66.249.69.56 - - [20/Jul/2015:15:40:25 -0500] "GET /POT-2013/index.php?dir=Cartografia%2F HTTP/1.1" 200 11465
190.8.251.209 - - [20/Jul/2015:15:40:38 -0500] "POST /forms/lservlet;jsessionid=ac16012b30d6e44cdc23b9de419394c5868aafa2da9d.e3iSbxaKaheRe34MbhmNaxqNb41ynknvrkLOlQzNp65In0 HTTP/1.1" 200 2
66.249.75.174 - - [20/Jul/2015:15:40:49 -0500] "GET /BLA/resoluciones/RESOLUCIONES%202013/1489.pdf HTTP/1.1" 304 -
66.249.75.165 - - [20/Jul/2015:15:40:52 -0500] "GET /BLA/resoluciones/RESOLUCIONES%202009/9586.pdf HTTP/1.1" 200 378039
186.168.102.218 - - [20/Jul/2015:15:40:23 -0500] "POST /forest/login.do HTTP/1.1" 200 12925
190.9.200.18 - - [20/Jul/2015:15:41:00 -0500] "GET /galeria/galeria/jquery.fancybox.css?v=2.1.5 HTTP/1.1" 200 4895
190.9.200.18 - - [20/Jul/2015:15:41:00 -0500] "GET /BLA/boletinlegal/js/jquery.scrollShow.js HTTP/1.1" 200 4586
190.9.200.18 - - [20/Jul/2015:15:41:00 -0500] "GET /galeria/galeria/jquery.fancybox.js?v=2.1.5 HTTP/1.1" 200 48706
186.154.62.96 - - [20/Jul/2015:15:41:07 -0500] "GET /galeria/carrusel/Carrusel/jquery-ui-1.8.13.custom.min.js HTTP/1.1" 200 10800
186.154.62.96 - - [20/Jul/2015:15:41:07 -0500] "GET /galeria/carrusel/Carrusel/jquery.thumbnailScroller.css HTTP/1.1" 200 2066
186.154.62.96 - - [20/Jul/2015:15:41:07 -0500] "GET /galeria/galeria/jquery.fancybox.css?v=2.1.5 HTTP/1.1" 200 4895
186.154.62.96 - - [20/Jul/2015:15:41:07 -0500] "GET /galeria/galeria/jquery.fancybox.js?v=2.1.5 HTTP/1.1" 200 48706
186.154.62.96 - - [20/Jul/2015:15:41:07 -0500] "GET /BLA/boletinlegal/js/jquery.scrollShow.js HTTP/1.1" 200 4586
190.9.200.18 - - [20/Jul/2015:15:41:08 -0500] "GET /galeria/galeria/jquery.fancybox.css?v=2.1.5 HTTP/1.1" 304 -
190.9.200.18 - - [20/Jul/2015:15:41:08 -0500] "GET /BLA/boletinlegal/js/jquery.scrollShow.js HTTP/1.1" 304 -
190.9.200.18 - - [20/Jul/2015:15:41:08 -0500] "GET /galeria/galeria/jquery.fancybox.js?v=2.1.5 HTTP/1.1" 304 -
186.154.62.96 - - [20/Jul/2015:15:41:10 -0500] "GET /galeria/carrusel/Carrusel/jquery.thumbnailScroller.js HTTP/1.1" 200 8157
186.168.102.218 - - [20/Jul/2015:15:41:12 -0500] "GET /forest/img/forestIcon.gif?version=1503.161801 HTTP/1.1" 304 -
66.249.75.165 - - [20/Jul/2015:15:41:13 -0500] "GET /BLA/resoluciones/RESOLUCIONES%202013/0848.pdf HTTP/1.1" 304 -
186.154.62.96 - - [20/Jul/2015:15:41:20 -0500] "GET /galeria/nivo-slider/demo/demo.html HTTP/1.1" 200 5224
186.154.62.96 - - [20/Jul/2015:15:41:22 -0500] "GET /galeria/nivo-slider/themes/default/default.css HTTP/1.1" 200 1569
186.154.62.96 - - [20/Jul/2015:15:41:22 -0500] "GET /galeria/nivo-slider/themes/pascal/pascal.css HTTP/1.1" 200 2258
186.154.62.96 - - [20/Jul/2015:15:41:22 -0500] "GET /galeria/nivo-slider/demo/images/Rendicion-de-cuentas.jpg HTTP/1.1" 200 309079
186.154.62.96 - - [20/Jul/2015:15:41:22 -0500] "GET /galeria/nivo-slider/themes/orman/orman.css HTTP/1.1" 200 2152
186.154.62.96 - - [20/Jul/2015:15:41:22 -0500] "GET /galeria/nivo-slider/demo/style.css HTTP/1.1" 200 2222
186.154.62.96 - - [20/Jul/2015:15:41:23 -0500] "GET /galeria/nivo-slider/demo/scripts/jquery-1.7.1.min.js HTTP/1.1" 200 93868
186.154.62.96 - - [20/Jul/2015:15:41:23 -0500] "GET /galeria/nivo-slider/nivo-slider.css HTTP/1.1" 200 1507
186.154.62.96 - - [20/Jul/2015:15:41:23 -0500] "GET /galeria/nivo-slider/jquery.nivo.slider.pack.js HTTP/1.1" 200 11561
186.154.62.96 - - [20/Jul/2015:15:41:23 -0500] "GET /galeria/nivo-slider/demo/images/banner-llantas2.jpg HTTP/1.1" 200 204644
186.154.62.96 - - [20/Jul/2015:15:41:23 -0500] "GET /galeria/nivo-slider/demo/images/PREDAcamp.jpg HTTP/1.1" 200 295358
186.154.62.96 - - [20/Jul/2015:15:41:23 -0500] "GET /galeria/nivo-slider/demo/images/Semana-PYBA.jpg HTTP/1.1" 200 147360
186.154.62.96 - - [20/Jul/2015:15:41:24 -0500] "GET /galeria/nivo-slider/demo/images/VoluntariadoPYBA.jpg HTTP/1.1" 200 40647
186.154.62.96 - - [20/Jul/2015:15:41:26 -0500] "GET /galeria/nivo-slider/demo/images/9Signos.jpg HTTP/1.1" 200 81776
181.56.7.43 - - [20/Jul/2015:15:41:29 -0500] "GET /BLA/boletinlegal/js/jquery.scrollTo-min.js HTTP/1.1" 200 1150
181.56.7.43 - - [20/Jul/2015:15:41:29 -0500] "GET /BLA/boletinlegal/js/jquery.scrollShow.js HTTP/1.1" 200 4586
181.56.7.43 - - [20/Jul/2015:15:41:30 -0500] "GET /galeria/galeria/jquery.fancybox.js?v=2.1.5 HTTP/1.1" 200 48706
181.56.7.43 - - [20/Jul/2015:15:41:30 -0500] "GET /galeria/galeria/jquery.fancybox.css?v=2.1.5 HTTP/1.1" 200 4895
186.154.62.96 - - [20/Jul/2015:15:41:34 -0500] "GET /galeria/nivo-slider/themes/default/loading.gif HTTP/1.1" 200 1737
186.154.62.96 - - [20/Jul/2015:15:41:34 -0500] "GET /galeria/nivo-slider/demo/images/4Simple_Slider.png HTTP/1.1" 200 11722
186.168.58.184 - - [20/Jul/2015:15:40:45 -0500] "POST /forest/login.do HTTP/1.1" 200 12925
181.56.7.43 - - [20/Jul/2015:15:41:34 -0500] "GET /BLA/boletinlegal/js/jquery.scrollShow.js HTTP/1.1" 304 -
181.56.7.43 - - [20/Jul/2015:15:41:34 -0500] "GET /galeria/galeria/jquery.fancybox.js?v=2.1.5 HTTP/1.1" 304 -
181.56.7.43 - - [20/Jul/2015:15:41:35 -0500] "GET /galeria/galeria/jquery.fancybox.css?v=2.1.5 HTTP/1.1" 304 -
186.168.102.218 - - [20/Jul/2015:15:40:45 -0500] "POST /forest/login.do HTTP/1.1" 200 12925
186.92.210.219 - - [20/Jul/2015:15:41:36 -0500] "GET /BLA/resoluciones/RESOLUCIONES%202007/RES%202007%204001%20AL%204100/RESOLUCION%204090%20DE%202007.pdf HTTP/1.1" 200 13950935
201.245.192.253 - - [20/Jul/2015:15:41:37 -0500] "GET /forest/session.jsp?a=0.2926060391361288 HTTP/1.1" 200 4
66.249.75.174 - - [20/Jul/2015:15:41:38 -0500] "GET /BLA/resoluciones/RESOLUCIONES%202007/RES%202007%201401%20AL%201500/RESOLUCION%201443%20DE%202007.pdf HTTP/1.1" 304 -
186.92.210.219 - - [20/Jul/2015:15:41:40 -0500] "GET /BLA/resoluciones/RESOLUCIONES%202007/RES%202007%204001%20AL%204100/RESOLUCION%204090%20DE%202007.pdf HTTP/1.1" 206 65536
186.92.210.219 - - [20/Jul/2015:15:41:41 -0500] "GET /BLA/resoluciones/RESOLUCIONES%202007/RES%202007%204001%20AL%204100/RESOLUCION%204090%20DE%202007.pdf HTTP/1.1" 206 57303
186.92.210.219 - - [20/Jul/2015:15:41:42 -0500] "GET /BLA/resoluciones/RESOLUCIONES%202007/RES%202007%204001%20AL%204100/RESOLUCION%204090%20DE%202007.pdf HTTP/1.1" 206 65536
186.92.210.219 - - [20/Jul/2015:15:41:44 -0500] "GET /BLA/resoluciones/RESOLUCIONES%202007/RES%202007%204001%20AL%204100/RESOLUCION%204090%20DE%202007.pdf HTTP/1.1" 206 65536
186.92.210.219 - - [20/Jul/2015:15:41:47 -0500] "GET /BLA/resoluciones/RESOLUCIONES%202007/RES%202007%204001%20AL%204100/RESOLUCION%204090%20DE%202007.pdf HTTP/1.1" 206 65536
186.92.210.219 - - [20/Jul/2015:15:41:47 -0500] "GET /BLA/resoluciones/RESOLUCIONES%202007/RES%202007%204001%20AL%204100/RESOLUCION%204090%20DE%202007.pdf HTTP/1.1" 206 65536
186.92.210.219 - - [20/Jul/2015:15:41:49 -0500] "GET /BLA/resoluciones/RESOLUCIONES%202007/RES%202007%204001%20AL%204100/RESOLUCION%204090%20DE%202007.pdf HTTP/1.1" 206 65536
186.92.210.219 - - [20/Jul/2015:15:41:51 -0500] "GET /BLA/resoluciones/RESOLUCIONES%202007/RES%202007%204001%20AL%204100/RESOLUCION%204090%20DE%202007.pdf HTTP/1.1" 206 65536
186.92.210.219 - - [20/Jul/2015:15:41:52 -0500] "GET /BLA/resoluciones/RESOLUCIONES%202007/RES%202007%204001%20AL%204100/RESOLUCION%204090%20DE%202007.pdf HTTP/1.1" 206 65536
186.92.210.219 - - [20/Jul/2015:15:41:53 -0500] "GET /BLA/resoluciones/RESOLUCIONES%202007/RES%202007%204001%20AL%204100/RESOLUCION%204090%20DE%202007.pdf HTTP/1.1" 206 65536
186.92.210.219 - - [20/Jul/2015:15:41:54 -0500] "GET /BLA/resoluciones/RESOLUCIONES%202007/RES%202007%204001%20AL%204100/RESOLUCION%204090%20DE%202007.pdf HTTP/1.1" 206 65536
186.92.210.219 - - [20/Jul/2015:15:41:56 -0500] "GET /BLA/resoluciones/RESOLUCIONES%202007/RES%202007%204001%20AL%204100/RESOLUCION%204090%20DE%202007.pdf HTTP/1.1" 206 65536
186.92.210.219 - - [20/Jul/2015:15:42:00 -0500] "GET /BLA/resoluciones/RESOLUCIONES%202007/RES%202007%204001%20AL%204100/RESOLUCION%204090%20DE%202007.pdf HTTP/1.1" 206 65536
186.92.210.219 - - [20/Jul/2015:15:42:02 -0500] "GET /BLA/resoluciones/RESOLUCIONES%202007/RES%202007%204001%20AL%204100/RESOLUCION%204090%20DE%202007.pdf HTTP/1.1" 206 65536
66.249.75.156 - - [20/Jul/2015:15:42:02 -0500] "GET /BLA/resoluciones/RESOLUCIONES%202012/1391.pdf HTTP/1.1" 304 -
186.147.109.145 - - [20/Jul/2015:15:42:02 -0500] "GET /galeria/galeria/jquery.fancybox.css?v=2.1.5 HTTP/1.1" 200 4895
186.147.109.145 - - [20/Jul/2015:15:42:02 -0500] "GET /galeria/galeria/jquery.fancybox.js?v=2.1.5 HTTP/1.1" 200 48706
186.147.109.145 - - [20/Jul/2015:15:42:02 -0500] "GET /galeria/galeria/fotos/Humedal-Santa-Mar%C3%ADa-del-Lago1P.jpg HTTP/1.1" 200 26912
186.147.109.145 - - [20/Jul/2015:15:42:03 -0500] "GET /galeria/galeria/fotos/Humedal-Santa-Mar%C3%ADa-del-Lago2P.jpg HTTP/1.1" 200 37138
186.92.210.219 - - [20/Jul/2015:15:42:03 -0500] "GET /BLA/resoluciones/RESOLUCIONES%202007/RES%202007%204001%20AL%204100/RESOLUCION%204090%20DE%202007.pdf HTTP/1.1" 206 65536
186.147.109.145 - - [20/Jul/2015:15:42:03 -0500] "GET /galeria/galeria/fotos/Humedal-Santa-Mar%C3%ADa-del-Lago3P.jpg HTTP/1.1" 200 30161
186.147.109.145 - - [20/Jul/2015:15:42:03 -0500] "GET /galeria/galeria/fotos/Humedal-Santa-Mar%C3%ADa-del-Lago4P.jpg HTTP/1.1" 200 33121
186.92.210.219 - - [20/Jul/2015:15:42:04 -0500] "GET /BLA/resoluciones/RESOLUCIONES%202007/RES%202007%204001%20AL%204100/RESOLUCION%204090%20DE%202007.pdf HTTP/1.1" 206 65536
186.92.210.219 - - [20/Jul/2015:15:42:05 -0500] "GET /BLA/resoluciones/RESOLUCIONES%202007/RES%202007%204001%20AL%204100/RESOLUCION%204090%20DE%202007.pdf HTTP/1.1" 206 65536
186.92.210.219 - - [20/Jul/2015:15:42:06 -0500] "GET /BLA/resoluciones/RESOLUCIONES%202007/RES%202007%204001%20AL%204100/RESOLUCION%204090%20DE%202007.pdf HTTP/1.1" 206 65536
186.92.210.219 - - [20/Jul/2015:15:42:08 -0500] "GET /BLA/resoluciones/RESOLUCIONES%202007/RES%202007%204001%20AL%204100/RESOLUCION%204090%20DE%202007.pdf HTTP/1.1" 206 65536
186.92.210.219 - - [20/Jul/2015:15:42:09 -0500] "GET /BLA/resoluciones/RESOLUCIONES%202007/RES%202007%204001%20AL%204100/RESOLUCION%204090%20DE%202007.pdf HTTP/1.1" 206 65536
181.53.2.158 - - [20/Jul/2015:15:42:09 -0500] "GET /BLA/boletinlegal/js/jquery.scrollShow.js HTTP/1.1" 200 4586
181.53.2.158 - - [20/Jul/2015:15:42:09 -0500] "GET /galeria/galeria/jquery.fancybox.js?v=2.1.5 HTTP/1.1" 200 48706
181.53.2.158 - - [20/Jul/2015:15:42:09 -0500] "GET /galeria/galeria/jquery.fancybox.css?v=2.1.5 HTTP/1.1" 200 4895
186.92.210.219 - - [20/Jul/2015:15:42:10 -0500] "GET /BLA/resoluciones/RESOLUCIONES%202007/RES%202007%204001%20AL%204100/RESOLUCION%204090%20DE%202007.pdf HTTP/1.1" 206 65536
186.92.210.219 - - [20/Jul/2015:15:42:12 -0500] "GET /BLA/resoluciones/RESOLUCIONES%202007/RES%202007%204001%20AL%204100/RESOLUCION%204090%20DE%202007.pdf HTTP/1.1" 206 65536
186.92.210.219 - - [20/Jul/2015:15:42:14 -0500] "GET /BLA/resoluciones/RESOLUCIONES%202007/RES%202007%204001%20AL%204100/RESOLUCION%204090%20DE%202007.pdf HTTP/1.1" 206 65536
186.92.210.219 - - [20/Jul/2015:15:42:16 -0500] "GET /BLA/resoluciones/RESOLUCIONES%202007/RES%202007%204001%20AL%204100/RESOLUCION%204090%20DE%202007.pdf HTTP/1.1" 206 65536
186.92.210.219 - - [20/Jul/2015:15:42:18 -0500] "GET /BLA/resoluciones/RESOLUCIONES%202007/RES%202007%204001%20AL%204100/RESOLUCION%204090%20DE%202007.pdf HTTP/1.1" 206 65536
186.92.210.219 - - [20/Jul/2015:15:42:20 -0500] "GET /BLA/resoluciones/RESOLUCIONES%202007/RES%202007%204001%20AL%204100/RESOLUCION%204090%20DE%202007.pdf HTTP/1.1" 206 65536
186.92.210.219 - - [20/Jul/2015:15:42:22 -0500] "GET /BLA/resoluciones/RESOLUCIONES%202007/RES%202007%204001%20AL%204100/RESOLUCION%204090%20DE%202007.pdf HTTP/1.1" 206 65536
186.92.210.219 - - [20/Jul/2015:15:42:24 -0500] "GET /BLA/resoluciones/RESOLUCIONES%202007/RES%202007%204001%20AL%204100/RESOLUCION%204090%20DE%202007.pdf HTTP/1.1" 206 65536
186.92.210.219 - - [20/Jul/2015:15:42:25 -0500] "GET /BLA/resoluciones/RESOLUCIONES%202007/RES%202007%204001%20AL%204100/RESOLUCION%204090%20DE%202007.pdf HTTP/1.1" 206 65536
186.168.102.218 - - [20/Jul/2015:15:42:25 -0500] "GET /galeria/galeria/jquery.fancybox.css?v=2.1.5 HTTP/1.1" 200 4895
186.168.102.218 - - [20/Jul/2015:15:42:25 -0500] "GET /galeria/carrusel/Carrusel/jquery.thumbnailScroller.css HTTP/1.1" 200 2066
186.168.102.218 - - [20/Jul/2015:15:42:25 -0500] "GET /BLA/boletinlegal/js/jquery.scrollShow.js HTTP/1.1" 200 4586
186.168.102.218 - - [20/Jul/2015:15:42:25 -0500] "GET /galeria/galeria/jquery.fancybox.js?v=2.1.5 HTTP/1.1" 200 48706
186.168.102.218 - - [20/Jul/2015:15:42:25 -0500] "GET /galeria/carrusel/Carrusel/jquery.thumbnailScroller.js HTTP/1.1" 200 8157
186.168.102.218 - - [20/Jul/2015:15:42:25 -0500] "GET /galeria/carrusel/Carrusel/jquery-ui-1.8.13.custom.min.js HTTP/1.1" 200 10800
66.249.75.156 - - [20/Jul/2015:15:42:26 -0500] "GET /BLA/resoluciones/RESOLUCIONES%202007/RES%202007%20701%20AL%20800/RESOLUCION%200705%20DE%202007.pdf HTTP/1.1" 304 -
186.92.210.219 - - [20/Jul/2015:15:42:27 -0500] "GET /BLA/resoluciones/RESOLUCIONES%202007/RES%202007%204001%20AL%204100/RESOLUCION%204090%20DE%202007.pdf HTTP/1.1" 206 65536
186.92.210.219 - - [20/Jul/2015:15:42:30 -0500] "GET /BLA/resoluciones/RESOLUCIONES%202007/RES%202007%204001%20AL%204100/RESOLUCION%204090%20DE%202007.pdf HTTP/1.1" 206 65536
186.168.102.218 - - [20/Jul/2015:15:42:30 -0500] "GET /galeria/nivo-slider/demo/demo.html HTTP/1.1" 200 5224
186.92.210.219 - - [20/Jul/2015:15:42:32 -0500] "GET /BLA/resoluciones/RESOLUCIONES%202007/RES%202007%204001%20AL%204100/RESOLUCION%204090%20DE%202007.pdf HTTP/1.1" 206 65536
186.145.131.236 - - [20/Jul/2015:15:42:33 -0500] "GET /BLA/boletinlegal/js/jquery.scrollShow.js HTTP/1.1" 200 4586
186.145.131.236 - - [20/Jul/2015:15:42:33 -0500] "GET /galeria/galeria/jquery.fancybox.css?v=2.1.5 HTTP/1.1" 200 4895
186.145.131.236 - - [20/Jul/2015:15:42:33 -0500] "GET /galeria/galeria/jquery.fancybox.js?v=2.1.5 HTTP/1.1" 200 48706
186.168.102.218 - - [20/Jul/2015:15:42:33 -0500] "GET /galeria/nivo-slider/themes/default/default.css HTTP/1.1" 200 1569
186.168.102.218 - - [20/Jul/2015:15:42:34 -0500] "GET /galeria/nivo-slider/themes/orman/orman.css HTTP/1.1" 200 2152
186.168.102.218 - - [20/Jul/2015:15:42:34 -0500] "GET /galeria/nivo-slider/themes/pascal/pascal.css HTTP/1.1" 200 2258
186.168.102.218 - - [20/Jul/2015:15:42:34 -0500] "GET /galeria/nivo-slider/nivo-slider.css HTTP/1.1" 200 1507
186.168.102.218 - - [20/Jul/2015:15:42:34 -0500] "GET /galeria/nivo-slider/demo/style.css HTTP/1.1" 200 2222
186.168.102.218 - - [20/Jul/2015:15:42:34 -0500] "GET /galeria/nivo-slider/demo/scripts/jquery-1.7.1.min.js HTTP/1.1" 200 93868
186.168.102.218 - - [20/Jul/2015:15:42:34 -0500] "GET /galeria/nivo-slider/jquery.nivo.slider.pack.js HTTP/1.1" 200 11561
186.168.102.218 - - [20/Jul/2015:15:42:34 -0500] "GET /galeria/nivo-slider/demo/images/Rendicion-de-cuentas.jpg HTTP/1.1" 200 309079
186.168.102.218 - - [20/Jul/2015:15:42:34 -0500] "GET /galeria/nivo-slider/demo/images/banner-llantas2.jpg HTTP/1.1" 200 204644
186.168.102.218 - - [20/Jul/2015:15:42:34 -0500] "GET /galeria/nivo-slider/demo/images/Semana-PYBA.jpg HTTP/1.1" 200 147360
186.168.102.218 - - [20/Jul/2015:15:42:34 -0500] "GET /galeria/nivo-slider/demo/images/PREDAcamp.jpg HTTP/1.1" 200 295358
186.92.210.219 - - [20/Jul/2015:15:42:34 -0500] "GET /BLA/resoluciones/RESOLUCIONES%202007/RES%202007%204001%20AL%204100/RESOLUCION%204090%20DE%202007.pdf HTTP/1.1" 206 65536
186.168.102.218 - - [20/Jul/2015:15:42:35 -0500] "GET /galeria/nivo-slider/demo/images/4Simple_Slider.png HTTP/1.1" 200 11722
186.168.102.218 - - [20/Jul/2015:15:42:35 -0500] "GET /galeria/nivo-slider/themes/default/loading.gif HTTP/1.1" 200 1737
186.168.102.218 - - [20/Jul/2015:15:42:36 -0500] "GET /galeria/nivo-slider/demo/images/VoluntariadoPYBA.jpg HTTP/1.1" 200 40647
186.168.102.218 - - [20/Jul/2015:15:42:36 -0500] "GET /galeria/nivo-slider/demo/images/9Signos.jpg HTTP/1.1" 200 81776
186.92.210.219 - - [20/Jul/2015:15:42:36 -0500] "GET /BLA/resoluciones/RESOLUCIONES%202007/RES%202007%204001%20AL%204100/RESOLUCION%204090%20DE%202007.pdf HTTP/1.1" 206 65536
186.168.102.218 - - [20/Jul/2015:15:42:37 -0500] "GET /galeria/nivo-slider/demo/images/Comparendo-ambiental-Banner.jpg HTTP/1.1" 200 83731
186.168.102.218 - - [20/Jul/2015:15:42:37 -0500] "GET /galeria/nivo-slider/demo/images/GAE-banner.jpg HTTP/1.1" 200 97556
186.168.102.218 - - [20/Jul/2015:15:42:37 -0500] "GET /galeria/nivo-slider/demo/images/Banner-encuesta-de-percepscio.jpg HTTP/1.1" 200 201899
186.168.102.218 - - [20/Jul/2015:15:42:37 -0500] "GET /galeria/nivo-slider/demo/images/banner-Pacto-por-la-madera.jpg HTTP/1.1" 200 209966
186.168.102.218 - - [20/Jul/2015:15:42:37 -0500] "GET /galeria/nivo-slider/demo/images/acuerdo_569.jpg HTTP/1.1" 200 62670
186.168.102.218 - - [20/Jul/2015:15:42:37 -0500] "GET /galeria/nivo-slider/demo/images/Licitaciones-proyecto-paramo.jpg HTTP/1.1" 200 221877
186.168.102.218 - - [20/Jul/2015:15:42:37 -0500] "GET /galeria/nivo-slider/demo/images/Banner-decreto1299.jpg HTTP/1.1" 200 182613
186.168.102.218 - - [20/Jul/2015:15:42:38 -0500] "GET /galeria/nivo-slider/demo/images/Banner-Directorio.jpg HTTP/1.1" 200 182068
186.92.210.219 - - [20/Jul/2015:15:42:38 -0500] "GET /BLA/resoluciones/RESOLUCIONES%202007/RES%202007%204001%20AL%204100/RESOLUCION%204090%20DE%202007.pdf HTTP/1.1" 206 65536
186.168.102.218 - - [20/Jul/2015:15:42:38 -0500] "GET /galeria/nivo-slider/demo/images/Ruta-vertimientos-01.jpg HTTP/1.1" 200 130151
186.168.102.218 - - [20/Jul/2015:15:42:38 -0500] "GET /galeria/nivo-slider/demo/images/bolsas-06.jpg HTTP/1.1" 200 90982
186.168.102.218 - - [20/Jul/2015:15:42:38 -0500] "GET /galeria/nivo-slider/demo/images/Conoce-los-humedales.jpg HTTP/1.1" 200 294036
190.8.251.209 - - [20/Jul/2015:15:42:38 -0500] "POST /forms/lservlet;jsessionid=ac16012b30d6e44cdc23b9de419394c5868aafa2da9d.e3iSbxaKaheRe34MbhmNaxqNb41ynknvrkLOlQzNp65In0 HTTP/1.1" 200 2
186.168.102.218 - - [20/Jul/2015:15:42:39 -0500] "GET /galeria/nivo-slider/demo/images/ecolecta-Dic2014.png HTTP/1.1" 200 288593
186.168.102.218 - - [20/Jul/2015:15:42:39 -0500] "GET /galeria/nivo-slider/demo/images/Banner-Caracol-Africano.jpg HTTP/1.1" 200 331986
186.145.131.236 - - [20/Jul/2015:15:42:39 -0500] "GET /galeria/galeria/jquery.fancybox.css?v=2.1.5 HTTP/1.1" 304 -
186.145.131.236 - - [20/Jul/2015:15:42:39 -0500] "GET /BLA/boletinlegal/js/jquery.scrollShow.js HTTP/1.1" 304 -
186.145.131.236 - - [20/Jul/2015:15:42:39 -0500] "GET /galeria/galeria/jquery.fancybox.js?v=2.1.5 HTTP/1.1" 304 -
186.92.210.219 - - [20/Jul/2015:15:42:41 -0500] "GET /BLA/resoluciones/RESOLUCIONES%202007/RES%202007%204001%20AL%204100/RESOLUCION%204090%20DE%202007.pdf HTTP/1.1" 206 65536
186.92.210.219 - - [20/Jul/2015:15:42:42 -0500] "GET /BLA/resoluciones/RESOLUCIONES%202007/RES%202007%204001%20AL%204100/RESOLUCION%204090%20DE%202007.pdf HTTP/1.1" 206 65536
186.92.210.219 - - [20/Jul/2015:15:42:43 -0500] "GET /BLA/resoluciones/RESOLUCIONES%202007/RES%202007%204001%20AL%204100/RESOLUCION%204090%20DE%202007.pdf HTTP/1.1" 206 65536
186.168.102.218 - - [20/Jul/2015:15:42:44 -0500] "GET /galeria/nivo-slider/themes/default/arrows.png HTTP/1.1" 200 824
186.168.102.218 - - [20/Jul/2015:15:42:44 -0500] "GET /galeria/nivo-slider/themes/default/bullets.png HTTP/1.1" 200 1281
186.92.210.219 - - [20/Jul/2015:15:42:45 -0500] "GET /BLA/resoluciones/RESOLUCIONES%202007/RES%202007%204001%20AL%204100/RESOLUCION%204090%20DE%202007.pdf HTTP/1.1" 206 65536
186.92.210.219 - - [20/Jul/2015:15:42:46 -0500] "GET /BLA/resoluciones/RESOLUCIONES%202007/RES%202007%204001%20AL%204100/RESOLUCION%204090%20DE%202007.pdf HTTP/1.1" 206 65536
186.92.210.219 - - [20/Jul/2015:15:42:48 -0500] "GET /BLA/resoluciones/RESOLUCIONES%202007/RES%202007%204001%20AL%204100/RESOLUCION%204090%20DE%202007.pdf HTTP/1.1" 206 65536
186.92.210.219 - - [20/Jul/2015:15:42:49 -0500] "GET /BLA/resoluciones/RESOLUCIONES%202007/RES%202007%204001%20AL%204100/RESOLUCION%204090%20DE%202007.pdf HTTP/1.1" 206 65536
186.92.210.219 - - [20/Jul/2015:15:42:51 -0500] "GET /BLA/resoluciones/RESOLUCIONES%202007/RES%202007%204001%20AL%204100/RESOLUCION%204090%20DE%202007.pdf HTTP/1.1" 206 65536
66.249.75.165 - - [20/Jul/2015:15:42:51 -0500] "GET /BLA/resoluciones/RESOLUCIONES%202010/0417.pdf HTTP/1.1" 304 -
186.92.210.219 - - [20/Jul/2015:15:42:52 -0500] "GET /BLA/resoluciones/RESOLUCIONES%202007/RES%202007%204001%20AL%204100/RESOLUCION%204090%20DE%202007.pdf HTTP/1.1" 206 65536
186.92.210.219 - - [20/Jul/2015:15:42:53 -0500] "GET /BLA/resoluciones/RESOLUCIONES%202007/RES%202007%204001%20AL%204100/RESOLUCION%204090%20DE%202007.pdf HTTP/1.1" 206 65536
186.92.210.219 - - [20/Jul/2015:15:42:55 -0500] "GET /BLA/resoluciones/RESOLUCIONES%202007/RES%202007%204001%20AL%204100/RESOLUCION%204090%20DE%202007.pdf HTTP/1.1" 206 65536
186.28.209.170 - - [20/Jul/2015:15:42:56 -0500] "GET /galeria/galeria/jquery.fancybox.css?v=2.1.5 HTTP/1.1" 200 4895
186.28.209.170 - - [20/Jul/2015:15:42:56 -0500] "GET /BLA/boletinlegal/js/jquery.scrollShow.js HTTP/1.1" 200 4586
186.28.209.170 - - [20/Jul/2015:15:42:56 -0500] "GET /galeria/galeria/jquery.fancybox.js?v=2.1.5 HTTP/1.1" 200 48706
186.92.210.219 - - [20/Jul/2015:15:42:57 -0500] "GET /BLA/resoluciones/RESOLUCIONES%202007/RES%202007%204001%20AL%204100/RESOLUCION%204090%20DE%202007.pdf HTTP/1.1" 206 65536
186.92.210.219 - - [20/Jul/2015:15:42:59 -0500] "GET /BLA/resoluciones/RESOLUCIONES%202007/RES%202007%204001%20AL%204100/RESOLUCION%204090%20DE%202007.pdf HTTP/1.1" 206 65536
186.92.210.219 - - [20/Jul/2015:15:43:00 -0500] "GET /BLA/resoluciones/RESOLUCIONES%202007/RES%202007%204001%20AL%204100/RESOLUCION%204090%20DE%202007.pdf HTTP/1.1" 206 65536
190.24.47.19 - - [20/Jul/2015:15:43:01 -0500] "GET /BLA/boletinlegal/js/jquery.scrollShow.js HTTP/1.1" 200 4586
190.24.47.19 - - [20/Jul/2015:15:43:01 -0500] "GET /galeria/galeria/jquery.fancybox.js?v=2.1.5 HTTP/1.1" 200 48706
190.24.47.19 - - [20/Jul/2015:15:43:01 -0500] "GET /galeria/galeria/jquery.fancybox.css?v=2.1.5 HTTP/1.1" 200 4895
190.24.47.19 - - [20/Jul/2015:15:43:01 -0500] "GET /galeria/carrusel/Carrusel/jquery.thumbnailScroller.css HTTP/1.1" 200 2066
190.24.47.19 - - [20/Jul/2015:15:43:01 -0500] "GET /galeria/carrusel/Carrusel/jquery-ui-1.8.13.custom.min.js HTTP/1.1" 200 10800
190.24.47.19 - - [20/Jul/2015:15:43:01 -0500] "GET /galeria/carrusel/Carrusel/jquery.thumbnailScroller.js HTTP/1.1" 200 8157
186.92.210.219 - - [20/Jul/2015:15:43:02 -0500] "GET /BLA/resoluciones/RESOLUCIONES%202007/RES%202007%204001%20AL%204100/RESOLUCION%204090%20DE%202007.pdf HTTP/1.1" 206 65536
186.92.210.219 - - [20/Jul/2015:15:43:04 -0500] "GET /BLA/resoluciones/RESOLUCIONES%202007/RES%202007%204001%20AL%204100/RESOLUCION%204090%20DE%202007.pdf HTTP/1.1" 206 65536
190.249.42.214 - - [20/Jul/2015:15:43:06 -0500] "GET /galeria/galeria/jquery.fancybox.css?v=2.1.5 HTTP/1.1" 200 4895
190.249.42.214 - - [20/Jul/2015:15:43:06 -0500] "GET /galeria/carrusel/Carrusel/jquery.thumbnailScroller.css HTTP/1.1" 200 2066
190.249.42.214 - - [20/Jul/2015:15:43:06 -0500] "GET /BLA/boletinlegal/js/jquery.scrollShow.js HTTP/1.1" 200 4586
190.249.42.214 - - [20/Jul/2015:15:43:06 -0500] "GET /galeria/carrusel/Carrusel/jquery-ui-1.8.13.custom.min.js HTTP/1.1" 200 10800
190.249.42.214 - - [20/Jul/2015:15:43:06 -0500] "GET /galeria/galeria/jquery.fancybox.js?v=2.1.5 HTTP/1.1" 200 48706
190.249.42.214 - - [20/Jul/2015:15:43:06 -0500] "GET /galeria/carrusel/Carrusel/jquery.thumbnailScroller.js HTTP/1.1" 200 8157
186.92.210.219 - - [20/Jul/2015:15:43:06 -0500] "GET /BLA/resoluciones/RESOLUCIONES%202007/RES%202007%204001%20AL%204100/RESOLUCION%204090%20DE%202007.pdf HTTP/1.1" 206 65536
186.92.210.219 - - [20/Jul/2015:15:43:09 -0500] "GET /BLA/resoluciones/RESOLUCIONES%202007/RES%202007%204001%20AL%204100/RESOLUCION%204090%20DE%202007.pdf HTTP/1.1" 206 65536
186.28.209.170 - - [20/Jul/2015:15:43:10 -0500] "GET /BLA/boletinlegal/js/jquery.scrollShow.js HTTP/1.1" 304 -
186.28.209.170 - - [20/Jul/2015:15:43:10 -0500] "GET /galeria/galeria/jquery.fancybox.css?v=2.1.5 HTTP/1.1" 304 -
186.28.209.170 - - [20/Jul/2015:15:43:10 -0500] "GET /galeria/galeria/jquery.fancybox.js?v=2.1.5 HTTP/1.1" 304 -
186.92.210.219 - - [20/Jul/2015:15:43:13 -0500] "GET /BLA/resoluciones/RESOLUCIONES%202007/RES%202007%204001%20AL%204100/RESOLUCION%204090%20DE%202007.pdf HTTP/1.1" 206 65536
181.130.83.75 - - [20/Jul/2015:15:43:13 -0500] "GET /galeria/carrusel/Carrusel/jquery.thumbnailScroller.css HTTP/1.1" 200 2066
181.130.83.75 - - [20/Jul/2015:15:43:13 -0500] "GET /galeria/galeria/jquery.fancybox.css?v=2.1.5 HTTP/1.1" 200 4895
181.130.83.75 - - [20/Jul/2015:15:43:13 -0500] "GET /BLA/boletinlegal/js/jquery.scrollShow.js HTTP/1.1" 200 4586
181.130.83.75 - - [20/Jul/2015:15:43:13 -0500] "GET /galeria/galeria/jquery.fancybox.js?v=2.1.5 HTTP/1.1" 200 48706
181.130.83.75 - - [20/Jul/2015:15:43:13 -0500] "GET /galeria/carrusel/Carrusel/jquery-ui-1.8.13.custom.min.js HTTP/1.1" 200 10800
181.130.83.75 - - [20/Jul/2015:15:43:13 -0500] "GET /galeria/carrusel/Carrusel/jquery.thumbnailScroller.js HTTP/1.1" 200 8157
190.24.47.19 - - [20/Jul/2015:15:43:14 -0500] "GET /galeria/nivo-slider/demo/demo.html HTTP/1.1" 200 5224
181.130.83.75 - - [20/Jul/2015:15:43:14 -0500] "GET /galeria/nivo-slider/demo/demo.html HTTP/1.1" 200 5224
186.92.210.219 - - [20/Jul/2015:15:43:15 -0500] "GET /BLA/resoluciones/RESOLUCIONES%202007/RES%202007%204001%20AL%204100/RESOLUCION%204090%20DE%202007.pdf HTTP/1.1" 206 65536
66.249.75.174 - - [20/Jul/2015:15:43:15 -0500] "GET /BLA/resoluciones/RESOLUCIONES%202010/2280.pdf HTTP/1.1" 304 -
190.24.47.19 - - [20/Jul/2015:15:43:15 -0500] "GET /galeria/nivo-slider/themes/default/default.css HTTP/1.1" 200 1569
190.24.47.19 - - [20/Jul/2015:15:43:16 -0500] "GET /galeria/nivo-slider/themes/orman/orman.css HTTP/1.1" 200 2152
190.24.47.19 - - [20/Jul/2015:15:43:16 -0500] "GET /galeria/nivo-slider/demo/style.css HTTP/1.1" 200 2222
186.92.210.219 - - [20/Jul/2015:15:43:16 -0500] "GET /BLA/resoluciones/RESOLUCIONES%202007/RES%202007%204001%20AL%204100/RESOLUCION%204090%20DE%202007.pdf HTTP/1.1" 206 65536
190.24.47.19 - - [20/Jul/2015:15:43:16 -0500] "GET /galeria/nivo-slider/demo/images/Rendicion-de-cuentas.jpg HTTP/1.1" 200 309079
181.130.83.75 - - [20/Jul/2015:15:43:16 -0500] "GET /galeria/nivo-slider/themes/default/default.css HTTP/1.1" 200 1569
181.130.83.75 - - [20/Jul/2015:15:43:16 -0500] "GET /galeria/nivo-slider/themes/pascal/pascal.css HTTP/1.1" 200 2258
181.130.83.75 - - [20/Jul/2015:15:43:16 -0500] "GET /galeria/nivo-slider/themes/orman/orman.css HTTP/1.1" 200 2152
181.130.83.75 - - [20/Jul/2015:15:43:16 -0500] "GET /galeria/nivo-slider/nivo-slider.css HTTP/1.1" 200 1507
181.130.83.75 - - [20/Jul/2015:15:43:16 -0500] "GET /galeria/nivo-slider/demo/images/Rendicion-de-cuentas.jpg HTTP/1.1" 200 309079
181.130.83.75 - - [20/Jul/2015:15:43:16 -0500] "GET /galeria/nivo-slider/demo/style.css HTTP/1.1" 200 2222
181.130.83.75 - - [20/Jul/2015:15:43:16 -0500] "GET /galeria/nivo-slider/demo/scripts/jquery-1.7.1.min.js HTTP/1.1" 200 93868
181.130.83.75 - - [20/Jul/2015:15:43:16 -0500] "GET /galeria/nivo-slider/jquery.nivo.slider.pack.js HTTP/1.1" 200 11561
181.130.83.75 - - [20/Jul/2015:15:43:16 -0500] "GET /galeria/nivo-slider/demo/images/banner-llantas2.jpg HTTP/1.1" 200 204644
181.130.83.75 - - [20/Jul/2015:15:43:16 -0500] "GET /galeria/nivo-slider/demo/images/Semana-PYBA.jpg HTTP/1.1" 200 147360
181.130.83.75 - - [20/Jul/2015:15:43:16 -0500] "GET /galeria/nivo-slider/demo/images/PREDAcamp.jpg HTTP/1.1" 200 295358
181.130.83.75 - - [20/Jul/2015:15:43:16 -0500] "GET /galeria/nivo-slider/demo/images/VoluntariadoPYBA.jpg HTTP/1.1" 200 40647
181.130.83.75 - - [20/Jul/2015:15:43:17 -0500] "GET /galeria/nivo-slider/demo/images/9Signos.jpg HTTP/1.1" 200 81776
190.24.47.19 - - [20/Jul/2015:15:43:17 -0500] "GET /galeria/nivo-slider/themes/pascal/pascal.css HTTP/1.1" 200 2258
190.24.47.19 - - [20/Jul/2015:15:43:17 -0500] "GET /galeria/nivo-slider/nivo-slider.css HTTP/1.1" 200 1507
190.24.47.19 - - [20/Jul/2015:15:43:17 -0500] "GET /galeria/nivo-slider/demo/scripts/jquery-1.7.1.min.js HTTP/1.1" 200 93868
190.24.47.19 - - [20/Jul/2015:15:43:17 -0500] "GET /galeria/nivo-slider/jquery.nivo.slider.pack.js HTTP/1.1" 200 11561
190.24.47.19 - - [20/Jul/2015:15:43:17 -0500] "GET /galeria/nivo-slider/demo/images/banner-llantas2.jpg HTTP/1.1" 200 204644
190.24.47.19 - - [20/Jul/2015:15:43:17 -0500] "GET /galeria/nivo-slider/demo/images/Semana-PYBA.jpg HTTP/1.1" 200 147360
190.24.47.19 - - [20/Jul/2015:15:43:17 -0500] "GET /galeria/nivo-slider/demo/images/PREDAcamp.jpg HTTP/1.1" 200 295358
190.24.47.19 - - [20/Jul/2015:15:43:17 -0500] "GET /galeria/nivo-slider/demo/images/VoluntariadoPYBA.jpg HTTP/1.1" 200 40647
190.24.47.19 - - [20/Jul/2015:15:43:18 -0500] "GET /galeria/nivo-slider/demo/images/9Signos.jpg HTTP/1.1" 200 81776
190.24.47.19 - - [20/Jul/2015:15:43:18 -0500] "GET /galeria/nivo-slider/demo/images/Comparendo-ambiental-Banner.jpg HTTP/1.1" 200 83731
190.24.47.19 - - [20/Jul/2015:15:43:18 -0500] "GET /galeria/nivo-slider/demo/images/GAE-banner.jpg HTTP/1.1" 200 97556
190.24.47.19 - - [20/Jul/2015:15:43:18 -0500] "GET /galeria/nivo-slider/demo/images/Banner-encuesta-de-percepscio.jpg HTTP/1.1" 200 201899
190.24.47.19 - - [20/Jul/2015:15:43:18 -0500] "GET /galeria/nivo-slider/demo/images/banner-Pacto-por-la-madera.jpg HTTP/1.1" 200 209966
190.24.47.19 - - [20/Jul/2015:15:43:18 -0500] "GET /galeria/nivo-slider/demo/images/acuerdo_569.jpg HTTP/1.1" 200 62670
190.24.47.19 - - [20/Jul/2015:15:43:18 -0500] "GET /galeria/nivo-slider/demo/images/Licitaciones-proyecto-paramo.jpg HTTP/1.1" 200 221877
190.24.47.19 - - [20/Jul/2015:15:43:18 -0500] "GET /galeria/nivo-slider/demo/images/Banner-decreto1299.jpg HTTP/1.1" 200 182613
190.24.47.19 - - [20/Jul/2015:15:43:18 -0500] "GET /galeria/nivo-slider/demo/images/Banner-Directorio.jpg HTTP/1.1" 200 182068
190.24.47.19 - - [20/Jul/2015:15:43:18 -0500] "GET /galeria/nivo-slider/demo/images/Ruta-vertimientos-01.jpg HTTP/1.1" 200 130151
190.24.47.19 - - [20/Jul/2015:15:43:18 -0500] "GET /galeria/nivo-slider/demo/images/bolsas-06.jpg HTTP/1.1" 200 90982
186.92.210.219 - - [20/Jul/2015:15:43:18 -0500] "GET /BLA/resoluciones/RESOLUCIONES%202007/RES%202007%204001%20AL%204100/RESOLUCION%204090%20DE%202007.pdf HTTP/1.1" 206 65536
181.130.83.75 - - [20/Jul/2015:15:43:18 -0500] "GET /galeria/nivo-slider/demo/images/4Simple_Slider.png HTTP/1.1" 200 11722
181.130.83.75 - - [20/Jul/2015:15:43:18 -0500] "GET /galeria/nivo-slider/themes/default/loading.gif HTTP/1.1" 200 1737
181.130.83.75 - - [20/Jul/2015:15:43:18 -0500] "GET /galeria/nivo-slider/demo/images/Comparendo-ambiental-Banner.jpg HTTP/1.1" 200 83731
181.130.83.75 - - [20/Jul/2015:15:43:18 -0500] "GET /galeria/nivo-slider/demo/images/GAE-banner.jpg HTTP/1.1" 200 97556
181.130.83.75 - - [20/Jul/2015:15:43:18 -0500] "GET /galeria/nivo-slider/demo/images/Banner-encuesta-de-percepscio.jpg HTTP/1.1" 200 201899
190.24.47.19 - - [20/Jul/2015:15:43:18 -0500] "GET /galeria/nivo-slider/demo/images/Conoce-los-humedales.jpg HTTP/1.1" 200 294036
181.130.83.75 - - [20/Jul/2015:15:43:18 -0500] "GET /galeria/nivo-slider/demo/images/banner-Pacto-por-la-madera.jpg HTTP/1.1" 200 209966
181.130.83.75 - - [20/Jul/2015:15:43:18 -0500] "GET /galeria/nivo-slider/demo/images/acuerdo_569.jpg HTTP/1.1" 200 62670
181.130.83.75 - - [20/Jul/2015:15:43:18 -0500] "GET /galeria/nivo-slider/demo/images/Licitaciones-proyecto-paramo.jpg HTTP/1.1" 200 221877
186.92.210.219 - - [20/Jul/2015:15:43:19 -0500] "GET /BLA/resoluciones/RESOLUCIONES%202007/RES%202007%204001%20AL%204100/RESOLUCION%204090%20DE%202007.pdf HTTP/1.1" 206 65536
181.130.83.75 - - [20/Jul/2015:15:43:19 -0500] "GET /galeria/nivo-slider/demo/images/Banner-decreto1299.jpg HTTP/1.1" 200 182613
181.130.83.75 - - [20/Jul/2015:15:43:19 -0500] "GET /galeria/nivo-slider/demo/images/Banner-Directorio.jpg HTTP/1.1" 200 182068
66.249.75.174 - - [20/Jul/2015:15:43:20 -0500] "GET /BLA/resoluciones/RESOLUCIONES%202008/0001.pdf HTTP/1.1" 200 39270
181.130.83.75 - - [20/Jul/2015:15:43:20 -0500] "GET /galeria/nivo-slider/demo/images/Ruta-vertimientos-01.jpg HTTP/1.1" 200 130151
186.92.210.219 - - [20/Jul/2015:15:43:20 -0500] "GET /BLA/resoluciones/RESOLUCIONES%202007/RES%202007%204001%20AL%204100/RESOLUCION%204090%20DE%202007.pdf HTTP/1.1" 206 65536
181.130.83.75 - - [20/Jul/2015:15:43:20 -0500] "GET /galeria/nivo-slider/demo/images/bolsas-06.jpg HTTP/1.1" 200 90982
181.130.83.75 - - [20/Jul/2015:15:43:21 -0500] "GET /galeria/nivo-slider/demo/images/Conoce-los-humedales.jpg HTTP/1.1" 200 294036
181.130.83.75 - - [20/Jul/2015:15:43:21 -0500] "GET /galeria/nivo-slider/demo/images/ecolecta-Dic2014.png HTTP/1.1" 200 288593
190.24.47.19 - - [20/Jul/2015:15:43:21 -0500] "GET /galeria/nivo-slider/demo/images/ecolecta-Dic2014.png HTTP/1.1" 200 288593
186.92.210.219 - - [20/Jul/2015:15:43:21 -0500] "GET /BLA/resoluciones/RESOLUCIONES%202007/RES%202007%204001%20AL%204100/RESOLUCION%204090%20DE%202007.pdf HTTP/1.1" 206 65536
181.130.83.75 - - [20/Jul/2015:15:43:21 -0500] "GET /galeria/nivo-slider/demo/images/Banner-Caracol-Africano.jpg HTTP/1.1" 200 331986
190.24.47.19 - - [20/Jul/2015:15:43:21 -0500] "GET /galeria/nivo-slider/demo/images/Banner-Caracol-Africano.jpg HTTP/1.1" 200 331986
201.245.192.253 - - [20/Jul/2015:15:43:22 -0500] "GET /forest/session.jsp?a=0.03836065721306703 HTTP/1.1" 200 4
190.24.47.19 - - [20/Jul/2015:15:43:22 -0500] "GET /galeria/nivo-slider/demo/images/4Simple_Slider.png HTTP/1.1" 200 11722
186.92.210.219 - - [20/Jul/2015:15:43:22 -0500] "GET /BLA/resoluciones/RESOLUCIONES%202007/RES%202007%204001%20AL%204100/RESOLUCION%204090%20DE%202007.pdf HTTP/1.1" 206 65536
181.130.83.75 - - [20/Jul/2015:15:43:24 -0500] "GET /galeria/nivo-slider/themes/default/arrows.png HTTP/1.1" 200 824
181.130.83.75 - - [20/Jul/2015:15:43:24 -0500] "GET /galeria/nivo-slider/themes/default/bullets.png HTTP/1.1" 200 1281
186.92.210.219 - - [20/Jul/2015:15:43:24 -0500] "GET /BLA/resoluciones/RESOLUCIONES%202007/RES%202007%204001%20AL%204100/RESOLUCION%204090%20DE%202007.pdf HTTP/1.1" 206 65536
190.24.47.19 - - [20/Jul/2015:15:43:25 -0500] "GET /galeria/nivo-slider/themes/default/loading.gif HTTP/1.1" 200 1737
186.92.210.219 - - [20/Jul/2015:15:43:25 -0500] "GET /BLA/resoluciones/RESOLUCIONES%202007/RES%202007%204001%20AL%204100/RESOLUCION%204090%20DE%202007.pdf HTTP/1.1" 206 65536
186.92.210.219 - - [20/Jul/2015:15:43:27 -0500] "GET /BLA/resoluciones/RESOLUCIONES%202007/RES%202007%204001%20AL%204100/RESOLUCION%204090%20DE%202007.pdf HTTP/1.1" 206 65536
186.92.210.219 - - [20/Jul/2015:15:43:30 -0500] "GET /BLA/resoluciones/RESOLUCIONES%202007/RES%202007%204001%20AL%204100/RESOLUCION%204090%20DE%202007.pdf HTTP/1.1" 206 65536
186.92.210.219 - - [20/Jul/2015:15:43:33 -0500] "GET /BLA/resoluciones/RESOLUCIONES%202007/RES%202007%204001%20AL%204100/RESOLUCION%204090%20DE%202007.pdf HTTP/1.1" 206 65536
186.92.210.219 - - [20/Jul/2015:15:43:37 -0500] "GET /BLA/resoluciones/RESOLUCIONES%202007/RES%202007%204001%20AL%204100/RESOLUCION%204090%20DE%202007.pdf HTTP/1.1" 206 65536
66.249.75.156 - - [20/Jul/2015:15:43:39 -0500] "GET /BLA/resoluciones/RESOLUCIONES%202013/0184.pdf HTTP/1.1" 304 -
186.92.210.219 - - [20/Jul/2015:15:43:40 -0500] "GET /BLA/resoluciones/RESOLUCIONES%202007/RES%202007%204001%20AL%204100/RESOLUCION%204090%20DE%202007.pdf HTTP/1.1" 206 65536
186.92.210.219 - - [20/Jul/2015:15:43:41 -0500] "GET /BLA/resoluciones/RESOLUCIONES%202007/RES%202007%204001%20AL%204100/RESOLUCION%204090%20DE%202007.pdf HTTP/1.1" 206 65536
186.92.210.219 - - [20/Jul/2015:15:43:42 -0500] "GET /BLA/resoluciones/RESOLUCIONES%202007/RES%202007%204001%20AL%204100/RESOLUCION%204090%20DE%202007.pdf HTTP/1.1" 206 65536
186.92.210.219 - - [20/Jul/2015:15:43:43 -0500] "GET /BLA/resoluciones/RESOLUCIONES%202007/RES%202007%204001%20AL%204100/RESOLUCION%204090%20DE%202007.pdf HTTP/1.1" 206 65536
186.92.210.219 - - [20/Jul/2015:15:43:44 -0500] "GET /BLA/resoluciones/RESOLUCIONES%202007/RES%202007%204001%20AL%204100/RESOLUCION%204090%20DE%202007.pdf HTTP/1.1" 206 65536
186.92.210.219 - - [20/Jul/2015:15:43:46 -0500] "GET /BLA/resoluciones/RESOLUCIONES%202007/RES%202007%204001%20AL%204100/RESOLUCION%204090%20DE%202007.pdf HTTP/1.1" 206 65536
186.92.210.219 - - [20/Jul/2015:15:43:48 -0500] "GET /BLA/resoluciones/RESOLUCIONES%202007/RES%202007%204001%20AL%204100/RESOLUCION%204090%20DE%202007.pdf HTTP/1.1" 206 65536
186.92.210.219 - - [20/Jul/2015:15:43:50 -0500] "GET /BLA/resoluciones/RESOLUCIONES%202007/RES%202007%204001%20AL%204100/RESOLUCION%204090%20DE%202007.pdf HTTP/1.1" 206 65536
186.92.210.219 - - [20/Jul/2015:15:43:52 -0500] "GET /BLA/resoluciones/RESOLUCIONES%202007/RES%202007%204001%20AL%204100/RESOLUCION%204090%20DE%202007.pdf HTTP/1.1" 206 65536
201.184.31.153 - - [20/Jul/2015:15:43:53 -0500] "GET /BLA/resoluciones/AUTOS%202014/6625.pdf HTTP/1.1" 200 140471
186.92.210.219 - - [20/Jul/2015:15:43:56 -0500] "GET /BLA/resoluciones/RESOLUCIONES%202007/RES%202007%204001%20AL%204100/RESOLUCION%204090%20DE%202007.pdf HTTP/1.1" 206 65536
186.92.210.219 - - [20/Jul/2015:15:43:58 -0500] "GET /BLA/resoluciones/RESOLUCIONES%202007/RES%202007%204001%20AL%204100/RESOLUCION%204090%20DE%202007.pdf HTTP/1.1" 206 65536
186.92.210.219 - - [20/Jul/2015:15:43:59 -0500] "GET /BLA/resoluciones/RESOLUCIONES%202007/RES%202007%204001%20AL%204100/RESOLUCION%204090%20DE%202007.pdf HTTP/1.1" 206 65536
74.86.158.107 - - [20/Jul/2015:15:44:00 -0500] "HEAD / HTTP/1.1" 200 -
