!C99Shell v. 1.0 pre-release build #13!

Software: Apache. PHP/5.5.15 

uname -a: Windows NT SVR-DMZ 6.1 build 7600 (Windows Server 2008 R2 Enterprise Edition) i586 

SYSTEM 

Safe-mode: OFF (not secure)

E:\nuevo\apache\logs\   drwxrwxrwx
Free 5.02 GB of 239.26 GB (2.1%)
Detected drives: [ a ] [ c ] [ d ] [ e ] [ f ]
Home    Back    Forward    UPDIR    Refresh    Search    Buffer    Encoder    Tools    Proc.    FTP brute    Sec.    SQL    PHP-code    Update    Feedback    Self remove    Logout    


Viewing file:     access.2015.07.20.log (3.39 MB)      -rw-rw-rw-
Select action/file-type:
(+) | (+) | (+) | Code (+) | Session (+) | (+) | SDB (+) | (+) | (+) | (+) | (+) | (+) |
66.249.75.156 - - [20/Jul/2015:00:00:07 -0500] "GET /BLA/resoluciones/RESOLUCIONES%202011/2646.pdf HTTP/1.1" 304 -
66.249.75.165 - - [20/Jul/2015:00:00:35 -0500] "GET /BLA/resoluciones/RESOLUCIONES%202007/RES%202007%202401%20AL%202500/RESOLUCION%202401%20DE%202007.pdf HTTP/1.1" 304 -
66.249.75.165 - - [20/Jul/2015:00:01:02 -0500] "GET /BLA/resoluciones/RESOLUCIONES%202007/RES%202007%20401%20AL%20500/RESOLUCION%200431%20DE%202007.pdf HTTP/1.1" 200 787793
186.31.116.2 - - [20/Jul/2015:00:01:15 -0500] "GET /BLA/resoluciones/RESOLUCIONES%202010/7477.pdf HTTP/1.1" 200 451665
186.31.116.2 - - [20/Jul/2015:00:01:16 -0500] "GET /BLA/resoluciones/RESOLUCIONES%202010/7477.pdf HTTP/1.1" 200 451665
201.245.192.253 - - [20/Jul/2015:00:01:26 -0500] "GET /forest/session.jsp?a=0.9870910527774275 HTTP/1.1" 200 4
66.249.75.165 - - [20/Jul/2015:00:01:29 -0500] "GET /BLA/resoluciones/RESOLUCIONES%202013/0763.pdf HTTP/1.1" 304 -
66.249.75.165 - - [20/Jul/2015:00:01:55 -0500] "GET /BLA/resoluciones/RESOLUCIONES%202010/7837.pdf HTTP/1.1" 304 -
66.249.69.48 - - [20/Jul/2015:00:02:22 -0500] "GET /BLA/boletinlegal/jurisprudencia.php HTTP/1.1" 200 12451
66.249.69.48 - - [20/Jul/2015:00:02:48 -0500] "GET /BLA/ HTTP/1.1" 200 538
190.8.199.170 - - [20/Jul/2015:00:02:55 -0500] "HEAD /BLA/resoluciones/RESOLUCIONES%202010/1453.pdf HTTP/1.1" 200 -
190.8.199.170 - - [20/Jul/2015:00:02:55 -0500] "GET /BLA/resoluciones/RESOLUCIONES%202010/1453.pdf HTTP/1.1" 200 388027
74.86.158.107 - - [20/Jul/2015:00:02:56 -0500] "HEAD / HTTP/1.1" 200 -
190.8.199.170 - - [20/Jul/2015:00:02:58 -0500] "HEAD /BLA/resoluciones/RESOLUCIONES%202008/5544.pdf HTTP/1.1" 200 -
190.8.199.170 - - [20/Jul/2015:00:02:58 -0500] "GET /BLA/resoluciones/RESOLUCIONES%202008/5544.pdf HTTP/1.1" 200 311132
88.198.233.69 - - [20/Jul/2015:00:03:00 -0500] "GET / HTTP/1.1" 200 10190
190.8.199.170 - - [20/Jul/2015:00:03:01 -0500] "HEAD /BLA/resoluciones/RESOLUCIONES%202010/1453.pdf HTTP/1.1" 200 -
190.8.199.170 - - [20/Jul/2015:00:03:01 -0500] "GET /BLA/resoluciones/RESOLUCIONES%202010/1453.pdf HTTP/1.1" 200 388027
201.245.192.253 - - [20/Jul/2015:00:03:10 -0500] "GET /forest/session.jsp?a=0.401498411454583 HTTP/1.1" 200 4
190.8.199.170 - - [20/Jul/2015:00:03:11 -0500] "HEAD /BLA/resoluciones/RESOLUCIONES%202010/7446.pdf HTTP/1.1" 200 -
190.8.199.170 - - [20/Jul/2015:00:03:11 -0500] "GET /BLA/resoluciones/RESOLUCIONES%202010/7446.pdf HTTP/1.1" 200 232869
66.249.69.40 - - [20/Jul/2015:00:03:14 -0500] "GET /BLA/boletinlegal/jurisprudencia/analisis/Analisis%20Sentencia%20T-1077,%202%20corregida.doc HTTP/1.1" 304 -
190.8.199.170 - - [20/Jul/2015:00:03:14 -0500] "HEAD /BLA/resoluciones/RESOLUCIONES%202008/5544.pdf HTTP/1.1" 200 -
190.8.199.170 - - [20/Jul/2015:00:03:14 -0500] "GET /BLA/resoluciones/RESOLUCIONES%202008/5544.pdf HTTP/1.1" 200 311132
190.8.199.170 - - [20/Jul/2015:00:03:19 -0500] "HEAD /BLA/resoluciones/RESOLUCIONES%202010/1453.pdf HTTP/1.1" 200 -
190.8.199.170 - - [20/Jul/2015:00:03:19 -0500] "GET /BLA/resoluciones/RESOLUCIONES%202010/1453.pdf HTTP/1.1" 200 388027
66.249.75.174 - - [20/Jul/2015:00:03:39 -0500] "GET /BLA/resoluciones/RESOLUCIONES%202007/RES%202007%204101%20AL%204200/RESOLUCION%204167%20DE%202007.pdf HTTP/1.1" 304 -
66.249.75.165 - - [20/Jul/2015:00:04:05 -0500] "GET /BLA/resoluciones/RESOLUCIONES%202007/RES%202007%204001%20AL%204100/RESOLUCION%204045%20DE%202007.pdf HTTP/1.1" 304 -
66.249.75.165 - - [20/Jul/2015:00:04:30 -0500] "GET /BLA/resoluciones/RESOLUCIONES%202009/6104.pdf HTTP/1.1" 304 -
66.249.75.156 - - [20/Jul/2015:00:04:54 -0500] "GET /BLA/resoluciones/RESOLUCIONES%202013/0848.pdf HTTP/1.1" 304 -
190.8.199.170 - - [20/Jul/2015:00:05:00 -0500] "HEAD /BLA/resoluciones/RESOLUCIONES%202008/5544.pdf HTTP/1.1" 200 -
190.8.199.170 - - [20/Jul/2015:00:05:00 -0500] "GET /BLA/resoluciones/RESOLUCIONES%202008/5544.pdf HTTP/1.1" 200 311132
190.165.76.23 - - [20/Jul/2015:00:05:16 -0500] "GET /galeria/galeria/jquery.fancybox.css?v=2.1.5 HTTP/1.1" 200 4895
190.165.76.23 - - [20/Jul/2015:00:05:16 -0500] "GET /BLA/boletinlegal/js/jquery.scrollShow.js HTTP/1.1" 200 4586
190.165.76.23 - - [20/Jul/2015:00:05:16 -0500] "GET /galeria/galeria/jquery.fancybox.js?v=2.1.5 HTTP/1.1" 200 48706
66.249.69.40 - - [20/Jul/2015:00:05:19 -0500] "GET /PruebasSTORM/StormSDA_pruebas/userFiles/user_files/listas/36.xml HTTP/1.1" 200 829
190.165.76.23 - - [20/Jul/2015:00:05:21 -0500] "GET /BLA/boletinlegal/js/jquery.scrollShow.js HTTP/1.1" 304 -
190.165.76.23 - - [20/Jul/2015:00:05:21 -0500] "GET /galeria/galeria/jquery.fancybox.js?v=2.1.5 HTTP/1.1" 304 -
190.165.76.23 - - [20/Jul/2015:00:05:21 -0500] "GET /galeria/galeria/jquery.fancybox.css?v=2.1.5 HTTP/1.1" 304 -
179.13.179.62 - - [20/Jul/2015:00:06:05 -0500] "GET /galeria/galeria/jquery.fancybox.css?v=2.1.5 HTTP/1.1" 200 4895
179.13.179.62 - - [20/Jul/2015:00:06:05 -0500] "GET /BLA/boletinlegal/js/jquery.scrollShow.js HTTP/1.1" 200 4586
179.13.179.62 - - [20/Jul/2015:00:06:05 -0500] "GET /galeria/galeria/jquery.fancybox.js?v=2.1.5 HTTP/1.1" 200 48706
201.245.192.253 - - [20/Jul/2015:00:06:26 -0500] "GET /forest/session.jsp?a=0.020385681984721682 HTTP/1.1" 200 4
66.249.69.56 - - [20/Jul/2015:00:06:34 -0500] "GET /portalsiaccapacitaciones/Soportes%20Capacitaciones%20A%C3%B1o%202013/0007.%20Presentaci%C3%B3n%20RESPEL-PGIR.pdf HTTP/1.1" 404 1019
66.249.69.40 - - [20/Jul/2015:00:06:34 -0500] "GET /BLA/boletinlegal/jurisprudencia/analisis/CUADRO%20SENTENCIA%20C-222%20DE%202011.doc HTTP/1.1" 304 -
179.13.179.62 - - [20/Jul/2015:00:06:42 -0500] "GET /galeria/galeria/jquery.fancybox.css?v=2.1.5 HTTP/1.1" 304 -
179.13.179.62 - - [20/Jul/2015:00:06:42 -0500] "GET /BLA/boletinlegal/js/jquery.scrollShow.js HTTP/1.1" 304 -
179.13.179.62 - - [20/Jul/2015:00:06:42 -0500] "GET /galeria/galeria/jquery.fancybox.js?v=2.1.5 HTTP/1.1" 304 -
207.46.13.54 - - [20/Jul/2015:00:06:56 -0500] "GET /SIG/Gestion%20Documental/126PA06-PR01%20CONTROL%20DOCUMENTOS%20SIG.pdf HTTP/1.1" 200 377965
66.249.75.165 - - [20/Jul/2015:00:06:58 -0500] "GET /BLA/resoluciones/AUTOS%202012/1690.pdf HTTP/1.1" 304 -
66.249.75.174 - - [20/Jul/2015:00:07:22 -0500] "GET /autoliquidacion/Solicitudes%20relacionadas%20con%20calidad%20del%20aire%20auditiva%20y%20visual/Registro%20de%20Elementos%20de%20publicidad%20Exterior%20Visual/Anexo%202%20Lista%20de%20Chequeo%20126pm04-pr16-f-a20-2%20V.5.xls HTTP/1.1" 404 1018
181.174.73.35 - - [20/Jul/2015:00:07:22 -0500] "GET /Residuos/impresion/files/guia_impresion-lit.pdf HTTP/1.1" 200 12573981
181.174.73.35 - - [20/Jul/2015:00:07:24 -0500] "GET /favicon.ico HTTP/1.1" 200 7782
66.249.69.116 - - [20/Jul/2015:00:07:45 -0500] "GET /dama/libreria/php/decide.php?patron=03.1204 HTTP/1.1" 404 1015
74.86.158.107 - - [20/Jul/2015:00:07:56 -0500] "HEAD / HTTP/1.1" 200 -
181.174.73.35 - - [20/Jul/2015:00:08:00 -0500] "GET /Residuos/impresion/files/guia_impresion-lit.pdf HTTP/1.1" 206 32768
66.249.69.48 - - [20/Jul/2015:00:08:08 -0500] "GET /phpold/autoliquidacion/17912.txt HTTP/1.1" 404 1019
181.174.73.35 - - [20/Jul/2015:00:08:10 -0500] "GET /Residuos/impresion/files/guia_impresion-lit.pdf HTTP/1.1" 206 12541213
201.245.192.253 - - [20/Jul/2015:00:08:10 -0500] "GET /forest/session.jsp?a=0.020606881737040172 HTTP/1.1" 200 4
190.8.199.170 - - [20/Jul/2015:00:08:13 -0500] "HEAD /BLA/resoluciones/RESOLUCIONES%202010/1453.pdf HTTP/1.1" 200 -
190.8.199.170 - - [20/Jul/2015:00:08:13 -0500] "GET /BLA/resoluciones/RESOLUCIONES%202010/1453.pdf HTTP/1.1" 200 388027
66.249.75.174 - - [20/Jul/2015:00:08:31 -0500] "GET /BLA/resoluciones/RESOLUCIONES%202002/RES%202002%20851-900/INDEX.DAT HTTP/1.1" 200 2000
157.55.39.9 - - [20/Jul/2015:00:08:41 -0500] "GET /Autoliquidacion/index.php?dir=TR\xc3\x83\xc2\x83\xc3\x82\xc2\x83\xc3\x83\xc2\x82\xc3\x82\xc2\x83\xc3\x83\xc2\x83\xc3\x82\xc2\x82\xc3\x83\xc2\x82\xc3\x82\xc2\x81MITES%20AGUAS%20SUBTERR\xc3\x83\xc2\x83\xc3\x82\xc2\x83\xc3\x83\xc2\x82\xc3\x82\xc2\x83\xc3\x83\xc2\x83\xc3\x82\xc2\x82\xc3\x83\xc2\x82\xc3\x82\xc2\x81NEAS/&sort=name&order=desc HTTP/1.1" 200 6796
157.55.39.71 - - [20/Jul/2015:00:08:45 -0500] "GET /BLA/boletinlegal/Circulares/2011/Circular%20No.%203%20del%2016%20de%20Junio%20de%202011.pdf HTTP/1.1" 200 346378
66.249.75.174 - - [20/Jul/2015:00:08:54 -0500] "GET /BLA/resoluciones/RESOLUCIONES%202014/3050.pdf HTTP/1.1" 304 -
66.249.75.165 - - [20/Jul/2015:00:09:16 -0500] "GET /resoluciones/RESOLUCIONES%202010/1763.pdf HTTP/1.1" 404 1018
66.249.75.174 - - [20/Jul/2015:00:09:39 -0500] "GET /resoluciones/RESOLUCIONES%202007/RES%202007%202301%20AL%202400/RESOLUCION%202304%20DE%202007.pdf HTTP/1.1" 404 1018
180.76.15.157 - - [20/Jul/2015:00:09:58 -0500] "GET /POT-2013/Cartografia/35_cat_suelo_rural.pdf HTTP/1.1" 200 2648865
66.249.69.40 - - [20/Jul/2015:00:10:01 -0500] "GET /phpold/autoliquidacion/19617.txt HTTP/1.1" 404 1019
66.249.75.156 - - [20/Jul/2015:00:10:22 -0500] "GET /BLA/resoluciones/RESOLUCIONES%202007/RES%202007%201401%20AL%201500/RESOLUCION%201407%20DE%202007.pdf HTTP/1.1" 304 -
66.249.75.165 - - [20/Jul/2015:00:10:44 -0500] "GET /stormWeb/ HTTP/1.1" 200 12126
66.249.75.156 - - [20/Jul/2015:00:11:05 -0500] "GET /BLA/resoluciones/RESOLUCIONES%202012/1230.pdf HTTP/1.1" 304 -
201.245.192.253 - - [20/Jul/2015:00:11:26 -0500] "GET /forest/session.jsp?a=0.0969276995300109 HTTP/1.1" 200 4
66.249.75.165 - - [20/Jul/2015:00:11:27 -0500] "GET /BLA/resoluciones/AUTOS%202013/0817.pdf HTTP/1.1" 304 -
66.249.75.165 - - [20/Jul/2015:00:11:48 -0500] "GET /BLA/resoluciones/Resoluciones%202011/6416.pdf HTTP/1.1" 304 -
186.116.187.53 - - [20/Jul/2015:00:11:50 -0500] "GET /BLA/resoluciones/AUTOS%202012/1078.pdf HTTP/1.1" 200 248319
186.116.187.53 - - [20/Jul/2015:00:11:51 -0500] "GET /favicon.ico HTTP/1.1" 200 7782
66.249.69.56 - - [20/Jul/2015:00:12:08 -0500] "GET /Anexos%20estudio%20Organizacional%20SDA/ANEXO%20No.%203-%20CONTRATACI%C3%93N%20%20OPS%C2%B4s%202008-2012/CONTRATOS%20SDA%202012%20POR%20DEPENDENCIA.xls HTTP/1.1" 304 -
181.131.91.179 - - [20/Jul/2015:00:12:19 -0500] "GET /BLA/resoluciones/RESOLUCIONES%202007/RES%202007%202601%20AL%202700/RESOLUCION%202608%20DE%202007.pdf HTTP/1.1" 200 537451
152.61.193.99 - - [20/Jul/2015:00:12:24 -0500] "HEAD / HTTP/1.1" 200 -
152.61.193.99 - - [20/Jul/2015:00:12:25 -0500] "GET /arcgis/services/Calidad_del_Agua_WQI/MapServer/WMSServer?SERVICE=WMS&REQUEST=GetCapabilities HTTP/1.1" 200 32135
152.61.193.99 - - [20/Jul/2015:00:12:25 -0500] "GET /arcgis/services/Calidad_del_Agua_WQI/MapServer/WMSServer?SERVICE=WMS&REQUEST=GetCapabilities HTTP/1.1" 200 32135
152.61.193.99 - - [20/Jul/2015:00:12:26 -0500] "GET /arcgis/services/Calidad_del_Agua_WQI/MapServer/WMSServer?SERVICE=WMS&REQUEST=GetCapabilities HTTP/1.1" 200 32135
152.61.193.99 - - [20/Jul/2015:00:12:27 -0500] "GET /arcgis/services/Calidad_del_Agua_WQI/MapServer/WMSServer?SERVICE=WMS&REQUEST=GetCapabilities HTTP/1.1" 200 32135
152.61.193.99 - - [20/Jul/2015:00:12:28 -0500] "GET /arcgis/services/Calidad_del_Agua_WQI/MapServer/WMSServer?VERSION=1.1.1&REQUEST=GetMap&LAYERS=0&SRS=EPSG:4326&BBOX=-74.473395,3.674381,-73.963300,4.920569&WIDTH=250&HEIGHT=250&FORMAT=image/bmp&STYLES=& HTTP/1.1" 200 188054
74.86.158.107 - - [20/Jul/2015:00:12:56 -0500] "HEAD / HTTP/1.1" 200 -
201.245.192.253 - - [20/Jul/2015:00:13:10 -0500] "GET /forest/session.jsp?a=0.19633893495159638 HTTP/1.1" 200 4
66.249.69.48 - - [20/Jul/2015:00:12:29 -0500] "GET /BLA/boletinlegal/index.php HTTP/1.1" 200 50649
66.249.75.156 - - [20/Jul/2015:00:13:11 -0500] "GET /BLA/resoluciones/AUTOS%202012/2632.pdf HTTP/1.1" 200 500006
66.249.75.156 - - [20/Jul/2015:00:13:12 -0500] "GET /galeria/nivo-slider/demo/images/PlazaRestrepo01.jpg HTTP/1.1" 200 171512
66.249.75.174 - - [20/Jul/2015:00:13:31 -0500] "GET /BLA/resoluciones/RESOLUCIONES%202007/RES%202007%202201%20AL%202300/RESOLUCION%202297%20DE%202007.pdf HTTP/1.1" 304 -
66.249.75.165 - - [20/Jul/2015:00:13:52 -0500] "GET /BLA/circulares/5.pdf HTTP/1.1" 304 -
186.86.111.236 - - [20/Jul/2015:00:13:54 -0500] "GET /galeria/galeria/jquery.fancybox.css?v=2.1.5 HTTP/1.1" 200 4895
186.86.111.236 - - [20/Jul/2015:00:13:54 -0500] "GET /galeria/galeria/jquery.fancybox.js?v=2.1.5 HTTP/1.1" 200 48706
186.86.111.236 - - [20/Jul/2015:00:13:54 -0500] "GET /BLA/boletinlegal/js/jquery.scrollShow.js HTTP/1.1" 200 4586
186.86.111.236 - - [20/Jul/2015:00:14:04 -0500] "GET /BLA/boletinlegal/js/jquery.scrollShow.js HTTP/1.1" 304 -
186.86.111.236 - - [20/Jul/2015:00:14:04 -0500] "GET /galeria/galeria/jquery.fancybox.js?v=2.1.5 HTTP/1.1" 304 -
186.86.111.236 - - [20/Jul/2015:00:14:04 -0500] "GET /galeria/galeria/jquery.fancybox.css?v=2.1.5 HTTP/1.1" 304 -
186.155.131.193 - - [20/Jul/2015:00:14:26 -0500] "GET /BLA/boletinlegal/js/jquery.scrollShow.js HTTP/1.1" 200 4586
186.155.131.193 - - [20/Jul/2015:00:14:26 -0500] "GET /galeria/galeria/jquery.fancybox.js?v=2.1.5 HTTP/1.1" 200 48706
186.155.131.193 - - [20/Jul/2015:00:14:26 -0500] "GET /galeria/galeria/jquery.fancybox.css?v=2.1.5 HTTP/1.1" 200 4895
186.155.131.193 - - [20/Jul/2015:00:14:26 -0500] "GET /galeria/carrusel/Carrusel/jquery.thumbnailScroller.css HTTP/1.1" 200 2066
186.155.131.193 - - [20/Jul/2015:00:14:26 -0500] "GET /galeria/carrusel/Carrusel/jquery-ui-1.8.13.custom.min.js HTTP/1.1" 200 10800
186.155.131.193 - - [20/Jul/2015:00:14:26 -0500] "GET /galeria/carrusel/Carrusel/jquery.thumbnailScroller.js HTTP/1.1" 200 8157
186.155.131.193 - - [20/Jul/2015:00:14:28 -0500] "GET /galeria/nivo-slider/demo/demo.html HTTP/1.1" 200 5224
186.155.131.193 - - [20/Jul/2015:00:14:30 -0500] "GET /galeria/nivo-slider/themes/default/default.css HTTP/1.1" 200 1569
186.155.131.193 - - [20/Jul/2015:00:14:30 -0500] "GET /galeria/nivo-slider/themes/pascal/pascal.css HTTP/1.1" 200 2258
186.155.131.193 - - [20/Jul/2015:00:14:30 -0500] "GET /galeria/nivo-slider/themes/orman/orman.css HTTP/1.1" 200 2152
186.155.131.193 - - [20/Jul/2015:00:14:30 -0500] "GET /galeria/nivo-slider/nivo-slider.css HTTP/1.1" 200 1507
186.155.131.193 - - [20/Jul/2015:00:14:30 -0500] "GET /galeria/nivo-slider/demo/style.css HTTP/1.1" 200 2222
186.155.131.193 - - [20/Jul/2015:00:14:30 -0500] "GET /galeria/nivo-slider/demo/images/Rendicion-de-cuentas.jpg HTTP/1.1" 200 309079
186.155.131.193 - - [20/Jul/2015:00:14:30 -0500] "GET /galeria/nivo-slider/demo/images/banner-llantas2.jpg HTTP/1.1" 200 204644
186.155.131.193 - - [20/Jul/2015:00:14:30 -0500] "GET /galeria/nivo-slider/demo/images/Semana-PYBA.jpg HTTP/1.1" 200 147360
186.155.131.193 - - [20/Jul/2015:00:14:30 -0500] "GET /galeria/nivo-slider/demo/images/PREDAcamp.jpg HTTP/1.1" 200 295358
186.155.131.193 - - [20/Jul/2015:00:14:30 -0500] "GET /galeria/nivo-slider/demo/images/VoluntariadoPYBA.jpg HTTP/1.1" 200 40647
186.155.131.193 - - [20/Jul/2015:00:14:30 -0500] "GET /galeria/nivo-slider/demo/images/9Signos.jpg HTTP/1.1" 200 81776
186.155.131.193 - - [20/Jul/2015:00:14:30 -0500] "GET /galeria/nivo-slider/demo/images/4Simple_Slider.png HTTP/1.1" 200 11722
186.155.131.193 - - [20/Jul/2015:00:14:30 -0500] "GET /galeria/nivo-slider/themes/default/loading.gif HTTP/1.1" 200 1737
186.155.131.193 - - [20/Jul/2015:00:14:31 -0500] "GET /galeria/nivo-slider/demo/images/Comparendo-ambiental-Banner.jpg HTTP/1.1" 200 83731
186.155.131.193 - - [20/Jul/2015:00:14:31 -0500] "GET /galeria/nivo-slider/demo/images/GAE-banner.jpg HTTP/1.1" 200 97556
186.155.131.193 - - [20/Jul/2015:00:14:31 -0500] "GET /galeria/nivo-slider/demo/images/Banner-encuesta-de-percepscio.jpg HTTP/1.1" 200 201899
186.155.131.193 - - [20/Jul/2015:00:14:31 -0500] "GET /galeria/nivo-slider/demo/images/banner-Pacto-por-la-madera.jpg HTTP/1.1" 200 209966
186.155.131.193 - - [20/Jul/2015:00:14:31 -0500] "GET /galeria/nivo-slider/demo/images/acuerdo_569.jpg HTTP/1.1" 200 62670
186.155.131.193 - - [20/Jul/2015:00:14:32 -0500] "GET /galeria/nivo-slider/demo/images/Licitaciones-proyecto-paramo.jpg HTTP/1.1" 200 221877
186.155.131.193 - - [20/Jul/2015:00:14:32 -0500] "GET /galeria/nivo-slider/demo/images/Banner-decreto1299.jpg HTTP/1.1" 200 182613
186.155.131.193 - - [20/Jul/2015:00:14:32 -0500] "GET /galeria/nivo-slider/demo/images/Banner-Directorio.jpg HTTP/1.1" 200 182068
186.155.131.193 - - [20/Jul/2015:00:14:32 -0500] "GET /galeria/nivo-slider/demo/images/Ruta-vertimientos-01.jpg HTTP/1.1" 200 130151
186.155.131.193 - - [20/Jul/2015:00:14:33 -0500] "GET /galeria/nivo-slider/demo/images/bolsas-06.jpg HTTP/1.1" 200 90982
186.155.131.193 - - [20/Jul/2015:00:14:33 -0500] "GET /galeria/nivo-slider/demo/images/Conoce-los-humedales.jpg HTTP/1.1" 200 294036
186.155.131.193 - - [20/Jul/2015:00:14:33 -0500] "GET /galeria/nivo-slider/demo/images/ecolecta-Dic2014.png HTTP/1.1" 200 288593
186.155.131.193 - - [20/Jul/2015:00:14:33 -0500] "GET /galeria/nivo-slider/demo/images/Banner-Caracol-Africano.jpg HTTP/1.1" 200 331986
186.155.131.193 - - [20/Jul/2015:00:14:35 -0500] "GET /galeria/nivo-slider/demo/scripts/jquery-1.7.1.min.js HTTP/1.1" 200 93868
186.155.131.193 - - [20/Jul/2015:00:14:35 -0500] "GET /galeria/nivo-slider/jquery.nivo.slider.pack.js HTTP/1.1" 200 11561
186.155.131.193 - - [20/Jul/2015:00:14:36 -0500] "GET /galeria/nivo-slider/themes/default/arrows.png HTTP/1.1" 200 824
186.155.131.193 - - [20/Jul/2015:00:14:36 -0500] "GET /galeria/nivo-slider/themes/default/bullets.png HTTP/1.1" 200 1281
181.55.170.250 - - [20/Jul/2015:00:15:09 -0500] "GET /BLA/resoluciones/RESOLUCIONES%202007/RES%202007%201001%20AL%201100/RESOLUCION%201004%20DE%202007.pdf HTTP/1.1" 200 241439
181.55.170.250 - - [20/Jul/2015:00:15:09 -0500] "GET /favicon.ico HTTP/1.1" 200 7782
186.155.131.193 - - [20/Jul/2015:00:15:48 -0500] "GET /galeria/galeria/jquery.fancybox.css?v=2.1.5 HTTP/1.1" 304 -
186.155.131.193 - - [20/Jul/2015:00:15:48 -0500] "GET /BLA/boletinlegal/js/jquery.scrollShow.js HTTP/1.1" 304 -
186.155.131.193 - - [20/Jul/2015:00:15:49 -0500] "GET /galeria/galeria/jquery.fancybox.js?v=2.1.5 HTTP/1.1" 304 -
201.245.192.253 - - [20/Jul/2015:00:16:01 -0500] "GET /galeria/nivo-slider/demo/images/Rendicion-de-cuentas.jpg HTTP/1.1" 304 -
201.245.192.253 - - [20/Jul/2015:00:16:01 -0500] "GET /galeria/nivo-slider/demo/images/banner-Pacto-por-la-madera.jpg HTTP/1.1" 304 -
66.249.75.156 - - [20/Jul/2015:00:16:06 -0500] "GET /BLA/resoluciones/RESOLUCIONES%202012/1725.pdf HTTP/1.1" 304 -
201.245.192.253 - - [20/Jul/2015:00:16:26 -0500] "GET /forest/session.jsp?a=0.8552308176041146 HTTP/1.1" 200 4
207.46.13.54 - - [20/Jul/2015:00:16:42 -0500] "GET /Autoliquidacion/TR%C3%81MITES%20VERTIMIENTOS/PERMISOS%20DE%20VERTIMIENTOS/ANEXO3.%20LISTA%20DE%20CHEQUEO%20PERMISO%20VERT.%20ALCANTARILLADO%20-%20F.xls HTTP/1.1" 200 225792
66.249.75.165 - - [20/Jul/2015:00:16:44 -0500] "GET /BLA/resoluciones/RESOLUCIONES%202013/0350.pdf HTTP/1.1" 304 -
66.249.75.165 - - [20/Jul/2015:00:16:45 -0500] "GET /BLA/resoluciones/AUTOS%202013/0354.pdf HTTP/1.1" 304 -
66.249.75.156 - - [20/Jul/2015:00:16:45 -0500] "GET /BLA/resoluciones/RESOLUCIONES%202013/1135.pdf HTTP/1.1" 304 -
66.249.75.174 - - [20/Jul/2015:00:17:12 -0500] "GET /BLA/resoluciones/RESOLUCIONES%202012/1557.pdf HTTP/1.1" 304 -
66.249.75.174 - - [20/Jul/2015:00:17:41 -0500] "GET /autoliquidacion/TR%C3%81MITES%20VERTIMIENTOS/PERMISOS%20DE%20VERTIMIENTOS/ANEXO3.%20LISTA%20DE%20CHEQUEO%20PERMISO%20VERT.%20ALCANTARILLADO%20-%20F.xls HTTP/1.1" 304 -
74.86.158.107 - - [20/Jul/2015:00:17:56 -0500] "HEAD / HTTP/1.1" 200 -
66.249.75.156 - - [20/Jul/2015:00:18:09 -0500] "GET /BLA/resoluciones/RESOLUCIONES%202013/0074%20.pdf HTTP/1.1" 304 -
201.245.192.253 - - [20/Jul/2015:00:18:10 -0500] "GET /forest/session.jsp?a=0.6636646162004849 HTTP/1.1" 200 4
66.249.75.156 - - [20/Jul/2015:00:18:38 -0500] "GET /BLA/resoluciones/RESOLUCIONES%202009/2840.pdf HTTP/1.1" 304 -
66.249.75.165 - - [20/Jul/2015:00:19:07 -0500] "GET /BLA/resoluciones/AUTOS%202012/0096.pdf HTTP/1.1" 304 -
66.249.75.165 - - [20/Jul/2015:00:19:35 -0500] "GET /BLA/resoluciones/RESOLUCIONES%202012/1143.pdf HTTP/1.1" 304 -
66.249.75.174 - - [20/Jul/2015:00:20:04 -0500] "GET /BLA/resoluciones/RESOLUCIONES%202012/0288.pdf HTTP/1.1" 304 -
68.180.229.240 - - [20/Jul/2015:00:20:22 -0500] "GET /galeria/carrusel/Carrusel/jquery.thumbnailScroller.css HTTP/1.1" 304 -
68.180.229.240 - - [20/Jul/2015:00:20:22 -0500] "GET /galeria/nivo-slider/demo/demo.html HTTP/1.1" 304 -
68.180.229.240 - - [20/Jul/2015:00:20:22 -0500] "GET /galeria/nivo-slider/themes/orman/orman.css HTTP/1.1" 304 -
68.180.229.240 - - [20/Jul/2015:00:20:22 -0500] "GET /galeria/nivo-slider/nivo-slider.css HTTP/1.1" 304 -
68.180.229.240 - - [20/Jul/2015:00:20:22 -0500] "GET /galeria/nivo-slider/themes/default/default.css HTTP/1.1" 304 -
68.180.229.240 - - [20/Jul/2015:00:20:22 -0500] "GET /galeria/nivo-slider/demo/style.css HTTP/1.1" 304 -
68.180.229.240 - - [20/Jul/2015:00:20:22 -0500] "GET /galeria/nivo-slider/themes/pascal/pascal.css HTTP/1.1" 304 -
66.249.75.174 - - [20/Jul/2015:00:20:33 -0500] "GET /BLA/resoluciones/RESOLUCIONES%202008/2580.pdf HTTP/1.1" 304 -
190.8.199.170 - - [20/Jul/2015:00:20:56 -0500] "HEAD /BLA/resoluciones/RESOLUCIONES%202010/7446.pdf HTTP/1.1" 200 -
190.8.199.170 - - [20/Jul/2015:00:20:56 -0500] "GET /BLA/resoluciones/RESOLUCIONES%202010/7446.pdf HTTP/1.1" 200 232869
66.249.75.156 - - [20/Jul/2015:00:21:01 -0500] "GET /BLA/resoluciones/AUTOS%202011/3603.pdf HTTP/1.1" 304 -
123.125.71.14 - - [20/Jul/2015:00:21:15 -0500] "GET / HTTP/1.1" 200 10190
201.245.192.253 - - [20/Jul/2015:00:21:26 -0500] "GET /forest/session.jsp?a=0.8947677249465485 HTTP/1.1" 200 4
66.249.75.165 - - [20/Jul/2015:00:21:30 -0500] "GET /BLA/resoluciones/RESOLUCIONES%202013/0812.pdf HTTP/1.1" 304 -
152.61.128.66 - - [20/Jul/2015:00:21:43 -0500] "HEAD / HTTP/1.1" 200 -
152.61.128.66 - - [20/Jul/2015:00:21:44 -0500] "GET /arcgis/services/Calidad_del_Agua_WQI/MapServer/WMSServer?SERVICE=WMS&REQUEST=GetCapabilities HTTP/1.1" 200 32135
37.238.93.139 - - [20/Jul/2015:00:21:44 -0500] "GET /Ringing.at.your.dorbell! HTTP/1.0" 404 1192
37.238.93.139 - - [20/Jul/2015:00:21:45 -0500] "GET / HTTP/1.0" 200 10190
152.61.128.66 - - [20/Jul/2015:00:21:44 -0500] "GET /arcgis/services/Calidad_del_Agua_WQI/MapServer/WMSServer?SERVICE=WMS&REQUEST=GetCapabilities HTTP/1.0" 200 32135
152.61.128.66 - - [20/Jul/2015:00:21:45 -0500] "GET /arcgis/services/Calidad_del_Agua_WQI/MapServer/WMSServer?SERVICE=WMS&REQUEST=GetCapabilities HTTP/1.0" 200 32135
152.61.128.66 - - [20/Jul/2015:00:21:46 -0500] "GET /arcgis/services/Calidad_del_Agua_WQI/MapServer/WMSServer?SERVICE=WMS&REQUEST=GetCapabilities HTTP/1.0" 200 32135
152.61.128.66 - - [20/Jul/2015:00:21:47 -0500] "GET /arcgis/services/Calidad_del_Agua_WQI/MapServer/WMSServer?VERSION=1.1.1&REQUEST=GetMap&LAYERS=0&SRS=EPSG:4326&BBOX=-74.473395,3.674381,-73.963300,4.920569&WIDTH=250&HEIGHT=250&FORMAT=image/bmp&STYLES=& HTTP/1.1" 200 188054
37.238.93.139 - - [20/Jul/2015:00:21:55 -0500] "GET /Diagnostics.asp HTTP/1.0" 404 1018
37.238.93.139 - - [20/Jul/2015:00:21:56 -0500] "GET / HTTP/1.0" 200 10190
66.249.75.156 - - [20/Jul/2015:00:21:59 -0500] "GET /BLA/resoluciones/RESOLUCIONES%202014/3653.pdf HTTP/1.1" 304 -
157.55.39.9 - - [20/Jul/2015:00:22:00 -0500] "GET /dama/libreria/pdf/SAS/DX%20funerario.pdf HTTP/1.1" 404 1019
76.90.185.98 - - [20/Jul/2015:00:22:01 -0500] "GET /webdav/x32.php?host=173.171.7.252&time=60&port=80 HTTP/1.1" 404 1018
152.61.128.66 - - [20/Jul/2015:00:22:14 -0500] "HEAD / HTTP/1.1" 200 -
37.238.93.139 - - [20/Jul/2015:00:22:14 -0500] "GET / HTTP/1.1" 200 10190
152.61.128.66 - - [20/Jul/2015:00:22:14 -0500] "GET /arcgis/services/Calidad_del_Agua_WQI/MapServer/WMSServer?request=GetCapabilities&service=WMS HTTP/1.1" 200 32135
152.61.128.66 - - [20/Jul/2015:00:22:14 -0500] "GET /arcgis/services/Calidad_del_Agua_WQI/MapServer/WMSServer?request=GetCapabilities&service=WMS HTTP/1.0" 200 32135
152.61.128.66 - - [20/Jul/2015:00:22:15 -0500] "GET /arcgis/services/Calidad_del_Agua_WQI/MapServer/WMSServer?request=GetCapabilities&service=WMS HTTP/1.0" 200 32135
152.61.128.66 - - [20/Jul/2015:00:22:16 -0500] "GET /arcgis/services/Calidad_del_Agua_WQI/MapServer/WMSServer?request=GetCapabilities&service=WMS HTTP/1.0" 200 32135
152.61.128.66 - - [20/Jul/2015:00:22:17 -0500] "GET /arcgis/services/Calidad_del_Agua_WQI/MapServer/WMSServer?VERSION=1.1.1&REQUEST=GetMap&LAYERS=0&SRS=EPSG:4326&BBOX=-74.473395,3.674381,-73.963300,4.920569&WIDTH=250&HEIGHT=250&FORMAT=image/bmp&STYLES=& HTTP/1.1" 200 188054
181.55.227.74 - - [20/Jul/2015:00:22:24 -0500] "GET /galeria/galeria/jquery.fancybox.js?v=2.1.5 HTTP/1.1" 200 48706
181.55.227.74 - - [20/Jul/2015:00:22:24 -0500] "GET /galeria/galeria/jquery.fancybox.css?v=2.1.5 HTTP/1.1" 200 4895
181.55.227.74 - - [20/Jul/2015:00:22:24 -0500] "GET /BLA/boletinlegal/js/jquery.scrollShow.js HTTP/1.1" 200 4586
66.249.75.174 - - [20/Jul/2015:00:22:28 -0500] "GET /autoliquidacion/Solicitudes%20relacionadas%20con%20calidad%20del%20aire%20auditiva%20y%20visual/Registro%20de%20Elementos%20de%20publicidad%20Exterior%20Visual/126pm04-pr16-f-a301%20Formato%20Solicitud%20de%20registro.xls HTTP/1.1" 304 -
181.55.227.74 - - [20/Jul/2015:00:22:29 -0500] "GET /BLA/boletinlegal/js/jquery.scrollShow.js HTTP/1.1" 304 -
181.55.227.74 - - [20/Jul/2015:00:22:29 -0500] "GET /galeria/galeria/jquery.fancybox.js?v=2.1.5 HTTP/1.1" 304 -
181.55.227.74 - - [20/Jul/2015:00:22:29 -0500] "GET /galeria/galeria/jquery.fancybox.css?v=2.1.5 HTTP/1.1" 304 -
186.83.10.169 - - [20/Jul/2015:00:22:37 -0500] "GET /BLA/boletinlegal/js/jquery.scrollShow.js HTTP/1.1" 200 4586
186.83.10.169 - - [20/Jul/2015:00:22:37 -0500] "GET /galeria/galeria/jquery.fancybox.js?v=2.1.5 HTTP/1.1" 200 48706
186.83.10.169 - - [20/Jul/2015:00:22:37 -0500] "GET /galeria/galeria/jquery.fancybox.css?v=2.1.5 HTTP/1.1" 200 4895
186.83.10.169 - - [20/Jul/2015:00:22:37 -0500] "GET /galeria/carrusel/Carrusel/jquery.thumbnailScroller.css HTTP/1.1" 200 2066
186.83.10.169 - - [20/Jul/2015:00:22:37 -0500] "GET /galeria/carrusel/Carrusel/jquery.thumbnailScroller.js HTTP/1.1" 200 8157
186.83.10.169 - - [20/Jul/2015:00:22:37 -0500] "GET /galeria/carrusel/Carrusel/jquery-ui-1.8.13.custom.min.js HTTP/1.1" 200 10800
186.83.10.169 - - [20/Jul/2015:00:22:40 -0500] "GET /galeria/nivo-slider/demo/demo.html HTTP/1.1" 200 5224
186.83.10.169 - - [20/Jul/2015:00:22:42 -0500] "GET /galeria/nivo-slider/themes/default/default.css HTTP/1.1" 200 1569
186.83.10.169 - - [20/Jul/2015:00:22:43 -0500] "GET /galeria/nivo-slider/jquery.nivo.slider.pack.js HTTP/1.1" 200 11561
186.83.10.169 - - [20/Jul/2015:00:22:43 -0500] "GET /galeria/nivo-slider/demo/style.css HTTP/1.1" 200 2222
186.83.10.169 - - [20/Jul/2015:00:22:43 -0500] "GET /galeria/nivo-slider/nivo-slider.css HTTP/1.1" 200 1507
186.83.10.169 - - [20/Jul/2015:00:22:43 -0500] "GET /galeria/nivo-slider/themes/orman/orman.css HTTP/1.1" 200 2152
186.83.10.169 - - [20/Jul/2015:00:22:43 -0500] "GET /galeria/nivo-slider/demo/scripts/jquery-1.7.1.min.js HTTP/1.1" 200 93868
186.83.10.169 - - [20/Jul/2015:00:22:43 -0500] "GET /galeria/nivo-slider/themes/pascal/pascal.css HTTP/1.1" 200 2258
186.83.10.169 - - [20/Jul/2015:00:22:43 -0500] "GET /galeria/nivo-slider/demo/images/Rendicion-de-cuentas.jpg HTTP/1.1" 200 309079
186.83.10.169 - - [20/Jul/2015:00:22:43 -0500] "GET /galeria/nivo-slider/demo/images/banner-llantas2.jpg HTTP/1.1" 200 204644
186.83.10.169 - - [20/Jul/2015:00:22:43 -0500] "GET /galeria/nivo-slider/demo/images/Semana-PYBA.jpg HTTP/1.1" 200 147360
181.135.245.213 - - [20/Jul/2015:00:22:44 -0500] "GET /BLA/boletinlegal/js/jquery.scrollShow.js HTTP/1.1" 200 4586
186.83.10.169 - - [20/Jul/2015:00:22:45 -0500] "GET /galeria/nivo-slider/demo/images/PREDAcamp.jpg HTTP/1.1" 200 295358
181.135.245.213 - - [20/Jul/2015:00:22:46 -0500] "GET /galeria/galeria/jquery.fancybox.js?v=2.1.5 HTTP/1.1" 200 48706
181.135.245.213 - - [20/Jul/2015:00:22:46 -0500] "GET /galeria/galeria/jquery.fancybox.css?v=2.1.5 HTTP/1.1" 200 4895
181.135.245.213 - - [20/Jul/2015:00:22:46 -0500] "GET /galeria/carrusel/Carrusel/jquery.thumbnailScroller.css HTTP/1.1" 200 2066
181.135.245.213 - - [20/Jul/2015:00:22:46 -0500] "GET /galeria/carrusel/Carrusel/jquery-ui-1.8.13.custom.min.js HTTP/1.1" 200 10800
181.135.245.213 - - [20/Jul/2015:00:22:46 -0500] "GET /galeria/carrusel/Carrusel/jquery.thumbnailScroller.js HTTP/1.1" 200 8157
186.83.10.169 - - [20/Jul/2015:00:22:46 -0500] "GET /galeria/nivo-slider/demo/images/VoluntariadoPYBA.jpg HTTP/1.1" 200 40647
181.135.245.213 - - [20/Jul/2015:00:22:49 -0500] "GET /galeria/nivo-slider/demo/demo.html HTTP/1.1" 200 5224
181.135.245.213 - - [20/Jul/2015:00:22:49 -0500] "GET /galeria/nivo-slider/themes/pascal/pascal.css HTTP/1.1" 200 2258
181.135.245.213 - - [20/Jul/2015:00:22:49 -0500] "GET /galeria/nivo-slider/themes/default/default.css HTTP/1.1" 200 1569
181.135.245.213 - - [20/Jul/2015:00:22:49 -0500] "GET /galeria/nivo-slider/themes/orman/orman.css HTTP/1.1" 200 2152
181.135.245.213 - - [20/Jul/2015:00:22:49 -0500] "GET /galeria/nivo-slider/nivo-slider.css HTTP/1.1" 200 1507
181.135.245.213 - - [20/Jul/2015:00:22:49 -0500] "GET /galeria/nivo-slider/demo/style.css HTTP/1.1" 200 2222
181.135.245.213 - - [20/Jul/2015:00:22:49 -0500] "GET /galeria/nivo-slider/demo/scripts/jquery-1.7.1.min.js HTTP/1.1" 200 93868
181.135.245.213 - - [20/Jul/2015:00:22:52 -0500] "GET /galeria/nivo-slider/jquery.nivo.slider.pack.js HTTP/1.1" 200 11561
181.135.245.213 - - [20/Jul/2015:00:22:53 -0500] "GET /galeria/nivo-slider/demo/images/Rendicion-de-cuentas.jpg HTTP/1.1" 200 309079
181.135.245.213 - - [20/Jul/2015:00:22:54 -0500] "GET /galeria/nivo-slider/demo/images/banner-llantas2.jpg HTTP/1.1" 200 204644
181.135.245.213 - - [20/Jul/2015:00:22:54 -0500] "GET /galeria/nivo-slider/demo/images/4Simple_Slider.png HTTP/1.1" 200 11722
181.135.245.213 - - [20/Jul/2015:00:22:54 -0500] "GET /galeria/nivo-slider/themes/default/loading.gif HTTP/1.1" 200 1737
186.83.10.169 - - [20/Jul/2015:00:22:55 -0500] "GET /galeria/nivo-slider/demo/images/GAE-banner.jpg HTTP/1.1" 200 97556
74.86.158.107 - - [20/Jul/2015:00:22:56 -0500] "HEAD / HTTP/1.1" 200 -
186.83.10.169 - - [20/Jul/2015:00:22:56 -0500] "GET /galeria/nivo-slider/demo/images/Banner-encuesta-de-percepscio.jpg HTTP/1.1" 200 201899
186.83.10.169 - - [20/Jul/2015:00:22:56 -0500] "GET /galeria/nivo-slider/demo/images/Comparendo-ambiental-Banner.jpg HTTP/1.1" 200 83731
66.249.75.174 - - [20/Jul/2015:00:22:56 -0500] "GET /BLA/resoluciones/RESOLUCIONES%202008/0409.pdf HTTP/1.1" 304 -
181.135.245.213 - - [20/Jul/2015:00:22:57 -0500] "GET /galeria/nivo-slider/demo/images/Semana-PYBA.jpg HTTP/1.1" 200 147360
181.135.245.213 - - [20/Jul/2015:00:22:58 -0500] "GET /galeria/nivo-slider/demo/images/PREDAcamp.jpg HTTP/1.1" 200 295358
186.83.10.169 - - [20/Jul/2015:00:22:59 -0500] "GET /galeria/nivo-slider/demo/images/banner-Pacto-por-la-madera.jpg HTTP/1.1" 200 209966
186.83.10.169 - - [20/Jul/2015:00:22:59 -0500] "GET /galeria/nivo-slider/demo/images/acuerdo_569.jpg HTTP/1.1" 200 62670
186.83.10.169 - - [20/Jul/2015:00:22:59 -0500] "GET /galeria/nivo-slider/demo/images/Licitaciones-proyecto-paramo.jpg HTTP/1.1" 200 221877
186.83.10.169 - - [20/Jul/2015:00:23:01 -0500] "GET /galeria/nivo-slider/demo/images/Banner-decreto1299.jpg HTTP/1.1" 200 182613
186.83.10.169 - - [20/Jul/2015:00:23:01 -0500] "GET /galeria/nivo-slider/demo/images/Banner-Directorio.jpg HTTP/1.1" 200 182068
186.83.10.169 - - [20/Jul/2015:00:23:01 -0500] "GET /galeria/nivo-slider/demo/images/Ruta-vertimientos-01.jpg HTTP/1.1" 200 130151
186.83.10.169 - - [20/Jul/2015:00:23:03 -0500] "GET /galeria/nivo-slider/demo/images/ecolecta-Dic2014.png HTTP/1.1" 200 288593
181.135.245.213 - - [20/Jul/2015:00:23:04 -0500] "GET /galeria/nivo-slider/demo/images/VoluntariadoPYBA.jpg HTTP/1.1" 200 40647
186.83.10.169 - - [20/Jul/2015:00:23:04 -0500] "GET /galeria/nivo-slider/demo/images/Conoce-los-humedales.jpg HTTP/1.1" 200 294036
186.83.10.169 - - [20/Jul/2015:00:23:05 -0500] "GET /galeria/nivo-slider/demo/images/Banner-Caracol-Africano.jpg HTTP/1.1" 200 331986
186.83.10.169 - - [20/Jul/2015:00:23:05 -0500] "GET /galeria/nivo-slider/demo/images/9Signos.jpg HTTP/1.1" 200 81776
186.83.10.169 - - [20/Jul/2015:00:23:05 -0500] "GET /galeria/nivo-slider/demo/images/4Simple_Slider.png HTTP/1.1" 200 11722
181.135.245.213 - - [20/Jul/2015:00:23:06 -0500] "GET /galeria/nivo-slider/demo/images/9Signos.jpg HTTP/1.1" 200 81776
186.83.10.169 - - [20/Jul/2015:00:23:07 -0500] "GET /galeria/nivo-slider/themes/default/loading.gif HTTP/1.1" 200 1737
181.135.245.213 - - [20/Jul/2015:00:23:09 -0500] "GET /galeria/nivo-slider/demo/images/Comparendo-ambiental-Banner.jpg HTTP/1.1" 200 83731
181.135.245.213 - - [20/Jul/2015:00:23:09 -0500] "GET /galeria/nivo-slider/demo/images/GAE-banner.jpg HTTP/1.1" 200 97556
201.245.192.253 - - [20/Jul/2015:00:23:10 -0500] "GET /forest/session.jsp?a=0.5648765357805043 HTTP/1.1" 200 4
186.83.10.169 - - [20/Jul/2015:00:23:15 -0500] "GET /galeria/nivo-slider/demo/images/bolsas-06.jpg HTTP/1.1" 200 90982
66.249.75.174 - - [20/Jul/2015:00:23:25 -0500] "GET /BLA/resoluciones/RESOLUCIONES%202014/0452.pdf HTTP/1.1" 304 -
186.83.10.169 - - [20/Jul/2015:00:23:30 -0500] "GET /galeria/nivo-slider/themes/default/arrows.png HTTP/1.1" 200 824
186.83.10.169 - - [20/Jul/2015:00:23:30 -0500] "GET /galeria/nivo-slider/themes/default/bullets.png HTTP/1.1" 200 1281
66.249.75.156 - - [20/Jul/2015:00:25:27 -0500] "GET /BLA/resoluciones/RESOLUCIONES%202012/1307.pdf HTTP/1.1" 200 5715295
207.46.13.0 - - [20/Jul/2015:00:25:32 -0500] "GET /BLA/boletinlegal/Circulares/2011/Circular%20No.%208%20del%2020%20de%20Septiembre%20de%202011.pdf HTTP/1.1" 200 285158
157.55.39.71 - - [20/Jul/2015:00:25:39 -0500] "GET /sig/ECS/126PM04-PR110.pdf HTTP/1.1" 200 4906191
66.249.75.156 - - [20/Jul/2015:00:26:15 -0500] "GET /BLA/resoluciones/RESOLUCIONES%202011/0190.pdf HTTP/1.1" 304 -
201.245.192.253 - - [20/Jul/2015:00:26:26 -0500] "GET /forest/session.jsp?a=0.4048652839484982 HTTP/1.1" 200 4
181.59.251.79 - - [20/Jul/2015:00:26:42 -0500] "GET /BLA/boletinlegal/js/jquery.scrollShow.js HTTP/1.1" 200 4586
181.59.251.79 - - [20/Jul/2015:00:26:43 -0500] "GET /galeria/galeria/jquery.fancybox.css?v=2.1.5 HTTP/1.1" 200 4895
181.59.251.79 - - [20/Jul/2015:00:26:43 -0500] "GET /galeria/galeria/jquery.fancybox.js?v=2.1.5 HTTP/1.1" 200 48706
181.59.251.79 - - [20/Jul/2015:00:26:51 -0500] "GET /galeria/galeria/jquery.fancybox.css?v=2.1.5 HTTP/1.1" 304 -
181.59.251.79 - - [20/Jul/2015:00:26:51 -0500] "GET /BLA/boletinlegal/js/jquery.scrollShow.js HTTP/1.1" 304 -
181.59.251.79 - - [20/Jul/2015:00:26:51 -0500] "GET /galeria/galeria/jquery.fancybox.js?v=2.1.5 HTTP/1.1" 304 -
74.86.158.107 - - [20/Jul/2015:00:27:56 -0500] "HEAD / HTTP/1.1" 200 -
201.245.192.253 - - [20/Jul/2015:00:28:11 -0500] "GET /forest/session.jsp?a=0.7651087605171908 HTTP/1.1" 200 4
157.55.39.176 - - [20/Jul/2015:00:28:21 -0500] "GET /galeria/bibloteca/mycontentflow.css HTTP/1.1" 200 3110
157.55.39.46 - - [20/Jul/2015:00:28:25 -0500] "GET /galeria/bibloteca/ContentFlowAddOn_white.js HTTP/1.1" 200 2497
157.55.39.46 - - [20/Jul/2015:00:28:25 -0500] "GET /galeria/bibloteca/contentflow.css HTTP/1.1" 200 3201
179.32.15.29 - - [20/Jul/2015:00:29:41 -0500] "GET /galeria/galeria/jquery.fancybox.css?v=2.1.5 HTTP/1.1" 200 4895
179.32.15.29 - - [20/Jul/2015:00:29:41 -0500] "GET /BLA/boletinlegal/js/jquery.scrollShow.js HTTP/1.1" 200 4586
179.32.15.29 - - [20/Jul/2015:00:29:41 -0500] "GET /galeria/galeria/jquery.fancybox.js?v=2.1.5 HTTP/1.1" 200 48706
190.26.210.162 - - [20/Jul/2015:00:29:44 -0500] "GET / HTTP/1.1" 304 -
179.32.15.29 - - [20/Jul/2015:00:29:47 -0500] "GET /galeria/galeria/jquery.fancybox.css?v=2.1.5 HTTP/1.1" 304 -
179.32.15.29 - - [20/Jul/2015:00:29:47 -0500] "GET /BLA/boletinlegal/js/jquery.scrollShow.js HTTP/1.1" 304 -
179.32.15.29 - - [20/Jul/2015:00:29:47 -0500] "GET /galeria/galeria/jquery.fancybox.js?v=2.1.5 HTTP/1.1" 304 -
66.249.75.174 - - [20/Jul/2015:00:30:11 -0500] "GET /BLA/resoluciones/RESOLUCIONES%202010/6809.pdf HTTP/1.1" 304 -
66.249.75.165 - - [20/Jul/2015:00:30:25 -0500] "GET /BLA/resoluciones/RESOLUCIONES%202012/1122.pdf HTTP/1.1" 304 -
190.159.37.120 - - [20/Jul/2015:00:30:38 -0500] "GET /galeria/galeria/jquery.fancybox.js?v=2.1.5 HTTP/1.1" 200 48706
190.159.37.120 - - [20/Jul/2015:00:30:38 -0500] "GET /galeria/galeria/jquery.fancybox.css?v=2.1.5 HTTP/1.1" 200 4895
190.159.37.120 - - [20/Jul/2015:00:30:38 -0500] "GET /BLA/boletinlegal/js/jquery.scrollShow.js HTTP/1.1" 200 4586
66.249.75.156 - - [20/Jul/2015:00:30:39 -0500] "GET /BLA/resoluciones/AUTOS%202013/0041.pdf HTTP/1.1" 304 -
186.80.67.248 - - [20/Jul/2015:00:30:49 -0500] "GET /galeria/nivo-slider/demo/images/Rendicion-de-cuentas.jpg HTTP/1.1" 304 -
66.249.75.156 - - [20/Jul/2015:00:30:54 -0500] "GET /BLA/resoluciones/RESOLUCIONES%202008/0410.pdf HTTP/1.1" 304 -
66.249.75.174 - - [20/Jul/2015:00:31:08 -0500] "GET /BLA/resoluciones/RESOLUCIONES%202007/RES%202007%203701%20AL%203800/RESOLUCION%203701%20DE%202007.pdf HTTP/1.1" 304 -
66.249.69.48 - - [20/Jul/2015:00:31:14 -0500] "GET /BLA/boletinlegal/jurisprudencia/analisis/analisis%20C-595-2010.doc HTTP/1.1" 304 -
66.249.75.174 - - [20/Jul/2015:00:31:22 -0500] "GET /BLA/resoluciones/RESOLUCIONES%202009/5692.pdf HTTP/1.1" 304 -
157.55.39.71 - - [20/Jul/2015:00:31:24 -0500] "GET /sig/Gesti%C3%B3n%20de%20Recursos%20F%C3%ADsicos/126PA04-PR37.pdf HTTP/1.1" 200 135270
181.49.60.50 - - [20/Jul/2015:00:31:26 -0500] "GET /EAAB/ComunicacionesSVCBean.wsdl HTTP/1.1" 200 3544
201.245.192.253 - - [20/Jul/2015:00:31:26 -0500] "GET /forest/session.jsp?a=0.6210817098370552 HTTP/1.1" 200 4
66.249.75.165 - - [20/Jul/2015:00:31:37 -0500] "GET /BLA/resoluciones/AUTOS%202013/0201.pdf HTTP/1.1" 304 -
157.55.39.46 - - [20/Jul/2015:00:31:42 -0500] "GET /galeria/carrusel/Carrusel/jquery-ui- HTTP/1.1" 404 1018
66.249.75.165 - - [20/Jul/2015:00:32:05 -0500] "GET /BLA/resoluciones/AUTOS%202012/1995.pdf HTTP/1.1" 304 -
190.26.210.162 - - [20/Jul/2015:00:32:07 -0500] "GET /BLA/boletinlegal/js/jquery.scrollTo-min.js HTTP/1.1" 304 -
190.26.210.162 - - [20/Jul/2015:00:32:07 -0500] "GET /BLA/boletinlegal/js/jquery.scrollShow.js HTTP/1.1" 304 -
190.26.210.162 - - [20/Jul/2015:00:32:07 -0500] "GET /galeria/galeria/jquery.fancybox.js?v=2.1.5 HTTP/1.1" 200 48706
190.26.210.162 - - [20/Jul/2015:00:32:07 -0500] "GET /galeria/galeria/jquery.fancybox.css?v=2.1.5 HTTP/1.1" 200 4895
201.234.75.11 - - [20/Jul/2015:00:32:15 -0500] "GET /StormSDA/stormWeb/presentacion.html HTTP/1.1" 304 -
190.26.210.162 - - [20/Jul/2015:00:32:19 -0500] "GET /galeria/nivo-slider/demo/demo.html HTTP/1.1" 304 -
190.26.210.162 - - [20/Jul/2015:00:32:19 -0500] "GET /galeria/carrusel/Carrusel/jquery.thumbnailScroller.css HTTP/1.1" 304 -
190.26.210.162 - - [20/Jul/2015:00:32:19 -0500] "GET /galeria/carrusel/Carrusel/jquery-ui- HTTP/1.1" 404 1018
190.26.210.162 - - [20/Jul/2015:00:32:20 -0500] "GET /galeria/carrusel/Carrusel/jquery.thumbnailScroller.js HTTP/1.1" 304 -
190.26.210.162 - - [20/Jul/2015:00:32:24 -0500] "GET /galeria/nivo-slider/demo/ HTTP/1.1" 200 2278
66.249.75.174 - - [20/Jul/2015:00:32:34 -0500] "GET /BLA/resoluciones/RESOLUCIONES%202007/RES%202007%202901%20AL%203000/RESOLUCION%202905%20DE%202007.pdf HTTP/1.1" 304 -
190.159.37.120 - - [20/Jul/2015:00:32:44 -0500] "GET /galeria/galeria/jquery.fancybox.css?v=2.1.5 HTTP/1.1" 304 -
190.159.37.120 - - [20/Jul/2015:00:32:44 -0500] "GET /galeria/galeria/jquery.fancybox.js?v=2.1.5 HTTP/1.1" 304 -
190.159.37.120 - - [20/Jul/2015:00:32:44 -0500] "GET /BLA/boletinlegal/js/jquery.scrollShow.js HTTP/1.1" 304 -
74.86.158.107 - - [20/Jul/2015:00:32:56 -0500] "HEAD / HTTP/1.1" 200 -
190.26.210.162 - - [20/Jul/2015:00:32:19 -0500] "GET /BLA/boletinlegal/index.php? HTTP/1.1" 200 50649
66.249.75.165 - - [20/Jul/2015:00:33:03 -0500] "GET /BLA/resoluciones/RESOLUCIONES%202012/1228.pdf HTTP/1.1" 304 -
201.245.192.253 - - [20/Jul/2015:00:33:11 -0500] "GET /forest/session.jsp?a=0.39186305807688426 HTTP/1.1" 200 4
152.61.193.99 - - [20/Jul/2015:00:33:29 -0500] "HEAD / HTTP/1.1" 200 -
152.61.193.99 - - [20/Jul/2015:00:33:29 -0500] "GET /arcgis/services/Calidad_del_Agua_WQI/MapServer/WMSServer?request=GetCapabilities&service=WMS HTTP/1.1" 200 32135
152.61.193.99 - - [20/Jul/2015:00:33:30 -0500] "GET /arcgis/services/Calidad_del_Agua_WQI/MapServer/WMSServer?request=GetCapabilities&service=WMS HTTP/1.1" 200 32135
152.61.193.99 - - [20/Jul/2015:00:33:31 -0500] "GET /arcgis/services/Calidad_del_Agua_WQI/MapServer/WMSServer?request=GetCapabilities&service=WMS HTTP/1.1" 200 32135
66.249.75.174 - - [20/Jul/2015:00:33:31 -0500] "GET /BLA/resoluciones/RESOLUCIONES%202007/RES%202007%204001%20AL%204100/RESOLUCION%204090%20DE%202007.pdf HTTP/1.1" 200 13950935
152.61.193.99 - - [20/Jul/2015:00:33:31 -0500] "GET /arcgis/services/Calidad_del_Agua_WQI/MapServer/WMSServer?request=GetCapabilities&service=WMS HTTP/1.1" 200 32135
152.61.193.99 - - [20/Jul/2015:00:33:32 -0500] "GET /arcgis/services/Calidad_del_Agua_WQI/MapServer/WMSServer?VERSION=1.1.1&REQUEST=GetMap&LAYERS=0&SRS=EPSG:4326&BBOX=-74.473395,3.674381,-73.963300,4.920569&WIDTH=250&HEIGHT=250&FORMAT=image/bmp&STYLES=& HTTP/1.1" 200 188054
66.249.75.165 - - [20/Jul/2015:00:34:00 -0500] "GET /BLA/resoluciones/RESOLUCIONES%202013/0825.pdf HTTP/1.1" 304 -
66.249.75.174 - - [20/Jul/2015:00:34:29 -0500] "GET /BLA/resoluciones/RESOLUCIONES%202014/1488.pdf HTTP/1.1" 304 -
207.46.13.0 - - [20/Jul/2015:00:34:40 -0500] "GET /sig/Planeaci%C3%B3n%20Ambiental/126PM02-PR12.pdf HTTP/1.1" 200 2046704
201.244.193.163 - - [20/Jul/2015:00:34:47 -0500] "GET /BLA/boletinlegal/js/jquery.scrollShow.js HTTP/1.1" 200 4586
201.244.193.163 - - [20/Jul/2015:00:34:47 -0500] "GET /galeria/galeria/jquery.fancybox.js?v=2.1.5 HTTP/1.1" 200 48706
201.244.193.163 - - [20/Jul/2015:00:34:47 -0500] "GET /galeria/galeria/jquery.fancybox.css?v=2.1.5 HTTP/1.1" 200 4895
201.244.193.163 - - [20/Jul/2015:00:34:54 -0500] "GET /galeria/galeria/jquery.fancybox.js?v=2.1.5 HTTP/1.1" 304 -
201.244.193.163 - - [20/Jul/2015:00:34:54 -0500] "GET /BLA/boletinlegal/js/jquery.scrollShow.js HTTP/1.1" 304 -
201.244.193.163 - - [20/Jul/2015:00:34:54 -0500] "GET /galeria/galeria/jquery.fancybox.css?v=2.1.5 HTTP/1.1" 304 -
66.249.75.165 - - [20/Jul/2015:00:34:57 -0500] "GET /autoliquidacion/Fauna%20Silvestre/LISTA%20DE%20CHEQUEO%20Y%20FORMATO%20DE%20SOLICITUD%20DE%20VERIFICACI%C3%93N%20DE%20EXPORTACIONES%20E%20IMPORTACIONES.xls HTTP/1.1" 304 -
181.63.204.162 - - [20/Jul/2015:00:35:11 -0500] "GET /galeria/galeria/jquery.fancybox.js?v=2.1.5 HTTP/1.1" 200 48706
181.63.204.162 - - [20/Jul/2015:00:35:11 -0500] "GET /BLA/boletinlegal/js/jquery.scrollShow.js HTTP/1.1" 200 4586
181.63.204.162 - - [20/Jul/2015:00:35:11 -0500] "GET /galeria/galeria/jquery.fancybox.css?v=2.1.5 HTTP/1.1" 200 4895
181.63.204.162 - - [20/Jul/2015:00:35:19 -0500] "GET /galeria/galeria/jquery.fancybox.css?v=2.1.5 HTTP/1.1" 304 -
181.63.204.162 - - [20/Jul/2015:00:35:19 -0500] "GET /BLA/boletinlegal/js/jquery.scrollShow.js HTTP/1.1" 304 -
181.63.204.162 - - [20/Jul/2015:00:35:19 -0500] "GET /galeria/galeria/jquery.fancybox.js?v=2.1.5 HTTP/1.1" 304 -
66.249.75.165 - - [20/Jul/2015:00:35:26 -0500] "GET /BLA/resoluciones/AUTOS%202011/0188.pdf HTTP/1.1" 304 -
66.249.75.174 - - [20/Jul/2015:00:35:55 -0500] "GET /BLA/resoluciones/RESOLUCIONES%202012/0530.pdf HTTP/1.1" 304 -
66.249.75.156 - - [20/Jul/2015:00:36:23 -0500] "GET /BLA/resoluciones/RESOLUCIONES%202007/RES%202007%202001%20AL%202100/RESOLUCION%202080%20DE%202007.pdf HTTP/1.1" 304 -
201.245.192.253 - - [20/Jul/2015:00:36:26 -0500] "GET /forest/session.jsp?a=0.9793074476052605 HTTP/1.1" 200 4
157.55.39.70 - - [20/Jul/2015:00:36:51 -0500] "GET /BLA/boletinlegal/Circulares/2012/Circular%20No.%2016%20del%2022%20de%20octubre%20de%202012.pdf HTTP/1.1" 200 381186
66.249.69.56 - - [20/Jul/2015:00:37:01 -0500] "GET /POT-2013/Cartografia/15_Sistema%20de%20Movilidad%20_Secciones%20Viales_Circuitos_movilida.pdf HTTP/1.1" 304 -
66.249.75.165 - - [20/Jul/2015:00:37:04 -0500] "GET /BLA/resoluciones/RESOLUCIONES%202007/RES%202007%204101%20AL%204200/RESOLUCION%204179%20DE%202007.pdf HTTP/1.1" 304 -
66.249.75.165 - - [20/Jul/2015:00:37:05 -0500] "GET /BLA/resoluciones/RESOLUCIONES%202014/0565.pdf HTTP/1.1" 304 -
66.249.75.165 - - [20/Jul/2015:00:37:06 -0500] "GET /BLA/resoluciones/AUTOS%202012/0348.pdf HTTP/1.1" 304 -
66.249.75.165 - - [20/Jul/2015:00:37:08 -0500] "GET /BLA/resoluciones/RESOLUCIONES%202010/6921.pdf HTTP/1.1" 304 -
66.249.75.165 - - [20/Jul/2015:00:37:10 -0500] "GET /BLA/resoluciones/RESOLUCIONES%202011/4569.pdf HTTP/1.1" 304 -
66.249.75.156 - - [20/Jul/2015:00:37:12 -0500] "GET /BLA/resoluciones/RESOLUCIONES%202011/4062.pdf HTTP/1.1" 304 -
66.249.75.165 - - [20/Jul/2015:00:37:13 -0500] "GET /BLA/resoluciones/RESOLUCIONES%202008/0607.pdf HTTP/1.1" 304 -
66.249.75.165 - - [20/Jul/2015:00:37:13 -0500] "GET /BLA/resoluciones/RESOLUCIONES%202008/0146.pdf HTTP/1.1" 304 -
66.249.75.174 - - [20/Jul/2015:00:37:14 -0500] "GET /autoliquidacion/Grupo%20Forestal%20-%20Industria%20de%20la%20Madera/Solicitud%20de%20Salvoconducto%20de%20movilizaci%C3%B3n%20flora.pdf HTTP/1.1" 304 -
66.249.75.156 - - [20/Jul/2015:00:37:15 -0500] "GET /BLA/resoluciones/RESOLUCIONES%202008/0411.pdf HTTP/1.1" 304 -
66.249.75.174 - - [20/Jul/2015:00:37:16 -0500] "GET /BLA/resoluciones/RESOLUCIONES%202013/0344.pdf HTTP/1.1" 304 -
66.249.75.165 - - [20/Jul/2015:00:37:17 -0500] "GET /BLA/resoluciones/RESOLUCIONES%202011/1108.pdf HTTP/1.1" 304 -
66.249.75.174 - - [20/Jul/2015:00:37:17 -0500] "GET /BLA/resoluciones/RESOLUCIONES%202007/RES%202007%201401%20AL%201500/RESOLUCION%201443%20DE%202007.pdf HTTP/1.1" 304 -
66.249.75.174 - - [20/Jul/2015:00:37:49 -0500] "GET /BLA/resoluciones/AUTOS%202012/2511.pdf HTTP/1.1" 200 4158695
66.249.75.174 - - [20/Jul/2015:00:37:55 -0500] "GET / HTTP/1.1" 200 10190
190.24.176.50 - - [20/Jul/2015:00:37:55 -0500] "GET /galeria/galeria/jquery.fancybox.css?v=2.1.5 HTTP/1.1" 200 4895
190.24.176.50 - - [20/Jul/2015:00:37:55 -0500] "GET /galeria/carrusel/Carrusel/jquery-ui-1.8.13.custom.min.js HTTP/1.1" 200 10800
190.24.176.50 - - [20/Jul/2015:00:37:55 -0500] "GET /BLA/boletinlegal/js/jquery.scrollShow.js HTTP/1.1" 200 4586
190.24.176.50 - - [20/Jul/2015:00:37:55 -0500] "GET /galeria/carrusel/Carrusel/jquery.thumbnailScroller.css HTTP/1.1" 200 2066
190.24.176.50 - - [20/Jul/2015:00:37:55 -0500] "GET /galeria/galeria/jquery.fancybox.js?v=2.1.5 HTTP/1.1" 200 48706
190.24.176.50 - - [20/Jul/2015:00:37:55 -0500] "GET /galeria/carrusel/Carrusel/jquery.thumbnailScroller.js HTTP/1.1" 200 8157
190.24.176.50 - - [20/Jul/2015:00:37:55 -0500] "GET /galeria/nivo-slider/demo/demo.html HTTP/1.1" 200 5224
74.86.158.107 - - [20/Jul/2015:00:37:56 -0500] "HEAD / HTTP/1.1" 200 -
190.24.176.50 - - [20/Jul/2015:00:37:56 -0500] "GET /galeria/nivo-slider/themes/default/default.css HTTP/1.1" 200 1569
190.24.176.50 - - [20/Jul/2015:00:37:56 -0500] "GET /galeria/nivo-slider/themes/orman/orman.css HTTP/1.1" 200 2152
190.24.176.50 - - [20/Jul/2015:00:37:56 -0500] "GET /galeria/nivo-slider/themes/pascal/pascal.css HTTP/1.1" 200 2258
190.24.176.50 - - [20/Jul/2015:00:37:56 -0500] "GET /galeria/nivo-slider/demo/style.css HTTP/1.1" 200 2222
190.24.176.50 - - [20/Jul/2015:00:37:56 -0500] "GET /galeria/nivo-slider/nivo-slider.css HTTP/1.1" 200 1507
190.24.176.50 - - [20/Jul/2015:00:37:56 -0500] "GET /galeria/nivo-slider/demo/images/Rendicion-de-cuentas.jpg HTTP/1.1" 200 309079
190.24.176.50 - - [20/Jul/2015:00:37:56 -0500] "GET /galeria/nivo-slider/demo/scripts/jquery-1.7.1.min.js HTTP/1.1" 200 93868
190.24.176.50 - - [20/Jul/2015:00:37:56 -0500] "GET /galeria/nivo-slider/demo/images/banner-llantas2.jpg HTTP/1.1" 200 204644
190.24.176.50 - - [20/Jul/2015:00:37:56 -0500] "GET /galeria/nivo-slider/jquery.nivo.slider.pack.js HTTP/1.1" 200 11561
190.24.176.50 - - [20/Jul/2015:00:37:56 -0500] "GET /galeria/nivo-slider/demo/images/Semana-PYBA.jpg HTTP/1.1" 200 147360
190.24.176.50 - - [20/Jul/2015:00:37:56 -0500] "GET /galeria/nivo-slider/demo/images/PREDAcamp.jpg HTTP/1.1" 200 295358
190.24.176.50 - - [20/Jul/2015:00:37:56 -0500] "GET /galeria/nivo-slider/demo/images/VoluntariadoPYBA.jpg HTTP/1.1" 200 40647
190.24.176.50 - - [20/Jul/2015:00:37:57 -0500] "GET /galeria/nivo-slider/demo/images/9Signos.jpg HTTP/1.1" 200 81776
190.24.176.50 - - [20/Jul/2015:00:37:57 -0500] "GET /galeria/nivo-slider/demo/images/Comparendo-ambiental-Banner.jpg HTTP/1.1" 200 83731
190.24.176.50 - - [20/Jul/2015:00:37:57 -0500] "GET /galeria/nivo-slider/demo/images/GAE-banner.jpg HTTP/1.1" 200 97556
190.24.176.50 - - [20/Jul/2015:00:37:57 -0500] "GET /galeria/nivo-slider/demo/images/Banner-encuesta-de-percepscio.jpg HTTP/1.1" 200 201899
190.24.176.50 - - [20/Jul/2015:00:37:57 -0500] "GET /galeria/nivo-slider/demo/images/banner-Pacto-por-la-madera.jpg HTTP/1.1" 200 209966
190.24.176.50 - - [20/Jul/2015:00:37:57 -0500] "GET /galeria/nivo-slider/demo/images/acuerdo_569.jpg HTTP/1.1" 200 62670
190.24.176.50 - - [20/Jul/2015:00:37:57 -0500] "GET /galeria/nivo-slider/demo/images/Licitaciones-proyecto-paramo.jpg HTTP/1.1" 200 221877
190.24.176.50 - - [20/Jul/2015:00:37:57 -0500] "GET /galeria/nivo-slider/demo/images/Banner-decreto1299.jpg HTTP/1.1" 200 182613
190.24.176.50 - - [20/Jul/2015:00:37:58 -0500] "GET /galeria/nivo-slider/demo/images/Banner-Directorio.jpg HTTP/1.1" 200 182068
190.24.176.50 - - [20/Jul/2015:00:37:58 -0500] "GET /galeria/nivo-slider/demo/images/Ruta-vertimientos-01.jpg HTTP/1.1" 200 130151
