190.24.176.50 - - [20/Jul/2015:00:37:58 -0500] "GET /galeria/nivo-slider/demo/images/bolsas-06.jpg HTTP/1.1" 200 90982
190.24.176.50 - - [20/Jul/2015:00:37:58 -0500] "GET /galeria/nivo-slider/demo/images/Conoce-los-humedales.jpg HTTP/1.1" 200 294036
190.24.176.50 - - [20/Jul/2015:00:37:58 -0500] "GET /galeria/nivo-slider/demo/images/ecolecta-Dic2014.png HTTP/1.1" 200 288593
190.24.176.50 - - [20/Jul/2015:00:37:58 -0500] "GET /galeria/nivo-slider/demo/images/Banner-Caracol-Africano.jpg HTTP/1.1" 200 331986
190.24.176.50 - - [20/Jul/2015:00:37:58 -0500] "GET /galeria/nivo-slider/demo/images/4Simple_Slider.png HTTP/1.1" 200 11722
190.24.176.50 - - [20/Jul/2015:00:37:59 -0500] "GET /galeria/nivo-slider/themes/default/loading.gif HTTP/1.1" 200 1737
190.24.176.50 - - [20/Jul/2015:00:37:59 -0500] "GET /galeria/nivo-slider/themes/default/arrows.png HTTP/1.1" 200 824
190.24.176.50 - - [20/Jul/2015:00:37:59 -0500] "GET /galeria/nivo-slider/themes/default/bullets.png HTTP/1.1" 200 1281
201.245.192.253 - - [20/Jul/2015:00:38:11 -0500] "GET /forest/session.jsp?a=0.08189119602040373 HTTP/1.1" 200 4
186.85.45.182 - - [20/Jul/2015:00:38:28 -0500] "GET /galeria/galeria/jquery.fancybox.css?v=2.1.5 HTTP/1.1" 200 4895
186.85.45.182 - - [20/Jul/2015:00:38:28 -0500] "GET /galeria/galeria/jquery.fancybox.js?v=2.1.5 HTTP/1.1" 200 48706
186.85.45.182 - - [20/Jul/2015:00:38:28 -0500] "GET /BLA/boletinlegal/js/jquery.scrollShow.js HTTP/1.1" 200 4586
66.249.75.174 - - [20/Jul/2015:00:38:42 -0500] "GET /BLA/resoluciones/RESOLUCIONES%202010/7471.pdf HTTP/1.1" 304 -
207.46.13.0 - - [20/Jul/2015:00:38:43 -0500] "GET /videos/galeria-cronicas/cronicas/ HTTP/1.1" 200 10513
199.30.24.123 - - [20/Jul/2015:00:39:05 -0500] "GET /videos/ArchivoSDA.flv HTTP/1.1" 200 31205279
167.0.199.53 - - [20/Jul/2015:00:39:23 -0500] "GET /BLA/circulares/5.pdf HTTP/1.1" 200 2146608
167.0.199.53 - - [20/Jul/2015:00:39:24 -0500] "GET /BLA/circulares/5.pdf HTTP/1.1" 206 32768
167.0.199.53 - - [20/Jul/2015:00:39:24 -0500] "GET /BLA/circulares/5.pdf HTTP/1.1" 206 2113840
207.46.13.0 - - [20/Jul/2015:00:39:33 -0500] "GET /portalsiaccapacitaciones/Listas%20de%20Asistencia%202014 HTTP/1.1" 404 1019
157.55.39.71 - - [20/Jul/2015:00:40:06 -0500] "GET /ecodirectorio/files/js/swfaddress.js HTTP/1.1" 200 15916
157.55.39.71 - - [20/Jul/2015:00:40:06 -0500] "GET /ecodirectorio/files/js/swfobject.js HTTP/1.1" 200 10220
202.40.137.202 - - [20/Jul/2015:00:40:22 -0500] "GET /BLA/boletinlegal/js/jquery.scrollShow.js HTTP/1.1" 200 4586
202.40.137.202 - - [20/Jul/2015:00:40:22 -0500] "GET /galeria/galeria/jquery.fancybox.js?v=2.1.5 HTTP/1.1" 200 48706
202.40.137.202 - - [20/Jul/2015:00:40:22 -0500] "GET /galeria/galeria/jquery.fancybox.css?v=2.1.5 HTTP/1.1" 200 4895
202.40.137.202 - - [20/Jul/2015:00:40:41 -0500] "GET /galeria/galeria/jquery.fancybox.js?v=2.1.5 HTTP/1.1" 304 -
202.40.137.202 - - [20/Jul/2015:00:40:41 -0500] "GET /galeria/galeria/jquery.fancybox.css?v=2.1.5 HTTP/1.1" 304 -
202.40.137.202 - - [20/Jul/2015:00:40:41 -0500] "GET /BLA/boletinlegal/js/jquery.scrollShow.js HTTP/1.1" 304 -
201.245.192.253 - - [20/Jul/2015:00:41:26 -0500] "GET /forest/session.jsp?a=0.5961377446256397 HTTP/1.1" 200 4
66.249.75.165 - - [20/Jul/2015:00:41:53 -0500] "GET /galeria/nivo-slider/demo/images/escombros-suba2.jpg HTTP/1.1" 200 97968
152.200.151.106 - - [20/Jul/2015:00:42:27 -0500] "GET /BLA/boletinlegal/js/jquery.scrollShow.js HTTP/1.1" 200 4586
152.200.151.106 - - [20/Jul/2015:00:42:27 -0500] "GET /galeria/galeria/jquery.fancybox.css?v=2.1.5 HTTP/1.1" 200 4895
152.200.151.106 - - [20/Jul/2015:00:42:27 -0500] "GET /galeria/galeria/jquery.fancybox.js?v=2.1.5 HTTP/1.1" 200 48706
152.200.151.106 - - [20/Jul/2015:00:42:48 -0500] "GET /galeria/galeria/jquery.fancybox.css?v=2.1.5 HTTP/1.1" 304 -
152.200.151.106 - - [20/Jul/2015:00:42:48 -0500] "GET /BLA/boletinlegal/js/jquery.scrollShow.js HTTP/1.1" 304 -
152.200.151.106 - - [20/Jul/2015:00:42:48 -0500] "GET /galeria/galeria/jquery.fancybox.js?v=2.1.5 HTTP/1.1" 304 -
98.176.140.120 - - [20/Jul/2015:00:42:48 -0500] "GET /webdav/x32.php?host=74.254.207.141&time=60&port=201 HTTP/1.1" 404 1018
152.200.151.106 - - [20/Jul/2015:00:42:50 -0500] "GET /BLA/boletinlegal/js/jquery.scrollShow.js HTTP/1.1" 304 -
152.200.151.106 - - [20/Jul/2015:00:42:50 -0500] "GET /galeria/galeria/jquery.fancybox.js?v=2.1.5 HTTP/1.1" 304 -
152.200.151.106 - - [20/Jul/2015:00:42:51 -0500] "GET /galeria/galeria/jquery.fancybox.css?v=2.1.5 HTTP/1.1" 304 -
74.86.158.107 - - [20/Jul/2015:00:42:56 -0500] "HEAD / HTTP/1.1" 200 -
201.245.192.253 - - [20/Jul/2015:00:43:11 -0500] "GET /forest/session.jsp?a=0.5250969176383461 HTTP/1.1" 200 4
207.46.13.0 - - [20/Jul/2015:00:43:13 -0500] "GET / HTTP/1.1" 200 10190
66.249.75.156 - - [20/Jul/2015:00:43:36 -0500] "GET /BLA/resoluciones/RESOLUCIONES%202011/4560.pdf HTTP/1.1" 304 -
66.249.88.223 - - [20/Jul/2015:00:43:56 -0500] "GET /galeria/galeria/jquery.fancybox.css?v=2.1.5 HTTP/1.1" 200 4895
66.249.88.233 - - [20/Jul/2015:00:43:56 -0500] "GET /BLA/boletinlegal/js/jquery.scrollShow.js HTTP/1.1" 200 4586
66.249.88.223 - - [20/Jul/2015:00:43:56 -0500] "GET /galeria/galeria/jquery.fancybox.js?v=2.1.5 HTTP/1.1" 200 48706
66.249.88.228 - - [20/Jul/2015:00:44:06 -0500] "GET /BLA/boletinlegal/js/jquery.scrollShow.js HTTP/1.1" 304 -
66.249.88.228 - - [20/Jul/2015:00:44:06 -0500] "GET /galeria/galeria/jquery.fancybox.js?v=2.1.5 HTTP/1.1" 304 -
66.249.88.228 - - [20/Jul/2015:00:44:06 -0500] "GET /galeria/galeria/jquery.fancybox.css?v=2.1.5 HTTP/1.1" 304 -
186.43.179.124 - - [20/Jul/2015:00:44:15 -0500] "GET /galeria/galeria/jquery.fancybox.css?v=2.1.5 HTTP/1.1" 200 4895
186.43.179.124 - - [20/Jul/2015:00:44:15 -0500] "GET /BLA/boletinlegal/js/jquery.scrollShow.js HTTP/1.1" 200 4586
186.43.179.124 - - [20/Jul/2015:00:44:15 -0500] "GET /galeria/galeria/jquery.fancybox.js?v=2.1.5 HTTP/1.1" 200 48706
186.43.179.124 - - [20/Jul/2015:00:44:30 -0500] "GET /galeria/galeria/jquery.fancybox.css?v=2.1.5 HTTP/1.1" 304 -
186.43.179.124 - - [20/Jul/2015:00:44:30 -0500] "GET /BLA/boletinlegal/js/jquery.scrollShow.js HTTP/1.1" 304 -
186.43.179.124 - - [20/Jul/2015:00:44:30 -0500] "GET /galeria/galeria/jquery.fancybox.js?v=2.1.5 HTTP/1.1" 304 -
181.145.12.163 - - [20/Jul/2015:00:45:16 -0500] "GET /galeria/galeria/jquery.fancybox.css?v=2.1.5 HTTP/1.1" 200 4895
181.145.12.163 - - [20/Jul/2015:00:45:16 -0500] "GET /BLA/boletinlegal/js/jquery.scrollShow.js HTTP/1.1" 200 4586
181.145.12.163 - - [20/Jul/2015:00:45:16 -0500] "GET /galeria/galeria/jquery.fancybox.js?v=2.1.5 HTTP/1.1" 200 48706
207.46.13.54 - - [20/Jul/2015:00:45:38 -0500] "GET /ecodirectorio/? HTTP/1.1" 200 4751
181.145.12.163 - - [20/Jul/2015:00:46:14 -0500] "GET /BLA/boletinlegal/js/jquery.scrollShow.js HTTP/1.1" 304 -
181.145.12.163 - - [20/Jul/2015:00:46:14 -0500] "GET /galeria/galeria/jquery.fancybox.js?v=2.1.5 HTTP/1.1" 304 -
181.145.12.163 - - [20/Jul/2015:00:46:14 -0500] "GET /galeria/galeria/jquery.fancybox.css?v=2.1.5 HTTP/1.1" 304 -
201.245.192.253 - - [20/Jul/2015:00:46:26 -0500] "GET /forest/session.jsp?a=0.6821435858678817 HTTP/1.1" 200 4
182.118.53.124 - - [20/Jul/2015:00:46:42 -0500] "GET / HTTP/1.1" 200 10190
199.195.118.53 - - [20/Jul/2015:00:46:50 -0500] "GET / HTTP/1.1" 200 10190
207.46.13.0 - - [20/Jul/2015:00:47:00 -0500] "GET /Autoliquidacion/index.php?dir=TR\xc3\x83\xc2\x81MITES%20VERTIMIENTOS/&sort=name&order=asc HTTP/1.1" 200 6602
66.249.75.165 - - [20/Jul/2015:00:47:02 -0500] "GET /BLA/resoluciones/AUTOS%202013/1617.pdf HTTP/1.1" 304 -
98.176.140.120 - - [20/Jul/2015:00:47:12 -0500] "GET /webdav/x32.php?host=76.178.66.120&time=60&port=201 HTTP/1.1" 404 1018
66.249.75.165 - - [20/Jul/2015:00:47:20 -0500] "GET /BLA/resoluciones/RESOLUCIONES%202013/1197.pdf HTTP/1.1" 304 -
66.249.75.156 - - [20/Jul/2015:00:47:49 -0500] "GET /BLA/resoluciones/RESOLUCIONES%202007/RES%202007%20301%20AL%20400/RESOLUCION%200342%20DE%202007.pdf HTTP/1.1" 304 -
74.86.158.107 - - [20/Jul/2015:00:47:56 -0500] "HEAD / HTTP/1.1" 200 -
201.245.192.253 - - [20/Jul/2015:00:48:11 -0500] "GET /forest/session.jsp?a=0.5671594474843005 HTTP/1.1" 200 4
66.249.75.174 - - [20/Jul/2015:00:48:25 -0500] "GET /BLA/resoluciones/RESOLUCIONES%202010/7751.pdf HTTP/1.1" 304 -
66.249.75.165 - - [20/Jul/2015:00:48:26 -0500] "GET /BLA/resoluciones/RESOLUCIONES%202013/0800.pdf HTTP/1.1" 304 -
66.249.69.56 - - [20/Jul/2015:00:48:26 -0500] "GET / HTTP/1.1" 200 10190
66.249.75.156 - - [20/Jul/2015:00:48:27 -0500] "GET /BLA/resoluciones/AUTOS%202013/0953.pdf HTTP/1.1" 304 -
66.249.75.156 - - [20/Jul/2015:00:48:27 -0500] "GET /BLA/resoluciones/RESOLUCIONES%202011/0216.pdf HTTP/1.1" 304 -
66.249.75.174 - - [20/Jul/2015:00:48:27 -0500] "GET /BLA/resoluciones/RESOLUCIONES%202013/2071.pdf HTTP/1.1" 304 -
66.249.75.174 - - [20/Jul/2015:00:49:16 -0500] "GET /BLA/resoluciones/RESOLUCIONES%202010/6934.pdf HTTP/1.1" 304 -
66.249.75.165 - - [20/Jul/2015:00:49:16 -0500] "GET /BLA/resoluciones/RESOLUCIONES%202012/1104.pdf HTTP/1.1" 304 -
66.249.75.156 - - [20/Jul/2015:00:49:44 -0500] "GET /BLA/resoluciones/RESOLUCIONES%202010/5315.pdf HTTP/1.1" 304 -
66.249.75.165 - - [20/Jul/2015:00:49:44 -0500] "GET /BLA/resoluciones/RESOLUCIONES%202014/1220.pdf HTTP/1.1" 304 -
66.249.75.165 - - [20/Jul/2015:00:49:44 -0500] "GET /BLA/resoluciones/RESOLUCIONES%202010/5762.pdf HTTP/1.1" 304 -
66.249.75.165 - - [20/Jul/2015:00:49:45 -0500] "GET /BLA/resoluciones/RESOLUCIONES%202014/3750.pdf HTTP/1.1" 304 -
66.249.75.165 - - [20/Jul/2015:00:49:45 -0500] "GET /BLA/resoluciones/RESOLUCIONES%202007/RES%202007%201501%20AL%201600/RESOLUCION%201505%20DE%202007.pdf HTTP/1.1" 304 -
66.249.75.165 - - [20/Jul/2015:00:49:46 -0500] "GET /BLA/resoluciones/RESOLUCIONES%202013/2765.pdf HTTP/1.1" 304 -
66.249.75.165 - - [20/Jul/2015:00:49:46 -0500] "GET /autoliquidacion/index.php?dir=Solicitudes+relacionadas+con+calidad+del+aire+auditiva+y+visual%2F HTTP/1.1" 200 5748
66.249.75.165 - - [20/Jul/2015:00:49:47 -0500] "GET /BLA/resoluciones/AUTOS%202010/6936.pdf HTTP/1.1" 304 -
201.245.192.253 - - [20/Jul/2015:00:51:26 -0500] "GET /forest/session.jsp?a=0.9201606985385495 HTTP/1.1" 200 4
201.234.75.11 - - [20/Jul/2015:00:52:14 -0500] "GET /galeria/nivo-slider/demo/images/ecolectaabril20.jpg HTTP/1.1" 304 -
74.86.158.107 - - [20/Jul/2015:00:52:56 -0500] "HEAD / HTTP/1.1" 200 -
201.245.192.253 - - [20/Jul/2015:00:53:11 -0500] "GET /forest/session.jsp?a=0.20912001955458936 HTTP/1.1" 200 4
207.46.13.0 - - [20/Jul/2015:00:54:50 -0500] "GET /StormSDA/storm/STORMFormula.jar HTTP/1.1" 200 73915
207.46.13.54 - - [20/Jul/2015:00:55:19 -0500] "GET /sig/Participaci%C3%B3n/126PM01-PR05.pdf HTTP/1.1" 200 1269408
66.249.75.174 - - [20/Jul/2015:00:56:08 -0500] "GET /BLA/resoluciones/RESOLUCIONES%202013/2765.pdf HTTP/1.1" 304 -
201.245.192.253 - - [20/Jul/2015:00:56:26 -0500] "GET /forest/session.jsp?a=0.37208534211057853 HTTP/1.1" 200 4
66.249.75.174 - - [20/Jul/2015:00:56:55 -0500] "GET /BLA/resoluciones/RESOLUCIONES%202009/4663.pdf HTTP/1.1" 304 -
66.249.75.174 - - [20/Jul/2015:00:56:55 -0500] "GET /BLA/resoluciones/RESOLUCIONES%202008/0026.pdf HTTP/1.1" 304 -
66.249.75.165 - - [20/Jul/2015:00:56:56 -0500] "GET /BLA/resoluciones/RESOLUCIONES%202008/5142.pdf HTTP/1.1" 304 -
74.86.158.107 - - [20/Jul/2015:00:57:56 -0500] "HEAD / HTTP/1.1" 200 -
201.245.192.253 - - [20/Jul/2015:00:58:11 -0500] "GET /forest/session.jsp?a=0.6628201197113253 HTTP/1.1" 200 4
66.249.75.174 - - [20/Jul/2015:00:58:22 -0500] "GET /BLA/resoluciones/AUTOS%202012/2523.pdf HTTP/1.1" 304 -
66.249.75.156 - - [20/Jul/2015:00:58:22 -0500] "GET /BLA/resoluciones/RESOLUCIONES%202011/1022.pdf HTTP/1.1" 304 -
66.249.69.56 - - [20/Jul/2015:00:58:23 -0500] "GET /Anexos%20estudio%20Organizacional%20SDA/ANEXO%20No.%203-%20CONTRATACI%C3%93N%20%20OPS%C2%B4s%202008-2012/CONTRATOS%20SDA%202011%20POR%20DEPENDENCIA.xls HTTP/1.1" 304 -
66.249.75.174 - - [20/Jul/2015:00:58:23 -0500] "GET /BLA/resoluciones/RESOLUCIONES%202011/0382.pdf HTTP/1.1" 304 -
66.249.69.40 - - [20/Jul/2015:00:58:24 -0500] "GET /ecodirectorio/files/res/other/search.txt HTTP/1.1" 304 -
207.46.13.0 - - [20/Jul/2015:00:59:03 -0500] "GET /StormSDA/userFiles/user_files/97/?C=M;O=A HTTP/1.1" 200 817
66.249.75.174 - - [20/Jul/2015:00:59:54 -0500] "GET /BLA/resoluciones/RESOLUCIONES%202013/0125.pdf HTTP/1.1" 304 -
66.249.69.56 - - [20/Jul/2015:00:59:54 -0500] "GET /BLA/boletinlegal/jurisprudencia.php HTTP/1.1" 200 12451
157.55.39.71 - - [20/Jul/2015:01:00:35 -0500] "GET /SIG/ECS/126PM04-PR30.pdf HTTP/1.1" 200 7953742
66.249.75.165 - - [20/Jul/2015:01:00:38 -0500] "GET /BLA/resoluciones/RESOLUCIONES%202007/RES%202007%202401%20AL%202500/RESOLUCION%202401%20DE%202007.pdf HTTP/1.1" 304 -
66.249.75.165 - - [20/Jul/2015:01:00:38 -0500] "GET /BLA/resoluciones/RESOLUCIONES%202011/2646.pdf HTTP/1.1" 304 -
66.249.75.156 - - [20/Jul/2015:01:00:39 -0500] "GET /BLA/resoluciones/AUTOS%202011/4157.pdf HTTP/1.1" 304 -
66.249.75.174 - - [20/Jul/2015:01:00:39 -0500] "GET /BLA/resoluciones/AUTOS%202013/2086.pdf HTTP/1.1" 304 -
66.249.69.56 - - [20/Jul/2015:01:00:58 -0500] "GET /Anexos%20estudio%20Organizacional%20SDA/ANEXO%20No.%203-%20CONTRATACI%C3%93N%20%20OPS%C2%B4s%202008-2012/CONTRATOS%20SDA%202009%20POR%20DEPENDENCIA%20(1).xls HTTP/1.1" 304 -
181.49.60.50 - - [20/Jul/2015:01:01:20 -0500] "GET /EAAB/ComunicacionesSVCBean.wsdl HTTP/1.1" 200 3544
201.245.192.253 - - [20/Jul/2015:01:01:26 -0500] "GET /forest/session.jsp?a=0.9200802330538276 HTTP/1.1" 200 4
66.249.75.156 - - [20/Jul/2015:01:01:27 -0500] "GET /BLA/resoluciones/RESOLUCIONES%202013/0848.pdf HTTP/1.1" 304 -
66.249.69.40 - - [20/Jul/2015:01:01:55 -0500] "GET /BLA/boletinlegal/actas/097-2013.pdf HTTP/1.1" 304 -
66.249.75.156 - - [20/Jul/2015:01:02:24 -0500] "GET /BLA/resoluciones/RESOLUCIONES%202007/RES%202007%202401%20AL%202500/RESOLUCION%202488%20DE%202007.pdf HTTP/1.1" 304 -
66.249.69.40 - - [20/Jul/2015:01:02:36 -0500] "GET /css/ HTTP/1.1" 200 1157
66.249.69.56 - - [20/Jul/2015:01:02:53 -0500] "GET /POT-2013/Cartografia/29_EDIFICABILIDAD.pdf HTTP/1.1" 304 -
74.86.158.107 - - [20/Jul/2015:01:02:56 -0500] "HEAD / HTTP/1.1" 200 -
88.198.233.69 - - [20/Jul/2015:01:03:00 -0500] "GET / HTTP/1.1" 200 10190
157.55.39.71 - - [20/Jul/2015:01:03:07 -0500] "GET /Autoliquidacion/index.php?dir=Solicitudes%20relacionadas%20con%20calidad%20del%20aire%20auditiva%20y%20visual/Evaluaci\xc3\xb3n%20conceptos%20favorabilidad%20realizaci\xc3\xb3n%20Eventos/&sort=date&order=asc HTTP/1.1" 200 6956
201.245.192.253 - - [20/Jul/2015:01:03:11 -0500] "GET /forest/session.jsp?a=0.2416709321050059 HTTP/1.1" 200 4
180.76.15.146 - - [20/Jul/2015:01:03:23 -0500] "GET / HTTP/1.1" 200 10190
181.50.7.189 - - [20/Jul/2015:01:03:24 -0500] "GET /BLA/boletinlegal/js/jquery.scrollShow.js HTTP/1.1" 200 4586
181.50.7.189 - - [20/Jul/2015:01:03:24 -0500] "GET /galeria/galeria/jquery.fancybox.js?v=2.1.5 HTTP/1.1" 200 48706
181.50.7.189 - - [20/Jul/2015:01:03:25 -0500] "GET /galeria/galeria/jquery.fancybox.css?v=2.1.5 HTTP/1.1" 200 4895
181.50.7.189 - - [20/Jul/2015:01:03:25 -0500] "GET /galeria/carrusel/Carrusel/jquery.thumbnailScroller.css HTTP/1.1" 200 2066
181.50.7.189 - - [20/Jul/2015:01:03:26 -0500] "GET /galeria/carrusel/Carrusel/jquery-ui-1.8.13.custom.min.js HTTP/1.1" 200 10800
181.50.7.189 - - [20/Jul/2015:01:03:26 -0500] "GET /galeria/carrusel/Carrusel/jquery.thumbnailScroller.js HTTP/1.1" 200 8157
181.50.7.189 - - [20/Jul/2015:01:03:30 -0500] "GET /galeria/nivo-slider/demo/demo.html HTTP/1.1" 200 5224
181.50.7.189 - - [20/Jul/2015:01:03:33 -0500] "GET /galeria/nivo-slider/themes/default/default.css HTTP/1.1" 200 1569
181.50.7.189 - - [20/Jul/2015:01:03:34 -0500] "GET /galeria/nivo-slider/themes/pascal/pascal.css HTTP/1.1" 200 2258
181.50.7.189 - - [20/Jul/2015:01:03:34 -0500] "GET /galeria/nivo-slider/themes/orman/orman.css HTTP/1.1" 200 2152
181.50.7.189 - - [20/Jul/2015:01:03:34 -0500] "GET /galeria/nivo-slider/nivo-slider.css HTTP/1.1" 200 1507
181.50.7.189 - - [20/Jul/2015:01:03:34 -0500] "GET /galeria/nivo-slider/demo/style.css HTTP/1.1" 200 2222
181.50.7.189 - - [20/Jul/2015:01:03:34 -0500] "GET /galeria/nivo-slider/demo/scripts/jquery-1.7.1.min.js HTTP/1.1" 200 93868
181.50.7.189 - - [20/Jul/2015:01:03:34 -0500] "GET /galeria/nivo-slider/jquery.nivo.slider.pack.js HTTP/1.1" 200 11561
181.50.7.189 - - [20/Jul/2015:01:03:35 -0500] "GET /galeria/nivo-slider/demo/images/Rendicion-de-cuentas.jpg HTTP/1.1" 200 309079
181.50.7.189 - - [20/Jul/2015:01:03:35 -0500] "GET /galeria/nivo-slider/demo/images/banner-llantas2.jpg HTTP/1.1" 200 204644
181.50.7.189 - - [20/Jul/2015:01:03:35 -0500] "GET /galeria/nivo-slider/demo/images/Semana-PYBA.jpg HTTP/1.1" 200 147360
181.50.7.189 - - [20/Jul/2015:01:03:44 -0500] "GET /galeria/nivo-slider/themes/default/loading.gif HTTP/1.1" 200 1737
181.50.7.189 - - [20/Jul/2015:01:03:44 -0500] "GET /galeria/nivo-slider/demo/images/4Simple_Slider.png HTTP/1.1" 200 11722
181.50.7.189 - - [20/Jul/2015:01:03:46 -0500] "GET /galeria/nivo-slider/demo/images/PREDAcamp.jpg HTTP/1.1" 200 295358
181.50.7.189 - - [20/Jul/2015:01:03:47 -0500] "GET /galeria/nivo-slider/demo/images/VoluntariadoPYBA.jpg HTTP/1.1" 200 40647
181.50.7.189 - - [20/Jul/2015:01:03:47 -0500] "GET /galeria/nivo-slider/demo/images/9Signos.jpg HTTP/1.1" 200 81776
181.50.7.189 - - [20/Jul/2015:01:03:50 -0500] "GET /galeria/nivo-slider/demo/images/Comparendo-ambiental-Banner.jpg HTTP/1.1" 200 83731
181.50.7.189 - - [20/Jul/2015:01:03:51 -0500] "GET /galeria/nivo-slider/demo/images/GAE-banner.jpg HTTP/1.1" 200 97556
181.50.7.189 - - [20/Jul/2015:01:03:52 -0500] "GET /galeria/nivo-slider/demo/images/Banner-encuesta-de-percepscio.jpg HTTP/1.1" 200 201899
181.50.7.189 - - [20/Jul/2015:01:03:54 -0500] "GET /galeria/nivo-slider/demo/images/banner-Pacto-por-la-madera.jpg HTTP/1.1" 200 209966
181.50.7.189 - - [20/Jul/2015:01:03:54 -0500] "GET /galeria/nivo-slider/demo/images/acuerdo_569.jpg HTTP/1.1" 200 62670
181.50.7.189 - - [20/Jul/2015:01:03:56 -0500] "GET /galeria/nivo-slider/demo/images/Licitaciones-proyecto-paramo.jpg HTTP/1.1" 200 221877
181.50.7.189 - - [20/Jul/2015:01:03:58 -0500] "GET /galeria/nivo-slider/demo/images/Banner-Directorio.jpg HTTP/1.1" 200 182068
181.50.7.189 - - [20/Jul/2015:01:04:00 -0500] "GET /galeria/nivo-slider/demo/images/Banner-decreto1299.jpg HTTP/1.1" 200 182613
181.50.7.189 - - [20/Jul/2015:01:04:04 -0500] "GET /galeria/nivo-slider/demo/images/Ruta-vertimientos-01.jpg HTTP/1.1" 200 130151
181.50.7.189 - - [20/Jul/2015:01:04:06 -0500] "GET /galeria/nivo-slider/demo/images/Conoce-los-humedales.jpg HTTP/1.1" 200 294036
181.50.7.189 - - [20/Jul/2015:01:04:06 -0500] "GET /galeria/nivo-slider/demo/images/bolsas-06.jpg HTTP/1.1" 200 90982
181.50.7.189 - - [20/Jul/2015:01:04:17 -0500] "GET /galeria/nivo-slider/demo/images/ecolecta-Dic2014.png HTTP/1.1" 200 288593
181.50.7.189 - - [20/Jul/2015:01:04:18 -0500] "GET /galeria/nivo-slider/demo/images/Banner-Caracol-Africano.jpg HTTP/1.1" 200 331986
180.76.15.134 - - [20/Jul/2015:01:04:20 -0500] "GET / HTTP/1.1" 200 10190
181.50.7.189 - - [20/Jul/2015:01:04:28 -0500] "GET /galeria/nivo-slider/themes/default/arrows.png HTTP/1.1" 200 824
181.50.7.189 - - [20/Jul/2015:01:04:28 -0500] "GET /galeria/nivo-slider/themes/default/bullets.png HTTP/1.1" 200 1281
207.46.13.54 - - [20/Jul/2015:01:05:40 -0500] "GET /dama/libreria/php/picoyplaca/faq.php HTTP/1.1" 404 1019
180.76.15.147 - - [20/Jul/2015:01:06:25 -0500] "GET /BLA/boletinlegal/Circulares/2011/Circular%20No.%202%20del%2026%20de%20Mayo%20de%202011.pdf HTTP/1.1" 200 644194
201.245.192.253 - - [20/Jul/2015:01:06:26 -0500] "GET /forest/session.jsp?a=0.3772207836508844 HTTP/1.1" 200 4
66.249.75.165 - - [20/Jul/2015:01:06:35 -0500] "GET /BLA/resoluciones/AUTOS%202012/2170.pdf HTTP/1.1" 304 -
66.249.75.165 - - [20/Jul/2015:01:06:36 -0500] "GET /BLA/resoluciones/RESOLUCIONES%202010/0319.pdf HTTP/1.1" 304 -
66.249.75.156 - - [20/Jul/2015:01:06:36 -0500] "GET /BLA/resoluciones/AUTOS%202007/1738.pdf HTTP/1.1" 200 35605
66.249.75.165 - - [20/Jul/2015:01:06:37 -0500] "GET /resoluciones/RESOLUCIONES%202007/RES%202007%203001%20AL%203100/RESOLUCION%203053%20DE%202007.pdf HTTP/1.1" 404 1018
216.51.232.61 - - [20/Jul/2015:01:06:40 -0500] "GET /wp-admin/ HTTP/1.1" 404 1018
66.249.75.165 - - [20/Jul/2015:01:06:43 -0500] "GET /BLA/resoluciones/AUTOS%202007/2284.pdf HTTP/1.1" 200 95526
157.55.39.142 - - [20/Jul/2015:01:06:46 -0500] "GET /StormSDA/stormWeb/img/?C=S;O=A HTTP/1.1" 200 2925
66.249.75.174 - - [20/Jul/2015:01:06:51 -0500] "GET /BLA/resoluciones/RESOLUCIONES%202009/8580.pdf HTTP/1.1" 200 500872
66.249.75.156 - - [20/Jul/2015:01:06:53 -0500] "GET /BLA/resoluciones/RESOLUCIONES%202009/4583.pdf HTTP/1.1" 200 642899
66.249.75.156 - - [20/Jul/2015:01:06:54 -0500] "GET /BLA/resoluciones/AUTOS%202007/3835.pdf HTTP/1.1" 200 82277
66.249.75.174 - - [20/Jul/2015:01:06:56 -0500] "GET /BLA/resoluciones/AUTOS%202009/0597.pdf HTTP/1.1" 200 128539
66.249.75.165 - - [20/Jul/2015:01:06:58 -0500] "GET /BLA/resoluciones/RESOLUCIONES%202010/2054.pdf HTTP/1.1" 200 197365
66.249.75.174 - - [20/Jul/2015:01:07:00 -0500] "GET /BLA/resoluciones/RESOLUCIONES%202010/2340.pdf HTTP/1.1" 200 525331
66.249.75.165 - - [20/Jul/2015:01:07:01 -0500] "GET /BLA/resoluciones/RESOLUCIONES%202009/8420.pdf HTTP/1.1" 200 465979
66.249.75.156 - - [20/Jul/2015:01:07:03 -0500] "GET /BLA/resoluciones/RESOLUCIONES%202010/7726.pdf HTTP/1.1" 200 525072
66.249.75.174 - - [20/Jul/2015:01:07:04 -0500] "GET /BLA/resoluciones/RESOLUCIONES%202007/RES%202007%203001%20AL%203100/RESOLUCION%203013%20DE%202007.pdf HTTP/1.1" 200 2381492
66.249.75.156 - - [20/Jul/2015:01:07:10 -0500] "GET /BLA/resoluciones/RESOLUCIONES%202010/4706.pdf HTTP/1.1" 200 752945
66.249.75.165 - - [20/Jul/2015:01:07:11 -0500] "GET /BLA/resoluciones/RESOLUCIONES%202008/3709.pdf HTTP/1.1" 200 286105
66.249.75.156 - - [20/Jul/2015:01:07:12 -0500] "GET /BLA/resoluciones/RESOLUCIONES%202009/5444.pdf HTTP/1.1" 200 529033
66.249.75.174 - - [20/Jul/2015:01:07:13 -0500] "GET /BLA/resoluciones/RESOLUCIONES%202009/9152.pdf HTTP/1.1" 200 435595
74.86.158.107 - - [20/Jul/2015:01:07:56 -0500] "HEAD / HTTP/1.1" 200 -
201.245.192.253 - - [20/Jul/2015:01:08:11 -0500] "GET /forest/session.jsp?a=0.08134270696666512 HTTP/1.1" 200 4
66.249.75.174 - - [20/Jul/2015:01:08:30 -0500] "GET /BLA/resoluciones/RESOLUCIONES%202008/0407.pdf HTTP/1.1" 304 -
66.249.75.156 - - [20/Jul/2015:01:08:30 -0500] "GET /BLA/resoluciones/RESOLUCIONES%202007/RES%202007%202501%20AL%202600/RESOLUCION%202551%20DE%202007.pdf HTTP/1.1" 304 -
66.249.69.48 - - [20/Jul/2015:01:10:22 -0500] "GET /PruebasSTORM/StormSDA_pruebas/userFiles/user_files/listas/126.xml HTTP/1.1" 200 192
66.249.75.165 - - [20/Jul/2015:01:10:41 -0500] "GET /galeria/nivo-slider/demo/images/Libertad-Prensa.jpg HTTP/1.1" 200 244417
157.55.39.143 - - [20/Jul/2015:01:11:20 -0500] "GET /robots.txt HTTP/1.1" 404 1019
201.245.192.253 - - [20/Jul/2015:01:11:26 -0500] "GET /forest/session.jsp?a=0.36897169019136933 HTTP/1.1" 200 4
157.55.39.143 - - [20/Jul/2015:01:11:28 -0500] "GET /StormSDA/userFiles%20-%20Copy%2019-07-2012/user_files/88/ HTTP/1.1" 200 877
74.86.158.107 - - [20/Jul/2015:01:12:56 -0500] "HEAD / HTTP/1.1" 200 -
201.245.192.253 - - [20/Jul/2015:01:13:11 -0500] "GET /forest/session.jsp?a=0.048979711220249134 HTTP/1.1" 200 4
157.55.12.73 - - [20/Jul/2015:01:14:28 -0500] "GET /css/bootstrap.min.css HTTP/1.1" 200 105939
157.55.12.73 - - [20/Jul/2015:01:14:28 -0500] "GET /css/style.css HTTP/1.1" 200 3610
157.55.12.73 - - [20/Jul/2015:01:14:31 -0500] "GET /js/jquery.js HTTP/1.1" 200 97120
157.55.12.73 - - [20/Jul/2015:01:14:31 -0500] "GET /images/SDA.jpg HTTP/1.1" 200 48976
157.55.12.73 - - [20/Jul/2015:01:14:34 -0500] "GET /images/NINOS.jpg HTTP/1.1" 200 44828
157.55.12.73 - - [20/Jul/2015:01:14:36 -0500] "GET /images/RMCAB.jpg HTTP/1.1" 200 49926
157.55.12.73 - - [20/Jul/2015:01:14:37 -0500] "GET /images/BLA.jpg HTTP/1.1" 200 34672
157.55.12.73 - - [20/Jul/2015:01:14:37 -0500] "GET /images/SDQS.jpg HTTP/1.1" 200 47976
157.55.12.73 - - [20/Jul/2015:01:14:37 -0500] "GET /js/bootstrap.min.js HTTP/1.1" 200 28538
157.55.12.73 - - [20/Jul/2015:01:14:38 -0500] "GET /images/CORREO.jpg HTTP/1.1" 200 39337
157.55.12.73 - - [20/Jul/2015:01:14:38 -0500] "GET /images/CATALOGO.jpg HTTP/1.1" 200 35661
216.51.232.61 - - [20/Jul/2015:01:14:42 -0500] "GET /test/wp-admin/ HTTP/1.1" 404 1018
66.249.75.156 - - [20/Jul/2015:01:15:02 -0500] "GET /BLA/resoluciones/RESOLUCIONES%202007/RES%202007%202001%20AL%202100/RESOLUCION%202015%20DE%202007.pdf HTTP/1.1" 200 527468
157.55.39.71 - - [20/Jul/2015:01:15:56 -0500] "GET /StormSDA/userFiles/user_files/86/?C=S;O=A HTTP/1.1" 200 817
76.20.63.84 - - [20/Jul/2015:01:15:59 -0500] "GET /galeria/galeria/jquery.fancybox.css?v=2.1.5 HTTP/1.1" 200 4895
76.20.63.84 - - [20/Jul/2015:01:15:59 -0500] "GET /galeria/galeria/jquery.fancybox.js?v=2.1.5 HTTP/1.1" 200 48706
76.20.63.84 - - [20/Jul/2015:01:15:59 -0500] "GET /BLA/boletinlegal/js/jquery.scrollShow.js HTTP/1.1" 200 4586
201.245.192.253 - - [20/Jul/2015:01:16:26 -0500] "GET /forest/session.jsp?a=0.02968371001022274 HTTP/1.1" 200 4
157.55.39.142 - - [20/Jul/2015:01:16:48 -0500] "GET /robots.txt HTTP/1.1" 404 1019
157.55.39.142 - - [20/Jul/2015:01:16:59 -0500] "GET /Autoliquidacion/index.php?dir=TR\xc3\x83\xc2\x83\xc3\x82\xc2\x81MITES%20AGUAS%20SUBTERR\xc3\x83\xc2\x83\xc3\x82\xc2\x81NEAS/126PM04-PR91-CONCESI\xc3\x83\xc2\x83\xc3\x82\xc2\x92N%20DE%20AGUAS%20SUBTERRANEAS/&sort=date&order=desc HTTP/1.1" 200 6884
74.86.158.107 - - [20/Jul/2015:01:17:56 -0500] "HEAD / HTTP/1.1" 200 -
201.245.192.253 - - [20/Jul/2015:01:18:11 -0500] "GET /forest/session.jsp?a=0.1439003464282007 HTTP/1.1" 200 4
207.244.175.103 - - [20/Jul/2015:01:18:21 -0500] "GET / HTTP/1.1" 200 10190
207.244.175.103 - - [20/Jul/2015:01:18:21 -0500] "GET /css/style.css HTTP/1.1" 200 3610
207.244.175.103 - - [20/Jul/2015:01:18:21 -0500] "GET /css/bootstrap.min.css HTTP/1.1" 200 105939
207.244.175.103 - - [20/Jul/2015:01:18:21 -0500] "GET /js/jquery.js HTTP/1.1" 200 97120
207.244.175.103 - - [20/Jul/2015:01:18:21 -0500] "GET /js/bootstrap.min.js HTTP/1.1" 200 28538
157.55.39.9 - - [20/Jul/2015:01:18:39 -0500] "GET /dama/libreria/php/decide.php?patron=03.130304 HTTP/1.1" 404 1019
207.46.13.54 - - [20/Jul/2015:01:18:43 -0500] "GET /Autoliquidacion/index.php?dir=PERMISO%20DE%20OCUPACION%20DE%20SUELO/&sort=size&order=desc HTTP/1.1" 200 2393
157.55.39.142 - - [20/Jul/2015:01:19:02 -0500] "GET /sig/Gesti%C3%B3n%20de%20Recursos%20F%C3%ADsicos/126PA04-PR23.pdf HTTP/1.1" 200 90596
190.26.210.162 - - [20/Jul/2015:01:19:21 -0500] "GET /galeria/juegos/ear/EARI.swf HTTP/1.1" 200 526915
190.26.210.162 - - [20/Jul/2015:01:19:35 -0500] "GET /videos/galeria-cronicas/1V3wnplaylist.htm? HTTP/1.1" 200 4013
190.26.210.162 - - [20/Jul/2015:01:19:35 -0500] "GET /videos/galeria-cronicas/ HTTP/1.1" 200 3763
157.55.39.71 - - [20/Jul/2015:01:20:16 -0500] "GET /robots.txt HTTP/1.1" 404 1019
66.249.69.48 - - [20/Jul/2015:01:20:20 -0500] "GET /siac/documentos/Decreto%20Gas.pdf HTTP/1.1" 404 1019
66.249.69.48 - - [20/Jul/2015:01:20:34 -0500] "GET /dama/libreria/php/frame_detalle.php?h_id=664 HTTP/1.1" 404 1019
66.249.75.165 - - [20/Jul/2015:01:20:49 -0500] "GET /BLA/resoluciones/RESOLUCIONES%202010/4904.pdf HTTP/1.1" 200 756213
137.186.85.225 - - [20/Jul/2015:01:20:52 -0500] "GET /galeria/galeria/jquery.fancybox.js?v=2.1.5 HTTP/1.1" 200 48706
137.186.85.225 - - [20/Jul/2015:01:20:52 -0500] "GET /BLA/boletinlegal/js/jquery.scrollShow.js HTTP/1.1" 200 4586
137.186.85.225 - - [20/Jul/2015:01:20:52 -0500] "GET /galeria/galeria/jquery.fancybox.css?v=2.1.5 HTTP/1.1" 200 4895
190.24.189.133 - - [20/Jul/2015:01:20:56 -0500] "GET /BLA/resoluciones/RESOLUCIONES%202008/4566.pdf HTTP/1.1" 200 357135
137.186.85.225 - - [20/Jul/2015:01:20:58 -0500] "GET /BLA/boletinlegal/js/jquery.scrollShow.js HTTP/1.1" 304 -
137.186.85.225 - - [20/Jul/2015:01:20:58 -0500] "GET /galeria/galeria/jquery.fancybox.js?v=2.1.5 HTTP/1.1" 304 -
137.186.85.225 - - [20/Jul/2015:01:20:58 -0500] "GET /galeria/galeria/jquery.fancybox.css?v=2.1.5 HTTP/1.1" 304 -
66.249.75.174 - - [20/Jul/2015:01:21:03 -0500] "GET /BLA/resoluciones/RESOLUCIONES%202008/4979.pdf HTTP/1.1" 200 211717
157.55.39.71 - - [20/Jul/2015:01:21:14 -0500] "GET /POT-2013/Cartografia/03_Suelos%20de%20Protecci%C3%B3n.pdf HTTP/1.1" 200 3680887
157.55.39.71 - - [20/Jul/2015:01:21:17 -0500] "GET /Anexos%20estudio%20Organizacional%20SDA/index.php?dir=ANEXO%20No.%201-%20NORMAS%20LEGALES%20DE%20ESTRUCTURA%20Y%20PLANTA/&sort=size&order=asc HTTP/1.1" 200 11016
66.249.75.156 - - [20/Jul/2015:01:21:17 -0500] "GET /BLA/resoluciones/AUTOS%202007/1246.pdf HTTP/1.1" 200 68519
180.76.15.141 - - [20/Jul/2015:01:21:25 -0500] "GET /SIG/Gestion%20Recursos%20Financieros/126PA02-PR26%20REGISTRO%20INGRESOS%20NO%20TRIBUTARIO%20FDO.CTA.PGA.pdf HTTP/1.1" 200 692401
201.245.192.253 - - [20/Jul/2015:01:21:26 -0500] "GET /forest/session.jsp?a=0.46389271759617345 HTTP/1.1" 200 4
66.249.75.174 - - [20/Jul/2015:01:21:32 -0500] "GET /BLA/resoluciones/AUTOS%202007/3737.pdf HTTP/1.1" 200 543016
66.249.75.156 - - [20/Jul/2015:01:21:46 -0500] "GET /BLA/resoluciones/AUTOS%202009/0595.pdf HTTP/1.1" 200 121997
66.249.65.213 - - [20/Jul/2015:01:22:15 -0500] "GET /BLA/resoluciones/RESOLUCIONES%202009/6765.pdf HTTP/1.1" 200 665730
66.249.75.156 - - [20/Jul/2015:01:22:43 -0500] "GET /BLA/resoluciones/RESOLUCIONES%202010/1282.pdf HTTP/1.1" 200 101316
74.86.158.107 - - [20/Jul/2015:01:22:56 -0500] "HEAD / HTTP/1.1" 200 -
201.245.192.253 - - [20/Jul/2015:01:23:11 -0500] "GET /forest/session.jsp?a=0.9932720620371066 HTTP/1.1" 200 4
66.249.75.174 - - [20/Jul/2015:01:23:12 -0500] "GET /BLA/resoluciones/AUTOS%202008/0046.pdf HTTP/1.1" 200 88297
157.55.39.71 - - [20/Jul/2015:01:23:28 -0500] "GET /Autoliquidacion/index.php?dir=Grupo%20Forestal%20-%20Industria%20de%20la%20Madera/&sort=date&order=asc HTTP/1.1" 200 7255
216.51.232.61 - - [20/Jul/2015:01:23:34 -0500] "GET /wordpress/wp-admin/ HTTP/1.1" 404 1018
66.249.75.174 - - [20/Jul/2015:01:23:41 -0500] "GET /BLA/resoluciones/RESOLUCIONES%202009/5509.pdf HTTP/1.1" 200 498991
66.249.75.165 - - [20/Jul/2015:01:24:09 -0500] "GET /BLA/resoluciones/RESOLUCIONES%202010/3393.pdf HTTP/1.1" 200 330274
186.178.221.210 - - [20/Jul/2015:01:24:36 -0500] "GET /BLA/boletinlegal/js/jquery.scrollShow.js HTTP/1.1" 200 4586
186.178.221.210 - - [20/Jul/2015:01:24:36 -0500] "GET /galeria/galeria/jquery.fancybox.css?v=2.1.5 HTTP/1.1" 200 4895
186.178.221.210 - - [20/Jul/2015:01:24:36 -0500] "GET /galeria/galeria/jquery.fancybox.js?v=2.1.5 HTTP/1.1" 200 48706
66.249.75.174 - - [20/Jul/2015:01:24:38 -0500] "GET /BLA/resoluciones/RESOLUCIONES%202010/0746.pdf HTTP/1.1" 200 442605
66.249.75.165 - - [20/Jul/2015:01:25:07 -0500] "GET /BLA/resoluciones/RESOLUCIONES%202007/RES%202007%203001%20AL%203100/RESOLUCION%203056_%20DE%202007.pdf HTTP/1.1" 200 145178
186.178.221.210 - - [20/Jul/2015:01:25:18 -0500] "GET /BLA/boletinlegal/js/jquery.scrollShow.js HTTP/1.1" 304 -
186.178.221.210 - - [20/Jul/2015:01:25:18 -0500] "GET /galeria/galeria/jquery.fancybox.js?v=2.1.5 HTTP/1.1" 304 -
186.178.221.210 - - [20/Jul/2015:01:25:18 -0500] "GET /galeria/galeria/jquery.fancybox.css?v=2.1.5 HTTP/1.1" 304 -
66.249.75.165 - - [20/Jul/2015:01:25:35 -0500] "GET /BLA/resoluciones/AUTOS%202008/2914.pdf HTTP/1.1" 200 66298
66.249.75.156 - - [20/Jul/2015:01:26:04 -0500] "GET /BLA/resoluciones/AUTOS%202012/1252.pdf HTTP/1.1" 304 -
201.245.192.253 - - [20/Jul/2015:01:26:26 -0500] "GET /forest/session.jsp?a=0.4185783168136853 HTTP/1.1" 200 4
66.249.75.156 - - [20/Jul/2015:01:26:44 -0500] "GET /BLA/resoluciones/AUTOS%202007/3376.pdf HTTP/1.1" 200 99973
66.249.75.174 - - [20/Jul/2015:01:26:45 -0500] "GET /BLA/resoluciones/RESOLUCIONES%202011/4851.pdf HTTP/1.1" 304 -
66.249.75.156 - - [20/Jul/2015:01:26:45 -0500] "GET /Autoliquidacion/TR%C3%81MITES%20AGUAS%20SUPERFICIALES/FORMULARIO%20NACIONAL%20SOLICITUD%20-Concesion%20Aguas%20Superficiales.pdf HTTP/1.1" 304 -
66.249.69.40 - - [20/Jul/2015:01:26:46 -0500] "GET /BLA/boletinlegal/jurisprudencia/analisis/CUADRO%20SENTENCIA%20C-222%20DE%202011.doc HTTP/1.1" 304 -
66.249.69.116 - - [20/Jul/2015:01:26:48 -0500] "GET / HTTP/1.1" 200 10190
66.249.75.165 - - [20/Jul/2015:01:26:50 -0500] "GET /BLA/resoluciones/RESOLUCIONES%202010/1081.pdf HTTP/1.1" 200 554601
66.249.69.40 - - [20/Jul/2015:01:26:52 -0500] "GET /BLA/ HTTP/1.1" 200 538
66.249.75.174 - - [20/Jul/2015:01:26:54 -0500] "GET /BLA/resoluciones/RESOLUCIONES%202008/4143.pdf HTTP/1.1" 200 281328
207.46.13.54 - - [20/Jul/2015:01:27:07 -0500] "GET /Anexos%20estudio%20Organizacional%20SDA/index.php?dir=ANEXO%20No.%206%20-%20AN\xc3\x83\xc2\x83\xc3\x82\xc2\x81LISIS%20COMPARADO%20DECRETOS%20109%20Y%20175%202009%20VRS.%20ESTUDIO%20SERAMBIENTE/&sort=size&order=asc HTTP/1.1" 200 6277
66.249.75.165 - - [20/Jul/2015:01:26:55 -0500] "GET /BLA/boletinlegal/ HTTP/1.1" 200 50649
66.249.75.156 - - [20/Jul/2015:01:27:41 -0500] "GET /BLA/resoluciones/RESOLUCIONES%202011/1049.pdf HTTP/1.1" 200 389634
66.249.75.165 - - [20/Jul/2015:01:27:42 -0500] "GET /BLA/resoluciones/RESOLUCIONES%202008/5573.pdf HTTP/1.1" 200 256517
66.249.69.56 - - [20/Jul/2015:01:27:42 -0500] "GET /BLA/boletinlegal/jurisprudencia/analisis/Analisis%20Jurisprudencia%20Sent%202000-00005-01.doc HTTP/1.1" 304 -
66.249.75.156 - - [20/Jul/2015:01:27:43 -0500] "GET /BLA/resoluciones/RESOLUCIONES%202008/2510.pdf HTTP/1.1" 200 229003
66.249.75.165 - - [20/Jul/2015:01:27:45 -0500] "GET /BLA/resoluciones/RESOLUCIONES%202009/8142.pdf HTTP/1.1" 200 503033
74.86.158.107 - - [20/Jul/2015:01:27:56 -0500] "HEAD / HTTP/1.1" 200 -
181.194.173.223 - - [20/Jul/2015:01:27:57 -0500] "GET /galeria/galeria/jquery.fancybox.css?v=2.1.5 HTTP/1.1" 200 4895
181.194.173.223 - - [20/Jul/2015:01:27:57 -0500] "GET /BLA/boletinlegal/js/jquery.scrollShow.js HTTP/1.1" 200 4586
181.194.173.223 - - [20/Jul/2015:01:27:57 -0500] "GET /galeria/galeria/jquery.fancybox.js?v=2.1.5 HTTP/1.1" 200 48706
66.249.75.165 - - [20/Jul/2015:01:28:05 -0500] "GET /BLA/resoluciones/RESOLUCIONES%202010/1043.pdf HTTP/1.1" 200 143472
201.245.192.253 - - [20/Jul/2015:01:28:11 -0500] "GET /forest/session.jsp?a=0.3007866193559938 HTTP/1.1" 200 4
181.194.173.223 - - [20/Jul/2015:01:28:15 -0500] "GET /BLA/boletinlegal/js/jquery.scrollShow.js HTTP/1.1" 304 -
181.194.173.223 - - [20/Jul/2015:01:28:15 -0500] "GET /galeria/galeria/jquery.fancybox.css?v=2.1.5 HTTP/1.1" 304 -
181.194.173.223 - - [20/Jul/2015:01:28:15 -0500] "GET /galeria/galeria/jquery.fancybox.js?v=2.1.5 HTTP/1.1" 304 -
66.249.75.156 - - [20/Jul/2015:01:28:15 -0500] "GET /BLA/resoluciones/RESOLUCIONES%202009/1803.pdf HTTP/1.1" 304 -
66.249.75.156 - - [20/Jul/2015:01:28:15 -0500] "GET /stormWeb/ HTTP/1.1" 200 12126
123.125.71.72 - - [20/Jul/2015:01:28:41 -0500] "GET / HTTP/1.1" 200 10190
207.46.13.54 - - [20/Jul/2015:01:28:52 -0500] "GET /sig/ECS/126PM04-PR31.pdf HTTP/1.1" 200 4356716
64.233.172.235 - - [20/Jul/2015:01:28:59 -0500] "GET / HTTP/1.1" 200 10190
64.233.172.227 - - [20/Jul/2015:01:28:59 -0500] "GET /favicon.ico HTTP/1.1" 200 7782
66.249.75.174 - - [20/Jul/2015:01:29:56 -0500] "GET /BLA/resoluciones/RESOLUCIONES%202014/1941.pdf HTTP/1.1" 304 -
179.32.109.154 - - [20/Jul/2015:01:30:11 -0500] "GET /BLA/boletinlegal/js/jquery.scrollShow.js HTTP/1.1" 200 4586
179.32.109.154 - - [20/Jul/2015:01:30:11 -0500] "GET /galeria/galeria/jquery.fancybox.js?v=2.1.5 HTTP/1.1" 200 48706
179.32.109.154 - - [20/Jul/2015:01:30:12 -0500] "GET /galeria/galeria/jquery.fancybox.css?v=2.1.5 HTTP/1.1" 200 4895
179.32.109.154 - - [20/Jul/2015:01:30:25 -0500] "GET /BLA/boletinlegal/js/jquery.scrollShow.js HTTP/1.1" 304 -
179.32.109.154 - - [20/Jul/2015:01:30:25 -0500] "GET /galeria/galeria/jquery.fancybox.js?v=2.1.5 HTTP/1.1" 304 -
179.32.109.154 - - [20/Jul/2015:01:30:25 -0500] "GET /galeria/galeria/jquery.fancybox.css?v=2.1.5 HTTP/1.1" 304 -
201.234.75.11 - - [20/Jul/2015:01:31:04 -0500] "GET /galeria/nivo-slider/demo/images/banner-calidad-aire.jpg HTTP/1.1" 304 -
201.245.192.253 - - [20/Jul/2015:01:31:26 -0500] "GET /forest/session.jsp?a=0.2975169967709753 HTTP/1.1" 200 4
157.55.39.17 - - [20/Jul/2015:01:31:53 -0500] "GET /BLA/resoluciones/RESOLUCIONES%202010/2125.pdf HTTP/1.1" 200 232489
216.51.232.61 - - [20/Jul/2015:01:32:08 -0500] "GET /blog/wp-admin/ HTTP/1.1" 404 1018
157.55.39.4 - - [20/Jul/2015:01:32:49 -0500] "GET /galeria/nivo-slider/demo/demo.html HTTP/1.1" 200 5224
74.86.158.107 - - [20/Jul/2015:01:32:56 -0500] "HEAD / HTTP/1.1" 200 -
201.245.192.253 - - [20/Jul/2015:01:33:11 -0500] "GET /forest/session.jsp?a=0.5389960437461836 HTTP/1.1" 200 4
66.249.75.156 - - [20/Jul/2015:01:33:19 -0500] "GET /BLA/resoluciones/RESOLUCIONES%202009/0077.pdf HTTP/1.1" 304 -
180.76.15.136 - - [20/Jul/2015:01:36:25 -0500] "GET /SIG/Gestion%20Recursos%20Financieros/126PA02-PR22%20REGISTRO%20LITIGIOS%20Y%20DEMANDAS.pdf HTTP/1.1" 200 247658
201.245.192.253 - - [20/Jul/2015:01:36:26 -0500] "GET /forest/session.jsp?a=0.7058684368134704 HTTP/1.1" 200 4
157.55.39.70 - - [20/Jul/2015:01:36:47 -0500] "GET /portalsiaccapacitaciones/Listas%20de%20Asistencia%202013/Lista%20de%20Asistencia%20Capacitaci%C3%B3on%20Uso%20eficiente%20del%20Agua%20y%20Manejo%20de%20Vertimientos%2018-07-2013.pdf HTTP/1.1" 404 1019
66.249.69.56 - - [20/Jul/2015:01:36:10 -0500] "GET /BLA/boletinlegal/index.php HTTP/1.1" 200 50649
66.249.75.174 - - [20/Jul/2015:01:36:53 -0500] "GET /BLA/resoluciones/RESOLUCIONES%202010/6856.pdf HTTP/1.1" 200 672072
66.249.75.174 - - [20/Jul/2015:01:36:55 -0500] "GET /BLA/resoluciones/RESOLUCIONES%202010/5058.pdf HTTP/1.1" 200 759611
66.249.75.174 - - [20/Jul/2015:01:37:23 -0500] "GET /BLA/resoluciones/RESOLUCIONES%202007/RES%202007%202201%20AL%202300/RESOLUCION%202297%20DE%202007.pdf HTTP/1.1" 304 -
66.249.75.174 - - [20/Jul/2015:01:37:52 -0500] "GET /galeria/galeria/jquery.fancybox.css?v=2.1.5 HTTP/1.1" 200 4895
74.86.158.107 - - [20/Jul/2015:01:37:56 -0500] "HEAD / HTTP/1.1" 200 -
201.245.192.253 - - [20/Jul/2015:01:38:11 -0500] "GET /forest/session.jsp?a=0.9906289411366737 HTTP/1.1" 200 4
66.249.75.156 - - [20/Jul/2015:01:38:21 -0500] "GET /BLA/resoluciones/RESOLUCIONES%202010/7136.pdf HTTP/1.1" 304 -
66.249.75.174 - - [20/Jul/2015:01:38:50 -0500] "GET /BLA/resoluciones/Notificaciones/REGISTROS%202014/00934.doc HTTP/1.1" 304 -
186.118.69.208 - - [20/Jul/2015:01:39:16 -0500] "GET /galeria/galeria/jquery.fancybox.css?v=2.1.5 HTTP/1.1" 200 4895
186.118.69.208 - - [20/Jul/2015:01:39:16 -0500] "GET /BLA/boletinlegal/js/jquery.scrollShow.js HTTP/1.1" 200 4586
186.118.69.208 - - [20/Jul/2015:01:39:16 -0500] "GET /galeria/galeria/jquery.fancybox.js?v=2.1.5 HTTP/1.1" 200 48706
66.249.75.174 - - [20/Jul/2015:01:39:18 -0500] "GET /BLA/resoluciones/RESOLUCIONES%202007/RES%202007%201401%20AL%201500/RESOLUCION%201402%20DE%202007.pdf HTTP/1.1" 304 -
186.118.69.208 - - [20/Jul/2015:01:39:35 -0500] "GET /galeria/galeria/jquery.fancybox.css?v=2.1.5 HTTP/1.1" 304 -
186.118.69.208 - - [20/Jul/2015:01:39:35 -0500] "GET /galeria/galeria/jquery.fancybox.js?v=2.1.5 HTTP/1.1" 304 -
186.118.69.208 - - [20/Jul/2015:01:39:35 -0500] "GET /BLA/boletinlegal/js/jquery.scrollShow.js HTTP/1.1" 304 -
66.249.75.165 - - [20/Jul/2015:01:39:46 -0500] "GET /galeria/nivo-slider/demo/images/banner-caballos.png HTTP/1.1" 200 389106
216.51.232.61 - - [20/Jul/2015:01:39:51 -0500] "GET /wp/wp-admin/ HTTP/1.1" 404 1018
181.131.91.179 - - [20/Jul/2015:01:40:12 -0500] "GET /BLA/resoluciones/RESOLUCIONES%202007/RES%202007%202601%20AL%202700/RESOLUCION%202608%20DE%202007.pdf HTTP/1.1" 200 537451
66.249.75.156 - - [20/Jul/2015:01:40:14 -0500] "GET /BLA/resoluciones/RESOLUCIONES%202008/5735.pdf HTTP/1.1" 200 627672
157.55.39.143 - - [20/Jul/2015:01:40:38 -0500] "GET /SIG/index.php?dir=Gestion%20Documental/&sort=size&order=desc HTTP/1.1" 200 5566
66.249.75.165 - - [20/Jul/2015:01:40:41 -0500] "GET /BLA/resoluciones/AUTOS%202013/0174.pdf HTTP/1.1" 304 -
207.46.13.54 - - [20/Jul/2015:01:40:42 -0500] "GET /Autoliquidacion/index.php?dir=Solicitudes%20relacionadas%20con%20calidad%20del%20aire%20auditiva%20y%20visual/Evaluaci\xc3\xb3n%20conceptos%20favorabilidad%20realizaci\xc3\xb3n%20Eventos/&sort=size&order=asc HTTP/1.1" 200 6956
181.131.91.179 - - [20/Jul/2015:01:40:53 -0500] "GET /BLA/resoluciones/RESOLUCIONES%202007/RES%202007%202601%20AL%202700/RESOLUCION%202608%20DE%202007.pdf HTTP/1.1" 200 537451
66.249.75.156 - - [20/Jul/2015:01:41:08 -0500] "GET /BLA/resoluciones/RESOLUCIONES%202013/0466.pdf HTTP/1.1" 304 -
201.245.192.253 - - [20/Jul/2015:01:41:26 -0500] "GET /forest/session.jsp?a=0.9747416082963053 HTTP/1.1" 200 4
66.249.75.174 - - [20/Jul/2015:01:41:35 -0500] "GET /BLA/resoluciones/RESOLUCIONES%202012/1556.pdf HTTP/1.1" 304 -
66.249.75.174 - - [20/Jul/2015:01:42:02 -0500] "GET /BLA/resoluciones/RESOLUCIONES%202013/0074%20.pdf HTTP/1.1" 304 -
66.249.75.156 - - [20/Jul/2015:01:42:28 -0500] "GET /galeria/nivo-slider/demo/images/ HTTP/1.1" 200 177022
66.249.75.165 - - [20/Jul/2015:01:42:55 -0500] "GET /BLA/resoluciones/AUTOS%202013/0817.pdf HTTP/1.1" 304 -
74.86.158.107 - - [20/Jul/2015:01:42:56 -0500] "HEAD / HTTP/1.1" 200 -
201.245.192.253 - - [20/Jul/2015:01:43:11 -0500] "GET /forest/session.jsp?a=0.9064543720063083 HTTP/1.1" 200 4
66.249.75.174 - - [20/Jul/2015:01:43:20 -0500] "GET /BLA/resoluciones/RESOLUCIONES%202008/0409.pdf HTTP/1.1" 304 -
199.195.118.53 - - [20/Jul/2015:01:43:33 -0500] "GET / HTTP/1.1" 200 10190
66.249.69.56 - - [20/Jul/2015:01:43:46 -0500] "GET /POT-2013/index.php?dir=Cartografia%2F HTTP/1.1" 200 11465
66.249.75.174 - - [20/Jul/2015:01:44:11 -0500] "GET /BLA/resoluciones/RESOLUCIONES%202010/0417.pdf HTTP/1.1" 304 -
66.249.75.174 - - [20/Jul/2015:01:44:37 -0500] "GET /BLA/resoluciones/RESOLUCIONES%202007/RES%202007%204101%20AL%204200/RESOLUCION%204106%20DE%202007.pdf HTTP/1.1" 304 -
66.249.75.156 - - [20/Jul/2015:01:45:01 -0500] "GET /BLA/resoluciones/RESOLUCIONES%202014/1115.pdf HTTP/1.1" 304 -
66.249.75.174 - - [20/Jul/2015:01:45:26 -0500] "GET /BLA/resoluciones/RESOLUCIONES%202007/RES%202007%201401%20AL%201500/RESOLUCION%201409%20DE%202007.pdf HTTP/1.1" 304 -
66.249.75.156 - - [20/Jul/2015:01:45:50 -0500] "GET /BLA/resoluciones/RESOLUCIONES%202008/0896.pdf HTTP/1.1" 304 -
191.110.180.136 - - [20/Jul/2015:01:46:06 -0500] "GET /BLA/boletinlegal/js/jquery.scrollShow.js HTTP/1.1" 200 4586
191.110.180.136 - - [20/Jul/2015:01:46:06 -0500] "GET /galeria/galeria/jquery.fancybox.js?v=2.1.5 HTTP/1.1" 200 48706
191.110.180.136 - - [20/Jul/2015:01:46:06 -0500] "GET /galeria/galeria/jquery.fancybox.css?v=2.1.5 HTTP/1.1" 200 4895
66.249.75.165 - - [20/Jul/2015:01:46:15 -0500] "GET /BLA/resoluciones/RESOLUCIONES%202007/RES%202007%201401%20AL%201500/RESOLUCION%201407%20DE%202007.pdf HTTP/1.1" 304 -
201.245.192.253 - - [20/Jul/2015:01:46:26 -0500] "GET /forest/session.jsp?a=0.391113377449712 HTTP/1.1" 200 4
65.55.210.115 - - [20/Jul/2015:01:46:37 -0500] "GET /ecodirectorio/files/js/swfobject.js HTTP/1.1" 200 10220
65.55.210.115 - - [20/Jul/2015:01:46:38 -0500] "GET /ecodirectorio/files/js/swfaddress.js HTTP/1.1" 200 15916
65.55.210.115 - - [20/Jul/2015:01:46:38 -0500] "GET /ecodirectorio/files/mobile/index.html HTTP/1.1" 200 1036
65.55.210.115 - - [20/Jul/2015:01:46:38 -0500] "GET /ecodirectorio/files/mobile/styles/style.css HTTP/1.1" 200 14020
65.55.210.115 - - [20/Jul/2015:01:46:38 -0500] "GET /ecodirectorio/files/mobile/javascript/book.js HTTP/1.1" 200 184798
66.249.75.174 - - [20/Jul/2015:01:46:38 -0500] "GET /BLA/resoluciones/AUTOS%202012/1690.pdf HTTP/1.1" 304 -
65.55.210.115 - - [20/Jul/2015:01:46:39 -0500] "GET /ecodirectorio/files/res/mobile/properties.xml HTTP/1.1" 200 121629
65.55.210.115 - - [20/Jul/2015:01:46:40 -0500] "GET /ecodirectorio/files/mobile/styles/skinstyle_classicgrey.css HTTP/1.1" 200 14226
191.110.180.136 - - [20/Jul/2015:01:46:41 -0500] "GET /galeria/galeria/jquery.fancybox.css?v=2.1.5 HTTP/1.1" 304 -
191.110.180.136 - - [20/Jul/2015:01:46:41 -0500] "GET /galeria/galeria/jquery.fancybox.js?v=2.1.5 HTTP/1.1" 304 -
191.110.180.136 - - [20/Jul/2015:01:46:41 -0500] "GET /BLA/boletinlegal/js/jquery.scrollShow.js HTTP/1.1" 304 -
66.249.75.174 - - [20/Jul/2015:01:47:02 -0500] "GET /BLA/resoluciones/RESOLUCIONES%202012/0530.pdf HTTP/1.1" 304 -
66.249.75.165 - - [20/Jul/2015:01:47:26 -0500] "GET /BLA/resoluciones/RESOLUCIONES%202008/2580.pdf HTTP/1.1" 304 -
216.51.232.61 - - [20/Jul/2015:01:47:37 -0500] "GET /old/wp-admin/ HTTP/1.1" 404 1018
66.249.75.156 - - [20/Jul/2015:01:47:49 -0500] "GET /BLA/resoluciones/RESOLUCIONES%202012/1143.pdf HTTP/1.1" 304 -
180.76.15.25 - - [20/Jul/2015:01:47:55 -0500] "GET / HTTP/1.1" 200 10190
74.86.158.107 - - [20/Jul/2015:01:47:56 -0500] "HEAD / HTTP/1.1" 200 -
201.245.192.253 - - [20/Jul/2015:01:48:11 -0500] "GET /forest/session.jsp?a=0.7794697601332174 HTTP/1.1" 200 4
66.249.75.156 - - [20/Jul/2015:01:48:12 -0500] "GET /BLA/resoluciones/RESOLUCIONES%202012/0714.pdf HTTP/1.1" 304 -
180.76.15.160 - - [20/Jul/2015:01:48:34 -0500] "GET /StormSDA/forms/8.js HTTP/1.1" 200 875
66.249.75.165 - - [20/Jul/2015:01:48:34 -0500] "GET /BLA/resoluciones/RESOLUCIONES%202013/0825.pdf HTTP/1.1" 304 -
66.249.75.174 - - [20/Jul/2015:01:48:57 -0500] "GET /BLA/resoluciones/AUTOS%202014/3659.pdf HTTP/1.1" 304 -
180.76.15.34 - - [20/Jul/2015:01:49:00 -0500] "GET / HTTP/1.1" 200 10190
66.249.75.174 - - [20/Jul/2015:01:49:19 -0500] "GET /BLA/resoluciones/RESOLUCIONES%202007/RES%202007%204001%20AL%204100/RESOLUCION%204090%20DE%202007.pdf HTTP/1.1" 200 13950935
66.249.75.165 - - [20/Jul/2015:01:49:41 -0500] "GET /BLA/resoluciones/AUTOS%202011/3603.pdf HTTP/1.1" 304 -
66.249.75.165 - - [20/Jul/2015:01:50:03 -0500] "GET /BLA/resoluciones/RESOLUCIONES%202009/5692.pdf HTTP/1.1" 304 -
66.249.75.156 - - [20/Jul/2015:01:50:47 -0500] "GET /BLA/resoluciones/RESOLUCIONES%202012/1228.pdf HTTP/1.1" 304 -
66.249.75.174 - - [20/Jul/2015:01:51:08 -0500] "GET /BLA/resoluciones/RESOLUCIONES%202008/0410.pdf HTTP/1.1" 304 -
201.245.192.253 - - [20/Jul/2015:01:51:26 -0500] "GET /forest/session.jsp?a=0.2488986081618617 HTTP/1.1" 200 4
66.249.75.156 - - [20/Jul/2015:01:51:29 -0500] "GET /BLA/resoluciones/RESOLUCIONES%202014/0933.pdf HTTP/1.1" 304 -
66.249.75.174 - - [20/Jul/2015:01:51:50 -0500] "GET /BLA/resoluciones/RESOLUCIONES%202013/0468.pdf HTTP/1.1" 304 -
66.249.75.165 - - [20/Jul/2015:01:52:11 -0500] "GET /BLA/resoluciones/AUTOS%202013/0201.pdf HTTP/1.1" 304 -
66.249.75.156 - - [20/Jul/2015:01:52:32 -0500] "GET /BLA/resoluciones/RESOLUCIONES%202011/0190.pdf HTTP/1.1" 200 363330
66.249.75.174 - - [20/Jul/2015:01:52:52 -0500] "GET /BLA/resoluciones/RESOLUCIONES%202014/0452.pdf HTTP/1.1" 304 -
74.86.158.107 - - [20/Jul/2015:01:52:56 -0500] "HEAD / HTTP/1.1" 200 -
201.245.192.253 - - [20/Jul/2015:01:53:11 -0500] "GET /forest/session.jsp?a=0.666511250920645 HTTP/1.1" 200 4
66.249.75.174 - - [20/Jul/2015:01:53:12 -0500] "GET /BLA/resoluciones/RESOLUCIONES%202014/1488.pdf HTTP/1.1" 304 -
66.249.75.165 - - [20/Jul/2015:01:56:00 -0500] "GET /BLA/resoluciones/RESOLUCIONES%202011/4788.pdf HTTP/1.1" 304 -
201.245.192.253 - - [20/Jul/2015:01:56:27 -0500] "GET /forest/session.jsp?a=0.9145673703145851 HTTP/1.1" 200 4
157.55.39.71 - - [20/Jul/2015:01:57:53 -0500] "GET /Anexos%20estudio%20Organizacional%20SDA/index.php?dir=ANEXO%20No.%204%20-%20ENCUESTA%20DE%20AN\xc3\x83\xc2\x83\xc3\x82\xc2\x83\xc3\x83\xc2\x82\xc3\x82\xc2\x83\xc3\x83\xc2\x83\xc3\x82\xc2\x82\xc3\x83\xc2\x82\xc3\x82\xc2\x81LISIS%20ORGANIZACIONAL/&sort=date&order=desc HTTP/1.1" 200 6252
74.86.158.107 - - [20/Jul/2015:01:57:56 -0500] "HEAD / HTTP/1.1" 200 -
201.245.192.253 - - [20/Jul/2015:01:58:11 -0500] "GET /forest/session.jsp?a=0.3071548736208065 HTTP/1.1" 200 4
157.55.39.71 - - [20/Jul/2015:01:58:45 -0500] "GET /robots.txt HTTP/1.1" 404 1019
86.124.181.107 - - [20/Jul/2015:01:58:54 -0500] "GET / HTTP/1.1" 200 10190
157.55.39.71 - - [20/Jul/2015:01:58:56 -0500] "GET /sig/Comunicaciones/126PG02-PR01.pdf HTTP/1.1" 200 66589
66.249.75.165 - - [20/Jul/2015:01:59:20 -0500] "GET /BLA/resoluciones/RESOLUCIONES%202013/0812.pdf HTTP/1.1" 304 -
66.249.75.165 - - [20/Jul/2015:02:00:11 -0500] "GET /BLA/resoluciones/RESOLUCIONES%202008/3752.pdf HTTP/1.1" 200 500600
66.249.75.165 - - [20/Jul/2015:02:00:25 -0500] "GET /BLA/resoluciones/RESOLUCIONES%202014/1220.pdf HTTP/1.1" 304 -
66.249.75.165 - - [20/Jul/2015:02:00:40 -0500] "GET /BLA/resoluciones/RESOLUCIONES%202013/2071.pdf HTTP/1.1" 304 -
66.249.75.174 - - [20/Jul/2015:02:00:54 -0500] "GET /BLA/circulares/2-2011.pdf HTTP/1.1" 304 -
66.249.75.156 - - [20/Jul/2015:02:01:08 -0500] "GET /autoliquidacion/Grupo%20Forestal%20-%20Silvicultura/Estructura%20del%20SIADAMA.xls HTTP/1.1" 304 -
66.249.75.174 - - [20/Jul/2015:02:01:23 -0500] "GET /BLA/resoluciones/RESOLUCIONES%202007/RES%202007%203701%20AL%203800/RESOLUCION%203701%20DE%202007.pdf HTTP/1.1" 304 -
201.245.192.253 - - [20/Jul/2015:02:01:27 -0500] "GET /forest/session.jsp?a=0.2405587957133336 HTTP/1.1" 200 4
66.249.75.174 - - [20/Jul/2015:02:01:37 -0500] "GET /BLA/resoluciones/RESOLUCIONES%202012/1104.pdf HTTP/1.1" 304 -
66.249.75.174 - - [20/Jul/2015:02:02:06 -0500] "GET /BLA/resoluciones/RESOLUCIONES%202007/RES%202007%20501%20AL%20600/RESOLUCION%200507%20DE%202007.pdf HTTP/1.1" 304 -
66.249.75.165 - - [20/Jul/2015:02:02:34 -0500] "GET /BLA/resoluciones/RESOLUCIONES%202010/6285.pdf HTTP/1.1" 304 -
74.86.158.107 - - [20/Jul/2015:02:02:56 -0500] "HEAD / HTTP/1.1" 200 -
88.198.233.69 - - [20/Jul/2015:02:03:01 -0500] "GET / HTTP/1.1" 200 10190
66.249.75.156 - - [20/Jul/2015:02:03:03 -0500] "GET /BLA/resoluciones/AUTOS%202011/2146.pdf HTTP/1.1" 304 -
201.245.192.253 - - [20/Jul/2015:02:03:11 -0500] "GET /forest/session.jsp?a=0.4022569252047802 HTTP/1.1" 200 4
66.249.75.174 - - [20/Jul/2015:02:03:32 -0500] "GET /BLA/resoluciones/RESOLUCIONES%202007/RES%202007%20401%20AL%20500/RESOLUCION%200412%20DE%202007.pdf HTTP/1.1" 304 -
66.249.75.165 - - [20/Jul/2015:02:04:00 -0500] "GET /BLA/resoluciones/RESOLUCIONES%202010/6809.pdf HTTP/1.1" 304 -
66.249.75.156 - - [20/Jul/2015:02:04:29 -0500] "GET /BLA/resoluciones/RESOLUCIONES%202010/6934.pdf HTTP/1.1" 304 -
