!C99Shell v. 1.0 pre-release build #13!

Software: Apache. PHP/5.5.15 

uname -a: Windows NT SVR-DMZ 6.1 build 7600 (Windows Server 2008 R2 Enterprise Edition) i586 

SYSTEM 

Safe-mode: OFF (not secure)

E:\nuevo\apache\logs\   drwxrwxrwx
Free 9.41 GB of 239.26 GB (3.93%)
Detected drives: [ a ] [ c ] [ d ] [ e ] [ f ]
Home    Back    Forward    UPDIR    Refresh    Search    Buffer    Encoder    Tools    Proc.    FTP brute    Sec.    SQL    PHP-code    Update    Feedback    Self remove    Logout    


Viewing file:     access.2015.07.23.log (39.05 MB)      -rw-rw-rw-
Select action/file-type:
(+) | (+) | (+) | Code (+) | Session (+) | (+) | SDB (+) | (+) | (+) | (+) | (+) | (+) |
186.113.49.15 - - [23/Jul/2015:00:00:10 -0500] "POST /forms/lservlet;jsessionid=ac16012b30d61e0a4d14d3164d63931cd109da2f231a.e3iSbxaKaheRe34MbhmNaxqNb41ynknvrkLOlQzNp65In0 HTTP/1.1" 200 2
66.249.75.156 - - [23/Jul/2015:00:00:11 -0500] "GET /BLA/resoluciones/RESOLUCIONES%202013/2071.pdf HTTP/1.1" 304 -
208.115.111.75 - - [23/Jul/2015:00:00:15 -0500] "GET /agro/diag9.htm HTTP/1.1" 404 1019
192.168.173.36 - - [23/Jul/2015:00:00:22 -0500] "POST /bogotacumbredelclima/wp-admin/admin-ajax.php HTTP/1.1" 404 1310
66.249.75.156 - - [23/Jul/2015:00:00:30 -0500] "GET /BLA/resoluciones/RESOLUCIONES%202007/RES%202007%202301%20AL%202400/RESOLUCION%202343%20DE%202007.pdf HTTP/1.1" 304 -
66.249.75.156 - - [23/Jul/2015:00:00:49 -0500] "GET /BLA/resoluciones/AUTOS%202013/0135.pdf HTTP/1.1" 304 -
66.249.75.156 - - [23/Jul/2015:00:01:08 -0500] "GET /BLA/resoluciones/RESOLUCIONES%202007/RES%202007%202601%20AL%202700/RESOLUCION%202643%20DE%202007.pdf HTTP/1.1" 304 -
66.249.75.156 - - [23/Jul/2015:00:01:27 -0500] "GET /BLA/resoluciones/AUTOS%202010/0121.pdf HTTP/1.1" 304 -
66.249.75.165 - - [23/Jul/2015:00:01:56 -0500] "GET /BLA/resoluciones/AUTOS%202007/3686.pdf HTTP/1.1" 200 140105
74.86.158.107 - - [23/Jul/2015:00:02:05 -0500] "HEAD / HTTP/1.1" 200 -
190.157.165.185 - - [23/Jul/2015:00:02:05 -0500] "GET /galeria/carrusel/Carrusel/jquery-ui-1.8.13.custom.min.js HTTP/1.1" 200 10800
190.157.165.185 - - [23/Jul/2015:00:02:05 -0500] "GET /galeria/carrusel/Carrusel/jquery.thumbnailScroller.css HTTP/1.1" 200 2066
190.157.165.185 - - [23/Jul/2015:00:02:05 -0500] "GET /galeria/carrusel/Carrusel/jquery.thumbnailScroller.js HTTP/1.1" 200 8157
190.157.165.185 - - [23/Jul/2015:00:02:05 -0500] "GET /galeria/galeria/jquery.fancybox.js?v=2.1.5 HTTP/1.1" 304 -
190.157.165.185 - - [23/Jul/2015:00:02:05 -0500] "GET /galeria/galeria/jquery.fancybox.css?v=2.1.5 HTTP/1.1" 304 -
190.157.165.185 - - [23/Jul/2015:00:02:06 -0500] "GET /galeria/nivo-slider/demo/demo.html HTTP/1.1" 200 5224
190.157.165.185 - - [23/Jul/2015:00:02:08 -0500] "GET /galeria/nivo-slider/themes/default/default.css HTTP/1.1" 200 1569
190.157.165.185 - - [23/Jul/2015:00:02:08 -0500] "GET /galeria/nivo-slider/nivo-slider.css HTTP/1.1" 200 1507
190.157.165.185 - - [23/Jul/2015:00:02:08 -0500] "GET /galeria/nivo-slider/themes/pascal/pascal.css HTTP/1.1" 200 2258
190.157.165.185 - - [23/Jul/2015:00:02:08 -0500] "GET /galeria/nivo-slider/themes/orman/orman.css HTTP/1.1" 200 2152
190.157.165.185 - - [23/Jul/2015:00:02:08 -0500] "GET /galeria/nivo-slider/demo/style.css HTTP/1.1" 200 2222
190.157.165.185 - - [23/Jul/2015:00:02:08 -0500] "GET /galeria/nivo-slider/demo/scripts/jquery-1.7.1.min.js HTTP/1.1" 200 93868
190.157.165.185 - - [23/Jul/2015:00:02:08 -0500] "GET /galeria/nivo-slider/demo/images/Rendicion-de-cuentas.jpg HTTP/1.1" 200 309079
190.157.165.185 - - [23/Jul/2015:00:02:08 -0500] "GET /galeria/nivo-slider/jquery.nivo.slider.pack.js HTTP/1.1" 200 11561
190.157.165.185 - - [23/Jul/2015:00:02:08 -0500] "GET /galeria/nivo-slider/demo/images/banner-llantas2.jpg HTTP/1.1" 200 204644
190.157.165.185 - - [23/Jul/2015:00:02:08 -0500] "GET /galeria/nivo-slider/demo/images/Semana-PYBA.jpg HTTP/1.1" 200 147360
190.157.165.185 - - [23/Jul/2015:00:02:08 -0500] "GET /galeria/nivo-slider/demo/images/PREDAcamp.jpg HTTP/1.1" 200 295358
190.157.165.185 - - [23/Jul/2015:00:02:08 -0500] "GET /galeria/nivo-slider/demo/images/VoluntariadoPYBA.jpg HTTP/1.1" 200 40647
190.157.165.185 - - [23/Jul/2015:00:02:09 -0500] "GET /galeria/nivo-slider/demo/images/9Signos.jpg HTTP/1.1" 200 81776
190.157.165.185 - - [23/Jul/2015:00:02:10 -0500] "GET /galeria/nivo-slider/demo/images/Comparendo-ambiental-Banner.jpg HTTP/1.1" 200 83731
190.157.165.185 - - [23/Jul/2015:00:02:10 -0500] "GET /galeria/nivo-slider/demo/images/Banner-encuesta-de-percepscio.jpg HTTP/1.1" 200 201899
190.157.165.185 - - [23/Jul/2015:00:02:10 -0500] "GET /galeria/nivo-slider/demo/images/GAE-banner.jpg HTTP/1.1" 200 97556
186.113.49.15 - - [23/Jul/2015:00:02:10 -0500] "POST /forms/lservlet;jsessionid=ac16012b30d61e0a4d14d3164d63931cd109da2f231a.e3iSbxaKaheRe34MbhmNaxqNb41ynknvrkLOlQzNp65In0 HTTP/1.1" 200 2
190.157.165.185 - - [23/Jul/2015:00:02:11 -0500] "GET /galeria/nivo-slider/demo/images/banner-Pacto-por-la-madera.jpg HTTP/1.1" 200 209966
190.157.165.185 - - [23/Jul/2015:00:02:11 -0500] "GET /galeria/nivo-slider/demo/images/acuerdo_569.jpg HTTP/1.1" 200 62670
190.157.165.185 - - [23/Jul/2015:00:02:11 -0500] "GET /galeria/nivo-slider/demo/images/Licitaciones-proyecto-paramo.jpg HTTP/1.1" 200 221877
190.157.165.185 - - [23/Jul/2015:00:02:11 -0500] "GET /galeria/nivo-slider/demo/images/Banner-decreto1299.jpg HTTP/1.1" 200 182613
190.157.165.185 - - [23/Jul/2015:00:02:11 -0500] "GET /galeria/nivo-slider/demo/images/Banner-Directorio.jpg HTTP/1.1" 200 182068
190.157.165.185 - - [23/Jul/2015:00:02:12 -0500] "GET /galeria/nivo-slider/demo/images/bolsas-06.jpg HTTP/1.1" 200 90982
190.157.165.185 - - [23/Jul/2015:00:02:12 -0500] "GET /galeria/nivo-slider/demo/images/Ruta-vertimientos-01.jpg HTTP/1.1" 200 130151
190.157.165.185 - - [23/Jul/2015:00:02:13 -0500] "GET /galeria/nivo-slider/demo/images/Conoce-los-humedales.jpg HTTP/1.1" 200 294036
190.157.165.185 - - [23/Jul/2015:00:02:13 -0500] "GET /galeria/nivo-slider/demo/images/ecolecta-Dic2014.png HTTP/1.1" 200 288593
190.157.165.185 - - [23/Jul/2015:00:02:13 -0500] "GET /galeria/nivo-slider/demo/images/Banner-Caracol-Africano.jpg HTTP/1.1" 200 331986
190.157.165.185 - - [23/Jul/2015:00:02:14 -0500] "GET /galeria/nivo-slider/themes/default/loading.gif HTTP/1.1" 200 1737
190.157.165.185 - - [23/Jul/2015:00:02:14 -0500] "GET /galeria/nivo-slider/demo/images/4Simple_Slider.png HTTP/1.1" 200 11722
190.157.165.185 - - [23/Jul/2015:00:02:16 -0500] "GET /galeria/nivo-slider/themes/default/bullets.png HTTP/1.1" 200 1281
190.157.165.185 - - [23/Jul/2015:00:02:16 -0500] "GET /galeria/nivo-slider/themes/default/arrows.png HTTP/1.1" 200 824
66.249.75.105 - - [23/Jul/2015:00:02:06 -0500] "GET /vivir-la-cumbre/ HTTP/1.1" 200 36556
66.249.75.174 - - [23/Jul/2015:00:02:20 -0500] "GET /BLA/resoluciones/AUTOS%202007/3107.pdf HTTP/1.1" 200 199377
192.168.173.36 - - [23/Jul/2015:00:02:22 -0500] "POST /bogotacumbredelclima/wp-admin/admin-ajax.php HTTP/1.1" 404 1310
186.87.97.109 - - [22/Jul/2015:23:49:05 -0500] "POST /forest/usutareas.do? HTTP/1.1" 502 1339
66.249.75.156 - - [23/Jul/2015:00:02:27 -0500] "GET /BLA/resoluciones/RESOLUCIONES%202012/1088.pdf HTTP/1.1" 200 647164
190.157.165.185 - - [23/Jul/2015:00:02:30 -0500] "GET /galeria/galeria/jquery.fancybox.js?v=2.1.5 HTTP/1.1" 304 -
190.157.165.185 - - [23/Jul/2015:00:02:30 -0500] "GET /galeria/galeria/jquery.fancybox.css?v=2.1.5 HTTP/1.1" 304 -
66.249.75.165 - - [23/Jul/2015:00:02:39 -0500] "GET /BLA/resoluciones/RESOLUCIONES%202008/0422.pdf HTTP/1.1" 200 527721
66.249.75.156 - - [23/Jul/2015:00:02:44 -0500] "GET /BLA/resoluciones/RESOLUCIONES%202007/RES%202007%201901%20AL%202000/RESOLUCION%201945%20DE%202007.pdf HTTP/1.1" 304 -
88.198.233.69 - - [23/Jul/2015:00:02:56 -0500] "GET / HTTP/1.1" 200 10190
181.61.199.218 - - [23/Jul/2015:00:03:04 -0500] "GET /BLA/boletinlegal/js/jquery.scrollShow.js HTTP/1.1" 200 4586
181.61.199.218 - - [23/Jul/2015:00:03:04 -0500] "GET /galeria/galeria/jquery.fancybox.css?v=2.1.5 HTTP/1.1" 200 4895
181.61.199.218 - - [23/Jul/2015:00:03:04 -0500] "GET /galeria/galeria/jquery.fancybox.js?v=2.1.5 HTTP/1.1" 200 48706
66.249.75.174 - - [23/Jul/2015:00:03:22 -0500] "GET /BLA/resoluciones/RESOLUCIONES%202012/1104.pdf HTTP/1.1" 304 -
181.61.199.218 - - [23/Jul/2015:00:03:27 -0500] "GET /galeria/galeria/jquery.fancybox.css?v=2.1.5 HTTP/1.1" 304 -
181.61.199.218 - - [23/Jul/2015:00:03:27 -0500] "GET /BLA/boletinlegal/js/jquery.scrollShow.js HTTP/1.1" 304 -
181.61.199.218 - - [23/Jul/2015:00:03:27 -0500] "GET /galeria/galeria/jquery.fancybox.js?v=2.1.5 HTTP/1.1" 304 -
66.249.75.105 - - [23/Jul/2015:00:03:39 -0500] "GET /consejo-consultivo-mayor/ HTTP/1.1" 200 29482
66.249.69.100 - - [23/Jul/2015:00:03:53 -0500] "GET /robots.txt HTTP/1.1" 404 1015
66.249.69.100 - - [23/Jul/2015:00:03:53 -0500] "GET /dama/libreria/pdf/reportesredaire/anuales/1999.pdf HTTP/1.1" 404 1015
66.249.75.165 - - [23/Jul/2015:00:04:00 -0500] "GET /BLA/resoluciones/RESOLUCIONES%202007/RES%202007%201201%20AL%201300/RESOLUCION%201208%20DE%202007.pdf HTTP/1.1" 304 -
186.113.49.15 - - [23/Jul/2015:00:04:11 -0500] "POST /forms/lservlet;jsessionid=ac16012b30d61e0a4d14d3164d63931cd109da2f231a.e3iSbxaKaheRe34MbhmNaxqNb41ynknvrkLOlQzNp65In0 HTTP/1.1" 200 2
66.249.75.165 - - [23/Jul/2015:00:04:17 -0500] "GET /BLA/resoluciones/RESOLUCIONES%202012/0674.pdf HTTP/1.1" 200 184902
199.195.118.53 - - [23/Jul/2015:00:04:18 -0500] "GET / HTTP/1.1" 200 10190
192.168.173.36 - - [23/Jul/2015:00:04:22 -0500] "POST /bogotacumbredelclima/wp-admin/admin-ajax.php HTTP/1.1" 404 1310
66.249.75.174 - - [23/Jul/2015:00:04:23 -0500] "GET /galeria/nivo-slider/demo/images/Banner-informativo3V2.jpg HTTP/1.1" 200 203177
66.249.75.156 - - [23/Jul/2015:00:04:38 -0500] "GET /autoliquidacion/Solicitud%20de%20expedici%C3%B3n%20de%20certificados%20de%20estado%20de%20conservaci%C3%B3n%20ambiental%20(CECA)/FORMULARIO%20DE%20SOLICITUD%20DE%20CECA.pdf HTTP/1.1" 304 -
66.249.75.174 - - [23/Jul/2015:00:05:05 -0500] "GET /BLA/resoluciones/RESOLUCIONES%202008/2018.pdf HTTP/1.1" 200 241773
66.249.75.156 - - [23/Jul/2015:00:05:54 -0500] "GET /BLA/resoluciones/RESOLUCIONES%202009/3863.pdf HTTP/1.1" 200 1179884
66.249.75.174 - - [23/Jul/2015:00:05:57 -0500] "GET /BLA/resoluciones/RESOLUCIONES%202013/0883.pdf HTTP/1.1" 304 -
190.157.165.185 - - [23/Jul/2015:00:06:08 -0500] "GET /galeria/galeria/jquery.fancybox.js?v=2.1.5 HTTP/1.1" 304 -
190.157.165.185 - - [23/Jul/2015:00:06:08 -0500] "GET /galeria/galeria/jquery.fancybox.css?v=2.1.5 HTTP/1.1" 304 -
186.113.49.15 - - [23/Jul/2015:00:06:11 -0500] "POST /forms/lservlet;jsessionid=ac16012b30d61e0a4d14d3164d63931cd109da2f231a.e3iSbxaKaheRe34MbhmNaxqNb41ynknvrkLOlQzNp65In0 HTTP/1.1" 200 2
192.168.173.36 - - [23/Jul/2015:00:06:22 -0500] "POST /bogotacumbredelclima/wp-admin/admin-ajax.php HTTP/1.1" 404 1310
66.249.75.165 - - [23/Jul/2015:00:06:33 -0500] "GET /autoliquidacion/TR%C3%81MITES%20VERTIMIENTOS/PERMISOS%20DE%20VERTIMIENTOS/ANEXO3.%20LISTA%20DE%20CHEQUEO%20PERMISO%20VERT.%20ALCANTARILLADO%20-%20F.xls HTTP/1.1" 304 -
190.157.165.185 - - [23/Jul/2015:00:06:36 -0500] "GET /galeria/galeria/jquery.fancybox.js?v=2.1.5 HTTP/1.1" 304 -
190.157.165.185 - - [23/Jul/2015:00:06:36 -0500] "GET /galeria/galeria/jquery.fancybox.css?v=2.1.5 HTTP/1.1" 304 -
181.61.199.218 - - [23/Jul/2015:00:06:56 -0500] "GET /galeria/carrusel/Carrusel/jquery-ui-1.8.13.custom.min.js HTTP/1.1" 200 10800
181.61.199.218 - - [23/Jul/2015:00:06:56 -0500] "GET /galeria/carrusel/Carrusel/jquery.thumbnailScroller.css HTTP/1.1" 200 2066
181.61.199.218 - - [23/Jul/2015:00:06:56 -0500] "GET /galeria/carrusel/Carrusel/jquery.thumbnailScroller.js HTTP/1.1" 200 8157
181.61.199.218 - - [23/Jul/2015:00:07:00 -0500] "GET /galeria/nivo-slider/demo/demo.html HTTP/1.1" 200 5224
181.61.199.218 - - [23/Jul/2015:00:07:00 -0500] "GET /galeria/nivo-slider/themes/default/default.css HTTP/1.1" 200 1569
181.61.199.218 - - [23/Jul/2015:00:07:00 -0500] "GET /galeria/nivo-slider/themes/orman/orman.css HTTP/1.1" 200 2152
181.61.199.218 - - [23/Jul/2015:00:07:00 -0500] "GET /galeria/nivo-slider/themes/pascal/pascal.css HTTP/1.1" 200 2258
181.61.199.218 - - [23/Jul/2015:00:07:00 -0500] "GET /galeria/nivo-slider/nivo-slider.css HTTP/1.1" 200 1507
181.61.199.218 - - [23/Jul/2015:00:07:00 -0500] "GET /galeria/nivo-slider/demo/style.css HTTP/1.1" 200 2222
181.61.199.218 - - [23/Jul/2015:00:07:00 -0500] "GET /galeria/nivo-slider/demo/scripts/jquery-1.7.1.min.js HTTP/1.1" 200 93868
181.61.199.218 - - [23/Jul/2015:00:07:00 -0500] "GET /galeria/nivo-slider/jquery.nivo.slider.pack.js HTTP/1.1" 200 11561
181.61.199.218 - - [23/Jul/2015:00:07:00 -0500] "GET /galeria/nivo-slider/demo/images/Rendicion-de-cuentas.jpg HTTP/1.1" 200 309079
181.61.199.218 - - [23/Jul/2015:00:07:00 -0500] "GET /galeria/nivo-slider/demo/images/banner-llantas2.jpg HTTP/1.1" 200 204644
181.61.199.218 - - [23/Jul/2015:00:07:00 -0500] "GET /galeria/nivo-slider/demo/images/Semana-PYBA.jpg HTTP/1.1" 200 147360
181.61.199.218 - - [23/Jul/2015:00:07:00 -0500] "GET /galeria/nivo-slider/demo/images/PREDAcamp.jpg HTTP/1.1" 200 295358
181.61.199.218 - - [23/Jul/2015:00:07:00 -0500] "GET /galeria/nivo-slider/demo/images/VoluntariadoPYBA.jpg HTTP/1.1" 200 40647
181.61.199.218 - - [23/Jul/2015:00:07:01 -0500] "GET /galeria/nivo-slider/demo/images/4Simple_Slider.png HTTP/1.1" 200 11722
181.61.199.218 - - [23/Jul/2015:00:07:01 -0500] "GET /galeria/nivo-slider/themes/default/loading.gif HTTP/1.1" 200 1737
181.61.199.218 - - [23/Jul/2015:00:07:02 -0500] "GET /galeria/nivo-slider/demo/images/9Signos.jpg HTTP/1.1" 200 81776
181.61.199.218 - - [23/Jul/2015:00:07:02 -0500] "GET /galeria/nivo-slider/demo/images/Comparendo-ambiental-Banner.jpg HTTP/1.1" 200 83731
181.61.199.218 - - [23/Jul/2015:00:07:04 -0500] "GET /galeria/nivo-slider/demo/images/GAE-banner.jpg HTTP/1.1" 200 97556
181.61.199.218 - - [23/Jul/2015:00:07:04 -0500] "GET /galeria/nivo-slider/demo/images/Banner-encuesta-de-percepscio.jpg HTTP/1.1" 200 201899
181.61.199.218 - - [23/Jul/2015:00:07:05 -0500] "GET /galeria/nivo-slider/demo/images/banner-Pacto-por-la-madera.jpg HTTP/1.1" 200 209966
181.61.199.218 - - [23/Jul/2015:00:07:05 -0500] "GET /galeria/nivo-slider/demo/images/acuerdo_569.jpg HTTP/1.1" 200 62670
74.86.158.107 - - [23/Jul/2015:00:07:05 -0500] "HEAD / HTTP/1.1" 200 -
181.61.199.218 - - [23/Jul/2015:00:07:06 -0500] "GET /galeria/nivo-slider/demo/images/Licitaciones-proyecto-paramo.jpg HTTP/1.1" 200 221877
181.61.199.218 - - [23/Jul/2015:00:07:06 -0500] "GET /galeria/nivo-slider/demo/images/Banner-decreto1299.jpg HTTP/1.1" 200 182613
181.61.199.218 - - [23/Jul/2015:00:07:08 -0500] "GET /galeria/nivo-slider/demo/images/Banner-Directorio.jpg HTTP/1.1" 200 182068
181.61.199.218 - - [23/Jul/2015:00:07:08 -0500] "GET /galeria/nivo-slider/demo/images/Ruta-vertimientos-01.jpg HTTP/1.1" 200 130151
181.61.199.218 - - [23/Jul/2015:00:07:09 -0500] "GET /galeria/nivo-slider/demo/images/bolsas-06.jpg HTTP/1.1" 200 90982
181.61.199.218 - - [23/Jul/2015:00:07:10 -0500] "GET /galeria/nivo-slider/demo/images/Conoce-los-humedales.jpg HTTP/1.1" 200 294036
181.61.199.218 - - [23/Jul/2015:00:07:11 -0500] "GET /galeria/nivo-slider/demo/images/ecolecta-Dic2014.png HTTP/1.1" 200 288593
181.61.199.218 - - [23/Jul/2015:00:07:11 -0500] "GET /galeria/nivo-slider/demo/images/Banner-Caracol-Africano.jpg HTTP/1.1" 200 331986
66.249.75.165 - - [23/Jul/2015:00:07:11 -0500] "GET /BLA/resoluciones/AUTOS%202012/0096.pdf HTTP/1.1" 304 -
181.61.199.218 - - [23/Jul/2015:00:07:14 -0500] "GET /galeria/nivo-slider/themes/default/arrows.png HTTP/1.1" 200 824
181.61.199.218 - - [23/Jul/2015:00:07:16 -0500] "GET /galeria/nivo-slider/themes/default/bullets.png HTTP/1.1" 200 1281
66.249.75.174 - - [23/Jul/2015:00:07:46 -0500] "GET /BLA/resoluciones/AUTOS%202007/3858.pdf HTTP/1.1" 200 80958
66.249.75.156 - - [23/Jul/2015:00:07:49 -0500] "GET /BLA/resoluciones/RESOLUCIONES%202012/0288.pdf HTTP/1.1" 304 -
186.113.49.15 - - [23/Jul/2015:00:08:11 -0500] "POST /forms/lservlet;jsessionid=ac16012b30d61e0a4d14d3164d63931cd109da2f231a.e3iSbxaKaheRe34MbhmNaxqNb41ynknvrkLOlQzNp65In0 HTTP/1.1" 200 2
192.168.173.36 - - [23/Jul/2015:00:08:22 -0500] "POST /bogotacumbredelclima/wp-admin/admin-ajax.php HTTP/1.1" 404 1310
66.249.75.174 - - [23/Jul/2015:00:08:27 -0500] "GET /BLA/resoluciones/RESOLUCIONES%202014/1998.pdf HTTP/1.1" 304 -
66.249.75.174 - - [23/Jul/2015:00:08:49 -0500] "GET /BLA/resoluciones/RESOLUCIONES%202009/3082.pdf HTTP/1.1" 200 718653
66.249.75.156 - - [23/Jul/2015:00:09:05 -0500] "GET /BLA/resoluciones/RESOLUCIONES%202007/RES%202007%202501%20AL%202600/RESOLUCION%202542%20DE%202007.pdf HTTP/1.1" 304 -
152.61.193.99 - - [23/Jul/2015:00:09:19 -0500] "HEAD / HTTP/1.1" 200 -
152.61.193.99 - - [23/Jul/2015:00:09:19 -0500] "GET /arcgis/services/Calidad_del_Agua_WQI/MapServer/WMSServer?request=GetCapabilities&service=WMS HTTP/1.1" 200 32135
152.61.193.99 - - [23/Jul/2015:00:09:20 -0500] "GET /arcgis/services/Calidad_del_Agua_WQI/MapServer/WMSServer?request=GetCapabilities&service=WMS HTTP/1.1" 200 32135
152.61.193.99 - - [23/Jul/2015:00:09:20 -0500] "GET /arcgis/services/Calidad_del_Agua_WQI/MapServer/WMSServer?request=GetCapabilities&service=WMS HTTP/1.1" 200 32135
152.61.193.99 - - [23/Jul/2015:00:09:21 -0500] "GET /arcgis/services/Calidad_del_Agua_WQI/MapServer/WMSServer?request=GetCapabilities&service=WMS HTTP/1.1" 200 32135
181.61.50.120 - - [23/Jul/2015:00:09:23 -0500] "GET /BLA/boletinlegal/js/jquery.scrollShow.js HTTP/1.1" 200 4586
181.61.50.120 - - [23/Jul/2015:00:09:23 -0500] "GET /galeria/galeria/jquery.fancybox.js?v=2.1.5 HTTP/1.1" 200 48706
181.61.50.120 - - [23/Jul/2015:00:09:23 -0500] "GET /galeria/galeria/jquery.fancybox.css?v=2.1.5 HTTP/1.1" 200 4895
181.61.50.120 - - [23/Jul/2015:00:09:23 -0500] "GET /galeria/carrusel/Carrusel/jquery.thumbnailScroller.css HTTP/1.1" 200 2066
181.61.50.120 - - [23/Jul/2015:00:09:23 -0500] "GET /galeria/carrusel/Carrusel/jquery-ui-1.8.13.custom.min.js HTTP/1.1" 200 10800
152.61.193.99 - - [23/Jul/2015:00:09:22 -0500] "GET /arcgis/services/Calidad_del_Agua_WQI/MapServer/WMSServer?VERSION=1.1.1&REQUEST=GetMap&LAYERS=0&SRS=EPSG:4326&BBOX=-74.473395,3.674381,-73.963300,4.920569&WIDTH=250&HEIGHT=250&FORMAT=image/bmp&STYLES=& HTTP/1.1" 200 188054
181.61.50.120 - - [23/Jul/2015:00:09:23 -0500] "GET /galeria/carrusel/Carrusel/jquery.thumbnailScroller.js HTTP/1.1" 200 8157
181.61.50.120 - - [23/Jul/2015:00:09:29 -0500] "GET /galeria/nivo-slider/demo/demo.html HTTP/1.1" 200 5224
181.61.50.120 - - [23/Jul/2015:00:09:32 -0500] "GET /galeria/nivo-slider/themes/default/default.css HTTP/1.1" 200 1569
181.61.50.120 - - [23/Jul/2015:00:09:32 -0500] "GET /galeria/nivo-slider/themes/orman/orman.css HTTP/1.1" 200 2152
181.61.50.120 - - [23/Jul/2015:00:09:32 -0500] "GET /galeria/nivo-slider/themes/pascal/pascal.css HTTP/1.1" 200 2258
181.61.50.120 - - [23/Jul/2015:00:09:32 -0500] "GET /galeria/nivo-slider/nivo-slider.css HTTP/1.1" 200 1507
181.61.50.120 - - [23/Jul/2015:00:09:32 -0500] "GET /galeria/nivo-slider/demo/style.css HTTP/1.1" 200 2222
181.61.50.120 - - [23/Jul/2015:00:09:32 -0500] "GET /galeria/nivo-slider/demo/scripts/jquery-1.7.1.min.js HTTP/1.1" 200 93868
181.61.50.120 - - [23/Jul/2015:00:09:32 -0500] "GET /galeria/nivo-slider/jquery.nivo.slider.pack.js HTTP/1.1" 200 11561
181.61.50.120 - - [23/Jul/2015:00:09:32 -0500] "GET /galeria/nivo-slider/demo/images/Rendicion-de-cuentas.jpg HTTP/1.1" 200 309079
181.61.50.120 - - [23/Jul/2015:00:09:32 -0500] "GET /galeria/nivo-slider/demo/images/banner-llantas2.jpg HTTP/1.1" 200 204644
181.61.50.120 - - [23/Jul/2015:00:09:33 -0500] "GET /galeria/nivo-slider/demo/images/Semana-PYBA.jpg HTTP/1.1" 200 147360
181.61.50.120 - - [23/Jul/2015:00:09:33 -0500] "GET /galeria/nivo-slider/demo/images/PREDAcamp.jpg HTTP/1.1" 200 295358
181.61.50.120 - - [23/Jul/2015:00:09:34 -0500] "GET /galeria/nivo-slider/demo/images/VoluntariadoPYBA.jpg HTTP/1.1" 200 40647
181.61.199.218 - - [23/Jul/2015:00:09:35 -0500] "GET /BLA/boletinlegal/notificaciones.php HTTP/1.1" 200 62807
181.61.199.218 - - [23/Jul/2015:00:09:36 -0500] "GET /BLA/boletinlegal/styles2.css HTTP/1.1" 200 1838
181.61.199.218 - - [23/Jul/2015:00:09:36 -0500] "GET /BLA/boletinlegal/js/jquery.scrollTo-min.js HTTP/1.1" 200 1150
181.61.199.218 - - [23/Jul/2015:00:09:36 -0500] "GET /BLA/boletinlegal/js/jquery.js HTTP/1.1" 200 57254
181.61.199.218 - - [23/Jul/2015:00:09:36 -0500] "GET /BLA/boletinlegal/images/word.png HTTP/1.1" 200 50498
181.61.199.218 - - [23/Jul/2015:00:09:36 -0500] "GET /BLA/boletinlegal/images/menu_bg.jpg HTTP/1.1" 200 620
181.61.199.218 - - [23/Jul/2015:00:09:36 -0500] "GET /BLA/boletinlegal/images/background.gif HTTP/1.1" 200 -
181.61.50.120 - - [23/Jul/2015:00:09:39 -0500] "GET /galeria/nivo-slider/demo/images/4Simple_Slider.png HTTP/1.1" 200 11722
181.61.50.120 - - [23/Jul/2015:00:09:41 -0500] "GET /galeria/nivo-slider/demo/images/Comparendo-ambiental-Banner.jpg HTTP/1.1" 200 83731
181.61.50.120 - - [23/Jul/2015:00:09:41 -0500] "GET /galeria/nivo-slider/themes/default/loading.gif HTTP/1.1" 200 1737
181.61.50.120 - - [23/Jul/2015:00:09:41 -0500] "GET /galeria/nivo-slider/demo/images/9Signos.jpg HTTP/1.1" 200 81776
181.61.50.120 - - [23/Jul/2015:00:09:42 -0500] "GET /galeria/nivo-slider/demo/images/GAE-banner.jpg HTTP/1.1" 200 97556
181.61.50.120 - - [23/Jul/2015:00:09:42 -0500] "GET /galeria/nivo-slider/demo/images/Banner-encuesta-de-percepscio.jpg HTTP/1.1" 200 201899
181.61.50.120 - - [23/Jul/2015:00:09:42 -0500] "GET /galeria/nivo-slider/demo/images/banner-Pacto-por-la-madera.jpg HTTP/1.1" 200 209966
66.249.75.174 - - [23/Jul/2015:00:09:44 -0500] "GET /autoliquidacion/Grupo%20Forestal%20-%20Silvicultura/Estructura%20del%20SIADAMA.xls HTTP/1.1" 304 -
66.249.75.165 - - [23/Jul/2015:00:10:03 -0500] "GET /BLA/resoluciones/AUTOS%202012/1783.pdf HTTP/1.1" 200 605854
186.119.198.60 - - [23/Jul/2015:00:10:03 -0500] "GET /galeria/galeria/jquery.fancybox.css?v=2.1.5 HTTP/1.1" 200 4895
186.119.198.60 - - [23/Jul/2015:00:10:03 -0500] "GET /BLA/boletinlegal/js/jquery.scrollShow.js HTTP/1.1" 200 4586
186.119.198.60 - - [23/Jul/2015:00:10:03 -0500] "GET /galeria/galeria/jquery.fancybox.js?v=2.1.5 HTTP/1.1" 200 48706
186.119.198.60 - - [23/Jul/2015:00:10:09 -0500] "GET /BLA/boletinlegal/js/jquery.scrollShow.js HTTP/1.1" 304 -
186.119.198.60 - - [23/Jul/2015:00:10:09 -0500] "GET /galeria/galeria/jquery.fancybox.js?v=2.1.5 HTTP/1.1" 304 -
186.119.198.60 - - [23/Jul/2015:00:10:09 -0500] "GET /galeria/galeria/jquery.fancybox.css?v=2.1.5 HTTP/1.1" 304 -
186.113.49.15 - - [23/Jul/2015:00:10:11 -0500] "POST /forms/lservlet;jsessionid=ac16012b30d61e0a4d14d3164d63931cd109da2f231a.e3iSbxaKaheRe34MbhmNaxqNb41ynknvrkLOlQzNp65In0 HTTP/1.1" 200 2
66.249.75.174 - - [23/Jul/2015:00:10:13 -0500] "GET /BLA/resoluciones/RESOLUCIONES%202009/9811.pdf HTTP/1.1" 200 349313
66.249.75.174 - - [23/Jul/2015:00:10:22 -0500] "GET /BLA/resoluciones/RESOLUCIONES%202014/1564.pdf HTTP/1.1" 304 -
192.168.173.36 - - [23/Jul/2015:00:10:22 -0500] "POST /bogotacumbredelclima/wp-admin/admin-ajax.php HTTP/1.1" 404 1310
66.249.75.165 - - [23/Jul/2015:00:10:39 -0500] "GET /BLA/resoluciones/AUTOS%202007/3294.pdf HTTP/1.1" 200 411976
186.115.127.238 - - [23/Jul/2015:00:10:53 -0500] "GET /BLA/resoluciones/AUTOS%202011/2404.pdf HTTP/1.1" 200 163725
186.144.254.136 - - [23/Jul/2015:00:10:53 -0500] "GET /galeria/galeria/jquery.fancybox.js?v=2.1.5 HTTP/1.1" 200 48706
186.144.254.136 - - [23/Jul/2015:00:10:53 -0500] "GET /BLA/boletinlegal/js/jquery.scrollShow.js HTTP/1.1" 200 4586
186.144.254.136 - - [23/Jul/2015:00:10:53 -0500] "GET /galeria/galeria/jquery.fancybox.css?v=2.1.5 HTTP/1.1" 200 4895
186.144.254.136 - - [23/Jul/2015:00:10:58 -0500] "GET /BLA/boletinlegal/js/jquery.scrollShow.js HTTP/1.1" 304 -
186.144.254.136 - - [23/Jul/2015:00:10:58 -0500] "GET /galeria/galeria/jquery.fancybox.js?v=2.1.5 HTTP/1.1" 304 -
186.144.254.136 - - [23/Jul/2015:00:10:58 -0500] "GET /galeria/galeria/jquery.fancybox.css?v=2.1.5 HTTP/1.1" 304 -
66.249.75.165 - - [23/Jul/2015:00:11:00 -0500] "GET /BLA/resoluciones/RESOLUCIONES%202009/4230.pdf HTTP/1.1" 304 -
66.249.75.156 - - [23/Jul/2015:00:11:13 -0500] "GET /BLA/resoluciones/RESOLUCIONES%202009/0679.pdf HTTP/1.1" 200 240019
66.249.75.174 - - [23/Jul/2015:00:11:38 -0500] "GET /BLA/resoluciones/AUTOS%202013/2051.pdf HTTP/1.1" 304 -
186.112.223.14 - - [23/Jul/2015:00:11:51 -0500] "GET /BLA/resoluciones/RESOLUCIONES%202010/6252.pdf HTTP/1.1" 200 595477
186.112.223.14 - - [23/Jul/2015:00:11:52 -0500] "GET /BLA/resoluciones/RESOLUCIONES%202010/6252.pdf HTTP/1.1" 200 595477
186.112.223.14 - - [23/Jul/2015:00:11:57 -0500] "GET /BLA/resoluciones/RESOLUCIONES%202010/6252.pdf HTTP/1.1" 200 595477
74.86.158.107 - - [23/Jul/2015:00:12:05 -0500] "HEAD / HTTP/1.1" 200 -
186.113.49.15 - - [23/Jul/2015:00:12:11 -0500] "POST /forms/lservlet;jsessionid=ac16012b30d61e0a4d14d3164d63931cd109da2f231a.e3iSbxaKaheRe34MbhmNaxqNb41ynknvrkLOlQzNp65In0 HTTP/1.1" 200 2
66.249.75.156 - - [23/Jul/2015:00:12:16 -0500] "GET /BLA/resoluciones/RESOLUCIONES%202007/RES%202007%201001%20AL%201100/RESOLUCION%201006%20DE%202007.pdf HTTP/1.1" 304 -
192.168.173.36 - - [23/Jul/2015:00:12:22 -0500] "POST /bogotacumbredelclima/wp-admin/admin-ajax.php HTTP/1.1" 404 1310
190.26.210.162 - - [23/Jul/2015:00:12:41 -0500] "GET / HTTP/1.1" 200 64834
66.249.75.174 - - [23/Jul/2015:00:13:15 -0500] "GET /BLA/resoluciones/RESOLUCIONES%202009/9469.pdf HTTP/1.1" 200 381560
179.32.125.52 - - [23/Jul/2015:00:13:48 -0500] "GET /galeria/galeria/jquery.fancybox.css?v=2.1.5 HTTP/1.1" 200 4895
179.32.125.52 - - [23/Jul/2015:00:13:48 -0500] "GET /BLA/boletinlegal/js/jquery.scrollShow.js HTTP/1.1" 200 4586
179.32.125.52 - - [23/Jul/2015:00:13:48 -0500] "GET /galeria/galeria/jquery.fancybox.js?v=2.1.5 HTTP/1.1" 200 48706
66.249.75.174 - - [23/Jul/2015:00:13:59 -0500] "GET /BLA/resoluciones/RESOLUCIONES%202009/7054.pdf HTTP/1.1" 200 366620
186.113.49.15 - - [23/Jul/2015:00:14:11 -0500] "POST /forms/lservlet;jsessionid=ac16012b30d61e0a4d14d3164d63931cd109da2f231a.e3iSbxaKaheRe34MbhmNaxqNb41ynknvrkLOlQzNp65In0 HTTP/1.1" 200 2
179.32.125.52 - - [23/Jul/2015:00:14:18 -0500] "GET /galeria/galeria/jquery.fancybox.css?v=2.1.5 HTTP/1.1" 304 -
179.32.125.52 - - [23/Jul/2015:00:14:18 -0500] "GET /BLA/boletinlegal/js/jquery.scrollShow.js HTTP/1.1" 304 -
179.32.125.52 - - [23/Jul/2015:00:14:18 -0500] "GET /galeria/galeria/jquery.fancybox.js?v=2.1.5 HTTP/1.1" 304 -
192.168.173.36 - - [23/Jul/2015:00:14:22 -0500] "POST /bogotacumbredelclima/wp-admin/admin-ajax.php HTTP/1.1" 404 1310
66.249.75.174 - - [23/Jul/2015:00:14:22 -0500] "GET /BLA/resoluciones/RESOLUCIONES%202009/7283.pdf HTTP/1.1" 304 -
186.115.31.253 - - [23/Jul/2015:00:15:00 -0500] "GET /BLA/boletinlegal/js/jquery.scrollShow.js HTTP/1.1" 200 4586
186.115.31.253 - - [23/Jul/2015:00:15:00 -0500] "GET /galeria/galeria/jquery.fancybox.css?v=2.1.5 HTTP/1.1" 200 4895
186.115.31.253 - - [23/Jul/2015:00:15:00 -0500] "GET /galeria/galeria/jquery.fancybox.js?v=2.1.5 HTTP/1.1" 200 48706
66.249.75.156 - - [23/Jul/2015:00:15:03 -0500] "GET /BLA/resoluciones/RESOLUCIONES%202014/3653.pdf HTTP/1.1" 304 -
186.115.31.253 - - [23/Jul/2015:00:15:20 -0500] "GET /BLA/boletinlegal/js/jquery.scrollShow.js HTTP/1.1" 304 -
186.115.31.253 - - [23/Jul/2015:00:15:20 -0500] "GET /galeria/galeria/jquery.fancybox.js?v=2.1.5 HTTP/1.1" 304 -
186.115.31.253 - - [23/Jul/2015:00:15:20 -0500] "GET /galeria/galeria/jquery.fancybox.css?v=2.1.5 HTTP/1.1" 304 -
66.249.75.165 - - [23/Jul/2015:00:15:38 -0500] "GET /BLA/resoluciones/RESOLUCIONES%202007/RES%202007%203801%20AL%203900/RESOLUCION%203883%20DE%202007.pdf HTTP/1.1" 200 954104
66.249.75.174 - - [23/Jul/2015:00:15:44 -0500] "GET /BLA/resoluciones/RESOLUCIONES%202009/9442.pdf HTTP/1.1" 200 432972
66.249.75.156 - - [23/Jul/2015:00:16:05 -0500] "GET /BLA/resoluciones/RESOLUCIONES%202008/4766.pdf HTTP/1.1" 200 302937
186.113.49.15 - - [23/Jul/2015:00:16:11 -0500] "POST /forms/lservlet;jsessionid=ac16012b30d61e0a4d14d3164d63931cd109da2f231a.e3iSbxaKaheRe34MbhmNaxqNb41ynknvrkLOlQzNp65In0 HTTP/1.1" 200 2
66.249.69.48 - - [23/Jul/2015:00:16:15 -0500] "GET /PruebasSTORM/StormSDA_pruebas/userFiles/user_files/listas/139.xml HTTP/1.1" 200 226
192.168.173.36 - - [23/Jul/2015:00:16:22 -0500] "POST /bogotacumbredelclima/wp-admin/admin-ajax.php HTTP/1.1" 404 1310
74.86.158.107 - - [23/Jul/2015:00:17:05 -0500] "HEAD / HTTP/1.1" 200 -
200.71.131.107 - - [23/Jul/2015:00:18:08 -0500] "GET /BLA/resoluciones/AUTOS%202011/2404.pdf HTTP/1.1" 200 163725
186.113.49.15 - - [23/Jul/2015:00:18:11 -0500] "POST /forms/lservlet;jsessionid=ac16012b30d61e0a4d14d3164d63931cd109da2f231a.e3iSbxaKaheRe34MbhmNaxqNb41ynknvrkLOlQzNp65In0 HTTP/1.1" 200 2
192.168.173.36 - - [23/Jul/2015:00:18:22 -0500] "POST /bogotacumbredelclima/wp-admin/admin-ajax.php HTTP/1.1" 404 1310
191.95.245.222 - - [23/Jul/2015:00:18:49 -0500] "GET /galeria/galeria/jquery.fancybox.css?v=2.1.5 HTTP/1.1" 200 4895
191.95.245.222 - - [23/Jul/2015:00:18:49 -0500] "GET /BLA/boletinlegal/js/jquery.scrollShow.js HTTP/1.1" 200 4586
191.95.245.222 - - [23/Jul/2015:00:18:49 -0500] "GET /galeria/galeria/jquery.fancybox.js?v=2.1.5 HTTP/1.1" 200 48706
157.55.39.99 - - [23/Jul/2015:00:18:51 -0500] "GET /robots.txt HTTP/1.1" 404 1018
191.95.245.222 - - [23/Jul/2015:00:19:10 -0500] "GET /videos/Comadreja.flv HTTP/1.1" 200 1953549
191.95.245.222 - - [23/Jul/2015:00:19:15 -0500] "GET /BLA/boletinlegal/js/jquery.scrollShow.js HTTP/1.1" 304 -
191.95.245.222 - - [23/Jul/2015:00:19:16 -0500] "GET /galeria/galeria/jquery.fancybox.css?v=2.1.5 HTTP/1.1" 304 -
191.95.245.222 - - [23/Jul/2015:00:19:16 -0500] "GET /galeria/galeria/jquery.fancybox.js?v=2.1.5 HTTP/1.1" 304 -
186.84.210.104 - - [23/Jul/2015:00:19:33 -0500] "GET /BLA/resoluciones/AUTOS%202008/0520.pdf HTTP/1.1" 200 62699
186.84.210.104 - - [23/Jul/2015:00:19:33 -0500] "GET /favicon.ico HTTP/1.1" 200 7782
191.95.245.222 - - [23/Jul/2015:00:19:34 -0500] "GET /videos/Comadreja.flv HTTP/1.1" 206 1
191.95.245.222 - - [23/Jul/2015:00:19:36 -0500] "GET /videos/Comadreja.flv HTTP/1.1" 206 4222
66.249.75.208 - - [23/Jul/2015:00:19:34 -0500] "GET /robots.txt HTTP/1.1" 200 35
66.249.75.156 - - [23/Jul/2015:00:19:53 -0500] "GET /BLA/resoluciones/AUTOS%202013/0622.pdf HTTP/1.1" 304 -
186.113.49.15 - - [23/Jul/2015:00:20:11 -0500] "POST /forms/lservlet;jsessionid=ac16012b30d61e0a4d14d3164d63931cd109da2f231a.e3iSbxaKaheRe34MbhmNaxqNb41ynknvrkLOlQzNp65In0 HTTP/1.1" 200 2
192.168.173.36 - - [23/Jul/2015:00:20:22 -0500] "POST /bogotacumbredelclima/wp-admin/admin-ajax.php HTTP/1.1" 404 1310
66.249.75.165 - - [23/Jul/2015:00:20:31 -0500] "GET /BLA/resoluciones/AUTOS%202013/0511.pdf HTTP/1.1" 304 -
200.8.245.110 - - [23/Jul/2015:00:20:49 -0500] "GET /BLA/resoluciones/AUTOS%202011/2404.pdf HTTP/1.1" 200 163725
200.8.245.110 - - [23/Jul/2015:00:20:50 -0500] "GET /favicon.ico HTTP/1.1" 200 7782
66.249.75.113 - - [23/Jul/2015:00:20:50 -0500] "GET /wp-content/uploads/2015/06/segundo-comunicado.pdf HTTP/1.1" 304 -
200.8.245.110 - - [23/Jul/2015:00:20:51 -0500] "GET /BLA/resoluciones/AUTOS%202011/2404.pdf HTTP/1.1" 206 32768
200.8.245.110 - - [23/Jul/2015:00:20:51 -0500] "GET /BLA/resoluciones/AUTOS%202011/2404.pdf HTTP/1.1" 206 130957
66.249.75.156 - - [23/Jul/2015:00:21:09 -0500] "GET /BLA/resoluciones/RESOLUCIONES%202009/4955.pdf HTTP/1.1" 304 -
66.249.75.165 - - [23/Jul/2015:00:21:28 -0500] "GET /BLA/resoluciones/RESOLUCIONES%202008/4793.pdf HTTP/1.1" 304 -
66.249.75.156 - - [23/Jul/2015:00:21:59 -0500] "GET /BLA/resoluciones/RESOLUCIONES%202007/RES%202007%203601%20AL%203700/RESOLUCION%203671%20DE%202007.pdf HTTP/1.1" 200 12898755
74.86.158.107 - - [23/Jul/2015:00:22:05 -0500] "HEAD / HTTP/1.1" 200 -
186.113.49.15 - - [23/Jul/2015:00:22:12 -0500] "POST /forms/lservlet;jsessionid=ac16012b30d61e0a4d14d3164d63931cd109da2f231a.e3iSbxaKaheRe34MbhmNaxqNb41ynknvrkLOlQzNp65In0 HTTP/1.1" 200 2
192.168.173.36 - - [23/Jul/2015:00:22:22 -0500] "POST /bogotacumbredelclima/wp-admin/admin-ajax.php HTTP/1.1" 404 1310
66.249.75.113 - - [23/Jul/2015:00:22:10 -0500] "GET /comunicados/ HTTP/1.1" 200 29721
66.249.75.165 - - [23/Jul/2015:00:22:45 -0500] "GET /BLA/resoluciones/AUTOS%202013/0041.pdf HTTP/1.1" 304 -
200.8.245.110 - - [23/Jul/2015:00:23:00 -0500] "GET / HTTP/1.1" 200 10190
200.8.245.110 - - [23/Jul/2015:00:23:00 -0500] "GET /css/bootstrap.min.css HTTP/1.1" 200 105939
200.8.245.110 - - [23/Jul/2015:00:23:00 -0500] "GET /css/style.css HTTP/1.1" 200 3610
200.8.245.110 - - [23/Jul/2015:00:23:00 -0500] "GET /images/SDA.jpg HTTP/1.1" 200 48976
200.8.245.110 - - [23/Jul/2015:00:23:00 -0500] "GET /js/bootstrap.min.js HTTP/1.1" 200 28538
200.8.245.110 - - [23/Jul/2015:00:23:00 -0500] "GET /js/jquery.js HTTP/1.1" 200 97120
200.8.245.110 - - [23/Jul/2015:00:23:00 -0500] "GET /images/INTRANET.jpg HTTP/1.1" 200 37297
200.8.245.110 - - [23/Jul/2015:00:23:00 -0500] "GET /images/LINEA.jpg HTTP/1.1" 200 33035
200.8.245.110 - - [23/Jul/2015:00:23:00 -0500] "GET /images/NINOS.jpg HTTP/1.1" 200 44828
200.8.245.110 - - [23/Jul/2015:00:23:00 -0500] "GET /images/FOREST.jpg HTTP/1.1" 200 33277
200.8.245.110 - - [23/Jul/2015:00:23:00 -0500] "GET /images/INTERNET.jpg HTTP/1.1" 200 34880
200.8.245.110 - - [23/Jul/2015:00:23:00 -0500] "GET /images/RMCAB.jpg HTTP/1.1" 200 49926
200.8.245.110 - - [23/Jul/2015:00:23:01 -0500] "GET /images/SDQS.jpg HTTP/1.1" 200 47976
200.8.245.110 - - [23/Jul/2015:00:23:01 -0500] "GET /images/BLA.jpg HTTP/1.1" 200 34672
200.8.245.110 - - [23/Jul/2015:00:23:01 -0500] "GET /images/CORREO.jpg HTTP/1.1" 200 39337
200.8.245.110 - - [23/Jul/2015:00:23:01 -0500] "GET /images/CATALOGO.jpg HTTP/1.1" 200 35661
200.8.245.110 - - [23/Jul/2015:00:23:01 -0500] "GET /images/FORMATOS.jpg HTTP/1.1" 200 41585
200.8.245.110 - - [23/Jul/2015:00:23:12 -0500] "GET /galeria/galeria/jquery.fancybox.css?v=2.1.5 HTTP/1.1" 200 4895
200.8.245.110 - - [23/Jul/2015:00:23:12 -0500] "GET /galeria/carrusel/Carrusel/jquery.thumbnailScroller.js HTTP/1.1" 200 8157
200.8.245.110 - - [23/Jul/2015:00:23:12 -0500] "GET /galeria/carrusel/Carrusel/jquery-ui-1.8.13.custom.min.js HTTP/1.1" 200 10800
200.8.245.110 - - [23/Jul/2015:00:23:12 -0500] "GET /BLA/boletinlegal/js/jquery.scrollShow.js HTTP/1.1" 200 4586
200.8.245.110 - - [23/Jul/2015:00:23:12 -0500] "GET /galeria/galeria/jquery.fancybox.js?v=2.1.5 HTTP/1.1" 200 48706
200.8.245.110 - - [23/Jul/2015:00:23:12 -0500] "GET /galeria/carrusel/Carrusel/jquery.thumbnailScroller.css HTTP/1.1" 200 2066
200.8.245.110 - - [23/Jul/2015:00:23:14 -0500] "GET /galeria/nivo-slider/demo/demo.html HTTP/1.1" 200 5224
200.8.245.110 - - [23/Jul/2015:00:23:14 -0500] "GET /galeria/nivo-slider/themes/default/default.css HTTP/1.1" 200 1569
200.8.245.110 - - [23/Jul/2015:00:23:14 -0500] "GET /galeria/nivo-slider/themes/pascal/pascal.css HTTP/1.1" 200 2258
200.8.245.110 - - [23/Jul/2015:00:23:14 -0500] "GET /galeria/nivo-slider/themes/orman/orman.css HTTP/1.1" 200 2152
200.8.245.110 - - [23/Jul/2015:00:23:14 -0500] "GET /galeria/nivo-slider/demo/style.css HTTP/1.1" 200 2222
200.8.245.110 - - [23/Jul/2015:00:23:14 -0500] "GET /galeria/nivo-slider/nivo-slider.css HTTP/1.1" 200 1507
200.8.245.110 - - [23/Jul/2015:00:23:14 -0500] "GET /galeria/nivo-slider/demo/scripts/jquery-1.7.1.min.js HTTP/1.1" 200 93868
200.8.245.110 - - [23/Jul/2015:00:23:14 -0500] "GET /galeria/nivo-slider/jquery.nivo.slider.pack.js HTTP/1.1" 200 11561
200.8.245.110 - - [23/Jul/2015:00:23:14 -0500] "GET /galeria/nivo-slider/demo/images/Rendicion-de-cuentas.jpg HTTP/1.1" 200 309079
200.8.245.110 - - [23/Jul/2015:00:23:14 -0500] "GET /galeria/nivo-slider/demo/images/banner-llantas2.jpg HTTP/1.1" 200 204644
200.8.245.110 - - [23/Jul/2015:00:23:14 -0500] "GET /galeria/nivo-slider/demo/images/Semana-PYBA.jpg HTTP/1.1" 200 147360
200.8.245.110 - - [23/Jul/2015:00:23:14 -0500] "GET /galeria/nivo-slider/demo/images/4Simple_Slider.png HTTP/1.1" 200 11722
200.8.245.110 - - [23/Jul/2015:00:23:14 -0500] "GET /galeria/nivo-slider/themes/default/loading.gif HTTP/1.1" 200 1737
200.8.245.110 - - [23/Jul/2015:00:23:15 -0500] "GET /galeria/nivo-slider/demo/images/PREDAcamp.jpg HTTP/1.1" 200 295358
200.8.245.110 - - [23/Jul/2015:00:23:15 -0500] "GET /galeria/nivo-slider/demo/images/VoluntariadoPYBA.jpg HTTP/1.1" 200 40647
200.8.245.110 - - [23/Jul/2015:00:23:15 -0500] "GET /galeria/nivo-slider/demo/images/9Signos.jpg HTTP/1.1" 200 81776
200.8.245.110 - - [23/Jul/2015:00:23:15 -0500] "GET /galeria/nivo-slider/demo/images/Comparendo-ambiental-Banner.jpg HTTP/1.1" 200 83731
200.8.245.110 - - [23/Jul/2015:00:23:15 -0500] "GET /galeria/nivo-slider/demo/images/GAE-banner.jpg HTTP/1.1" 200 97556
200.8.245.110 - - [23/Jul/2015:00:23:15 -0500] "GET /galeria/nivo-slider/demo/images/Banner-encuesta-de-percepscio.jpg HTTP/1.1" 200 201899
200.8.245.110 - - [23/Jul/2015:00:23:15 -0500] "GET /galeria/nivo-slider/demo/images/banner-Pacto-por-la-madera.jpg HTTP/1.1" 200 209966
200.8.245.110 - - [23/Jul/2015:00:23:15 -0500] "GET /galeria/nivo-slider/demo/images/acuerdo_569.jpg HTTP/1.1" 200 62670
200.8.245.110 - - [23/Jul/2015:00:23:15 -0500] "GET /galeria/nivo-slider/demo/images/Licitaciones-proyecto-paramo.jpg HTTP/1.1" 200 221877
200.8.245.110 - - [23/Jul/2015:00:23:16 -0500] "GET /galeria/nivo-slider/demo/images/Banner-decreto1299.jpg HTTP/1.1" 200 182613
200.8.245.110 - - [23/Jul/2015:00:23:16 -0500] "GET /galeria/nivo-slider/demo/images/Banner-Directorio.jpg HTTP/1.1" 200 182068
200.8.245.110 - - [23/Jul/2015:00:23:16 -0500] "GET /galeria/nivo-slider/demo/images/Ruta-vertimientos-01.jpg HTTP/1.1" 200 130151
200.8.245.110 - - [23/Jul/2015:00:23:16 -0500] "GET /galeria/nivo-slider/demo/images/bolsas-06.jpg HTTP/1.1" 200 90982
200.8.245.110 - - [23/Jul/2015:00:23:17 -0500] "GET /galeria/nivo-slider/demo/images/Conoce-los-humedales.jpg HTTP/1.1" 200 294036
200.8.245.110 - - [23/Jul/2015:00:23:17 -0500] "GET /galeria/nivo-slider/demo/images/ecolecta-Dic2014.png HTTP/1.1" 200 288593
200.8.245.110 - - [23/Jul/2015:00:23:17 -0500] "GET /galeria/nivo-slider/demo/images/Banner-Caracol-Africano.jpg HTTP/1.1" 200 331986
200.8.245.110 - - [23/Jul/2015:00:23:19 -0500] "GET /galeria/nivo-slider/themes/default/arrows.png HTTP/1.1" 200 824
200.8.245.110 - - [23/Jul/2015:00:23:19 -0500] "GET /galeria/nivo-slider/themes/default/bullets.png HTTP/1.1" 200 1281
66.249.75.174 - - [23/Jul/2015:00:23:23 -0500] "GET /BLA/resoluciones/RESOLUCIONES%202014/1488.pdf HTTP/1.1" 304 -
152.61.128.66 - - [23/Jul/2015:00:23:25 -0500] "HEAD / HTTP/1.1" 200 -
152.61.128.66 - - [23/Jul/2015:00:23:25 -0500] "GET /arcgis/services/Calidad_del_Agua_WQI/MapServer/WMSServer?request=GetCapabilities&service=WMS HTTP/1.1" 200 32135
152.61.128.66 - - [23/Jul/2015:00:23:26 -0500] "GET /arcgis/services/Calidad_del_Agua_WQI/MapServer/WMSServer?request=GetCapabilities&service=WMS HTTP/1.0" 200 32135
152.61.128.66 - - [23/Jul/2015:00:23:27 -0500] "GET /arcgis/services/Calidad_del_Agua_WQI/MapServer/WMSServer?request=GetCapabilities&service=WMS HTTP/1.0" 200 32135
152.61.128.66 - - [23/Jul/2015:00:23:28 -0500] "GET /arcgis/services/Calidad_del_Agua_WQI/MapServer/WMSServer?request=GetCapabilities&service=WMS HTTP/1.0" 200 32135
152.61.128.66 - - [23/Jul/2015:00:23:29 -0500] "GET /arcgis/services/Calidad_del_Agua_WQI/MapServer/WMSServer?VERSION=1.1.1&REQUEST=GetMap&LAYERS=0&SRS=EPSG:4326&BBOX=-74.473395,3.674381,-73.963300,4.920569&WIDTH=250&HEIGHT=250&FORMAT=image/bmp&STYLES=& HTTP/1.1" 200 188054
66.249.75.165 - - [23/Jul/2015:00:23:39 -0500] "GET /BLA/resoluciones/AUTOS%202010/0615.pdf HTTP/1.1" 200 196667
66.249.69.48 - - [23/Jul/2015:00:24:01 -0500] "GET /Autoliquidacion/index.php?dir=Solicitudes+relacionadas+con+calidad+del+aire+auditiva+y+visual%2FEvaluaci%F3n+certificado+de+Intensidad+Auditiva%2F HTTP/1.1" 200 2823
186.113.49.15 - - [23/Jul/2015:00:24:12 -0500] "POST /forms/lservlet;jsessionid=ac16012b30d61e0a4d14d3164d63931cd109da2f231a.e3iSbxaKaheRe34MbhmNaxqNb41ynknvrkLOlQzNp65In0 HTTP/1.1" 200 2
192.168.173.36 - - [23/Jul/2015:00:24:22 -0500] "POST /bogotacumbredelclima/wp-admin/admin-ajax.php HTTP/1.1" 404 1310
66.249.69.48 - - [23/Jul/2015:00:24:39 -0500] "GET /BLA/boletinlegal/jurisprudencia/analisis/analisis%20C-595-2010.doc HTTP/1.1" 304 -
66.249.75.1 - - [23/Jul/2015:00:25:07 -0500] "GET /wp-content/uploads/2015/06/Comparendo-ambiental-01.jpg HTTP/1.1" 200 279468
66.249.69.48 - - [23/Jul/2015:00:25:17 -0500] "GET /POT-2013/index.php?dir=Cartografia%2F HTTP/1.1" 200 11465
186.28.158.85 - - [23/Jul/2015:00:25:46 -0500] "GET /BLA/boletinlegal/js/jquery.scrollShow.js HTTP/1.1" 200 4586
186.28.158.85 - - [23/Jul/2015:00:25:46 -0500] "GET /galeria/galeria/jquery.fancybox.js?v=2.1.5 HTTP/1.1" 200 48706
186.28.158.85 - - [23/Jul/2015:00:25:46 -0500] "GET /galeria/galeria/jquery.fancybox.css?v=2.1.5 HTTP/1.1" 200 4895
66.249.75.174 - - [23/Jul/2015:00:25:56 -0500] "GET /BLA/resoluciones/RESOLUCIONES%202013/1002.pdf HTTP/1.1" 304 -
186.113.49.15 - - [23/Jul/2015:00:26:12 -0500] "POST /forms/lservlet;jsessionid=ac16012b30d61e0a4d14d3164d63931cd109da2f231a.e3iSbxaKaheRe34MbhmNaxqNb41ynknvrkLOlQzNp65In0 HTTP/1.1" 200 2
192.168.173.36 - - [23/Jul/2015:00:26:23 -0500] "POST /bogotacumbredelclima/wp-admin/admin-ajax.php HTTP/1.1" 404 1310
186.28.158.85 - - [23/Jul/2015:00:26:24 -0500] "GET /galeria/galeria/jquery.fancybox.css?v=2.1.5 HTTP/1.1" 304 -
186.28.158.85 - - [23/Jul/2015:00:26:24 -0500] "GET /BLA/boletinlegal/js/jquery.scrollShow.js HTTP/1.1" 304 -
186.28.158.85 - - [23/Jul/2015:00:26:24 -0500] "GET /galeria/galeria/jquery.fancybox.js?v=2.1.5 HTTP/1.1" 304 -
189.177.129.255 - - [23/Jul/2015:00:26:30 -0500] "GET /galeria/galeria/jquery.fancybox.css?v=2.1.5 HTTP/1.1" 200 4895
189.177.129.255 - - [23/Jul/2015:00:26:30 -0500] "GET /BLA/boletinlegal/js/jquery.scrollShow.js HTTP/1.1" 200 4586
189.177.129.255 - - [23/Jul/2015:00:26:30 -0500] "GET /galeria/galeria/jquery.fancybox.js?v=2.1.5 HTTP/1.1" 200 48706
66.249.69.56 - - [23/Jul/2015:00:26:34 -0500] "GET /BLA/boletinlegal/jurisprudencia/analisis/CUADRO%20ANALISIS%20SENTENCIA%20C-554%20DE%202007.doc HTTP/1.1" 304 -
74.86.158.107 - - [23/Jul/2015:00:27:05 -0500] "HEAD / HTTP/1.1" 200 -
66.249.75.165 - - [23/Jul/2015:00:27:06 -0500] "GET /BLA/resoluciones/RESOLUCIONES%202008/1171.pdf HTTP/1.1" 200 251716
66.249.69.48 - - [23/Jul/2015:00:27:12 -0500] "GET /BLA/boletinlegal/jurisprudencia/analisis/CUADRO%20ANALISIS%20SENTENCIA%20T-411%20DE%201992.doc HTTP/1.1" 304 -
190.252.115.31 - - [23/Jul/2015:00:27:32 -0500] "GET /galeria/galeria/jquery.fancybox.css?v=2.1.5 HTTP/1.1" 200 4895
190.252.115.31 - - [23/Jul/2015:00:27:32 -0500] "GET /galeria/carrusel/Carrusel/jquery.thumbnailScroller.css HTTP/1.1" 200 2066
190.252.115.31 - - [23/Jul/2015:00:27:32 -0500] "GET /BLA/boletinlegal/js/jquery.scrollShow.js HTTP/1.1" 200 4586
190.252.115.31 - - [23/Jul/2015:00:27:32 -0500] "GET /galeria/galeria/jquery.fancybox.js?v=2.1.5 HTTP/1.1" 200 48706
190.252.115.31 - - [23/Jul/2015:00:27:32 -0500] "GET /galeria/carrusel/Carrusel/jquery-ui-1.8.13.custom.min.js HTTP/1.1" 200 10800
190.252.115.31 - - [23/Jul/2015:00:27:32 -0500] "GET /galeria/carrusel/Carrusel/jquery.thumbnailScroller.js HTTP/1.1" 200 8157
190.252.115.31 - - [23/Jul/2015:00:27:33 -0500] "GET /galeria/nivo-slider/demo/demo.html HTTP/1.1" 200 5224
190.252.115.31 - - [23/Jul/2015:00:27:33 -0500] "GET /galeria/nivo-slider/themes/default/default.css HTTP/1.1" 200 1569
190.252.115.31 - - [23/Jul/2015:00:27:33 -0500] "GET /galeria/nivo-slider/themes/pascal/pascal.css HTTP/1.1" 200 2258
190.252.115.31 - - [23/Jul/2015:00:27:33 -0500] "GET /galeria/nivo-slider/themes/orman/orman.css HTTP/1.1" 200 2152
190.252.115.31 - - [23/Jul/2015:00:27:33 -0500] "GET /galeria/nivo-slider/nivo-slider.css HTTP/1.1" 200 1507
190.252.115.31 - - [23/Jul/2015:00:27:33 -0500] "GET /galeria/nivo-slider/demo/style.css HTTP/1.1" 200 2222
190.252.115.31 - - [23/Jul/2015:00:27:33 -0500] "GET /galeria/nivo-slider/demo/scripts/jquery-1.7.1.min.js HTTP/1.1" 200 93868
190.252.115.31 - - [23/Jul/2015:00:27:33 -0500] "GET /galeria/nivo-slider/jquery.nivo.slider.pack.js HTTP/1.1" 200 11561
190.252.115.31 - - [23/Jul/2015:00:27:33 -0500] "GET /galeria/nivo-slider/demo/images/Rendicion-de-cuentas.jpg HTTP/1.1" 200 309079
190.252.115.31 - - [23/Jul/2015:00:27:33 -0500] "GET /galeria/nivo-slider/demo/images/banner-llantas2.jpg HTTP/1.1" 200 204644
190.252.115.31 - - [23/Jul/2015:00:27:34 -0500] "GET /galeria/nivo-slider/demo/images/Semana-PYBA.jpg HTTP/1.1" 200 147360
190.252.115.31 - - [23/Jul/2015:00:27:34 -0500] "GET /galeria/nivo-slider/demo/images/PREDAcamp.jpg HTTP/1.1" 200 295358
190.252.115.31 - - [23/Jul/2015:00:27:35 -0500] "GET /galeria/nivo-slider/demo/images/VoluntariadoPYBA.jpg HTTP/1.1" 200 40647
190.252.115.31 - - [23/Jul/2015:00:27:36 -0500] "GET /galeria/nivo-slider/demo/images/4Simple_Slider.png HTTP/1.1" 200 11722
190.252.115.31 - - [23/Jul/2015:00:27:36 -0500] "GET /galeria/nivo-slider/themes/default/loading.gif HTTP/1.1" 200 1737
190.252.115.31 - - [23/Jul/2015:00:27:36 -0500] "GET /galeria/nivo-slider/demo/images/9Signos.jpg HTTP/1.1" 200 81776
190.252.115.31 - - [23/Jul/2015:00:27:36 -0500] "GET /galeria/nivo-slider/demo/images/Comparendo-ambiental-Banner.jpg HTTP/1.1" 200 83731
190.252.115.31 - - [23/Jul/2015:00:27:36 -0500] "GET /galeria/nivo-slider/demo/images/GAE-banner.jpg HTTP/1.1" 200 97556
190.252.115.31 - - [23/Jul/2015:00:27:36 -0500] "GET /galeria/nivo-slider/demo/images/Banner-encuesta-de-percepscio.jpg HTTP/1.1" 200 201899
190.252.115.31 - - [23/Jul/2015:00:27:36 -0500] "GET /galeria/nivo-slider/demo/images/banner-Pacto-por-la-madera.jpg HTTP/1.1" 200 209966
190.252.115.31 - - [23/Jul/2015:00:27:37 -0500] "GET /galeria/nivo-slider/demo/images/acuerdo_569.jpg HTTP/1.1" 200 62670
190.252.115.31 - - [23/Jul/2015:00:27:37 -0500] "GET /galeria/nivo-slider/demo/images/Licitaciones-proyecto-paramo.jpg HTTP/1.1" 200 221877
190.252.115.31 - - [23/Jul/2015:00:27:37 -0500] "GET /galeria/nivo-slider/demo/images/Banner-decreto1299.jpg HTTP/1.1" 200 182613
66.249.75.165 - - [23/Jul/2015:00:27:44 -0500] "GET /BLA/resoluciones/RESOLUCIONES%202009/3764.pdf HTTP/1.1" 200 51612
66.249.69.48 - - [23/Jul/2015:00:27:50 -0500] "GET /BLA/boletinlegal/jurisprudencia/analisis/CUADRO%20SENTENCIA%20T-299%20DE%202008.doc HTTP/1.1" 304 -
186.113.49.15 - - [23/Jul/2015:00:28:12 -0500] "POST /forms/lservlet;jsessionid=ac16012b30d61e0a4d14d3164d63931cd109da2f231a.e3iSbxaKaheRe34MbhmNaxqNb41ynknvrkLOlQzNp65In0 HTTP/1.1" 200 2
192.168.173.36 - - [23/Jul/2015:00:28:23 -0500] "POST /bogotacumbredelclima/wp-admin/admin-ajax.php HTTP/1.1" 404 1310
66.249.69.40 - - [23/Jul/2015:00:28:28 -0500] "GET / HTTP/1.1" 200 10190
66.249.69.40 - - [23/Jul/2015:00:29:06 -0500] "GET /BLA/ HTTP/1.1" 200 538
190.26.210.162 - - [23/Jul/2015:00:29:09 -0500] "GET / HTTP/1.1" 200 10190
181.135.246.51 - - [23/Jul/2015:00:29:15 -0500] "GET /isolucionsda/ HTTP/1.1" 200 739
181.135.246.51 - - [23/Jul/2015:00:29:16 -0500] "GET /favicon.ico HTTP/1.1" 200 7782
66.249.75.157 - - [23/Jul/2015:00:29:07 -0500] "GET /robots.txt HTTP/1.1" 200 35
66.249.75.148 - - [23/Jul/2015:00:29:21 -0500] "GET / HTTP/1.1" 200 64471
66.249.69.48 - - [23/Jul/2015:00:29:45 -0500] "GET /Anexos%20estudio%20Organizacional%20SDA/ANEXO%20No.%203-%20CONTRATACI%C3%93N%20%20OPS%C2%B4s%202008-2012/CONTRATOS%20SDA%202012%20POR%20DEPENDENCIA.xls HTTP/1.1" 304 -
186.144.58.75 - - [23/Jul/2015:00:29:46 -0500] "GET /galeria/galeria/jquery.fancybox.css?v=2.1.5 HTTP/1.1" 200 4895
186.144.58.75 - - [23/Jul/2015:00:29:46 -0500] "GET /BLA/boletinlegal/js/jquery.scrollShow.js HTTP/1.1" 200 4586
186.144.58.75 - - [23/Jul/2015:00:29:46 -0500] "GET /galeria/galeria/jquery.fancybox.js?v=2.1.5 HTTP/1.1" 200 48706
186.113.49.15 - - [23/Jul/2015:00:30:12 -0500] "POST /forms/lservlet;jsessionid=ac16012b30d61e0a4d14d3164d63931cd109da2f231a.e3iSbxaKaheRe34MbhmNaxqNb41ynknvrkLOlQzNp65In0 HTTP/1.1" 200 2
66.249.69.40 - - [23/Jul/2015:00:30:23 -0500] "GET /Autoliquidacion/Grupo%20Forestal%20-%20Industria%20de%20la%20Madera/Solicitud%20Certificaci%C3%B3n.pdf HTTP/1.1" 304 -
192.168.173.36 - - [23/Jul/2015:00:30:23 -0500] "POST /bogotacumbredelclima/wp-admin/admin-ajax.php HTTP/1.1" 404 1310
66.249.75.165 - - [23/Jul/2015:00:30:26 -0500] "GET /BLA/resoluciones/RESOLUCIONES%202007/RES%202007%20801%20AL%20900/RESOLUCION%200808%20DE%202007.pdf HTTP/1.1" 200 157096
66.249.75.156 - - [23/Jul/2015:00:31:01 -0500] "GET /sia/ HTTP/1.1" 304 -
190.26.210.162 - - [23/Jul/2015:00:31:06 -0500] "GET /BLA/boletinlegal/js/jquery.scrollTo-min.js HTTP/1.1" 200 1150
190.26.210.162 - - [23/Jul/2015:00:31:06 -0500] "GET /BLA/boletinlegal/js/jquery.scrollShow.js HTTP/1.1" 304 -
190.26.210.162 - - [23/Jul/2015:00:31:06 -0500] "GET /galeria/galeria/jquery.fancybox.js?v=2.1.5 HTTP/1.1" 200 48706
190.26.210.162 - - [23/Jul/2015:00:31:07 -0500] "GET /galeria/galeria/jquery.fancybox.css?v=2.1.5 HTTP/1.1" 200 4895
190.26.210.162 - - [23/Jul/2015:00:31:25 -0500] "GET /galeria/nivo-slider/demo/demo.html HTTP/1.1" 304 -
190.26.210.162 - - [23/Jul/2015:00:31:25 -0500] "GET /galeria/carrusel/Carrusel/jquery.thumbnailScroller.css HTTP/1.1" 304 -
190.26.210.162 - - [23/Jul/2015:00:31:25 -0500] "GET /galeria/carrusel/Carrusel/jquery-ui- HTTP/1.1" 404 1018
190.26.210.162 - - [23/Jul/2015:00:31:27 -0500] "GET /galeria/carrusel/Carrusel/jquery.thumbnailScroller.js HTTP/1.1" 304 -
66.249.75.165 - - [23/Jul/2015:00:31:39 -0500] "GET /BLA/resoluciones/AUTOS%202013/0219.pdf HTTP/1.1" 304 -
207.46.13.2 - - [23/Jul/2015:00:31:44 -0500] "GET /robots.txt HTTP/1.1" 404 1018
152.61.128.66 - - [23/Jul/2015:00:31:54 -0500] "HEAD / HTTP/1.1" 200 -
152.61.128.66 - - [23/Jul/2015:00:31:54 -0500] "GET /arcgis/services/Calidad_del_Agua_WQI/MapServer/WMSServer?SERVICE=WMS&REQUEST=GetCapabilities HTTP/1.1" 200 32135
152.61.128.66 - - [23/Jul/2015:00:31:54 -0500] "GET /arcgis/services/Calidad_del_Agua_WQI/MapServer/WMSServer?SERVICE=WMS&REQUEST=GetCapabilities HTTP/1.0" 200 32135
