186.113.51.29 - - [23/Jul/2015:01:04:29 -0500] "GET /galeria/galeria/jquery.fancybox.css?v=2.1.5 HTTP/1.1" 200 4895
186.113.51.29 - - [23/Jul/2015:01:04:29 -0500] "GET /BLA/boletinlegal/js/jquery.scrollShow.js HTTP/1.1" 200 4586
186.113.51.29 - - [23/Jul/2015:01:04:29 -0500] "GET /galeria/galeria/jquery.fancybox.js?v=2.1.5 HTTP/1.1" 200 48706
186.113.51.29 - - [23/Jul/2015:01:04:50 -0500] "GET /galeria/galeria/jquery.fancybox.css?v=2.1.5 HTTP/1.1" 304 -
186.113.51.29 - - [23/Jul/2015:01:04:51 -0500] "GET /BLA/boletinlegal/js/jquery.scrollShow.js HTTP/1.1" 304 -
186.113.51.29 - - [23/Jul/2015:01:04:51 -0500] "GET /galeria/galeria/jquery.fancybox.js?v=2.1.5 HTTP/1.1" 304 -
66.249.75.165 - - [23/Jul/2015:01:05:00 -0500] "GET /BLA/resoluciones/RESOLUCIONES%202010/5757.pdf HTTP/1.1" 304 -
66.249.75.174 - - [23/Jul/2015:01:05:17 -0500] "GET /BLA/resoluciones/RESOLUCIONES%202003/RES%202003%20301-350/317.tif HTTP/1.1" 200 172208
66.249.75.156 - - [23/Jul/2015:01:05:23 -0500] "GET /BLA/resoluciones/RESOLUCIONES%202010/2414.pdf HTTP/1.1" 304 -
190.27.154.82 - - [23/Jul/2015:01:05:33 -0500] "GET /nota-logistica/ HTTP/1.1" 200 29372
190.27.154.82 - - [23/Jul/2015:01:05:27 -0500] "GET /nota-logistica/ HTTP/1.1" 200 29372
190.27.154.82 - - [23/Jul/2015:01:05:42 -0500] "GET /browserconfig.xml HTTP/1.1" 404 27466
190.27.154.82 - - [23/Jul/2015:01:05:48 -0500] "GET /prensa-y-documentos-de-interes/ HTTP/1.1" 200 31080
186.31.151.205 - - [23/Jul/2015:01:05:54 -0500] "GET /webfile/skins/gdocs-jar/img/upload_file_icon.gif HTTP/1.1" 200 291
186.31.151.205 - - [23/Jul/2015:01:05:54 -0500] "GET /webfile/skins/gdocs-jar/img/icons/pdf.gif HTTP/1.1" 200 230
186.31.151.205 - - [23/Jul/2015:01:05:54 -0500] "GET /webfile/skins/gdocs-jar/img/error.gif HTTP/1.1" 200 822
186.31.151.205 - - [23/Jul/2015:01:05:54 -0500] "GET /webfile/skins/gdocs-jar/img/icons/doc.gif HTTP/1.1" 200 140
186.31.151.205 - - [23/Jul/2015:01:05:54 -0500] "GET /webfile/skins/gdocs-jar/img/alert.gif HTTP/1.1" 200 595
186.31.151.205 - - [23/Jul/2015:01:05:54 -0500] "GET /webfile/skins/gdocs-jar/img/disk.png HTTP/1.1" 200 22070
186.31.151.205 - - [23/Jul/2015:01:05:55 -0500] "GET /webfile/skins/gdocs-jar/img/control-double.png HTTP/1.1" 200 21754
190.27.154.82 - - [23/Jul/2015:01:05:55 -0500] "GET /wp-content/uploads/2015/06/Gustavo-Petro-Alcalde-de-Bogota_1.jpg HTTP/1.1" 200 229686
66.249.75.174 - - [23/Jul/2015:01:06:01 -0500] "GET /BLA/resoluciones/RESOLUCIONES%202009/4361.pdf HTTP/1.1" 304 -
192.168.173.36 - - [23/Jul/2015:01:06:23 -0500] "POST /bogotacumbredelclima/wp-admin/admin-ajax.php HTTP/1.1" 404 1310
190.27.154.82 - - [23/Jul/2015:01:06:26 -0500] "GET /wp-content/uploads/2015/06/Laudato-Si-ENCICLICA-PAPAL-SOBRE-LO-AMBIENTAL.pdf HTTP/1.1" 206 322540
186.31.151.205 - - [23/Jul/2015:01:06:29 -0500] "GET /webfile/actions/forms.getFile?nameFile=F-OCK%20307.pdf&idField=form_doc38184 HTTP/1.1" 200 -
186.31.151.205 - - [23/Jul/2015:01:06:29 -0500] "GET /favicon.ico HTTP/1.1" 200 7782
66.249.75.165 - - [23/Jul/2015:01:06:40 -0500] "GET /BLA/resoluciones/RESOLUCIONES%202010/3849.pdf HTTP/1.1" 304 -
66.249.75.174 - - [23/Jul/2015:01:06:54 -0500] "GET /BLA/resoluciones/RESOLUCIONES%202003/RES%202003%20301-350/329.tif HTTP/1.1" 200 97948
74.86.158.107 - - [23/Jul/2015:01:07:05 -0500] "HEAD / HTTP/1.1" 200 -
66.249.75.165 - - [23/Jul/2015:01:07:18 -0500] "GET /BLA/resoluciones/RESOLUCIONES%202011/5202.pdf HTTP/1.1" 304 -
66.249.75.174 - - [23/Jul/2015:01:07:57 -0500] "GET /BLA/resoluciones/RESOLUCIONES%202012/1143.pdf HTTP/1.1" 304 -
192.168.173.36 - - [23/Jul/2015:01:08:23 -0500] "POST /bogotacumbredelclima/wp-admin/admin-ajax.php HTTP/1.1" 404 1310
66.249.75.165 - - [23/Jul/2015:01:08:28 -0500] "GET /BLA/resoluciones/RESOLUCIONES%202003/RES%202003%20301-350/316.tif HTTP/1.1" 200 180744
66.249.75.174 - - [23/Jul/2015:01:08:35 -0500] "GET /galeria/nivo-slider/demo/images/ HTTP/1.1" 200 177022
190.157.185.241 - - [23/Jul/2015:01:08:49 -0500] "GET /galeria/galeria/jquery.fancybox.css?v=2.1.5 HTTP/1.1" 200 4895
190.157.185.241 - - [23/Jul/2015:01:08:49 -0500] "GET /galeria/galeria/jquery.fancybox.js?v=2.1.5 HTTP/1.1" 200 48706
190.157.185.241 - - [23/Jul/2015:01:08:49 -0500] "GET /BLA/boletinlegal/js/jquery.scrollShow.js HTTP/1.1" 200 4586
66.249.75.174 - - [23/Jul/2015:01:09:02 -0500] "GET /BLA/resoluciones/RESOLUCIONES%202012/1725.pdf HTTP/1.1" 304 -
73.200.250.237 - - [23/Jul/2015:01:09:49 -0500] "GET /webdav/x32.php?host=162.193.73.229&time=3&port=80 HTTP/1.1" 404 1018
66.249.75.165 - - [23/Jul/2015:01:10:01 -0500] "GET /BLA/resoluciones/RESOLUCIONES%202009/5376.pdf HTTP/1.1" 200 523923
186.28.221.65 - - [23/Jul/2015:01:10:03 -0500] "GET /galeria/galeria/jquery.fancybox.css?v=2.1.5 HTTP/1.1" 200 4895
186.28.221.65 - - [23/Jul/2015:01:10:03 -0500] "GET /galeria/carrusel/Carrusel/jquery.thumbnailScroller.css HTTP/1.1" 200 2066
186.28.221.65 - - [23/Jul/2015:01:10:03 -0500] "GET /BLA/boletinlegal/js/jquery.scrollShow.js HTTP/1.1" 200 4586
186.28.221.65 - - [23/Jul/2015:01:10:03 -0500] "GET /galeria/galeria/jquery.fancybox.js?v=2.1.5 HTTP/1.1" 200 48706
186.28.221.65 - - [23/Jul/2015:01:10:03 -0500] "GET /galeria/carrusel/Carrusel/jquery.thumbnailScroller.js HTTP/1.1" 200 8157
186.28.221.65 - - [23/Jul/2015:01:10:03 -0500] "GET /galeria/carrusel/Carrusel/jquery-ui-1.8.13.custom.min.js HTTP/1.1" 200 10800
186.28.221.65 - - [23/Jul/2015:01:10:06 -0500] "GET /galeria/nivo-slider/demo/demo.html HTTP/1.1" 200 5224
186.28.221.65 - - [23/Jul/2015:01:10:06 -0500] "GET /galeria/nivo-slider/themes/default/default.css HTTP/1.1" 200 1569
186.28.221.65 - - [23/Jul/2015:01:10:06 -0500] "GET /galeria/nivo-slider/themes/pascal/pascal.css HTTP/1.1" 200 2258
186.28.221.65 - - [23/Jul/2015:01:10:06 -0500] "GET /galeria/nivo-slider/themes/orman/orman.css HTTP/1.1" 200 2152
186.28.221.65 - - [23/Jul/2015:01:10:06 -0500] "GET /galeria/nivo-slider/nivo-slider.css HTTP/1.1" 200 1507
186.28.221.65 - - [23/Jul/2015:01:10:06 -0500] "GET /galeria/nivo-slider/demo/style.css HTTP/1.1" 200 2222
66.249.75.174 - - [23/Jul/2015:01:10:07 -0500] "GET /BLA/resoluciones/RESOLUCIONES%202003/RES%202003%20301-350/323.tif HTTP/1.1" 200 165288
186.28.221.65 - - [23/Jul/2015:01:10:08 -0500] "GET /galeria/nivo-slider/demo/images/Rendicion-de-cuentas.jpg HTTP/1.1" 200 309079
186.28.221.65 - - [23/Jul/2015:01:10:08 -0500] "GET /galeria/nivo-slider/demo/images/banner-llantas2.jpg HTTP/1.1" 200 204644
186.28.221.65 - - [23/Jul/2015:01:10:08 -0500] "GET /galeria/nivo-slider/demo/images/Semana-PYBA.jpg HTTP/1.1" 200 147360
186.28.221.65 - - [23/Jul/2015:01:10:08 -0500] "GET /galeria/nivo-slider/demo/images/PREDAcamp.jpg HTTP/1.1" 200 295358
186.28.221.65 - - [23/Jul/2015:01:10:10 -0500] "GET /galeria/nivo-slider/demo/images/VoluntariadoPYBA.jpg HTTP/1.1" 200 40647
186.28.221.65 - - [23/Jul/2015:01:10:10 -0500] "GET /galeria/nivo-slider/demo/scripts/jquery-1.7.1.min.js HTTP/1.1" 200 93868
186.28.221.65 - - [23/Jul/2015:01:10:10 -0500] "GET /galeria/nivo-slider/jquery.nivo.slider.pack.js HTTP/1.1" 200 11561
186.28.221.65 - - [23/Jul/2015:01:10:11 -0500] "GET /galeria/nivo-slider/demo/images/9Signos.jpg HTTP/1.1" 200 81776
186.28.221.65 - - [23/Jul/2015:01:10:11 -0500] "GET /galeria/nivo-slider/demo/images/4Simple_Slider.png HTTP/1.1" 200 11722
186.28.221.65 - - [23/Jul/2015:01:10:11 -0500] "GET /galeria/nivo-slider/themes/default/loading.gif HTTP/1.1" 200 1737
186.28.221.65 - - [23/Jul/2015:01:10:11 -0500] "GET /galeria/nivo-slider/demo/images/GAE-banner.jpg HTTP/1.1" 200 97556
186.28.221.65 - - [23/Jul/2015:01:10:12 -0500] "GET /galeria/nivo-slider/demo/images/Comparendo-ambiental-Banner.jpg HTTP/1.1" 200 83731
186.28.221.65 - - [23/Jul/2015:01:10:12 -0500] "GET /galeria/nivo-slider/demo/images/Banner-encuesta-de-percepscio.jpg HTTP/1.1" 200 201899
186.28.221.65 - - [23/Jul/2015:01:10:12 -0500] "GET /galeria/nivo-slider/demo/images/banner-Pacto-por-la-madera.jpg HTTP/1.1" 200 209966
186.28.221.65 - - [23/Jul/2015:01:10:12 -0500] "GET /galeria/nivo-slider/demo/images/acuerdo_569.jpg HTTP/1.1" 200 62670
186.28.221.65 - - [23/Jul/2015:01:10:12 -0500] "GET /galeria/nivo-slider/demo/images/Licitaciones-proyecto-paramo.jpg HTTP/1.1" 200 221877
186.28.221.65 - - [23/Jul/2015:01:10:12 -0500] "GET /galeria/nivo-slider/demo/images/Banner-decreto1299.jpg HTTP/1.1" 200 182613
186.28.221.65 - - [23/Jul/2015:01:10:13 -0500] "GET /galeria/nivo-slider/demo/images/Banner-Directorio.jpg HTTP/1.1" 200 182068
186.28.221.65 - - [23/Jul/2015:01:10:14 -0500] "GET /galeria/nivo-slider/demo/images/Ruta-vertimientos-01.jpg HTTP/1.1" 200 130151
186.28.221.65 - - [23/Jul/2015:01:10:14 -0500] "GET /galeria/nivo-slider/demo/images/bolsas-06.jpg HTTP/1.1" 200 90982
66.249.75.174 - - [23/Jul/2015:01:10:14 -0500] "GET /BLA/resoluciones/RESOLUCIONES%202009/1940.pdf HTTP/1.1" 200 467535
186.28.221.65 - - [23/Jul/2015:01:10:15 -0500] "GET /galeria/nivo-slider/demo/images/Conoce-los-humedales.jpg HTTP/1.1" 200 294036
186.28.221.65 - - [23/Jul/2015:01:10:15 -0500] "GET /galeria/nivo-slider/demo/images/ecolecta-Dic2014.png HTTP/1.1" 200 288593
186.28.221.65 - - [23/Jul/2015:01:10:15 -0500] "GET /galeria/nivo-slider/demo/images/Banner-Caracol-Africano.jpg HTTP/1.1" 200 331986
186.28.221.65 - - [23/Jul/2015:01:10:18 -0500] "GET /galeria/nivo-slider/themes/default/arrows.png HTTP/1.1" 200 824
186.28.221.65 - - [23/Jul/2015:01:10:18 -0500] "GET /galeria/nivo-slider/themes/default/bullets.png HTTP/1.1" 200 1281
192.168.173.36 - - [23/Jul/2015:01:10:23 -0500] "POST /bogotacumbredelclima/wp-admin/admin-ajax.php HTTP/1.1" 404 1310
181.60.146.213 - - [23/Jul/2015:01:10:28 -0500] "GET /BLA/resoluciones/AUTOS%202011/2404.pdf HTTP/1.1" 200 163725
181.60.146.213 - - [23/Jul/2015:01:10:28 -0500] "GET /BLA/resoluciones/AUTOS%202011/2404.pdf HTTP/1.1" 200 163725
66.249.69.48 - - [23/Jul/2015:01:11:38 -0500] "GET /PruebasSTORM/StormSDA_pruebas/userFiles/user_files/listas/180.xml HTTP/1.1" 200 192
190.157.185.241 - - [23/Jul/2015:01:11:43 -0500] "GET /galeria/galeria/jquery.fancybox.js?v=2.1.5 HTTP/1.1" 304 -
190.157.185.241 - - [23/Jul/2015:01:11:43 -0500] "GET /galeria/galeria/jquery.fancybox.css?v=2.1.5 HTTP/1.1" 304 -
190.157.185.241 - - [23/Jul/2015:01:11:54 -0500] "GET /galeria/galeria/jquery.fancybox.css?v=2.1.5 HTTP/1.1" 304 -
190.157.185.241 - - [23/Jul/2015:01:11:54 -0500] "GET /galeria/galeria/jquery.fancybox.js?v=2.1.5 HTTP/1.1" 304 -
66.249.75.165 - - [23/Jul/2015:01:11:59 -0500] "GET /BLA/resoluciones/RESOLUCIONES%202003/RES%202003%20301-350/328.tif HTTP/1.1" 200 90984
74.86.158.107 - - [23/Jul/2015:01:12:05 -0500] "HEAD / HTTP/1.1" 200 -
199.195.118.53 - - [23/Jul/2015:01:12:10 -0500] "GET / HTTP/1.1" 200 10190
192.168.173.36 - - [23/Jul/2015:01:12:23 -0500] "POST /bogotacumbredelclima/wp-admin/admin-ajax.php HTTP/1.1" 404 1310
190.157.185.241 - - [23/Jul/2015:01:13:05 -0500] "GET /galeria/galeria/jquery.fancybox.js?v=2.1.5 HTTP/1.1" 304 -
190.157.185.241 - - [23/Jul/2015:01:13:05 -0500] "GET /galeria/galeria/jquery.fancybox.css?v=2.1.5 HTTP/1.1" 304 -
181.54.79.59 - - [23/Jul/2015:01:13:25 -0500] "GET /galeria/nivo-slider/demo/demo.html HTTP/1.1" 304 -
181.54.79.59 - - [23/Jul/2015:01:13:28 -0500] "GET /galeria/nivo-slider/demo/images/Semana-PYBA.jpg HTTP/1.1" 304 -
181.54.79.59 - - [23/Jul/2015:01:13:28 -0500] "GET /galeria/nivo-slider/demo/images/Rendicion-de-cuentas.jpg HTTP/1.1" 304 -
181.54.79.59 - - [23/Jul/2015:01:13:28 -0500] "GET /galeria/nivo-slider/demo/images/PREDAcamp.jpg HTTP/1.1" 304 -
181.54.79.59 - - [23/Jul/2015:01:13:28 -0500] "GET /galeria/nivo-slider/demo/images/VoluntariadoPYBA.jpg HTTP/1.1" 304 -
190.157.185.241 - - [23/Jul/2015:01:13:30 -0500] "GET /galeria/galeria/jquery.fancybox.js?v=2.1.5 HTTP/1.1" 304 -
190.157.185.241 - - [23/Jul/2015:01:13:31 -0500] "GET /galeria/galeria/jquery.fancybox.css?v=2.1.5 HTTP/1.1" 304 -
181.60.146.213 - - [23/Jul/2015:01:13:51 -0500] "GET /BLA/resoluciones/AUTOS%202011/2404.pdf HTTP/1.1" 200 163725
181.60.146.213 - - [23/Jul/2015:01:13:53 -0500] "GET /BLA/resoluciones/AUTOS%202011/2404.pdf HTTP/1.1" 200 163725
181.60.146.213 - - [23/Jul/2015:01:13:56 -0500] "GET /BLA/resoluciones/AUTOS%202011/2404.pdf HTTP/1.1" 200 163725
66.249.75.1 - - [23/Jul/2015:01:14:07 -0500] "GET / HTTP/1.1" 200 64470
220.181.108.182 - - [23/Jul/2015:01:14:21 -0500] "GET /BLA/resoluciones/RESOLUCIONES%202008/2730.pdf HTTP/1.1" 200 215380
192.168.173.36 - - [23/Jul/2015:01:14:23 -0500] "POST /bogotacumbredelclima/wp-admin/admin-ajax.php HTTP/1.1" 404 1310
66.249.75.156 - - [23/Jul/2015:01:14:26 -0500] "GET /BLA/resoluciones/AUTOS%202013/0174.pdf HTTP/1.1" 304 -
66.249.75.165 - - [23/Jul/2015:01:14:47 -0500] "GET /BLA/resoluciones/RESOLUCIONES%202008/2645.pdf HTTP/1.1" 200 195408
190.84.108.246 - - [23/Jul/2015:01:14:57 -0500] "GET /galeria/galeria/jquery.fancybox.css?v=2.1.5 HTTP/1.1" 200 4895
190.84.108.246 - - [23/Jul/2015:01:14:57 -0500] "GET /BLA/boletinlegal/js/jquery.scrollShow.js HTTP/1.1" 200 4586
190.84.108.246 - - [23/Jul/2015:01:14:57 -0500] "GET /galeria/galeria/jquery.fancybox.js?v=2.1.5 HTTP/1.1" 200 48706
66.249.75.174 - - [23/Jul/2015:01:15:00 -0500] "GET /BLA/resoluciones/RESOLUCIONES%202007/RES%202007%202501%20AL%202600/RESOLUCION%202542%20DE%202007.pdf HTTP/1.1" 304 -
190.84.108.246 - - [23/Jul/2015:01:15:17 -0500] "GET /galeria/galeria/jquery.fancybox.js?v=2.1.5 HTTP/1.1" 200 48706
190.84.108.246 - - [23/Jul/2015:01:15:17 -0500] "GET /BLA/boletinlegal/js/jquery.scrollShow.js HTTP/1.1" 200 4586
190.84.108.246 - - [23/Jul/2015:01:15:17 -0500] "GET /galeria/galeria/jquery.fancybox.css?v=2.1.5 HTTP/1.1" 200 4895
66.249.75.165 - - [23/Jul/2015:01:15:38 -0500] "GET /BLA/resoluciones/RESOLUCIONES%202009/0432.pdf HTTP/1.1" 200 200436
66.249.75.174 - - [23/Jul/2015:01:15:54 -0500] "GET /BLA/resoluciones/RESOLUCIONES%202008/0248.pdf HTTP/1.1" 200 278062
192.168.173.36 - - [23/Jul/2015:01:16:23 -0500] "POST /bogotacumbredelclima/wp-admin/admin-ajax.php HTTP/1.1" 404 1310
66.249.75.174 - - [23/Jul/2015:01:16:26 -0500] "GET /BLA/resoluciones/RESOLUCIONES%202008/3275.pdf HTTP/1.1" 200 259511
74.86.158.107 - - [23/Jul/2015:01:17:05 -0500] "HEAD / HTTP/1.1" 200 -
192.168.173.36 - - [23/Jul/2015:01:18:23 -0500] "POST /bogotacumbredelclima/wp-admin/admin-ajax.php HTTP/1.1" 404 1310
66.249.75.165 - - [23/Jul/2015:01:18:50 -0500] "GET /BLA/resoluciones/RESOLUCIONES%202009/3773.pdf HTTP/1.1" 200 64842
190.157.185.241 - - [23/Jul/2015:01:18:53 -0500] "GET /galeria/galeria/jquery.fancybox.css?v=2.1.5 HTTP/1.1" 304 -
190.157.185.241 - - [23/Jul/2015:01:18:53 -0500] "GET /galeria/galeria/jquery.fancybox.js?v=2.1.5 HTTP/1.1" 304 -
66.249.75.156 - - [23/Jul/2015:01:19:00 -0500] "GET /BLA/resoluciones/RESOLUCIONES%202013/0074%20.pdf HTTP/1.1" 304 -
66.249.75.165 - - [23/Jul/2015:01:19:01 -0500] "GET /BLA/resoluciones/Notificaciones/AUTOS%202014/4048.doc HTTP/1.1" 304 -
66.249.75.174 - - [23/Jul/2015:01:19:01 -0500] "GET /BLA/resoluciones/RESOLUCIONES%202009/4583.pdf HTTP/1.1" 200 642899
66.249.75.165 - - [23/Jul/2015:01:19:03 -0500] "GET /BLA/resoluciones/RESOLUCIONES%202007/RES%202007%202101%20AL%202200/RESOLUCION%202105%20DE%202007.pdf HTTP/1.1" 304 -
66.249.75.165 - - [23/Jul/2015:01:19:03 -0500] "GET /BLA/resoluciones/AUTOS%202013/0540.pdf HTTP/1.1" 304 -
66.249.75.174 - - [23/Jul/2015:01:19:04 -0500] "GET /BLA/resoluciones/RESOLUCIONES%202014/3050.pdf HTTP/1.1" 304 -
66.249.75.165 - - [23/Jul/2015:01:19:06 -0500] "GET /BLA/resoluciones/AUTOS%202011/2105.pdf HTTP/1.1" 304 -
66.249.75.156 - - [23/Jul/2015:01:19:07 -0500] "GET /BLA/resoluciones/AUTOS%202013/0161.pdf HTTP/1.1" 304 -
66.249.75.156 - - [23/Jul/2015:01:19:07 -0500] "GET /BLA/resoluciones/AUTOS%202012/1114.pdf HTTP/1.1" 304 -
66.249.75.156 - - [23/Jul/2015:01:19:08 -0500] "GET /BLA/resoluciones/RESOLUCIONES%202013/0812.pdf HTTP/1.1" 304 -
66.249.75.174 - - [23/Jul/2015:01:19:09 -0500] "GET /BLA/resoluciones/AUTOS%202013/0953.pdf HTTP/1.1" 304 -
66.249.75.165 - - [23/Jul/2015:01:19:11 -0500] "GET /BLA/resoluciones/RESOLUCIONES%202011/6097.pdf HTTP/1.1" 304 -
66.249.75.165 - - [23/Jul/2015:01:19:11 -0500] "GET /BLA/resoluciones/RESOLUCIONES%202007/RES%202007%20401%20AL%20500/RESOLUCION%200412%20DE%202007.pdf HTTP/1.1" 304 -
66.249.75.165 - - [23/Jul/2015:01:19:14 -0500] "GET /BLA/resoluciones/AUTOS%202012/1690.pdf HTTP/1.1" 304 -
66.249.75.174 - - [23/Jul/2015:01:19:37 -0500] "GET /BLA/resoluciones/AUTOS%202013/3335.pdf HTTP/1.1" 200 572188
66.249.75.156 - - [23/Jul/2015:01:20:12 -0500] "GET /BLA/resoluciones/RESOLUCIONES%202008/0629.pdf HTTP/1.1" 200 91218
192.168.173.36 - - [23/Jul/2015:01:20:23 -0500] "POST /bogotacumbredelclima/wp-admin/admin-ajax.php HTTP/1.1" 404 1310
186.31.151.205 - - [23/Jul/2015:01:21:13 -0500] "GET /webfile/actions/forms.getFile?nameFile=F-OCK%20309.pdf&idField=form_doc38184 HTTP/1.1" 200 -
157.55.39.99 - - [23/Jul/2015:01:21:33 -0500] "GET /galeria/galeria/fotos/Humedal-la-conejera3G.jpg HTTP/1.1" 200 373974
207.46.13.2 - - [23/Jul/2015:01:21:56 -0500] "GET /galeria/galeria/fotos/Humedal-Santa-Mar%C3%ADa-del-Lago2G.jpg HTTP/1.1" 200 313606
66.249.75.174 - - [23/Jul/2015:01:22:03 -0500] "GET /BLA/resoluciones/RESOLUCIONES%202008/0392.pdf HTTP/1.1" 200 273552
74.86.158.107 - - [23/Jul/2015:01:22:05 -0500] "HEAD / HTTP/1.1" 200 -
66.249.75.156 - - [23/Jul/2015:01:22:19 -0500] "GET /BLA/resoluciones/RESOLUCIONES%202012/0637.pdf HTTP/1.1" 200 574358
192.168.173.36 - - [23/Jul/2015:01:22:23 -0500] "POST /bogotacumbredelclima/wp-admin/admin-ajax.php HTTP/1.1" 404 1310
186.119.197.43 - - [23/Jul/2015:01:22:41 -0500] "GET /galeria/galeria/jquery.fancybox.css?v=2.1.5 HTTP/1.1" 200 4895
186.119.197.43 - - [23/Jul/2015:01:22:41 -0500] "GET /BLA/boletinlegal/js/jquery.scrollShow.js HTTP/1.1" 200 4586
186.119.197.43 - - [23/Jul/2015:01:22:41 -0500] "GET /galeria/galeria/jquery.fancybox.js?v=2.1.5 HTTP/1.1" 200 48706
186.119.197.43 - - [23/Jul/2015:01:22:51 -0500] "GET /galeria/galeria/jquery.fancybox.css?v=2.1.5 HTTP/1.1" 304 -
186.119.197.43 - - [23/Jul/2015:01:22:51 -0500] "GET /BLA/boletinlegal/js/jquery.scrollShow.js HTTP/1.1" 304 -
186.119.197.43 - - [23/Jul/2015:01:22:51 -0500] "GET /galeria/galeria/jquery.fancybox.js?v=2.1.5 HTTP/1.1" 304 -
131.253.26.246 - - [23/Jul/2015:01:23:10 -0500] "GET /BLA/boletinlegal/js/jquery.scrollShow.js HTTP/1.1" 200 4586
65.55.218.62 - - [23/Jul/2015:01:23:10 -0500] "GET /galeria/galeria/jquery.fancybox.js?v=2.1.5 HTTP/1.1" 200 48706
131.253.26.246 - - [23/Jul/2015:01:23:10 -0500] "GET /galeria/galeria/jquery.fancybox.css?v=2.1.5 HTTP/1.1" 200 4895
131.253.24.128 - - [23/Jul/2015:01:23:38 -0500] "GET /BLA/boletinlegal/js/jquery.scrollShow.js HTTP/1.1" 200 4586
131.253.24.149 - - [23/Jul/2015:01:23:38 -0500] "GET /galeria/galeria/jquery.fancybox.js?v=2.1.5 HTTP/1.1" 200 48706
131.253.24.128 - - [23/Jul/2015:01:23:39 -0500] "GET /galeria/galeria/jquery.fancybox.css?v=2.1.5 HTTP/1.1" 200 4895
180.76.15.160 - - [23/Jul/2015:01:24:06 -0500] "GET / HTTP/1.1" 200 64470
180.76.15.154 - - [23/Jul/2015:01:24:02 -0500] "GET / HTTP/1.1" 200 64470
192.168.173.36 - - [23/Jul/2015:01:24:23 -0500] "POST /bogotacumbredelclima/wp-admin/admin-ajax.php HTTP/1.1" 404 1310
66.249.75.156 - - [23/Jul/2015:01:24:48 -0500] "GET /BLA/resoluciones/RESOLUCIONES%202009/0866.pdf HTTP/1.1" 200 388556
66.249.75.165 - - [23/Jul/2015:01:24:54 -0500] "GET /BLA/resoluciones/RESOLUCIONES%202009/2307.pdf HTTP/1.1" 200 658503
66.249.75.165 - - [23/Jul/2015:01:25:04 -0500] "GET /BLA/resoluciones/RESOLUCIONES%202009/2358.pdf HTTP/1.1" 200 419569
66.249.69.40 - - [23/Jul/2015:01:26:01 -0500] "GET /BLA/boletinlegal/jurisprudencia/analisis/CUADRO%20SENTENCIA%20C-222%20DE%202011.doc HTTP/1.1" 304 -
192.168.173.36 - - [23/Jul/2015:01:26:23 -0500] "POST /bogotacumbredelclima/wp-admin/admin-ajax.php HTTP/1.1" 404 1310
186.155.119.55 - - [23/Jul/2015:01:26:26 -0500] "GET /galeria/galeria/jquery.fancybox.css?v=2.1.5 HTTP/1.1" 200 4895
186.155.119.55 - - [23/Jul/2015:01:26:26 -0500] "GET /galeria/carrusel/Carrusel/jquery.thumbnailScroller.css HTTP/1.1" 200 2066
186.155.119.55 - - [23/Jul/2015:01:26:26 -0500] "GET /BLA/boletinlegal/js/jquery.scrollShow.js HTTP/1.1" 200 4586
186.155.119.55 - - [23/Jul/2015:01:26:29 -0500] "GET /galeria/galeria/jquery.fancybox.js?v=2.1.5 HTTP/1.1" 200 48706
186.155.119.55 - - [23/Jul/2015:01:26:29 -0500] "GET /galeria/carrusel/Carrusel/jquery-ui-1.8.13.custom.min.js HTTP/1.1" 200 10800
186.155.119.55 - - [23/Jul/2015:01:26:35 -0500] "GET /galeria/carrusel/Carrusel/jquery.thumbnailScroller.js HTTP/1.1" 200 8157
190.26.210.162 - - [23/Jul/2015:01:26:50 -0500] "GET /galeria/juegos/ear/EARI.swf HTTP/1.1" 200 526915
74.86.158.107 - - [23/Jul/2015:01:27:05 -0500] "HEAD / HTTP/1.1" 200 -
190.26.210.162 - - [23/Jul/2015:01:27:36 -0500] "GET /videos/galeria-cronicas/1V3wnplaylist.htm? HTTP/1.1" 200 4013
190.26.210.162 - - [23/Jul/2015:01:27:36 -0500] "GET /videos/galeria-cronicas/ HTTP/1.1" 200 3763
66.249.75.174 - - [23/Jul/2015:01:27:54 -0500] "GET /galeria/galeria/fotos/Entrenube3G.jpg HTTP/1.1" 200 138221
192.168.173.36 - - [23/Jul/2015:01:28:23 -0500] "POST /bogotacumbredelclima/wp-admin/admin-ajax.php HTTP/1.1" 404 1310
186.113.10.143 - - [23/Jul/2015:01:28:59 -0500] "GET /galeria/nivo-slider/demo/images/dia-del-rio-bogota.jpg HTTP/1.1" 304 -
66.249.69.56 - - [23/Jul/2015:01:29:01 -0500] "GET /portalsiaccapacitaciones/Soportes%20Capacitaciones%202013/0042.%20Presentaci%C3%B3n%20Superficies%20vegetadas%20%2019-09-2013.pdf HTTP/1.1" 404 1019
66.249.69.56 - - [23/Jul/2015:01:29:02 -0500] "GET / HTTP/1.1" 200 10190
66.249.69.40 - - [23/Jul/2015:01:29:04 -0500] "GET /BLA/boletinlegal/index.php HTTP/1.1" 200 51011
66.249.75.174 - - [23/Jul/2015:01:29:48 -0500] "GET /BLA/resoluciones/RESOLUCIONES%202009/4646.pdf HTTP/1.1" 200 684812
66.249.69.48 - - [23/Jul/2015:01:29:55 -0500] "GET /BLA/ HTTP/1.1" 200 538
66.249.75.174 - - [23/Jul/2015:01:30:01 -0500] "GET /BLA/resoluciones/RESOLUCIONES%202012/1114.pdf HTTP/1.1" 304 -
66.249.75.174 - - [23/Jul/2015:01:30:05 -0500] "GET /autoliquidacion/TR%C3%81MITES%20MINER%C3%8DA/126PM04-PR39-M-A6-V5.0%20Terminos%20de%20referencia%20PMRRA[1].doc HTTP/1.1" 304 -
66.249.69.56 - - [23/Jul/2015:01:30:06 -0500] "GET /BLA/boletinlegal/jurisprudencia/analisis/analisis%20C-595-2010.doc HTTP/1.1" 304 -
66.249.75.156 - - [23/Jul/2015:01:30:06 -0500] "GET /BLA/resoluciones/RESOLUCIONES%202008/0026.pdf HTTP/1.1" 304 -
66.249.75.174 - - [23/Jul/2015:01:30:07 -0500] "GET /autoliquidacion/TR%C3%81MITES%20VERTIMIENTOS/PERMISOS%20DE%20VERTIMIENTOS/ANEXO3.%20LISTA%20DE%20CHEQUEO%20PERMISO%20VERT.%20ALCANTARILLADO%20-%20F.xls HTTP/1.1" 304 -
192.168.173.36 - - [23/Jul/2015:01:30:23 -0500] "POST /bogotacumbredelclima/wp-admin/admin-ajax.php HTTP/1.1" 404 1310
66.249.75.174 - - [23/Jul/2015:01:31:23 -0500] "GET /BLA/resoluciones/AUTOS%202007/2080.pdf HTTP/1.1" 200 176351
66.249.75.165 - - [23/Jul/2015:01:31:48 -0500] "GET /BLA/resoluciones/RESOLUCIONES%202008/0724.pdf HTTP/1.1" 200 72242
74.86.158.107 - - [23/Jul/2015:01:32:05 -0500] "HEAD / HTTP/1.1" 200 -
192.168.173.36 - - [23/Jul/2015:01:32:23 -0500] "POST /bogotacumbredelclima/wp-admin/admin-ajax.php HTTP/1.1" 404 1310
66.249.75.165 - - [23/Jul/2015:01:32:37 -0500] "GET /BLA/resoluciones/AUTOS%202012/0393.pdf HTTP/1.1" 200 181821
66.249.75.165 - - [23/Jul/2015:01:32:52 -0500] "GET /BLA/resoluciones/AUTOS%202012/0946.pdf HTTP/1.1" 200 170639
66.249.75.165 - - [23/Jul/2015:01:33:38 -0500] "GET /BLA/resoluciones/RESOLUCIONES%202012/1460.pdf HTTP/1.1" 200 342951
66.249.75.165 - - [23/Jul/2015:01:33:39 -0500] "GET /BLA/resoluciones/RESOLUCIONES%202008/2895.pdf HTTP/1.1" 200 303670
66.249.75.165 - - [23/Jul/2015:01:33:51 -0500] "GET /BLA/resoluciones/RESOLUCIONES%202012/0773.pdf HTTP/1.1" 200 168479
66.249.75.156 - - [23/Jul/2015:01:33:55 -0500] "GET /BLA/resoluciones/RESOLUCIONES%202009/2810.pdf HTTP/1.1" 200 534476
192.168.173.36 - - [23/Jul/2015:01:34:23 -0500] "POST /bogotacumbredelclima/wp-admin/admin-ajax.php HTTP/1.1" 404 1310
66.249.75.156 - - [23/Jul/2015:01:34:51 -0500] "GET /BLA/resoluciones/RESOLUCIONES%202009/7898.pdf HTTP/1.1" 200 430544
66.249.75.156 - - [23/Jul/2015:01:35:07 -0500] "GET /BLA/resoluciones/RESOLUCIONES%202008/0819.pdf HTTP/1.1" 200 82103
66.249.75.156 - - [23/Jul/2015:01:35:15 -0500] "GET /BLA/resoluciones/RESOLUCIONES%202008/3989.pdf HTTP/1.1" 200 814078
66.249.75.165 - - [23/Jul/2015:01:35:32 -0500] "GET /BLA/resoluciones/RESOLUCIONES%202009/2155.pdf HTTP/1.1" 200 561679
66.249.75.156 - - [23/Jul/2015:01:35:49 -0500] "GET /BLA/resoluciones/RESOLUCIONES%202009/8250.pdf HTTP/1.1" 200 321482
192.168.173.36 - - [23/Jul/2015:01:36:23 -0500] "POST /bogotacumbredelclima/wp-admin/admin-ajax.php HTTP/1.1" 404 1310
190.150.58.200 - - [23/Jul/2015:01:36:30 -0500] "GET /galeria/galeria/jquery.fancybox.css?v=2.1.5 HTTP/1.1" 200 4895
190.150.58.200 - - [23/Jul/2015:01:36:30 -0500] "GET /galeria/galeria/jquery.fancybox.js?v=2.1.5 HTTP/1.1" 200 48706
190.150.58.200 - - [23/Jul/2015:01:36:30 -0500] "GET /BLA/boletinlegal/js/jquery.scrollShow.js HTTP/1.1" 200 4586
190.150.58.200 - - [23/Jul/2015:01:36:35 -0500] "GET /BLA/boletinlegal/js/jquery.scrollShow.js HTTP/1.1" 304 -
190.150.58.200 - - [23/Jul/2015:01:36:35 -0500] "GET /galeria/galeria/jquery.fancybox.js?v=2.1.5 HTTP/1.1" 304 -
190.150.58.200 - - [23/Jul/2015:01:36:35 -0500] "GET /galeria/galeria/jquery.fancybox.css?v=2.1.5 HTTP/1.1" 304 -
74.86.158.107 - - [23/Jul/2015:01:37:05 -0500] "HEAD / HTTP/1.1" 200 -
66.249.75.156 - - [23/Jul/2015:01:38:09 -0500] "GET /BLA/resoluciones/RESOLUCIONES%202008/2777.pdf HTTP/1.1" 200 254270
192.168.173.36 - - [23/Jul/2015:01:38:23 -0500] "POST /bogotacumbredelclima/wp-admin/admin-ajax.php HTTP/1.1" 404 1310
66.249.75.174 - - [23/Jul/2015:01:38:24 -0500] "GET /BLA/resoluciones/RESOLUCIONES%202009/5975.pdf HTTP/1.1" 200 528843
66.249.75.165 - - [23/Jul/2015:01:38:25 -0500] "GET /BLA/resoluciones/RESOLUCIONES%202009/7977.pdf HTTP/1.1" 200 653505
186.155.96.24 - - [23/Jul/2015:01:38:40 -0500] "GET /galeria/nivo-slider/demo/demo.html HTTP/1.1" 200 5224
186.155.96.24 - - [23/Jul/2015:01:38:41 -0500] "GET /galeria/nivo-slider/themes/default/default.css HTTP/1.1" 200 1569
186.155.96.24 - - [23/Jul/2015:01:38:41 -0500] "GET /galeria/nivo-slider/themes/pascal/pascal.css HTTP/1.1" 200 2258
186.155.96.24 - - [23/Jul/2015:01:38:41 -0500] "GET /galeria/nivo-slider/themes/orman/orman.css HTTP/1.1" 200 2152
186.155.96.24 - - [23/Jul/2015:01:38:41 -0500] "GET /galeria/nivo-slider/nivo-slider.css HTTP/1.1" 200 1507
186.155.96.24 - - [23/Jul/2015:01:38:42 -0500] "GET /galeria/nivo-slider/demo/images/banner-llantas2.jpg HTTP/1.1" 200 204644
186.155.96.24 - - [23/Jul/2015:01:38:42 -0500] "GET /galeria/nivo-slider/demo/images/Semana-PYBA.jpg HTTP/1.1" 200 147360
186.155.96.24 - - [23/Jul/2015:01:38:42 -0500] "GET /galeria/nivo-slider/demo/scripts/jquery-1.7.1.min.js HTTP/1.1" 200 93868
186.155.96.24 - - [23/Jul/2015:01:38:42 -0500] "GET /galeria/nivo-slider/jquery.nivo.slider.pack.js HTTP/1.1" 200 11561
186.155.96.24 - - [23/Jul/2015:01:38:42 -0500] "GET /galeria/nivo-slider/demo/images/Rendicion-de-cuentas.jpg HTTP/1.1" 200 309079
186.155.96.24 - - [23/Jul/2015:01:38:42 -0500] "GET /galeria/nivo-slider/demo/style.css HTTP/1.1" 200 2222
186.155.96.24 - - [23/Jul/2015:01:38:43 -0500] "GET /galeria/nivo-slider/demo/images/PREDAcamp.jpg HTTP/1.1" 200 295358
186.155.96.24 - - [23/Jul/2015:01:38:43 -0500] "GET /galeria/nivo-slider/demo/images/VoluntariadoPYBA.jpg HTTP/1.1" 200 40647
186.155.96.24 - - [23/Jul/2015:01:38:45 -0500] "GET /galeria/nivo-slider/demo/images/4Simple_Slider.png HTTP/1.1" 200 11722
186.155.96.24 - - [23/Jul/2015:01:38:45 -0500] "GET /galeria/nivo-slider/themes/default/loading.gif HTTP/1.1" 200 1737
186.155.96.24 - - [23/Jul/2015:01:38:46 -0500] "GET /galeria/nivo-slider/demo/images/9Signos.jpg HTTP/1.1" 200 81776
186.155.96.24 - - [23/Jul/2015:01:38:48 -0500] "GET /galeria/nivo-slider/demo/images/Comparendo-ambiental-Banner.jpg HTTP/1.1" 200 83731
186.155.96.24 - - [23/Jul/2015:01:38:51 -0500] "GET /galeria/nivo-slider/demo/images/GAE-banner.jpg HTTP/1.1" 200 97556
186.155.96.24 - - [23/Jul/2015:01:38:52 -0500] "GET /galeria/nivo-slider/demo/images/banner-Pacto-por-la-madera.jpg HTTP/1.1" 200 209966
186.155.96.24 - - [23/Jul/2015:01:38:52 -0500] "GET /galeria/galeria/jquery.fancybox.js?v=2.1.5 HTTP/1.1" 206 1
186.155.96.24 - - [23/Jul/2015:01:38:53 -0500] "GET /galeria/galeria/jquery.fancybox.js?v=2.1.5 HTTP/1.1" 206 18191
66.249.69.56 - - [23/Jul/2015:01:39:00 -0500] "GET /Autoliquidacion/index.php?dir=Grupo%20Forestal%20-%20Industria%20de%20la%20Madera/&sort=date&order=asc HTTP/1.1" 200 7255
66.249.69.48 - - [23/Jul/2015:01:39:01 -0500] "GET /Autoliquidacion/index.php?dir=Solicitudes+relacionadas+con+calidad+del+aire+auditiva+y+visual%2FEvaluaci%F3n+certificado+de+Intensidad+Auditiva%2F HTTP/1.1" 200 2823
66.249.75.174 - - [23/Jul/2015:01:39:02 -0500] "GET /BLA/resoluciones/RESOLUCIONES%202012/1230.pdf HTTP/1.1" 304 -
66.249.75.174 - - [23/Jul/2015:01:39:02 -0500] "GET /BLA/resoluciones/AUTOS%202012/2957.pdf HTTP/1.1" 304 -
66.249.75.156 - - [23/Jul/2015:01:39:03 -0500] "GET /BLA/resoluciones/RESOLUCIONES%202009/8359.pdf HTTP/1.1" 304 -
66.249.69.56 - - [23/Jul/2015:01:39:04 -0500] "GET /POT-2013/index.php?dir=Cartografia%2F HTTP/1.1" 200 11465
66.249.69.56 - - [23/Jul/2015:01:39:04 -0500] "GET /Autoliquidacion/Grupo%20Forestal%20-%20Industria%20de%20la%20Madera/Solicitud%20Certificaci%C3%B3n.pdf HTTP/1.1" 304 -
66.249.69.48 - - [23/Jul/2015:01:39:06 -0500] "GET /BLA/boletinlegal/jurisprudencia/analisis/CUADRO%20ANALISIS%20SENTENCIA%20C-554%20DE%202007.doc HTTP/1.1" 304 -
66.249.75.174 - - [23/Jul/2015:01:39:09 -0500] "GET /BLA/resoluciones/AUTOS%202009/0022.pdf HTTP/1.1" 304 -
66.249.69.56 - - [23/Jul/2015:01:39:12 -0500] "GET /Anexos%20estudio%20Organizacional%20SDA/ANEXO%20No.%203-%20CONTRATACI%C3%93N%20%20OPS%C2%B4s%202008-2012/CONTRATOS%20SDA%202012%20POR%20DEPENDENCIA.xls HTTP/1.1" 304 -
186.155.96.24 - - [23/Jul/2015:01:39:13 -0500] "GET /galeria/galeria/jquery.fancybox.css?v=2.1.5 HTTP/1.1" 304 -
186.155.96.24 - - [23/Jul/2015:01:39:14 -0500] "GET /BLA/boletinlegal/js/jquery.scrollShow.js HTTP/1.1" 304 -
186.155.96.24 - - [23/Jul/2015:01:39:14 -0500] "GET /galeria/galeria/jquery.fancybox.js?v=2.1.5 HTTP/1.1" 304 -
66.249.69.40 - - [23/Jul/2015:01:39:15 -0500] "GET /BLA/boletinlegal/jurisprudencia/analisis/CUADRO%20ANALISIS%20SENTENCIA%20T-411%20DE%201992.doc HTTP/1.1" 304 -
66.249.69.56 - - [23/Jul/2015:01:39:16 -0500] "GET /BLA/boletinlegal/jurisprudencia/analisis/CUADRO%20SENTENCIA%20T-299%20DE%202008.doc HTTP/1.1" 304 -
66.249.75.174 - - [23/Jul/2015:01:39:17 -0500] "GET /BLA/resoluciones/AUTOS%202011/2104.pdf HTTP/1.1" 304 -
66.249.75.156 - - [23/Jul/2015:01:39:28 -0500] "GET /BLA/resoluciones/RESOLUCIONES%202008/3528.pdf HTTP/1.1" 200 143496
66.249.75.165 - - [23/Jul/2015:01:39:34 -0500] "GET /BLA/resoluciones/RESOLUCIONES%202012/0173.pdf HTTP/1.1" 200 188701
190.26.210.162 - - [23/Jul/2015:01:40:03 -0500] "GET /galeria/nivo-slider/demo/ HTTP/1.1" 200 2278
66.249.75.165 - - [23/Jul/2015:01:40:04 -0500] "GET /BLA/resoluciones/RESOLUCIONES%202009/8980.pdf HTTP/1.1" 200 465839
66.249.75.156 - - [23/Jul/2015:01:40:08 -0500] "GET /BLA/resoluciones/RESOLUCIONES%202009/5090.pdf HTTP/1.1" 200 520801
66.249.75.156 - - [23/Jul/2015:01:40:18 -0500] "GET /BLA/resoluciones/Autos%202008/2209.pdf HTTP/1.1" 200 1626114
66.249.75.174 - - [23/Jul/2015:01:40:21 -0500] "GET /BLA/resoluciones/AUTOS%202007/0342.pdf HTTP/1.1" 200 51658
192.168.173.36 - - [23/Jul/2015:01:40:23 -0500] "POST /bogotacumbredelclima/wp-admin/admin-ajax.php HTTP/1.1" 404 1310
66.102.7.231 - - [23/Jul/2015:01:40:30 -0500] "GET /galeria/galeria/jquery.fancybox.css?v=2.1.5 HTTP/1.1" 200 4895
66.249.80.34 - - [23/Jul/2015:01:40:30 -0500] "GET /galeria/carrusel/Carrusel/jquery-ui-1.8.13.custom.min.js HTTP/1.1" 200 10800
66.102.7.231 - - [23/Jul/2015:01:40:30 -0500] "GET /galeria/carrusel/Carrusel/jquery.thumbnailScroller.js HTTP/1.1" 200 8157
66.102.7.231 - - [23/Jul/2015:01:40:30 -0500] "GET /galeria/galeria/jquery.fancybox.js?v=2.1.5 HTTP/1.1" 200 48706
66.102.7.217 - - [23/Jul/2015:01:40:30 -0500] "GET /BLA/boletinlegal/js/jquery.scrollShow.js HTTP/1.1" 200 4586
66.102.7.231 - - [23/Jul/2015:01:40:30 -0500] "GET /galeria/carrusel/Carrusel/jquery.thumbnailScroller.css HTTP/1.1" 200 2066
66.102.7.224 - - [23/Jul/2015:01:40:32 -0500] "GET /galeria/nivo-slider/demo/demo.html HTTP/1.1" 200 5224
66.249.75.156 - - [23/Jul/2015:01:40:32 -0500] "GET /BLA/resoluciones/RESOLUCIONES%202009/0372.pdf HTTP/1.1" 200 206041
66.102.7.217 - - [23/Jul/2015:01:40:33 -0500] "GET /galeria/nivo-slider/themes/default/default.css HTTP/1.1" 200 1569
66.102.7.231 - - [23/Jul/2015:01:40:33 -0500] "GET /galeria/nivo-slider/demo/images/9Signos.jpg HTTP/1.1" 200 81776
66.102.7.224 - - [23/Jul/2015:01:40:33 -0500] "GET /galeria/nivo-slider/demo/scripts/jquery-1.7.1.min.js HTTP/1.1" 200 93868
66.102.7.231 - - [23/Jul/2015:01:40:33 -0500] "GET /galeria/nivo-slider/demo/images/Banner-decreto1299.jpg HTTP/1.1" 200 182613
66.102.7.231 - - [23/Jul/2015:01:40:33 -0500] "GET /galeria/nivo-slider/demo/images/GAE-banner.jpg HTTP/1.1" 200 97556
66.102.7.231 - - [23/Jul/2015:01:40:33 -0500] "GET /galeria/nivo-slider/demo/images/Rendicion-de-cuentas.jpg HTTP/1.1" 200 309079
66.102.7.217 - - [23/Jul/2015:01:40:33 -0500] "GET /galeria/nivo-slider/nivo-slider.css HTTP/1.1" 200 1507
66.249.80.52 - - [23/Jul/2015:01:40:33 -0500] "GET /galeria/nivo-slider/demo/style.css HTTP/1.1" 200 2222
66.102.7.217 - - [23/Jul/2015:01:40:33 -0500] "GET /galeria/nivo-slider/themes/orman/orman.css HTTP/1.1" 200 2152
66.249.80.43 - - [23/Jul/2015:01:40:33 -0500] "GET /galeria/nivo-slider/demo/images/banner-llantas2.jpg HTTP/1.1" 200 204644
66.102.7.224 - - [23/Jul/2015:01:40:33 -0500] "GET /galeria/nivo-slider/demo/images/Semana-PYBA.jpg HTTP/1.1" 200 147360
66.102.7.217 - - [23/Jul/2015:01:40:33 -0500] "GET /galeria/nivo-slider/demo/images/Licitaciones-proyecto-paramo.jpg HTTP/1.1" 200 221877
66.102.7.224 - - [23/Jul/2015:01:40:33 -0500] "GET /galeria/nivo-slider/demo/images/PREDAcamp.jpg HTTP/1.1" 200 295358
66.102.7.217 - - [23/Jul/2015:01:40:33 -0500] "GET /galeria/nivo-slider/jquery.nivo.slider.pack.js HTTP/1.1" 200 11561
66.102.7.217 - - [23/Jul/2015:01:40:33 -0500] "GET /galeria/nivo-slider/themes/pascal/pascal.css HTTP/1.1" 200 2258
66.249.80.52 - - [23/Jul/2015:01:40:33 -0500] "GET /galeria/nivo-slider/demo/images/banner-Pacto-por-la-madera.jpg HTTP/1.1" 200 209966
66.102.7.217 - - [23/Jul/2015:01:40:33 -0500] "GET /galeria/nivo-slider/demo/images/Comparendo-ambiental-Banner.jpg HTTP/1.1" 200 83731
66.102.7.217 - - [23/Jul/2015:01:40:33 -0500] "GET /galeria/nivo-slider/demo/images/Banner-encuesta-de-percepscio.jpg HTTP/1.1" 200 201899
66.102.7.224 - - [23/Jul/2015:01:40:33 -0500] "GET /galeria/nivo-slider/demo/images/VoluntariadoPYBA.jpg HTTP/1.1" 200 40647
66.102.7.224 - - [23/Jul/2015:01:40:33 -0500] "GET /galeria/nivo-slider/demo/images/acuerdo_569.jpg HTTP/1.1" 200 62670
66.102.7.217 - - [23/Jul/2015:01:40:33 -0500] "GET /galeria/nivo-slider/demo/images/Ruta-vertimientos-01.jpg HTTP/1.1" 200 130151
66.102.7.217 - - [23/Jul/2015:01:40:33 -0500] "GET /galeria/nivo-slider/demo/images/bolsas-06.jpg HTTP/1.1" 200 90982
66.102.7.231 - - [23/Jul/2015:01:40:33 -0500] "GET /galeria/nivo-slider/demo/images/Banner-Directorio.jpg HTTP/1.1" 200 182068
66.102.7.217 - - [23/Jul/2015:01:40:33 -0500] "GET /galeria/nivo-slider/demo/images/ecolecta-Dic2014.png HTTP/1.1" 200 288593
66.102.7.231 - - [23/Jul/2015:01:40:33 -0500] "GET /galeria/nivo-slider/demo/images/Conoce-los-humedales.jpg HTTP/1.1" 200 294036
66.249.75.156 - - [23/Jul/2015:01:40:33 -0500] "GET /BLA/resoluciones/AUTOS%202012/0254.pdf HTTP/1.1" 200 325870
66.102.7.224 - - [23/Jul/2015:01:40:34 -0500] "GET /galeria/nivo-slider/demo/images/Banner-Caracol-Africano.jpg HTTP/1.1" 200 331986
66.102.7.231 - - [23/Jul/2015:01:40:34 -0500] "GET /galeria/nivo-slider/demo/images/4Simple_Slider.png HTTP/1.1" 200 11722
66.102.7.217 - - [23/Jul/2015:01:40:34 -0500] "GET /galeria/nivo-slider/themes/default/loading.gif HTTP/1.1" 200 1737
66.249.75.165 - - [23/Jul/2015:01:40:34 -0500] "GET /BLA/resoluciones/AUTOS%202013/0351.pdf HTTP/1.1" 200 3118599
66.249.75.156 - - [23/Jul/2015:01:41:50 -0500] "GET /BLA/resoluciones/AUTOS%202010/1707.pdf HTTP/1.1" 200 1446514
74.86.158.107 - - [23/Jul/2015:01:42:05 -0500] "HEAD / HTTP/1.1" 200 -
66.249.75.174 - - [23/Jul/2015:01:42:05 -0500] "GET /BLA/resoluciones/AUTOS%202007/1784.pdf HTTP/1.1" 200 35284
192.168.173.36 - - [23/Jul/2015:01:42:23 -0500] "POST /bogotacumbredelclima/wp-admin/admin-ajax.php HTTP/1.1" 404 1310
66.249.75.165 - - [23/Jul/2015:01:43:14 -0500] "GET /BLA/resoluciones/RESOLUCIONES%202012/0258.pdf HTTP/1.1" 200 206858
66.249.75.174 - - [23/Jul/2015:01:43:46 -0500] "GET /BLA/resoluciones/RESOLUCIONES%202013/0003.pdf HTTP/1.1" 304 -
192.168.173.36 - - [23/Jul/2015:01:44:23 -0500] "POST /bogotacumbredelclima/wp-admin/admin-ajax.php HTTP/1.1" 404 1310
66.249.75.165 - - [23/Jul/2015:01:44:52 -0500] "GET /BLA/resoluciones/AUTOS%202012/0322.pdf HTTP/1.1" 200 314090
186.84.128.134 - - [23/Jul/2015:01:45:05 -0500] "GET /BLA/resoluciones/RESOLUCIONES%202009/4063.pdf HTTP/1.1" 200 588855
66.249.75.165 - - [23/Jul/2015:01:45:32 -0500] "GET /Residuos/farmaceutica/images/page59.swf HTTP/1.1" 200 37105
66.249.75.174 - - [23/Jul/2015:01:45:45 -0500] "GET /BLA/resoluciones/RESOLUCIONES%202009/7420.pdf HTTP/1.1" 200 495005
66.249.75.174 - - [23/Jul/2015:01:46:01 -0500] "GET /BLA/resoluciones/RESOLUCIONES%202008/2507.pdf HTTP/1.1" 200 304004
181.61.135.222 - - [23/Jul/2015:01:46:16 -0500] "GET /galeria/galeria/jquery.fancybox.css?v=2.1.5 HTTP/1.1" 200 4895
181.61.135.222 - - [23/Jul/2015:01:46:16 -0500] "GET /BLA/boletinlegal/js/jquery.scrollShow.js HTTP/1.1" 200 4586
181.61.135.222 - - [23/Jul/2015:01:46:16 -0500] "GET /galeria/galeria/jquery.fancybox.js?v=2.1.5 HTTP/1.1" 200 48706
181.61.135.222 - - [23/Jul/2015:01:46:20 -0500] "GET /BLA/boletinlegal/js/jquery.scrollShow.js HTTP/1.1" 304 -
181.61.135.222 - - [23/Jul/2015:01:46:20 -0500] "GET /galeria/galeria/jquery.fancybox.css?v=2.1.5 HTTP/1.1" 304 -
181.61.135.222 - - [23/Jul/2015:01:46:20 -0500] "GET /galeria/galeria/jquery.fancybox.js?v=2.1.5 HTTP/1.1" 304 -
192.168.173.36 - - [23/Jul/2015:01:46:23 -0500] "POST /bogotacumbredelclima/wp-admin/admin-ajax.php HTTP/1.1" 404 1310
66.249.75.174 - - [23/Jul/2015:01:46:25 -0500] "GET /BLA/resoluciones/RESOLUCIONES%202008/5063.pdf HTTP/1.1" 200 211396
66.249.75.165 - - [23/Jul/2015:01:46:38 -0500] "GET /BLA/resoluciones/RESOLUCIONES%202008/4658.pdf HTTP/1.1" 200 986619
66.249.75.156 - - [23/Jul/2015:01:46:45 -0500] "GET /BLA/resoluciones/AUTOS%202012/1579.pdf HTTP/1.1" 200 392741
66.249.75.165 - - [23/Jul/2015:01:47:01 -0500] "GET /BLA/resoluciones/RESOLUCIONES%202009/1077.pdf HTTP/1.1" 200 290387
74.86.158.107 - - [23/Jul/2015:01:47:05 -0500] "HEAD / HTTP/1.1" 200 -
201.244.163.148 - - [23/Jul/2015:01:47:57 -0500] "GET /BLA/boletinlegal/js/jquery.scrollShow.js HTTP/1.1" 200 4586
201.244.163.148 - - [23/Jul/2015:01:47:57 -0500] "GET /galeria/galeria/jquery.fancybox.js?v=2.1.5 HTTP/1.1" 200 48706
201.244.163.148 - - [23/Jul/2015:01:47:57 -0500] "GET /galeria/galeria/jquery.fancybox.css?v=2.1.5 HTTP/1.1" 200 4895
201.244.163.148 - - [23/Jul/2015:01:48:08 -0500] "GET /BLA/boletinlegal/js/jquery.scrollShow.js HTTP/1.1" 304 -
201.244.163.148 - - [23/Jul/2015:01:48:08 -0500] "GET /galeria/galeria/jquery.fancybox.js?v=2.1.5 HTTP/1.1" 304 -
201.244.163.148 - - [23/Jul/2015:01:48:08 -0500] "GET /galeria/galeria/jquery.fancybox.css?v=2.1.5 HTTP/1.1" 304 -
192.168.173.36 - - [23/Jul/2015:01:48:23 -0500] "POST /bogotacumbredelclima/wp-admin/admin-ajax.php HTTP/1.1" 404 1310
66.249.75.165 - - [23/Jul/2015:01:48:32 -0500] "GET /BLA/resoluciones/RESOLUCIONES%202009/6190.pdf HTTP/1.1" 200 642506
66.249.75.174 - - [23/Jul/2015:01:48:46 -0500] "GET /BLA/resoluciones/RESOLUCIONES%202008/0402.pdf HTTP/1.1" 200 300042
66.249.75.165 - - [23/Jul/2015:01:48:57 -0500] "GET /BLA/resoluciones/RESOLUCIONES%202007/RES%202007%203001%20AL%203100/RESOLUCION%203090%20DE%202007.pdf HTTP/1.1" 200 910888
66.249.75.165 - - [23/Jul/2015:01:49:00 -0500] "GET /BLA/resoluciones/RESOLUCIONES%202014/1941.pdf HTTP/1.1" 304 -
66.249.75.174 - - [23/Jul/2015:01:49:01 -0500] "GET /BLA/resoluciones/RESOLUCIONES%202012/0909.pdf HTTP/1.1" 304 -
66.249.75.174 - - [23/Jul/2015:01:49:01 -0500] "GET /BLA/resoluciones/RESOLUCIONES%202007/RES%202007%201301%20AL%201400/RESOLUCION%201400%20DE%202007.pdf HTTP/1.1" 304 -
66.249.75.156 - - [23/Jul/2015:01:49:02 -0500] "GET /autoliquidacion/Fauna%20Silvestre/LISTA%20DE%20CHEQUEO%20Y%20FORMATO%20DE%20SOLICITUD%20DE%20VERIFICACI%C3%93N%20DE%20EXPORTACIONES%20E%20IMPORTACIONES.xls HTTP/1.1" 304 -
66.249.75.156 - - [23/Jul/2015:01:49:03 -0500] "GET /BLA/circulares/3-2011.pdf HTTP/1.1" 304 -
66.249.75.156 - - [23/Jul/2015:01:49:04 -0500] "GET /BLA/resoluciones/RESOLUCIONES%202012/1281.pdf HTTP/1.1" 304 -
66.249.75.1 - - [23/Jul/2015:01:49:06 -0500] "GET /vivir-la-cumbre/ HTTP/1.1" 200 36556
66.249.75.174 - - [23/Jul/2015:01:49:20 -0500] "GET /BLA/resoluciones/RESOLUCIONES%202009/5344.pdf HTTP/1.1" 200 450552
66.249.75.174 - - [23/Jul/2015:01:49:20 -0500] "GET /BLA/resoluciones/RESOLUCIONES%202011/4788.pdf HTTP/1.1" 304 -
66.249.75.174 - - [23/Jul/2015:01:49:21 -0500] "GET /BLA/resoluciones/RESOLUCIONES%202013/0007.pdf HTTP/1.1" 304 -
66.249.75.165 - - [23/Jul/2015:01:49:21 -0500] "GET /BLA/resoluciones/AUTOS%202010/0121.pdf HTTP/1.1" 304 -
66.249.75.174 - - [23/Jul/2015:01:49:22 -0500] "GET /BLA/resoluciones/RESOLUCIONES%202007/RES%202007%202301%20AL%202400/RESOLUCION%202343%20DE%202007.pdf HTTP/1.1" 304 -
66.249.75.165 - - [23/Jul/2015:01:49:23 -0500] "GET /BLA/resoluciones/AUTOS%202013/1617.pdf HTTP/1.1" 304 -
66.249.75.165 - - [23/Jul/2015:01:49:58 -0500] "GET /BLA/resoluciones/RESOLUCIONES%202010/4652.pdf HTTP/1.1" 200 240177
66.249.75.156 - - [23/Jul/2015:01:50:11 -0500] "GET /BLA/resoluciones/RESOLUCIONES%202007/RES%202007%203601%20AL%203700/RESOLUCION%203665%20DE%202007.pdf HTTP/1.1" 200 132808
201.244.163.148 - - [23/Jul/2015:01:50:14 -0500] "GET /galeria/carrusel/Carrusel/jquery.thumbnailScroller.css HTTP/1.1" 200 2066
201.244.163.148 - - [23/Jul/2015:01:50:14 -0500] "GET /galeria/carrusel/Carrusel/jquery-ui-1.8.13.custom.min.js HTTP/1.1" 200 10800
201.244.163.148 - - [23/Jul/2015:01:50:14 -0500] "GET /galeria/carrusel/Carrusel/jquery.thumbnailScroller.js HTTP/1.1" 200 8157
66.249.75.165 - - [23/Jul/2015:01:50:15 -0500] "GET /BLA/resoluciones/AUTOS%202014/2190.pdf HTTP/1.1" 200 249667
201.244.163.148 - - [23/Jul/2015:01:50:17 -0500] "GET /galeria/nivo-slider/demo/demo.html HTTP/1.1" 200 5224
201.244.163.148 - - [23/Jul/2015:01:50:21 -0500] "GET /galeria/nivo-slider/themes/default/default.css HTTP/1.1" 200 1569
201.244.163.148 - - [23/Jul/2015:01:50:21 -0500] "GET /galeria/nivo-slider/themes/pascal/pascal.css HTTP/1.1" 200 2258
201.244.163.148 - - [23/Jul/2015:01:50:21 -0500] "GET /galeria/nivo-slider/themes/orman/orman.css HTTP/1.1" 200 2152
201.244.163.148 - - [23/Jul/2015:01:50:21 -0500] "GET /galeria/nivo-slider/nivo-slider.css HTTP/1.1" 200 1507
201.244.163.148 - - [23/Jul/2015:01:50:21 -0500] "GET /galeria/nivo-slider/demo/style.css HTTP/1.1" 200 2222
201.244.163.148 - - [23/Jul/2015:01:50:21 -0500] "GET /galeria/nivo-slider/demo/scripts/jquery-1.7.1.min.js HTTP/1.1" 200 93868
201.244.163.148 - - [23/Jul/2015:01:50:22 -0500] "GET /galeria/nivo-slider/jquery.nivo.slider.pack.js HTTP/1.1" 200 11561
192.168.173.36 - - [23/Jul/2015:01:50:23 -0500] "POST /bogotacumbredelclima/wp-admin/admin-ajax.php HTTP/1.1" 404 1310
201.244.163.148 - - [23/Jul/2015:01:50:23 -0500] "GET /galeria/nivo-slider/demo/images/Rendicion-de-cuentas.jpg HTTP/1.1" 200 309079
201.244.163.148 - - [23/Jul/2015:01:50:23 -0500] "GET /galeria/nivo-slider/demo/images/banner-llantas2.jpg HTTP/1.1" 200 204644
201.244.163.148 - - [23/Jul/2015:01:50:23 -0500] "GET /galeria/nivo-slider/demo/images/Semana-PYBA.jpg HTTP/1.1" 200 147360
201.244.163.148 - - [23/Jul/2015:01:50:23 -0500] "GET /galeria/nivo-slider/demo/images/PREDAcamp.jpg HTTP/1.1" 200 295358
201.244.163.148 - - [23/Jul/2015:01:50:28 -0500] "GET /galeria/nivo-slider/demo/images/VoluntariadoPYBA.jpg HTTP/1.1" 200 40647
201.244.163.148 - - [23/Jul/2015:01:50:28 -0500] "GET /galeria/nivo-slider/demo/images/9Signos.jpg HTTP/1.1" 200 81776
201.244.163.148 - - [23/Jul/2015:01:50:29 -0500] "GET /galeria/nivo-slider/demo/images/Comparendo-ambiental-Banner.jpg HTTP/1.1" 200 83731
201.244.163.148 - - [23/Jul/2015:01:50:29 -0500] "GET /galeria/nivo-slider/demo/images/GAE-banner.jpg HTTP/1.1" 200 97556
201.244.163.148 - - [23/Jul/2015:01:50:31 -0500] "GET /galeria/nivo-slider/demo/images/Banner-encuesta-de-percepscio.jpg HTTP/1.1" 200 201899
201.244.163.148 - - [23/Jul/2015:01:50:31 -0500] "GET /galeria/nivo-slider/demo/images/banner-Pacto-por-la-madera.jpg HTTP/1.1" 200 209966
201.244.163.148 - - [23/Jul/2015:01:50:31 -0500] "GET /galeria/nivo-slider/demo/images/acuerdo_569.jpg HTTP/1.1" 200 62670
201.244.163.148 - - [23/Jul/2015:01:50:33 -0500] "GET /galeria/nivo-slider/demo/images/Licitaciones-proyecto-paramo.jpg HTTP/1.1" 200 221877
201.244.163.148 - - [23/Jul/2015:01:50:34 -0500] "GET /galeria/nivo-slider/demo/images/Banner-decreto1299.jpg HTTP/1.1" 200 182613
201.244.163.148 - - [23/Jul/2015:01:50:36 -0500] "GET /galeria/nivo-slider/demo/images/Banner-Directorio.jpg HTTP/1.1" 200 182068
201.244.163.148 - - [23/Jul/2015:01:50:42 -0500] "GET /galeria/nivo-slider/demo/images/Ruta-vertimientos-01.jpg HTTP/1.1" 200 130151
201.244.163.148 - - [23/Jul/2015:01:50:42 -0500] "GET /galeria/nivo-slider/demo/images/bolsas-06.jpg HTTP/1.1" 200 90982
201.244.163.148 - - [23/Jul/2015:01:50:44 -0500] "GET /galeria/nivo-slider/demo/images/Conoce-los-humedales.jpg HTTP/1.1" 200 294036
201.244.163.148 - - [23/Jul/2015:01:50:48 -0500] "GET /galeria/nivo-slider/demo/images/ecolecta-Dic2014.png HTTP/1.1" 200 288593
201.244.163.148 - - [23/Jul/2015:01:50:48 -0500] "GET /galeria/nivo-slider/demo/images/Banner-Caracol-Africano.jpg HTTP/1.1" 200 331986
201.244.163.148 - - [23/Jul/2015:01:51:05 -0500] "GET /galeria/nivo-slider/demo/images/4Simple_Slider.png HTTP/1.1" 200 11722
201.244.163.148 - - [23/Jul/2015:01:51:07 -0500] "GET /galeria/nivo-slider/themes/default/loading.gif HTTP/1.1" 200 1737
201.234.75.11 - - [23/Jul/2015:01:51:22 -0500] "GET /StormSDA/stormWeb/presentacion.html HTTP/1.1" 304 -
201.244.163.148 - - [23/Jul/2015:01:51:22 -0500] "GET /galeria/nivo-slider/themes/default/arrows.png HTTP/1.1" 200 824
201.244.163.148 - - [23/Jul/2015:01:51:22 -0500] "GET /galeria/nivo-slider/themes/default/bullets.png HTTP/1.1" 200 1281
74.86.158.107 - - [23/Jul/2015:01:52:05 -0500] "HEAD / HTTP/1.1" 200 -
192.168.173.36 - - [23/Jul/2015:01:52:23 -0500] "POST /bogotacumbredelclima/wp-admin/admin-ajax.php HTTP/1.1" 404 1310
192.168.173.36 - - [23/Jul/2015:01:54:23 -0500] "POST /bogotacumbredelclima/wp-admin/admin-ajax.php HTTP/1.1" 404 1310
192.168.173.36 - - [23/Jul/2015:01:56:23 -0500] "POST /bogotacumbredelclima/wp-admin/admin-ajax.php HTTP/1.1" 404 1310
66.249.75.156 - - [23/Jul/2015:01:56:42 -0500] "GET /galeria/galeria/fotos/Entrenube2G.jpg HTTP/1.1" 200 111422
74.86.158.107 - - [23/Jul/2015:01:57:05 -0500] "HEAD / HTTP/1.1" 200 -
66.249.75.156 - - [23/Jul/2015:01:57:18 -0500] "GET /BLA/resoluciones/RESOLUCIONES%202008/0604.pdf HTTP/1.1" 200 160736
180.76.15.141 - - [23/Jul/2015:01:57:29 -0500] "GET /StormSDA/nsjars/?C=S;O=A HTTP/1.1" 200 5602
66.249.75.156 - - [23/Jul/2015:01:57:37 -0500] "GET /BLA/resoluciones/RESOLUCIONES%202009/9084.pdf HTTP/1.1" 200 238255
66.249.75.165 - - [23/Jul/2015:01:57:51 -0500] "GET /BLA/resoluciones/RESOLUCIONES%202009/3708.pdf HTTP/1.1" 200 54970
66.249.75.174 - - [23/Jul/2015:01:58:07 -0500] "GET /BLA/resoluciones/RESOLUCIONES%202008/3786.pdf HTTP/1.1" 200 376534
66.249.75.156 - - [23/Jul/2015:01:58:10 -0500] "GET /BLA/resoluciones/RESOLUCIONES%202009/5561.pdf HTTP/1.1" 200 671827
192.168.173.36 - - [23/Jul/2015:01:58:23 -0500] "POST /bogotacumbredelclima/wp-admin/admin-ajax.php HTTP/1.1" 404 1310
66.249.75.156 - - [23/Jul/2015:01:58:38 -0500] "GET /BLA/resoluciones/RESOLUCIONES%202012/1185.pdf HTTP/1.1" 200 940089
66.249.75.113 - - [23/Jul/2015:01:59:00 -0500] "GET /wp-content/uploads/2015/07/Manual_Protocolo_PDF.pdf HTTP/1.1" 304 -
66.249.75.174 - - [23/Jul/2015:01:59:02 -0500] "GET /BLA/resoluciones/RESOLUCIONES%202007/RES%202007%202001%20AL%202100/RESOLUCION%202080%20DE%202007.pdf HTTP/1.1" 304 -
66.249.75.165 - - [23/Jul/2015:01:59:34 -0500] "GET /BLA/resoluciones/AUTOS%202013/0511.pdf HTTP/1.1" 304 -
66.249.75.165 - - [23/Jul/2015:01:59:54 -0500] "GET /BLA/resoluciones/AUTOS%202013/0055.pdf HTTP/1.1" 200 308963
192.168.173.36 - - [23/Jul/2015:02:00:23 -0500] "POST /bogotacumbredelclima/wp-admin/admin-ajax.php HTTP/1.1" 404 1310
66.249.75.174 - - [23/Jul/2015:02:00:51 -0500] "GET /BLA/resoluciones/RESOLUCIONES%202007/RES%202007%201801%20AL%201900/RESOLUCION%201855%20DE%202007.pdf HTTP/1.1" 304 -
66.249.75.165 - - [23/Jul/2015:02:01:16 -0500] "GET /BLA/resoluciones/RESOLUCIONES%202008/2273.pdf HTTP/1.1" 200 200097
66.249.75.165 - - [23/Jul/2015:02:01:25 -0500] "GET /BLA/resoluciones/RESOLUCIONES%202009/9416.pdf HTTP/1.1" 200 160960
66.249.75.174 - - [23/Jul/2015:02:01:29 -0500] "GET /BLA/resoluciones/RESOLUCIONES%202012/1104.pdf HTTP/1.1" 304 -
66.249.75.156 - - [23/Jul/2015:02:01:44 -0500] "GET /BLA/resoluciones/RESOLUCIONES%202007/RES%202007%202901%20AL%203000/RESOLUCION%202905%20DE%202007.pdf HTTP/1.1" 304 -
66.249.75.174 - - [23/Jul/2015:02:01:44 -0500] "GET /BLA/resoluciones/RESOLUCIONES%202007/RES%202007%201201%20AL%201300/RESOLUCION%201240%20DE%202007.pdf HTTP/1.1" 200 657860
74.86.158.107 - - [23/Jul/2015:02:02:05 -0500] "HEAD / HTTP/1.1" 200 -
66.249.75.156 - - [23/Jul/2015:02:02:07 -0500] "GET /BLA/resoluciones/RESOLUCIONES%202010/6809.pdf HTTP/1.1" 304 -
